04-01 05:39:13.279 14796 14924 D jswrapper: JS: so phan tram dc tai la===NaN
04-01 05:39:13.279 14796 14924 D jswrapper: JS: stt_bg0
04-01 05:39:13.279 14796 14924 D jswrapper: JS: so phan tram dc tai la===NaN
04-01 05:39:13.279 14796 14924 D jswrapper: JS: stt_bg0
04-01 05:39:13.279 14796 14924 D jswrapper: JS: so phan tram dc tai la===NaN
04-01 05:39:13.280 14796 14924 D jswrapper: JS: stt_bg0
04-01 05:39:13.280 14796 14924 D jswrapper: JS: so phan tram dc tai la===NaN
04-01 05:39:13.280 14796 14924 D jswrapper: JS: stt_bg0
04-01 05:39:13.280 14796 14924 D jswrapper: JS: so phan tram dc tai la===NaN
04-01 05:39:13.280 14796 14924 D jswrapper: JS: stt_bg0
04-01 05:39:13.280 14796 14924 D jswrapper: JS: so phan tram dc tai la===NaN
04-01 05:39:13.280 14796 14924 D jswrapper: JS: stt_bg0
04-01 05:39:13.292 14796 14924 D jswrapper: JS: so phan tram dc tai la===NaN
04-01 05:39:13.292 14796 14924 D jswrapper: JS: stt_bg0
04-01 05:39:13.309 14796 14924 D jswrapper: JS: so phan tram dc tai la===NaN
04-01 05:39:13.309 14796 14924 D jswrapper: JS: stt_bg0
04-01 05:39:13.309 14796 14924 D jswrapper: JS: so phan tram dc tai la===NaN
04-01 05:39:13.309 14796 14924 D jswrapper: JS: stt_bg0
04-01 05:39:13.310 14796 14924 D jswrapper: JS: so phan tram dc tai la===NaN
04-01 05:39:13.310 14796 14924 D jswrapper: JS: stt_bg0
04-01 05:39:13.310 14796 14924 D jswrapper: JS: so phan tram dc tai la===NaN
04-01 05:39:13.310 14796 14924 D jswrapper: JS: stt_bg0
04-01 05:39:13.327 14796 14924 D jswrapper: JS: so phan tram dc tai la===NaN
04-01 05:39:13.327 14796 14924 D jswrapper: JS: stt_bg0
04-01 05:39:13.327 14796 14924 D jswrapper: JS: so phan tram dc tai la===NaN
04-01 05:39:13.328 14796 14924 D jswrapper: JS: stt_bg0
04-01 05:39:13.328 14796 14924 D jswrapper: JS: so phan tram dc tai la===NaN
04-01 05:39:13.328 14796 14924 D jswrapper: JS: stt_bg0
04-01 05:39:13.328 14796 14924 D jswrapper: JS: so phan tram dc tai la===NaN
04-01 05:39:13.328 14796 14924 D jswrapper: JS: stt_bg0
04-01 05:39:13.328 14796 14924 D jswrapper: JS: so phan tram dc tai la===NaN
04-01 05:39:13.328 14796 14924 D jswrapper: JS: stt_bg0
04-01 05:39:13.328 14796 14924 D jswrapper: JS: so phan tram dc tai la===NaN
04-01 05:39:13.328 14796 14924 D jswrapper: JS: stt_bg0
04-01 05:39:13.343 14796 14924 D jswrapper: JS: so phan tram dc tai la===NaN
04-01 05:39:13.343 14796 14924 D jswrapper: JS: stt_bg0
04-01 05:39:13.343 14796 14924 D jswrapper: JS: so phan tram dc tai la===NaN
04-01 05:39:13.343 14796 14924 D jswrapper: JS: stt_bg0
04-01 05:39:13.343 14796 14924 D jswrapper: JS: so phan tram dc tai la===NaN
04-01 05:39:13.343 14796 14924 D jswrapper: JS: stt_bg0
04-01 05:39:13.344 14796 14924 D jswrapper: JS: so phan tram dc tai la===NaN
04-01 05:39:13.344 14796 14924 D jswrapper: JS: stt_bg0
04-01 05:39:13.344 14796 14924 D jswrapper: JS: so phan tram dc tai la===NaN
04-01 05:39:13.344 14796 14924 D jswrapper: JS: stt_bg0
04-01 05:39:13.344 14796 14924 D jswrapper: JS: so phan tram dc tai la===NaN
04-01 05:39:13.344 14796 14924 D jswrapper: JS: stt_bg0
04-01 05:39:13.344 14796 14924 D jswrapper: JS: so phan tram dc tai la===NaN
04-01 05:39:13.344 14796 14924 D jswrapper: JS: stt_bg0
04-01 05:39:13.344 14796 14924 D jswrapper: JS: so phan tram dc tai la===NaN
04-01 05:39:13.345 14796 14924 D jswrapper: JS: stt_bg0
04-01 05:39:13.345 14796 14924 D jswrapper: JS: so phan tram dc tai la===NaN
04-01 05:39:13.345 14796 14924 D jswrapper: JS: stt_bg0
04-01 05:39:13.345 14796 14924 D jswrapper: JS: so phan tram dc tai la===NaN
04-01 05:39:13.345 14796 14924 D jswrapper: JS: stt_bg0
04-01 05:39:13.345 14796 14924 D jswrapper: JS: so phan tram dc tai la===NaN
04-01 05:39:13.345 14796 14924 D jswrapper: JS: stt_bg0
04-01 05:39:13.345 14796 14924 D jswrapper: JS: so phan tram dc tai la===NaN
04-01 05:39:13.345 14796 14924 D jswrapper: JS: stt_bg0
04-01 05:39:13.345 14796 14924 D jswrapper: JS: so phan tram dc tai la===NaN
04-01 05:39:13.345 14796 14924 D jswrapper: JS: stt_bg0
04-01 05:39:13.345 14796 14924 D jswrapper: JS: so phan tram dc tai la===NaN
04-01 05:39:13.346 14796 14924 D jswrapper: JS: stt_bg0
04-01 05:39:13.346 14796 14924 D jswrapper: JS: so phan tram dc tai la===NaN
04-01 05:39:13.346 14796 14924 D jswrapper: JS: stt_bg0
04-01 05:39:13.360 14796 14924 D jswrapper: JS: so phan tram dc tai la===NaN
04-01 05:39:13.360 14796 14924 D jswrapper: JS: stt_bg0
04-01 05:39:13.361 14796 14924 D jswrapper: JS: so phan tram dc tai la===NaN
04-01 05:39:13.361 14796 14924 D jswrapper: JS: stt_bg0
04-01 05:39:13.361 14796 14924 D jswrapper: JS: so phan tram dc tai la===NaN
04-01 05:39:13.361 14796 14924 D jswrapper: JS: stt_bg0
04-01 05:39:13.376 14796 14924 D jswrapper: JS: so phan tram dc tai la===NaN
04-01 05:39:13.376 14796 14924 D jswrapper: JS: stt_bg0
04-01 05:39:13.376 14796 14924 D jswrapper: JS: so phan tram dc tai la===NaN
04-01 05:39:13.377 14796 14924 D jswrapper: JS: stt_bg0
04-01 05:39:13.377 14796 14924 D jswrapper: JS: so phan tram dc tai la===NaN
04-01 05:39:13.377 14796 14924 D jswrapper: JS: stt_bg0
04-01 05:39:13.377 14796 14924 D jswrapper: JS: so phan tram dc tai la===NaN
04-01 05:39:13.377 14796 14924 D jswrapper: JS: stt_bg0
04-01 05:39:13.377 14796 14924 D jswrapper: JS: so phan tram dc tai la===NaN
04-01 05:39:13.377 14796 14924 D jswrapper: JS: stt_bg0
04-01 05:39:13.378 14796 14924 D jswrapper: JS: so phan tram dc tai la===NaN
04-01 05:39:13.378 14796 14924 D jswrapper: JS: stt_bg0
04-01 05:39:13.379 14796 14924 D jswrapper: JS: so phan tram dc tai la===NaN
04-01 05:39:13.379 14796 14924 D jswrapper: JS: stt_bg0
04-01 05:39:13.379 14796 14924 D jswrapper: JS: so phan tram dc tai la===NaN
04-01 05:39:13.379 14796 14924 D jswrapper: JS: stt_bg0
04-01 05:39:13.379 14796 14924 D jswrapper: JS: so phan tram dc tai la===NaN
04-01 05:39:13.380 14796 14924 D jswrapper: JS: stt_bg0
04-01 05:39:13.381 14796 14924 D jswrapper: JS: so phan tram dc tai la===NaN
04-01 05:39:13.381 14796 14924 D jswrapper: JS: stt_bg0
04-01 05:39:13.381 14796 14924 D jswrapper: JS: so phan tram dc tai la===NaN
04-01 05:39:13.381 14796 14924 D jswrapper: JS: stt_bg0
04-01 05:39:13.381 14796 14924 D jswrapper: JS: so phan tram dc tai la===NaN
04-01 05:39:13.381 14796 14924 D jswrapper: JS: stt_bg0
04-01 05:39:13.381 14796 14924 D jswrapper: JS: so phan tram dc tai la===NaN
04-01 05:39:13.381 14796 14924 D jswrapper: JS: stt_bg0
04-01 05:39:13.382 14796 14924 D jswrapper: JS: so phan tram dc tai la===NaN
04-01 05:39:13.382 14796 14924 D jswrapper: JS: stt_bg0
04-01 05:39:13.392 14796 14924 D jswrapper: JS: so phan tram dc tai la===NaN
04-01 05:39:13.392 14796 14924 D jswrapper: JS: stt_bg0
04-01 05:39:13.392 14796 14924 D jswrapper: JS: so phan tram dc tai la===NaN
04-01 05:39:13.392 14796 14924 D jswrapper: JS: stt_bg0
04-01 05:39:13.392 14796 14924 D jswrapper: JS: so phan tram dc tai la===NaN
04-01 05:39:13.392 14796 14924 D jswrapper: JS: stt_bg0
04-01 05:39:13.393 14796 14924 D jswrapper: JS: so phan tram dc tai la===NaN
04-01 05:39:13.393 14796 14924 D jswrapper: JS: stt_bg0
04-01 05:39:13.393 14796 14924 D jswrapper: JS: so phan tram dc tai la===NaN
04-01 05:39:13.393 14796 14924 D jswrapper: JS: stt_bg0
04-01 05:39:13.393 14796 14924 D jswrapper: JS: so phan tram dc tai la===NaN
04-01 05:39:13.393 14796 14924 D jswrapper: JS: stt_bg0
04-01 05:39:13.393 14796 14924 D jswrapper: JS: so phan tram dc tai la===NaN
04-01 05:39:13.393 14796 14924 D jswrapper: JS: stt_bg0
04-01 05:39:13.393 14796 14924 D jswrapper: JS: so phan tram dc tai la===NaN
04-01 05:39:13.393 14796 14924 D jswrapper: JS: stt_bg0
04-01 05:39:13.393 14796 14924 D jswrapper: JS: so phan tram dc tai la===NaN
04-01 05:39:13.393 14796 14924 D jswrapper: JS: stt_bg0
04-01 05:39:13.393 14796 14924 D jswrapper: JS: so phan tram dc tai la===NaN
04-01 05:39:13.393 14796 14924 D jswrapper: JS: stt_bg0
04-01 05:39:13.393 14796 14924 D jswrapper: JS: so phan tram dc tai la===NaN
04-01 05:39:13.393 14796 14924 D jswrapper: JS: stt_bg0
04-01 05:39:13.393 14796 14924 D jswrapper: JS: so phan tram dc tai la===NaN
04-01 05:39:13.393 14796 14924 D jswrapper: JS: stt_bg0
04-01 05:39:13.410 14796 14924 D jswrapper: JS: so phan tram dc tai la===NaN
04-01 05:39:13.410 14796 14924 D jswrapper: JS: stt_bg0
04-01 05:39:13.410 14796 14924 D jswrapper: JS: so phan tram dc tai la===NaN
04-01 05:39:13.410 14796 14924 D jswrapper: JS: stt_bg0
04-01 05:39:13.410 14796 14924 D jswrapper: JS: so phan tram dc tai la===NaN
04-01 05:39:13.410 14796 14924 D jswrapper: JS: stt_bg0
04-01 05:39:13.410 14796 14924 D jswrapper: JS: so phan tram dc tai la===NaN
04-01 05:39:13.410 14796 14924 D jswrapper: JS: stt_bg0
04-01 05:39:13.410 14796 14924 D jswrapper: JS: so phan tram dc tai la===NaN
04-01 05:39:13.410 14796 14924 D jswrapper: JS: stt_bg0
04-01 05:39:13.410 14796 14924 D jswrapper: JS: so phan tram dc tai la===NaN
04-01 05:39:13.410 14796 14924 D jswrapper: JS: stt_bg0
04-01 05:39:13.411 14796 14924 D jswrapper: JS: so phan tram dc tai la===NaN
04-01 05:39:13.411 14796 14924 D jswrapper: JS: stt_bg0
04-01 05:39:13.411 14796 14924 D jswrapper: JS: so phan tram dc tai la===NaN
04-01 05:39:13.411 14796 14924 D jswrapper: JS: stt_bg0
04-01 05:39:13.411 14796 14924 D jswrapper: JS: so phan tram dc tai la===NaN
04-01 05:39:13.411 14796 14924 D jswrapper: JS: stt_bg0
04-01 05:39:13.411 14796 14924 D jswrapper: JS: so phan tram dc tai la===NaN
04-01 05:39:13.411 14796 14924 D jswrapper: JS: stt_bg0
04-01 05:39:13.411 14796 14924 D jswrapper: JS: so phan tram dc tai la===NaN
04-01 05:39:13.411 14796 14924 D jswrapper: JS: stt_bg0
04-01 05:39:13.411 14796 14924 D jswrapper: JS: so phan tram dc tai la===NaN
04-01 05:39:13.411 14796 14924 D jswrapper: JS: stt_bg0
04-01 05:39:13.411 14796 14924 D jswrapper: JS: so phan tram dc tai la===NaN
04-01 05:39:13.411 14796 14924 D jswrapper: JS: stt_bg0
04-01 05:39:13.411 14796 14924 D jswrapper: JS: so phan tram dc tai la===NaN
04-01 05:39:13.411 14796 14924 D jswrapper: JS: stt_bg0
04-01 05:39:13.411 14796 14924 D jswrapper: JS: so phan tram dc tai la===NaN
04-01 05:39:13.411 14796 14924 D jswrapper: JS: stt_bg0
04-01 05:39:13.427 14796 14924 D jswrapper: JS: so phan tram dc tai la===NaN
04-01 05:39:13.427 14796 14924 D jswrapper: JS: stt_bg0
04-01 05:39:13.427 14796 14924 D jswrapper: JS: so phan tram dc tai la===NaN
04-01 05:39:13.427 14796 14924 D jswrapper: JS: stt_bg0
04-01 05:39:13.427 14796 14924 D jswrapper: JS: so phan tram dc tai la===NaN
04-01 05:39:13.427 14796 14924 D jswrapper: JS: stt_bg0
04-01 05:39:13.427 14796 14924 D jswrapper: JS: so phan tram dc tai la===NaN
04-01 05:39:13.427 14796 14924 D jswrapper: JS: stt_bg0
04-01 05:39:13.428 14796 14924 D jswrapper: JS: so phan tram dc tai la===NaN
04-01 05:39:13.428 14796 14924 D jswrapper: JS: stt_bg0
04-01 05:39:13.428 14796 14924 D jswrapper: JS: so phan tram dc tai la===NaN
04-01 05:39:13.428 14796 14924 D jswrapper: JS: stt_bg0
04-01 05:39:13.428 14796 14924 D jswrapper: JS: so phan tram dc tai la===NaN
04-01 05:39:13.428 14796 14924 D jswrapper: JS: stt_bg0
04-01 05:39:13.428 14796 14924 D jswrapper: JS: so phan tram dc tai la===NaN
04-01 05:39:13.428 14796 14924 D jswrapper: JS: stt_bg0
04-01 05:39:13.428 14796 14924 D jswrapper: JS: so phan tram dc tai la===NaN
04-01 05:39:13.428 14796 14924 D jswrapper: JS: stt_bg0
04-01 05:39:13.428 14796 14924 D jswrapper: JS: so phan tram dc tai la===NaN
04-01 05:39:13.428 14796 14924 D jswrapper: JS: stt_bg0
04-01 05:39:13.428 14796 14924 D jswrapper: JS: so phan tram dc tai la===NaN
04-01 05:39:13.428 14796 14924 D jswrapper: JS: stt_bg0
04-01 05:39:13.428 14796 14924 D jswrapper: JS: so phan tram dc tai la===NaN
04-01 05:39:13.428 14796 14924 D jswrapper: JS: stt_bg0
04-01 05:39:13.428 14796 14924 D jswrapper: JS: so phan tram dc tai la===NaN
04-01 05:39:13.428 14796 14924 D jswrapper: JS: stt_bg0
04-01 05:39:13.428 14796 14924 D jswrapper: JS: so phan tram dc tai la===NaN
04-01 05:39:13.428 14796 14924 D jswrapper: JS: stt_bg0
04-01 05:39:13.429 14796 14924 D jswrapper: JS: so phan tram dc tai la===NaN
04-01 05:39:13.429 14796 14924 D jswrapper: JS: stt_bg0
04-01 05:39:13.429 14796 14924 D jswrapper: JS: so phan tram dc tai la===NaN
04-01 05:39:13.429 14796 14924 D jswrapper: JS: stt_bg0
04-01 05:39:13.429 14796 14924 D jswrapper: JS: so phan tram dc tai la===NaN
04-01 05:39:13.429 14796 14924 D jswrapper: JS: stt_bg0
04-01 05:39:13.429 14796 14924 D jswrapper: JS: so phan tram dc tai la===NaN
04-01 05:39:13.429 14796 14924 D jswrapper: JS: stt_bg0
04-01 05:39:13.429 14796 14924 D jswrapper: JS: so phan tram dc tai la===NaN
04-01 05:39:13.429 14796 14924 D jswrapper: JS: stt_bg0
04-01 05:39:13.429 14796 14924 D jswrapper: JS: so phan tram dc tai la===NaN
04-01 05:39:13.429 14796 14924 D jswrapper: JS: stt_bg0
04-01 05:39:13.429 14796 14924 D jswrapper: JS: so phan tram dc tai la===NaN
04-01 05:39:13.429 14796 14924 D jswrapper: JS: stt_bg0
04-01 05:39:13.442 14796 14924 D jswrapper: JS: so phan tram dc tai la===NaN
04-01 05:39:13.442 14796 14924 D jswrapper: JS: stt_bg0
04-01 05:39:13.443 14796 14924 D jswrapper: JS: so phan tram dc tai la===NaN
04-01 05:39:13.443 14796 14924 D jswrapper: JS: stt_bg0
04-01 05:39:13.443 14796 14924 D jswrapper: JS: so phan tram dc tai la===NaN
04-01 05:39:13.443 14796 14924 D jswrapper: JS: stt_bg0
04-01 05:39:13.443 14796 14924 D jswrapper: JS: so phan tram dc tai la===NaN
04-01 05:39:13.443 14796 14924 D jswrapper: JS: stt_bg0
04-01 05:39:13.443 14796 14924 D jswrapper: JS: so phan tram dc tai la===NaN
04-01 05:39:13.443 14796 14924 D jswrapper: JS: stt_bg0
04-01 05:39:13.443 14796 14924 D jswrapper: JS: so phan tram dc tai la===NaN
04-01 05:39:13.443 14796 14924 D jswrapper: JS: stt_bg0
04-01 05:39:13.444 14796 14924 D jswrapper: JS: so phan tram dc tai la===NaN
04-01 05:39:13.444 14796 14924 D jswrapper: JS: stt_bg0
04-01 05:39:13.444 14796 14924 D jswrapper: JS: so phan tram dc tai la===NaN
04-01 05:39:13.444 14796 14924 D jswrapper: JS: stt_bg0
04-01 05:39:13.444 14796 14924 D jswrapper: JS: so phan tram dc tai la===NaN
04-01 05:39:13.444 14796 14924 D jswrapper: JS: stt_bg0
04-01 05:39:13.444 14796 14924 D jswrapper: JS: so phan tram dc tai la===NaN
04-01 05:39:13.444 14796 14924 D jswrapper: JS: stt_bg0
04-01 05:39:13.444 14796 14924 D jswrapper: JS: so phan tram dc tai la===NaN
04-01 05:39:13.444 14796 14924 D jswrapper: JS: stt_bg0
04-01 05:39:13.444 14796 14924 D jswrapper: JS: so phan tram dc tai la===NaN
04-01 05:39:13.444 14796 14924 D jswrapper: JS: stt_bg0
04-01 05:39:13.444 14796 14924 D jswrapper: JS: so phan tram dc tai la===NaN
04-01 05:39:13.444 14796 14924 D jswrapper: JS: stt_bg0
04-01 05:39:13.460 14796 14924 D jswrapper: JS: so phan tram dc tai la===NaN
04-01 05:39:13.460 14796 14924 D jswrapper: JS: stt_bg0
04-01 05:39:13.460 14796 14924 D jswrapper: JS: so phan tram dc tai la===NaN
04-01 05:39:13.460 14796 14924 D jswrapper: JS: stt_bg0
04-01 05:39:13.460 14796 14924 D jswrapper: JS: so phan tram dc tai la===NaN
04-01 05:39:13.460 14796 14924 D jswrapper: JS: stt_bg0
04-01 05:39:13.460 14796 14924 D jswrapper: JS: so phan tram dc tai la===NaN
04-01 05:39:13.461 14796 14924 D jswrapper: JS: stt_bg0
04-01 05:39:13.461 14796 14924 D jswrapper: JS: so phan tram dc tai la===NaN
04-01 05:39:13.461 14796 14924 D jswrapper: JS: stt_bg0
04-01 05:39:13.461 14796 14924 D jswrapper: JS: so phan tram dc tai la===NaN
04-01 05:39:13.461 14796 14924 D jswrapper: JS: stt_bg0
04-01 05:39:13.461 14796 14924 D jswrapper: JS: so phan tram dc tai la===NaN
04-01 05:39:13.461 14796 14924 D jswrapper: JS: stt_bg0
04-01 05:39:13.461 14796 14924 D jswrapper: JS: so phan tram dc tai la===NaN
04-01 05:39:13.461 14796 14924 D jswrapper: JS: stt_bg0
04-01 05:39:13.461 14796 14924 D jswrapper: JS: so phan tram dc tai la===NaN
04-01 05:39:13.461 14796 14924 D jswrapper: JS: stt_bg0
04-01 05:39:13.461 14796 14924 D jswrapper: JS: so phan tram dc tai la===NaN
04-01 05:39:13.461 14796 14924 D jswrapper: JS: stt_bg0
04-01 05:39:13.461 14796 14924 D jswrapper: JS: so phan tram dc tai la===NaN
04-01 05:39:13.461 14796 14924 D jswrapper: JS: stt_bg0
04-01 05:39:13.461 14796 14924 D jswrapper: JS: so phan tram dc tai la===NaN
04-01 05:39:13.461 14796 14924 D jswrapper: JS: stt_bg0
04-01 05:39:13.462 14796 14924 D jswrapper: JS: so phan tram dc tai la===NaN
04-01 05:39:13.462 14796 14924 D jswrapper: JS: stt_bg0
04-01 05:39:13.462 14796 14924 D jswrapper: JS: so phan tram dc tai la===NaN
04-01 05:39:13.462 14796 14924 D jswrapper: JS: stt_bg0
04-01 05:39:13.462 14796 14924 D jswrapper: JS: so phan tram dc tai la===NaN
04-01 05:39:13.462 14796 14924 D jswrapper: JS: stt_bg0
04-01 05:39:13.462 14796 14924 D jswrapper: JS: so phan tram dc tai la===NaN
04-01 05:39:13.462 14796 14924 D jswrapper: JS: stt_bg0
04-01 05:39:13.476 14796 14924 D jswrapper: JS: so phan tram dc tai la===NaN
04-01 05:39:13.477 14796 14924 D jswrapper: JS: stt_bg0
04-01 05:39:13.477 14796 14924 D jswrapper: JS: so phan tram dc tai la===NaN
04-01 05:39:13.477 14796 14924 D jswrapper: JS: stt_bg0
04-01 05:39:13.477 14796 14924 D jswrapper: JS: so phan tram dc tai la===NaN
04-01 05:39:13.477 14796 14924 D jswrapper: JS: stt_bg0
04-01 05:39:13.477 14796 14924 D jswrapper: JS: so phan tram dc tai la===NaN
04-01 05:39:13.477 14796 14924 D jswrapper: JS: stt_bg0
04-01 05:39:13.477 14796 14924 D jswrapper: JS: so phan tram dc tai la===NaN
04-01 05:39:13.477 14796 14924 D jswrapper: JS: stt_bg0
04-01 05:39:13.477 14796 14924 D jswrapper: JS: so phan tram dc tai la===NaN
04-01 05:39:13.477 14796 14924 D jswrapper: JS: stt_bg0
04-01 05:39:13.477 14796 14924 D jswrapper: JS: so phan tram dc tai la===NaN
04-01 05:39:13.477 14796 14924 D jswrapper: JS: stt_bg0
04-01 05:39:13.477 14796 14924 D jswrapper: JS: so phan tram dc tai la===NaN
04-01 05:39:13.477 14796 14924 D jswrapper: JS: stt_bg0
04-01 05:39:13.478 14796 14924 D jswrapper: JS: so phan tram dc tai la===NaN
04-01 05:39:13.478 14796 14924 D jswrapper: JS: stt_bg0
04-01 05:39:13.478 14796 14924 D jswrapper: JS: so phan tram dc tai la===NaN
04-01 05:39:13.478 14796 14924 D jswrapper: JS: stt_bg0
04-01 05:39:13.478 14796 14924 D jswrapper: JS: so phan tram dc tai la===NaN
04-01 05:39:13.478 14796 14924 D jswrapper: JS: stt_bg0
04-01 05:39:13.478 14796 14924 D jswrapper: JS: so phan tram dc tai la===NaN
04-01 05:39:13.478 14796 14924 D jswrapper: JS: stt_bg0
04-01 05:39:13.478 14796 14924 D jswrapper: JS: so phan tram dc tai la===NaN
04-01 05:39:13.478 14796 14924 D jswrapper: JS: stt_bg0
04-01 05:39:13.478 14796 14924 D jswrapper: JS: so phan tram dc tai la===NaN
04-01 05:39:13.478 14796 14924 D jswrapper: JS: stt_bg0
04-01 05:39:13.478 14796 14924 D jswrapper: JS: so phan tram dc tai la===NaN
04-01 05:39:13.478 14796 14924 D jswrapper: JS: stt_bg0
04-01 05:39:13.478 14796 14924 D jswrapper: JS: so phan tram dc tai la===NaN
04-01 05:39:13.478 14796 14924 D jswrapper: JS: stt_bg0
04-01 05:39:13.478 14796 14924 D jswrapper: JS: so phan tram dc tai la===NaN
04-01 05:39:13.478 14796 14924 D jswrapper: JS: stt_bg0
04-01 05:39:13.478 14796 14924 D jswrapper: JS: so phan tram dc tai la===NaN
04-01 05:39:13.478 14796 14924 D jswrapper: JS: stt_bg0
04-01 05:39:13.479 14796 14924 D jswrapper: JS: so phan tram dc tai la===NaN
04-01 05:39:13.479 14796 14924 D jswrapper: JS: stt_bg0
04-01 05:39:13.479 14796 14924 D jswrapper: JS: so phan tram dc tai la===NaN
04-01 05:39:13.479 14796 14924 D jswrapper: JS: stt_bg0
04-01 05:39:13.479 14796 14924 D jswrapper: JS: so phan tram dc tai la===NaN
04-01 05:39:13.479 14796 14924 D jswrapper: JS: stt_bg0
04-01 05:39:13.479 14796 14924 D jswrapper: JS: so phan tram dc tai la===NaN
04-01 05:39:13.479 14796 14924 D jswrapper: JS: stt_bg0
04-01 05:39:13.479 14796 14924 D jswrapper: JS: so phan tram dc tai la===NaN
04-01 05:39:13.479 14796 14924 D jswrapper: JS: stt_bg0
04-01 05:39:13.479 14796 14924 D jswrapper: JS: so phan tram dc tai la===NaN
04-01 05:39:13.479 14796 14924 D jswrapper: JS: stt_bg0
04-01 05:39:13.479 14796 14924 D jswrapper: JS: so phan tram dc tai la===NaN
04-01 05:39:13.479 14796 14924 D jswrapper: JS: stt_bg0
04-01 05:39:13.479 14796 14924 D jswrapper: JS: so phan tram dc tai la===NaN
04-01 05:39:13.479 14796 14924 D jswrapper: JS: stt_bg0
04-01 05:39:13.510 14796 14924 D jswrapper: JS: so phan tram dc tai la===NaN
04-01 05:39:13.510 14796 14924 D jswrapper: JS: stt_bg0
04-01 05:39:13.510 14796 14924 D jswrapper: JS: so phan tram dc tai la===NaN
04-01 05:39:13.510 14796 14924 D jswrapper: JS: stt_bg0
04-01 05:39:13.510 14796 14924 D jswrapper: JS: so phan tram dc tai la===NaN
04-01 05:39:13.510 14796 14924 D jswrapper: JS: stt_bg0
04-01 05:39:13.511 14796 14924 D jswrapper: JS: so phan tram dc tai la===NaN
04-01 05:39:13.511 14796 14924 D jswrapper: JS: stt_bg0
04-01 05:39:13.511 14796 14924 D jswrapper: JS: so phan tram dc tai la===NaN
04-01 05:39:13.511 14796 14924 D jswrapper: JS: stt_bg0
04-01 05:39:13.511 14796 14924 D jswrapper: JS: so phan tram dc tai la===NaN
04-01 05:39:13.511 14796 14924 D jswrapper: JS: stt_bg0
04-01 05:39:13.511 14796 14924 D jswrapper: JS: so phan tram dc tai la===NaN
04-01 05:39:13.511 14796 14924 D jswrapper: JS: stt_bg0
04-01 05:39:13.511 14796 14924 D jswrapper: JS: so phan tram dc tai la===NaN
04-01 05:39:13.511 14796 14924 D jswrapper: JS: stt_bg0
04-01 05:39:13.511 14796 14924 D jswrapper: JS: so phan tram dc tai la===NaN
04-01 05:39:13.511 14796 14924 D jswrapper: JS: stt_bg0
04-01 05:39:13.511 14796 14924 D jswrapper: JS: so phan tram dc tai la===NaN
04-01 05:39:13.511 14796 14924 D jswrapper: JS: stt_bg0
04-01 05:39:13.513 14796 15167 D JniHelper: JniHelper::getJavaVM(), pthread_self()
= -1517112896
04-01 05:39:13.523 14796 14924 D jswrapper: JS: so phan tram dc tai la===NaN
04-01 05:39:13.523 14796 14924 D jswrapper: JS: stt_bg0
04-01 05:39:13.524 14796 14924 D jswrapper: JS: so phan tram dc tai la===NaN
04-01 05:39:13.524 14796 14924 D jswrapper: JS: stt_bg0
04-01 05:39:13.524 14796 14924 D jswrapper: JS: so phan tram dc tai la===NaN
04-01 05:39:13.524 14796 14924 D jswrapper: JS: stt_bg0
04-01 05:39:13.524 14796 14924 D jswrapper: JS: so phan tram dc tai la===NaN
04-01 05:39:13.524 14796 14924 D jswrapper: JS: stt_bg0
04-01 05:39:13.524 14796 14924 D jswrapper: JS: so phan tram dc tai la===NaN
04-01 05:39:13.524 14796 14924 D jswrapper: JS: stt_bg0
04-01 05:39:13.524 14796 14924 D jswrapper: JS: so phan tram dc tai la===NaN
04-01 05:39:13.524 14796 14924 D jswrapper: JS: stt_bg0
04-01 05:39:13.524 14796 14924 D jswrapper: JS: so phan tram dc tai la===NaN
04-01 05:39:13.524 14796 14924 D jswrapper: JS: stt_bg0
04-01 05:39:13.524 14796 14924 D jswrapper: JS: so phan tram dc tai la===NaN
04-01 05:39:13.524 14796 14924 D jswrapper: JS: stt_bg0
04-01 05:39:13.524 14796 14924 D jswrapper: JS: so phan tram dc tai la===NaN
04-01 05:39:13.524 14796 14924 D jswrapper: JS: stt_bg0
04-01 05:39:13.524 14796 14924 D jswrapper: JS: so phan tram dc tai la===NaN
04-01 05:39:13.524 14796 14924 D jswrapper: JS: stt_bg0
04-01 05:39:13.524 14796 14924 D jswrapper: JS: so phan tram dc tai la===NaN
04-01 05:39:13.524 14796 14924 D jswrapper: JS: stt_bg0
04-01 05:39:13.524 14796 14924 D jswrapper: JS: so phan tram dc tai la===NaN
04-01 05:39:13.524 14796 14924 D jswrapper: JS: stt_bg0
04-01 05:39:13.524 14796 14924 D jswrapper: JS: so phan tram dc tai la===NaN
04-01 05:39:13.524 14796 14924 D jswrapper: JS: stt_bg0
04-01 05:39:13.524 14796 14924 D jswrapper: JS: so phan tram dc tai la===NaN
04-01 05:39:13.524 14796 14924 D jswrapper: JS: stt_bg0
04-01 05:39:13.525 14796 14924 D jswrapper: JS: so phan tram dc tai la===NaN
04-01 05:39:13.525 14796 14924 D jswrapper: JS: stt_bg0
04-01 05:39:13.525 14796 14924 D jswrapper: JS: so phan tram dc tai la===NaN
04-01 05:39:13.525 14796 14924 D jswrapper: JS: stt_bg0
04-01 05:39:13.525 14796 14924 D jswrapper: JS: so phan tram dc tai la===NaN
04-01 05:39:13.525 14796 14924 D jswrapper: JS: stt_bg0
04-01 05:39:13.537 14796 15166 D JniHelper: JniHelper::getJavaVM(), pthread_self()
= -1516060224
04-01 05:39:13.542 14796 14924 D jswrapper: JS: so phan tram dc tai la===NaN
04-01 05:39:13.542 14796 14924 D jswrapper: JS: stt_bg0
04-01 05:39:13.542 14796 14924 D jswrapper: JS: so phan tram dc tai la===NaN
04-01 05:39:13.542 14796 14924 D jswrapper: JS: stt_bg0
04-01 05:39:13.542 14796 14924 D jswrapper: JS: so phan tram dc tai la===NaN
04-01 05:39:13.542 14796 14924 D jswrapper: JS: stt_bg0
04-01 05:39:13.542 14796 14924 D jswrapper: JS: so phan tram dc tai la===NaN
04-01 05:39:13.542 14796 14924 D jswrapper: JS: stt_bg0
04-01 05:39:13.542 14796 14924 D jswrapper: JS: so phan tram dc tai la===NaN
04-01 05:39:13.542 14796 14924 D jswrapper: JS: stt_bg0
04-01 05:39:13.542 14796 14924 D jswrapper: JS: so phan tram dc tai la===NaN
04-01 05:39:13.542 14796 14924 D jswrapper: JS: stt_bg0
04-01 05:39:13.542 14796 14924 D jswrapper: JS: so phan tram dc tai la===NaN
04-01 05:39:13.542 14796 14924 D jswrapper: JS: stt_bg0
04-01 05:39:13.543 14796 14924 D jswrapper: JS: so phan tram dc tai la===NaN
04-01 05:39:13.543 14796 14924 D jswrapper: JS: stt_bg0
04-01 05:39:13.543 14796 14924 D jswrapper: JS: so phan tram dc tai la===NaN
04-01 05:39:13.543 14796 14924 D jswrapper: JS: stt_bg0
04-01 05:39:13.543 14796 14924 D jswrapper: JS: so phan tram dc tai la===NaN
04-01 05:39:13.543 14796 14924 D jswrapper: JS: stt_bg0
04-01 05:39:13.543 14796 14924 D jswrapper: JS: so phan tram dc tai la===NaN
04-01 05:39:13.543 14796 14924 D jswrapper: JS: stt_bg0
04-01 05:39:13.543 14796 14924 D jswrapper: JS: so phan tram dc tai la===NaN
04-01 05:39:13.543 14796 14924 D jswrapper: JS: stt_bg0
04-01 05:39:13.543 14796 14924 D jswrapper: JS: so phan tram dc tai la===NaN
04-01 05:39:13.543 14796 14924 D jswrapper: JS: stt_bg0
04-01 05:39:13.543 14796 14924 D jswrapper: JS: so phan tram dc tai la===NaN
04-01 05:39:13.543 14796 14924 D jswrapper: JS: stt_bg0
04-01 05:39:13.543 14796 14924 D jswrapper: JS: so phan tram dc tai la===NaN
04-01 05:39:13.543 14796 14924 D jswrapper: JS: stt_bg0
04-01 05:39:13.543 14796 14924 D jswrapper: JS: so phan tram dc tai la===NaN
04-01 05:39:13.543 14796 14924 D jswrapper: JS: stt_bg0
04-01 05:39:13.559 14796 14924 D jswrapper: JS: so phan tram dc tai la===NaN
04-01 05:39:13.559 14796 14924 D jswrapper: JS: stt_bg0
04-01 05:39:13.559 14796 14924 D jswrapper: JS: so phan tram dc tai la===NaN
04-01 05:39:13.559 14796 14924 D jswrapper: JS: stt_bg0
04-01 05:39:13.559 14796 14924 D jswrapper: JS: so phan tram dc tai la===NaN
04-01 05:39:13.559 14796 14924 D jswrapper: JS: stt_bg0
04-01 05:39:13.560 14796 14924 D jswrapper: JS: so phan tram dc tai la===NaN
04-01 05:39:13.560 14796 14924 D jswrapper: JS: stt_bg0
04-01 05:39:13.560 14796 14924 D jswrapper: JS: so phan tram dc tai la===NaN
04-01 05:39:13.560 14796 14924 D jswrapper: JS: stt_bg0
04-01 05:39:13.560 14796 14924 D jswrapper: JS: so phan tram dc tai la===NaN
04-01 05:39:13.560 14796 14924 D jswrapper: JS: stt_bg0
04-01 05:39:13.560 14796 14924 D jswrapper: JS: so phan tram dc tai la===NaN
04-01 05:39:13.560 14796 14924 D jswrapper: JS: stt_bg0
04-01 05:39:13.560 14796 14924 D jswrapper: JS: so phan tram dc tai la===NaN
04-01 05:39:13.560 14796 14924 D jswrapper: JS: stt_bg0
04-01 05:39:13.560 14796 14924 D jswrapper: JS: so phan tram dc tai la===NaN
04-01 05:39:13.560 14796 14924 D jswrapper: JS: stt_bg0
04-01 05:39:13.561 14796 14924 D jswrapper: JS: so phan tram dc tai la===NaN
04-01 05:39:13.561 14796 14924 D jswrapper: JS: stt_bg0
04-01 05:39:13.561 14796 14924 D jswrapper: JS: so phan tram dc tai la===NaN
04-01 05:39:13.561 14796 14924 D jswrapper: JS: stt_bg0
04-01 05:39:13.561 14796 14924 D jswrapper: JS: so phan tram dc tai la===NaN
04-01 05:39:13.561 14796 14924 D jswrapper: JS: stt_bg0
04-01 05:39:13.561 14796 14924 D jswrapper: JS: so phan tram dc tai la===NaN
04-01 05:39:13.561 14796 14924 D jswrapper: JS: stt_bg0
04-01 05:39:13.561 14796 14924 D jswrapper: JS: so phan tram dc tai la===NaN
04-01 05:39:13.561 14796 14924 D jswrapper: JS: stt_bg0
04-01 05:39:13.561 14796 14924 D jswrapper: JS: so phan tram dc tai la===NaN
04-01 05:39:13.561 14796 14924 D jswrapper: JS: stt_bg0
04-01 05:39:13.562 14796 14924 D jswrapper: JS: so phan tram dc tai la===NaN
04-01 05:39:13.562 14796 14924 D jswrapper: JS: stt_bg0
04-01 05:39:13.562 14796 14924 D jswrapper: JS: so phan tram dc tai la===NaN
04-01 05:39:13.562 14796 14924 D jswrapper: JS: stt_bg0
04-01 05:39:13.562 14796 14924 D jswrapper: JS: so phan tram dc tai la===NaN
04-01 05:39:13.562 14796 14924 D jswrapper: JS: stt_bg0
04-01 05:39:13.562 14796 14924 D jswrapper: JS: so phan tram dc tai la===NaN
04-01 05:39:13.562 14796 14924 D jswrapper: JS: stt_bg0
04-01 05:39:13.562 14796 14924 D jswrapper: JS: so phan tram dc tai la===NaN
04-01 05:39:13.562 14796 14924 D jswrapper: JS: stt_bg0
04-01 05:39:13.562 14796 14924 D jswrapper: JS: so phan tram dc tai la===NaN
04-01 05:39:13.562 14796 14924 D jswrapper: JS: stt_bg0
04-01 05:39:13.563 14796 14924 D jswrapper: JS: so phan tram dc tai la===NaN
04-01 05:39:13.563 14796 14924 D jswrapper: JS: stt_bg0
04-01 05:39:13.563 14796 14924 D jswrapper: JS: so phan tram dc tai la===NaN
04-01 05:39:13.563 14796 14924 D jswrapper: JS: stt_bg0
04-01 05:39:13.563 14796 14924 D jswrapper: JS: so phan tram dc tai la===NaN
04-01 05:39:13.563 14796 14924 D jswrapper: JS: stt_bg0
04-01 05:39:13.563 14796 14924 D jswrapper: JS: so phan tram dc tai la===NaN
04-01 05:39:13.563 14796 14924 D jswrapper: JS: stt_bg0
04-01 05:39:13.563 14796 14924 D jswrapper: JS: so phan tram dc tai la===NaN
04-01 05:39:13.563 14796 14924 D jswrapper: JS: stt_bg0
04-01 05:39:13.563 14796 14924 D jswrapper: JS: so phan tram dc tai la===NaN
04-01 05:39:13.563 14796 14924 D jswrapper: JS: stt_bg0
04-01 05:39:13.564 14796 14924 D jswrapper: JS: so phan tram dc tai la===NaN
04-01 05:39:13.564 14796 14924 D jswrapper: JS: stt_bg0
04-01 05:39:13.564 14796 14924 D jswrapper: JS: so phan tram dc tai la===NaN
04-01 05:39:13.564 14796 14924 D jswrapper: JS: stt_bg0
04-01 05:39:13.564 14796 14924 D jswrapper: JS: so phan tram dc tai la===NaN
04-01 05:39:13.564 14796 14924 D jswrapper: JS: stt_bg0
04-01 05:39:13.564 14796 14924 D jswrapper: JS: so phan tram dc tai la===NaN
04-01 05:39:13.564 14796 14924 D jswrapper: JS: stt_bg0
04-01 05:39:13.564 14796 14924 D jswrapper: JS: so phan tram dc tai la===NaN
04-01 05:39:13.564 14796 14924 D jswrapper: JS: stt_bg0
04-01 05:39:13.564 14796 14924 D jswrapper: JS: so phan tram dc tai la===NaN
04-01 05:39:13.564 14796 14924 D jswrapper: JS: stt_bg0
04-01 05:39:13.564 14796 14924 D jswrapper: JS: so phan tram dc tai la===NaN
04-01 05:39:13.564 14796 14924 D jswrapper: JS: stt_bg0
04-01 05:39:13.565 14796 14924 D jswrapper: JS: so phan tram dc tai la===NaN
04-01 05:39:13.565 14796 14924 D jswrapper: JS: stt_bg0
04-01 05:39:13.565 14796 14924 D jswrapper: JS: so phan tram dc tai la===NaN
04-01 05:39:13.565 14796 14924 D jswrapper: JS: stt_bg0
04-01 05:39:13.565 14796 14924 D jswrapper: JS: so phan tram dc tai la===NaN
04-01 05:39:13.565 14796 14924 D jswrapper: JS: stt_bg0
04-01 05:39:13.565 14796 14924 D jswrapper: JS: so phan tram dc tai la===NaN
04-01 05:39:13.565 14796 14924 D jswrapper: JS: stt_bg0
04-01 05:39:13.565 14796 14924 D jswrapper: JS: so phan tram dc tai la===NaN
04-01 05:39:13.565 14796 14924 D jswrapper: JS: stt_bg0
04-01 05:39:13.565 14796 14924 D jswrapper: JS: so phan tram dc tai la===NaN
04-01 05:39:13.565 14796 14924 D jswrapper: JS: stt_bg0
04-01 05:39:13.565 14796 14924 D jswrapper: JS: so phan tram dc tai la===NaN
04-01 05:39:13.566 14796 14924 D jswrapper: JS: stt_bg0
04-01 05:39:13.566 14796 14924 D jswrapper: JS: so phan tram dc tai la===NaN
04-01 05:39:13.566 14796 14924 D jswrapper: JS: stt_bg0
04-01 05:39:13.566 14796 14924 D jswrapper: JS: so phan tram dc tai la===NaN
04-01 05:39:13.566 14796 14924 D jswrapper: JS: stt_bg0
04-01 05:39:13.566 14796 14924 D jswrapper: JS: so phan tram dc tai la===NaN
04-01 05:39:13.566 14796 14924 D jswrapper: JS: stt_bg0
04-01 05:39:13.566 14796 14924 D jswrapper: JS: so phan tram dc tai la===NaN
04-01 05:39:13.566 14796 14924 D jswrapper: JS: stt_bg0
04-01 05:39:13.566 14796 14924 D jswrapper: JS: so phan tram dc tai la===NaN
04-01 05:39:13.566 14796 14924 D jswrapper: JS: stt_bg0
04-01 05:39:13.566 14796 14924 D jswrapper: JS: so phan tram dc tai la===NaN
04-01 05:39:13.567 14796 14924 D jswrapper: JS: stt_bg0
04-01 05:39:13.567 14796 14924 D jswrapper: JS: so phan tram dc tai la===NaN
04-01 05:39:13.567 14796 14924 D jswrapper: JS: stt_bg0
04-01 05:39:13.567 14796 14924 D jswrapper: JS: so phan tram dc tai la===NaN
04-01 05:39:13.567 14796 14924 D jswrapper: JS: stt_bg0
04-01 05:39:13.567 14796 14924 D jswrapper: JS: so phan tram dc tai la===NaN
04-01 05:39:13.567 14796 14924 D jswrapper: JS: stt_bg0
04-01 05:39:13.567 14796 14924 D jswrapper: JS: so phan tram dc tai la===NaN
04-01 05:39:13.567 14796 14924 D jswrapper: JS: stt_bg0
04-01 05:39:13.568 14796 14924 D jswrapper: JS: so phan tram dc tai la===NaN
04-01 05:39:13.568 14796 14924 D jswrapper: JS: stt_bg0
04-01 05:39:13.568 14796 14924 D jswrapper: JS: so phan tram dc tai la===NaN
04-01 05:39:13.568 14796 14924 D jswrapper: JS: stt_bg0
04-01 05:39:13.568 14796 14924 D jswrapper: JS: so phan tram dc tai la===NaN
04-01 05:39:13.568 14796 14924 D jswrapper: JS: stt_bg0
04-01 05:39:13.568 14796 14924 D jswrapper: JS: so phan tram dc tai la===NaN
04-01 05:39:13.568 14796 14924 D jswrapper: JS: stt_bg0
04-01 05:39:13.568 14796 14924 D jswrapper: JS: so phan tram dc tai la===NaN
04-01 05:39:13.568 14796 14924 D jswrapper: JS: stt_bg0
04-01 05:39:13.568 14796 14924 D jswrapper: JS: so phan tram dc tai la===NaN
04-01 05:39:13.568 14796 14924 D jswrapper: JS: stt_bg0
04-01 05:39:13.568 14796 14924 D jswrapper: JS: so phan tram dc tai la===NaN
04-01 05:39:13.568 14796 14924 D jswrapper: JS: stt_bg0
04-01 05:39:13.569 14796 14796 D Cocos2dxDownloader: onSuccess(i:200 headers:
[Lcz.msebera.android.httpclient.Header;@bb5a56e
file:/data/user/0/com.tencent.mobileqq.qq/data/0/megawin.casi.slots.lucky9/files/re
mote-asset_temp/project.manifest.temp.tmp
04-01 05:39:13.574 14796 14924 D jswrapper: JS: so phan tram dc tai la===NaN
04-01 05:39:13.574 14796 14924 D jswrapper: JS: stt_bg0
04-01 05:39:13.574 14796 14924 D jswrapper: JS: so phan tram dc tai la===NaN
04-01 05:39:13.574 14796 14924 D jswrapper: JS: stt_bg0
04-01 05:39:13.581 14796 14924 D jswrapper: JS: JS Custom Version Compare: version
A is 1.05.0, version B is 1.05.4
04-01 05:39:13.603 14796 14808 E .mobileqq.qq:p: failed to connect to jdwp control
socket: Connection refused
04-01 05:39:13.635 14796 14924 D jswrapper: JS: so phan tram dc tai la===NaN
04-01 05:39:13.635 14796 14924 D jswrapper: JS: stt_bg0
04-01 05:39:13.635 14796 14924 D jswrapper: JS: Updated file: Start to update 47
files from remote package.
04-01 05:39:13.664 13793 13793 E AndroidService: Use 1 com.tencent.mobileqq.qq
instead of com.sndvbp
04-01 05:39:13.671 13793 13793 W Settings: Can't get key disable_pen_gesture from
content://settings/system
04-01 05:39:13.672 13793 13793 W Settings: Can't get key disable_pen_gesture from
content://settings/system
04-01 05:39:13.678 13793 13793 W Settings: Can't get key game_no_interruption from
content://settings/system
04-01 05:39:13.678 13793 13793 I Toast : show: focusDisplayId = 0,
isFocusInDesktop = false mCustomDisplayId=-1 isDexDualMode=false
04-01 05:39:13.678 13793 13793 I Toast : show: isActivityContext = false
04-01 05:39:13.679 13793 13793 E AndroidService: Use 2 com.tencent.mobileqq.qq
instead of com.sndvbp
04-01 05:39:13.685 14928 14928 I GmsDebugLogger: [10]
/data/user/0/com.tencent.mobileqq.qq/data/0/com.google.android.gms/app_chimera/curr
ent_config.fb: open failed: ENOENT (No such file or directory)
04-01 05:39:13.686 13793 13793 D ViewRootImpl@75dd869[Toast]:
dispatchDetachedFromWindow: reset blurmask
04-01 05:39:13.686 13793 13793 I ViewRootImpl@75dd869[Toast]:
dispatchDetachedFromWindow
04-01 05:39:13.687 13793 13793 I SurfaceControl: release : mNativeObject =
3040759808 - Surface(name=Toast$_13793)/@0x169a808 /
android.view.ViewRootImpl.destroySurface:2374
android.view.ViewRootImpl.dispatchDetachedFromWindow:5566
android.view.ViewRootImpl.doDie:9156 android.view.ViewRootImpl.die:9133
04-01 05:39:13.687 13793 13793 I SurfaceControl: nativeRelease nativeObject
s[3040759808]
04-01 05:39:13.687 13793 13793 I SurfaceControl: nativeRelease nativeObject
e[3040759808]
04-01 05:39:13.690 14928 14928 E PLIB_StartService: component is blocked:
com.google.android.gms.chimera.container.FileApkIntentOperation$ExternalFileApkServ
ice
04-01 05:39:13.690 14928 14928 W ChimeraCfgMgr: Failed to read module config:
java.io.FileNotFoundException:
/data/user/0/com.tencent.mobileqq.qq/data/0/com.google.android.gms/app_chimera/curr
ent_config.fb: open failed: ENOENT (No such file or directory)
04-01 05:39:13.690 14928 14928 W IntentOperation: Failed to get Chimera
config:com.google.android.chimera.config.InvalidConfigException:
java.io.FileNotFoundException:
/data/user/0/com.tencent.mobileqq.qq/data/0/com.google.android.gms/app_chimera/curr
ent_config.fb: open failed: ENOENT (No such file or directory)
04-01 05:39:13.690 14928 14928 W ChimeraCfgMgr: Can't set alarm for modules init
watchdog
04-01 05:39:13.691 13793 13793 D InputTransport: Input channel destroyed:
'e33f21b', fd=91
04-01 05:39:13.697 13793 13793 V ToastPresenter: Text: ! in
android.widget.ToastPresenter@95f2ba1
04-01 05:39:13.697 13793 13793 E AndroidService: Use 1 com.tencent.mobileqq.qq
instead of com.sndvbp
04-01 05:39:13.700 14928 14928 E PLIB_StartService: action is blocked: Intent
{ act=com.google.android.chimera.FileApkManager.DELETE_UNUSED_FILEAPKS
pkg=com.google.android.gms }
04-01 05:39:13.701 14928 14928 I GmsDebugLogger: [46]
04-01 05:39:13.702 14928 14928 E PLIB_StartService: component is blocked:
com.google.android.gms.chimera.container.FileApkIntentOperation$ExternalFileApkServ
ice
04-01 05:39:13.703 14928 14928 I GmsApplication: Updating config completed
04-01 05:39:13.706 13793 13793 D InputTransport: Input channel constructed:
'23e8665', fd=91
04-01 05:39:13.707 13793 13793 I ViewRootImpl@8f53cb4[Toast]: setView =
android.widget.LinearLayout@21e0dd TM=true
04-01 05:39:13.714 14928 14928 I DynamiteModule: Considering local module
com.google.android.gms.permissions:1 and remote module
com.google.android.gms.permissions:1
04-01 05:39:13.714 14928 14928 I DynamiteModule: Selected local version of
com.google.android.gms.permissions
04-01 05:39:13.716 13793 13793 I SurfaceControl: assignNativeObject: nativeObject =
0 Surface(name=null)/@0x8de4452 / android.view.SurfaceControl.readFromParcel:1115
android.view.IWindowSession$Stub$Proxy.relayout:1787
java.lang.reflect.Method.invoke:-2 io.lo.b:4
com.polestar.clone.client.hook.base.f$b.invoke:8
java.lang.reflect.Proxy.invoke:1006 $Proxy58.relayout:-1
android.view.ViewRootImpl.relayoutWindow:8827
android.view.ViewRootImpl.performTraversals:3245
android.view.ViewRootImpl.doTraversal:2508
04-01 05:39:13.716 13793 13793 I ViewRootImpl@8f53cb4[Toast]: Relayout returned:
old=(0,68,2265,1080) new=(1109,790,1231,900) req=(122,110)0 dur=9 res=0x7 s={true
3828819472} ch=true fn=-1
04-01 05:39:13.716 13793 13793 I ViewRootImpl@8f53cb4[Toast]: [DP] dp(1) 0
android.view.ViewRootImpl.reportNextDraw:10760
android.view.ViewRootImpl.performTraversals:3722
android.view.ViewRootImpl.doTraversal:2508
04-01 05:39:13.719 13793 13793 I ViewRootImpl@8f53cb4[Toast]: [DP] pdf(0) 0
android.view.ViewRootImpl.performDraw:4682
android.view.ViewRootImpl.performTraversals:3743
android.view.ViewRootImpl.doTraversal:2508
04-01 05:39:13.719 13793 13793 I ViewRootImpl@8f53cb4[Toast]: [DP] rdf()
04-01 05:39:13.720 14928 14928 D AndroidRuntime: Shutting down VM
04-01 05:39:13.723 14928 14928 E DoMultiple: uncaughtException
04-01 05:39:13.723 14928 14928 E DoMultiple: Client process crash!
04-01 05:39:13.724 14928 14928 E DoMultiple: java.lang.RuntimeException: Unable to
makeApplication com.google.android.gms
04-01 05:39:13.724 14928 14928 E DoMultiple: at
com.polestar.clone.client.b.c(VClientImpl.java:128)
04-01 05:39:13.724 14928 14928 E DoMultiple: at
com.polestar.clone.client.b.bindApplication(VClientImpl.java:5)
04-01 05:39:13.724 14928 14928 E DoMultiple: at
io.yl.handleMessage(HCallbackStub.java:15)
04-01 05:39:13.724 14928 14928 E DoMultiple: at
android.os.Handler.dispatchMessage(Handler.java:102)
04-01 05:39:13.724 14928 14928 E DoMultiple: at
android.os.Looper.loop(Looper.java:246)
04-01 05:39:13.724 14928 14928 E DoMultiple: at
android.app.ActivityThread.main(ActivityThread.java:8462)
04-01 05:39:13.724 14928 14928 E DoMultiple: at
java.lang.reflect.Method.invoke(Native Method)
04-01 05:39:13.724 14928 14928 E DoMultiple: at
com.android.internal.os.RuntimeInit$MethodAndArgsCaller.run(RuntimeInit.java:596)
04-01 05:39:13.724 14928 14928 E DoMultiple: at
com.android.internal.os.ZygoteInit.main(ZygoteInit.java:1130)
04-01 05:39:13.724 14928 14928 E DoMultiple: Caused by: java.lang.RuntimeException:
Unable to instantiate application co.g.App: java.lang.SecurityException: Specified
package com.google.android.gms under uid 10446 but it is really 10246
04-01 05:39:13.724 14928 14928 E DoMultiple: at
android.app.LoadedApk.makeApplication(LoadedApk.java:1332)
04-01 05:39:13.724 14928 14928 E DoMultiple: at
java.lang.reflect.Method.invoke(Native Method)
04-01 05:39:13.724 14928 14928 E DoMultiple: at
mirror.h.callWithException(RefMethod.java:1)
04-01 05:39:13.724 14928 14928 E DoMultiple: at
com.polestar.clone.client.b.c(VClientImpl.java:91)
04-01 05:39:13.724 14928 14928 E DoMultiple: ... 8 more
04-01 05:39:13.724 14928 14928 E DoMultiple: Caused by:
java.lang.SecurityException: Specified package com.google.android.gms under uid
10446 but it is really 10246
04-01 05:39:13.724 14928 14928 E DoMultiple: at
android.os.Parcel.createExceptionOrNull(Parcel.java:2385)
04-01 05:39:13.724 14928 14928 E DoMultiple: at
android.os.Parcel.createException(Parcel.java:2369)
04-01 05:39:13.724 14928 14928 E DoMultiple: at
android.os.Parcel.readException(Parcel.java:2352)
04-01 05:39:13.724 14928 14928 E DoMultiple: at
android.os.Parcel.readException(Parcel.java:2294)
04-01 05:39:13.724 14928 14928 E DoMultiple: at
com.android.internal.app.IAppOpsService$Stub$Proxy.startWatchingAsyncNoted(IAppOpsS
ervice.java:2003)
04-01 05:39:13.724 14928 14928 E DoMultiple: at
java.lang.reflect.Method.invoke(Native Method)
04-01 05:39:13.724 14928 14928 E DoMultiple: at
com.polestar.clone.client.hook.base.f$b.invoke(MethodInvocationStub.java:10)
04-01 05:39:13.724 14928 14928 E DoMultiple: at
java.lang.reflect.Proxy.invoke(Proxy.java:1006)
04-01 05:39:13.724 14928 14928 E DoMultiple: at
$Proxy41.startWatchingAsyncNoted(Unknown Source)
04-01 05:39:13.724 14928 14928 E DoMultiple: at
android.app.AppOpsManager.setOnOpNotedCallback(AppOpsManager.java:8414)
04-01 05:39:13.724 14928 14928 E DoMultiple: at
com.google.android.gms.permissions.PermissionsImpl.enableAppOpsCollector(:com.googl
e.android.gms@210915046@21.09.15 (150400-361652764):2)
04-01 05:39:13.724 14928 14928 E DoMultiple: at
rsw.a(:com.google.android.gms@210915046@21.09.15 (150400-361652764):2)
04-01 05:39:13.724 14928 14928 E DoMultiple: at
rcy.attachBaseContext(:com.google.android.gms@210915046@21.09.15 (150400-
361652764):60)
04-01 05:39:13.724 14928 14928 E DoMultiple: at
android.app.Application.attach(Application.java:370)
04-01 05:39:13.724 14928 14928 E DoMultiple: at
android.app.Instrumentation.newApplication(Instrumentation.java:1159)
04-01 05:39:13.724 14928 14928 E DoMultiple: at
io.jl.newApplication(InstrumentationDelegate.java:1)
04-01 05:39:13.724 14928 14928 E DoMultiple: at
android.app.LoadedApk.makeApplication(LoadedApk.java:1324)
04-01 05:39:13.724 14928 14928 E DoMultiple: ... 11 more
04-01 05:39:13.724 14928 14928 E DoMultiple: Caused by: android.os.RemoteException:
Remote stack trace:
04-01 05:39:13.724 14928 14928 E DoMultiple: at
com.android.server.appop.AppOpsService.verifyAndGetBypass(AppOpsService.java:3916)
04-01 05:39:13.724 14928 14928 E DoMultiple: at
com.android.server.appop.AppOpsService.startWatchingAsyncNoted(AppOpsService.java:3
368)
04-01 05:39:13.724 14928 14928 E DoMultiple: at
com.android.internal.app.IAppOpsService$Stub.onTransact(IAppOpsService.java:992)
04-01 05:39:13.724 14928 14928 E DoMultiple: at
android.os.Binder.execTransactInternal(Binder.java:1190)
04-01 05:39:13.724 14928 14928 E DoMultiple: at
android.os.Binder.execTransact(Binder.java:1159)
04-01 05:39:13.724 14928 14928 E DoMultiple:
04-01 05:39:13.727 14796 14796 D Cocos2dxDownloader: onSuccess(i:200 headers:
[Lcz.msebera.android.httpclient.Header;@2a7f22b
file:/data/user/0/com.tencent.mobileqq.qq/data/0/megawin.casi.slots.lucky9/files/re
mote-asset_temp/res/raw-assets/85/85dfb19d-ddb9-4805-9b14-386bbd10bcaf.atlas.tmp
04-01 05:39:13.736 14796 14924 D jswrapper: JS: Verification passed : res/raw-
assets/85/85dfb19d-ddb9-4805-9b14-386bbd10bcaf.atlas
(e3586f2636effa68c4f5e01f0de0df09)
04-01 05:39:13.736 14796 14924 D jswrapper: JS: so phan tram dc tai
la===0.0003766612207982689
04-01 05:39:13.736 14796 14924 D jswrapper: JS: stt_bg0
04-01 05:39:13.762 1990 1990 E DoMultiple: CrashReceiver onReceive crash:
com.google.android.gms forground: false
04-01 05:39:13.866 14796 14924 D jswrapper: JS: so phan tram dc tai
la===0.010125301778316498
04-01 05:39:13.866 14796 14924 D jswrapper: JS: stt_bg0
04-01 05:39:13.885 14796 14924 D jswrapper: JS: so phan tram dc tai
la===0.02049316093325615
04-01 05:39:13.885 14796 14924 D jswrapper: JS: stt_bg0
04-01 05:39:13.886 14796 14924 D jswrapper: JS: so phan tram dc tai
la===0.03046545758843422
04-01 05:39:13.886 14796 14924 D jswrapper: JS: stt_bg0
04-01 05:39:13.887 14796 14924 D jswrapper: JS: so phan tram dc tai
la===0.040012940764427185
04-01 05:39:13.887 14796 14924 D jswrapper: JS: stt_bg0
04-01 05:39:13.888 14796 14924 D jswrapper: JS: so phan tram dc tai
la===0.05058195814490318
04-01 05:39:13.888 14796 14924 D jswrapper: JS: stt_bg0
04-01 05:39:13.889 14796 14924 D jswrapper: JS: so phan tram dc tai
la===0.06055425480008125
04-01 05:39:13.889 14796 14924 D jswrapper: JS: stt_bg0
04-01 05:39:13.890 14796 14924 D jswrapper: JS: so phan tram dc tai
la===0.07010173797607422
04-01 05:39:13.890 14796 14924 D jswrapper: JS: stt_bg0
04-01 05:39:13.891 14796 14924 D jswrapper: JS: so phan tram dc tai
la===0.08007403463125229
04-01 05:39:13.891 14796 14924 D jswrapper: JS: stt_bg0
04-01 05:39:13.892 14796 14924 D jswrapper: JS: so phan tram dc tai
la===0.09004633128643036
04-01 05:39:13.892 14796 14924 D jswrapper: JS: stt_bg0
04-01 05:39:13.892 14796 14796 D Cocos2dxDownloader: onSuccess(i:200 headers:
[Lcz.msebera.android.httpclient.Header;@7a24821
file:/data/user/0/com.tencent.mobileqq.qq/data/0/megawin.casi.slots.lucky9/files/re
mote-asset_temp/res/raw-assets/2d/2d181046-6c8e-4b99-8c25-5e46896505f6/raw-
skeleton.json.tmp
04-01 05:39:13.894 14796 14796 D Cocos2dxDownloader: onSuccess(i:200 headers:
[Lcz.msebera.android.httpclient.Header;@bb18607
file:/data/user/0/com.tencent.mobileqq.qq/data/0/megawin.casi.slots.lucky9/files/re
mote-asset_temp/res/import/9e/9e160a9b-6da6-408e-9cbb-2a4abd661325.json.tmp
04-01 05:39:13.894 14796 14924 D jswrapper: JS: Verification passed : res/raw-
assets/2d/2d181046-6c8e-4b99-8c25-5e46896505f6/raw-skeleton.json
(d3015cf4524c6c97576f17852d5413b6)
04-01 05:39:13.895 14796 14924 D jswrapper: JS: so phan tram dc tai
la===0.09705529361963272
04-01 05:39:13.895 14796 14924 D jswrapper: JS: stt_bg0
04-01 05:39:13.895 14796 14924 D jswrapper: JS: Verification passed :
res/import/9e/9e160a9b-6da6-408e-9cbb-2a4abd661325.json
(87146cbebaabb3b45a31ea7634dcf3c7)
04-01 05:39:13.895 14796 14924 D jswrapper: JS: so phan tram dc tai
la===0.09705529361963272
04-01 05:39:13.895 14796 14924 D jswrapper: JS: stt_bg0
04-01 05:39:13.981 14883 14883 I Process : Sending signal. PID: 14883 SIG: 9
04-01 05:39:13.981 14796 14924 D jswrapper: JS: so phan tram dc tai
la===0.1002616360783577
04-01 05:39:13.981 14796 14924 D jswrapper: JS: stt_bg0
04-01 05:39:13.989 14796 14796 D Cocos2dxDownloader: onSuccess(i:200 headers:
[Lcz.msebera.android.httpclient.Header;@b600ed2
file:/data/user/0/com.tencent.mobileqq.qq/data/0/megawin.casi.slots.lucky9/files/re
mote-asset_temp/res/import/73/734d0ffd-26a8-4e13-9769-c988ff07c298.json.tmp
04-01 05:39:13.997 14796 14924 D jswrapper: JS: Verification passed :
res/import/73/734d0ffd-26a8-4e13-9769-c988ff07c298.json
(178a7865405cc76937689ecbb8321c05)
04-01 05:39:13.997 14796 14924 D jswrapper: JS: so phan tram dc tai
la===0.1044386625289917
04-01 05:39:13.997 14796 14924 D jswrapper: JS: stt_bg0
04-01 05:39:14.046 14957 14957 I Finsky : [2] xyi.onTrimMemory(1): Memory trim
requested to level 15
04-01 05:39:14.053 14796 14924 D jswrapper: JS: so phan tram dc tai
la===0.11047739535570145
04-01 05:39:14.053 14796 14924 D jswrapper: JS: stt_bg0
04-01 05:39:14.055 13793 13793 E AndroidService: Application onTrimMemory: 15
04-01 05:39:14.055 13793 13793 E AndroidService: ComponentCallbacks2 onTrimMemory:
15
04-01 05:39:14.055 13793 13793 E AndroidService: onTrimMemory: 15
04-01 05:39:14.055 13793 13793 E AndroidService: onTrimMemory: 15
04-01 05:39:14.055 13793 13793 E AndroidService: Activity onTrimMemory: 15
04-01 05:39:14.055 13793 13793 E AndroidService: onTrimMemory: 15
04-01 05:39:14.055 13793 13793 E AndroidService: BootstrapService onTrimMemory: 15
04-01 05:39:14.055 13793 13793 E AndroidService: onTrimMemory: 15
04-01 05:39:14.099 14796 14924 D jswrapper: JS: so phan tram dc tai
la===0.12044248729944229
04-01 05:39:14.100 14796 14924 D jswrapper: JS: stt_bg0
04-01 05:39:14.107 14796 14924 D jswrapper: JS: so phan tram dc tai
la===0.13041478395462036
04-01 05:39:14.107 14796 14924 D jswrapper: JS: stt_bg0
04-01 05:39:14.111 14796 14924 D jswrapper: JS: so phan tram dc tai
la===0.14055898785591125
04-01 05:39:14.111 14796 14924 D jswrapper: JS: stt_bg0
