11-03 17:13:10.706 I/OMXClient( 780): IOmx service obtained
11-03 17:13:10.706 I/OMXMaster( 785):
makeComponentInstance(OMX.Exynos.AVC.Encoder) in android.hardwar process
11-03 17:13:10.710 D/libexynosv4l2( 785): try node: /dev/video6
11-03 17:13:10.710 D/libexynosv4l2( 785): try node: /dev/video7
11-03 17:13:10.710 I/libexynosv4l2( 785): node found for device s5p-mfc-enc:
/dev/video7
11-03 17:13:10.713 I/libexynosv4l2( 785): open video device /dev/video7
11-03 17:13:10.716 W/OMXUtils( 780): do not know color format 0x7f000011 =
2130706449
11-03 17:13:10.716 W/OMXUtils( 780): do not know color format 0x10 = 16
11-03 17:13:10.716 W/OMXUtils( 780): do not know color format 0x7f00a000 =
2130747392
11-03 17:13:10.717 W/OMXUtils( 780): do not know color format 0x7f000789 =
2130708361
11-03 17:13:10.717 W/OMXUtils( 780): do not know color format 0x7f000012 =
2130706450
11-03 17:13:10.717 W/OMXNodeInstance( 785):
getConfig(0xeac20260:Exynos.AVC.Encoder, ConfigAndroidIntraRefresh(0x6f60000a))
(0x8000101a)
11-03 17:13:10.718 I/ACodec ( 780): [] Now uninitialized
11-03 17:13:10.719 I/OMXClient( 780): IOmx service obtained
11-03 17:13:10.719 I/OMXMaster( 785):
makeComponentInstance(OMX.google.h264.encoder) in android.hardwar process
11-03 17:13:10.723 W/OMXUtils( 780): do not know color format 0x7f000789 =
2130708361
11-03 17:13:10.723 I/ACodec ( 780): [] Now uninitialized
11-03 17:13:10.729 I/OMXClient( 780): IOmx service obtained
11-03 17:13:10.729 I/OMXMaster( 785):
makeComponentInstance(OMX.Exynos.AVC.Encoder.secure) in android.hardwar process
11-03 17:13:10.730 D/libexynosv4l2( 785): try node: /dev/video6
11-03 17:13:10.730 D/libexynosv4l2( 785): try node: /dev/video7
11-03 17:13:10.730 I/libexynosv4l2( 785): node found for device s5p-mfc-enc:
/dev/video7
11-03 17:13:10.732 I/libexynosv4l2( 785): open video device /dev/video7
11-03 17:13:10.733 I/EXYNOS_VIDEO_OSAL( 785): [Exynos_OSAL_OMX2VideoFormat] color
format(0x7f000012)/plane type(0x11) is not supported
11-03 17:13:10.733 I/EXYNOS_VIDEO_OSAL( 785): [Exynos_OSAL_OMX2VideoFormat] color
format(0x7f42016b)/plane type(0x11) is not supported
11-03 17:13:10.738 W/OMXUtils( 780): do not know color format 0x7f000011 =
2130706449
11-03 17:13:10.738 W/OMXUtils( 780): do not know color format 0x10 = 16
11-03 17:13:10.738 W/OMXUtils( 780): do not know color format 0x7f00a000 =
2130747392
11-03 17:13:10.738 W/OMXUtils( 780): do not know color format 0x7f000789 =
2130708361
11-03 17:13:10.738 W/OMXNodeInstance( 785):
getConfig(0xeac20440:Exynos.AVC.Encoder.secure,
ConfigAndroidIntraRefresh(0x6f60000a)) (0x8000101a)
11-03 17:13:10.739 I/ACodec ( 780): [] Now uninitialized
11-03 17:13:10.740 I/OMXClient( 780): IOmx service obtained
11-03 17:13:10.740 I/OMXMaster( 785):
makeComponentInstance(OMX.Exynos.AVC.WFD.Encoder) in android.hardwar process
11-03 17:13:10.743 D/libexynosv4l2( 785): try node: /dev/video6
11-03 17:13:10.743 D/libexynosv4l2( 785): try node: /dev/video7
11-03 17:13:10.743 D/libexynosv4l2( 785): try node: /dev/video8
11-03 17:13:10.743 D/libexynosv4l2( 785): try node: /dev/video9
11-03 17:13:10.743 D/libexynosv4l2( 785): try node: /dev/video10
11-03 17:13:10.743 I/libexynosv4l2( 785): node found for device s5p-mfc-enc-
otf: /dev/video10
11-03 17:13:10.746 I/libexynosv4l2( 785): open video device /dev/video10
11-03 17:13:10.746 D/libexynosv4l2( 785): try node: /dev/video6
11-03 17:13:10.746 D/libexynosv4l2( 785): try node: /dev/video7
11-03 17:13:10.746 D/libexynosv4l2( 785): try node: /dev/video8
11-03 17:13:10.746 D/libexynosv4l2( 785): try node: /dev/video9
11-03 17:13:10.746 D/libexynosv4l2( 785): try node: /dev/video10
11-03 17:13:10.746 I/libexynosv4l2( 785): node found for device s5p-mfc-enc-
otf: /dev/video10
11-03 17:13:10.749 I/libexynosv4l2( 785): open video device /dev/video10
11-03 17:13:10.750 W/OMXUtils( 780): do not know color format 0x7f000011 =
2130706449
11-03 17:13:10.751 W/OMXUtils( 780): do not know color format 0x10 = 16
11-03 17:13:10.751 W/OMXUtils( 780): do not know color format 0x7f00a000 =
2130747392
11-03 17:13:10.751 W/OMXUtils( 780): do not know color format 0x7f000789 =
2130708361
11-03 17:13:10.752 W/OMXUtils( 780): do not know color format 0x7f000012 =
2130706450
11-03 17:13:10.752 W/OMXNodeInstance( 785):
getConfig(0xeac20020:Exynos.AVC.WFD.Encoder, ConfigAndroidIntraRefresh(0x6f60000a))
(0x8000101a)
11-03 17:13:10.754 I/ACodec ( 780): [] Now uninitialized
11-03 17:13:10.755 I/OMXClient( 780): IOmx service obtained
11-03 17:13:10.755 I/OMXMaster( 785):
makeComponentInstance(OMX.Exynos.AVC.WFD.Encoder.secure) in android.hardwar process
11-03 17:13:10.756 D/libexynosv4l2( 785): try node: /dev/video6
11-03 17:13:10.756 D/libexynosv4l2( 785): try node: /dev/video7
11-03 17:13:10.756 D/libexynosv4l2( 785): try node: /dev/video8
11-03 17:13:10.756 D/libexynosv4l2( 785): try node: /dev/video9
11-03 17:13:10.756 D/libexynosv4l2( 785): try node: /dev/video10
11-03 17:13:10.757 I/libexynosv4l2( 785): node found for device s5p-mfc-enc-
otf: /dev/video10
11-03 17:13:10.759 I/libexynosv4l2( 785): open video device /dev/video10
11-03 17:13:10.760 I/EXYNOS_VIDEO_OSAL( 785): [Exynos_OSAL_OMX2VideoFormat] color
format(0x7f000012)/plane type(0x11) is not supported
11-03 17:13:10.760 D/libexynosv4l2( 785): try node: /dev/video6
11-03 17:13:10.760 D/libexynosv4l2( 785): try node: /dev/video7
11-03 17:13:10.760 D/libexynosv4l2( 785): try node: /dev/video8
11-03 17:13:10.760 D/libexynosv4l2( 785): try node: /dev/video9
11-03 17:13:10.760 D/libexynosv4l2( 785): try node: /dev/video10
11-03 17:13:10.760 D/libexynosv4l2( 785): try node: /dev/video11
11-03 17:13:10.760 I/libexynosv4l2( 785): node found for device s5p-mfc-enc-otf-
secure: /dev/video11
11-03 17:13:10.762 I/libexynosv4l2( 785): open video device /dev/video11
11-03 17:13:10.764 W/OMXUtils( 780): do not know color format 0x7f000011 =
2130706449
11-03 17:13:10.764 W/OMXUtils( 780): do not know color format 0x10 = 16
11-03 17:13:10.765 W/OMXUtils( 780): do not know color format 0x7f00a000 =
2130747392
11-03 17:13:10.765 W/OMXUtils( 780): do not know color format 0x7f000789 =
2130708361
11-03 17:13:10.765 W/OMXNodeInstance( 785):
getConfig(0xeac20020:Exynos.AVC.WFD.Encoder.secure,
ConfigAndroidIntraRefresh(0x6f60000a)) (0x8000101a)
11-03 17:13:10.766 I/ACodec ( 780): [] Now uninitialized
11-03 17:13:10.767 I/OMXClient( 780): IOmx service obtained
11-03 17:13:10.767 I/OMXMaster( 785):
makeComponentInstance(OMX.Exynos.H263.Encoder) in android.hardwar process
11-03 17:13:10.770 D/libexynosv4l2( 785): try node: /dev/video6
11-03 17:13:10.770 D/libexynosv4l2( 785): try node: /dev/video7
11-03 17:13:10.770 I/libexynosv4l2( 785): node found for device s5p-mfc-enc:
/dev/video7
11-03 17:13:10.772 I/libexynosv4l2( 785): open video device /dev/video7
11-03 17:13:10.777 W/OMXUtils( 780): do not know color format 0x7f000011 =
2130706449
11-03 17:13:10.777 I/ServiceManager( 783): Waiting for service 'package_native' on
'/dev/binder'...
11-03 17:13:10.777 W/OMXUtils( 780): do not know color format 0x10 = 16
11-03 17:13:10.778 W/OMXUtils( 780): do not know color format 0x7f00a000 =
2130747392
11-03 17:13:10.778 W/OMXUtils( 780): do not know color format 0x7f000789 =
2130708361
11-03 17:13:10.778 W/OMXUtils( 780): do not know color format 0x7f000012 =
2130706450
11-03 17:13:10.779 W/OMXNodeInstance( 785):
getConfig(0xeac20020:Exynos.H263.Encoder, ConfigAndroidIntraRefresh(0x6f60000a))
(0x8000101a)
11-03 17:13:10.784 I/ACodec ( 780): [] Now uninitialized
11-03 17:13:10.785 I/OMXClient( 780): IOmx service obtained
11-03 17:13:10.785 I/OMXMaster( 785):
makeComponentInstance(OMX.google.h263.encoder) in android.hardwar process
11-03 17:13:10.788 I/SoftMPEG4Encoder( 785): Construct SoftMPEG4Encoder
11-03 17:13:10.792 W/OMXUtils( 780): do not know color format 0x7f000789 =
2130708361
11-03 17:13:10.792 W/OMXNodeInstance( 785):
getConfig(0xeac203e0:google.h263.encoder, ConfigAndroidIntraRefresh(0x6f60000a))
(0x80001001)
11-03 17:13:10.792 W/OMXNodeInstance( 785):
getParameter(0xeac203e0:google.h263.encoder, ParamVideoIntraRefresh(0x6000006))
(0x8000101a)
11-03 17:13:10.792 D/MediaCodecInfo( 780): detail feature-frame-parsing wasn't
present to remove
11-03 17:13:10.793 I/ACodec ( 780): [] Now uninitialized
11-03 17:13:10.793 I/OMXClient( 780): IOmx service obtained
11-03 17:13:10.794 I/OMXMaster( 785):
makeComponentInstance(OMX.Exynos.HEVC.Encoder) in android.hardwar process
11-03 17:13:10.796 D/libexynosv4l2( 785): try node: /dev/video6
11-03 17:13:10.796 D/libexynosv4l2( 785): try node: /dev/video7
11-03 17:13:10.796 I/libexynosv4l2( 785): node found for device s5p-mfc-enc:
/dev/video7
11-03 17:13:10.799 I/libexynosv4l2( 785): open video device /dev/video7
11-03 17:13:10.801 W/OMXUtils( 780): do not know color format 0x7f000011 =
2130706449
11-03 17:13:10.802 W/OMXUtils( 780): do not know color format 0x10 = 16
11-03 17:13:10.802 W/OMXUtils( 780): do not know color format 0x7f00a000 =
2130747392
11-03 17:13:10.802 W/OMXUtils( 780): do not know color format 0x7f000789 =
2130708361
11-03 17:13:10.802 W/OMXUtils( 780): do not know color format 0x7f000012 =
2130706450
11-03 17:13:10.803 W/OMXUtils( 780): do not know color format 0x7f42016b =
2135032171
11-03 17:13:10.803 W/OMXUtils( 780): Cannot describe color format
OMX_COLOR_FormatYUV420Planar16
11-03 17:13:10.803 W/OMXNodeInstance( 785):
getConfig(0xeac20140:Exynos.HEVC.Encoder, ConfigAndroidIntraRefresh(0x6f60000a))
(0x8000101a)
11-03 17:13:10.803 I/ACodec ( 780): [] Now uninitialized
11-03 17:13:10.804 I/OMXClient( 780): IOmx service obtained
11-03 17:13:10.804 I/OMXMaster( 785):
makeComponentInstance(OMX.Exynos.HEVC.WFD.Encoder) in android.hardwar process
11-03 17:13:10.805 I/CASS_DEBUG( 466): CP is booted
11-03 17:13:10.805 I/CASS_DEBUG( 466): VaultKeeper is ready.
11-03 17:13:10.805 I/CASS_DEBUG( 466): cass_thread start
11-03 17:13:10.805 I/CASS_DEBUG( 466): cp_monitor_thread start
11-03 17:13:10.805 I/CASS_DEBUG( 466): Open : opened [7,/dev/umts_cass].
11-03 17:13:10.807 D/libexynosv4l2( 785): try node: /dev/video6
11-03 17:13:10.807 D/libexynosv4l2( 785): try node: /dev/video7
11-03 17:13:10.807 D/libexynosv4l2( 785): try node: /dev/video8
11-03 17:13:10.807 D/libexynosv4l2( 785): try node: /dev/video9
11-03 17:13:10.807 D/libexynosv4l2( 785): try node: /dev/video10
11-03 17:13:10.807 I/libexynosv4l2( 785): node found for device s5p-mfc-enc-
otf: /dev/video10
11-03 17:13:10.809 I/libexynosv4l2( 785): open video device /dev/video10
11-03 17:13:10.810 D/libexynosv4l2( 785): try node: /dev/video6
11-03 17:13:10.810 D/libexynosv4l2( 785): try node: /dev/video7
11-03 17:13:10.810 D/libexynosv4l2( 785): try node: /dev/video8
11-03 17:13:10.810 D/libexynosv4l2( 785): try node: /dev/video9
11-03 17:13:10.810 D/libexynosv4l2( 785): try node: /dev/video10
11-03 17:13:10.810 I/libexynosv4l2( 785): node found for device s5p-mfc-enc-
otf: /dev/video10
11-03 17:13:10.812 I/libexynosv4l2( 785): open video device /dev/video10
11-03 17:13:10.814 W/OMXUtils( 780): do not know color format 0x7f000011 =
2130706449
11-03 17:13:10.814 W/OMXUtils( 780): do not know color format 0x10 = 16
11-03 17:13:10.814 W/OMXUtils( 780): do not know color format 0x7f00a000 =
2130747392
11-03 17:13:10.814 W/OMXUtils( 780): do not know color format 0x7f000789 =
2130708361
11-03 17:13:10.815 W/OMXUtils( 780): do not know color format 0x7f000012 =
2130706450
11-03 17:13:10.815 W/OMXNodeInstance( 785):
getConfig(0xe845e000:Exynos.HEVC.WFD.Encoder,
ConfigAndroidIntraRefresh(0x6f60000a)) (0x8000101a)
11-03 17:13:10.816 I/ACodec ( 780): [] Now uninitialized
11-03 17:13:10.817 I/OMXClient( 780): IOmx service obtained
11-03 17:13:10.817 I/OMXMaster( 785):
makeComponentInstance(OMX.Exynos.HEVC.WFD.Encoder.secure) in android.hardwar
process
11-03 17:13:10.818 D/libexynosv4l2( 785): try node: /dev/video6
11-03 17:13:10.818 D/libexynosv4l2( 785): try node: /dev/video7
11-03 17:13:10.818 D/libexynosv4l2( 785): try node: /dev/video8
11-03 17:13:10.818 D/libexynosv4l2( 785): try node: /dev/video9
11-03 17:13:10.818 D/libexynosv4l2( 785): try node: /dev/video10
11-03 17:13:10.818 I/libexynosv4l2( 785): node found for device s5p-mfc-enc-
otf: /dev/video10
11-03 17:13:10.820 I/libexynosv4l2( 785): open video device /dev/video10
11-03 17:13:10.821 I/EXYNOS_VIDEO_OSAL( 785): [Exynos_OSAL_OMX2VideoFormat] color
format(0x7f000012)/plane type(0x11) is not supported
11-03 17:13:10.821 D/libexynosv4l2( 785): try node: /dev/video6
11-03 17:13:10.821 D/libexynosv4l2( 785): try node: /dev/video7
11-03 17:13:10.821 D/libexynosv4l2( 785): try node: /dev/video8
11-03 17:13:10.821 D/libexynosv4l2( 785): try node: /dev/video9
11-03 17:13:10.821 D/libexynosv4l2( 785): try node: /dev/video10
11-03 17:13:10.821 D/libexynosv4l2( 785): try node: /dev/video11
11-03 17:13:10.821 I/libexynosv4l2( 785): node found for device s5p-mfc-enc-otf-
secure: /dev/video11
11-03 17:13:10.823 I/libexynosv4l2( 785): open video device /dev/video11
11-03 17:13:10.825 W/OMXUtils( 780): do not know color format 0x7f000011 =
2130706449
11-03 17:13:10.825 W/OMXUtils( 780): do not know color format 0x10 = 16
11-03 17:13:10.825 W/OMXUtils( 780): do not know color format 0x7f00a000 =
2130747392
11-03 17:13:10.825 W/OMXUtils( 780): do not know color format 0x7f000789 =
2130708361
11-03 17:13:10.825 W/OMXNodeInstance( 785):
getConfig(0xe845e000:Exynos.HEVC.WFD.Encoder.secure,
ConfigAndroidIntraRefresh(0x6f60000a)) (0x8000101a)
11-03 17:13:10.826 I/ACodec ( 780): [] Now uninitialized
11-03 17:13:10.827 I/OMXClient( 780): IOmx service obtained
11-03 17:13:10.827 I/OMXMaster( 785):
makeComponentInstance(OMX.Exynos.MPEG4.Encoder) in android.hardwar process
11-03 17:13:10.828 D/libexynosv4l2( 785): try node: /dev/video6
11-03 17:13:10.828 D/libexynosv4l2( 785): try node: /dev/video7
11-03 17:13:10.829 I/libexynosv4l2( 785): node found for device s5p-mfc-enc:
/dev/video7
11-03 17:13:10.831 I/libexynosv4l2( 785): open video device /dev/video7
11-03 17:13:10.833 W/OMXUtils( 780): do not know color format 0x7f000011 =
2130706449
11-03 17:13:10.833 W/OMXUtils( 780): do not know color format 0x10 = 16
11-03 17:13:10.834 W/OMXUtils( 780): do not know color format 0x7f00a000 =
2130747392
11-03 17:13:10.834 W/OMXUtils( 780): do not know color format 0x7f000789 =
2130708361
11-03 17:13:10.834 W/OMXUtils( 780): do not know color format 0x7f000012 =
2130706450
11-03 17:13:10.834 W/OMXNodeInstance( 785):
getConfig(0xe845e000:Exynos.MPEG4.Encoder, ConfigAndroidIntraRefresh(0x6f60000a))
(0x8000101a)
11-03 17:13:10.835 I/ACodec ( 780): [] Now uninitialized
11-03 17:13:10.836 I/OMXClient( 780): IOmx service obtained
11-03 17:13:10.836 I/OMXMaster( 785):
makeComponentInstance(OMX.google.mpeg4.encoder) in android.hardwar process
11-03 17:13:10.836 I/SoftMPEG4Encoder( 785): Construct SoftMPEG4Encoder
11-03 17:13:10.837 W/OMXUtils( 780): do not know color format 0x7f000789 =
2130708361
11-03 17:13:10.837 W/OMXNodeInstance( 785):
getConfig(0xeac20020:google.mpeg4.encoder, ConfigAndroidIntraRefresh(0x6f60000a))
(0x80001001)
11-03 17:13:10.837 W/OMXNodeInstance( 785):
getParameter(0xeac20020:google.mpeg4.encoder, ParamVideoIntraRefresh(0x6000006))
(0x8000101a)
11-03 17:13:10.838 D/MediaCodecInfo( 780): detail feature-frame-parsing wasn't
present to remove
11-03 17:13:10.838 I/ACodec ( 780): [] Now uninitialized
11-03 17:13:10.839 I/OMXClient( 780): IOmx service obtained
11-03 17:13:10.839 I/OMXMaster( 785):
makeComponentInstance(OMX.Exynos.VP8.Encoder) in android.hardwar process
11-03 17:13:10.843 D/libexynosv4l2( 785): try node: /dev/video6
11-03 17:13:10.843 D/libexynosv4l2( 785): try node: /dev/video7
11-03 17:13:10.843 I/libexynosv4l2( 785): node found for device s5p-mfc-enc:
/dev/video7
11-03 17:13:10.845 I/libexynosv4l2( 785): open video device /dev/video7
11-03 17:13:10.848 W/OMXUtils( 780): do not know color format 0x7f000011 =
2130706449
11-03 17:13:10.848 W/OMXUtils( 780): do not know color format 0x10 = 16
11-03 17:13:10.849 W/OMXUtils( 780): do not know color format 0x7f00a000 =
2130747392
11-03 17:13:10.849 W/OMXUtils( 780): do not know color format 0x7f000789 =
2130708361
11-03 17:13:10.850 W/OMXUtils( 780): do not know color format 0x7f000012 =
2130706450
11-03 17:13:10.850 W/OMXNodeInstance( 785):
getConfig(0xeac20020:Exynos.VP8.Encoder, ConfigAndroidIntraRefresh(0x6f60000a))
(0x8000101a)
11-03 17:13:10.851 I/ACodec ( 780): [] Now uninitialized
11-03 17:13:10.851 I/OMXClient( 780): IOmx service obtained
11-03 17:13:10.852 I/OMXMaster( 785):
makeComponentInstance(OMX.google.vp8.encoder) in android.hardwar process
11-03 17:13:10.854 W/OMXUtils( 780): do not know color format 0x7f000789 =
2130708361
11-03 17:13:10.855 W/OMXNodeInstance( 785):
getConfig(0xeac203e0:google.vp8.encoder, ConfigAndroidIntraRefresh(0x6f60000a))
(0x80001001)
11-03 17:13:10.855 W/OMXNodeInstance( 785):
getParameter(0xeac203e0:google.vp8.encoder, ParamVideoIntraRefresh(0x6000006))
(0x8000101a)
11-03 17:13:10.855 D/MediaCodecInfo( 780): detail feature-frame-parsing wasn't
present to remove
11-03 17:13:10.855 I/ACodec ( 780): [] Now uninitialized
11-03 17:13:10.856 I/OMXClient( 780): IOmx service obtained
11-03 17:13:10.856 I/OMXMaster( 785):
makeComponentInstance(OMX.Exynos.VP9.Encoder) in android.hardwar process
11-03 17:13:10.859 D/libexynosv4l2( 785): try node: /dev/video6
11-03 17:13:10.859 D/libexynosv4l2( 785): try node: /dev/video7
11-03 17:13:10.859 I/libexynosv4l2( 785): node found for device s5p-mfc-enc:
/dev/video7
11-03 17:13:10.861 I/libexynosv4l2( 785): open video device /dev/video7
11-03 17:13:10.864 W/OMXUtils( 780): do not know color format 0x7f000011 =
2130706449
11-03 17:13:10.865 W/OMXUtils( 780): do not know color format 0x10 = 16
11-03 17:13:10.865 W/OMXUtils( 780): do not know color format 0x7f00a000 =
2130747392
11-03 17:13:10.865 W/OMXUtils( 780): do not know color format 0x7f000789 =
2130708361
11-03 17:13:10.865 W/OMXUtils( 780): do not know color format 0x7f000012 =
2130706450
11-03 17:13:10.869 W/OMXUtils( 780): do not know color format 0x7f42016b =
2135032171
11-03 17:13:10.869 W/OMXUtils( 780): Cannot describe color format
OMX_COLOR_FormatYUV420Planar16
11-03 17:13:10.869 W/OMXNodeInstance( 785):
getConfig(0xeac20260:Exynos.VP9.Encoder, ConfigAndroidIntraRefresh(0x6f60000a))
(0x8000101a)
11-03 17:13:10.871 I/ACodec ( 780): [] Now uninitialized
11-03 17:13:10.872 I/OMXClient( 780): IOmx service obtained
11-03 17:13:10.872 I/OMXMaster( 785):
makeComponentInstance(OMX.google.vp9.encoder) in android.hardwar process
11-03 17:13:10.873 W/OMXUtils( 780): do not know color format 0x7f000789 =
2130708361
11-03 17:13:10.874 W/OMXNodeInstance( 785):
getConfig(0xeac20560:google.vp9.encoder, ConfigAndroidIntraRefresh(0x6f60000a))
(0x80001001)
11-03 17:13:10.874 W/OMXNodeInstance( 785):
getParameter(0xeac20560:google.vp9.encoder, ParamVideoIntraRefresh(0x6000006))
(0x8000101a)
11-03 17:13:10.874 D/MediaCodecInfo( 780): detail feature-frame-parsing wasn't
present to remove
11-03 17:13:10.876 I/Codec2Client( 780): Available Codec2 services: "default"
"software"
11-03 17:13:10.877 I/Codec2Client( 780): Creating a Codec2 client to service
"default"
11-03 17:13:10.877 I/ServiceManager( 783): Waiting for service 'package_native' on
'/dev/binder'...
11-03 17:13:10.877 I/Codec2Client( 780): Client to Codec2 service "default"
created
11-03 17:13:10.878 I/Codec2Client( 780): Creating a Codec2 client to service
"software"
11-03 17:13:10.879 I/Codec2Client( 780): Client to Codec2 service "software"
created
11-03 17:13:10.880 V/C2Store ( 795): in init
11-03 17:13:10.880 V/C2Store ( 795): loading dll
11-03 17:13:10.881 E/UsbAlsaJackDetectorJNI( 963): Can't register
UsbAlsaJackDetector native methods
11-03 17:13:10.889 I/PaymentService-JNI( 963):
register_android_server_PaymentManagerService
11-03 17:13:10.892 V/C2Store ( 795): in ~ComponentModule
11-03 17:13:10.892 V/C2Store ( 795): unloading dll
11-03 17:13:10.892 V/C2Store ( 795): in init
11-03 17:13:10.892 V/C2Store ( 795): loading dll
11-03 17:13:10.894 V/KnoxFWS ( 963): knox framework jni has registed
11-03 17:13:10.895 V/C2Store ( 795): in ~ComponentModule
11-03 17:13:10.895 V/C2Store ( 795): unloading dll
11-03 17:13:10.895 V/C2Store ( 795): in init
11-03 17:13:10.896 V/C2Store ( 795): loading dll
11-03 17:13:10.899 V/C2Store ( 795): in ~ComponentModule
11-03 17:13:10.899 V/C2Store ( 795): unloading dll
11-03 17:13:10.899 V/C2Store ( 795): in init
11-03 17:13:10.899 V/C2Store ( 795): loading dll
11-03 17:13:10.901 V/C2Store ( 795): in ~ComponentModule
11-03 17:13:10.901 V/C2Store ( 795): unloading dll
11-03 17:13:10.902 V/C2Store ( 795): in init
11-03 17:13:10.902 V/C2Store ( 795): loading dll
11-03 17:13:10.902 D/SystemServerTiming( 963): InitBeforeStartServices took to
complete: 275ms
11-03 17:13:10.902 D/SystemServerTiming( 963): !@Boot_SystemServer: 275ms :
InitBeforeStartServices
11-03 17:13:10.902 I/SystemServerTiming( 963): !@Boot_EBS: Took 275ms by
'InitBeforeStartServices'
11-03 17:13:10.902 I/SystemServer( 963): StartServices
11-03 17:13:10.902 I/SystemServer( 963): !@Boot_EBS_F: startBootstrapServices
11-03 17:13:10.902 I/SystemServer( 963): StartWatchdog
11-03 17:13:10.904 V/C2Store ( 795): in ~ComponentModule
11-03 17:13:10.904 V/C2Store ( 795): unloading dll
11-03 17:13:10.904 V/C2Store ( 795): in init
11-03 17:13:10.904 V/C2Store ( 795): loading dll
11-03 17:13:10.908 V/C2Store ( 795): in ~ComponentModule
11-03 17:13:10.908 V/C2Store ( 795): unloading dll
11-03 17:13:10.908 V/C2Store ( 795): in init
11-03 17:13:10.908 V/C2Store ( 795): loading dll
11-03 17:13:10.908 D/SystemServerTiming( 963): StartWatchdog took to complete: 6ms
11-03 17:13:10.908 I/SystemServer( 963): Reading configuration...
11-03 17:13:10.908 I/SystemServer( 963): ReadingSystemConfig
11-03 17:13:10.909 I/Watchdog_N( 963): !@Success to open /dev/watchdog1
11-03 17:13:10.909 I/Watchdog_N( 963): !@Success to set timeout of
/dev/watchdog1 : 100s
11-03 17:13:10.909 D/SystemServerTiming( 963): ReadingSystemConfig took to
complete: 0ms
11-03 17:13:10.909 I/SystemServer( 963): StartInstaller
11-03 17:13:10.909 I/SystemServiceManager( 963): Starting
com.android.server.pm.Installer
11-03 17:13:10.910 E/Watchdog( 963): !@Sync: 0 heap: 2 / 512 [2022-11-03
17:13:10.910] sdogWay: softdog
11-03 17:13:10.911 D/installd( 773): Found quota mount /dev/block/dm-3 at /data
11-03 17:13:10.912 V/C2Store ( 795): in ~ComponentModule
11-03 17:13:10.912 D/SystemServerTiming( 963): StartInstaller took to complete:
3ms
11-03 17:13:10.912 V/C2Store ( 795): unloading dll
11-03 17:13:10.912 I/SystemServer( 963): DeviceIdentifiersPolicyService
11-03 17:13:10.912 V/C2Store ( 795): in init
11-03 17:13:10.912 I/SystemServiceManager( 963): Starting
com.android.server.os.DeviceIdentifiersPolicyService
11-03 17:13:10.912 V/C2Store ( 795): loading dll
11-03 17:13:10.912 I/SystemConfig( 963): Adding association: com.google.android.as
<- com.android.providers.contacts
11-03 17:13:10.912 I/SystemConfig( 963): Adding association: com.google.android.as
<- com.android.providers.media
11-03 17:13:10.912 I/SystemConfig( 963): Adding association: com.google.android.as
<- com.android.providers.telephony
11-03 17:13:10.912 I/SystemConfig( 963): Adding association: com.google.android.as
<- com.android.systemui
11-03 17:13:10.913 D/SystemServerTiming( 963): DeviceIdentifiersPolicyService took
to complete: 1ms
11-03 17:13:10.913 I/SystemServer( 963): UriGrantsManagerService
11-03 17:13:10.913 I/SystemServiceManager( 963): Starting
com.android.server.uri.UriGrantsManagerService$Lifecycle
11-03 17:13:10.914 D/SystemServerTiming( 963): UriGrantsManagerService took to
complete: 2ms
11-03 17:13:10.914 I/SystemServer( 963): StartActivityManager
11-03 17:13:10.914 I/SystemServiceManager( 963): Starting
com.android.server.wm.ActivityTaskManagerService$Lifecycle
11-03 17:13:10.916 V/C2Store ( 795): in ~ComponentModule
11-03 17:13:10.916 V/C2Store ( 795): unloading dll
11-03 17:13:10.916 V/C2Store ( 795): in init
11-03 17:13:10.916 V/C2Store ( 795): loading dll
11-03 17:13:10.918 D/CoreStateController( 963): CoreStateController()
11-03 17:13:10.920 I//apex/com.android.media.swcodec/bin/mediaswcodec( 795):
missing struct descriptor #Param::CoreIndex(--004) for field values of struct
#Param::CoreIndex(F-12004)
11-03 17:13:10.921 V/C2Store ( 795): in ~ComponentModule
11-03 17:13:10.921 V/C2Store ( 795): unloading dll
11-03 17:13:10.921 V/C2Store ( 795): in init
11-03 17:13:10.921 V/C2Store ( 795): loading dll
11-03 17:13:10.924 I/SystemServiceManager( 963): Starting
com.android.server.am.ActivityManagerService$Lifecycle
11-03 17:13:10.927 V/C2Store ( 795): in ~ComponentModule
11-03 17:13:10.927 V/C2Store ( 795): unloading dll
11-03 17:13:10.927 V/C2Store ( 795): in init
11-03 17:13:10.927 V/C2Store ( 795): loading dll
11-03 17:13:10.930 V/C2Store ( 795): in ~ComponentModule
11-03 17:13:10.930 V/C2Store ( 795): unloading dll
11-03 17:13:10.930 V/C2Store ( 795): in init
11-03 17:13:10.930 V/C2Store ( 795): loading dll
11-03 17:13:10.932 D/wrapperGPS( 789): wrapperConnect_RILD
11-03 17:13:10.932 D/wrapperGPS( 789): wrapperConnect_RILD_second
11-03 17:13:10.933 I/ActivityManager( 963): Memory class: 256
11-03 17:13:10.933 V/C2Store ( 795): in ~ComponentModule
11-03 17:13:10.933 V/C2Store ( 795): unloading dll
11-03 17:13:10.933 V/C2Store ( 795): in init
11-03 17:13:10.933 V/C2Store ( 795): loading dll
11-03 17:13:10.935 E/libpsi ( 963): No kernel psi monitor support (errno=2)
11-03 17:13:10.935 E/LowMemDetector( 963): Failed to register psi trigger
11-03 17:13:10.936 I/lmkd ( 509): lmkd data connection established
11-03 17:13:10.936 V/C2Store ( 795): in ~ComponentModule
11-03 17:13:10.937 V/C2Store ( 795): unloading dll
11-03 17:13:10.937 V/C2Store ( 795): in init
11-03 17:13:10.937 V/C2Store ( 795): loading dll
11-03 17:13:10.937 I/DHA_PROPERTY( 963): highRes_MaxCached : 15
normalRes_MaxCached : 19
11-03 17:13:10.937 I/DHA_PROPERTY( 963): highRes_MinCached : 4 normalRes_MinCached
: 6
11-03 17:13:10.937 I/DHA_PROPERTY( 963): DHA STEP 2
11-03 17:13:10.937 I/DHA_PROPERTY( 963): DHA TH RATE 2.0
11-03 17:13:10.937 I/DHA_PROPERTY( 963): DHA mSzDHAThreshold 33554432
11-03 17:13:10.937 I/DHA_PROPERTY( 963): DHA DHA_INCREASE_THRESHOLD 2097152
11-03 17:13:10.939 V/C2Store ( 795): in ~ComponentModule
11-03 17:13:10.939 V/C2Store ( 795): unloading dll
11-03 17:13:10.939 V/C2Store ( 795): in init
11-03 17:13:10.939 V/C2Store ( 795): loading dll
11-03 17:13:10.940 I/PackageWatchdog( 963): Updated health check state for package
com.google.android.modulemetadata: INACTIVE -> PASSED
11-03 17:13:10.942 V/C2Store ( 795): in ~ComponentModule
11-03 17:13:10.942 V/C2Store ( 795): unloading dll
11-03 17:13:10.942 V/C2Store ( 795): in init
11-03 17:13:10.942 V/C2Store ( 795): loading dll
11-03 17:13:10.942 I/BatteryStatsImpl( 963): SEC_FEATURE_GPU= true
11-03 17:13:10.942 I/BatteryStatsImpl( 963): SEC_FEATURE_GPU_UTIL= true
11-03 17:13:10.943 W/BatteryStatsImpl( 963): sNumGpuSpeedSteps= 6
11-03 17:13:10.943 D/BatteryStatsImpl( 963): Reading daily items from
/data/system/batterystats-daily.xml
11-03 17:13:10.945 V/C2Store ( 795): in ~ComponentModule
11-03 17:13:10.945 V/C2Store ( 795): unloading dll
11-03 17:13:10.945 V/C2Store ( 795): in init
11-03 17:13:10.945 V/C2Store ( 795): loading dll
11-03 17:13:10.949 V/C2Store ( 795): in ~ComponentModule
11-03 17:13:10.949 V/C2Store ( 795): unloading dll
11-03 17:13:10.949 V/C2Store ( 795): in init
11-03 17:13:10.949 V/C2Store ( 795): loading dll
11-03 17:13:10.964 D/C2SoftHevcEnc( 795): Given level 6000 does not cover current
configuration: adjusting to 6001
11-03 17:13:10.965 V/C2Store ( 795): in ~ComponentModule
11-03 17:13:10.965 V/C2Store ( 795): unloading dll
11-03 17:13:10.965 V/C2Store ( 795): in init
11-03 17:13:10.965 V/C2Store ( 795): loading dll
11-03 17:13:10.969 V/C2Store ( 795): in ~ComponentModule
11-03 17:13:10.969 V/C2Store ( 795): unloading dll
11-03 17:13:10.969 V/C2Store ( 795): in init
11-03 17:13:10.969 V/C2Store ( 795): loading dll
11-03 17:13:10.970 I/hwservicemanager( 379): getTransport: Cannot find entry
android.hardware.power.stats@1.0::IPowerStats/default in either framework or device
manifest.
11-03 17:13:10.971 I/BatteryStatsService( 963): Using power HAL
11-03 17:13:10.971 E/BatteryStatsService( 963): Unable to load Power.Stats.HAL.
Setting rail availability to false
11-03 17:13:10.971 E/BluetoothAdapter( 963): Bluetooth binder is null
11-03 17:13:10.972 V/C2Store ( 795): in ~ComponentModule
11-03 17:13:10.972 V/C2Store ( 795): unloading dll
11-03 17:13:10.972 D/BatteryExternalStatsWorker( 963): update stats
11-03 17:13:10.972 D/BatteryExternalStatsWorker( 963): WifiActivityEnergyInfo was
updated
11-03 17:13:10.972 D/BatteryExternalStatsWorker( 963): BluetoothActivityEnergyInfo
was updated
11-03 17:13:10.972 V/C2Store ( 795): in init
11-03 17:13:10.972 V/C2Store ( 795): loading dll
11-03 17:13:10.972 E/BatteryExternalStatsWorker( 963): no controller energy info
supplied for telephony
11-03 17:13:10.972 D/BatteryExternalStatsWorker( 963): ModemActivityEnergyInfo was
updated
11-03 17:13:10.975 I/KernelCpuUidFreqTimeReader( 963):
mPerClusterTimesAvailable=false
11-03 17:13:10.975 V/C2Store ( 795): in ~ComponentModule
11-03 17:13:10.975 V/C2Store ( 795): unloading dll
11-03 17:13:10.975 V/C2Store ( 795): in init
11-03 17:13:10.975 V/C2Store ( 795): loading dll
11-03 17:13:10.978 I/ServiceManager( 783): Waiting for service 'package_native' on
'/dev/binder'...
11-03 17:13:10.979 V/C2Store ( 795): in ~ComponentModule
11-03 17:13:10.979 V/C2Store ( 795): unloading dll
11-03 17:13:10.979 V/C2Store ( 795): in init
11-03 17:13:10.979 V/C2Store ( 795): loading dll
11-03 17:13:10.983 I/PowerManagerService-JNI( 963): Loaded power HAL 1.0 service
11-03 17:13:10.983 D/BatteryExternalStatsWorker( 963): done
updateExternalStatsLocked
11-03 17:13:10.984 V/C2Store ( 795): in ~ComponentModule
11-03 17:13:10.984 V/C2Store ( 795): unloading dll
11-03 17:13:10.984 V/C2Store ( 795): in init
11-03 17:13:10.984 V/C2Store ( 795): loading dll
11-03 17:13:10.986 V/C2Store ( 795): in ~ComponentModule
11-03 17:13:10.987 V/C2Store ( 795): unloading dll
11-03 17:13:10.987 V/C2Store ( 795): in init
11-03 17:13:10.987 V/C2Store ( 795): loading dll
11-03 17:13:10.989 V/C2Store ( 795): in ~ComponentModule
11-03 17:13:10.989 V/C2Store ( 795): unloading dll
11-03 17:13:10.989 V/C2Store ( 795): in init
11-03 17:13:10.989 V/C2Store ( 795): loading dll
11-03 17:13:10.993 V/C2Store ( 795): in ~ComponentModule
11-03 17:13:10.993 V/C2Store ( 795): unloading dll
11-03 17:13:10.994 V/C2Store ( 795): in init
11-03 17:13:10.994 V/C2Store ( 795): loading dll
11-03 17:13:10.998 V/C2Store ( 795): in ~ComponentModule
11-03 17:13:10.998 V/C2Store ( 795): unloading dll
11-03 17:13:10.998 V/C2Store ( 795): in init
11-03 17:13:10.998 V/C2Store ( 795): loading dll
11-03 17:13:11.001 I/C2SoftVp8Enc( 795): setting temporal layering 0 + 0
11-03 17:13:11.001 V/C2Store ( 795): in ~ComponentModule
11-03 17:13:11.001 V/C2Store ( 795): unloading dll
11-03 17:13:11.001 V/C2Store ( 795): in init
11-03 17:13:11.001 V/C2Store ( 795): loading dll
11-03 17:13:11.004 V/C2Store ( 795): in ~ComponentModule
11-03 17:13:11.004 V/C2Store ( 795): unloading dll
11-03 17:13:11.004 V/C2Store ( 795): in init
11-03 17:13:11.004 V/C2Store ( 795): loading dll
11-03 17:13:11.007 I/C2SoftVp9Enc( 795): setting temporal layering 0 + 0
11-03 17:13:11.007 V/C2Store ( 795): in ~ComponentModule
11-03 17:13:11.007 V/C2Store ( 795): unloading dll
11-03 17:13:11.008 E/MediaCodecsXmlParser( 780): >>>SEC codec
11-03 17:13:11.008 D/MediaCodecsXmlParser( 780): parsing
/apex/com.android.media.swcodec/etc/media_codecs.xml...
11-03 17:13:11.008 I/MediaCodecsXmlParser( 780): limit: max-channel-count = 2
11-03 17:13:11.008 I/MediaCodecsXmlParser( 780): limit: sample-rate-ranges =
8000,11025,12000,16000,22050,24000,32000,44100,48000
11-03 17:13:11.008 I/MediaCodecsXmlParser( 780): limit: bitrate-range = 8000-
320000
11-03 17:13:11.008 I/MediaCodecsXmlParser( 780): limit: max-channel-count = 1
11-03 17:13:11.008 I/MediaCodecsXmlParser( 780): limit: sample-rate-ranges = 8000
11-03 17:13:11.008 I/MediaCodecsXmlParser( 780): limit: bitrate-range = 4750-12200
11-03 17:13:11.008 I/MediaCodecsXmlParser( 780): limit: max-channel-count = 1
11-03 17:13:11.008 I/MediaCodecsXmlParser( 780): limit: sample-rate-ranges = 16000
11-03 17:13:11.009 I/MediaCodecsXmlParser( 780): limit: bitrate-range = 6600-23850
11-03 17:13:11.009 I/MediaCodecsXmlParser( 780): limit: max-channel-count = 8
11-03 17:13:11.009 I/MediaCodecsXmlParser( 780): limit: sample-rate-ranges =
7350,8000,11025,12000,16000,22050,24000,32000,44100,48000
11-03 17:13:11.009 I/MediaCodecsXmlParser( 780): limit: bitrate-range = 8000-
960000
11-03 17:13:11.009 I/MediaCodecsXmlParser( 780): limit: max-channel-count = 1
11-03 17:13:11.009 I/MediaCodecsXmlParser( 780): limit: sample-rate-ranges = 8000-
48000
11-03 17:13:11.009 I/MediaCodecsXmlParser( 780): limit: bitrate-range = 64000
11-03 17:13:11.009 I/MediaCodecsXmlParser( 780): limit: max-channel-count = 1
11-03 17:13:11.009 I/MediaCodecsXmlParser( 780): limit: sample-rate-ranges = 8000-
48000
11-03 17:13:11.009 I/MediaCodecsXmlParser( 780): limit: bitrate-range = 64000
11-03 17:13:11.009 I/MediaCodecsXmlParser( 780): limit: max-channel-count = 8
11-03 17:13:11.009 I/MediaCodecsXmlParser( 780): limit: sample-rate-ranges = 8000-
96000
11-03 17:13:11.009 I/MediaCodecsXmlParser( 780): limit: bitrate-range = 32000-
500000
11-03 17:13:11.009 I/MediaCodecsXmlParser( 780): limit: max-channel-count = 8
11-03 17:13:11.009 I/MediaCodecsXmlParser( 780): limit: sample-rate-ranges = 48000
11-03 17:13:11.009 I/MediaCodecsXmlParser( 780): limit: bitrate-range = 6000-
510000
11-03 17:13:11.009 I/MediaCodecsXmlParser( 780): limit: max-channel-count = 8
11-03 17:13:11.009 I/MediaCodecsXmlParser( 780): limit: sample-rate-ranges = 8000-
96000
11-03 17:13:11.009 I/MediaCodecsXmlParser( 780): limit: bitrate-range = 1-10000000
11-03 17:13:11.009 I/MediaCodecsXmlParser( 780): limit: max-channel-count = 8
11-03 17:13:11.009 I/MediaCodecsXmlParser( 780): limit: sample-rate-ranges = 1-
655350
11-03 17:13:11.009 I/MediaCodecsXmlParser( 780): limit: bitrate-range = 1-21000000
11-03 17:13:11.009 D/MediaCodecsXmlParser( 780): disabling c2.android.gsm.decoder
11-03 17:13:11.009 I/MediaCodecsXmlParser( 780): limit: max-channel-count = 1
11-03 17:13:11.009 I/MediaCodecsXmlParser( 780): limit: sample-rate-ranges = 8000
11-03 17:13:11.009 I/MediaCodecsXmlParser( 780): limit: bitrate-range = 13000
11-03 17:13:11.009 I/MediaCodecsXmlParser( 780): limit: size-range = 2x2-352x288
11-03 17:13:11.009 I/MediaCodecsXmlParser( 780): limit: alignment = 2x2
11-03 17:13:11.009 I/MediaCodecsXmlParser( 780): limit: block-size = 16x16
11-03 17:13:11.009 I/MediaCodecsXmlParser( 780): limit: blocks-per-second-range =
12-11880
11-03 17:13:11.009 I/MediaCodecsXmlParser( 780): limit: bitrate-range = 1-384000
11-03 17:13:11.009 I/MediaCodecsXmlParser( 780): limit: feature-adaptive-playback
= 0
11-03 17:13:11.009 I/MediaCodecsXmlParser( 780): limit: size-range = 2x2-352x288
11-03 17:13:11.009 I/MediaCodecsXmlParser( 780): limit: alignment = 2x2
11-03 17:13:11.009 I/MediaCodecsXmlParser( 780): limit: bitrate-range = 1-384000
11-03 17:13:11.009 I/MediaCodecsXmlParser( 780): limit: feature-adaptive-playback
= 0
11-03 17:13:11.009 I/MediaCodecsXmlParser( 780): limit: alignment = 2x2
11-03 17:13:11.009 I/MediaCodecsXmlParser( 780): limit: block-size = 16x16
11-03 17:13:11.009 I/MediaCodecsXmlParser( 780): limit: size-range = 2x2-4080x4080
11-03 17:13:11.009 I/MediaCodecsXmlParser( 780): limit: block-count-range = 1-
32768
11-03 17:13:11.009 I/MediaCodecsXmlParser( 780): limit: blocks-per-second-range =
1-1966080
11-03 17:13:11.010 I/MediaCodecsXmlParser( 780): limit: bitrate-range = 1-48000000
11-03 17:13:11.010 I/MediaCodecsXmlParser( 780): limit: size-range = 2x2-2048x2048
11-03 17:13:11.010 I/MediaCodecsXmlParser( 780): limit: block-count-range = 1-
16384
11-03 17:13:11.010 I/MediaCodecsXmlParser( 780): limit: blocks-per-second-range =
1-491520
11-03 17:13:11.010 I/MediaCodecsXmlParser( 780): limit: bitrate-range = 1-40000000
11-03 17:13:11.010 I/MediaCodecsXmlParser( 780): limit: feature-adaptive-playback
= 0
11-03 17:13:11.010 I/MediaCodecsXmlParser( 780): limit: alignment = 2x2
11-03 17:13:11.010 I/MediaCodecsXmlParser( 780): limit: block-size = 8x8
11-03 17:13:11.010 I/MediaCodecsXmlParser( 780): limit: size-range = 2x2-4096x4096
11-03 17:13:11.010 I/MediaCodecsXmlParser( 780): limit: block-count-range = 1-
196608
11-03 17:13:11.010 I/MediaCodecsXmlParser( 780): limit: blocks-per-second-range =
1-2000000
11-03 17:13:11.010 I/MediaCodecsXmlParser( 780): limit: bitrate-range = 1-10000000
11-03 17:13:11.010 I/MediaCodecsXmlParser( 780): limit: size-range = 2x2-2048x2048
11-03 17:13:11.010 I/MediaCodecsXmlParser( 780): limit: block-count-range = 1-
65536
11-03 17:13:11.010 I/MediaCodecsXmlParser( 780): limit: blocks-per-second-range =
1-491520
11-03 17:13:11.010 I/MediaCodecsXmlParser( 780): limit: bitrate-range = 1-5000000
11-03 17:13:11.010 I/MediaCodecsXmlParser( 780): limit: feature-adaptive-playback
= 0
11-03 17:13:11.010 I/MediaCodecsXmlParser( 780): limit: size-range = 2x2-2048x2048
11-03 17:13:11.010 I/MediaCodecsXmlParser( 780): limit: alignment = 2x2
11-03 17:13:11.010 I/MediaCodecsXmlParser( 780): limit: block-size = 16x16
11-03 17:13:11.010 I/MediaCodecsXmlParser( 780): limit: block-count-range = 1-
16384
11-03 17:13:11.010 I/MediaCodecsXmlParser( 780): limit: blocks-per-second-range =
1-1000000
11-03 17:13:11.010 I/MediaCodecsXmlParser( 780): limit: bitrate-range = 1-40000000
11-03 17:13:11.010 I/MediaCodecsXmlParser( 780): limit: block-count-range = 1-8192
11-03 17:13:11.010 I/MediaCodecsXmlParser( 780): limit: blocks-per-second-range =
1-1000000
11-03 17:13:11.010 I/MediaCodecsXmlParser( 780): limit: bitrate-range = 1-40000000
11-03 17:13:11.010 I/MediaCodecsXmlParser( 780): limit: feature-adaptive-playback
= 0
11-03 17:13:11.010 I/MediaCodecsXmlParser( 780): limit: alignment = 2x2
11-03 17:13:11.010 I/MediaCodecsXmlParser( 780): limit: block-size = 16x16
11-03 17:13:11.010 I/MediaCodecsXmlParser( 780): limit: size-range = 2x2-2048x2048
11-03 17:13:11.010 I/MediaCodecsXmlParser( 780): limit: block-count-range = 1-
16384
11-03 17:13:11.010 I/MediaCodecsXmlParser( 780): limit: blocks-per-second-range =
1-500000
11-03 17:13:11.010 I/MediaCodecsXmlParser( 780): limit: bitrate-range = 1-40000000
11-03 17:13:11.010 I/MediaCodecsXmlParser( 780): limit: size-range = 2x2-1280x1280
11-03 17:13:11.010 I/MediaCodecsXmlParser( 780): limit: block-count-range = 1-3600
11-03 17:13:11.010 I/MediaCodecsXmlParser( 780): limit: blocks-per-second-range =
1-108000
11-03 17:13:11.010 I/MediaCodecsXmlParser( 780): limit: bitrate-range = 1-5000000
11-03 17:13:11.010 I/MediaCodecsXmlParser( 780): limit: feature-adaptive-playback
= 0
11-03 17:13:11.010 I/MediaCodecsXmlParser( 780): limit: size-range = 2x2-1920x1080
11-03 17:13:11.010 I/MediaCodecsXmlParser( 780): limit: alignment = 2x2
11-03 17:13:11.010 I/MediaCodecsXmlParser( 780): limit: block-size = 16x16
11-03 17:13:11.010 I/MediaCodecsXmlParser( 780): limit: block-count-range = 1-
16384
11-03 17:13:11.010 I/MediaCodecsXmlParser( 780): limit: blocks-per-second-range =
1-2073600
11-03 17:13:11.010 I/MediaCodecsXmlParser( 780): limit: bitrate-range = 1-
120000000
11-03 17:13:11.010 I/MediaCodecsXmlParser( 780): limit: feature-adaptive-playback
= 0
11-03 17:13:11.010 D/MediaCodecsXmlParser( 780): disabling
c2.android.mpeg2.decoder
11-03 17:13:11.010 I/MediaCodecsXmlParser( 780): limit: size-range = 16x16-
1920x1088
11-03 17:13:11.011 I/MediaCodecsXmlParser( 780): limit: alignment = 2x2
11-03 17:13:11.011 I/MediaCodecsXmlParser( 780): limit: block-size = 16x16
11-03 17:13:11.011 I/MediaCodecsXmlParser( 780): limit: blocks-per-second-range =
1-244800
11-03 17:13:11.011 I/MediaCodecsXmlParser( 780): limit: bitrate-range = 1-20000000
11-03 17:13:11.011 I/MediaCodecsXmlParser( 780): limit: feature-adaptive-playback
= 0
11-03 17:13:11.011 I/MediaCodecsXmlParser( 780): limit: max-channel-count = 6
11-03 17:13:11.011 I/MediaCodecsXmlParser( 780): limit: sample-rate-ranges =
8000,11025,12000,16000,22050,24000,32000,44100,48000
11-03 17:13:11.011 I/MediaCodecsXmlParser( 780): limit: bitrate-range = 8000-
960000
11-03 17:13:11.011 I/MediaCodecsXmlParser( 780): limit: max-channel-count = 1
11-03 17:13:11.011 I/MediaCodecsXmlParser( 780): limit: sample-rate-ranges = 8000
11-03 17:13:11.011 I/MediaCodecsXmlParser( 780): limit: bitrate-range = 4750-12200
11-03 17:13:11.011 I/MediaCodecsXmlParser( 780): limit: feature-bitrate-modes =
CBR
11-03 17:13:11.011 I/MediaCodecsXmlParser( 780): limit: max-channel-count = 1
11-03 17:13:11.011 I/MediaCodecsXmlParser( 780): limit: sample-rate-ranges = 16000
11-03 17:13:11.011 I/MediaCodecsXmlParser( 780): limit: bitrate-range = 6600-23850
11-03 17:13:11.011 I/MediaCodecsXmlParser( 780): limit: feature-bitrate-modes =
CBR
11-03 17:13:11.011 I/MediaCodecsXmlParser( 780): limit: max-channel-count = 2
11-03 17:13:11.011 I/MediaCodecsXmlParser( 780): limit: sample-rate-ranges = 1-
655350
11-03 17:13:11.011 I/MediaCodecsXmlParser( 780): limit: bitrate-range = 1-21000000
11-03 17:13:11.011 I/MediaCodecsXmlParser( 780): limit: complexity-default = 5
11-03 17:13:11.011 I/MediaCodecsXmlParser( 780): limit: complexity-range = 0-8
11-03 17:13:11.011 I/MediaCodecsXmlParser( 780): limit: feature-bitrate-modes = CQ
11-03 17:13:11.011 I/MediaCodecsXmlParser( 780): limit: max-channel-count = 2
11-03 17:13:11.011 I/MediaCodecsXmlParser( 780): limit: sample-rate-ranges =
8000,12000,16000,24000,48000
11-03 17:13:11.011 I/MediaCodecsXmlParser( 780): limit: bitrate-range = 500-512000
11-03 17:13:11.011 I/MediaCodecsXmlParser( 780): limit: complexity-default = 5
11-03 17:13:11.011 I/MediaCodecsXmlParser( 780): limit: complexity-range = 0-10
11-03 17:13:11.011 I/MediaCodecsXmlParser( 780): limit: feature-bitrate-modes =
CBR
11-03 17:13:11.011 I/MediaCodecsXmlParser( 780): limit: size-range = 176x144-
176x144
11-03 17:13:11.011 I/MediaCodecsXmlParser( 780): limit: alignment = 16x16
11-03 17:13:11.011 I/MediaCodecsXmlParser( 780): limit: bitrate-range = 1-128000
11-03 17:13:11.011 I/MediaCodecsXmlParser( 780): limit: size-range = 16x16-176x144
11-03 17:13:11.011 I/MediaCodecsXmlParser( 780): limit: alignment = 16x16
11-03 17:13:11.011 I/MediaCodecsXmlParser( 780): limit: block-size = 16x16
11-03 17:13:11.011 I/MediaCodecsXmlParser( 780): limit: blocks-per-second-range =
12-1485
11-03 17:13:11.011 I/MediaCodecsXmlParser( 780): limit: bitrate-range = 1-64000
11-03 17:13:11.011 I/MediaCodecsXmlParser( 780): limit: alignment = 2x2
11-03 17:13:11.011 I/MediaCodecsXmlParser( 780): limit: block-size = 16x16
11-03 17:13:11.011 I/MediaCodecsXmlParser( 780): limit: size-range = 16x16-
2048x2048
11-03 17:13:11.011 I/MediaCodecsXmlParser( 780): limit: block-count-range = 1-8192
11-03 17:13:11.011 I/MediaCodecsXmlParser( 780): limit: blocks-per-second-range =
1-245760
11-03 17:13:11.011 I/MediaCodecsXmlParser( 780): limit: bitrate-range = 1-12000000
11-03 17:13:11.011 I/MediaCodecsXmlParser( 780): limit: size-range = 16x16-
1808x1808
11-03 17:13:11.011 I/MediaCodecsXmlParser( 780): limit: block-count-range = 1-1620
11-03 17:13:11.011 I/MediaCodecsXmlParser( 780): limit: blocks-per-second-range =
1-40500
11-03 17:13:11.011 I/MediaCodecsXmlParser( 780): limit: bitrate-range = 1-2000000
11-03 17:13:11.011 I/MediaCodecsXmlParser( 780): limit: feature-intra-refresh = 0
11-03 17:13:11.011 I/MediaCodecsXmlParser( 780): limit: alignment = 2x2
11-03 17:13:11.012 I/MediaCodecsXmlParser( 780): limit: block-size = 16x16
11-03 17:13:11.012 I/MediaCodecsXmlParser( 780): limit: size-range = 2x2-2048x2048
11-03 17:13:11.012 I/MediaCodecsXmlParser( 780): limit: block-count-range = 1-
16384
11-03 17:13:11.012 I/MediaCodecsXmlParser( 780): limit: bitrate-range = 1-40000000
11-03 17:13:11.012 I/MediaCodecsXmlParser( 780): limit: size-range = 2x2-1280x1280
11-03 17:13:11.012 I/MediaCodecsXmlParser( 780): limit: block-count-range = 1-3600
11-03 17:13:11.012 I/MediaCodecsXmlParser( 780): limit: bitrate-range = 1-20000000
11-03 17:13:11.012 I/MediaCodecsXmlParser( 780): limit: feature-bitrate-modes =
VBR,CBR
11-03 17:13:11.012 I/MediaCodecsXmlParser( 780): limit: size-range = 2x2-512x512
11-03 17:13:11.012 I/MediaCodecsXmlParser( 780): limit: alignment = 2x2
11-03 17:13:11.012 I/MediaCodecsXmlParser( 780): limit: block-size = 8x8
11-03 17:13:11.012 I/MediaCodecsXmlParser( 780): limit: block-count-range = 1-4096
11-03 17:13:11.012 I/MediaCodecsXmlParser( 780): limit: blocks-per-second-range =
1-122880
11-03 17:13:11.012 I/MediaCodecsXmlParser( 780): limit: frame-rate-range = 1-120
11-03 17:13:11.012 I/MediaCodecsXmlParser( 780): limit: bitrate-range = 1-10000000
11-03 17:13:11.012 I/MediaCodecsXmlParser( 780): limit: complexity-default = 0
11-03 17:13:11.012 I/MediaCodecsXmlParser( 780): limit: complexity-range = 0-10
11-03 17:13:11.012 I/MediaCodecsXmlParser( 780): limit: quality-scale = linear
11-03 17:13:11.012 I/MediaCodecsXmlParser( 780): limit: quality-default = 80
11-03 17:13:11.012 I/MediaCodecsXmlParser( 780): limit: quality-range = 0-100
11-03 17:13:11.012 I/MediaCodecsXmlParser( 780): limit: feature-bitrate-modes =
VBR,CBR,CQ
11-03 17:13:11.012 I/MediaCodecsXmlParser( 780): limit: size-range = 2x2-2048x2048
11-03 17:13:11.012 I/MediaCodecsXmlParser( 780): limit: alignment = 2x2
11-03 17:13:11.012 I/MediaCodecsXmlParser( 780): limit: block-size = 16x16
11-03 17:13:11.012 I/MediaCodecsXmlParser( 780): limit: block-count-range = 1-3600
11-03 17:13:11.012 I/MediaCodecsXmlParser( 780): limit: bitrate-range = 1-40000000
11-03 17:13:11.012 I/MediaCodecsXmlParser( 780): limit: feature-bitrate-modes =
VBR,CBR
11-03 17:13:11.012 D/MediaCodecsXmlParser( 780): Cannot find
/apex/com.android.media.swcodec/etc/media_codecs.xml
11-03 17:13:11.012 E/MediaCodecsXmlParser( 780): >>>SEC codec
11-03 17:13:11.012 D/MediaCodecsXmlParser( 780): parsing
/vendor/etc/media_codecs_sec_primary.xml...
11-03 17:13:11.012 I/MediaCodecsXmlParser( 780): limit: max-channel-count = 1
11-03 17:13:11.013 I/MediaCodecsXmlParser( 780): limit: sample-rate-ranges = 16000
11-03 17:13:11.013 I/MediaCodecsXmlParser( 780): limit: bitrate-range = 6600-23850
11-03 17:13:11.013 I/MediaCodecsXmlParser( 780): limit: max-channel-count = 1
11-03 17:13:11.013 I/MediaCodecsXmlParser( 780): limit: sample-rate-ranges = 8000
11-03 17:13:11.013 I/MediaCodecsXmlParser( 780): limit: bitrate-range = 4750-12200
11-03 17:13:11.013 I/MediaCodecsXmlParser( 780): limit: max-channel-count = 2
11-03 17:13:11.013 I/MediaCodecsXmlParser( 780): limit: sample-rate-ranges = 8000-
48000
11-03 17:13:11.013 I/MediaCodecsXmlParser( 780): limit: bitrate-range = 8000-
320000
11-03 17:13:11.013 I/MediaCodecsXmlParser( 780): limit: max-channel-count = 2
11-03 17:13:11.013 I/MediaCodecsXmlParser( 780): limit: sample-rate-ranges = 8000-
48000
11-03 17:13:11.013 I/MediaCodecsXmlParser( 780): limit: bitrate-range = 8000-
448000
11-03 17:13:11.013 I/MediaCodecsXmlParser( 780): limit: max-channel-count = 2
11-03 17:13:11.013 I/MediaCodecsXmlParser( 780): limit: sample-rate-ranges = 8000-
48000
11-03 17:13:11.013 I/MediaCodecsXmlParser( 780): limit: bitrate-range = 8000-
384000
11-03 17:13:11.013 I/MediaCodecsXmlParser( 780): limit: max-channel-count = 8
11-03 17:13:11.013 I/MediaCodecsXmlParser( 780): limit: sample-rate-ranges = 1-
655350
11-03 17:13:11.013 I/MediaCodecsXmlParser( 780): limit: bitrate-range = 1-21000000
11-03 17:13:11.013 I/MediaCodecsXmlParser( 780): limit: max-channel-count = 6
11-03 17:13:11.013 I/MediaCodecsXmlParser( 780): limit: sample-rate-ranges = 8000-
96000
11-03 17:13:11.013 I/MediaCodecsXmlParser( 780): limit: bitrate-range = 1-21000000
11-03 17:13:11.013 I/MediaCodecsXmlParser( 780): limit: max-channel-count = 2
11-03 17:13:11.013 I/MediaCodecsXmlParser( 780): limit: sample-rate-ranges = 8000-
48000
11-03 17:13:11.013 I/MediaCodecsXmlParser( 780): limit: bitrate-range = 5000-
384000
11-03 17:13:11.013 D/MediaCodecsXmlParser( 780): parsing
/vendor/etc/media_codecs_ddp.xml...
11-03 17:13:11.013 I/MediaCodecsXmlParser( 780): limit: max-channel-count = 6
11-03 17:13:11.013 I/MediaCodecsXmlParser( 780): limit: sample-rate-ranges =
32000,44100,48000
11-03 17:13:11.013 I/MediaCodecsXmlParser( 780): limit: bitrate-range = 32000-
640000
11-03 17:13:11.013 I/MediaCodecsXmlParser( 780): limit: max-channel-count = 8
11-03 17:13:11.013 I/MediaCodecsXmlParser( 780): limit: sample-rate-ranges =
32000,44100,48000
11-03 17:13:11.013 I/MediaCodecsXmlParser( 780): limit: bitrate-range = 32000-
6144000
11-03 17:13:11.013 I/MediaCodecsXmlParser( 780): limit: max-channel-count = 8
11-03 17:13:11.013 I/MediaCodecsXmlParser( 780): limit: sample-rate-ranges = 48000
11-03 17:13:11.013 I/MediaCodecsXmlParser( 780): limit: bitrate-range = 32000-
6144000
11-03 17:13:11.013 D/MediaCodecsXmlParser( 780): parsing
/vendor/etc/media_codecs_ac4.xml...
11-03 17:13:11.013 I/MediaCodecsXmlParser( 780): limit: max-channel-count = 2
11-03 17:13:11.013 I/MediaCodecsXmlParser( 780): limit: sample-rate-ranges = 48000
11-03 17:13:11.013 I/MediaCodecsXmlParser( 780): limit: bitrate-range = 16000-
2688000
11-03 17:13:11.013 D/MediaCodecsXmlParser( 780): parsing
/vendor/etc/media_codecs_sec_ape.xml...
11-03 17:13:11.014 D/MediaCodecsXmlParser( 780): Cannot find
/vendor/etc/media_codecs_sec_ape.xml
11-03 17:13:11.014 D/MediaCodecsXmlParser( 780): parsing
/vendor/etc/media_codecs_performance_c2.xml...
11-03 17:13:11.014 I/MediaCodecsXmlParser( 780): limit: measured-frame-rate-
176x144-range = 588-593
11-03 17:13:11.014 I/MediaCodecsXmlParser( 780): limit: measured-frame-rate-
320x240-range = 243-246
11-03 17:13:11.014 I/MediaCodecsXmlParser( 780): limit: measured-frame-rate-
720x480-range = 1115-119
