11-21 20:30:03.598 4012 4012 D DecorView: semSetRoundedCorners: 5
11-21 20:30:03.616 4012 4012 D DecorView: semSetRoundedCorners: 5
11-21 20:30:03.633 4012 4012 D DecorView: semSetRoundedCorners: 5
11-21 20:30:03.649 4012 4012 D DecorView: semSetRoundedCorners: 5
11-21 20:30:03.666 4012 4012 D DecorView: semSetRoundedCorners: 5
11-21 20:30:03.683 4012 4012 D DecorView: semSetRoundedCorners: 5
11-21 20:30:03.700 4012 4012 D DecorView: semSetRoundedCorners: 5
11-21 20:30:03.716 4012 4012 D DecorView: semSetRoundedCorners: 5
11-21 20:30:03.733 4012 4012 D DecorView: semSetRoundedCorners: 5
11-21 20:30:03.749 4012 4012 D DecorView: semSetRoundedCorners: 5
11-21 20:30:03.766 4012 4012 D DecorView: semSetRoundedCorners: 5
11-21 20:30:03.783 4012 4012 D DecorView: semSetRoundedCorners: 5
11-21 20:30:03.799 4012 4012 D DecorView: semSetRoundedCorners: 5
11-21 20:30:03.816 4012 4012 D DecorView: semSetRoundedCorners: 5
11-21 20:30:03.833 4012 4012 D DecorView: semSetRoundedCorners: 5
11-21 20:30:03.849 4012 4012 D DecorView: semSetRoundedCorners: 5
11-21 20:30:03.866 4012 4012 D DecorView: semSetRoundedCorners: 5
11-21 20:30:03.883 4012 4012 D DecorView: semSetRoundedCorners: 5
11-21 20:30:03.901 4012 4012 D DecorView: semSetRoundedCorners: 5
11-21 20:30:03.916 4012 4012 D DecorView: semSetRoundedCorners: 5
11-21 20:30:03.933 4012 4012 D DecorView: semSetRoundedCorners: 5
11-21 20:30:03.950 4012 4012 D DecorView: semSetRoundedCorners: 5
11-21 20:30:03.966 4012 4012 D DecorView: semSetRoundedCorners: 5
11-21 20:30:03.984 4012 4012 D DecorView: semSetRoundedCorners: 5
11-21 20:30:04.000 4012 4012 D DecorView: semSetRoundedCorners: 5
11-21 20:30:04.018 4012 4012 D DecorView: semSetRoundedCorners: 5
11-21 20:30:04.034 4012 4012 D DecorView: semSetRoundedCorners: 5
11-21 20:30:04.051 4012 4012 D DecorView: semSetRoundedCorners: 5
11-21 20:30:04.067 4012 4012 D DecorView: semSetRoundedCorners: 5
11-21 20:30:04.084 4012 4012 D DecorView: semSetRoundedCorners: 5
11-21 20:30:04.101 4012 4012 D DecorView: semSetRoundedCorners: 5
11-21 20:30:04.118 4012 4012 D DecorView: semSetRoundedCorners: 5
11-21 20:30:04.135 4012 4012 D DecorView: semSetRoundedCorners: 5
11-21 20:30:04.151 4012 4012 D DecorView: semSetRoundedCorners: 5
11-21 20:30:04.167 4012 4012 D DecorView: semSetRoundedCorners: 5
11-21 20:30:04.185 4012 4012 D DecorView: semSetRoundedCorners: 5
11-21 20:30:04.201 4012 4012 D DecorView: semSetRoundedCorners: 5
11-21 20:30:04.217 4012 4012 D DecorView: semSetRoundedCorners: 5
11-21 20:30:04.227 4012 5465 I AXL : CreatePickup(1318, 23, 254, 1055, 12)
11-21 20:30:04.228 4012 5465 I AXL : [IsModelLoaded] iModelID: 1318
11-21 20:30:04.228 4012 5465 I AXL : IsModelLoaded true!
11-21 20:30:04.235 4012 4012 D DecorView: semSetRoundedCorners: 5
11-21 20:30:04.257 4012 4012 D DecorView: semSetRoundedCorners: 5
11-21 20:30:04.271 4012 4012 D DecorView: semSetRoundedCorners: 5
11-21 20:30:04.303 4012 4012 D DecorView: semSetRoundedCorners: 5
11-21 20:30:04.318 4012 4012 D DecorView: semSetRoundedCorners: 5
11-21 20:30:04.336 4012 4012 D DecorView: semSetRoundedCorners: 5
11-21 20:30:04.352 4012 4012 D DecorView: semSetRoundedCorners: 5
11-21 20:30:04.369 4012 4012 D DecorView: semSetRoundedCorners: 5
11-21 20:30:04.385 4012 4012 D DecorView: semSetRoundedCorners: 5
11-21 20:30:04.401 4012 4012 D DecorView: semSetRoundedCorners: 5
11-21 20:30:04.418 4012 4012 D DecorView: semSetRoundedCorners: 5
11-21 20:30:04.435 4012 4012 D DecorView: semSetRoundedCorners: 5
11-21 20:30:04.452 4012 4012 D DecorView: semSetRoundedCorners: 5
11-21 20:30:04.469 4012 4012 D DecorView: semSetRoundedCorners: 5
11-21 20:30:04.485 4012 4012 D DecorView: semSetRoundedCorners: 5
11-21 20:30:04.502 4012 4012 D DecorView: semSetRoundedCorners: 5
11-21 20:30:04.518 4012 4012 D DecorView: semSetRoundedCorners: 5
11-21 20:30:04.535 4012 4012 D DecorView: semSetRoundedCorners: 5
11-21 20:30:04.552 4012 4012 D DecorView: semSetRoundedCorners: 5
11-21 20:30:04.569 4012 4012 D DecorView: semSetRoundedCorners: 5
11-21 20:30:04.585 4012 4012 D DecorView: semSetRoundedCorners: 5
11-21 20:30:04.587 4012 4012 I ViewRootImpl@fb83006[GTASA]: ViewPostIme pointer 1
11-21 20:30:04.602 4012 4012 D DecorView: semSetRoundedCorners: 5
11-21 20:30:04.618 4012 4012 D DecorView: semSetRoundedCorners: 5
11-21 20:30:04.635 4012 4012 D DecorView: semSetRoundedCorners: 5
11-21 20:30:04.652 4012 4012 D DecorView: semSetRoundedCorners: 5
11-21 20:30:04.669 4012 4012 D DecorView: semSetRoundedCorners: 5
11-21 20:30:04.685 4012 4012 D DecorView: semSetRoundedCorners: 5
11-21 20:30:04.703 4012 4012 D DecorView: semSetRoundedCorners: 5
11-21 20:30:04.719 4012 4012 D DecorView: semSetRoundedCorners: 5
11-21 20:30:04.736 4012 4012 D DecorView: semSetRoundedCorners: 5
11-21 20:30:04.752 4012 4012 D DecorView: semSetRoundedCorners: 5
11-21 20:30:04.769 4012 4012 D DecorView: semSetRoundedCorners: 5
11-21 20:30:04.786 4012 4012 D DecorView: semSetRoundedCorners: 5
11-21 20:30:04.803 4012 4012 D DecorView: semSetRoundedCorners: 5
11-21 20:30:04.815 4012 4012 I ViewRootImpl@fb83006[GTASA]: ViewPostIme pointer 0
11-21 20:30:04.819 4012 4012 D DecorView: semSetRoundedCorners: 5
11-21 20:30:04.836 4012 4012 D DecorView: semSetRoundedCorners: 5
11-21 20:30:04.854 4012 4012 D DecorView: semSetRoundedCorners: 5
11-21 20:30:04.870 4012 4012 D DecorView: semSetRoundedCorners: 5
11-21 20:30:04.887 4012 4012 D DecorView: semSetRoundedCorners: 5
11-21 20:30:04.903 4012 4012 D DecorView: semSetRoundedCorners: 5
11-21 20:30:04.920 4012 4012 D DecorView: semSetRoundedCorners: 5
11-21 20:30:04.937 4012 4012 D DecorView: semSetRoundedCorners: 5
11-21 20:30:04.954 4012 4012 D DecorView: semSetRoundedCorners: 5
11-21 20:30:04.972 4012 4012 D DecorView: semSetRoundedCorners: 5
11-21 20:30:04.987 4012 4012 D DecorView: semSetRoundedCorners: 5
11-21 20:30:05.004 4012 4012 D DecorView: semSetRoundedCorners: 5
11-21 20:30:05.021 4012 4012 D DecorView: semSetRoundedCorners: 5
11-21 20:30:05.038 4012 4012 D DecorView: semSetRoundedCorners: 5
11-21 20:30:05.056 4012 4012 D DecorView: semSetRoundedCorners: 5
11-21 20:30:05.071 4012 4012 D DecorView: semSetRoundedCorners: 5
11-21 20:30:05.088 4012 4012 D DecorView: semSetRoundedCorners: 5
11-21 20:30:05.105 4012 4012 D DecorView: semSetRoundedCorners: 5
11-21 20:30:05.121 4012 4012 D DecorView: semSetRoundedCorners: 5
11-21 20:30:05.139 4012 4012 D DecorView: semSetRoundedCorners: 5
11-21 20:30:05.154 4012 4012 D DecorView: semSetRoundedCorners: 5
11-21 20:30:05.172 4012 4012 D DecorView: semSetRoundedCorners: 5
11-21 20:30:05.188 4012 4012 D DecorView: semSetRoundedCorners: 5
11-21 20:30:05.205 4012 4012 D DecorView: semSetRoundedCorners: 5
11-21 20:30:05.223 4012 4012 D DecorView: semSetRoundedCorners: 5
11-21 20:30:05.238 4012 4012 D DecorView: semSetRoundedCorners: 5
11-21 20:30:05.244 4012 4012 I ViewRootImpl@fb83006[GTASA]: ViewPostIme pointer 1
11-21 20:30:05.254 4012 4012 D DecorView: semSetRoundedCorners: 5
11-21 20:30:05.271 4012 4012 D DecorView: semSetRoundedCorners: 5
11-21 20:30:05.287 4012 4012 D DecorView: semSetRoundedCorners: 5
11-21 20:30:05.304 4012 4012 D DecorView: semSetRoundedCorners: 5
11-21 20:30:05.322 4012 4012 D DecorView: semSetRoundedCorners: 5
11-21 20:30:05.337 4012 4012 D DecorView: semSetRoundedCorners: 5
11-21 20:30:05.354 4012 4012 D DecorView: semSetRoundedCorners: 5
11-21 20:30:05.371 4012 4012 D DecorView: semSetRoundedCorners: 5
11-21 20:30:05.382 4012 5465 I AXL : RPC: ScrSetMapIcon
11-21 20:30:05.388 4012 4012 D DecorView: semSetRoundedCorners: 5
11-21 20:30:05.404 4012 4012 D DecorView: semSetRoundedCorners: 5
11-21 20:30:05.421 4012 4012 D DecorView: semSetRoundedCorners: 5
11-21 20:30:05.438 4012 4012 D DecorView: semSetRoundedCorners: 5
11-21 20:30:05.455 4012 4012 D DecorView: semSetRoundedCorners: 5
11-21 20:30:05.466 4012 5465 I AXL : CreatePickup(1318, 23, 296, 1024, 12)
11-21 20:30:05.466 4012 5465 I AXL : [IsModelLoaded] iModelID: 1318
11-21 20:30:05.466 4012 5465 I AXL : IsModelLoaded true!
11-21 20:30:05.471 4012 4012 D DecorView: semSetRoundedCorners: 5
11-21 20:30:05.488 4012 4012 D DecorView: semSetRoundedCorners: 5
11-21 20:30:05.505 4012 4012 D DecorView: semSetRoundedCorners: 5
11-21 20:30:05.522 4012 4012 D DecorView: semSetRoundedCorners: 5
11-21 20:30:05.538 4012 4012 D DecorView: semSetRoundedCorners: 5
11-21 20:30:05.556 4012 4012 D DecorView: semSetRoundedCorners: 5
11-21 20:30:05.572 4012 4012 D DecorView: semSetRoundedCorners: 5
11-21 20:30:05.589 4012 4012 D DecorView: semSetRoundedCorners: 5
11-21 20:30:05.605 4012 4012 D DecorView: semSetRoundedCorners: 5
11-21 20:30:05.624 4012 4012 D DecorView: semSetRoundedCorners: 5
11-21 20:30:05.639 4012 4012 D DecorView: semSetRoundedCorners: 5
11-21 20:30:05.655 4012 4012 D DecorView: semSetRoundedCorners: 5
11-21 20:30:05.672 4012 4012 D DecorView: semSetRoundedCorners: 5
11-21 20:30:05.689 4012 4012 D DecorView: semSetRoundedCorners: 5
11-21 20:30:05.706 4012 4012 D DecorView: semSetRoundedCorners: 5
11-21 20:30:05.723 4012 4012 D DecorView: semSetRoundedCorners: 5
11-21 20:30:05.739 4012 4012 D DecorView: semSetRoundedCorners: 5
11-21 20:30:05.756 4012 4012 D DecorView: semSetRoundedCorners: 5
11-21 20:30:05.772 4012 4012 D DecorView: semSetRoundedCorners: 5
11-21 20:30:05.790 4012 4012 D DecorView: semSetRoundedCorners: 5
11-21 20:30:05.806 4012 4012 D DecorView: semSetRoundedCorners: 5
11-21 20:30:05.823 4012 4012 D DecorView: semSetRoundedCorners: 5
11-21 20:30:05.839 4012 4012 D DecorView: semSetRoundedCorners: 5
11-21 20:30:05.856 4012 4012 D DecorView: semSetRoundedCorners: 5
11-21 20:30:05.873 4012 4012 D DecorView: semSetRoundedCorners: 5
11-21 20:30:05.889 4012 4012 D DecorView: semSetRoundedCorners: 5
11-21 20:30:05.906 4012 4012 D DecorView: semSetRoundedCorners: 5
11-21 20:30:05.924 4012 4012 D DecorView: semSetRoundedCorners: 5
11-21 20:30:05.940 4012 4012 D DecorView: semSetRoundedCorners: 5
11-21 20:30:05.956 4012 4012 D DecorView: semSetRoundedCorners: 5
11-21 20:30:05.973 4012 4012 D DecorView: semSetRoundedCorners: 5
11-21 20:30:05.990 4012 4012 D DecorView: semSetRoundedCorners: 5
11-21 20:30:06.006 4012 4012 D DecorView: semSetRoundedCorners: 5
11-21 20:30:06.023 4012 4012 D DecorView: semSetRoundedCorners: 5
11-21 20:30:06.040 4012 4012 D DecorView: semSetRoundedCorners: 5
11-21 20:30:06.050 4012 5465 I AXL : RPC: ScrSetPlayerColor
11-21 20:30:06.057 4012 4012 D DecorView: semSetRoundedCorners: 5
11-21 20:30:06.074 4012 4012 D DecorView: semSetRoundedCorners: 5
11-21 20:30:06.090 4012 4012 D DecorView: semSetRoundedCorners: 5
11-21 20:30:06.107 4012 4012 D DecorView: semSetRoundedCorners: 5
11-21 20:30:06.124 4012 4012 D DecorView: semSetRoundedCorners: 5
11-21 20:30:06.141 4012 4012 D DecorView: semSetRoundedCorners: 5
11-21 20:30:06.158 4012 4012 D DecorView: semSetRoundedCorners: 5
11-21 20:30:06.175 4012 4012 D DecorView: semSetRoundedCorners: 5
11-21 20:30:06.192 4012 4012 D DecorView: semSetRoundedCorners: 5
11-21 20:30:06.208 4012 4012 D DecorView: semSetRoundedCorners: 5
11-21 20:30:06.225 4012 4012 D DecorView: semSetRoundedCorners: 5
11-21 20:30:06.242 4012 4012 D DecorView: semSetRoundedCorners: 5
11-21 20:30:06.258 4012 4012 D DecorView: semSetRoundedCorners: 5
11-21 20:30:06.275 4012 4012 D DecorView: semSetRoundedCorners: 5
11-21 20:30:06.292 4012 4012 D DecorView: semSetRoundedCorners: 5
11-21 20:30:06.308 4012 4012 D DecorView: semSetRoundedCorners: 5
11-21 20:30:06.324 4012 4012 D DecorView: semSetRoundedCorners: 5
11-21 20:30:06.341 4012 4012 D DecorView: semSetRoundedCorners: 5
11-21 20:30:06.358 4012 4012 D DecorView: semSetRoundedCorners: 5
11-21 20:30:06.375 4012 4012 D DecorView: semSetRoundedCorners: 5
11-21 20:30:06.385 4012 4012 I ViewRootImpl@fb83006[GTASA]: ViewPostIme pointer 0
11-21 20:30:06.392 4012 4012 D DecorView: semSetRoundedCorners: 5
11-21 20:30:06.408 4012 4012 D DecorView: semSetRoundedCorners: 5
11-21 20:30:06.425 4012 4012 D DecorView: semSetRoundedCorners: 5
11-21 20:30:06.442 4012 4012 D DecorView: semSetRoundedCorners: 5
11-21 20:30:06.460 4012 4012 D DecorView: semSetRoundedCorners: 5
11-21 20:30:06.476 4012 4012 D DecorView: semSetRoundedCorners: 5
11-21 20:30:06.492 4012 4012 D DecorView: semSetRoundedCorners: 5
11-21 20:30:06.508 4012 4012 D DecorView: semSetRoundedCorners: 5
11-21 20:30:06.525 4012 4012 D DecorView: semSetRoundedCorners: 5
11-21 20:30:06.543 4012 4012 D DecorView: semSetRoundedCorners: 5
11-21 20:30:06.559 4012 4012 D DecorView: semSetRoundedCorners: 5
11-21 20:30:06.576 4012 4012 D DecorView: semSetRoundedCorners: 5
11-21 20:30:06.592 4012 4012 D DecorView: semSetRoundedCorners: 5
11-21 20:30:06.609 4012 4012 D DecorView: semSetRoundedCorners: 5
11-21 20:30:06.626 4012 4012 D DecorView: semSetRoundedCorners: 5
11-21 20:30:06.643 4012 4012 D DecorView: semSetRoundedCorners: 5
11-21 20:30:06.660 4012 4012 D DecorView: semSetRoundedCorners: 5
11-21 20:30:06.676 4012 4012 D DecorView: semSetRoundedCorners: 5
11-21 20:30:06.693 4012 4012 D DecorView: semSetRoundedCorners: 5
11-21 20:30:06.711 4012 4012 D DecorView: semSetRoundedCorners: 5
11-21 20:30:06.721 4012 5465 I AXL : RPC: WorldVehicleAdd
11-21 20:30:06.721 4012 5465 I AXL : [IsModelLoaded] iModelID: 585
11-21 20:30:06.721 4012 5465 I AXL : IsModelLoaded false!
11-21 20:30:06.721 4012 5465 I AXL : Warning: car model not preloaded. 585
11-21 20:30:06.721 4012 5465 I AXL : RequestModel
11-21 20:30:06.721 4012 5465 I AXL : RequestModel done!
11-21 20:30:06.721 4012 5465 I AXL : LoadRequestedModels
11-21 20:30:06.726 4012 4012 D DecorView: semSetRoundedCorners: 5
11-21 20:30:06.729 4012 5465 I AXL : LoadRequestedModels done!
11-21 20:30:06.729 4012 5465 I AXL : [IsModelLoaded] iModelID: 585
11-21 20:30:06.729 4012 5465 I AXL : IsModelLoaded true!
11-21 20:30:06.729 4012 5465 I AXL : Car model was preloaded. 585
11-21 20:30:06.730 4012 5465 I AXL : RPC: WorldVehicleAdd,
NewVehicle.iVehicleType: 585
11-21 20:30:06.730 4012 5465 I AXL : RPC: ScrNumberPlate
11-21 20:30:06.730 4012 5465 I AXL : RPC: ScrVehicleParamsEx
11-21 20:30:06.730 4012 5465 I AXL : RPC_CUSTOM_HANDLING
11-21 20:30:06.730 4012 5465 I AXL : copy handling 140
11-21 20:30:06.730 4012 5465 I AXL : RPC_CUSTOM_VISUALS
11-21 20:30:06.730 4012 5465 I AXL : RPC_CUSTOM_BODYWORK
11-21 20:30:06.744 4012 4012 D DecorView: semSetRoundedCorners: 5
11-21 20:30:06.764 4012 4012 D DecorView: semSetRoundedCorners: 5
11-21 20:30:06.783 4012 4012 D DecorView: semSetRoundedCorners: 5
11-21 20:30:06.853 4012 4012 I ViewRootImpl@fb83006[GTASA]: ViewPostIme pointer 1
11-21 20:30:06.859 4012 4012 D DecorView: semSetRoundedCorners: 5
11-21 20:30:06.879 4012 4012 D DecorView: semSetRoundedCorners: 5
11-21 20:30:06.894 4012 4012 D DecorView: semSetRoundedCorners: 5
11-21 20:30:06.911 4012 4012 D DecorView: semSetRoundedCorners: 5
11-21 20:30:06.928 4012 4012 D DecorView: semSetRoundedCorners: 5
11-21 20:30:06.943 4012 4012 D DecorView: semSetRoundedCorners: 5
11-21 20:30:06.959 4012 4012 D DecorView: semSetRoundedCorners: 5
11-21 20:30:06.976 4012 4012 D DecorView: semSetRoundedCorners: 5
11-21 20:30:06.980 4012 4012 I ViewRootImpl@fb83006[GTASA]: ViewPostIme pointer 0
11-21 20:30:06.994 4012 4012 D DecorView: semSetRoundedCorners: 5
11-21 20:30:07.010 4012 4012 D DecorView: semSetRoundedCorners: 5
11-21 20:30:07.027 4012 4012 D DecorView: semSetRoundedCorners: 5
11-21 20:30:07.044 4012 4012 D DecorView: semSetRoundedCorners: 5
11-21 20:30:07.061 4012 4012 D DecorView: semSetRoundedCorners: 5
11-21 20:30:07.077 4012 4012 D DecorView: semSetRoundedCorners: 5
11-21 20:30:07.094 4012 4012 D DecorView: semSetRoundedCorners: 5
11-21 20:30:07.110 4012 4012 D DecorView: semSetRoundedCorners: 5
11-21 20:30:07.128 4012 4012 D DecorView: semSetRoundedCorners: 5
11-21 20:30:07.145 4012 4012 D DecorView: semSetRoundedCorners: 5
11-21 20:30:07.161 4012 4012 D DecorView: semSetRoundedCorners: 5
11-21 20:30:07.177 4012 4012 D DecorView: semSetRoundedCorners: 5
11-21 20:30:07.194 4012 4012 D DecorView: semSetRoundedCorners: 5
11-21 20:30:07.212 4012 4012 D DecorView: semSetRoundedCorners: 5
11-21 20:30:07.229 4012 4012 D DecorView: semSetRoundedCorners: 5
11-21 20:30:07.246 4012 4012 D DecorView: semSetRoundedCorners: 5
11-21 20:30:07.262 4012 4012 D DecorView: semSetRoundedCorners: 5
11-21 20:30:07.277 4012 4012 D DecorView: semSetRoundedCorners: 5
11-21 20:30:07.295 4012 4012 D DecorView: semSetRoundedCorners: 5
11-21 20:30:07.312 4012 4012 D DecorView: semSetRoundedCorners: 5
11-21 20:30:07.329 4012 4012 D DecorView: semSetRoundedCorners: 5
11-21 20:30:07.350 4012 4012 D DecorView: semSetRoundedCorners: 5
11-21 20:30:07.363 4012 4012 D DecorView: semSetRoundedCorners: 5
11-21 20:30:07.378 4012 4012 D DecorView: semSetRoundedCorners: 5
11-21 20:30:07.395 4012 4012 D DecorView: semSetRoundedCorners: 5
11-21 20:30:07.413 4012 4012 D DecorView: semSetRoundedCorners: 5
11-21 20:30:07.427 4012 5465 I AXL : RPC: ScrSetPlayerColor
11-21 20:30:07.429 4012 4012 D DecorView: semSetRoundedCorners: 5
11-21 20:30:07.446 4012 4012 D DecorView: semSetRoundedCorners: 5
11-21 20:30:07.464 4012 4012 D DecorView: semSetRoundedCorners: 5
11-21 20:30:07.479 4012 4012 D DecorView: semSetRoundedCorners: 5
11-21 20:30:07.497 4012 4012 D DecorView: semSetRoundedCorners: 5
11-21 20:30:07.512 4012 4012 D DecorView: semSetRoundedCorners: 5
11-21 20:30:07.529 4012 4012 D DecorView: semSetRoundedCorners: 5
11-21 20:30:07.546 4012 4012 D DecorView: semSetRoundedCorners: 5
11-21 20:30:07.563 4012 4012 D DecorView: semSetRoundedCorners: 5
11-21 20:30:07.579 4012 4012 D DecorView: semSetRoundedCorners: 5
11-21 20:30:07.596 4012 4012 D DecorView: semSetRoundedCorners: 5
11-21 20:30:07.614 4012 4012 D DecorView: semSetRoundedCorners: 5
11-21 20:30:07.630 4012 4012 D DecorView: semSetRoundedCorners: 5
11-21 20:30:07.647 4012 4012 D DecorView: semSetRoundedCorners: 5
11-21 20:30:07.663 4012 4012 D DecorView: semSetRoundedCorners: 5
11-21 20:30:07.679 4012 4012 D DecorView: semSetRoundedCorners: 5
11-21 20:30:07.696 4012 4012 D DecorView: semSetRoundedCorners: 5
11-21 20:30:07.712 4012 4012 D DecorView: semSetRoundedCorners: 5
11-21 20:30:07.729 4012 4012 D DecorView: semSetRoundedCorners: 5
11-21 20:30:07.748 4012 4012 D DecorView: semSetRoundedCorners: 5
11-21 20:30:07.780 4012 4012 D DecorView: semSetRoundedCorners: 5
11-21 20:30:07.796 4012 4012 D DecorView: semSetRoundedCorners: 5
11-21 20:30:07.813 4012 4012 D DecorView: semSetRoundedCorners: 5
11-21 20:30:07.832 4012 4012 D DecorView: semSetRoundedCorners: 5
11-21 20:30:07.847 4012 4012 D DecorView: semSetRoundedCorners: 5
11-21 20:30:07.863 4012 4012 D DecorView: semSetRoundedCorners: 5
11-21 20:30:07.875 4012 4012 I ViewRootImpl@fb83006[GTASA]: ViewPostIme pointer 1
11-21 20:30:07.879 4012 4012 D DecorView: semSetRoundedCorners: 5
11-21 20:30:07.896 4012 4012 D DecorView: semSetRoundedCorners: 5
11-21 20:30:07.914 4012 4012 D DecorView: semSetRoundedCorners: 5
11-21 20:30:07.934 4012 4012 D DecorView: semSetRoundedCorners: 5
11-21 20:30:07.950 4012 4012 D DecorView: semSetRoundedCorners: 5
11-21 20:30:07.963 4012 4012 D DecorView: semSetRoundedCorners: 5
11-21 20:30:07.983 4012 4012 D DecorView: semSetRoundedCorners: 5
11-21 20:30:07.987 4012 4012 I ViewRootImpl@fb83006[GTASA]: ViewPostIme pointer 0
11-21 20:30:07.997 4012 4012 D DecorView: semSetRoundedCorners: 5
11-21 20:30:08.016 4012 4012 D DecorView: semSetRoundedCorners: 5
11-21 20:30:08.037 4012 4012 D DecorView: semSetRoundedCorners: 5
11-21 20:30:08.047 4012 4012 D DecorView: semSetRoundedCorners: 5
11-21 20:30:08.065 4012 4012 D DecorView: semSetRoundedCorners: 5
11-21 20:30:08.082 4012 4012 D DecorView: semSetRoundedCorners: 5
11-21 20:30:08.103 4012 4012 D DecorView: semSetRoundedCorners: 5
11-21 20:30:08.114 4012 4012 D DecorView: semSetRoundedCorners: 5
11-21 20:30:08.131 4012 4012 D DecorView: semSetRoundedCorners: 5
11-21 20:30:08.148 4012 4012 D DecorView: semSetRoundedCorners: 5
11-21 20:30:08.164 4012 4012 D DecorView: semSetRoundedCorners: 5
11-21 20:30:08.184 4012 4012 D DecorView: semSetRoundedCorners: 5
11-21 20:30:08.198 4012 4012 D DecorView: semSetRoundedCorners: 5
11-21 20:30:08.214 4012 4012 D DecorView: semSetRoundedCorners: 5
11-21 20:30:08.233 4012 4012 D DecorView: semSetRoundedCorners: 5
11-21 20:30:08.252 4012 4012 D DecorView: semSetRoundedCorners: 5
11-21 20:30:08.269 4012 4012 D DecorView: semSetRoundedCorners: 5
11-21 20:30:08.287 4012 4012 D DecorView: semSetRoundedCorners: 5
11-21 20:30:08.302 4012 4012 D DecorView: semSetRoundedCorners: 5
11-21 20:30:08.315 4012 4012 D DecorView: semSetRoundedCorners: 5
11-21 20:30:08.332 4012 4012 D DecorView: semSetRoundedCorners: 5
11-21 20:30:08.348 4012 4012 D DecorView: semSetRoundedCorners: 5
11-21 20:30:08.365 4012 4012 D DecorView: semSetRoundedCorners: 5
11-21 20:30:08.378 4012 5465 I AXL : RPC: ScrDisableMapIcon
11-21 20:30:08.383 4012 4012 D DecorView: semSetRoundedCorners: 5
11-21 20:30:08.403 4012 4012 D DecorView: semSetRoundedCorners: 5
11-21 20:30:08.415 4012 4012 D DecorView: semSetRoundedCorners: 5
11-21 20:30:08.432 4012 4012 D DecorView: semSetRoundedCorners: 5
11-21 20:30:08.453 4012 4012 D DecorView: semSetRoundedCorners: 5
11-21 20:30:08.470 4012 4012 D DecorView: semSetRoundedCorners: 5
11-21 20:30:08.487 4012 4012 D DecorView: semSetRoundedCorners: 5
11-21 20:30:08.505 4012 4012 D DecorView: semSetRoundedCorners: 5
11-21 20:30:08.521 4012 4012 D DecorView: semSetRoundedCorners: 5
11-21 20:30:08.537 4012 4012 D DecorView: semSetRoundedCorners: 5
11-21 20:30:08.553 4012 4012 D DecorView: semSetRoundedCorners: 5
11-21 20:30:08.573 4012 4012 D DecorView: semSetRoundedCorners: 5
11-21 20:30:08.591 4012 4012 D DecorView: semSetRoundedCorners: 5
11-21 20:30:08.603 4012 4012 D DecorView: semSetRoundedCorners: 5
11-21 20:30:08.620 4012 4012 D DecorView: semSetRoundedCorners: 5
11-21 20:30:08.638 4012 4012 D DecorView: semSetRoundedCorners: 5
11-21 20:30:08.653 4012 4012 D DecorView: semSetRoundedCorners: 5
11-21 20:30:08.671 4012 4012 D DecorView: semSetRoundedCorners: 5
11-21 20:30:08.687 4012 4012 D DecorView: semSetRoundedCorners: 5
11-21 20:30:08.704 4012 4012 D DecorView: semSetRoundedCorners: 5
11-21 20:30:08.721 4012 4012 D DecorView: semSetRoundedCorners: 5
11-21 20:30:08.738 4012 4012 D DecorView: semSetRoundedCorners: 5
11-21 20:30:08.754 4012 4012 D DecorView: semSetRoundedCorners: 5
11-21 20:30:08.773 4012 4012 D DecorView: semSetRoundedCorners: 5
11-21 20:30:08.787 4012 4012 D DecorView: semSetRoundedCorners: 5
11-21 20:30:08.803 4012 4012 D DecorView: semSetRoundedCorners: 5
11-21 20:30:08.816 4012 4012 D DecorView: semSetRoundedCorners: 5
11-21 20:30:08.834 4012 4012 D DecorView: semSetRoundedCorners: 5
11-21 20:30:08.850 4012 4012 D DecorView: semSetRoundedCorners: 5
11-21 20:30:08.868 4012 4012 D DecorView: semSetRoundedCorners: 5
11-21 20:30:08.884 4012 4012 D DecorView: semSetRoundedCorners: 5
11-21 20:30:08.901 4012 4012 D DecorView: semSetRoundedCorners: 5
11-21 20:30:08.922 4012 4012 D DecorView: semSetRoundedCorners: 5
11-21 20:30:08.942 4012 4012 D DecorView: semSetRoundedCorners: 5
11-21 20:30:08.950 4012 4012 D DecorView: semSetRoundedCorners: 5
11-21 20:30:08.971 4012 4012 D DecorView: semSetRoundedCorners: 5
11-21 20:30:08.984 4012 4012 D DecorView: semSetRoundedCorners: 5
11-21 20:30:09.005 4012 4012 D DecorView: semSetRoundedCorners: 5
11-21 20:30:09.022 4012 4012 D DecorView: semSetRoundedCorners: 5
11-21 20:30:09.038 4012 4012 D DecorView: semSetRoundedCorners: 5
11-21 20:30:09.055 4012 4012 D DecorView: semSetRoundedCorners: 5
11-21 20:30:09.072 4012 4012 D DecorView: semSetRoundedCorners: 5
11-21 20:30:09.089 4012 4012 D DecorView: semSetRoundedCorners: 5
11-21 20:30:09.102 4012 4012 D DecorView: semSetRoundedCorners: 5
11-21 20:30:09.122 4012 4012 D DecorView: semSetRoundedCorners: 5
11-21 20:30:09.135 4012 4012 D DecorView: semSetRoundedCorners: 5
11-21 20:30:09.155 4012 4012 D DecorView: semSetRoundedCorners: 5
11-21 20:30:09.172 4012 4012 D DecorView: semSetRoundedCorners: 5
11-21 20:30:09.178 4012 5465 I AXL : Removing from vehicle..
11-21 20:30:09.178 4012 5465 I AXL : Setting flag state..
11-21 20:30:09.178 4012 5465 I AXL : Calling destructor..
11-21 20:30:09.178 4012 5465 I AXL : PlayerPed Destroyed
11-21 20:30:09.178 4012 5465 I AXL : CreatePickup(1318, 23, 301, 997, 1000)
11-21 20:30:09.178 4012 5465 I AXL : [IsModelLoaded] iModelID: 1318
11-21 20:30:09.178 4012 5465 I AXL : IsModelLoaded true!
11-21 20:30:09.188 4012 4012 D DecorView: semSetRoundedCorners: 5
11-21 20:30:09.206 4012 4012 D DecorView: semSetRoundedCorners: 5
11-21 20:30:09.222 4012 4012 D DecorView: semSetRoundedCorners: 5
11-21 20:30:09.236 4012 4012 D DecorView: semSetRoundedCorners: 5
11-21 20:30:09.254 4012 4012 D DecorView: semSetRoundedCorners: 5
11-21 20:30:09.269 4012 4012 D DecorView: semSetRoundedCorners: 5
11-21 20:30:09.288 4012 4012 D DecorView: semSetRoundedCorners: 5
11-21 20:30:09.305 4012 4012 D DecorView: semSetRoundedCorners: 5
11-21 20:30:09.322 4012 4012 D DecorView: semSetRoundedCorners: 5
11-21 20:30:09.323 4012 4012 I ViewRootImpl@fb83006[GTASA]: ViewPostIme pointer 1
11-21 20:30:09.336 4012 4012 D DecorView: semSetRoundedCorners: 5
11-21 20:30:09.341 4012 4012 I ViewRootImpl@fb83006[GTASA]: ViewPostIme pointer 0
11-21 20:30:09.354 4012 4012 D DecorView: semSetRoundedCorners: 5
11-21 20:30:09.371 4012 4012 D DecorView: semSetRoundedCorners: 5
11-21 20:30:09.388 4012 4012 D DecorView: semSetRoundedCorners: 5
11-21 20:30:09.405 4012 4012 D DecorView: semSetRoundedCorners: 5
11-21 20:30:09.419 4012 4012 D DecorView: semSetRoundedCorners: 5
11-21 20:30:09.438 4012 4012 D DecorView: semSetRoundedCorners: 5
11-21 20:30:09.455 4012 4012 D DecorView: semSetRoundedCorners: 5
11-21 20:30:09.471 4012 4012 D DecorView: semSetRoundedCorners: 5
11-21 20:30:09.488 4012 4012 D DecorView: semSetRoundedCorners: 5
11-21 20:30:09.508 4012 4012 D DecorView: semSetRoundedCorners: 5
11-21 20:30:09.526 4012 4012 D DecorView: semSetRoundedCorners: 5
11-21 20:30:09.543 4012 4012 D DecorView: semSetRoundedCorners: 5
11-21 20:30:09.556 4012 4012 D DecorView: semSetRoundedCorners: 5
11-21 20:30:09.573 4012 4012 D DecorView: semSetRoundedCorners: 5
11-21 20:30:09.578 4012 5031 I dev.crimemobil: Background concurrent copying GC
freed 305803(11MB) AllocSpace objects, 10(224KB) LOS objects, 49% free, 11MB/23MB,
paused 234us total 159.751ms
11-21 20:30:09.587 4012 4012 D DecorView: semSetRoundedCorners: 5
11-21 20:30:09.606 4012 4012 D DecorView: semSetRoundedCorners: 5
11-21 20:30:09.623 4012 4012 D DecorView: semSetRoundedCorners: 5
11-21 20:30:09.638 4012 4012 D DecorView: semSetRoundedCorners: 5
11-21 20:30:09.654 4012 4012 D DecorView: semSetRoundedCorners: 5
11-21 20:30:09.671 4012 4012 D DecorView: semSetRoundedCorners: 5
11-21 20:30:09.688 4012 4012 D DecorView: semSetRoundedCorners: 5
11-21 20:30:09.706 4012 4012 D DecorView: semSetRoundedCorners: 5
11-21 20:30:09.722 4012 4012 D DecorView: semSetRoundedCorners: 5
11-21 20:30:09.737 4012 4012 D DecorView: semSetRoundedCorners: 5
11-21 20:30:09.756 4012 4012 D DecorView: semSetRoundedCorners: 5
11-21 20:30:09.772 4012 4012 D DecorView: semSetRoundedCorners: 5
11-21 20:30:09.789 4012 4012 D DecorView: semSetRoundedCorners: 5
11-21 20:30:09.806 4012 4012 D DecorView: semSetRoundedCorners: 5
11-21 20:30:09.823 4012 4012 D DecorView: semSetRoundedCorners: 5
11-21 20:30:09.838 4012 4012 D DecorView: semSetRoundedCorners: 5
11-21 20:30:09.855 4012 4012 D DecorView: semSetRoundedCorners: 5
11-21 20:30:09.871 4012 4012 D DecorView: semSetRoundedCorners: 5
11-21 20:30:09.889 4012 4012 D DecorView: semSetRoundedCorners: 5
11-21 20:30:09.906 4012 4012 D DecorView: semSetRoundedCorners: 5
11-21 20:30:09.924 4012 4012 D DecorView: semSetRoundedCorners: 5
11-21 20:30:09.939 4012 4012 D DecorView: semSetRoundedCorners: 5
11-21 20:30:09.956 4012 4012 D DecorView: semSetRoundedCorners: 5
11-21 20:30:09.973 4012 4012 D DecorView: semSetRoundedCorners: 5
11-21 20:30:09.989 4012 4012 D DecorView: semSetRoundedCorners: 5
11-21 20:30:10.006 4012 4012 D DecorView: semSetRoundedCorners: 5
11-21 20:30:10.023 4012 4012 D DecorView: semSetRoundedCorners: 5
11-21 20:30:10.039 4012 4012 D DecorView: semSetRoundedCorners: 5
11-21 20:30:10.056 4012 4012 D DecorView: semSetRoundedCorners: 5
11-21 20:30:10.072 4012 4012 D DecorView: semSetRoundedCorners: 5
11-21 20:30:10.089 4012 4012 D DecorView: semSetRoundedCorners: 5
11-21 20:30:10.105 4012 4012 D DecorView: semSetRoundedCorners: 5
11-21 20:30:10.123 4012 4012 D DecorView: semSetRoundedCorners: 5
11-21 20:30:10.139 4012 4012 D DecorView: semSetRoundedCorners: 5
11-21 20:30:10.155 4012 4012 D DecorView: semSetRoundedCorners: 5
11-21 20:30:10.172 4012 4012 D DecorView: semSetRoundedCorners: 5
11-21 20:30:10.189 4012 4012 D DecorView: semSetRoundedCorners: 5
11-21 20:30:10.207 4012 4012 D DecorView: semSetRoundedCorners: 5
11-21 20:30:10.223 4012 4012 D DecorView: semSetRoundedCorners: 5
11-21 20:30:10.239 4012 4012 D DecorView: semSetRoundedCorners: 5
11-21 20:30:10.257 4012 4012 D DecorView: semSetRoundedCorners: 5
11-21 20:30:10.274 4012 4012 D DecorView: semSetRoundedCorners: 5
11-21 20:30:10.289 4012 4012 D DecorView: semSetRoundedCorners: 5
11-21 20:30:10.306 4012 4012 D DecorView: semSetRoundedCorners: 5
11-21 20:30:10.324 4012 4012 D DecorView: semSetRoundedCorners: 5
11-21 20:30:10.341 4012 4012 D DecorView: semSetRoundedCorners: 5
11-21 20:30:10.357 4012 4012 D DecorView: semSetRoundedCorners: 5
11-21 20:30:10.373 4012 4012 D DecorView: semSetRoundedCorners: 5
11-21 20:30:10.389 4012 4012 D DecorView: semSetRoundedCorners: 5
11-21 20:30:10.406 4012 4012 D DecorView: semSetRoundedCorners: 5
11-21 20:30:10.424 4012 4012 D DecorView: semSetRoundedCorners: 5
11-21 20:30:10.439 4012 4012 D DecorView: semSetRoundedCorners: 5
11-21 20:30:10.459 4012 4012 D DecorView: semSetRoundedCorners: 5
11-21 20:30:10.475 4012 4012 D DecorView: semSetRoundedCorners: 5
11-21 20:30:10.490 4012 4012 D DecorView: semSetRoundedCorners: 5
11-21 20:30:10.506 4012 4012 D DecorView: semSetRoundedCorners: 5
11-21 20:30:10.512 4012 4012 I ViewRootImpl@fb83006[GTASA]: ViewPostIme pointer 1
11-21 20:30:10.524 4012 4012 D DecorView: semSetRoundedCorners: 5
11-21 20:30:10.538 4012 4012 D DecorView: semSetRoundedCorners: 5
11-21 20:30:10.555 4012 4012 D DecorView: semSetRoundedCorners: 5
11-21 20:30:10.572 4012 4012 D DecorView: semSetRoundedCorners: 5
11-21 20:30:10.588 4012 4012 D DecorView: semSetRoundedCorners: 5
11-21 20:30:10.606 4012 4012 D DecorView: semSetRoundedCorners: 5
11-21 20:30:10.623 4012 4012 D DecorView: semSetRoundedCorners: 5
11-21 20:30:10.639 4012 4012 D DecorView: semSetRoundedCorners: 5
11-21 20:30:10.655 4012 4012 D DecorView: semSetRoundedCorners: 5
11-21 20:30:10.672 4012 4012 D DecorView: semSetRoundedCorners: 5
11-21 20:30:10.690 4012 4012 D DecorView: semSetRoundedCorners: 5
11-21 20:30:10.706 4012 4012 D DecorView: semSetRoundedCorners: 5
11-21 20:30:10.723 4012 4012 D DecorView: semSetRoundedCorners: 5
11-21 20:30:10.739 4012 4012 D DecorView: semSetRoundedCorners: 5
11-21 20:30:10.756 4012 4012 D DecorView: semSetRoundedCorners: 5
11-21 20:30:10.772 4012 4012 D DecorView: semSetRoundedCorners: 5
11-21 20:30:10.789 4012 4012 D DecorView: semSetRoundedCorners: 5
11-21 20:30:10.806 4012 4012 D DecorView: semSetRoundedCorners: 5
11-21 20:30:10.824 4012 4012 D DecorView: semSetRoundedCorners: 5
11-21 20:30:10.839 4012 4012 D DecorView: semSetRoundedCorners: 5
11-21 20:30:10.856 4012 4012 D DecorView: semSetRoundedCorners: 5
11-21 20:30:10.873 4012 4012 D DecorView: semSetRoundedCorners: 5
11-21 20:30:10.889 4012 4012 D DecorView: semSetRoundedCorners: 5
11-21 20:30:10.906 4012 4012 D DecorView: semSetRoundedCorners: 5
11-21 20:30:10.926 4012 4012 D DecorView: semSetRoundedCorners: 5
11-21 20:30:10.942 4012 4012 D DecorView: semSetRoundedCorners: 5
11-21 20:30:10.956 4012 4012 D DecorView: semSetRoundedCorners: 5
11-21 20:30:10.973 4012 4012 D DecorView: semSetRoundedCorners: 5
11-21 20:30:10.990 4012 4012 D DecorView: semSetRoundedCorners: 5
11-21 20:30:11.010 4012 4012 D DecorView: semSetRoundedCorners: 5
11-21 20:30:11.023 4012 4012 D DecorView: semSetRoundedCorners: 5
11-21 20:30:11.038 4012 4012 I ViewRootImpl@fb83006[GTASA]: ViewPostIme pointer 0
11-21 20:30:11.043 4012 4012 D DecorView: semSetRoundedCorners: 5
11-21 20:30:11.058 4012 4012 D DecorView: semSetRoundedCorners: 5
11-21 20:30:11.075 4012 4012 D DecorView: semSetRoundedCorners: 5
11-21 20:30:11.091 4012 4012 D DecorView: semSetRoundedCorners: 5
11-21 20:30:11.108 4012 4012 D DecorView: semSetRoundedCorners: 5
11-21 20:30:11.125 4012 4012 D DecorView: semSetRoundedCorners: 5
11-21 20:30:11.143 4012 4012 D DecorView: semSetRoundedCorners: 5
11-21 20:30:11.158 4012 4012 D DecorView: semSetRoundedCorners: 5
11-21 20:30:11.175 4012 4012 D DecorView: semSetRoundedCorners: 5
11-21 20:30:11.192 4012 4012 D DecorView: semSetRoundedCorners: 5
11-21 20:30:11.210 4012 4012 D DecorView: semSetRoundedCorners: 5
11-21 20:30:11.225 4012 4012 D DecorView: semSetRoundedCorners: 5
11-21 20:30:11.243 4012 4012 D DecorView: semSetRoundedCorners: 5
11-21 20:30:11.259 4012 4012 D DecorView: semSetRoundedCorners: 5
11-21 20:30:11.277 4012 4012 D DecorView: semSetRoundedCorners: 5
11-21 20:30:11.293 4012 4012 D DecorView: semSetRoundedCorners: 5
11-21 20:30:11.309 4012 4012 D DecorView: semSetRoundedCorners: 5
11-21 20:30:11.326 4012 4012 D DecorView: semSetRoundedCorners: 5
11-21 20:30:11.343 4012 4012 D DecorView: semSetRoundedCorners: 5
11-21 20:30:11.360 4012 4012 D DecorView: semSetRoundedCorners: 5
11-21 20:30:11.376 4012 4012 D DecorView: semSetRoundedCorners: 5
11-21 20:30:11.393 4012 4012 D DecorView: semSetRoundedCorners: 5
11-21 20:30:11.409 4012 4012 D DecorView: semSetRoundedCorners: 5
11-21 20:30:11.426 4012 4012 D DecorView: semSetRoundedCorners: 5
11-21 20:30:11.444 4012 4012 D DecorView: semSetRoundedCorners: 5
11-21 20:30:11.459 4012 4012 D DecorView: semSetRoundedCorners: 5
11-21 20:30:11.464 4012 4012 I ViewRootImpl@fb83006[GTASA]: ViewPostIme pointer 1
11-21 20:30:11.475 4012 4012 D DecorView: semSetRoundedCorners: 5
11-21 20:30:11.491 4012 4012 D DecorView: semSetRoundedCorners: 5
11-21 20:30:11.508 4012 4012 D DecorView: semSetRoundedCorners: 5
11-21 20:30:11.525 4012 4012 D DecorView: semSetRoundedCorners: 5
11-21 20:30:11.543 4012 4012 D DecorView: semSetRoundedCorners: 5
11-21 20:30:11.558 4012 4012 D DecorView: semSetRoundedCorners: 5
11-21 20:30:11.575 4012 4012 D DecorView: semSetRoundedCorners: 5
11-21 20:30:11.592 4012 4012 D DecorView: semSetRoundedCorners: 5
11-21 20:30:11.608 4012 4012 D DecorView: semSetRoundedCorners: 5
11-21 20:30:11.625 4012 4012 D DecorView: semSetRoundedCorners: 5
11-21 20:30:11.643 4012 4012 D DecorView: semSetRoundedCorners: 5
11-21 20:30:11.659 4012 4012 D DecorView: semSetRoundedCorners: 5
11-21 20:30:11.675 4012 4012 D DecorView: semSetRoundedCorners: 5
11-21 20:30:11.692 4012 4012 D DecorView: semSetRoundedCorners: 5
11-21 20:30:11.709 4012 4012 D DecorView: semSetRoundedCorners: 5
11-21 20:30:11.725 4012 4012 D DecorView: semSetRoundedCorners: 5
11-21 20:30:11.743 4012 4012 D DecorView: semSetRoundedCorners: 5
11-21 20:30:11.759 4012 4012 D DecorView: semSetRoundedCorners: 5
11-21 20:30:11.776 4012 4012 D DecorView: semSetRoundedCorners: 5
11-21 20:30:11.792 4012 4012 D DecorView: semSetRoundedCorners: 5
11-21 20:30:11.809 4012 4012 D DecorView: semSetRoundedCorners: 5
11-21 20:30:11.826 4012 4012 D DecorView: semSetRoundedCorners: 5
11-21 20:30:11.843 4012 4012 D DecorView: semSetRoundedCorners: 5
11-21 20:30:11.859 4012 4012 D DecorView: semSetRoundedCorners: 5
11-21 20:30:11.876 4012 4012 D DecorView: semSetRoundedCorners: 5
11-21 20:30:11.893 4012 4012 D DecorView: semSetRoundedCorners: 5
11-21 20:30:11.909 4012 4012 D DecorView: semSetRoundedCorners: 5
11-21 20:30:11.926 4012 4012 D DecorView: semSetRoundedCorners: 5
11-21 20:30:11.943 4012 4012 D DecorView: semSetRoundedCorners: 5
11-21 20:30:11.961 4012 4012 D DecorView: semSetRoundedCorners: 5
11-21 20:30:11.976 4012 4012 D DecorView: semSetRoundedCorners: 5
11-21 20:30:11.993 4012 4012 D DecorView: semSetRoundedCorners: 5
11-21 20:30:12.010 4012 4012 D DecorView: semSetRoundedCorners: 5
11-21 20:30:12.026 4012 4012 D DecorView: semSetRoundedCorners: 5
11-21 20:30:12.043 4012 4012 D DecorView: semSetRoundedCorners: 5
11-21 20:30:12.060 4012 4012 D DecorView: semSetRoundedCorners: 5
11-21 20:30:12.077 4012 4012 D DecorView: semSetRoundedCorners: 5
11-21 20:30:12.093 4012 4012 D DecorView: semSetRoundedCorners: 5
11-21 20:30:12.110 4012 4012 D DecorView: semSetRoundedCorners: 5
11-21 20:30:12.127 4012 4012 D DecorView: semSetRoundedCorners: 5
11-21 20:30:12.144 4012 4012 D DecorView: semSetRoundedCorners: 5
11-21 20:30:12.160 4012 4012 D DecorView: semSetRoundedCorners: 5
11-21 20:30:12.177 4012 4012 D DecorView: semSetRoundedCorners: 5
11-21 20:30:12.194 4012 4012 D DecorView: semSetRoundedCorners: 5
11-21 20:30:12.211 4012 4012 D DecorView: semSetRoundedCorners: 5
11-21 20:30:12.227 4012 4012 D DecorView: semSetRoundedCorners: 5
11-21 20:30:12.244 4012 4012 D DecorView: semSetRoundedCorners: 5
11-21 20:30:12.261 4012 4012 D DecorView: semSetRoundedCorners: 5
11-21 20:30:12.277 4012 4012 D DecorView: semSetRoundedCorners: 5
11-21 20:30:12.294 4012 4012 D DecorView: semSetRoundedCorners: 5
11-21 20:30:12.311 4012 4012 D DecorView: semSetRoundedCorners: 5
11-21 20:30:12.324 4012 4012 I ViewRootImpl@fb83006[GTASA]: ViewPostIme pointer 0
11-21 20:30:12.330 4012 4012 D DecorView: semSetRoundedCorners: 5
11-21 20:30:12.347 4012 4012 D DecorView: semSetRoundedCorners: 5
11-21 20:30:12.363 4012 4012 D DecorView: semSetRoundedCorners: 5
11-21 20:30:12.379 4012 4012 D DecorView: semSetRoundedCorners: 5
11-21 20:30:12.397 4012 4012 D DecorView: semSetRoundedCorners: 5
11-21 20:30:12.413 4012 4012 D DecorView: semSetRoundedCorners: 5
11-21 20:30:12.430 4012 4012 D DecorView: semSetRoundedCorners: 5
11-21 20:30:12.446 4012 4012 D DecorView: semSetRoundedCorners: 5
11-21 20:30:12.464 4012 4012 D DecorView: semSetRoundedCorners: 5
11-21 20:30:12.481 4012 4012 D DecorView: semSetRoundedCorners: 5
11-21 20:30:12.498 4012 4012 D DecorView: semSetRoundedCorners: 5
11-21 20:30:12.514 4012 4012 D DecorView: semSetRoundedCorners: 5
11-21 20:30:12.530 4012 4012 D DecorView: semSetRoundedCorners: 5
11-21 20:30:12.546 4012 5465 I AXL : RPC: ScrSetPlayerColor
11-21 20:30:12.546 4012 4012 D DecorView: semSetRoundedCorners: 5
11-21 20:30:12.564 4012 4012 D DecorView: semSetRoundedCorners: 5
11-21 20:30:12.579 4012 4012 D DecorView: semSetRoundedCorners: 5
11-21 20:30:12.596 4012 4012 D DecorView: semSetRoundedCorners: 5
11-21 20:30:12.613 4012 4012 D DecorView: semSetRoundedCorners: 5
11-21 20:30:12.630 4012 4012 D DecorView: semSetRoundedCorners: 5
11-21 20:30:12.647 4012 4012 D DecorView: semSetRoundedCorners: 5
11-21 20:30:12.663 4012 4012 D DecorView: semSetRoundedCorners: 5
11-21 20:30:12.679 4012 4012 D DecorView: semSetRoundedCorners: 5
11-21 20:30:12.696 4012 4012 D DecorView: semSetRoundedCorners: 5
11-21 20:30:12.713 4012 4012 D DecorView: semSetRoundedCorners: 5
11-21 20:30:12.730 4012 4012 D DecorView: semSetRoundedCorners: 5
11-21 20:30:12.747 4012 4012 D DecorView: semSetRoundedCorners: 5
11-21 20:30:12.765 4012 4012 D DecorView: semSetRoundedCorners: 5
11-21 20:30:12.780 4012 4012 D DecorView: semSetRoundedCorners: 5
11-21 20:30:12.797 4012 4012 D DecorView: semSetRoundedCorners: 5
11-21 20:30:12.815 4012 4012 D DecorView: semSetRoundedCorners: 5
11-21 20:30:12.831 4012 4012 D DecorView: semSetRoundedCorners: 5
11-21 20:30:12.848 4012 4012 D DecorView: semSetRoundedCorners: 5
11-21 20:30:12.864 4012 4012 D DecorView: semSetRoundedCorners: 5
11-21 20:30:12.881 4012 4012 D DecorView: semSetRoundedCorners: 5
11-21 20:30:12.897 4012 4012 D DecorView: semSetRoundedCorners: 5
11-21 20:30:12.914 4012 4012 D DecorView: semSetRoundedCorners: 5
11-21 20:30:12.932 4012 4012 D DecorView: semSetRoundedCorners: 5
11-21 20:30:12.947 4012 4012 D DecorView: semSetRoundedCorners: 5
11-21 20:30:12.965 4012 4012 D DecorView: semSetRoundedCorners: 5
11-21 20:30:12.981 4012 4012 D DecorView: semSetRoundedCorners: 5
11-21 20:30:12.997 4012 4012 D DecorView: semSetRoundedCorners: 5
11-21 20:30:13.015 4012 4012 D DecorView: semSetRoundedCorners: 5
11-21 20:30:13.031 4012 4012 D DecorView: semSetRoundedCorners: 5
11-21 20:30:13.048 4012 4012 D DecorView: semSetRoundedCorners: 5
11-21 20:30:13.064 4012 4012 D DecorView: semSetRoundedCorners: 5
11-21 20:30:13.082 4012 4012 D DecorView: semSetRoundedCorners: 5
11-21 20:30:13.098 4012 4012 D DecorView: semSetRoundedCorners: 5
11-21 20:30:13.115 4012 4012 D DecorView: semSetRoundedCorners: 5
11-21 20:30:13.132 4012 4012 D DecorView: semSetRoundedCorners: 5
11-21 20:30:13.148 4012 4012 D DecorView: semSetRoundedCorners: 5
11-21 20:30:13.165 4012 4012 D DecorView: semSetRoundedCorners: 5
11-21 20:30:13.182 4012 4012 D DecorView: semSetRoundedCorners: 5
11-21 20:30:13.198 4012 4012 D DecorView: semSetRoundedCorners: 5
11-21 20:30:13.215 4012 4012 D DecorView: semSetRoundedCorners: 5
11-21 20:30:13.232 4012 4012 D DecorView: semSetRoundedCorners: 5
11-21 20:30:13.248 4012 4012 D DecorView: semSetRoundedCorners: 5
11-21 20:30:13.264 4012 4012 D DecorView: semSetRoundedCorners: 5
11-21 20:30:13.282 4012 4012 D DecorView: semSetRoundedCorners: 5
11-21 20:30:13.299 4012 4012 D DecorView: semSetRoundedCorners: 5
11-21 20:30:13.315 4012 4012 D DecorView: semSetRoundedCorners: 5
11-21 20:30:13.332 4012 4012 D DecorView: semSetRoundedCorners: 5
11-21 20:30:13.352 4012 4012 D DecorView: semSetRoundedCorners: 5
11-21 20:30:13.365 4012 4012 D DecorView: semSetRoundedCorners: 5
11-21 20:30:13.383 4012 4012 D DecorView: semSetRoundedCorners: 5
11-21 20:30:13.399 4012 4012 D DecorView: semSetRoundedCorners: 5
11-21 20:30:13.415 4012 4012 D DecorView: semSetRoundedCorners: 5
11-21 20:30:13.432 4012 4012 D DecorView: semSetRoundedCorners: 5
11-21 20:30:13.449 4012 4012 D DecorView: semSetRoundedCorners: 5
11-21 20:30:13.467 4012 4012 D DecorView: semSetRoundedCorners: 5
11-21 20:30:13.485 4012 4012 D DecorView: semSetRoundedCorners: 5
11-21 20:30:13.499 4012 4012 D DecorView: semSetRoundedCorners: 5
11-21 20:30:13.515 4012 4012 D DecorView: semSetRoundedCorners: 5
11-21 20:30:13.532 4012 4012 D DecorView: semSetRoundedCorners: 5
11-21 20:30:13.548 4012 4012 D DecorView: semSetRoundedCorners: 5
11-21 20:30:13.565 4012 4012 D DecorView: semSetRoundedCorners: 5
11-21 20:30:13.583 4012 4012 D DecorView: semSetRoundedCorners: 5
11-21 20:30:13.599 4012 4012 D DecorView: semSetRoundedCorners: 5
11-21 20:30:13.616 4012 4012 D DecorView: semSetRoundedCorners: 5
11-21 20:30:13.633 4012 4012 D DecorView: semSetRoundedCorners: 5
11-21 20:30:13.649 4012 4012 D DecorView: semSetRoundedCorners: 5
11-21 20:30:13.666 4012 4012 D DecorView: semSetRoundedCorners: 5
11-21 20:30:13.683 4012 4012 D DecorView: semSetRoundedCorners: 5
11-21 20:30:13.699 4012 4012 D DecorView: semSetRoundedCorners: 5
11-21 20:30:13.716 4012 4012 D DecorView: semSetRoundedCorners: 5
11-21 20:30:13.733 4012 4012 D DecorView: semSetRoundedCorners: 5
11-21 20:30:13.752 4012 4012 D DecorView: semSetRoundedCorners: 5
11-21 20:30:13.767 4012 4012 D DecorView: semSetRoundedCorners: 5
11-21 20:30:13.783 4012 4012 D DecorView: semSetRoundedCorners: 5
11-21 20:30:13.799 4012 4012 D DecorView: semSetRoundedCorners: 5
11-21 20:30:13.816 4012 4012 D DecorView: semSetRoundedCorners: 5
11-21 20:30:13.833 4012 4012 D DecorView: semSetRoundedCorners: 5
11-21 20:30:13.850 4012 4012 D DecorView: semSetRoundedCorners: 5
11-21 20:30:13.866 4012 4012 D DecorView: semSetRoundedCorners: 5
11-21 20:30:13.877 4012 4012 I ViewRootImpl@fb83006[GTASA]: ViewPostIme pointer 1
11-21 20:30:13.884 4012 4012 D DecorView: semSetRoundedCorners: 5
11-21 20:30:13.900 4012 4012 D DecorView: semSetRoundedCorners: 5
11-21 20:30:13.916 4012 4012 D DecorView: semSetRoundedCorners: 5
11-21 20:30:13.933 4012 4012 D DecorView: semSetRoundedCorners: 5
11-21 20:30:13.947 4012 4012 I ViewRootImpl@fb83006[GTASA]: ViewPostIme pointer 0
11-21 20:30:13.950 4012 4012 D DecorView: semSetRoundedCorners: 5
11-21 20:30:13.967 4012 4012 D DecorView: semSetRoundedCorners: 5
11-21 20:30:13.984 4012 4012 D DecorView: semSetRoundedCorners: 5
11-21 20:30:14.002 4012 4012 D DecorView: semSetRoundedCorners: 5
11-21 20:30:14.017 4012 4012 D DecorView: semSetRoundedCorners: 5
11-21 20:30:14.034 4012 4012 D DecorView: semSetRoundedCorners: 5
11-21 20:30:14.051 4012 4012 D DecorView: semSetRoundedCorners: 5
11-21 20:30:14.067 4012 4012 D DecorView: semSetRoundedCorners: 5
11-21 20:30:14.085 4012 4012 D DecorView: semSetRoundedCorners: 5
11-21 20:30:14.101 4012 4012 D DecorView: semSetRoundedCorners: 5
11-21 20:30:14.118 4012 4012 D DecorView: semSetRoundedCorners: 5
11-21 20:30:14.135 4012 4012 D DecorView: semSetRoundedCorners: 5
11-21 20:30:14.152 4012 4012 D DecorView: semSetRoundedCorners: 5
11-21 20:30:14.166 4012 5465 I AXL : CreatePickup(1318, 23, 296, 1024, 12)
11-21 20:30:14.166 4012 5465 I AXL : [IsModelLoaded] iModelID: 1318
11-21 20:30:14.166 4012 5465 I AXL : IsModelLoaded true!
11-21 20:30:14.167 4012 4012 D DecorView: semSetRoundedCorners: 5
11-21 20:30:14.184 4012 4012 D DecorView: semSetRoundedCorners: 5
11-21 20:30:14.201 4012 4012 D DecorView: semSetRoundedCorners: 5
11-21 20:30:14.218 4012 4012 D DecorView: semSetRoundedCorners: 5
11-21 20:30:14.235 4012 4012 D DecorView: semSetRoundedCorners: 5
11-21 20:30:14.251 4012 4012 D DecorView: semSetRoundedCorners: 5
11-21 20:30:14.268 4012 4012 D DecorView: semSetRoundedCorners: 5
11-21 20:30:14.284 4012 4012 D DecorView: semSetRoundedCorners: 5
11-21 20:30:14.302 4012 4012 D DecorView: semSetRoundedCorners: 5
11-21 20:30:14.318 4012 4012 D DecorView: semSetRoundedCorners: 5
11-21 20:30:14.335 4012 4012 D DecorView: semSetRoundedCorners: 5
11-21 20:30:14.352 4012 4012 D DecorView: semSetRoundedCorners: 5
11-21 20:30:14.353 4012 4012 I ViewRootImpl@fb83006[GTASA]: ViewPostIme pointer 1
11-21 20:30:14.368 4012 4012 D DecorView: semSetRoundedCorners: 5
11-21 20:30:14.385 4012 4012 D DecorView: semSetRoundedCorners: 5
11-21 20:30:14.402 4012 4012 D DecorView: semSetRoundedCorners: 5
11-21 20:30:14.418 4012 4012 D DecorView: semSetRoundedCorners: 5
11-21 20:30:14.435 4012 4012 D DecorView: semSetRoundedCorners: 5
11-21 20:30:14.451 4012 4012 D DecorView: semSetRoundedCorners: 5
11-21 20:30:14.468 4012 4012 D DecorView: semSetRoundedCorners: 5
11-21 20:30:14.485 4012 4012 D DecorView: semSetRoundedCorners: 5
11-21 20:30:14.502 4012 4012 D DecorView: semSetRoundedCorners: 5
11-21 20:30:14.507 4012 4012 I ViewRootImpl@fb83006[GTASA]: ViewPostIme pointer 0
11-21 20:30:14.519 4012 4012 D DecorView: semSetRoundedCorners: 5
11-21 20:30:14.536 4012 4012 D DecorView: semSetRoundedCorners: 5
11-21 20:30:14.552 4012 4012 D DecorView: semSetRoundedCorners: 5
11-21 20:30:14.569 4012 4012 D DecorView: semSetRoundedCorners: 5
11-21 20:30:14.591 4012 4012 D DecorView: semSetRoundedCorners: 5
11-21 20:30:14.603 4012 4012 D DecorView: semSetRoundedCorners: 5
11-21 20:30:14.619 4012 4012 D DecorView: semSetRoundedCorners: 5
11-21 20:30:14.636 4012 4012 D DecorView: semSetRoundedCorners: 5
11-21 20:30:14.653 4012 4012 D DecorView: semSetRoundedCorners: 5
11-21 20:30:14.670 4012 4012 D DecorView: semSetRoundedCorners: 5
11-21 20:30:14.686 4012 4012 D DecorView: semSetRoundedCorners: 5
11-21 20:30:14.703 4012 4012 D DecorView: semSetRoundedCorners: 5
11-21 20:30:14.705 4012 4012 I ViewRootImpl@fb83006[GTASA]: ViewPostIme pointer 1
11-21 20:30:14.719 4012 4012 D DecorView: semSetRoundedCorners: 5
11-21 20:30:14.736 4012 4012 D DecorView: semSetRoundedCorners: 5
11-21 20:30:14.752 4012 4012 D DecorView: semSetRoundedCorners: 5
11-21 20:30:14.775 4012 4012 D DecorView: semSetRoundedCorners: 5
11-21 20:30:14.786 4012 4012 D DecorView: semSetRoundedCorners: 5
11-21 20:30:14.803 4012 4012 D DecorView: semSetRoundedCorners: 5
11-21 20:30:14.819 4012 4012 D DecorView: semSetRoundedCorners: 5
11-21 20:30:14.836 4012 4012 D DecorView: semSetRoundedCorners: 5
11-21 20:30:14.853 4012 4012 D DecorView: semSetRoundedCorners: 5
11-21 20:30:14.863 4012 4012 I ViewRootImpl@fb83006[GTASA]: ViewPostIme pointer 0
11-21 20:30:14.870 4012 4012 D DecorView: semSetRoundedCorners: 5
11-21 20:30:14.887 4012 4012 D DecorView: semSetRoundedCorners: 5
11-21 20:30:14.904 4012 4012 D DecorView: semSetRoundedCorners: 5
11-21 20:30:14.920 4012 4012 D DecorView: semSetRoundedCorners: 5
11-21 20:30:14.937 4012 4012 D DecorView: semSetRoundedCorners: 5
11-21 20:30:14.953 4012 4012 D DecorView: semSetRoundedCorners: 5
11-21 20:30:14.971 4012 4012 D DecorView: semSetRoundedCorners: 5
11-21 20:30:14.987 4012 4012 D DecorView: semSetRoundedCorners: 5
11-21 20:30:15.004 4012 4012 D DecorView: semSetRoundedCorners: 5
11-21 20:30:15.020 4012 4012 D DecorView: semSetRoundedCorners: 5
11-21 20:30:15.037 4012 4012 D DecorView: semSetRoundedCorners: 5
11-21 20:30:15.054 4012 4012 D DecorView: semSetRoundedCorners: 5
11-21 20:30:15.071 4012 4012 D DecorView: semSetRoundedCorners: 5
11-21 20:30:15.087 4012 4012 D DecorView: semSetRoundedCorners: 5
11-21 20:30:15.104 4012 4012 D DecorView: semSetRoundedCorners: 5
11-21 20:30:15.121 4012 4012 D DecorView: semSetRoundedCorners: 5
11-21 20:30:15.138 4012 4012 D DecorView: semSetRoundedCorners: 5
11-21 20:30:15.154 4012 4012 D DecorView: semSetRoundedCorners: 5
11-21 20:30:15.171 4012 4012 D DecorView: semSetRoundedCorners: 5
11-21 20:30:15.187 4012 4012 D DecorView: semSetRoundedCorners: 5
11-21 20:30:15.204 4012 4012 D DecorView: semSetRoundedCorners: 5
11-21 20:30:15.221 4012 4012 D DecorView: semSetRoundedCorners: 5
11-21 20:30:15.238 4012 4012 D DecorView: semSetRoundedCorners: 5
11-21 20:30:15.254 4012 4012 D DecorView: semSetRoundedCorners: 5
