11-21 20:34:31.155 4012 4012 D DecorView: semSetRoundedCorners: 5
11-21 20:34:31.172 4012 4012 D DecorView: semSetRoundedCorners: 5
11-21 20:34:31.188 4012 4012 D DecorView: semSetRoundedCorners: 5
11-21 20:34:31.204 4012 4012 D DecorView: semSetRoundedCorners: 5
11-21 20:34:31.221 4012 4012 D DecorView: semSetRoundedCorners: 5
11-21 20:34:31.238 4012 4012 D DecorView: semSetRoundedCorners: 5
11-21 20:34:31.255 4012 4012 D DecorView: semSetRoundedCorners: 5
11-21 20:34:31.271 4012 4012 D DecorView: semSetRoundedCorners: 5
11-21 20:34:31.288 4012 4012 D DecorView: semSetRoundedCorners: 5
11-21 20:34:31.305 4012 4012 D DecorView: semSetRoundedCorners: 5
11-21 20:34:31.338 4012 4012 D DecorView: semSetRoundedCorners: 5
11-21 20:34:31.355 4012 4012 D DecorView: semSetRoundedCorners: 5
11-21 20:34:31.371 4012 4012 D DecorView: semSetRoundedCorners: 5
11-21 20:34:31.388 4012 4012 D DecorView: semSetRoundedCorners: 5
11-21 20:34:31.405 4012 4012 D DecorView: semSetRoundedCorners: 5
11-21 20:34:31.421 4012 4012 D DecorView: semSetRoundedCorners: 5
11-21 20:34:31.438 4012 4012 D DecorView: semSetRoundedCorners: 5
11-21 20:34:31.455 4012 4012 D DecorView: semSetRoundedCorners: 5
11-21 20:34:31.472 4012 4012 D DecorView: semSetRoundedCorners: 5
11-21 20:34:31.488 4012 4012 D DecorView: semSetRoundedCorners: 5
11-21 20:34:31.505 4012 4012 D DecorView: semSetRoundedCorners: 5
11-21 20:34:31.522 4012 4012 D DecorView: semSetRoundedCorners: 5
11-21 20:34:31.539 4012 4012 D DecorView: semSetRoundedCorners: 5
11-21 20:34:31.556 4012 4012 D DecorView: semSetRoundedCorners: 5
11-21 20:34:31.572 4012 4012 D DecorView: semSetRoundedCorners: 5
11-21 20:34:31.589 4012 4012 D DecorView: semSetRoundedCorners: 5
11-21 20:34:31.606 4012 4012 D DecorView: semSetRoundedCorners: 5
11-21 20:34:31.622 4012 4012 D DecorView: semSetRoundedCorners: 5
11-21 20:34:31.639 4012 4012 D DecorView: semSetRoundedCorners: 5
11-21 20:34:31.650 4012 5465 I AXL : RPC: WorldVehicleAdd
11-21 20:34:31.650 4012 5465 I AXL : [IsModelLoaded] iModelID: 503
11-21 20:34:31.650 4012 5465 I AXL : IsModelLoaded false!
11-21 20:34:31.650 4012 5465 I AXL : Warning: car model not preloaded. 503
11-21 20:34:31.650 4012 5465 I AXL : RequestModel
11-21 20:34:31.650 4012 5465 I AXL : RequestModel done!
11-21 20:34:31.650 4012 5465 I AXL : LoadRequestedModels
11-21 20:34:31.656 4012 4012 D DecorView: semSetRoundedCorners: 5
11-21 20:34:31.693 4012 5465 I AXL : LoadRequestedModels done!
11-21 20:34:31.693 4012 5465 I AXL : [IsModelLoaded] iModelID: 503
11-21 20:34:31.693 4012 5465 I AXL : IsModelLoaded true!
11-21 20:34:31.693 4012 5465 I AXL : Car model was preloaded. 503
11-21 20:34:31.695 4012 5465 I AXL : RPC: WorldVehicleAdd,
NewVehicle.iVehicleType: 503
11-21 20:34:31.695 4012 5465 I AXL : RPC: ScrNumberPlate
11-21 20:34:31.695 4012 5465 I AXL : RPC: ScrVehicleParamsEx
11-21 20:34:31.695 4012 5465 I AXL : RPC_CUSTOM_HANDLING
11-21 20:34:31.695 4012 5465 I AXL : copy handling 69
11-21 20:34:31.695 4012 5465 I AXL : RPC_CUSTOM_VISUALS
11-21 20:34:31.695 4012 5465 I AXL : RPC_CUSTOM_BODYWORK
11-21 20:34:31.695 4012 5465 I AXL : [IsModelLoaded] iModelID: 4526
11-21 20:34:31.695 4012 5465 I AXL : IsModelLoaded true!
11-21 20:34:31.712 4012 4012 D DecorView: semSetRoundedCorners: 5
11-21 20:34:31.724 4012 4012 D DecorView: semSetRoundedCorners: 5
11-21 20:34:31.739 4012 4012 D DecorView: semSetRoundedCorners: 5
11-21 20:34:31.756 4012 4012 D DecorView: semSetRoundedCorners: 5
11-21 20:34:31.773 4012 4012 D DecorView: semSetRoundedCorners: 5
11-21 20:34:31.789 4012 4012 D DecorView: semSetRoundedCorners: 5
11-21 20:34:31.806 4012 4012 D DecorView: semSetRoundedCorners: 5
11-21 20:34:31.823 4012 4012 D DecorView: semSetRoundedCorners: 5
11-21 20:34:31.840 4012 4012 D DecorView: semSetRoundedCorners: 5
11-21 20:34:31.856 4012 4012 D DecorView: semSetRoundedCorners: 5
11-21 20:34:31.873 4012 4012 D DecorView: semSetRoundedCorners: 5
11-21 20:34:31.890 4012 4012 D DecorView: semSetRoundedCorners: 5
11-21 20:34:31.912 4012 4012 D DecorView: semSetRoundedCorners: 5
11-21 20:34:31.923 4012 4012 D DecorView: semSetRoundedCorners: 5
11-21 20:34:31.940 4012 4012 D DecorView: semSetRoundedCorners: 5
11-21 20:34:31.957 4012 4012 D DecorView: semSetRoundedCorners: 5
11-21 20:34:31.980 4012 4012 D DecorView: semSetRoundedCorners: 5
11-21 20:34:31.988 4012 5465 I AXL : RPC: ScrClearPlayerAnimations
11-21 20:34:31.990 4012 4012 D DecorView: semSetRoundedCorners: 5
11-21 20:34:32.011 4012 4012 D DecorView: semSetRoundedCorners: 5
11-21 20:34:32.024 4012 4012 D DecorView: semSetRoundedCorners: 5
11-21 20:34:32.041 4012 4012 D DecorView: semSetRoundedCorners: 5
11-21 20:34:32.058 4012 4012 D DecorView: semSetRoundedCorners: 5
11-21 20:34:32.080 4012 4012 D DecorView: semSetRoundedCorners: 5
11-21 20:34:32.091 4012 4012 D DecorView: semSetRoundedCorners: 5
11-21 20:34:32.107 4012 4012 D DecorView: semSetRoundedCorners: 5
11-21 20:34:32.124 4012 4012 D DecorView: semSetRoundedCorners: 5
11-21 20:34:32.141 4012 4012 D DecorView: semSetRoundedCorners: 5
11-21 20:34:32.163 4012 4012 D DecorView: semSetRoundedCorners: 5
11-21 20:34:32.174 4012 4012 D DecorView: semSetRoundedCorners: 5
11-21 20:34:32.191 4012 4012 D DecorView: semSetRoundedCorners: 5
11-21 20:34:32.207 4012 4012 D DecorView: semSetRoundedCorners: 5
11-21 20:34:32.225 4012 4012 D DecorView: semSetRoundedCorners: 5
11-21 20:34:32.242 4012 4012 D DecorView: semSetRoundedCorners: 5
11-21 20:34:32.258 4012 4012 D DecorView: semSetRoundedCorners: 5
11-21 20:34:32.274 4012 4012 D DecorView: semSetRoundedCorners: 5
11-21 20:34:32.292 4012 4012 D DecorView: semSetRoundedCorners: 5
11-21 20:34:32.308 4012 4012 D DecorView: semSetRoundedCorners: 5
11-21 20:34:32.325 4012 4012 D DecorView: semSetRoundedCorners: 5
11-21 20:34:32.342 4012 4012 D DecorView: semSetRoundedCorners: 5
11-21 20:34:32.359 4012 4012 D DecorView: semSetRoundedCorners: 5
11-21 20:34:32.376 4012 4012 D DecorView: semSetRoundedCorners: 5
11-21 20:34:32.392 4012 4012 D DecorView: semSetRoundedCorners: 5
11-21 20:34:32.409 4012 4012 D DecorView: semSetRoundedCorners: 5
11-21 20:34:32.426 4012 4012 D DecorView: semSetRoundedCorners: 5
11-21 20:34:32.442 4012 4012 D DecorView: semSetRoundedCorners: 5
11-21 20:34:32.458 4012 4012 D DecorView: semSetRoundedCorners: 5
11-21 20:34:32.492 4012 4012 D DecorView: semSetRoundedCorners: 5
11-21 20:34:32.509 4012 4012 D DecorView: semSetRoundedCorners: 5
11-21 20:34:32.525 4012 4012 D DecorView: semSetRoundedCorners: 5
11-21 20:34:32.542 4012 4012 D DecorView: semSetRoundedCorners: 5
11-21 20:34:32.559 4012 4012 D DecorView: semSetRoundedCorners: 5
11-21 20:34:32.571 4012 5465 I AXL : RPC: ScrSetPlayerColor
11-21 20:34:32.571 4012 5465 I AXL : RPC: ScrSetPlayerColor
11-21 20:34:32.576 4012 4012 D DecorView: semSetRoundedCorners: 5
11-21 20:34:32.593 4012 4012 D DecorView: semSetRoundedCorners: 5
11-21 20:34:32.610 4012 4012 D DecorView: semSetRoundedCorners: 5
11-21 20:34:32.626 4012 4012 D DecorView: semSetRoundedCorners: 5
11-21 20:34:32.644 4012 4012 D DecorView: semSetRoundedCorners: 5
11-21 20:34:32.659 4012 4012 D DecorView: semSetRoundedCorners: 5
11-21 20:34:32.677 4012 4012 D DecorView: semSetRoundedCorners: 5
11-21 20:34:32.693 4012 4012 D DecorView: semSetRoundedCorners: 5
11-21 20:34:32.710 4012 4012 D DecorView: semSetRoundedCorners: 5
11-21 20:34:32.726 4012 4012 D DecorView: semSetRoundedCorners: 5
11-21 20:34:32.759 4012 4012 D DecorView: semSetRoundedCorners: 5
11-21 20:34:32.776 4012 4012 D DecorView: semSetRoundedCorners: 5
11-21 20:34:32.793 4012 4012 D DecorView: semSetRoundedCorners: 5
11-21 20:34:32.810 4012 4012 D DecorView: semSetRoundedCorners: 5
11-21 20:34:32.827 4012 4012 D DecorView: semSetRoundedCorners: 5
11-21 20:34:32.843 4012 4012 D DecorView: semSetRoundedCorners: 5
11-21 20:34:32.860 4012 4012 D DecorView: semSetRoundedCorners: 5
11-21 20:34:32.877 4012 4012 D DecorView: semSetRoundedCorners: 5
11-21 20:34:32.888 4012 5465 I AXL : RPC: WorldVehicleAdd
11-21 20:34:32.888 4012 5465 I AXL : [IsModelLoaded] iModelID: 467
11-21 20:34:32.888 4012 5465 I AXL : IsModelLoaded false!
11-21 20:34:32.888 4012 5465 I AXL : Warning: car model not preloaded. 467
11-21 20:34:32.888 4012 5465 I AXL : RequestModel
11-21 20:34:32.888 4012 5465 I AXL : RequestModel done!
11-21 20:34:32.888 4012 5465 I AXL : LoadRequestedModels
11-21 20:34:32.910 4012 4012 D DecorView: semSetRoundedCorners: 5
11-21 20:34:32.918 4012 5465 I AXL : LoadRequestedModels done!
11-21 20:34:32.918 4012 5465 I AXL : [IsModelLoaded] iModelID: 467
11-21 20:34:32.919 4012 5465 I AXL : IsModelLoaded true!
11-21 20:34:32.919 4012 5465 I AXL : Car model was preloaded. 467
11-21 20:34:32.919 4012 5465 I AXL : RPC: WorldVehicleAdd,
NewVehicle.iVehicleType: 467
11-21 20:34:32.919 4012 5465 I AXL : RPC: ScrNumberPlate
11-21 20:34:32.919 4012 5465 I AXL : RPC: ScrVehicleParamsEx
11-21 20:34:32.919 4012 5465 I AXL : RPC_CUSTOM_HANDLING
11-21 20:34:32.919 4012 5465 I AXL : copy handling 53
11-21 20:34:32.920 4012 5465 I AXL : RPC_CUSTOM_VISUALS
11-21 20:34:32.920 4012 5465 I AXL : RPC_CUSTOM_BODYWORK
11-21 20:34:32.920 4012 5465 I AXL : Removing from vehicle..
11-21 20:34:32.920 4012 5465 I AXL : Setting flag state..
11-21 20:34:32.920 4012 5465 I AXL : Calling destructor..
11-21 20:34:32.920 4012 5465 I AXL : PlayerPed Destroyed
11-21 20:34:32.920 4012 5465 I AXL : [IsModelLoaded] iModelID: 301
11-21 20:34:32.920 4012 5465 I AXL : IsModelLoaded true!
11-21 20:34:32.943 4012 4012 D DecorView: semSetRoundedCorners: 5
11-21 20:34:32.960 4012 4012 D DecorView: semSetRoundedCorners: 5
11-21 20:34:32.977 4012 4012 D DecorView: semSetRoundedCorners: 5
11-21 20:34:32.993 4012 4012 D DecorView: semSetRoundedCorners: 5
11-21 20:34:33.010 4012 4012 D DecorView: semSetRoundedCorners: 5
11-21 20:34:33.027 4012 4012 D DecorView: semSetRoundedCorners: 5
11-21 20:34:33.044 4012 4012 D DecorView: semSetRoundedCorners: 5
11-21 20:34:33.060 4012 4012 D DecorView: semSetRoundedCorners: 5
11-21 20:34:33.077 4012 4012 D DecorView: semSetRoundedCorners: 5
11-21 20:34:33.094 4012 4012 D DecorView: semSetRoundedCorners: 5
11-21 20:34:33.110 4012 4012 D DecorView: semSetRoundedCorners: 5
11-21 20:34:33.127 4012 4012 D DecorView: semSetRoundedCorners: 5
11-21 20:34:33.144 4012 4012 D DecorView: semSetRoundedCorners: 5
11-21 20:34:33.161 4012 4012 D DecorView: semSetRoundedCorners: 5
11-21 20:34:33.177 4012 4012 D DecorView: semSetRoundedCorners: 5
11-21 20:34:33.194 4012 4012 D DecorView: semSetRoundedCorners: 5
11-21 20:34:33.211 4012 4012 D DecorView: semSetRoundedCorners: 5
11-21 20:34:33.228 4012 4012 D DecorView: semSetRoundedCorners: 5
11-21 20:34:33.245 4012 4012 D DecorView: semSetRoundedCorners: 5
11-21 20:34:33.261 4012 4012 D DecorView: semSetRoundedCorners: 5
11-21 20:34:33.278 4012 4012 D DecorView: semSetRoundedCorners: 5
11-21 20:34:33.295 4012 4012 D DecorView: semSetRoundedCorners: 5
11-21 20:34:33.311 4012 4012 D DecorView: semSetRoundedCorners: 5
11-21 20:34:33.333 4012 4012 D DecorView: semSetRoundedCorners: 5
11-21 20:34:33.345 4012 4012 D DecorView: semSetRoundedCorners: 5
11-21 20:34:33.362 4012 4012 D DecorView: semSetRoundedCorners: 5
11-21 20:34:33.378 4012 4012 D DecorView: semSetRoundedCorners: 5
11-21 20:34:33.395 4012 4012 D DecorView: semSetRoundedCorners: 5
11-21 20:34:33.412 4012 4012 D DecorView: semSetRoundedCorners: 5
11-21 20:34:33.428 4012 4012 D DecorView: semSetRoundedCorners: 5
11-21 20:34:33.452 4012 4012 D DecorView: semSetRoundedCorners: 5
11-21 20:34:33.467 4012 4012 D DecorView: semSetRoundedCorners: 5
11-21 20:34:33.479 4012 4012 D DecorView: semSetRoundedCorners: 5
11-21 20:34:33.496 4012 4012 D DecorView: semSetRoundedCorners: 5
11-21 20:34:33.512 4012 4012 D DecorView: semSetRoundedCorners: 5
11-21 20:34:33.529 4012 4012 D DecorView: semSetRoundedCorners: 5
11-21 20:34:33.545 4012 4012 D DecorView: semSetRoundedCorners: 5
11-21 20:34:33.562 4012 4012 D DecorView: semSetRoundedCorners: 5
11-21 20:34:33.579 4012 4012 D DecorView: semSetRoundedCorners: 5
11-21 20:34:33.596 4012 4012 D DecorView: semSetRoundedCorners: 5
11-21 20:34:33.612 4012 4012 D DecorView: semSetRoundedCorners: 5
11-21 20:34:33.634 4012 4012 D DecorView: semSetRoundedCorners: 5
11-21 20:34:33.644 4012 5465 I AXL : RPC: ScrSetPlayerColor
11-21 20:34:33.652 4012 4012 D DecorView: semSetRoundedCorners: 5
11-21 20:34:33.663 4012 4012 D DecorView: semSetRoundedCorners: 5
11-21 20:34:33.678 4012 5465 I AXL : RPC: ScrVehicleParamsEx
11-21 20:34:33.684 4012 4012 D DecorView: semSetRoundedCorners: 5
11-21 20:34:33.696 4012 4012 D DecorView: semSetRoundedCorners: 5
11-21 20:34:33.713 4012 4012 D DecorView: semSetRoundedCorners: 5
11-21 20:34:33.730 4012 4012 D DecorView: semSetRoundedCorners: 5
11-21 20:34:33.747 4012 4012 D DecorView: semSetRoundedCorners: 5
11-21 20:34:33.763 4012 4012 D DecorView: semSetRoundedCorners: 5
11-21 20:34:33.780 4012 4012 D DecorView: semSetRoundedCorners: 5
11-21 20:34:33.796 4012 4012 D DecorView: semSetRoundedCorners: 5
11-21 20:34:33.813 4012 4012 D DecorView: semSetRoundedCorners: 5
11-21 20:34:33.830 4012 4012 D DecorView: semSetRoundedCorners: 5
11-21 20:34:33.847 4012 4012 D DecorView: semSetRoundedCorners: 5
11-21 20:34:33.863 4012 4012 D DecorView: semSetRoundedCorners: 5
11-21 20:34:33.880 4012 4012 D DecorView: semSetRoundedCorners: 5
11-21 20:34:33.897 4012 4012 D DecorView: semSetRoundedCorners: 5
11-21 20:34:33.914 4012 4012 D DecorView: semSetRoundedCorners: 5
11-21 20:34:33.931 4012 4012 D DecorView: semSetRoundedCorners: 5
11-21 20:34:33.947 4012 4012 D DecorView: semSetRoundedCorners: 5
11-21 20:34:33.964 4012 4012 D DecorView: semSetRoundedCorners: 5
11-21 20:34:33.981 4012 4012 D DecorView: semSetRoundedCorners: 5
11-21 20:34:33.997 4012 4012 D DecorView: semSetRoundedCorners: 5
11-21 20:34:34.019 4012 4012 D DecorView: semSetRoundedCorners: 5
11-21 20:34:34.031 4012 4012 D DecorView: semSetRoundedCorners: 5
11-21 20:34:34.047 4012 4012 D DecorView: semSetRoundedCorners: 5
11-21 20:34:34.064 4012 4012 D DecorView: semSetRoundedCorners: 5
11-21 20:34:34.088 4012 4012 D DecorView: semSetRoundedCorners: 5
11-21 20:34:34.098 4012 4012 D DecorView: semSetRoundedCorners: 5
11-21 20:34:34.114 4012 4012 D DecorView: semSetRoundedCorners: 5
11-21 20:34:34.147 4012 4012 D DecorView: semSetRoundedCorners: 5
11-21 20:34:34.165 4012 4012 D DecorView: semSetRoundedCorners: 5
11-21 20:34:34.183 4012 4012 D DecorView: semSetRoundedCorners: 5
11-21 20:34:34.199 4012 4012 D DecorView: semSetRoundedCorners: 5
11-21 20:34:34.217 4012 4012 D DecorView: semSetRoundedCorners: 5
11-21 20:34:34.233 4012 4012 D DecorView: semSetRoundedCorners: 5
11-21 20:34:34.249 4012 4012 D DecorView: semSetRoundedCorners: 5
11-21 20:34:34.265 4012 4012 D DecorView: semSetRoundedCorners: 5
11-21 20:34:34.282 4012 4012 D DecorView: semSetRoundedCorners: 5
11-21 20:34:34.299 4012 4012 D DecorView: semSetRoundedCorners: 5
11-21 20:34:34.316 4012 4012 D DecorView: semSetRoundedCorners: 5
11-21 20:34:34.333 4012 4012 D DecorView: semSetRoundedCorners: 5
11-21 20:34:34.348 4012 4012 D DecorView: semSetRoundedCorners: 5
11-21 20:34:34.365 4012 4012 D DecorView: semSetRoundedCorners: 5
11-21 20:34:34.383 4012 4012 D DecorView: semSetRoundedCorners: 5
11-21 20:34:34.398 4012 4012 D DecorView: semSetRoundedCorners: 5
11-21 20:34:34.416 4012 4012 D DecorView: semSetRoundedCorners: 5
11-21 20:34:34.433 4012 4012 D DecorView: semSetRoundedCorners: 5
11-21 20:34:34.449 4012 4012 D DecorView: semSetRoundedCorners: 5
11-21 20:34:34.466 4012 4012 D DecorView: semSetRoundedCorners: 5
11-21 20:34:34.482 4012 4012 D DecorView: semSetRoundedCorners: 5
11-21 20:34:34.501 4012 4012 D DecorView: semSetRoundedCorners: 5
11-21 20:34:34.516 4012 4012 D DecorView: semSetRoundedCorners: 5
11-21 20:34:34.533 4012 4012 D DecorView: semSetRoundedCorners: 5
11-21 20:34:34.552 4012 4012 D DecorView: semSetRoundedCorners: 5
11-21 20:34:34.566 4012 4012 D DecorView: semSetRoundedCorners: 5
11-21 20:34:34.583 4012 4012 D DecorView: semSetRoundedCorners: 5
11-21 20:34:34.599 4012 4012 D DecorView: semSetRoundedCorners: 5
11-21 20:34:34.617 4012 4012 D DecorView: semSetRoundedCorners: 5
11-21 20:34:34.633 4012 4012 D DecorView: semSetRoundedCorners: 5
11-21 20:34:34.650 4012 4012 D DecorView: semSetRoundedCorners: 5
11-21 20:34:34.666 4012 4012 D DecorView: semSetRoundedCorners: 5
11-21 20:34:34.684 4012 4012 D DecorView: semSetRoundedCorners: 5
11-21 20:34:34.700 4012 4012 D DecorView: semSetRoundedCorners: 5
11-21 20:34:34.716 4012 4012 D DecorView: semSetRoundedCorners: 5
11-21 20:34:34.733 4012 4012 D DecorView: semSetRoundedCorners: 5
11-21 20:34:34.750 4012 4012 D DecorView: semSetRoundedCorners: 5
11-21 20:34:34.767 4012 4012 D DecorView: semSetRoundedCorners: 5
11-21 20:34:34.785 4012 4012 D DecorView: semSetRoundedCorners: 5
11-21 20:34:34.800 4012 4012 D DecorView: semSetRoundedCorners: 5
11-21 20:34:34.817 4012 4012 D DecorView: semSetRoundedCorners: 5
11-21 20:34:34.834 4012 4012 D DecorView: semSetRoundedCorners: 5
11-21 20:34:34.850 4012 4012 D DecorView: semSetRoundedCorners: 5
11-21 20:34:34.867 4012 4012 D DecorView: semSetRoundedCorners: 5
11-21 20:34:34.900 4012 4012 D DecorView: semSetRoundedCorners: 5
11-21 20:34:34.917 4012 4012 D DecorView: semSetRoundedCorners: 5
11-21 20:34:34.934 4012 4012 D DecorView: semSetRoundedCorners: 5
11-21 20:34:34.950 4012 4012 D DecorView: semSetRoundedCorners: 5
11-21 20:34:34.967 4012 4012 D DecorView: semSetRoundedCorners: 5
11-21 20:34:34.985 4012 4012 D DecorView: semSetRoundedCorners: 5
11-21 20:34:35.001 4012 4012 D DecorView: semSetRoundedCorners: 5
11-21 20:34:35.018 4012 4012 D DecorView: semSetRoundedCorners: 5
11-21 20:34:35.035 4012 4012 D DecorView: semSetRoundedCorners: 5
11-21 20:34:35.052 4012 4012 D DecorView: semSetRoundedCorners: 5
11-21 20:34:35.068 4012 4012 D DecorView: semSetRoundedCorners: 5
11-21 20:34:35.085 4012 4012 D DecorView: semSetRoundedCorners: 5
11-21 20:34:35.101 4012 4012 D DecorView: semSetRoundedCorners: 5
11-21 20:34:35.118 4012 4012 D DecorView: semSetRoundedCorners: 5
11-21 20:34:35.135 4012 4012 D DecorView: semSetRoundedCorners: 5
11-21 20:34:35.152 4012 4012 D DecorView: semSetRoundedCorners: 5
11-21 20:34:35.168 4012 4012 D DecorView: semSetRoundedCorners: 5
11-21 20:34:35.185 4012 4012 D DecorView: semSetRoundedCorners: 5
11-21 20:34:35.202 4012 4012 D DecorView: semSetRoundedCorners: 5
11-21 20:34:35.219 4012 4012 D DecorView: semSetRoundedCorners: 5
11-21 20:34:35.236 4012 4012 D DecorView: semSetRoundedCorners: 5
11-21 20:34:35.252 4012 4012 D DecorView: semSetRoundedCorners: 5
11-21 20:34:35.269 4012 4012 D DecorView: semSetRoundedCorners: 5
11-21 20:34:35.285 4012 4012 D DecorView: semSetRoundedCorners: 5
11-21 20:34:35.302 4012 4012 D DecorView: semSetRoundedCorners: 5
11-21 20:34:35.319 4012 4012 D DecorView: semSetRoundedCorners: 5
11-21 20:34:35.336 4012 4012 D DecorView: semSetRoundedCorners: 5
11-21 20:34:35.352 4012 4012 D DecorView: semSetRoundedCorners: 5
11-21 20:34:35.369 4012 4012 D DecorView: semSetRoundedCorners: 5
11-21 20:34:35.386 4012 4012 D DecorView: semSetRoundedCorners: 5
11-21 20:34:35.403 4012 4012 D DecorView: semSetRoundedCorners: 5
11-21 20:34:35.419 4012 4012 D DecorView: semSetRoundedCorners: 5
11-21 20:34:35.436 4012 4012 D DecorView: semSetRoundedCorners: 5
11-21 20:34:35.453 4012 4012 D DecorView: semSetRoundedCorners: 5
11-21 20:34:35.470 4012 4012 D DecorView: semSetRoundedCorners: 5
11-21 20:34:35.485 4012 4012 D DecorView: semSetRoundedCorners: 5
11-21 20:34:35.504 4012 4012 D DecorView: semSetRoundedCorners: 5
11-21 20:34:35.520 4012 4012 D DecorView: semSetRoundedCorners: 5
11-21 20:34:35.536 4012 4012 D DecorView: semSetRoundedCorners: 5
11-21 20:34:35.554 4012 4012 D DecorView: semSetRoundedCorners: 5
11-21 20:34:35.570 4012 4012 D DecorView: semSetRoundedCorners: 5
11-21 20:34:35.586 4012 4012 D DecorView: semSetRoundedCorners: 5
11-21 20:34:35.604 4012 4012 D DecorView: semSetRoundedCorners: 5
11-21 20:34:35.619 4012 4012 D DecorView: semSetRoundedCorners: 5
11-21 20:34:35.637 4012 4012 D DecorView: semSetRoundedCorners: 5
11-21 20:34:35.653 4012 4012 D DecorView: semSetRoundedCorners: 5
11-21 20:34:35.670 4012 4012 D DecorView: semSetRoundedCorners: 5
11-21 20:34:35.686 4012 4012 D DecorView: semSetRoundedCorners: 5
11-21 20:34:35.704 4012 4012 D DecorView: semSetRoundedCorners: 5
11-21 20:34:35.720 4012 4012 D DecorView: semSetRoundedCorners: 5
11-21 20:34:35.737 4012 4012 D DecorView: semSetRoundedCorners: 5
11-21 20:34:35.754 4012 4012 D DecorView: semSetRoundedCorners: 5
11-21 20:34:35.771 4012 4012 D DecorView: semSetRoundedCorners: 5
11-21 20:34:35.787 4012 4012 D DecorView: semSetRoundedCorners: 5
11-21 20:34:35.804 4012 4012 D DecorView: semSetRoundedCorners: 5
11-21 20:34:35.821 4012 4012 D DecorView: semSetRoundedCorners: 5
11-21 20:34:35.837 4012 4012 D DecorView: semSetRoundedCorners: 5
11-21 20:34:35.855 4012 4012 D DecorView: semSetRoundedCorners: 5
11-21 20:34:35.871 4012 4012 D DecorView: semSetRoundedCorners: 5
11-21 20:34:35.888 4012 4012 D DecorView: semSetRoundedCorners: 5
11-21 20:34:35.904 4012 4012 D DecorView: semSetRoundedCorners: 5
11-21 20:34:35.921 4012 4012 D DecorView: semSetRoundedCorners: 5
11-21 20:34:35.938 4012 4012 D DecorView: semSetRoundedCorners: 5
11-21 20:34:35.955 4012 4012 D DecorView: semSetRoundedCorners: 5
11-21 20:34:35.972 4012 4012 D DecorView: semSetRoundedCorners: 5
11-21 20:34:35.988 4012 4012 D DecorView: semSetRoundedCorners: 5
11-21 20:34:36.005 4012 4012 D DecorView: semSetRoundedCorners: 5
11-21 20:34:36.022 4012 4012 D DecorView: semSetRoundedCorners: 5
11-21 20:34:36.038 4012 4012 D DecorView: semSetRoundedCorners: 5
11-21 20:34:36.055 4012 4012 D DecorView: semSetRoundedCorners: 5
11-21 20:34:36.072 4012 4012 D DecorView: semSetRoundedCorners: 5
11-21 20:34:36.088 4012 4012 D DecorView: semSetRoundedCorners: 5
11-21 20:34:36.105 4012 4012 D DecorView: semSetRoundedCorners: 5
11-21 20:34:36.121 4012 4012 D DecorView: semSetRoundedCorners: 5
11-21 20:34:36.138 4012 4012 D DecorView: semSetRoundedCorners: 5
11-21 20:34:36.156 4012 4012 D DecorView: semSetRoundedCorners: 5
11-21 20:34:36.173 4012 4012 D DecorView: semSetRoundedCorners: 5
11-21 20:34:36.188 4012 4012 D DecorView: semSetRoundedCorners: 5
11-21 20:34:36.205 4012 4012 D DecorView: semSetRoundedCorners: 5
11-21 20:34:36.222 4012 4012 D DecorView: semSetRoundedCorners: 5
11-21 20:34:36.239 4012 4012 D DecorView: semSetRoundedCorners: 5
11-21 20:34:36.255 4012 4012 D DecorView: semSetRoundedCorners: 5
11-21 20:34:36.273 4012 4012 D DecorView: semSetRoundedCorners: 5
11-21 20:34:36.289 4012 4012 D DecorView: semSetRoundedCorners: 5
11-21 20:34:36.305 4012 4012 D DecorView: semSetRoundedCorners: 5
11-21 20:34:36.323 4012 4012 D DecorView: semSetRoundedCorners: 5
11-21 20:34:36.339 4012 4012 D DecorView: semSetRoundedCorners: 5
11-21 20:34:36.356 4012 4012 D DecorView: semSetRoundedCorners: 5
11-21 20:34:36.373 4012 4012 D DecorView: semSetRoundedCorners: 5
11-21 20:34:36.389 4012 4012 D DecorView: semSetRoundedCorners: 5
11-21 20:34:36.406 4012 4012 D DecorView: semSetRoundedCorners: 5
11-21 20:34:36.424 4012 4012 D DecorView: semSetRoundedCorners: 5
11-21 20:34:36.440 4012 4012 D DecorView: semSetRoundedCorners: 5
11-21 20:34:36.458 4012 4012 D DecorView: semSetRoundedCorners: 5
11-21 20:34:36.473 4012 4012 D DecorView: semSetRoundedCorners: 5
11-21 20:34:36.490 4012 4012 D DecorView: semSetRoundedCorners: 5
11-21 20:34:36.506 4012 4012 D DecorView: semSetRoundedCorners: 5
11-21 20:34:36.524 4012 4012 D DecorView: semSetRoundedCorners: 5
11-21 20:34:36.540 4012 4012 D DecorView: semSetRoundedCorners: 5
11-21 20:34:36.556 4012 4012 D DecorView: semSetRoundedCorners: 5
11-21 20:34:36.573 4012 4012 D DecorView: semSetRoundedCorners: 5
11-21 20:34:36.590 4012 4012 D DecorView: semSetRoundedCorners: 5
11-21 20:34:36.607 4012 4012 D DecorView: semSetRoundedCorners: 5
11-21 20:34:36.624 4012 4012 D DecorView: semSetRoundedCorners: 5
11-21 20:34:36.640 4012 4012 D DecorView: semSetRoundedCorners: 5
11-21 20:34:36.657 4012 4012 D DecorView: semSetRoundedCorners: 5
11-21 20:34:36.674 4012 4012 D DecorView: semSetRoundedCorners: 5
11-21 20:34:36.691 4012 4012 D DecorView: semSetRoundedCorners: 5
11-21 20:34:36.707 4012 4012 D DecorView: semSetRoundedCorners: 5
11-21 20:34:36.724 4012 4012 D DecorView: semSetRoundedCorners: 5
11-21 20:34:36.741 4012 4012 D DecorView: semSetRoundedCorners: 5
11-21 20:34:36.758 4012 4012 D DecorView: semSetRoundedCorners: 5
11-21 20:34:36.775 4012 4012 D DecorView: semSetRoundedCorners: 5
11-21 20:34:36.791 4012 4012 D DecorView: semSetRoundedCorners: 5
11-21 20:34:36.807 4012 4012 D DecorView: semSetRoundedCorners: 5
11-21 20:34:36.824 4012 4012 D DecorView: semSetRoundedCorners: 5
11-21 20:34:36.841 4012 4012 D DecorView: semSetRoundedCorners: 5
11-21 20:34:36.857 4012 4012 D DecorView: semSetRoundedCorners: 5
11-21 20:34:36.875 4012 4012 D DecorView: semSetRoundedCorners: 5
11-21 20:34:36.892 4012 4012 D DecorView: semSetRoundedCorners: 5
11-21 20:34:36.908 4012 4012 D DecorView: semSetRoundedCorners: 5
11-21 20:34:36.924 4012 4012 D DecorView: semSetRoundedCorners: 5
11-21 20:34:36.941 4012 4012 D DecorView: semSetRoundedCorners: 5
11-21 20:34:36.958 4012 4012 D DecorView: semSetRoundedCorners: 5
11-21 20:34:36.976 4012 4012 D DecorView: semSetRoundedCorners: 5
11-21 20:34:36.993 4012 4012 D DecorView: semSetRoundedCorners: 5
11-21 20:34:37.008 4012 4012 D DecorView: semSetRoundedCorners: 5
11-21 20:34:37.025 4012 4012 D DecorView: semSetRoundedCorners: 5
11-21 20:34:37.042 4012 4012 D DecorView: semSetRoundedCorners: 5
11-21 20:34:37.058 4012 4012 D DecorView: semSetRoundedCorners: 5
11-21 20:34:37.076 4012 4012 D DecorView: semSetRoundedCorners: 5
11-21 20:34:37.092 4012 4012 D DecorView: semSetRoundedCorners: 5
11-21 20:34:37.108 4012 4012 D DecorView: semSetRoundedCorners: 5
11-21 20:34:37.125 4012 4012 D DecorView: semSetRoundedCorners: 5
11-21 20:34:37.142 4012 4012 D DecorView: semSetRoundedCorners: 5
11-21 20:34:37.159 4012 4012 D DecorView: semSetRoundedCorners: 5
11-21 20:34:37.176 4012 4012 D DecorView: semSetRoundedCorners: 5
11-21 20:34:37.192 4012 4012 D DecorView: semSetRoundedCorners: 5
11-21 20:34:37.209 4012 4012 D DecorView: semSetRoundedCorners: 5
11-21 20:34:37.225 4012 4012 D DecorView: semSetRoundedCorners: 5
11-21 20:34:37.243 4012 4012 D DecorView: semSetRoundedCorners: 5
11-21 20:34:37.259 4012 4012 D DecorView: semSetRoundedCorners: 5
11-21 20:34:37.276 4012 4012 D DecorView: semSetRoundedCorners: 5
11-21 20:34:37.293 4012 4012 D DecorView: semSetRoundedCorners: 5
11-21 20:34:37.309 4012 4012 D DecorView: semSetRoundedCorners: 5
11-21 20:34:37.326 4012 4012 D DecorView: semSetRoundedCorners: 5
11-21 20:34:37.342 4012 4012 D DecorView: semSetRoundedCorners: 5
11-21 20:34:37.359 4012 4012 D DecorView: semSetRoundedCorners: 5
11-21 20:34:37.376 4012 4012 D DecorView: semSetRoundedCorners: 5
11-21 20:34:37.393 4012 4012 D DecorView: semSetRoundedCorners: 5
11-21 20:34:37.410 4012 4012 D DecorView: semSetRoundedCorners: 5
11-21 20:34:37.426 4012 4012 D DecorView: semSetRoundedCorners: 5
11-21 20:34:37.444 4012 4012 D DecorView: semSetRoundedCorners: 5
11-21 20:34:37.459 4012 4012 D DecorView: semSetRoundedCorners: 5
11-21 20:34:37.476 4012 4012 D DecorView: semSetRoundedCorners: 5
11-21 20:34:37.493 4012 4012 D DecorView: semSetRoundedCorners: 5
11-21 20:34:37.510 4012 4012 D DecorView: semSetRoundedCorners: 5
11-21 20:34:37.528 4012 4012 D DecorView: semSetRoundedCorners: 5
11-21 20:34:37.544 4012 4012 D DecorView: semSetRoundedCorners: 5
11-21 20:34:37.560 4012 4012 D DecorView: semSetRoundedCorners: 5
11-21 20:34:37.576 4012 4012 D DecorView: semSetRoundedCorners: 5
11-21 20:34:37.594 4012 4012 D DecorView: semSetRoundedCorners: 5
11-21 20:34:37.612 4012 4012 I ViewRootImpl@fb83006[GTASA]: ViewPostIme pointer 0
11-21 20:34:37.627 4012 4012 D DecorView: semSetRoundedCorners: 5
11-21 20:34:37.644 4012 4012 D DecorView: semSetRoundedCorners: 5
11-21 20:34:37.662 4012 4012 D DecorView: semSetRoundedCorners: 5
11-21 20:34:37.678 4012 4012 D DecorView: semSetRoundedCorners: 5
11-21 20:34:37.695 4012 4012 D DecorView: semSetRoundedCorners: 5
11-21 20:34:37.711 4012 4012 D DecorView: semSetRoundedCorners: 5
11-21 20:34:37.728 4012 4012 D DecorView: semSetRoundedCorners: 5
11-21 20:34:37.746 4012 4012 D DecorView: semSetRoundedCorners: 5
11-21 20:34:37.762 4012 4012 D DecorView: semSetRoundedCorners: 5
11-21 20:34:37.772 4012 5465 I AXL : [IsModelLoaded] iModelID: 467
11-21 20:34:37.772 4012 5465 I AXL : IsModelLoaded true!
11-21 20:34:37.773 4012 5465 I AXL : Removing from vehicle..
11-21 20:34:37.773 4012 5465 I AXL : Setting flag state..
11-21 20:34:37.773 4012 5465 I AXL : Calling destructor..
11-21 20:34:37.773 4012 5465 I AXL : PlayerPed Destroyed
11-21 20:34:37.778 4012 4012 D DecorView: semSetRoundedCorners: 5
11-21 20:34:37.795 4012 4012 D DecorView: semSetRoundedCorners: 5
11-21 20:34:37.812 4012 4012 D DecorView: semSetRoundedCorners: 5
11-21 20:34:37.830 4012 4012 D DecorView: semSetRoundedCorners: 5
11-21 20:34:37.846 4012 4012 D DecorView: semSetRoundedCorners: 5
11-21 20:34:37.864 4012 4012 D DecorView: semSetRoundedCorners: 5
11-21 20:34:37.880 4012 4012 D DecorView: semSetRoundedCorners: 5
11-21 20:34:37.895 4012 4012 D DecorView: semSetRoundedCorners: 5
11-21 20:34:37.911 4012 4012 D DecorView: semSetRoundedCorners: 5
11-21 20:34:37.928 4012 4012 D DecorView: semSetRoundedCorners: 5
11-21 20:34:37.937 4012 4012 I ViewRootImpl@fb83006[GTASA]: ViewPostIme pointer 1
11-21 20:34:37.944 4012 4012 D DecorView: semSetRoundedCorners: 5
11-21 20:34:37.963 4012 4012 D DecorView: semSetRoundedCorners: 5
11-21 20:34:37.978 4012 4012 D DecorView: semSetRoundedCorners: 5
11-21 20:34:37.996 4012 4012 D DecorView: semSetRoundedCorners: 5
11-21 20:34:38.012 4012 4012 D DecorView: semSetRoundedCorners: 5
11-21 20:34:38.028 4012 4012 D DecorView: semSetRoundedCorners: 5
11-21 20:34:38.045 4012 4012 D DecorView: semSetRoundedCorners: 5
11-21 20:34:38.063 4012 4012 D DecorView: semSetRoundedCorners: 5
11-21 20:34:38.079 4012 4012 D DecorView: semSetRoundedCorners: 5
11-21 20:34:38.095 4012 4012 D DecorView: semSetRoundedCorners: 5
11-21 20:34:38.112 4012 4012 D DecorView: semSetRoundedCorners: 5
11-21 20:34:38.128 4012 4012 D DecorView: semSetRoundedCorners: 5
11-21 20:34:38.145 4012 4012 D DecorView: semSetRoundedCorners: 5
11-21 20:34:38.164 4012 4012 D DecorView: semSetRoundedCorners: 5
11-21 20:34:38.179 4012 4012 D DecorView: semSetRoundedCorners: 5
11-21 20:34:38.195 4012 4012 D DecorView: semSetRoundedCorners: 5
11-21 20:34:38.212 4012 4012 D DecorView: semSetRoundedCorners: 5
11-21 20:34:38.229 4012 4012 D DecorView: semSetRoundedCorners: 5
11-21 20:34:38.246 4012 4012 D DecorView: semSetRoundedCorners: 5
11-21 20:34:38.264 4012 4012 D DecorView: semSetRoundedCorners: 5
11-21 20:34:38.279 4012 4012 D DecorView: semSetRoundedCorners: 5
11-21 20:34:38.296 4012 4012 D DecorView: semSetRoundedCorners: 5
11-21 20:34:38.313 4012 4012 D DecorView: semSetRoundedCorners: 5
11-21 20:34:38.329 4012 4012 D DecorView: semSetRoundedCorners: 5
11-21 20:34:38.346 4012 4012 D DecorView: semSetRoundedCorners: 5
11-21 20:34:38.364 4012 4012 D DecorView: semSetRoundedCorners: 5
11-21 20:34:38.370 4012 4012 I ViewRootImpl@fb83006[GTASA]: ViewPostIme pointer 0
11-21 20:34:38.381 4012 4012 D DecorView: semSetRoundedCorners: 5
11-21 20:34:38.396 4012 4012 D DecorView: semSetRoundedCorners: 5
11-21 20:34:38.413 4012 4012 D DecorView: semSetRoundedCorners: 5
11-21 20:34:38.430 4012 4012 D DecorView: semSetRoundedCorners: 5
11-21 20:34:38.447 4012 4012 D DecorView: semSetRoundedCorners: 5
11-21 20:34:38.465 4012 4012 D DecorView: semSetRoundedCorners: 5
11-21 20:34:38.482 4012 4012 D DecorView: semSetRoundedCorners: 5
11-21 20:34:38.497 4012 4012 D DecorView: semSetRoundedCorners: 5
11-21 20:34:38.515 4012 4012 D DecorView: semSetRoundedCorners: 5
11-21 20:34:38.530 4012 4012 D DecorView: semSetRoundedCorners: 5
11-21 20:34:38.547 4012 4012 D DecorView: semSetRoundedCorners: 5
11-21 20:34:38.565 4012 4012 D DecorView: semSetRoundedCorners: 5
11-21 20:34:38.581 4012 4012 D DecorView: semSetRoundedCorners: 5
11-21 20:34:38.597 4012 4012 D DecorView: semSetRoundedCorners: 5
11-21 20:34:38.614 4012 4012 D DecorView: semSetRoundedCorners: 5
11-21 20:34:38.631 4012 4012 D DecorView: semSetRoundedCorners: 5
11-21 20:34:38.653 4012 4012 D DecorView: semSetRoundedCorners: 5
11-21 20:34:38.656 4012 4012 I ViewRootImpl@fb83006[GTASA]: ViewPostIme pointer 1
11-21 20:34:38.664 4012 4012 D DecorView: semSetRoundedCorners: 5
11-21 20:34:38.680 4012 4012 D DecorView: semSetRoundedCorners: 5
11-21 20:34:38.697 4012 4012 D DecorView: semSetRoundedCorners: 5
11-21 20:34:38.714 4012 4012 D DecorView: semSetRoundedCorners: 5
11-21 20:34:38.731 4012 4012 D DecorView: semSetRoundedCorners: 5
11-21 20:34:38.748 4012 4012 D DecorView: semSetRoundedCorners: 5
11-21 20:34:38.765 4012 4012 D DecorView: semSetRoundedCorners: 5
11-21 20:34:38.783 4012 4012 D DecorView: semSetRoundedCorners: 5
11-21 20:34:38.798 4012 4012 D DecorView: semSetRoundedCorners: 5
11-21 20:34:38.815 4012 4012 D DecorView: semSetRoundedCorners: 5
11-21 20:34:38.831 4012 4012 D DecorView: semSetRoundedCorners: 5
11-21 20:34:38.848 4012 4012 D DecorView: semSetRoundedCorners: 5
11-21 20:34:38.865 4012 4012 D DecorView: semSetRoundedCorners: 5
11-21 20:34:38.882 4012 4012 D DecorView: semSetRoundedCorners: 5
11-21 20:34:38.898 4012 4012 D DecorView: semSetRoundedCorners: 5
11-21 20:34:38.915 4012 4012 D DecorView: semSetRoundedCorners: 5
11-21 20:34:38.932 4012 4012 D DecorView: semSetRoundedCorners: 5
11-21 20:34:38.948 4012 4012 D DecorView: semSetRoundedCorners: 5
11-21 20:34:38.965 4012 4012 D DecorView: semSetRoundedCorners: 5
11-21 20:34:38.982 4012 4012 D DecorView: semSetRoundedCorners: 5
11-21 20:34:38.999 4012 4012 D DecorView: semSetRoundedCorners: 5
11-21 20:34:39.015 4012 4012 D DecorView: semSetRoundedCorners: 5
11-21 20:34:39.032 4012 4012 D DecorView: semSetRoundedCorners: 5
11-21 20:34:39.049 4012 4012 D DecorView: semSetRoundedCorners: 5
11-21 20:34:39.065 4012 4012 D DecorView: semSetRoundedCorners: 5
11-21 20:34:39.077 4012 4012 I ViewRootImpl@fb83006[GTASA]: ViewPostIme pointer 0
11-21 20:34:39.082 4012 4012 D DecorView: semSetRoundedCorners: 5
11-21 20:34:39.099 4012 4012 D DecorView: semSetRoundedCorners: 5
11-21 20:34:39.116 4012 4012 D DecorView: semSetRoundedCorners: 5
11-21 20:34:39.133 4012 4012 D DecorView: semSetRoundedCorners: 5
11-21 20:34:39.149 4012 4012 D DecorView: semSetRoundedCorners: 5
11-21 20:34:39.166 4012 4012 D DecorView: semSetRoundedCorners: 5
11-21 20:34:39.186 4012 4012 D DecorView: semSetRoundedCorners: 5
11-21 20:34:39.202 4012 4012 D DecorView: semSetRoundedCorners: 5
11-21 20:34:39.216 4012 4012 D DecorView: semSetRoundedCorners: 5
11-21 20:34:39.233 4012 4012 D DecorView: semSetRoundedCorners: 5
11-21 20:34:39.250 4012 4012 D DecorView: semSetRoundedCorners: 5
11-21 20:34:39.266 4012 4012 D DecorView: semSetRoundedCorners: 5
11-21 20:34:39.284 4012 4012 D DecorView: semSetRoundedCorners: 5
11-21 20:34:39.300 4012 4012 D DecorView: semSetRoundedCorners: 5
11-21 20:34:39.316 4012 4012 D DecorView: semSetRoundedCorners: 5
11-21 20:34:39.334 4012 4012 D DecorView: semSetRoundedCorners: 5
11-21 20:34:39.350 4012 4012 D DecorView: semSetRoundedCorners: 5
11-21 20:34:39.367 4012 4012 D DecorView: semSetRoundedCorners: 5
11-21 20:34:39.389 4012 4012 D DecorView: semSetRoundedCorners: 5
11-21 20:34:39.401 4012 4012 D DecorView: semSetRoundedCorners: 5
11-21 20:34:39.422 4012 4012 D DecorView: semSetRoundedCorners: 5
11-21 20:34:39.435 4012 4012 D DecorView: semSetRoundedCorners: 5
11-21 20:34:39.451 4012 4012 D DecorView: semSetRoundedCorners: 5
11-21 20:34:39.467 4012 4012 D DecorView: semSetRoundedCorners: 5
11-21 20:34:39.484 4012 4012 D DecorView: semSetRoundedCorners: 5
11-21 20:34:39.504 4012 4012 D DecorView: semSetRoundedCorners: 5
11-21 20:34:39.517 4012 4012 D DecorView: semSetRoundedCorners: 5
11-21 20:34:39.534 4012 4012 D DecorView: semSetRoundedCorners: 5
11-21 20:34:39.556 4012 4012 D DecorView: semSetRoundedCorners: 5
11-21 20:34:39.571 4012 4012 D DecorView: semSetRoundedCorners: 5
11-21 20:34:39.585 4012 4012 D DecorView: semSetRoundedCorners: 5
11-21 20:34:39.601 4012 4012 D DecorView: semSetRoundedCorners: 5
11-21 20:34:39.622 4012 4012 D DecorView: semSetRoundedCorners: 5
11-21 20:34:39.639 4012 4012 D DecorView: semSetRoundedCorners: 5
11-21 20:34:39.651 4012 4012 D DecorView: semSetRoundedCorners: 5
11-21 20:34:39.668 4012 4012 D DecorView: semSetRoundedCorners: 5
11-21 20:34:39.685 4012 4012 D DecorView: semSetRoundedCorners: 5
11-21 20:34:39.701 4012 4012 D DecorView: semSetRoundedCorners: 5
11-21 20:34:39.718 4012 4012 D DecorView: semSetRoundedCorners: 5
11-21 20:34:39.735 4012 4012 D DecorView: semSetRoundedCorners: 5
11-21 20:34:39.752 4012 4012 D DecorView: semSetRoundedCorners: 5
11-21 20:34:39.772 4012 4012 D DecorView: semSetRoundedCorners: 5
11-21 20:34:39.785 4012 4012 D DecorView: semSetRoundedCorners: 5
11-21 20:34:39.801 4012 4012 D DecorView: semSetRoundedCorners: 5
11-21 20:34:39.818 4012 4012 D DecorView: semSetRoundedCorners: 5
11-21 20:34:39.835 4012 4012 D DecorView: semSetRoundedCorners: 5
11-21 20:34:39.855 4012 4012 D DecorView: semSetRoundedCorners: 5
11-21 20:34:39.873 4012 4012 D DecorView: semSetRoundedCorners: 5
11-21 20:34:39.886 4012 4012 D DecorView: semSetRoundedCorners: 5
11-21 20:34:39.898 4012 5465 I AXL : RPC: ScrSetPlayerColor
11-21 20:34:39.909 4012 4012 D DecorView: semSetRoundedCorners: 5
11-21 20:34:39.920 4012 4012 D DecorView: semSetRoundedCorners: 5
11-21 20:34:39.935 4012 4012 D DecorView: semSetRoundedCorners: 5
11-21 20:34:39.941 4012 4012 I ViewRootImpl@fb83006[GTASA]: ViewPostIme pointer 1
11-21 20:34:39.952 4012 4012 D DecorView: semSetRoundedCorners: 5
11-21 20:34:39.971 4012 4012 D DecorView: semSetRoundedCorners: 5
11-21 20:34:39.985 4012 4012 D DecorView: semSetRoundedCorners: 5
11-21 20:34:40.006 4012 4012 D DecorView: semSetRoundedCorners: 5
11-21 20:34:40.021 4012 4012 D DecorView: semSetRoundedCorners: 5
11-21 20:34:40.035 4012 4012 D DecorView: semSetRoundedCorners: 5
11-21 20:34:40.052 4012 4012 D DecorView: semSetRoundedCorners: 5
11-21 20:34:40.069 4012 4012 D DecorView: semSetRoundedCorners: 5
11-21 20:34:40.085 4012 4012 D DecorView: semSetRoundedCorners: 5
11-21 20:34:40.102 4012 4012 D DecorView: semSetRoundedCorners: 5
11-21 20:34:40.118 4012 4012 D DecorView: semSetRoundedCorners: 5
11-21 20:34:40.135 4012 4012 D DecorView: semSetRoundedCorners: 5
11-21 20:34:40.152 4012 4012 D DecorView: semSetRoundedCorners: 5
11-21 20:34:40.169 4012 4012 D DecorView: semSetRoundedCorners: 5
11-21 20:34:40.173 4012 4012 I ViewRootImpl@fb83006[GTASA]: ViewPostIme pointer 0
11-21 20:34:40.186 4012 4012 D DecorView: semSetRoundedCorners: 5
11-21 20:34:40.205 4012 4012 D DecorView: semSetRoundedCorners: 5
11-21 20:34:40.223 4012 4012 D DecorView: semSetRoundedCorners: 5
11-21 20:34:40.236 4012 4012 D DecorView: semSetRoundedCorners: 5
11-21 20:34:40.253 4012 4012 D DecorView: semSetRoundedCorners: 5
11-21 20:34:40.269 4012 4012 D DecorView: semSetRoundedCorners: 5
11-21 20:34:40.286 4012 4012 D DecorView: semSetRoundedCorners: 5
11-21 20:34:40.303 4012 4012 D DecorView: semSetRoundedCorners: 5
11-21 20:34:40.326 4012 4012 D DecorView: semSetRoundedCorners: 5
11-21 20:34:40.343 4012 4012 D DecorView: semSetRoundedCorners: 5
11-21 20:34:40.356 4012 4012 D DecorView: semSetRoundedCorners: 5
11-21 20:34:40.374 4012 4012 D DecorView: semSetRoundedCorners: 5
11-21 20:34:40.390 4012 4012 D DecorView: semSetRoundedCorners: 5
11-21 20:34:40.404 4012 4012 D DecorView: semSetRoundedCorners: 5
11-21 20:34:40.411 4012 4012 I ViewRootImpl@fb83006[GTASA]: ViewPostIme pointer 1
11-21 20:34:40.423 4012 4012 D DecorView: semSetRoundedCorners: 5
11-21 20:34:40.436 4012 4012 D DecorView: semSetRoundedCorners: 5
11-21 20:34:40.453 4012 4012 D DecorView: semSetRoundedCorners: 5
11-21 20:34:40.470 4012 4012 D DecorView: semSetRoundedCorners: 5
11-21 20:34:40.486 4012 4012 D DecorView: semSetRoundedCorners: 5
11-21 20:34:40.504 4012 4012 D DecorView: semSetRoundedCorners: 5
11-21 20:34:40.520 4012 4012 D DecorView: semSetRoundedCorners: 5
11-21 20:34:40.537 4012 4012 D DecorView: semSetRoundedCorners: 5
11-21 20:34:40.554 4012 4012 D DecorView: semSetRoundedCorners: 5
11-21 20:34:40.570 4012 4012 D DecorView: semSetRoundedCorners: 5
11-21 20:34:40.587 4012 4012 D DecorView: semSetRoundedCorners: 5
11-21 20:34:40.604 4012 4012 D DecorView: semSetRoundedCorners: 5
11-21 20:34:40.621 4012 4012 D DecorView: semSetRoundedCorners: 5
11-21 20:34:40.638 4012 4012 D DecorView: semSetRoundedCorners: 5
11-21 20:34:40.654 4012 4012 D DecorView: semSetRoundedCorners: 5
11-21 20:34:40.672 4012 4012 D DecorView: semSetRoundedCorners: 5
11-21 20:34:40.688 4012 4012 D DecorView: semSetRoundedCorners: 5
11-21 20:34:40.704 4012 4012 D DecorView: semSetRoundedCorners: 5
11-21 20:34:40.721 4012 4012 D DecorView: semSetRoundedCorners: 5
11-21 20:34:40.733 4012 4012 I ViewRootImpl@fb83006[GTASA]: ViewPostIme pointer 0
11-21 20:34:40.738 4012 4012 D DecorView: semSetRoundedCorners: 5
11-21 20:34:40.755 4012 4012 D DecorView: semSetRoundedCorners: 5
11-21 20:34:40.771 4012 4012 D DecorView: semSetRoundedCorners: 5
11-21 20:34:40.792 4012 4012 D DecorView: semSetRoundedCorners: 5
11-21 20:34:40.810 4012 4012 D DecorView: semSetRoundedCorners: 5
11-21 20:34:40.825 4012 4012 D DecorView: semSetRoundedCorners: 5
11-21 20:34:40.838 4012 4012 D DecorView: semSetRoundedCorners: 5
11-21 20:34:40.855 4012 4012 D DecorView: semSetRoundedCorners: 5
11-21 20:34:40.872 4012 4012 D DecorView: semSetRoundedCorners: 5
11-21 20:34:40.893 4012 4012 D DecorView: semSetRoundedCorners: 5
11-21 20:34:40.905 4012 4012 D DecorView: semSetRoundedCorners: 5
11-21 20:34:40.928 4012 4012 D DecorView: semSetRoundedCorners: 5
11-21 20:34:40.939 4012 4012 D DecorView: semSetRoundedCorners: 5
11-21 20:34:40.957 4012 4012 D DecorView: semSetRoundedCorners: 5
11-21 20:34:40.978 4012 4012 D DecorView: semSetRoundedCorners: 5
11-21 20:34:40.991 4012 4012 D DecorView: semSetRoundedCorners: 5
11-21 20:34:41.009 4012 4012 D DecorView: semSetRoundedCorners: 5
11-21 20:34:41.022 4012 4012 D DecorView: semSetRoundedCorners: 5
11-21 20:34:41.039 4012 4012 D DecorView: semSetRoundedCorners: 5
11-21 20:34:41.055 4012 4012 D DecorView: semSetRoundedCorners: 5
11-21 20:34:41.072 4012 4012 D DecorView: semSetRoundedCorners: 5
11-21 20:34:41.091 4012 4012 D DecorView: semSetRoundedCorners: 5
11-21 20:34:41.106 4012 4012 D DecorView: semSetRoundedCorners: 5
11-21 20:34:41.122 4012 4012 D DecorView: semSetRoundedCorners: 5
11-21 20:34:41.139 4012 4012 D DecorView: semSetRoundedCorners: 5
11-21 20:34:41.157 4012 4012 D DecorView: semSetRoundedCorners: 5
11-21 20:34:41.174 4012 4012 D DecorView: semSetRoundedCorners: 5
11-21 20:34:41.189 4012 4012 D DecorView: semSetRoundedCorners: 5
11-21 20:34:41.207 4012 4012 D DecorView: semSetRoundedCorners: 5
11-21 20:34:41.223 4012 4012 D DecorView: semSetRoundedCorners: 5
11-21 20:34:41.242 4012 4012 D DecorView: semSetRoundedCorners: 5
11-21 20:34:41.257 4012 4012 D DecorView: semSetRoundedCorners: 5
11-21 20:34:41.273 4012 4012 D DecorView: semSetRoundedCorners: 5
11-21 20:34:41.290 4012 4012 D DecorView: semSetRoundedCorners: 5
11-21 20:34:41.301 4012 5465 I AXL : RPC: ScrSetPlayerColor
11-21 20:34:41.301 4012 5465 I AXL : RPC: ScrSetPlayerColor
11-21 20:34:41.306 4012 4012 D DecorView: semSetRoundedCorners: 5
11-21 20:34:41.324 4012 4012 D DecorView: semSetRoundedCorners: 5
11-21 20:34:41.330 4012 4012 I ViewRootImpl@fb83006[GTASA]: ViewPostIme pointer 1
11-21 20:34:41.341 4012 4012 D DecorView: semSetRoundedCorners: 5
11-21 20:34:41.357 4012 4012 D DecorView: semSetRoundedCorners: 5
11-21 20:34:41.373 4012 4012 D DecorView: semSetRoundedCorners: 5
11-21 20:34:41.384 4012 5465 I AXL : Removing from vehicle..
11-21 20:34:41.384 4012 5465 I AXL : Setting flag state..
11-21 20:34:41.384 4012 5465 I AXL : Calling destructor..
11-21 20:34:41.384 4012 5465 I AXL : PlayerPed Destroyed
11-21 20:34:41.389 4012 4012 D DecorView: semSetRoundedCorners: 5
11-21 20:34:41.406 4012 4012 D DecorView: semSetRoundedCorners: 5
11-21 20:34:41.423 4012 4012 D DecorView: semSetRoundedCorners: 5
11-21 20:34:41.440 4012 4012 D DecorView: semSetRoundedCorners: 5
11-21 20:34:41.448 4012 4012 I ViewRootImpl@fb83006[GTASA]: ViewPostIme pointer 0
11-21 20:34:41.457 4012 4012 D DecorView: semSetRoundedCorners: 5
11-21 20:34:41.474 4012 4012 D DecorView: semSetRoundedCorners: 5
11-21 20:34:41.490 4012 4012 D DecorView: semSetRoundedCorners: 5
11-21 20:34:41.507 4012 4012 D DecorView: semSetRoundedCorners: 5
11-21 20:34:41.525 4012 4012 D DecorView: semSetRoundedCorners: 5
11-21 20:34:41.541 4012 4012 D DecorView: semSetRoundedCorners: 5
11-21 20:34:41.557 4012 4012 D DecorView: semSetRoundedCorners: 5
11-21 20:34:41.575 4012 4012 D DecorView: semSetRoundedCorners: 5
11-21 20:34:41.591 4012 4012 D DecorView: semSetRoundedCorners: 5
11-21 20:34:41.614 4012 4012 D DecorView: semSetRoundedCorners: 5
11-21 20:34:41.625 4012 4012 D DecorView: semSetRoundedCorners: 5
11-21 20:34:41.641 4012 4012 D DecorView: semSetRoundedCorners: 5
11-21 20:34:41.658 4012 4012 D DecorView: semSetRoundedCorners: 5
11-21 20:34:41.675 4012 4012 D DecorView: semSetRoundedCorners: 5
11-21 20:34:41.691 4012 4012 D DecorView: semSetRoundedCorners: 5
11-21 20:34:41.711 4012 4012 D DecorView: semSetRoundedCorners: 5
11-21 20:34:41.716 4012 4012 I ViewRootImpl@fb83006[GTASA]: ViewPostIme pointer 1
11-21 20:34:41.725 4012 4012 D DecorView: semSetRoundedCorners: 5
11-21 20:34:41.741 4012 4012 D DecorView: semSetRoundedCorners: 5
11-21 20:34:41.758 4012 4012 D DecorView: semSetRoundedCorners: 5
11-21 20:34:41.775 4012 4012 D DecorView: semSetRoundedCorners: 5
11-21 20:34:41.792 4012 4012 D DecorView: semSetRoundedCorners: 5
11-21 20:34:41.808 4012 4012 D DecorView: semSetRoundedCorners: 5
11-21 20:34:41.825 4012 4012 D DecorView: semSetRoundedCorners: 5
11-21 20:34:41.843 4012 4012 D DecorView: semSetRoundedCorners: 5
11-21 20:34:41.858 4012 4012 D DecorView: semSetRoundedCorners: 5
11-21 20:34:41.867 4012 4012 I ViewRootImpl@fb83006[GTASA]: ViewPostIme pointer 0
11-21 20:34:41.875 4012 4012 D DecorView: semSetRoundedCorners: 5
11-21 20:34:41.892 4012 4012 D DecorView: semSetRoundedCorners: 5
11-21 20:34:41.909 4012 4012 D DecorView: semSetRoundedCorners: 5
11-21 20:34:41.925 4012 4012 D DecorView: semSetRoundedCorners: 5
11-21 20:34:41.942 4012 4012 D DecorView: semSetRoundedCorners: 5
11-21 20:34:41.958 4012 4012 D DecorView: semSetRoundedCorners: 5
11-21 20:34:41.976 4012 4012 D DecorView: semSetRoundedCorners: 5
11-21 20:34:41.992 4012 4012 D DecorView: semSetRoundedCorners: 5
11-21 20:34:42.020 4012 4012 D DecorView: semSetRoundedCorners: 5
11-21 20:34:42.025 4012 4012 D DecorView: semSetRoundedCorners: 5
11-21 20:34:42.048 4012 4012 D DecorView: semSetRoundedCorners: 5
11-21 20:34:42.059 4012 4012 D DecorView: semSetRoundedCorners: 5
11-21 20:34:42.076 4012 4012 D DecorView: semSetRoundedCorners: 5
11-21 20:34:42.086 4012 5465 I AXL : RPC: ScrSetPlayerColor
11-21 20:34:42.086 4012 5465 I AXL : RPC: ScrSetPlayerColor
11-21 20:34:42.093 4012 4012 D DecorView: semSetRoundedCorners: 5
11-21 20:34:42.109 4012 4012 D DecorView: semSetRoundedCorners: 5
11-21 20:34:42.126 4012 4012 D DecorView: semSetRoundedCorners: 5
11-21 20:34:42.143 4012 4012 D DecorView: semSetRoundedCorners: 5
11-21 20:34:42.162 4012 4012 D DecorView: semSetRoundedCorners: 5
11-21 20:34:42.176 4012 4012 D DecorView: semSetRoundedCorners: 5
11-21 20:34:42.193 4012 4012 D DecorView: semSetRoundedCorners: 5
11-21 20:34:42.209 4012 4012 D DecorView: semSetRoundedCorners: 5
11-21 20:34:42.226 4012 4012 D DecorView: semSetRoundedCorners: 5
11-21 20:34:42.245 4012 4012 D DecorView: semSetRoundedCorners: 5
11-21 20:34:42.260 4012 4012 D DecorView: semSetRoundedCorners: 5
11-21 20:34:42.276 4012 4012 D DecorView: semSetRoundedCorners: 5
11-21 20:34:42.294 4012 4012 D DecorView: semSetRoundedCorners: 5
11-21 20:34:42.310 4012 4012 D DecorView: semSetRoundedCorners: 5
11-21 20:34:42.326 4012 4012 D DecorView: semSetRoundedCorners: 5
11-21 20:34:42.343 4012 4012 D DecorView: semSetRoundedCorners: 5
11-21 20:34:42.356 4012 4012 I ViewRootImpl@fb83006[GTASA]: ViewPostIme pointer 1
11-21 20:34:42.361 4012 4012 D DecorView: semSetRoundedCorners: 5
11-21 20:34:42.377 4012 4012 D DecorView: semSetRoundedCorners: 5
11-21 20:34:42.394 4012 4012 D DecorView: semSetRoundedCorners: 5
11-21 20:34:42.410 4012 4012 D DecorView: semSetRoundedCorners: 5
11-21 20:34:42.427 4012 4012 D DecorView: semSetRoundedCorners: 5
11-21 20:34:42.444 4012 4012 D DecorView: semSetRoundedCorners: 5
11-21 20:34:42.461 4012 4012 D DecorView: semSetRoundedCorners: 5
11-21 20:34:42.477 4012 4012 D DecorView: semSetRoundedCorners: 5
11-21 20:34:42.494 4012 4012 D DecorView: semSetRoundedCorners: 5
11-21 20:34:42.511 4012 4012 D DecorView: semSetRoundedCorners: 5
11-21 20:34:42.527 4012 4012 D DecorView: semSetRoundedCorners: 5
11-21 20:34:42.544 4012 4012 D DecorView: semSetRoundedCorners: 5
11-21 20:34:42.561 4012 4012 D DecorView: semSetRoundedCorners: 5
11-21 20:34:42.578 4012 4012 D DecorView: semSetRoundedCorners: 5
11-21 20:34:42.594 4012 4012 D DecorView: semSetRoundedCorners: 5
11-21 20:34:42.614 4012 4012 D DecorView: semSetRoundedCorners: 5
11-21 20:34:42.627 4012 4012 D DecorView: semSetRoundedCorners: 5
11-21 20:34:42.645 4012 4012 D DecorView: semSetRoundedCorners: 5
11-21 20:34:42.661 4012 4012 D DecorView: semSetRoundedCorners: 5
11-21 20:34:42.671 4012 4012 I ViewRootImpl@fb83006[GTASA]: ViewPostIme pointer 0
