11-21 20:34:52.628 4012 5465 I AXL : CreatePickup(1318, 23, 749, 963, 12)
11-21 20:34:52.628 4012 5465 I AXL : [IsModelLoaded] iModelID: 1318
11-21 20:34:52.628 4012 5465 I AXL : IsModelLoaded true!
11-21 20:34:52.630 4012 4012 D DecorView: semSetRoundedCorners: 5
11-21 20:34:52.646 4012 4012 D DecorView: semSetRoundedCorners: 5
11-21 20:34:52.666 4012 4012 D DecorView: semSetRoundedCorners: 5
11-21 20:34:52.682 4012 4012 D DecorView: semSetRoundedCorners: 5
11-21 20:34:52.697 4012 4012 D DecorView: semSetRoundedCorners: 5
11-21 20:34:52.713 4012 4012 D DecorView: semSetRoundedCorners: 5
11-21 20:34:52.730 4012 4012 D DecorView: semSetRoundedCorners: 5
11-21 20:34:52.748 4012 4012 D DecorView: semSetRoundedCorners: 5
11-21 20:34:52.781 4012 4012 D DecorView: semSetRoundedCorners: 5
11-21 20:34:52.801 4012 4012 D DecorView: semSetRoundedCorners: 5
11-21 20:34:52.818 4012 4012 D DecorView: semSetRoundedCorners: 5
11-21 20:34:52.831 4012 4012 D DecorView: semSetRoundedCorners: 5
11-21 20:34:52.866 4012 4012 D DecorView: semSetRoundedCorners: 5
11-21 20:34:52.880 4012 4012 D DecorView: semSetRoundedCorners: 5
11-21 20:34:52.898 4012 4012 D DecorView: semSetRoundedCorners: 5
11-21 20:34:52.914 4012 4012 D DecorView: semSetRoundedCorners: 5
11-21 20:34:52.951 4012 4012 D DecorView: semSetRoundedCorners: 5
11-21 20:34:52.969 4012 4012 D DecorView: semSetRoundedCorners: 5
11-21 20:34:52.982 4012 4012 D DecorView: semSetRoundedCorners: 5
11-21 20:34:52.998 4012 4012 D DecorView: semSetRoundedCorners: 5
11-21 20:34:53.014 4012 4012 D DecorView: semSetRoundedCorners: 5
11-21 20:34:53.034 4012 5465 I AXL : RPC: ScrSetMapIcon
11-21 20:34:53.053 4012 4012 D DecorView: semSetRoundedCorners: 5
11-21 20:34:53.065 4012 4012 D DecorView: semSetRoundedCorners: 5
11-21 20:34:53.086 4012 4012 D DecorView: semSetRoundedCorners: 5
11-21 20:34:53.098 4012 4012 D DecorView: semSetRoundedCorners: 5
11-21 20:34:53.115 4012 4012 D DecorView: semSetRoundedCorners: 5
11-21 20:34:53.132 4012 4012 D DecorView: semSetRoundedCorners: 5
11-21 20:34:53.150 4012 4012 D DecorView: semSetRoundedCorners: 5
11-21 20:34:53.169 4012 4012 D DecorView: semSetRoundedCorners: 5
11-21 20:34:53.183 4012 4012 D DecorView: semSetRoundedCorners: 5
11-21 20:34:53.198 4012 4012 D DecorView: semSetRoundedCorners: 5
11-21 20:34:53.216 4012 4012 D DecorView: semSetRoundedCorners: 5
11-21 20:34:53.234 4012 4012 D DecorView: semSetRoundedCorners: 5
11-21 20:34:53.248 4012 4012 D DecorView: semSetRoundedCorners: 5
11-21 20:34:53.266 4012 4012 D DecorView: semSetRoundedCorners: 5
11-21 20:34:53.281 4012 4012 D DecorView: semSetRoundedCorners: 5
11-21 20:34:53.299 4012 4012 D DecorView: semSetRoundedCorners: 5
11-21 20:34:53.315 4012 4012 D DecorView: semSetRoundedCorners: 5
11-21 20:34:53.332 4012 4012 D DecorView: semSetRoundedCorners: 5
11-21 20:34:53.350 4012 4012 D DecorView: semSetRoundedCorners: 5
11-21 20:34:53.366 4012 5465 I AXL : RPC: ScrSetMapIcon
11-21 20:34:53.366 4012 4012 D DecorView: semSetRoundedCorners: 5
11-21 20:34:53.384 4012 4012 D DecorView: semSetRoundedCorners: 5
11-21 20:34:53.399 4012 4012 D DecorView: semSetRoundedCorners: 5
11-21 20:34:53.417 4012 4012 D DecorView: semSetRoundedCorners: 5
11-21 20:34:53.433 4012 4012 D DecorView: semSetRoundedCorners: 5
11-21 20:34:53.451 4012 4012 D DecorView: semSetRoundedCorners: 5
11-21 20:34:53.466 4012 4012 D DecorView: semSetRoundedCorners: 5
11-21 20:34:53.484 4012 4012 D DecorView: semSetRoundedCorners: 5
11-21 20:34:53.501 4012 4012 D DecorView: semSetRoundedCorners: 5
11-21 20:34:53.516 4012 4012 D DecorView: semSetRoundedCorners: 5
11-21 20:34:53.533 4012 4012 D DecorView: semSetRoundedCorners: 5
11-21 20:34:53.552 4012 4012 D DecorView: semSetRoundedCorners: 5
11-21 20:34:53.567 4012 4012 D DecorView: semSetRoundedCorners: 5
11-21 20:34:53.583 4012 4012 D DecorView: semSetRoundedCorners: 5
11-21 20:34:53.601 4012 4012 D DecorView: semSetRoundedCorners: 5
11-21 20:34:53.617 4012 4012 D DecorView: semSetRoundedCorners: 5
11-21 20:34:53.634 4012 4012 D DecorView: semSetRoundedCorners: 5
11-21 20:34:53.650 4012 4012 D DecorView: semSetRoundedCorners: 5
11-21 20:34:53.667 4012 4012 D DecorView: semSetRoundedCorners: 5
11-21 20:34:53.685 4012 4012 D DecorView: semSetRoundedCorners: 5
11-21 20:34:53.698 4012 5465 I AXL : RPC: ScrSetMapIcon
11-21 20:34:53.702 4012 4012 D DecorView: semSetRoundedCorners: 5
11-21 20:34:53.717 4012 4012 D DecorView: semSetRoundedCorners: 5
11-21 20:34:53.733 4012 4012 D DecorView: semSetRoundedCorners: 5
11-21 20:34:53.750 4012 4012 D DecorView: semSetRoundedCorners: 5
11-21 20:34:53.768 4012 4012 D DecorView: semSetRoundedCorners: 5
11-21 20:34:53.784 4012 4012 D DecorView: semSetRoundedCorners: 5
11-21 20:34:53.801 4012 4012 D DecorView: semSetRoundedCorners: 5
11-21 20:34:53.818 4012 4012 D DecorView: semSetRoundedCorners: 5
11-21 20:34:53.834 4012 4012 D DecorView: semSetRoundedCorners: 5
11-21 20:34:53.852 4012 4012 D DecorView: semSetRoundedCorners: 5
11-21 20:34:53.866 4012 5465 I AXL : [IsModelLoaded] iModelID: 3254
11-21 20:34:53.866 4012 5465 I AXL : IsModelLoaded true!
11-21 20:34:53.868 4012 4012 D DecorView: semSetRoundedCorners: 5
11-21 20:34:53.869 4012 5465 I AXL : [IsModelLoaded] iModelID: 3232
11-21 20:34:53.869 4012 5465 I AXL : IsModelLoaded true!
11-21 20:34:53.871 4012 5465 I AXL : CreatePickup(1318, 23, 658, 986, 12)
11-21 20:34:53.871 4012 5465 I AXL : [IsModelLoaded] iModelID: 1318
11-21 20:34:53.871 4012 5465 I AXL : IsModelLoaded true!
11-21 20:34:53.871 4012 5465 I AXL : CreatePickup(1318, 23, 755, 899, 12)
11-21 20:34:53.871 4012 5465 I AXL : [IsModelLoaded] iModelID: 1318
11-21 20:34:53.871 4012 5465 I AXL : IsModelLoaded true!
11-21 20:34:53.871 4012 5465 I AXL : CreatePickup(1318, 23, 720, 1007, 12)
11-21 20:34:53.871 4012 5465 I AXL : [IsModelLoaded] iModelID: 1318
11-21 20:34:53.871 4012 5465 I AXL : IsModelLoaded true!
11-21 20:34:53.871 4012 5465 I AXL : CreatePickup(1318, 23, 663, 1003, 12)
11-21 20:34:53.871 4012 5465 I AXL : [IsModelLoaded] iModelID: 1318
11-21 20:34:53.871 4012 5465 I AXL : IsModelLoaded true!
11-21 20:34:53.887 4012 4012 D DecorView: semSetRoundedCorners: 5
11-21 20:34:53.901 4012 4012 D DecorView: semSetRoundedCorners: 5
11-21 20:34:53.917 4012 4012 D DecorView: semSetRoundedCorners: 5
11-21 20:34:53.934 4012 4012 D DecorView: semSetRoundedCorners: 5
11-21 20:34:53.950 4012 4012 D DecorView: semSetRoundedCorners: 5
11-21 20:34:53.967 4012 4012 D DecorView: semSetRoundedCorners: 5
11-21 20:34:53.986 4012 4012 D DecorView: semSetRoundedCorners: 5
11-21 20:34:54.006 4012 4012 D DecorView: semSetRoundedCorners: 5
11-21 20:34:54.017 4012 4012 D DecorView: semSetRoundedCorners: 5
11-21 20:34:54.032 4012 5465 I AXL : RPC: ScrDisableMapIcon
11-21 20:34:54.034 4012 4012 D DecorView: semSetRoundedCorners: 5
11-21 20:34:54.052 4012 4012 D DecorView: semSetRoundedCorners: 5
11-21 20:34:54.069 4012 4012 D DecorView: semSetRoundedCorners: 5
11-21 20:34:54.086 4012 4012 D DecorView: semSetRoundedCorners: 5
11-21 20:34:54.102 4012 4012 D DecorView: semSetRoundedCorners: 5
11-21 20:34:54.116 4012 5465 I AXL : RPC: ScrSetPlayerColor
11-21 20:34:54.118 4012 4012 D DecorView: semSetRoundedCorners: 5
11-21 20:34:54.134 4012 4012 D DecorView: semSetRoundedCorners: 5
11-21 20:34:54.153 4012 4012 D DecorView: semSetRoundedCorners: 5
11-21 20:34:54.168 4012 4012 D DecorView: semSetRoundedCorners: 5
11-21 20:34:54.186 4012 4012 D DecorView: semSetRoundedCorners: 5
11-21 20:34:54.203 4012 4012 D DecorView: semSetRoundedCorners: 5
11-21 20:34:54.219 4012 4012 D DecorView: semSetRoundedCorners: 5
11-21 20:34:54.237 4012 4012 D DecorView: semSetRoundedCorners: 5
11-21 20:34:54.257 4012 4012 D DecorView: semSetRoundedCorners: 5
11-21 20:34:54.273 4012 4012 D DecorView: semSetRoundedCorners: 5
11-21 20:34:54.285 4012 4012 D DecorView: semSetRoundedCorners: 5
11-21 20:34:54.303 4012 4012 D DecorView: semSetRoundedCorners: 5
11-21 20:34:54.319 4012 4012 D DecorView: semSetRoundedCorners: 5
11-21 20:34:54.338 4012 4012 D DecorView: semSetRoundedCorners: 5
11-21 20:34:54.353 4012 4012 D DecorView: semSetRoundedCorners: 5
11-21 20:34:54.375 4012 4012 D DecorView: semSetRoundedCorners: 5
11-21 20:34:54.383 4012 5465 I AXL : RPC_SCRCREATEOBJECT(4) 11013
11-21 20:34:54.383 4012 5465 I AXL : [CObject] InstantRotate
11-21 20:34:54.383 4012 5465 I AXL : RPC_SCRCREATEOBJECT(5) 11012
11-21 20:34:54.383 4012 5465 I AXL : [CObject] InstantRotate
11-21 20:34:54.392 4012 4012 D DecorView: semSetRoundedCorners: 5
11-21 20:34:54.406 4012 4012 D DecorView: semSetRoundedCorners: 5
11-21 20:34:54.422 4012 4012 D DecorView: semSetRoundedCorners: 5
11-21 20:34:54.439 4012 4012 D DecorView: semSetRoundedCorners: 5
11-21 20:34:54.453 4012 4012 D DecorView: semSetRoundedCorners: 5
11-21 20:34:54.470 4012 4012 D DecorView: semSetRoundedCorners: 5
11-21 20:34:54.490 4012 4012 D DecorView: semSetRoundedCorners: 5
11-21 20:34:54.505 4012 4012 D DecorView: semSetRoundedCorners: 5
11-21 20:34:54.519 4012 4012 D DecorView: semSetRoundedCorners: 5
11-21 20:34:54.542 4012 4012 D DecorView: semSetRoundedCorners: 5
11-21 20:34:54.557 4012 4012 D DecorView: semSetRoundedCorners: 5
11-21 20:34:54.575 4012 4012 D DecorView: semSetRoundedCorners: 5
11-21 20:34:54.594 4012 4012 D DecorView: semSetRoundedCorners: 5
11-21 20:34:54.606 4012 4012 D DecorView: semSetRoundedCorners: 5
11-21 20:34:54.623 4012 4012 D DecorView: semSetRoundedCorners: 5
11-21 20:34:54.641 4012 4012 D DecorView: semSetRoundedCorners: 5
11-21 20:34:54.657 4012 4012 D DecorView: semSetRoundedCorners: 5
11-21 20:34:54.677 4012 4012 D DecorView: semSetRoundedCorners: 5
11-21 20:34:54.686 4012 4012 D DecorView: semSetRoundedCorners: 5
11-21 20:34:54.708 4012 4012 D DecorView: semSetRoundedCorners: 5
11-21 20:34:54.716 4012 5465 I AXL : RPC: ScrSetMapIcon
11-21 20:34:54.729 4012 4012 D DecorView: semSetRoundedCorners: 5
11-21 20:34:54.743 4012 4012 D DecorView: semSetRoundedCorners: 5
11-21 20:34:54.753 4012 4012 D DecorView: semSetRoundedCorners: 5
11-21 20:34:54.770 4012 4012 D DecorView: semSetRoundedCorners: 5
11-21 20:34:54.790 4012 4012 D DecorView: semSetRoundedCorners: 5
11-21 20:34:54.803 4012 4012 D DecorView: semSetRoundedCorners: 5
11-21 20:34:54.820 4012 4012 D DecorView: semSetRoundedCorners: 5
11-21 20:34:54.837 4012 4012 D DecorView: semSetRoundedCorners: 5
11-21 20:34:54.855 4012 4012 D DecorView: semSetRoundedCorners: 5
11-21 20:34:54.870 4012 4012 D DecorView: semSetRoundedCorners: 5
11-21 20:34:54.889 4012 4012 D DecorView: semSetRoundedCorners: 5
11-21 20:34:54.905 4012 4012 D DecorView: semSetRoundedCorners: 5
11-21 20:34:54.927 4012 4012 D DecorView: semSetRoundedCorners: 5
11-21 20:34:54.942 4012 4012 D DecorView: semSetRoundedCorners: 5
11-21 20:34:54.954 4012 4012 D DecorView: semSetRoundedCorners: 5
11-21 20:34:54.973 4012 4012 D DecorView: semSetRoundedCorners: 5
11-21 20:34:54.987 4012 4012 D DecorView: semSetRoundedCorners: 5
11-21 20:34:55.006 4012 4012 D DecorView: semSetRoundedCorners: 5
11-21 20:34:55.020 4012 4012 D DecorView: semSetRoundedCorners: 5
11-21 20:34:55.038 4012 4012 D DecorView: semSetRoundedCorners: 5
11-21 20:34:55.054 4012 4012 D DecorView: semSetRoundedCorners: 5
11-21 20:34:55.070 4012 4012 D DecorView: semSetRoundedCorners: 5
11-21 20:34:55.087 4012 4012 D DecorView: semSetRoundedCorners: 5
11-21 20:34:55.104 4012 4012 D DecorView: semSetRoundedCorners: 5
11-21 20:34:55.121 4012 4012 D DecorView: semSetRoundedCorners: 5
11-21 20:34:55.138 4012 4012 D DecorView: semSetRoundedCorners: 5
11-21 20:34:55.150 4012 5465 I AXL : RPC: WorldVehicleAdd
11-21 20:34:55.150 4012 5465 I AXL : [IsModelLoaded] iModelID: 439
11-21 20:34:55.150 4012 5465 I AXL : IsModelLoaded false!
11-21 20:34:55.150 4012 5465 I AXL : Warning: car model not preloaded. 439
11-21 20:34:55.150 4012 5465 I AXL : RequestModel
11-21 20:34:55.150 4012 5465 I AXL : RequestModel done!
11-21 20:34:55.150 4012 5465 I AXL : LoadRequestedModels
11-21 20:34:55.157 4012 4012 D DecorView: semSetRoundedCorners: 5
11-21 20:34:55.178 4012 5465 I AXL : LoadRequestedModels done!
11-21 20:34:55.178 4012 5465 I AXL : [IsModelLoaded] iModelID: 439
11-21 20:34:55.178 4012 5465 I AXL : IsModelLoaded true!
11-21 20:34:55.178 4012 5465 I AXL : Car model was preloaded. 439
11-21 20:34:55.179 4012 5465 I AXL : RPC: WorldVehicleAdd,
NewVehicle.iVehicleType: 439
11-21 20:34:55.179 4012 5465 I AXL : RPC: ScrNumberPlate
11-21 20:34:55.179 4012 5465 I AXL : RPC: ScrVehicleParamsEx
11-21 20:34:55.179 4012 5465 I AXL : RPC_CUSTOM_HANDLING
11-21 20:34:55.179 4012 5465 I AXL : copy handling 36
11-21 20:34:55.179 4012 5465 I AXL : RPC_CUSTOM_VISUALS
11-21 20:34:55.179 4012 5465 I AXL : RPC_CUSTOM_BODYWORK
11-21 20:34:55.179 4012 5465 I AXL : [IsModelLoaded] iModelID: 43
11-21 20:34:55.179 4012 5465 I AXL : IsModelLoaded true!
11-21 20:34:55.179 4012 5465 I AXL : [CObject] InstantRotate
11-21 20:34:55.179 4012 5465 I AXL : [CObject] InstantRotate
11-21 20:34:55.206 4012 4012 D DecorView: semSetRoundedCorners: 5
11-21 20:34:55.226 4012 4012 D DecorView: semSetRoundedCorners: 5
11-21 20:34:55.243 4012 4012 D DecorView: semSetRoundedCorners: 5
11-21 20:34:55.257 4012 4012 D DecorView: semSetRoundedCorners: 5
11-21 20:34:55.276 4012 4012 D DecorView: semSetRoundedCorners: 5
11-21 20:34:55.294 4012 4012 D DecorView: semSetRoundedCorners: 5
11-21 20:34:55.305 4012 4012 D DecorView: semSetRoundedCorners: 5
11-21 20:34:55.322 4012 4012 D DecorView: semSetRoundedCorners: 5
11-21 20:34:55.340 4012 4012 D DecorView: semSetRoundedCorners: 5
11-21 20:34:55.355 4012 4012 D DecorView: semSetRoundedCorners: 5
11-21 20:34:55.373 4012 4012 D DecorView: semSetRoundedCorners: 5
11-21 20:34:55.381 4012 5465 I AXL : RPC: ScrDisableMapIcon
11-21 20:34:55.389 4012 4012 D DecorView: semSetRoundedCorners: 5
11-21 20:34:55.407 4012 4012 D DecorView: semSetRoundedCorners: 5
11-21 20:34:55.427 4012 4012 D DecorView: semSetRoundedCorners: 5
11-21 20:34:55.443 4012 4012 D DecorView: semSetRoundedCorners: 5
11-21 20:34:55.456 4012 4012 D DecorView: semSetRoundedCorners: 5
11-21 20:34:55.473 4012 4012 D DecorView: semSetRoundedCorners: 5
11-21 20:34:55.494 4012 4012 D DecorView: semSetRoundedCorners: 5
11-21 20:34:55.506 4012 4012 D DecorView: semSetRoundedCorners: 5
11-21 20:34:55.522 4012 4012 D DecorView: semSetRoundedCorners: 5
11-21 20:34:55.540 4012 4012 D DecorView: semSetRoundedCorners: 5
11-21 20:34:55.557 4012 4012 D DecorView: semSetRoundedCorners: 5
11-21 20:34:55.573 4012 4012 D DecorView: semSetRoundedCorners: 5
11-21 20:34:55.590 4012 4012 D DecorView: semSetRoundedCorners: 5
11-21 20:34:55.608 4012 4012 D DecorView: semSetRoundedCorners: 5
11-21 20:34:55.626 4012 4012 D DecorView: semSetRoundedCorners: 5
11-21 20:34:55.644 4012 4012 D DecorView: semSetRoundedCorners: 5
11-21 20:34:55.657 4012 4012 D DecorView: semSetRoundedCorners: 5
11-21 20:34:55.674 4012 4012 D DecorView: semSetRoundedCorners: 5
11-21 20:34:55.689 4012 4012 D DecorView: semSetRoundedCorners: 5
11-21 20:34:55.707 4012 4012 D DecorView: semSetRoundedCorners: 5
11-21 20:34:55.715 4012 5465 I AXL : RPC: ScrDisableMapIcon
11-21 20:34:55.723 4012 4012 D DecorView: semSetRoundedCorners: 5
11-21 20:34:55.740 4012 4012 D DecorView: semSetRoundedCorners: 5
11-21 20:34:55.757 4012 4012 D DecorView: semSetRoundedCorners: 5
11-21 20:34:55.774 4012 4012 D DecorView: semSetRoundedCorners: 5
11-21 20:34:55.798 4012 4012 D DecorView: semSetRoundedCorners: 5
11-21 20:34:55.807 4012 4012 D DecorView: semSetRoundedCorners: 5
11-21 20:34:55.828 4012 4012 D DecorView: semSetRoundedCorners: 5
11-21 20:34:55.841 4012 4012 D DecorView: semSetRoundedCorners: 5
11-21 20:34:55.857 4012 4012 D DecorView: semSetRoundedCorners: 5
11-21 20:34:55.873 4012 4012 D DecorView: semSetRoundedCorners: 5
11-21 20:34:55.890 4012 4012 D DecorView: semSetRoundedCorners: 5
11-21 20:34:55.907 4012 4012 D DecorView: semSetRoundedCorners: 5
11-21 20:34:55.927 4012 4012 D DecorView: semSetRoundedCorners: 5
11-21 20:34:55.941 4012 4012 D DecorView: semSetRoundedCorners: 5
11-21 20:34:55.958 4012 4012 D DecorView: semSetRoundedCorners: 5
11-21 20:34:55.979 4012 4012 D DecorView: semSetRoundedCorners: 5
11-21 20:34:55.990 4012 4012 D DecorView: semSetRoundedCorners: 5
11-21 20:34:56.007 4012 4012 D DecorView: semSetRoundedCorners: 5
11-21 20:34:56.024 4012 4012 D DecorView: semSetRoundedCorners: 5
11-21 20:34:56.041 4012 4012 D DecorView: semSetRoundedCorners: 5
11-21 20:34:56.058 4012 4012 D DecorView: semSetRoundedCorners: 5
11-21 20:34:56.075 4012 4012 D DecorView: semSetRoundedCorners: 5
11-21 20:34:56.091 4012 4012 D DecorView: semSetRoundedCorners: 5
11-21 20:34:56.112 4012 4012 D DecorView: semSetRoundedCorners: 5
11-21 20:34:56.124 4012 4012 D DecorView: semSetRoundedCorners: 5
11-21 20:34:56.141 4012 4012 D DecorView: semSetRoundedCorners: 5
11-21 20:34:56.158 4012 4012 D DecorView: semSetRoundedCorners: 5
11-21 20:34:56.175 4012 4012 D DecorView: semSetRoundedCorners: 5
11-21 20:34:56.225 4012 4012 D DecorView: semSetRoundedCorners: 5
11-21 20:34:56.243 4012 4012 D DecorView: semSetRoundedCorners: 5
11-21 20:34:56.261 4012 4012 D DecorView: semSetRoundedCorners: 5
11-21 20:34:56.275 4012 4012 D DecorView: semSetRoundedCorners: 5
11-21 20:34:56.292 4012 4012 D DecorView: semSetRoundedCorners: 5
11-21 20:34:56.309 4012 4012 D DecorView: semSetRoundedCorners: 5
11-21 20:34:56.326 4012 4012 D DecorView: semSetRoundedCorners: 5
11-21 20:34:56.342 4012 4012 D DecorView: semSetRoundedCorners: 5
11-21 20:34:56.360 4012 4012 D DecorView: semSetRoundedCorners: 5
11-21 20:34:56.376 4012 4012 D DecorView: semSetRoundedCorners: 5
11-21 20:34:56.393 4012 4012 D DecorView: semSetRoundedCorners: 5
11-21 20:34:56.403 4012 5465 I AXL : RPC: WorldVehicleAdd
11-21 20:34:56.403 4012 5465 I AXL : [IsModelLoaded] iModelID: 3239
11-21 20:34:56.403 4012 5465 I AXL : IsModelLoaded false!
11-21 20:34:56.403 4012 5465 I AXL : Warning: car model not preloaded. 3239
11-21 20:34:56.403 4012 5465 I AXL : RequestModel
11-21 20:34:56.403 4012 5465 I AXL : RequestModel done!
11-21 20:34:56.403 4012 5465 I AXL : LoadRequestedModels
11-21 20:34:56.409 4012 4012 D DecorView: semSetRoundedCorners: 5
11-21 20:34:56.462 4012 5465 I AXL : LoadRequestedModels done!
11-21 20:34:56.462 4012 5465 I AXL : [IsModelLoaded] iModelID: 3239
11-21 20:34:56.462 4012 5465 I AXL : IsModelLoaded true!
11-21 20:34:56.462 4012 5465 I AXL : Car model was preloaded. 3239
11-21 20:34:56.463 4012 5465 I AXL : RPC: WorldVehicleAdd,
NewVehicle.iVehicleType: 3239
11-21 20:34:56.463 4012 5465 I AXL : [IsModelLoaded] iModelID: 1010
11-21 20:34:56.463 4012 5465 I AXL : IsModelLoaded true!
11-21 20:34:56.463 4012 5465 I AXL : [IsModelLoaded] iModelID: 1087
11-21 20:34:56.463 4012 5465 I AXL : IsModelLoaded true!
11-21 20:34:56.463 4012 5465 I AXL : RPC: ScrNumberPlate
11-21 20:34:56.463 4012 5465 I AXL : RPC: ScrVehicleParamsEx
11-21 20:34:56.463 4012 5465 I AXL : RPC_CUSTOM_HANDLING
11-21 20:34:56.463 4012 5465 I AXL : copy handling 11
11-21 20:34:56.463 4012 5465 I AXL : RPC_CUSTOM_VISUALS
11-21 20:34:56.463 4012 5465 I AXL : RPC_CUSTOM_BODYWORK
11-21 20:34:56.463 4012 5465 I AXL : RPC: WorldVehicleAdd
11-21 20:34:56.463 4012 5465 I AXL : [IsModelLoaded] iModelID: 445
11-21 20:34:56.463 4012 5465 I AXL : IsModelLoaded true!
11-21 20:34:56.464 4012 5465 I AXL : RPC: WorldVehicleAdd,
NewVehicle.iVehicleType: 445
11-21 20:34:56.464 4012 5465 I AXL : [IsModelLoaded] iModelID: 1010
11-21 20:34:56.464 4012 5465 I AXL : IsModelLoaded true!
11-21 20:34:56.465 4012 5465 I AXL : [IsModelLoaded] iModelID: 1080
11-21 20:34:56.465 4012 5465 I AXL : IsModelLoaded true!
11-21 20:34:56.465 4012 5465 I AXL : RPC: ScrNumberPlate
11-21 20:34:56.465 4012 5465 I AXL : RPC: ScrVehicleParamsEx
11-21 20:34:56.465 4012 5465 I AXL : RPC_CUSTOM_HANDLING
11-21 20:34:56.465 4012 5465 I AXL : copy handling 42
11-21 20:34:56.465 4012 5465 I AXL : RPC_CUSTOM_VISUALS
11-21 20:34:56.465 4012 5465 I AXL : RPC_CUSTOM_BODYWORK
11-21 20:34:56.465 4012 5465 I AXL : [IsModelLoaded] iModelID: 35
11-21 20:34:56.465 4012 5465 I AXL : IsModelLoaded true!
11-21 20:34:56.465 4012 5465 I AXL : [IsModelLoaded] iModelID: 144
11-21 20:34:56.465 4012 5465 I AXL : IsModelLoaded true!
11-21 20:34:56.465 4012 5465 I AXL : [IsModelLoaded] iModelID: 103
11-21 20:34:56.465 4012 5465 I AXL : IsModelLoaded true!
11-21 20:34:56.493 4012 4012 D DecorView: semSetRoundedCorners: 5
11-21 20:34:56.509 4012 4012 D DecorView: semSetRoundedCorners: 5
11-21 20:34:56.525 4012 4012 D DecorView: semSetRoundedCorners: 5
11-21 20:34:56.544 4012 4012 D DecorView: semSetRoundedCorners: 5
11-21 20:34:56.563 4012 4012 D DecorView: semSetRoundedCorners: 5
11-21 20:34:56.578 4012 4012 D DecorView: semSetRoundedCorners: 5
11-21 20:34:56.593 4012 4012 D DecorView: semSetRoundedCorners: 5
11-21 20:34:56.611 4012 4012 D DecorView: semSetRoundedCorners: 5
11-21 20:34:56.626 4012 4012 D DecorView: semSetRoundedCorners: 5
11-21 20:34:56.649 4012 4012 D DecorView: semSetRoundedCorners: 5
11-21 20:34:56.664 4012 4012 D DecorView: semSetRoundedCorners: 5
11-21 20:34:56.677 4012 4012 D DecorView: semSetRoundedCorners: 5
11-21 20:34:56.694 4012 4012 D DecorView: semSetRoundedCorners: 5
11-21 20:34:56.711 4012 4012 D DecorView: semSetRoundedCorners: 5
11-21 20:34:56.727 4012 4012 D DecorView: semSetRoundedCorners: 5
11-21 20:34:56.744 4012 4012 D DecorView: semSetRoundedCorners: 5
11-21 20:34:56.762 4012 4012 D DecorView: semSetRoundedCorners: 5
11-21 20:34:56.777 4012 4012 D DecorView: semSetRoundedCorners: 5
11-21 20:34:56.789 4012 4012 I ViewRootImpl@fb83006[GTASA]: ViewPostIme pointer 1
11-21 20:34:56.793 4012 4012 D DecorView: semSetRoundedCorners: 5
11-21 20:34:56.810 4012 4012 D DecorView: semSetRoundedCorners: 5
11-21 20:34:56.828 4012 4012 D DecorView: semSetRoundedCorners: 5
11-21 20:34:56.848 4012 4012 D DecorView: semSetRoundedCorners: 5
11-21 20:34:56.863 4012 4012 D DecorView: semSetRoundedCorners: 5
11-21 20:34:56.877 4012 4012 D DecorView: semSetRoundedCorners: 5
11-21 20:34:56.893 4012 4012 D DecorView: semSetRoundedCorners: 5
11-21 20:34:56.910 4012 4012 D DecorView: semSetRoundedCorners: 5
11-21 20:34:56.927 4012 4012 D DecorView: semSetRoundedCorners: 5
11-21 20:34:56.944 4012 4012 D DecorView: semSetRoundedCorners: 5
11-21 20:34:56.962 4012 4012 D DecorView: semSetRoundedCorners: 5
11-21 20:34:56.977 4012 4012 D DecorView: semSetRoundedCorners: 5
11-21 20:34:56.994 4012 4012 D DecorView: semSetRoundedCorners: 5
11-21 20:34:57.010 4012 4012 I ViewRootImpl@fb83006[GTASA]: ViewPostIme pointer 0
11-21 20:34:57.013 4012 4012 D DecorView: semSetRoundedCorners: 5
11-21 20:34:57.028 4012 4012 D DecorView: semSetRoundedCorners: 5
11-21 20:34:57.045 4012 4012 D DecorView: semSetRoundedCorners: 5
11-21 20:34:57.064 4012 4012 D DecorView: semSetRoundedCorners: 5
11-21 20:34:57.078 4012 4012 D DecorView: semSetRoundedCorners: 5
11-21 20:34:57.096 4012 4012 D DecorView: semSetRoundedCorners: 5
11-21 20:34:57.112 4012 4012 D DecorView: semSetRoundedCorners: 5
11-21 20:34:57.129 4012 4012 D DecorView: semSetRoundedCorners: 5
11-21 20:34:57.145 4012 4012 D DecorView: semSetRoundedCorners: 5
11-21 20:34:57.163 4012 4012 D DecorView: semSetRoundedCorners: 5
11-21 20:34:57.179 4012 4012 D DecorView: semSetRoundedCorners: 5
11-21 20:34:57.196 4012 4012 D DecorView: semSetRoundedCorners: 5
11-21 20:34:57.212 4012 4012 D DecorView: semSetRoundedCorners: 5
11-21 20:34:57.230 4012 4012 D DecorView: semSetRoundedCorners: 5
11-21 20:34:57.246 4012 4012 D DecorView: semSetRoundedCorners: 5
11-21 20:34:57.264 4012 4012 D DecorView: semSetRoundedCorners: 5
11-21 20:34:57.279 4012 4012 D DecorView: semSetRoundedCorners: 5
11-21 20:34:57.296 4012 4012 D DecorView: semSetRoundedCorners: 5
11-21 20:34:57.314 4012 4012 D DecorView: semSetRoundedCorners: 5
11-21 20:34:57.331 4012 4012 D DecorView: semSetRoundedCorners: 5
11-21 20:34:57.347 4012 4012 D DecorView: semSetRoundedCorners: 5
11-21 20:34:57.365 4012 4012 D DecorView: semSetRoundedCorners: 5
11-21 20:34:57.381 4012 4012 D DecorView: semSetRoundedCorners: 5
11-21 20:34:57.398 4012 4012 D DecorView: semSetRoundedCorners: 5
11-21 20:34:57.413 4012 4012 D DecorView: semSetRoundedCorners: 5
11-21 20:34:57.431 4012 4012 D DecorView: semSetRoundedCorners: 5
11-21 20:34:57.447 4012 4012 D DecorView: semSetRoundedCorners: 5
11-21 20:34:57.447 4012 5465 I AXL : RPC: ScrSetPlayerColor
11-21 20:34:57.469 4012 4012 D DecorView: semSetRoundedCorners: 5
11-21 20:34:57.482 4012 4012 D DecorView: semSetRoundedCorners: 5
11-21 20:34:57.497 4012 4012 D DecorView: semSetRoundedCorners: 5
11-21 20:34:57.514 4012 4012 D DecorView: semSetRoundedCorners: 5
11-21 20:34:57.531 4012 4012 D DecorView: semSetRoundedCorners: 5
11-21 20:34:57.549 4012 4012 D DecorView: semSetRoundedCorners: 5
11-21 20:34:57.566 4012 4012 D DecorView: semSetRoundedCorners: 5
11-21 20:34:57.584 4012 4012 D DecorView: semSetRoundedCorners: 5
11-21 20:34:57.598 4012 4012 D DecorView: semSetRoundedCorners: 5
11-21 20:34:57.615 4012 4012 D DecorView: semSetRoundedCorners: 5
11-21 20:34:57.631 4012 4012 D DecorView: semSetRoundedCorners: 5
11-21 20:34:57.649 4012 4012 D DecorView: semSetRoundedCorners: 5
11-21 20:34:57.665 4012 4012 D DecorView: semSetRoundedCorners: 5
11-21 20:34:57.682 4012 4012 D DecorView: semSetRoundedCorners: 5
11-21 20:34:57.700 4012 4012 D DecorView: semSetRoundedCorners: 5
11-21 20:34:57.714 4012 4012 D DecorView: semSetRoundedCorners: 5
11-21 20:34:57.731 4012 4012 D DecorView: semSetRoundedCorners: 5
11-21 20:34:57.747 4012 4012 D DecorView: semSetRoundedCorners: 5
11-21 20:34:57.768 4012 4012 D DecorView: semSetRoundedCorners: 5
11-21 20:34:57.785 4012 4012 D DecorView: semSetRoundedCorners: 5
11-21 20:34:57.798 4012 4012 D DecorView: semSetRoundedCorners: 5
11-21 20:34:57.815 4012 4012 D DecorView: semSetRoundedCorners: 5
11-21 20:34:57.831 4012 4012 D DecorView: semSetRoundedCorners: 5
11-21 20:34:57.850 4012 4012 D DecorView: semSetRoundedCorners: 5
11-21 20:34:57.917 4012 4012 D DecorView: semSetRoundedCorners: 5
11-21 20:34:57.932 4012 4012 D DecorView: semSetRoundedCorners: 5
11-21 20:34:57.964 4012 4012 D DecorView: semSetRoundedCorners: 5
11-21 20:34:57.997 4012 4012 D DecorView: semSetRoundedCorners: 5
11-21 20:34:58.015 4012 4012 D DecorView: semSetRoundedCorners: 5
11-21 20:34:58.031 4012 4012 D DecorView: semSetRoundedCorners: 5
11-21 20:34:58.048 4012 4012 D DecorView: semSetRoundedCorners: 5
11-21 20:34:58.064 4012 4012 D DecorView: semSetRoundedCorners: 5
11-21 20:34:58.081 4012 4012 D DecorView: semSetRoundedCorners: 5
11-21 20:34:58.098 4012 4012 D DecorView: semSetRoundedCorners: 5
11-21 20:34:58.115 4012 4012 D DecorView: semSetRoundedCorners: 5
11-21 20:34:58.148 4012 4012 D DecorView: semSetRoundedCorners: 5
11-21 20:34:58.183 4012 4012 D DecorView: semSetRoundedCorners: 5
11-21 20:34:58.203 4012 4012 D DecorView: semSetRoundedCorners: 5
11-21 20:34:58.216 4012 4012 D DecorView: semSetRoundedCorners: 5
11-21 20:34:58.236 4012 4012 D DecorView: semSetRoundedCorners: 5
11-21 20:34:58.253 4012 4012 D DecorView: semSetRoundedCorners: 5
11-21 20:34:58.267 4012 4012 D DecorView: semSetRoundedCorners: 5
11-21 20:34:58.287 4012 4012 D DecorView: semSetRoundedCorners: 5
11-21 20:34:58.304 4012 4012 D DecorView: semSetRoundedCorners: 5
11-21 20:34:58.321 4012 4012 D DecorView: semSetRoundedCorners: 5
11-21 20:34:58.337 4012 4012 D DecorView: semSetRoundedCorners: 5
11-21 20:34:58.349 4012 4012 D DecorView: semSetRoundedCorners: 5
11-21 20:34:58.371 4012 4012 D DecorView: semSetRoundedCorners: 5
11-21 20:34:58.387 4012 4012 D DecorView: semSetRoundedCorners: 5
11-21 20:34:58.403 4012 4012 D DecorView: semSetRoundedCorners: 5
11-21 20:34:58.421 4012 4012 D DecorView: semSetRoundedCorners: 5
11-21 20:34:58.439 4012 4012 D DecorView: semSetRoundedCorners: 5
11-21 20:34:58.454 4012 4012 D DecorView: semSetRoundedCorners: 5
11-21 20:34:58.469 4012 4012 D DecorView: semSetRoundedCorners: 5
11-21 20:34:58.484 4012 4012 D DecorView: semSetRoundedCorners: 5
11-21 20:34:58.497 4012 5465 I AXL : RPC: ScrSetPlayerColor
11-21 20:34:58.500 4012 4012 D DecorView: semSetRoundedCorners: 5
11-21 20:34:58.518 4012 4012 D DecorView: semSetRoundedCorners: 5
11-21 20:34:58.534 4012 4012 D DecorView: semSetRoundedCorners: 5
11-21 20:34:58.550 4012 4012 D DecorView: semSetRoundedCorners: 5
11-21 20:34:58.567 4012 4012 D DecorView: semSetRoundedCorners: 5
11-21 20:34:58.585 4012 4012 D DecorView: semSetRoundedCorners: 5
11-21 20:34:58.595 4012 5465 I AXL : RPC: ScrSetPlayerColor
11-21 20:34:58.595 4012 5465 I AXL : RPC: ScrSetPlayerColor
11-21 20:34:58.603 4012 4012 D DecorView: semSetRoundedCorners: 5
11-21 20:34:58.618 4012 4012 D DecorView: semSetRoundedCorners: 5
11-21 20:34:58.637 4012 4012 D DecorView: semSetRoundedCorners: 5
11-21 20:34:58.653 4012 4012 D DecorView: semSetRoundedCorners: 5
11-21 20:34:58.668 4012 4012 D DecorView: semSetRoundedCorners: 5
11-21 20:34:58.681 4012 5465 I AXL : RPC: ScrVehicleParamsEx
11-21 20:34:58.684 4012 4012 D DecorView: semSetRoundedCorners: 5
11-21 20:34:58.703 4012 4012 D DecorView: semSetRoundedCorners: 5
11-21 20:34:58.722 4012 4012 D DecorView: semSetRoundedCorners: 5
11-21 20:34:58.734 4012 4012 D DecorView: semSetRoundedCorners: 5
11-21 20:34:58.751 4012 4012 D DecorView: semSetRoundedCorners: 5
11-21 20:34:58.768 4012 4012 D DecorView: semSetRoundedCorners: 5
11-21 20:34:58.784 4012 4012 D DecorView: semSetRoundedCorners: 5
11-21 20:34:58.802 4012 4012 D DecorView: semSetRoundedCorners: 5
11-21 20:34:58.818 4012 4012 D DecorView: semSetRoundedCorners: 5
11-21 20:34:58.835 4012 4012 D DecorView: semSetRoundedCorners: 5
11-21 20:34:58.855 4012 4012 D DecorView: semSetRoundedCorners: 5
11-21 20:34:58.871 4012 4012 D DecorView: semSetRoundedCorners: 5
11-21 20:34:58.885 4012 4012 D DecorView: semSetRoundedCorners: 5
11-21 20:34:58.904 4012 4012 D DecorView: semSetRoundedCorners: 5
11-21 20:34:58.919 4012 4012 D DecorView: semSetRoundedCorners: 5
11-21 20:34:58.936 4012 4012 D DecorView: semSetRoundedCorners: 5
11-21 20:34:58.952 4012 4012 D DecorView: semSetRoundedCorners: 5
11-21 20:34:58.968 4012 4012 D DecorView: semSetRoundedCorners: 5
11-21 20:34:58.988 4012 4012 D DecorView: semSetRoundedCorners: 5
11-21 20:34:59.005 4012 4012 D DecorView: semSetRoundedCorners: 5
11-21 20:34:59.019 4012 4012 D DecorView: semSetRoundedCorners: 5
11-21 20:34:59.035 4012 4012 D DecorView: semSetRoundedCorners: 5
11-21 20:34:59.044 4012 5465 I AXL : RPC: ScrSetMapIcon
11-21 20:34:59.056 4012 4012 D DecorView: semSetRoundedCorners: 5
11-21 20:34:59.071 4012 4012 D DecorView: semSetRoundedCorners: 5
11-21 20:34:59.088 4012 4012 D DecorView: semSetRoundedCorners: 5
11-21 20:34:59.104 4012 4012 D DecorView: semSetRoundedCorners: 5
11-21 20:34:59.123 4012 4012 D DecorView: semSetRoundedCorners: 5
11-21 20:34:59.139 4012 4012 D DecorView: semSetRoundedCorners: 5
11-21 20:34:59.160 4012 4012 D DecorView: semSetRoundedCorners: 5
11-21 20:34:59.174 4012 4012 D DecorView: semSetRoundedCorners: 5
11-21 20:34:59.190 4012 4012 D DecorView: semSetRoundedCorners: 5
11-21 20:34:59.206 4012 4012 D DecorView: semSetRoundedCorners: 5
11-21 20:34:59.222 4012 4012 D DecorView: semSetRoundedCorners: 5
11-21 20:34:59.237 4012 4012 D DecorView: semSetRoundedCorners: 5
11-21 20:34:59.255 4012 4012 D DecorView: semSetRoundedCorners: 5
11-21 20:34:59.270 4012 4012 D DecorView: semSetRoundedCorners: 5
11-21 20:34:59.288 4012 4012 D DecorView: semSetRoundedCorners: 5
11-21 20:34:59.303 4012 4012 D DecorView: semSetRoundedCorners: 5
11-21 20:34:59.321 4012 4012 D DecorView: semSetRoundedCorners: 5
11-21 20:34:59.327 4012 5465 I AXL : [IsModelLoaded] iModelID: 3274
11-21 20:34:59.327 4012 5465 I AXL : IsModelLoaded true!
11-21 20:34:59.339 4012 4012 D DecorView: semSetRoundedCorners: 5
11-21 20:34:59.357 4012 4012 D DecorView: semSetRoundedCorners: 5
11-21 20:34:59.372 4012 4012 D DecorView: semSetRoundedCorners: 5
11-21 20:34:59.377 4012 5465 I AXL : RPC: ScrSetMapIcon
11-21 20:34:59.388 4012 4012 D DecorView: semSetRoundedCorners: 5
11-21 20:34:59.406 4012 4012 D DecorView: semSetRoundedCorners: 5
11-21 20:34:59.421 4012 4012 D DecorView: semSetRoundedCorners: 5
11-21 20:34:59.441 4012 4012 D DecorView: semSetRoundedCorners: 5
11-21 20:34:59.454 4012 4012 D DecorView: semSetRoundedCorners: 5
11-21 20:34:59.471 4012 4012 D DecorView: semSetRoundedCorners: 5
11-21 20:34:59.488 4012 4012 D DecorView: semSetRoundedCorners: 5
11-21 20:34:59.505 4012 4012 D DecorView: semSetRoundedCorners: 5
11-21 20:34:59.528 4012 4012 D DecorView: semSetRoundedCorners: 5
11-21 20:34:59.543 4012 4012 D DecorView: semSetRoundedCorners: 5
11-21 20:34:59.557 4012 4012 D DecorView: semSetRoundedCorners: 5
11-21 20:34:59.573 4012 4012 D DecorView: semSetRoundedCorners: 5
11-21 20:34:59.588 4012 4012 D DecorView: semSetRoundedCorners: 5
11-21 20:34:59.606 4012 4012 D DecorView: semSetRoundedCorners: 5
11-21 20:34:59.623 4012 4012 D DecorView: semSetRoundedCorners: 5
11-21 20:34:59.639 4012 4012 D DecorView: semSetRoundedCorners: 5
11-21 20:34:59.656 4012 4012 D DecorView: semSetRoundedCorners: 5
11-21 20:34:59.671 4012 4012 D DecorView: semSetRoundedCorners: 5
11-21 20:34:59.689 4012 4012 D DecorView: semSetRoundedCorners: 5
11-21 20:34:59.706 4012 4012 D DecorView: semSetRoundedCorners: 5
11-21 20:34:59.724 4012 4012 D DecorView: semSetRoundedCorners: 5
11-21 20:34:59.739 4012 4012 D DecorView: semSetRoundedCorners: 5
11-21 20:34:59.755 4012 4012 D DecorView: semSetRoundedCorners: 5
11-21 20:34:59.773 4012 4012 D DecorView: semSetRoundedCorners: 5
11-21 20:34:59.789 4012 4012 D DecorView: semSetRoundedCorners: 5
11-21 20:34:59.805 4012 4012 D DecorView: semSetRoundedCorners: 5
11-21 20:34:59.824 4012 4012 D DecorView: semSetRoundedCorners: 5
11-21 20:34:59.843 4012 4012 D DecorView: semSetRoundedCorners: 5
11-21 20:34:59.855 4012 4012 D DecorView: semSetRoundedCorners: 5
11-21 20:34:59.871 4012 4012 D DecorView: semSetRoundedCorners: 5
11-21 20:34:59.889 4012 4012 D DecorView: semSetRoundedCorners: 5
11-21 20:34:59.908 4012 4012 D DecorView: semSetRoundedCorners: 5
11-21 20:34:59.925 4012 4012 D DecorView: semSetRoundedCorners: 5
11-21 20:34:59.940 4012 4012 D DecorView: semSetRoundedCorners: 5
11-21 20:34:59.943 4012 5465 I AXL : RPC: ScrSetPlayerColor
11-21 20:34:59.955 4012 4012 D DecorView: semSetRoundedCorners: 5
11-21 20:34:59.972 4012 4012 D DecorView: semSetRoundedCorners: 5
11-21 20:34:59.989 4012 4012 D DecorView: semSetRoundedCorners: 5
11-21 20:35:00.010 4012 4012 D DecorView: semSetRoundedCorners: 5
11-21 20:35:00.043 4012 4012 D DecorView: semSetRoundedCorners: 5
11-21 20:35:00.049 4012 5465 I AXL : Removing from vehicle..
11-21 20:35:00.049 4012 5465 I AXL : Setting flag state..
11-21 20:35:00.049 4012 5465 I AXL : Calling destructor..
11-21 20:35:00.050 4012 5465 I AXL : PlayerPed Destroyed
11-21 20:35:00.050 4012 5465 I AXL : Removing from vehicle..
11-21 20:35:00.050 4012 5465 I AXL : Setting flag state..
11-21 20:35:00.050 4012 5465 I AXL : Calling destructor..
11-21 20:35:00.050 4012 5465 I AXL : PlayerPed Destroyed
11-21 20:35:00.050 4012 5465 I AXL : CreatePickup(1318, 23, 663, 1003, 12)
11-21 20:35:00.050 4012 5465 I AXL : [IsModelLoaded] iModelID: 1318
11-21 20:35:00.050 4012 5465 I AXL : IsModelLoaded true!
11-21 20:35:00.050 4012 5465 I AXL : CreatePickup(1318, 23, 658, 986, 12)
11-21 20:35:00.050 4012 5465 I AXL : [IsModelLoaded] iModelID: 1318
11-21 20:35:00.050 4012 5465 I AXL : IsModelLoaded true!
11-21 20:35:00.055 4012 4012 D DecorView: semSetRoundedCorners: 5
11-21 20:35:00.077 4012 4012 D DecorView: semSetRoundedCorners: 5
11-21 20:35:00.090 4012 4012 D DecorView: semSetRoundedCorners: 5
11-21 20:35:00.110 4012 4012 D DecorView: semSetRoundedCorners: 5
11-21 20:35:00.122 4012 4012 D DecorView: semSetRoundedCorners: 5
11-21 20:35:00.125 4012 4012 I ViewRootImpl@fb83006[GTASA]: ViewPostIme pointer 1
11-21 20:35:00.144 4012 4012 D DecorView: semSetRoundedCorners: 5
11-21 20:35:00.156 4012 4012 D DecorView: semSetRoundedCorners: 5
11-21 20:35:00.176 4012 4012 D DecorView: semSetRoundedCorners: 5
11-21 20:35:00.190 4012 4012 D DecorView: semSetRoundedCorners: 5
11-21 20:35:00.207 4012 4012 D DecorView: semSetRoundedCorners: 5
11-21 20:35:00.209 4012 4012 I ViewRootImpl@fb83006[GTASA]: ViewPostIme pointer 0
11-21 20:35:00.223 4012 4012 D DecorView: semSetRoundedCorners: 5
11-21 20:35:00.244 4012 4012 D DecorView: semSetRoundedCorners: 5
11-21 20:35:00.273 4012 4012 D DecorView: semSetRoundedCorners: 5
11-21 20:35:00.292 4012 4012 D DecorView: semSetRoundedCorners: 5
11-21 20:35:00.306 4012 4012 D DecorView: semSetRoundedCorners: 5
11-21 20:35:00.323 4012 4012 D DecorView: semSetRoundedCorners: 5
11-21 20:35:00.344 4012 4012 D DecorView: semSetRoundedCorners: 5
11-21 20:35:00.362 4012 4012 D DecorView: semSetRoundedCorners: 5
11-21 20:35:00.373 4012 4012 D DecorView: semSetRoundedCorners: 5
11-21 20:35:00.396 4012 4012 D DecorView: semSetRoundedCorners: 5
11-21 20:35:00.409 4012 4012 D DecorView: semSetRoundedCorners: 5
11-21 20:35:00.427 4012 4012 D DecorView: semSetRoundedCorners: 5
11-21 20:35:00.441 4012 4012 D DecorView: semSetRoundedCorners: 5
11-21 20:35:00.458 4012 4012 D DecorView: semSetRoundedCorners: 5
11-21 20:35:00.474 4012 4012 D DecorView: semSetRoundedCorners: 5
11-21 20:35:00.491 4012 4012 D DecorView: semSetRoundedCorners: 5
11-21 20:35:00.508 4012 4012 D DecorView: semSetRoundedCorners: 5
11-21 20:35:00.526 4012 4012 D DecorView: semSetRoundedCorners: 5
11-21 20:35:00.541 4012 4012 D DecorView: semSetRoundedCorners: 5
11-21 20:35:00.558 4012 4012 D DecorView: semSetRoundedCorners: 5
11-21 20:35:00.575 4012 4012 D DecorView: semSetRoundedCorners: 5
11-21 20:35:00.590 4012 4012 D DecorView: semSetRoundedCorners: 5
11-21 20:35:00.611 4012 4012 D DecorView: semSetRoundedCorners: 5
11-21 20:35:00.626 4012 4012 D DecorView: semSetRoundedCorners: 5
11-21 20:35:00.643 4012 4012 D DecorView: semSetRoundedCorners: 5
11-21 20:35:00.662 4012 4012 D DecorView: semSetRoundedCorners: 5
11-21 20:35:00.676 4012 4012 D DecorView: semSetRoundedCorners: 5
11-21 20:35:00.691 4012 4012 D DecorView: semSetRoundedCorners: 5
11-21 20:35:00.708 4012 4012 D DecorView: semSetRoundedCorners: 5
11-21 20:35:00.726 4012 4012 D DecorView: semSetRoundedCorners: 5
11-21 20:35:00.746 4012 4012 D DecorView: semSetRoundedCorners: 5
11-21 20:35:00.749 4012 4012 I ViewRootImpl@fb83006[GTASA]: ViewPostIme pointer 1
11-21 20:35:00.759 4012 4012 D DecorView: semSetRoundedCorners: 5
11-21 20:35:00.774 4012 4012 D DecorView: semSetRoundedCorners: 5
11-21 20:35:00.791 4012 4012 D DecorView: semSetRoundedCorners: 5
11-21 20:35:00.798 4012 4012 I ViewRootImpl@fb83006[GTASA]: ViewPostIme pointer 0
11-21 20:35:00.807 4012 4012 D DecorView: semSetRoundedCorners: 5
11-21 20:35:00.825 4012 4012 D DecorView: semSetRoundedCorners: 5
11-21 20:35:00.841 4012 4012 D DecorView: semSetRoundedCorners: 5
11-21 20:35:00.864 4012 4012 D DecorView: semSetRoundedCorners: 5
11-21 20:35:00.878 4012 4012 D DecorView: semSetRoundedCorners: 5
11-21 20:35:00.892 4012 4012 D DecorView: semSetRoundedCorners: 5
11-21 20:35:00.910 4012 4012 D DecorView: semSetRoundedCorners: 5
11-21 20:35:00.927 4012 4012 D DecorView: semSetRoundedCorners: 5
11-21 20:35:00.964 4012 4012 D DecorView: semSetRoundedCorners: 5
11-21 20:35:00.980 4012 4012 D DecorView: semSetRoundedCorners: 5
11-21 20:35:00.993 4012 4012 D DecorView: semSetRoundedCorners: 5
11-21 20:35:01.008 4012 4012 D DecorView: semSetRoundedCorners: 5
11-21 20:35:01.025 4012 4012 D DecorView: semSetRoundedCorners: 5
11-21 20:35:01.062 4012 4012 D DecorView: semSetRoundedCorners: 5
11-21 20:35:01.077 4012 4012 D DecorView: semSetRoundedCorners: 5
11-21 20:35:01.099 4012 4012 D DecorView: semSetRoundedCorners: 5
11-21 20:35:01.110 4012 4012 D DecorView: semSetRoundedCorners: 5
11-21 20:35:01.129 4012 4012 D DecorView: semSetRoundedCorners: 5
11-21 20:35:01.147 4012 4012 D DecorView: semSetRoundedCorners: 5
11-21 20:35:01.162 4012 4012 D DecorView: semSetRoundedCorners: 5
11-21 20:35:01.180 4012 4012 D DecorView: semSetRoundedCorners: 5
11-21 20:35:01.195 4012 4012 D DecorView: semSetRoundedCorners: 5
11-21 20:35:01.230 4012 4012 D DecorView: semSetRoundedCorners: 5
11-21 20:35:01.246 4012 4012 D DecorView: semSetRoundedCorners: 5
11-21 20:35:01.264 4012 4012 D DecorView: semSetRoundedCorners: 5
11-21 20:35:01.277 4012 4012 D DecorView: semSetRoundedCorners: 5
11-21 20:35:01.293 4012 4012 D DecorView: semSetRoundedCorners: 5
11-21 20:35:01.309 4012 4012 D DecorView: semSetRoundedCorners: 5
11-21 20:35:01.327 4012 4012 D DecorView: semSetRoundedCorners: 5
11-21 20:35:01.343 4012 4012 D DecorView: semSetRoundedCorners: 5
11-21 20:35:01.360 4012 4012 D DecorView: semSetRoundedCorners: 5
11-21 20:35:01.379 4012 4012 D DecorView: semSetRoundedCorners: 5
11-21 20:35:01.400 4012 4012 D DecorView: semSetRoundedCorners: 5
11-21 20:35:01.410 4012 4012 D DecorView: semSetRoundedCorners: 5
11-21 20:35:01.427 4012 4012 D DecorView: semSetRoundedCorners: 5
11-21 20:35:01.448 4012 4012 D DecorView: semSetRoundedCorners: 5
11-21 20:35:01.461 4012 4012 D DecorView: semSetRoundedCorners: 5
11-21 20:35:01.477 4012 4012 D DecorView: semSetRoundedCorners: 5
11-21 20:35:01.494 4012 4012 D DecorView: semSetRoundedCorners: 5
11-21 20:35:01.511 4012 4012 D DecorView: semSetRoundedCorners: 5
11-21 20:35:01.528 4012 4012 D DecorView: semSetRoundedCorners: 5
11-21 20:35:01.544 4012 4012 D DecorView: semSetRoundedCorners: 5
11-21 20:35:01.561 4012 4012 D DecorView: semSetRoundedCorners: 5
11-21 20:35:01.578 4012 4012 D DecorView: semSetRoundedCorners: 5
11-21 20:35:01.597 4012 4012 D DecorView: semSetRoundedCorners: 5
11-21 20:35:01.612 4012 4012 D DecorView: semSetRoundedCorners: 5
11-21 20:35:01.629 4012 4012 D DecorView: semSetRoundedCorners: 5
11-21 20:35:01.645 4012 4012 D DecorView: semSetRoundedCorners: 5
11-21 20:35:01.662 4012 4012 D DecorView: semSetRoundedCorners: 5
11-21 20:35:01.678 4012 4012 D DecorView: semSetRoundedCorners: 5
11-21 20:35:01.695 4012 4012 D DecorView: semSetRoundedCorners: 5
11-21 20:35:01.711 4012 4012 D DecorView: semSetRoundedCorners: 5
11-21 20:35:01.728 4012 4012 D DecorView: semSetRoundedCorners: 5
11-21 20:35:01.745 4012 4012 D DecorView: semSetRoundedCorners: 5
11-21 20:35:01.763 4012 4012 D DecorView: semSetRoundedCorners: 5
11-21 20:35:01.779 4012 4012 D DecorView: semSetRoundedCorners: 5
11-21 20:35:01.795 4012 4012 D DecorView: semSetRoundedCorners: 5
11-21 20:35:01.812 4012 4012 D DecorView: semSetRoundedCorners: 5
11-21 20:35:01.829 4012 4012 D DecorView: semSetRoundedCorners: 5
11-21 20:35:01.846 4012 4012 D DecorView: semSetRoundedCorners: 5
11-21 20:35:01.862 4012 4012 D DecorView: semSetRoundedCorners: 5
11-21 20:35:01.879 4012 4012 D DecorView: semSetRoundedCorners: 5
11-21 20:35:01.895 4012 4012 D DecorView: semSetRoundedCorners: 5
11-21 20:35:01.913 4012 4012 D DecorView: semSetRoundedCorners: 5
11-21 20:35:01.930 4012 4012 D DecorView: semSetRoundedCorners: 5
11-21 20:35:01.948 4012 4012 D DecorView: semSetRoundedCorners: 5
11-21 20:35:01.963 4012 4012 D DecorView: semSetRoundedCorners: 5
11-21 20:35:01.979 4012 4012 D DecorView: semSetRoundedCorners: 5
11-21 20:35:01.996 4012 4012 D DecorView: semSetRoundedCorners: 5
11-21 20:35:02.012 4012 4012 D DecorView: semSetRoundedCorners: 5
11-21 20:35:02.029 4012 4012 D DecorView: semSetRoundedCorners: 5
11-21 20:35:02.049 4012 4012 D DecorView: semSetRoundedCorners: 5
11-21 20:35:02.064 4012 4012 D DecorView: semSetRoundedCorners: 5
11-21 20:35:02.082 4012 4012 D DecorView: semSetRoundedCorners: 5
11-21 20:35:02.096 4012 4012 D DecorView: semSetRoundedCorners: 5
11-21 20:35:02.113 4012 4012 D DecorView: semSetRoundedCorners: 5
11-21 20:35:02.129 4012 4012 D DecorView: semSetRoundedCorners: 5
11-21 20:35:02.146 4012 4012 D DecorView: semSetRoundedCorners: 5
11-21 20:35:02.163 4012 4012 D DecorView: semSetRoundedCorners: 5
11-21 20:35:02.180 4012 4012 D DecorView: semSetRoundedCorners: 5
11-21 20:35:02.197 4012 4012 D DecorView: semSetRoundedCorners: 5
11-21 20:35:02.214 4012 4012 D DecorView: semSetRoundedCorners: 5
11-21 20:35:02.230 4012 4012 D DecorView: semSetRoundedCorners: 5
11-21 20:35:02.247 4012 4012 D DecorView: semSetRoundedCorners: 5
11-21 20:35:02.269 4012 4012 D DecorView: semSetRoundedCorners: 5
11-21 20:35:02.281 4012 4012 D DecorView: semSetRoundedCorners: 5
11-21 20:35:02.296 4012 4012 D DecorView: semSetRoundedCorners: 5
11-21 20:35:02.315 4012 4012 D DecorView: semSetRoundedCorners: 5
11-21 20:35:02.330 4012 4012 D DecorView: semSetRoundedCorners: 5
11-21 20:35:02.346 4012 5465 I AXL : RPC: ScrSetPlayerColor
11-21 20:35:02.348 4012 4012 D DecorView: semSetRoundedCorners: 5
11-21 20:35:02.364 4012 4012 D DecorView: semSetRoundedCorners: 5
11-21 20:35:02.380 4012 4012 D DecorView: semSetRoundedCorners: 5
11-21 20:35:02.399 4012 4012 D DecorView: semSetRoundedCorners: 5
11-21 20:35:02.414 4012 4012 D DecorView: semSetRoundedCorners: 5
11-21 20:35:02.430 4012 4012 D DecorView: semSetRoundedCorners: 5
11-21 20:35:02.447 4012 4012 D DecorView: semSetRoundedCorners: 5
11-21 20:35:02.464 4012 4012 D DecorView: semSetRoundedCorners: 5
11-21 20:35:02.480 4012 4012 D DecorView: semSetRoundedCorners: 5
11-21 20:35:02.497 4012 4012 D DecorView: semSetRoundedCorners: 5
11-21 20:35:02.515 4012 4012 D DecorView: semSetRoundedCorners: 5
11-21 20:35:02.531 4012 4012 D DecorView: semSetRoundedCorners: 5
11-21 20:35:02.548 4012 4012 D DecorView: semSetRoundedCorners: 5
11-21 20:35:02.566 4012 4012 D DecorView: semSetRoundedCorners: 5
11-21 20:35:02.581 4012 4012 D DecorView: semSetRoundedCorners: 5
11-21 20:35:02.598 4012 4012 D DecorView: semSetRoundedCorners: 5
11-21 20:35:02.616 4012 4012 D DecorView: semSetRoundedCorners: 5
11-21 20:35:02.632 4012 4012 D DecorView: semSetRoundedCorners: 5
11-21 20:35:02.648 4012 4012 D DecorView: semSetRoundedCorners: 5
11-21 20:35:02.665 4012 4012 D DecorView: semSetRoundedCorners: 5
11-21 20:35:02.683 4012 4012 D DecorView: semSetRoundedCorners: 5
11-21 20:35:02.698 4012 4012 D DecorView: semSetRoundedCorners: 5
11-21 20:35:02.715 4012 4012 D DecorView: semSetRoundedCorners: 5
11-21 20:35:02.731 4012 4012 D DecorView: semSetRoundedCorners: 5
11-21 20:35:02.749 4012 4012 D DecorView: semSetRoundedCorners: 5
11-21 20:35:02.765 4012 4012 D DecorView: semSetRoundedCorners: 5
11-21 20:35:02.782 4012 4012 D DecorView: semSetRoundedCorners: 5
11-21 20:35:02.798 4012 4012 D DecorView: semSetRoundedCorners: 5
11-21 20:35:02.815 4012 4012 D DecorView: semSetRoundedCorners: 5
11-21 20:35:02.832 4012 4012 D DecorView: semSetRoundedCorners: 5
11-21 20:35:02.849 4012 4012 D DecorView: semSetRoundedCorners: 5
11-21 20:35:02.865 4012 4012 D DecorView: semSetRoundedCorners: 5
11-21 20:35:02.882 4012 4012 D DecorView: semSetRoundedCorners: 5
11-21 20:35:02.899 4012 4012 D DecorView: semSetRoundedCorners: 5
11-21 20:35:02.916 4012 4012 D DecorView: semSetRoundedCorners: 5
11-21 20:35:02.932 4012 4012 D DecorView: semSetRoundedCorners: 5
11-21 20:35:02.949 4012 4012 D DecorView: semSetRoundedCorners: 5
11-21 20:35:02.966 4012 4012 D DecorView: semSetRoundedCorners: 5
11-21 20:35:02.983 4012 4012 D DecorView: semSetRoundedCorners: 5
11-21 20:35:02.999 4012 4012 D DecorView: semSetRoundedCorners: 5
11-21 20:35:03.016 4012 4012 D DecorView: semSetRoundedCorners: 5
11-21 20:35:03.042 4012 4012 D DecorView: semSetRoundedCorners: 5
11-21 20:35:03.057 4012 4012 D DecorView: semSetRoundedCorners: 5
11-21 20:35:03.071 4012 4012 D DecorView: semSetRoundedCorners: 5
11-21 20:35:03.084 4012 4012 D DecorView: semSetRoundedCorners: 5
11-21 20:35:03.100 4012 4012 D DecorView: semSetRoundedCorners: 5
11-21 20:35:03.117 4012 4012 D DecorView: semSetRoundedCorners: 5
11-21 20:35:03.133 4012 4012 D DecorView: semSetRoundedCorners: 5
11-21 20:35:03.151 4012 4012 D DecorView: semSetRoundedCorners: 5
11-21 20:35:03.167 4012 4012 D DecorView: semSetRoundedCorners: 5
11-21 20:35:03.184 4012 4012 D DecorView: semSetRoundedCorners: 5
11-21 20:35:03.201 4012 4012 D DecorView: semSetRoundedCorners: 5
11-21 20:35:03.217 4012 4012 D DecorView: semSetRoundedCorners: 5
11-21 20:35:03.234 4012 4012 D DecorView: semSetRoundedCorners: 5
11-21 20:35:03.255 4012 4012 D DecorView: semSetRoundedCorners: 5
11-21 20:35:03.267 4012 4012 D DecorView: semSetRoundedCorners: 5
11-21 20:35:03.286 4012 4012 D DecorView: semSetRoundedCorners: 5
11-21 20:35:03.301 4012 4012 D DecorView: semSetRoundedCorners: 5
11-21 20:35:03.317 4012 4012 D DecorView: semSetRoundedCorners: 5
11-21 20:35:03.339 4012 4012 D DecorView: semSetRoundedCorners: 5
11-21 20:35:03.356 4012 4012 D DecorView: semSetRoundedCorners: 5
11-21 20:35:03.373 4012 4012 D DecorView: semSetRoundedCorners: 5
11-21 20:35:03.392 4012 4012 D DecorView: semSetRoundedCorners: 5
11-21 20:35:03.408 4012 4012 D DecorView: semSetRoundedCorners: 5
11-21 20:35:03.423 4012 4012 D DecorView: semSetRoundedCorners: 5
11-21 20:35:03.436 4012 4012 D DecorView: semSetRoundedCorners: 5
11-21 20:35:03.452 4012 4012 D DecorView: semSetRoundedCorners: 5
11-21 20:35:03.472 4012 4012 D DecorView: semSetRoundedCorners: 5
11-21 20:35:03.489 4012 4012 D DecorView: semSetRoundedCorners: 5
11-21 20:35:03.505 4012 4012 D DecorView: semSetRoundedCorners: 5
11-21 20:35:03.520 4012 4012 D DecorView: semSetRoundedCorners: 5
11-21 20:35:03.540 4012 4012 D DecorView: semSetRoundedCorners: 5
11-21 20:35:03.556 4012 4012 D DecorView: semSetRoundedCorners: 5
11-21 20:35:03.569 4012 4012 D DecorView: semSetRoundedCorners: 5
11-21 20:35:03.591 4012 4012 D DecorView: semSetRoundedCorners: 5
11-21 20:35:03.606 4012 4012 D DecorView: semSetRoundedCorners: 5
11-21 20:35:03.622 4012 4012 D DecorView: semSetRoundedCorners: 5
11-21 20:35:03.636 4012 4012 D DecorView: semSetRoundedCorners: 5
11-21 20:35:03.657 4012 4012 D DecorView: semSetRoundedCorners: 5
11-21 20:35:03.673 4012 4012 D DecorView: semSetRoundedCorners: 5
