11-21 20:30:15.272 4012 4012 D DecorView: semSetRoundedCorners: 5
11-21 20:30:15.288 4012 4012 D DecorView: semSetRoundedCorners: 5
11-21 20:30:15.305 4012 4012 D DecorView: semSetRoundedCorners: 5
11-21 20:30:15.321 4012 4012 D DecorView: semSetRoundedCorners: 5
11-21 20:30:15.338 4012 4012 D DecorView: semSetRoundedCorners: 5
11-21 20:30:15.355 4012 4012 D DecorView: semSetRoundedCorners: 5
11-21 20:30:15.371 4012 4012 D DecorView: semSetRoundedCorners: 5
11-21 20:30:15.388 4012 4012 D DecorView: semSetRoundedCorners: 5
11-21 20:30:15.402 4012 5465 I AXL : CreatePickup(1318, 23, 301, 997, 1000)
11-21 20:30:15.402 4012 5465 I AXL : [IsModelLoaded] iModelID: 1318
11-21 20:30:15.402 4012 5465 I AXL : IsModelLoaded true!
11-21 20:30:15.402 4012 5465 I AXL : CreatePickup(1550, 23, 407, 1347, 12)
11-21 20:30:15.403 4012 5465 I AXL : [IsModelLoaded] iModelID: 1550
11-21 20:30:15.403 4012 5465 I AXL : IsModelLoaded true!
11-21 20:30:15.405 4012 4012 D DecorView: semSetRoundedCorners: 5
11-21 20:30:15.422 4012 4012 D DecorView: semSetRoundedCorners: 5
11-21 20:30:15.438 4012 4012 D DecorView: semSetRoundedCorners: 5
11-21 20:30:15.455 4012 4012 D DecorView: semSetRoundedCorners: 5
11-21 20:30:15.472 4012 4012 D DecorView: semSetRoundedCorners: 5
11-21 20:30:15.488 4012 4012 D DecorView: semSetRoundedCorners: 5
11-21 20:30:15.505 4012 4012 D DecorView: semSetRoundedCorners: 5
11-21 20:30:15.522 4012 4012 D DecorView: semSetRoundedCorners: 5
11-21 20:30:15.539 4012 4012 D DecorView: semSetRoundedCorners: 5
11-21 20:30:15.556 4012 4012 D DecorView: semSetRoundedCorners: 5
11-21 20:30:15.572 4012 4012 D DecorView: semSetRoundedCorners: 5
11-21 20:30:15.589 4012 4012 D DecorView: semSetRoundedCorners: 5
11-21 20:30:15.606 4012 4012 D DecorView: semSetRoundedCorners: 5
11-21 20:30:15.623 4012 4012 D DecorView: semSetRoundedCorners: 5
11-21 20:30:15.639 4012 4012 D DecorView: semSetRoundedCorners: 5
11-21 20:30:15.656 4012 4012 D DecorView: semSetRoundedCorners: 5
11-21 20:30:15.673 4012 4012 D DecorView: semSetRoundedCorners: 5
11-21 20:30:15.689 4012 4012 D DecorView: semSetRoundedCorners: 5
11-21 20:30:15.706 4012 4012 D DecorView: semSetRoundedCorners: 5
11-21 20:30:15.723 4012 4012 D DecorView: semSetRoundedCorners: 5
11-21 20:30:15.739 4012 4012 D DecorView: semSetRoundedCorners: 5
11-21 20:30:15.756 4012 4012 D DecorView: semSetRoundedCorners: 5
11-21 20:30:15.773 4012 4012 D DecorView: semSetRoundedCorners: 5
11-21 20:30:15.790 4012 4012 D DecorView: semSetRoundedCorners: 5
11-21 20:30:15.807 4012 4012 D DecorView: semSetRoundedCorners: 5
11-21 20:30:15.823 4012 4012 D DecorView: semSetRoundedCorners: 5
11-21 20:30:15.840 4012 4012 D DecorView: semSetRoundedCorners: 5
11-21 20:30:15.857 4012 4012 D DecorView: semSetRoundedCorners: 5
11-21 20:30:15.874 4012 4012 D DecorView: semSetRoundedCorners: 5
11-21 20:30:15.891 4012 4012 D DecorView: semSetRoundedCorners: 5
11-21 20:30:15.907 4012 4012 D DecorView: semSetRoundedCorners: 5
11-21 20:30:15.924 4012 4012 D DecorView: semSetRoundedCorners: 5
11-21 20:30:15.940 4012 4012 D DecorView: semSetRoundedCorners: 5
11-21 20:30:15.957 4012 4012 D DecorView: semSetRoundedCorners: 5
11-21 20:30:15.959 4012 4012 I ViewRootImpl@fb83006[GTASA]: ViewPostIme pointer 1
11-21 20:30:15.973 4012 4012 D DecorView: semSetRoundedCorners: 5
11-21 20:30:15.990 4012 4012 D DecorView: semSetRoundedCorners: 5
11-21 20:30:16.007 4012 4012 D DecorView: semSetRoundedCorners: 5
11-21 20:30:16.018 4012 4012 I ViewRootImpl@fb83006[GTASA]: ViewPostIme pointer 0
11-21 20:30:16.024 4012 4012 D DecorView: semSetRoundedCorners: 5
11-21 20:30:16.041 4012 4012 D DecorView: semSetRoundedCorners: 5
11-21 20:30:16.057 4012 4012 D DecorView: semSetRoundedCorners: 5
11-21 20:30:16.074 4012 4012 D DecorView: semSetRoundedCorners: 5
11-21 20:30:16.091 4012 4012 D DecorView: semSetRoundedCorners: 5
11-21 20:30:16.108 4012 4012 D DecorView: semSetRoundedCorners: 5
11-21 20:30:16.125 4012 4012 D DecorView: semSetRoundedCorners: 5
11-21 20:30:16.141 4012 4012 D DecorView: semSetRoundedCorners: 5
11-21 20:30:16.158 4012 4012 D DecorView: semSetRoundedCorners: 5
11-21 20:30:16.174 4012 4012 D DecorView: semSetRoundedCorners: 5
11-21 20:30:16.191 4012 4012 D DecorView: semSetRoundedCorners: 5
11-21 20:30:16.208 4012 4012 D DecorView: semSetRoundedCorners: 5
11-21 20:30:16.225 4012 4012 D DecorView: semSetRoundedCorners: 5
11-21 20:30:16.241 4012 4012 D DecorView: semSetRoundedCorners: 5
11-21 20:30:16.258 4012 4012 D DecorView: semSetRoundedCorners: 5
11-21 20:30:16.275 4012 4012 D DecorView: semSetRoundedCorners: 5
11-21 20:30:16.291 4012 4012 D DecorView: semSetRoundedCorners: 5
11-21 20:30:16.309 4012 4012 D DecorView: semSetRoundedCorners: 5
11-21 20:30:16.326 4012 4012 D DecorView: semSetRoundedCorners: 5
11-21 20:30:16.342 4012 4012 D DecorView: semSetRoundedCorners: 5
11-21 20:30:16.359 4012 4012 D DecorView: semSetRoundedCorners: 5
11-21 20:30:16.375 4012 4012 D DecorView: semSetRoundedCorners: 5
11-21 20:30:16.392 4012 4012 D DecorView: semSetRoundedCorners: 5
11-21 20:30:16.408 4012 4012 D DecorView: semSetRoundedCorners: 5
11-21 20:30:16.425 4012 4012 D DecorView: semSetRoundedCorners: 5
11-21 20:30:16.442 4012 4012 D DecorView: semSetRoundedCorners: 5
11-21 20:30:16.459 4012 4012 D DecorView: semSetRoundedCorners: 5
11-21 20:30:16.475 4012 4012 D DecorView: semSetRoundedCorners: 5
11-21 20:30:16.492 4012 4012 D DecorView: semSetRoundedCorners: 5
11-21 20:30:16.509 4012 4012 D DecorView: semSetRoundedCorners: 5
11-21 20:30:16.526 4012 4012 D DecorView: semSetRoundedCorners: 5
11-21 20:30:16.543 4012 4012 D DecorView: semSetRoundedCorners: 5
11-21 20:30:16.559 4012 4012 D DecorView: semSetRoundedCorners: 5
11-21 20:30:16.576 4012 4012 D DecorView: semSetRoundedCorners: 5
11-21 20:30:16.593 4012 4012 D DecorView: semSetRoundedCorners: 5
11-21 20:30:16.609 4012 4012 D DecorView: semSetRoundedCorners: 5
11-21 20:30:16.626 4012 4012 D DecorView: semSetRoundedCorners: 5
11-21 20:30:16.643 4012 4012 D DecorView: semSetRoundedCorners: 5
11-21 20:30:16.659 4012 4012 D DecorView: semSetRoundedCorners: 5
11-21 20:30:16.676 4012 4012 D DecorView: semSetRoundedCorners: 5
11-21 20:30:16.693 4012 4012 D DecorView: semSetRoundedCorners: 5
11-21 20:30:16.709 4012 4012 D DecorView: semSetRoundedCorners: 5
11-21 20:30:16.727 4012 4012 D DecorView: semSetRoundedCorners: 5
11-21 20:30:16.743 4012 4012 D DecorView: semSetRoundedCorners: 5
11-21 20:30:16.760 4012 4012 D DecorView: semSetRoundedCorners: 5
11-21 20:30:16.776 4012 4012 D DecorView: semSetRoundedCorners: 5
11-21 20:30:16.793 4012 4012 D DecorView: semSetRoundedCorners: 5
11-21 20:30:16.810 4012 4012 D DecorView: semSetRoundedCorners: 5
11-21 20:30:16.826 4012 4012 D DecorView: semSetRoundedCorners: 5
11-21 20:30:16.832 4012 4012 I ViewRootImpl@fb83006[GTASA]: ViewPostIme pointer 1
11-21 20:30:16.843 4012 4012 D DecorView: semSetRoundedCorners: 5
11-21 20:30:16.860 4012 4012 D DecorView: semSetRoundedCorners: 5
11-21 20:30:16.876 4012 4012 D DecorView: semSetRoundedCorners: 5
11-21 20:30:16.890 4012 5465 I AXL : RPC: ScrSetPlayerColor
11-21 20:30:16.894 4012 4012 D DecorView: semSetRoundedCorners: 5
11-21 20:30:16.910 4012 4012 D DecorView: semSetRoundedCorners: 5
11-21 20:30:16.927 4012 4012 D DecorView: semSetRoundedCorners: 5
11-21 20:30:16.943 4012 4012 D DecorView: semSetRoundedCorners: 5
11-21 20:30:16.960 4012 4012 D DecorView: semSetRoundedCorners: 5
11-21 20:30:16.977 4012 4012 D DecorView: semSetRoundedCorners: 5
11-21 20:30:16.994 4012 4012 D DecorView: semSetRoundedCorners: 5
11-21 20:30:17.010 4012 4012 D DecorView: semSetRoundedCorners: 5
11-21 20:30:17.027 4012 4012 D DecorView: semSetRoundedCorners: 5
11-21 20:30:17.044 4012 4012 D DecorView: semSetRoundedCorners: 5
11-21 20:30:17.060 4012 4012 D DecorView: semSetRoundedCorners: 5
11-21 20:30:17.077 4012 4012 D DecorView: semSetRoundedCorners: 5
11-21 20:30:17.094 4012 4012 D DecorView: semSetRoundedCorners: 5
11-21 20:30:17.105 4012 4012 I ViewRootImpl@fb83006[GTASA]: ViewPostIme pointer 0
11-21 20:30:17.111 4012 4012 D DecorView: semSetRoundedCorners: 5
11-21 20:30:17.127 4012 4012 D DecorView: semSetRoundedCorners: 5
11-21 20:30:17.144 4012 4012 D DecorView: semSetRoundedCorners: 5
11-21 20:30:17.161 4012 4012 D DecorView: semSetRoundedCorners: 5
11-21 20:30:17.178 4012 4012 D DecorView: semSetRoundedCorners: 5
11-21 20:30:17.195 4012 4012 D DecorView: semSetRoundedCorners: 5
11-21 20:30:17.211 4012 4012 D DecorView: semSetRoundedCorners: 5
11-21 20:30:17.228 4012 4012 D DecorView: semSetRoundedCorners: 5
11-21 20:30:17.245 4012 4012 D DecorView: semSetRoundedCorners: 5
11-21 20:30:17.261 4012 4012 D DecorView: semSetRoundedCorners: 5
11-21 20:30:17.278 4012 4012 D DecorView: semSetRoundedCorners: 5
11-21 20:30:17.296 4012 4012 D DecorView: semSetRoundedCorners: 5
11-21 20:30:17.312 4012 4012 D DecorView: semSetRoundedCorners: 5
11-21 20:30:17.328 4012 4012 D DecorView: semSetRoundedCorners: 5
11-21 20:30:17.345 4012 4012 D DecorView: semSetRoundedCorners: 5
11-21 20:30:17.363 4012 4012 D DecorView: semSetRoundedCorners: 5
11-21 20:30:17.379 4012 4012 D DecorView: semSetRoundedCorners: 5
11-21 20:30:17.395 4012 4012 D DecorView: semSetRoundedCorners: 5
11-21 20:30:17.412 4012 4012 D DecorView: semSetRoundedCorners: 5
11-21 20:30:17.429 4012 4012 D DecorView: semSetRoundedCorners: 5
11-21 20:30:17.445 4012 4012 D DecorView: semSetRoundedCorners: 5
11-21 20:30:17.463 4012 4012 D DecorView: semSetRoundedCorners: 5
11-21 20:30:17.479 4012 4012 D DecorView: semSetRoundedCorners: 5
11-21 20:30:17.495 4012 4012 D DecorView: semSetRoundedCorners: 5
11-21 20:30:17.512 4012 4012 D DecorView: semSetRoundedCorners: 5
11-21 20:30:17.529 4012 4012 D DecorView: semSetRoundedCorners: 5
11-21 20:30:17.546 4012 4012 D DecorView: semSetRoundedCorners: 5
11-21 20:30:17.563 4012 4012 D DecorView: semSetRoundedCorners: 5
11-21 20:30:17.582 4012 4012 D DecorView: semSetRoundedCorners: 5
11-21 20:30:17.599 4012 4012 D DecorView: semSetRoundedCorners: 5
11-21 20:30:17.618 4012 4012 D DecorView: semSetRoundedCorners: 5
11-21 20:30:17.629 4012 4012 D DecorView: semSetRoundedCorners: 5
11-21 20:30:17.649 4012 4012 D DecorView: semSetRoundedCorners: 5
11-21 20:30:17.666 4012 4012 D DecorView: semSetRoundedCorners: 5
11-21 20:30:17.680 4012 4012 D DecorView: semSetRoundedCorners: 5
11-21 20:30:17.696 4012 4012 D DecorView: semSetRoundedCorners: 5
11-21 20:30:17.713 4012 4012 D DecorView: semSetRoundedCorners: 5
11-21 20:30:17.730 4012 4012 D DecorView: semSetRoundedCorners: 5
11-21 20:30:17.746 4012 4012 D DecorView: semSetRoundedCorners: 5
11-21 20:30:17.764 4012 4012 D DecorView: semSetRoundedCorners: 5
11-21 20:30:17.781 4012 4012 D DecorView: semSetRoundedCorners: 5
11-21 20:30:17.798 4012 4012 D DecorView: semSetRoundedCorners: 5
11-21 20:30:17.814 4012 4012 D DecorView: semSetRoundedCorners: 5
11-21 20:30:17.830 4012 4012 D DecorView: semSetRoundedCorners: 5
11-21 20:30:17.847 4012 4012 D DecorView: semSetRoundedCorners: 5
11-21 20:30:17.847 4012 5465 I AXL : RPC: WorldVehicleAdd
11-21 20:30:17.847 4012 5465 I AXL : [IsModelLoaded] iModelID: 487
11-21 20:30:17.847 4012 5465 I AXL : IsModelLoaded true!
11-21 20:30:17.848 4012 5465 I AXL : RPC: WorldVehicleAdd,
NewVehicle.iVehicleType: 487
11-21 20:30:17.848 4012 5465 I AXL : RPC: ScrNumberPlate
11-21 20:30:17.848 4012 5465 I AXL : RPC: ScrVehicleParamsEx
11-21 20:30:17.848 4012 5465 I AXL : [IsModelLoaded] iModelID: 96
11-21 20:30:17.848 4012 5465 I AXL : IsModelLoaded true!
11-21 20:30:17.848 4012 5465 I AXL : CreatePickup(1318, 23, 254, 1055, 12)
11-21 20:30:17.848 4012 5465 I AXL : [IsModelLoaded] iModelID: 1318
11-21 20:30:17.848 4012 5465 I AXL : IsModelLoaded true!
11-21 20:30:17.864 4012 4012 D DecorView: semSetRoundedCorners: 5
11-21 20:30:17.881 4012 4012 D DecorView: semSetRoundedCorners: 5
11-21 20:30:17.897 4012 4012 D DecorView: semSetRoundedCorners: 5
11-21 20:30:17.914 4012 4012 D DecorView: semSetRoundedCorners: 5
11-21 20:30:17.930 4012 4012 D DecorView: semSetRoundedCorners: 5
11-21 20:30:17.947 4012 4012 D DecorView: semSetRoundedCorners: 5
11-21 20:30:17.965 4012 4012 D DecorView: semSetRoundedCorners: 5
11-21 20:30:17.983 4012 4012 D DecorView: semSetRoundedCorners: 5
11-21 20:30:18.000 4012 4012 D DecorView: semSetRoundedCorners: 5
11-21 20:30:18.015 4012 4012 D DecorView: semSetRoundedCorners: 5
11-21 20:30:18.032 4012 4012 D DecorView: semSetRoundedCorners: 5
11-21 20:30:18.048 4012 4012 D DecorView: semSetRoundedCorners: 5
11-21 20:30:18.065 4012 4012 D DecorView: semSetRoundedCorners: 5
11-21 20:30:18.085 4012 4012 D DecorView: semSetRoundedCorners: 5
11-21 20:30:18.098 4012 4012 D DecorView: semSetRoundedCorners: 5
11-21 20:30:18.116 4012 4012 D DecorView: semSetRoundedCorners: 5
11-21 20:30:18.133 4012 4012 D DecorView: semSetRoundedCorners: 5
11-21 20:30:18.149 4012 4012 D DecorView: semSetRoundedCorners: 5
11-21 20:30:18.167 4012 4012 D DecorView: semSetRoundedCorners: 5
11-21 20:30:18.183 4012 4012 D DecorView: semSetRoundedCorners: 5
11-21 20:30:18.198 4012 4012 D DecorView: semSetRoundedCorners: 5
11-21 20:30:18.215 4012 4012 D DecorView: semSetRoundedCorners: 5
11-21 20:30:18.232 4012 4012 D DecorView: semSetRoundedCorners: 5
11-21 20:30:18.249 4012 4012 D DecorView: semSetRoundedCorners: 5
11-21 20:30:18.265 4012 4012 D DecorView: semSetRoundedCorners: 5
11-21 20:30:18.284 4012 4012 D DecorView: semSetRoundedCorners: 5
11-21 20:30:18.300 4012 4012 D DecorView: semSetRoundedCorners: 5
11-21 20:30:18.316 4012 4012 D DecorView: semSetRoundedCorners: 5
11-21 20:30:18.335 4012 4012 D DecorView: semSetRoundedCorners: 5
11-21 20:30:18.350 4012 4012 D DecorView: semSetRoundedCorners: 5
11-21 20:30:18.367 4012 4012 D DecorView: semSetRoundedCorners: 5
11-21 20:30:18.372 4012 4012 I ViewRootImpl@fb83006[GTASA]: ViewPostIme pointer 1
11-21 20:30:18.383 4012 4012 D DecorView: semSetRoundedCorners: 5
11-21 20:30:18.399 4012 4012 D DecorView: semSetRoundedCorners: 5
11-21 20:30:18.415 4012 4012 D DecorView: semSetRoundedCorners: 5
11-21 20:30:18.432 4012 4012 D DecorView: semSetRoundedCorners: 5
11-21 20:30:18.450 4012 4012 D DecorView: semSetRoundedCorners: 5
11-21 20:30:18.459 4012 4012 I ViewRootImpl@fb83006[GTASA]: ViewPostIme pointer 0
11-21 20:30:18.466 4012 4012 D DecorView: semSetRoundedCorners: 5
11-21 20:30:18.483 4012 4012 D DecorView: semSetRoundedCorners: 5
11-21 20:30:18.499 4012 4012 D DecorView: semSetRoundedCorners: 5
11-21 20:30:18.516 4012 4012 D DecorView: semSetRoundedCorners: 5
11-21 20:30:18.533 4012 4012 D DecorView: semSetRoundedCorners: 5
11-21 20:30:18.550 4012 4012 D DecorView: semSetRoundedCorners: 5
11-21 20:30:18.567 4012 4012 D DecorView: semSetRoundedCorners: 5
11-21 20:30:18.583 4012 4012 D DecorView: semSetRoundedCorners: 5
11-21 20:30:18.600 4012 4012 D DecorView: semSetRoundedCorners: 5
11-21 20:30:18.616 4012 4012 D DecorView: semSetRoundedCorners: 5
11-21 20:30:18.634 4012 4012 D DecorView: semSetRoundedCorners: 5
11-21 20:30:18.651 4012 4012 D DecorView: semSetRoundedCorners: 5
11-21 20:30:18.665 4012 5465 I AXL : RPC: ScrSetPlayerColor
11-21 20:30:18.667 4012 4012 D DecorView: semSetRoundedCorners: 5
11-21 20:30:18.684 4012 4012 D DecorView: semSetRoundedCorners: 5
11-21 20:30:18.700 4012 4012 D DecorView: semSetRoundedCorners: 5
11-21 20:30:18.717 4012 4012 D DecorView: semSetRoundedCorners: 5
11-21 20:30:18.734 4012 4012 D DecorView: semSetRoundedCorners: 5
11-21 20:30:18.751 4012 4012 D DecorView: semSetRoundedCorners: 5
11-21 20:30:18.767 4012 4012 D DecorView: semSetRoundedCorners: 5
11-21 20:30:18.787 4012 4012 D DecorView: semSetRoundedCorners: 5
11-21 20:30:18.801 4012 4012 D DecorView: semSetRoundedCorners: 5
11-21 20:30:18.817 4012 4012 D DecorView: semSetRoundedCorners: 5
11-21 20:30:18.835 4012 4012 D DecorView: semSetRoundedCorners: 5
11-21 20:30:18.851 4012 4012 D DecorView: semSetRoundedCorners: 5
11-21 20:30:18.868 4012 4012 D DecorView: semSetRoundedCorners: 5
11-21 20:30:18.885 4012 4012 D DecorView: semSetRoundedCorners: 5
11-21 20:30:18.901 4012 4012 D DecorView: semSetRoundedCorners: 5
11-21 20:30:18.917 4012 4012 D DecorView: semSetRoundedCorners: 5
11-21 20:30:18.934 4012 4012 D DecorView: semSetRoundedCorners: 5
11-21 20:30:18.951 4012 4012 D DecorView: semSetRoundedCorners: 5
11-21 20:30:18.967 4012 4012 D DecorView: semSetRoundedCorners: 5
11-21 20:30:18.982 4012 4012 I ViewRootImpl@fb83006[GTASA]: ViewPostIme pointer 1
11-21 20:30:18.984 4012 4012 D DecorView: semSetRoundedCorners: 5
11-21 20:30:19.001 4012 4012 D DecorView: semSetRoundedCorners: 5
11-21 20:30:19.017 4012 4012 D DecorView: semSetRoundedCorners: 5
11-21 20:30:19.034 4012 4012 D DecorView: semSetRoundedCorners: 5
11-21 20:30:19.050 4012 4012 D DecorView: semSetRoundedCorners: 5
11-21 20:30:19.065 4012 5465 I AXL : RPC: WorldVehicleAdd
11-21 20:30:19.065 4012 5465 I AXL : [IsModelLoaded] iModelID: 3265
11-21 20:30:19.065 4012 5465 I AXL : IsModelLoaded false!
11-21 20:30:19.065 4012 5465 I AXL : Warning: car model not preloaded. 3265
11-21 20:30:19.065 4012 5465 I AXL : RequestModel
11-21 20:30:19.065 4012 5465 I AXL : RequestModel done!
11-21 20:30:19.065 4012 5465 I AXL : LoadRequestedModels
11-21 20:30:19.067 4012 4012 D DecorView: semSetRoundedCorners: 5
11-21 20:30:19.072 4012 5465 I AXL : LoadRequestedModels done!
11-21 20:30:19.072 4012 5465 I AXL : [IsModelLoaded] iModelID: 3265
11-21 20:30:19.072 4012 5465 I AXL : IsModelLoaded true!
11-21 20:30:19.072 4012 5465 I AXL : Car model was preloaded. 3265
11-21 20:30:19.073 4012 5465 I AXL : RPC: WorldVehicleAdd,
NewVehicle.iVehicleType: 3265
11-21 20:30:19.073 4012 5465 I AXL : [IsModelLoaded] iModelID: 1010
11-21 20:30:19.073 4012 5465 I AXL : IsModelLoaded true!
11-21 20:30:19.079 4012 5465 I AXL : [IsModelLoaded] iModelID: 1082
11-21 20:30:19.079 4012 5465 I AXL : IsModelLoaded true!
11-21 20:30:19.079 4012 5465 I AXL : RPC: ScrNumberPlate
11-21 20:30:19.079 4012 5465 I AXL : RPC: ScrVehicleParamsEx
11-21 20:30:19.079 4012 5465 I AXL : RPC_CUSTOM_HANDLING
11-21 20:30:19.079 4012 5465 I AXL : copy handling 11
11-21 20:30:19.079 4012 5465 I AXL : RPC_CUSTOM_VISUALS
11-21 20:30:19.079 4012 5465 I AXL : RPC_CUSTOM_BODYWORK
11-21 20:30:19.102 4012 4012 D DecorView: semSetRoundedCorners: 5
11-21 20:30:19.119 4012 4012 D DecorView: semSetRoundedCorners: 5
11-21 20:30:19.137 4012 4012 D DecorView: semSetRoundedCorners: 5
11-21 20:30:19.152 4012 4012 D DecorView: semSetRoundedCorners: 5
11-21 20:30:19.169 4012 4012 D DecorView: semSetRoundedCorners: 5
11-21 20:30:19.186 4012 4012 D DecorView: semSetRoundedCorners: 5
11-21 20:30:19.202 4012 4012 D DecorView: semSetRoundedCorners: 5
11-21 20:30:19.221 4012 4012 D DecorView: semSetRoundedCorners: 5
11-21 20:30:19.237 4012 4012 D DecorView: semSetRoundedCorners: 5
11-21 20:30:19.253 4012 4012 D DecorView: semSetRoundedCorners: 5
11-21 20:30:19.270 4012 4012 D DecorView: semSetRoundedCorners: 5
11-21 20:30:19.288 4012 4012 D DecorView: semSetRoundedCorners: 5
11-21 20:30:19.305 4012 4012 D DecorView: semSetRoundedCorners: 5
11-21 20:30:19.326 4012 4012 D DecorView: semSetRoundedCorners: 5
11-21 20:30:19.354 4012 4012 D DecorView: semSetRoundedCorners: 5
11-21 20:30:19.372 4012 4012 D DecorView: semSetRoundedCorners: 5
11-21 20:30:19.388 4012 4012 D DecorView: semSetRoundedCorners: 5
11-21 20:30:19.405 4012 4012 D DecorView: semSetRoundedCorners: 5
11-21 20:30:19.423 4012 4012 D DecorView: semSetRoundedCorners: 5
11-21 20:30:19.425 4012 4012 I ViewRootImpl@fb83006[GTASA]: ViewPostIme pointer 0
11-21 20:30:19.439 4012 4012 D DecorView: semSetRoundedCorners: 5
11-21 20:30:19.457 4012 4012 D DecorView: semSetRoundedCorners: 5
11-21 20:30:19.469 4012 4012 D DecorView: semSetRoundedCorners: 5
11-21 20:30:19.489 4012 4012 D DecorView: semSetRoundedCorners: 5
11-21 20:30:19.506 4012 4012 D DecorView: semSetRoundedCorners: 5
11-21 20:30:19.523 4012 4012 D DecorView: semSetRoundedCorners: 5
11-21 20:30:19.538 4012 4012 D DecorView: semSetRoundedCorners: 5
11-21 20:30:19.540 4012 4012 I ViewRootImpl@fb83006[GTASA]: ViewPostIme pointer 1
11-21 20:30:19.554 4012 4012 D DecorView: semSetRoundedCorners: 5
11-21 20:30:19.569 4012 4012 D DecorView: semSetRoundedCorners: 5
11-21 20:30:19.588 4012 4012 D DecorView: semSetRoundedCorners: 5
11-21 20:30:19.834 4012 4012 I ViewRootImpl@fb83006[GTASA]: ViewPostIme pointer 0
11-21 20:30:19.904 4012 4012 D DecorView: semSetRoundedCorners: 5
11-21 20:30:19.907 4012 4012 I System.out: Define your own onDestroyView
11-21 20:30:19.921 4012 4012 D DecorView: semSetRoundedCorners: 5
11-21 20:30:19.970 4012 4012 D DecorView: semSetRoundedCorners: 5
11-21 20:30:20.082 4012 4012 I ViewRootImpl@fb83006[GTASA]: ViewPostIme pointer 1
11-21 20:30:20.312 4012 5465 I AXL : RPC: WorldVehicleAdd
11-21 20:30:20.312 4012 5465 I AXL : [IsModelLoaded] iModelID: 3232
11-21 20:30:20.312 4012 5465 I AXL : IsModelLoaded false!
11-21 20:30:20.312 4012 5465 I AXL : Warning: car model not preloaded. 3232
11-21 20:30:20.312 4012 5465 I AXL : RequestModel
11-21 20:30:20.312 4012 5465 I AXL : RequestModel done!
11-21 20:30:20.312 4012 5465 I AXL : LoadRequestedModels
11-21 20:30:20.324 4012 5465 I AXL : LoadRequestedModels done!
11-21 20:30:20.324 4012 5465 I AXL : [IsModelLoaded] iModelID: 3232
11-21 20:30:20.324 4012 5465 I AXL : IsModelLoaded true!
11-21 20:30:20.324 4012 5465 I AXL : Car model was preloaded. 3232
11-21 20:30:20.325 4012 5465 I AXL : RPC: WorldVehicleAdd,
NewVehicle.iVehicleType: 3232
11-21 20:30:20.325 4012 5465 I AXL : [IsModelLoaded] iModelID: 1010
11-21 20:30:20.325 4012 5465 I AXL : IsModelLoaded true!
11-21 20:30:20.331 4012 5465 I AXL : [IsModelLoaded] iModelID: 1074
11-21 20:30:20.332 4012 5465 I AXL : IsModelLoaded true!
11-21 20:30:20.332 4012 5465 I AXL : RPC: ScrNumberPlate
11-21 20:30:20.332 4012 5465 I AXL : RPC: ScrVehicleParamsEx
11-21 20:30:20.332 4012 5465 I AXL : RPC_CUSTOM_HANDLING
11-21 20:30:20.332 4012 5465 I AXL : copy handling 69
11-21 20:30:20.332 4012 5465 I AXL : RPC_CUSTOM_VISUALS
11-21 20:30:20.332 4012 5465 I AXL : RPC_CUSTOM_BODYWORK
11-21 20:30:20.332 4012 5465 I AXL : [IsModelLoaded] iModelID: 48
11-21 20:30:20.332 4012 5465 I AXL : IsModelLoaded true!
11-21 20:30:20.332 4012 5465 I AXL : [CObject] InstantRotate
11-21 20:30:20.439 4012 5465 I AXL : RPC: ScrSetPlayerColor
11-21 20:30:20.439 4012 5465 I AXL : RPC: ScrSetPlayerColor
11-21 20:30:20.439 4012 5465 I AXL : RPC: ScrSetPlayerColor
11-21 20:30:20.439 4012 5465 I AXL : RPC: ScrSetPlayerColor
11-21 20:30:20.689 4012 5465 I AXL : RPC: ScrSetPlayerColor
11-21 20:30:21.761 4012 4012 I ViewRootImpl@fb83006[GTASA]: ViewPostIme pointer 0
11-21 20:30:22.535 4012 4012 I ViewRootImpl@fb83006[GTASA]: ViewPostIme pointer 1
11-21 20:30:22.766 4012 4012 I ViewRootImpl@fb83006[GTASA]: ViewPostIme pointer 0
11-21 20:30:22.840 4012 5465 I AXL : RPC: ScrSetMapIcon
11-21 20:30:22.848 4012 4012 I ViewRootImpl@fb83006[GTASA]: ViewPostIme pointer 1
11-21 20:30:22.849 4012 4012 D InputMethodManager: SSI - flag : 1 Pid : 4012 view
: ru.stepdev.crimemobile
11-21 20:30:22.849 4012 4012 D InputMethodManager: prepareNavigationBarInfo()
DecorView@1d6074b[GTASA]
11-21 20:30:22.849 4012 4012 D InputMethodManager: getNavigationBarColor() -
16711423
11-21 20:30:22.852 4012 4012 D InputMethodManager: prepareNavigationBarInfo()
DecorView@1d6074b[GTASA]
11-21 20:30:22.852 4012 4012 D InputMethodManager: getNavigationBarColor() -
16711423
11-21 20:30:22.852 4012 4012 V InputMethodManager: Starting input:
tba=ru.stepdev.crimemobile
ic=com.android.internal.widget.EditableInputConnection@ce01a6 mNaviBarColor -
16711423 mIsGetNaviBarColorSuccess true , NavVisible : false , NavTrans : false
11-21 20:30:22.852 4012 4012 D InputMethodManager: startInputInner - Id : 0
11-21 20:30:22.856 4012 4012 I InputMethodManager: startInputInner -
mService.startInputOrWindowGainedFocus
11-21 20:30:22.858 4012 4012 D InputTransport: Input channel constructed:
'ClientS', fd=109
11-21 20:30:22.858 4012 4012 D InputTransport: Input channel destroyed:
'ClientS', fd=111
11-21 20:30:22.864 4012 4012 D DecorView: semSetRoundedCorners: 5
11-21 20:30:22.873 4012 4012 W IInputConnectionWrapper: getExtractedText on
inactive InputConnection
11-21 20:30:22.880 4012 4012 W IInputConnectionWrapper: requestCursorAnchorInfo
on inactive InputConnection
11-21 20:30:22.967 4012 4012 D InsetsSourceConsumer: setRequestedVisible:
visible=true, type=13, host=ru.stepdev.crimemobile/com.rockstargames.gtagrp.GTASA,
from=android.view.InsetsSourceConsumer.show:229
android.view.InsetsController.showDirectly:1437
android.view.InsetsController.controlAnimationUnchecked:1110
android.view.InsetsController.applyAnimation:1417
android.view.InsetsController.show:962
android.view.ViewRootImpl$ViewRootHandler.handleMessage:6146
android.os.Handler.dispatchMessage:106 android.os.Looper.loop:246
android.app.ActivityThread.main:8653 java.lang.reflect.Method.invoke:-2
11-21 20:30:23.007 4012 4012 D DecorView: semSetRoundedCorners: 5
11-21 20:30:23.015 4012 4012 I ViewRootImpl@1f5c19f[PopupWindow:6510ac0]:
MSG_RESIZED: frame=(76,0,76,402) ci=(0,0,0,0) vi=(0,0,0,0) or=2
11-21 20:30:23.015 4012 4012 I ViewRootImpl@1f5c19f[PopupWindow:6510ac0]: 1)
Force to draw a frame when frame become empty from non-empty
11-21 20:30:23.027 4012 4012 I SurfaceControl: nativeRelease nativeObject
s[2808719712]
11-21 20:30:23.027 4012 4012 I SurfaceControl: nativeRelease nativeObject
e[2808719712]
11-21 20:30:23.027 4012 4012 I SurfaceControl: assignNativeObject: nativeObject =
0 Surface(name=null)/@0x12bb816 / android.view.SurfaceControl.readFromParcel:1117
android.view.IWindowSession$Stub$Proxy.relayout:1820
android.view.ViewRootImpl.relayoutWindow:9005
android.view.ViewRootImpl.performTraversals:3360
android.view.ViewRootImpl.doTraversal:2618
android.view.ViewRootImpl$TraversalRunnable.run:9971
android.view.Choreographer$CallbackRecord.run:1010
android.view.Choreographer.doCallbacks:809 android.view.Choreographer.doFrame:744
android.view.Choreographer$FrameDisplayEventReceiver.run:995
11-21 20:30:23.028 4012 4012 I ViewRootImpl@1f5c19f[PopupWindow:6510ac0]:
Relayout returned: old=(76,0,76,402) new=(76,0,76,402) req=(0,402)0 dur=6 res=0x21
s={true 3848448032} ch=false fn=28
11-21 20:30:23.030 4012 4012 I ViewRootImpl@1f5c19f[PopupWindow:6510ac0]: Force
to draw even when frame is empty
11-21 20:30:23.058 4012 4012 D DecorView: semSetRoundedCorners: 5
11-21 20:30:23.180 4012 5437 I SurfaceControl: nativeRelease nativeObject
s[1989739056]
11-21 20:30:23.180 4012 5437 I SurfaceControl: nativeRelease nativeObject
e[1989739056]
11-21 20:30:23.992 4012 5465 I AXL : Removing from vehicle..
11-21 20:30:23.992 4012 5465 I AXL : Setting flag state..
11-21 20:30:23.992 4012 5465 I AXL : Calling destructor..
11-21 20:30:23.993 4012 5465 I AXL : PlayerPed Destroyed
11-21 20:30:24.990 4012 4012 D DecorView: semSetRoundedCorners: 5
11-21 20:30:25.244 4012 5465 I AXL : RPC: ScrSetPlayerColor
11-21 20:30:25.610 4012 5465 I AXL : [IsModelLoaded] iModelID: 97
11-21 20:30:25.610 4012 5465 I AXL : IsModelLoaded true!
11-21 20:30:25.610 4012 5465 I AXL : [CObject] InstantRotate
11-21 20:30:25.860 4012 5465 I AXL : RPC: ScrSetPlayerColor
11-21 20:30:25.960 4012 5465 I AXL : RPC: ScrSetPlayerColor
11-21 20:30:25.960 4012 5465 I AXL : RPC: ScrSetPlayerColor
11-21 20:30:27.696 4012 5465 I AXL : RPC: ScrSetPlayerColor
11-21 20:30:28.280 4012 5465 I AXL : RPC: ScrVehicleParamsEx
11-21 20:30:28.930 4012 5465 I AXL : RPC: ScrSetPlayerColor
11-21 20:30:29.348 4012 5465 I AXL : RPC: ScrSetPlayerColor
11-21 20:30:29.348 4012 5465 I AXL : RPC: ScrSetPlayerColor
11-21 20:30:29.905 4012 4012 D InputMethodManager: prepareNavigationBarInfo()
DecorView@1d6074b[GTASA]
11-21 20:30:29.905 4012 4012 D InputMethodManager: getNavigationBarColor() -
16711423
11-21 20:30:29.906 4012 4012 V InputMethodManager: Starting input:
tba=ru.stepdev.crimemobile
ic=com.android.internal.widget.EditableInputConnection@1699f7e mNaviBarColor -
16711423 mIsGetNaviBarColorSuccess true , NavVisible : false , NavTrans : false
11-21 20:30:29.906 4012 4012 D InputMethodManager: startInputInner - Id : 0
11-21 20:30:29.908 4012 4012 I InputMethodManager: startInputInner -
mService.startInputOrWindowGainedFocus
11-21 20:30:29.910 4012 4012 D InputTransport: Input channel constructed:
'ClientS', fd=154
11-21 20:30:29.910 4012 4012 D InputTransport: Input channel destroyed:
'ClientS', fd=109
11-21 20:30:29.911 4012 4012 D InputMethodManager: HSIFW - flag : 0
11-21 20:30:29.914 4012 4012 D InputMethodManager: HSIFW - flag : 0
11-21 20:30:29.915 4012 4012 W IInputConnectionWrapper: endBatchEdit on inactive
InputConnection
11-21 20:30:29.919 4012 4012 D DecorView: semSetRoundedCorners: 5
11-21 20:30:29.960 4012 4012 D InsetsSourceConsumer: setRequestedVisible:
visible=false, type=13, host=ru.stepdev.crimemobile/com.rockstargames.gtagrp.GTASA,
from=android.view.InsetsSourceConsumer.hide:236
android.view.ImeInsetsSourceConsumer.hide:101
android.view.InsetsController.hideDirectly:1430
android.view.InsetsController.controlAnimationUnchecked:1112
android.view.InsetsController.applyAnimation:1417
android.view.InsetsController.hide:984
android.view.ViewRootImpl$ViewRootHandler.handleMessage:6150
android.os.Handler.dispatchMessage:106 android.os.Looper.loop:246
android.app.ActivityThread.main:8653
11-21 20:30:29.984 4012 4012 D DecorView: semSetRoundedCorners: 5
11-21 20:30:29.991 4012 4012 I ViewRootImpl@1f5c19f[PopupWindow:6510ac0]:
MSG_RESIZED: frame=(76,0,76,1080) ci=(0,0,0,0) vi=(0,0,0,0) or=2
11-21 20:30:29.991 4012 4012 I ViewRootImpl@1f5c19f[PopupWindow:6510ac0]: 1)
Force to draw a frame when frame become empty from non-empty
11-21 20:30:30.003 4012 4012 I SurfaceControl: nativeRelease nativeObject
s[1989738816]
11-21 20:30:30.003 4012 4012 I SurfaceControl: nativeRelease nativeObject
e[1989738816]
11-21 20:30:30.003 4012 4012 I SurfaceControl: assignNativeObject: nativeObject =
0 Surface(name=null)/@0x12bb816 / android.view.SurfaceControl.readFromParcel:1117
android.view.IWindowSession$Stub$Proxy.relayout:1820
android.view.ViewRootImpl.relayoutWindow:9005
android.view.ViewRootImpl.performTraversals:3360
android.view.ViewRootImpl.doTraversal:2618
android.view.ViewRootImpl$TraversalRunnable.run:9971
android.view.Choreographer$CallbackRecord.run:1010
android.view.Choreographer.doCallbacks:809 android.view.Choreographer.doFrame:744
android.view.Choreographer$FrameDisplayEventReceiver.run:995
11-21 20:30:30.004 4012 4012 I ViewRootImpl@1f5c19f[PopupWindow:6510ac0]:
Relayout returned: old=(76,0,76,1080) new=(76,0,76,1080) req=(0,1080)0 dur=6
res=0x21 s={true 3848448032} ch=false fn=29
11-21 20:30:30.004 4012 4012 I ViewRootImpl@1f5c19f[PopupWindow:6510ac0]: Force
to draw even when frame is empty
11-21 20:30:30.030 4012 4012 D DecorView: semSetRoundedCorners: 5
11-21 20:30:30.038 4012 4012 D DecorView: semSetRoundedCorners: 5
11-21 20:30:30.055 4012 4012 D DecorView: semSetRoundedCorners: 5
11-21 20:30:30.068 4012 4012 D DecorView: semSetRoundedCorners: 5
11-21 20:30:30.168 4012 5437 I SurfaceControl: nativeRelease nativeObject
s[2385483232]
11-21 20:30:30.168 4012 5437 I SurfaceControl: nativeRelease nativeObject
e[2385483232]
11-21 20:30:30.965 4012 5465 I AXL : [IsModelLoaded] iModelID: 585
11-21 20:30:30.965 4012 5465 I AXL : IsModelLoaded true!
11-21 20:30:31.062 4012 4012 I ViewRootImpl@fb83006[GTASA]: ViewPostIme pointer 0
11-21 20:30:31.255 4012 4012 I ViewRootImpl@fb83006[GTASA]: ViewPostIme pointer 1
11-21 20:30:31.427 4012 4012 I ViewRootImpl@fb83006[GTASA]: ViewPostIme pointer 0
11-21 20:30:31.487 4012 4012 I ViewRootImpl@fb83006[GTASA]: ViewPostIme pointer 1
11-21 20:30:31.491 4012 4012 D InputMethodManager: SSI - flag : 1 Pid : 4012 view
: ru.stepdev.crimemobile
11-21 20:30:31.491 4012 4012 D InputMethodManager: prepareNavigationBarInfo()
DecorView@1d6074b[GTASA]
11-21 20:30:31.491 4012 4012 D InputMethodManager: getNavigationBarColor() -
16711423
11-21 20:30:31.496 4012 4012 D InputMethodManager: prepareNavigationBarInfo()
DecorView@1d6074b[GTASA]
11-21 20:30:31.496 4012 4012 D InputMethodManager: getNavigationBarColor() -
16711423
11-21 20:30:31.496 4012 4012 V InputMethodManager: Starting input:
tba=ru.stepdev.crimemobile
ic=com.android.internal.widget.EditableInputConnection@248af53 mNaviBarColor -
16711423 mIsGetNaviBarColorSuccess true , NavVisible : false , NavTrans : false
11-21 20:30:31.496 4012 4012 D InputMethodManager: startInputInner - Id : 0
11-21 20:30:31.498 4012 5465 I AXL : RPC: ScrSetPlayerColor
11-21 20:30:31.499 4012 5465 I AXL : RPC: ScrSetPlayerColor
11-21 20:30:31.504 4012 4012 I InputMethodManager: startInputInner -
mService.startInputOrWindowGainedFocus
11-21 20:30:31.506 4012 4012 D InputTransport: Input channel constructed:
'ClientS', fd=165
11-21 20:30:31.506 4012 4012 D InputTransport: Input channel destroyed:
'ClientS', fd=154
11-21 20:30:31.512 4012 4012 D DecorView: semSetRoundedCorners: 5
11-21 20:30:31.514 4012 4012 W IInputConnectionWrapper: getExtractedText on
inactive InputConnection
11-21 20:30:31.535 4012 4012 W IInputConnectionWrapper: requestCursorAnchorInfo
on inactive InputConnection
11-21 20:30:31.592 4012 4012 D InsetsSourceConsumer: setRequestedVisible:
visible=true, type=13, host=ru.stepdev.crimemobile/com.rockstargames.gtagrp.GTASA,
from=android.view.InsetsSourceConsumer.show:229
android.view.InsetsController.showDirectly:1437
android.view.InsetsController.controlAnimationUnchecked:1110
android.view.InsetsController.applyAnimation:1417
android.view.InsetsController.show:962
android.view.ViewRootImpl$ViewRootHandler.handleMessage:6146
android.os.Handler.dispatchMessage:106 android.os.Looper.loop:246
android.app.ActivityThread.main:8653 java.lang.reflect.Method.invoke:-2
11-21 20:30:31.620 4012 4012 D DecorView: semSetRoundedCorners: 5
11-21 20:30:31.630 4012 4012 I ViewRootImpl@1f5c19f[PopupWindow:6510ac0]:
MSG_RESIZED: frame=(76,0,76,402) ci=(0,0,0,0) vi=(0,0,0,0) or=2
11-21 20:30:31.630 4012 4012 I ViewRootImpl@1f5c19f[PopupWindow:6510ac0]: 1)
Force to draw a frame when frame become empty from non-empty
11-21 20:30:31.636 4012 4012 I SurfaceControl: nativeRelease nativeObject
s[2385413632]
11-21 20:30:31.636 4012 4012 I SurfaceControl: nativeRelease nativeObject
e[2385413632]
11-21 20:30:31.636 4012 4012 I SurfaceControl: assignNativeObject: nativeObject =
0 Surface(name=null)/@0x12bb816 / android.view.SurfaceControl.readFromParcel:1117
android.view.IWindowSession$Stub$Proxy.relayout:1820
android.view.ViewRootImpl.relayoutWindow:9005
android.view.ViewRootImpl.performTraversals:3360
android.view.ViewRootImpl.doTraversal:2618
android.view.ViewRootImpl$TraversalRunnable.run:9971
android.view.Choreographer$CallbackRecord.run:1010
android.view.Choreographer.doCallbacks:809 android.view.Choreographer.doFrame:744
android.view.Choreographer$FrameDisplayEventReceiver.run:995
11-21 20:30:31.636 4012 4012 I ViewRootImpl@1f5c19f[PopupWindow:6510ac0]:
Relayout returned: old=(76,0,76,402) new=(76,0,76,402) req=(0,402)0 dur=6 res=0x21
s={true 3848448032} ch=false fn=30
11-21 20:30:31.637 4012 4012 I ViewRootImpl@1f5c19f[PopupWindow:6510ac0]: Force
to draw even when frame is empty
11-21 20:30:31.665 4012 4012 D DecorView: semSetRoundedCorners: 5
11-21 20:30:31.807 4012 5437 I SurfaceControl: nativeRelease nativeObject
s[2385421392]
11-21 20:30:31.807 4012 5437 I SurfaceControl: nativeRelease nativeObject
e[2385421392]
11-21 20:30:32.802 4012 5465 I AXL : RPC: ScrSetPlayerColor
11-21 20:30:33.369 4012 5465 I AXL : RPC: ScrSetPlayerColor
11-21 20:30:33.670 4012 5465 I AXL : [IsModelLoaded] iModelID: 3265
11-21 20:30:33.670 4012 5465 I AXL : IsModelLoaded true!
11-21 20:30:33.671 4012 5465 I AXL : Removing from vehicle..
11-21 20:30:33.671 4012 5465 I AXL : Setting flag state..
11-21 20:30:33.671 4012 5465 I AXL : Calling destructor..
11-21 20:30:33.671 4012 5465 I AXL : PlayerPed Destroyed
11-21 20:30:34.524 4012 4012 D InputMethodManager: prepareNavigationBarInfo()
DecorView@1d6074b[GTASA]
11-21 20:30:34.524 4012 4012 D InputMethodManager: getNavigationBarColor() -
16711423
11-21 20:30:34.524 4012 4012 V InputMethodManager: Starting input:
tba=ru.stepdev.crimemobile
ic=com.android.internal.widget.EditableInputConnection@dcb5cb mNaviBarColor -
16711423 mIsGetNaviBarColorSuccess true , NavVisible : false , NavTrans : false
11-21 20:30:34.524 4012 4012 D InputMethodManager: startInputInner - Id : 0
11-21 20:30:34.527 4012 4012 I InputMethodManager: startInputInner -
mService.startInputOrWindowGainedFocus
11-21 20:30:34.529 4012 4012 D InputTransport: Input channel constructed:
'ClientS', fd=110
11-21 20:30:34.529 4012 4012 D InputTransport: Input channel destroyed:
'ClientS', fd=165
11-21 20:30:34.530 4012 4012 D InputMethodManager: HSIFW - flag : 0
11-21 20:30:34.533 4012 4012 D InputMethodManager: HSIFW - flag : 0
11-21 20:30:34.534 4012 4012 W IInputConnectionWrapper: endBatchEdit on inactive
InputConnection
11-21 20:30:34.547 4012 4012 D DecorView: semSetRoundedCorners: 5
11-21 20:30:34.556 4012 4012 W IInputConnectionWrapper: getExtractedText on
inactive InputConnection
11-21 20:30:34.591 4012 4012 D InsetsSourceConsumer: setRequestedVisible:
visible=false, type=13, host=ru.stepdev.crimemobile/com.rockstargames.gtagrp.GTASA,
from=android.view.InsetsSourceConsumer.hide:236
android.view.ImeInsetsSourceConsumer.hide:101
android.view.InsetsController.hideDirectly:1430
android.view.InsetsController.controlAnimationUnchecked:1112
android.view.InsetsController.applyAnimation:1417
android.view.InsetsController.hide:984
android.view.ViewRootImpl$ViewRootHandler.handleMessage:6150
android.os.Handler.dispatchMessage:106 android.os.Looper.loop:246
android.app.ActivityThread.main:8653
11-21 20:30:34.616 4012 4012 D DecorView: semSetRoundedCorners: 5
11-21 20:30:34.627 4012 4012 I ViewRootImpl@1f5c19f[PopupWindow:6510ac0]:
MSG_RESIZED: frame=(76,0,76,1080) ci=(0,0,0,0) vi=(0,0,0,0) or=2
11-21 20:30:34.627 4012 4012 I ViewRootImpl@1f5c19f[PopupWindow:6510ac0]: 1)
Force to draw a frame when frame become empty from non-empty
11-21 20:30:34.645 4012 4012 D DecorView: semSetRoundedCorners: 5
11-21 20:30:34.667 4012 4012 I SurfaceControl: nativeRelease nativeObject
s[2385265712]
11-21 20:30:34.667 4012 4012 I SurfaceControl: nativeRelease nativeObject
e[2385265712]
11-21 20:30:34.667 4012 4012 I SurfaceControl: assignNativeObject: nativeObject =
0 Surface(name=null)/@0x12bb816 / android.view.SurfaceControl.readFromParcel:1117
android.view.IWindowSession$Stub$Proxy.relayout:1820
android.view.ViewRootImpl.relayoutWindow:9005
android.view.ViewRootImpl.performTraversals:3360
android.view.ViewRootImpl.doTraversal:2618
android.view.ViewRootImpl$TraversalRunnable.run:9971
android.view.Choreographer$CallbackRecord.run:1010
android.view.Choreographer.doCallbacks:809 android.view.Choreographer.doFrame:744
android.view.Choreographer$FrameDisplayEventReceiver.run:995
11-21 20:30:34.668 4012 4012 I ViewRootImpl@1f5c19f[PopupWindow:6510ac0]:
Relayout returned: old=(76,0,76,1080) new=(76,0,76,1080) req=(0,1080)0 dur=12
res=0x21 s={true 3848448032} ch=false fn=31
11-21 20:30:34.669 4012 4012 I ViewRootImpl@1f5c19f[PopupWindow:6510ac0]: Force
to draw even when frame is empty
11-21 20:30:34.671 4012 4012 D DecorView: semSetRoundedCorners: 5
11-21 20:30:34.691 4012 4012 D DecorView: semSetRoundedCorners: 5
11-21 20:30:34.705 4012 4012 D DecorView: semSetRoundedCorners: 5
11-21 20:30:34.802 4012 5437 I SurfaceControl: nativeRelease nativeObject
s[2385460592]
11-21 20:30:34.802 4012 5437 I SurfaceControl: nativeRelease nativeObject
e[2385460592]
11-21 20:30:34.999 4012 4012 D DecorView: semSetRoundedCorners: 5
11-21 20:30:35.601 4012 4012 I ViewRootImpl@fb83006[GTASA]: ViewPostIme pointer 0
11-21 20:30:36.397 4012 5465 I AXL : RPC: ScrVehicleParamsEx
11-21 20:30:37.748 4012 5465 I AXL : [IsModelLoaded] iModelID: 487
11-21 20:30:37.748 4012 5465 I AXL : IsModelLoaded true!
11-21 20:30:39.410 4012 5465 I AXL : RPC: ScrSetPlayerColor
11-21 20:30:39.493 4012 5465 I AXL : RPC: ScrSetPlayerColor
11-21 20:30:39.493 4012 5465 I AXL : RPC: ScrSetPlayerColor
11-21 20:30:39.660 4012 5465 I AXL : RPC: ScrSetPlayerColor
11-21 20:30:40.003 4012 4012 D DecorView: semSetRoundedCorners: 5
11-21 20:30:40.860 4012 5465 I AXL : RPC: ScrSetPlayerColor
11-21 20:30:41.544 4012 5465 I AXL : RPC: WorldVehicleAdd
11-21 20:30:41.544 4012 5465 I AXL : [IsModelLoaded] iModelID: 517
11-21 20:30:41.544 4012 5465 I AXL : IsModelLoaded false!
11-21 20:30:41.544 4012 5465 I AXL : Warning: car model not preloaded. 517
11-21 20:30:41.544 4012 5465 I AXL : RequestModel
11-21 20:30:41.544 4012 5465 I AXL : RequestModel done!
11-21 20:30:41.544 4012 5465 I AXL : LoadRequestedModels
11-21 20:30:41.558 4012 5465 I AXL : LoadRequestedModels done!
11-21 20:30:41.558 4012 5465 I AXL : [IsModelLoaded] iModelID: 517
11-21 20:30:41.558 4012 5465 I AXL : IsModelLoaded true!
11-21 20:30:41.558 4012 5465 I AXL : Car model was preloaded. 517
11-21 20:30:41.559 4012 5465 I AXL : RPC: WorldVehicleAdd,
NewVehicle.iVehicleType: 517
11-21 20:30:41.559 4012 5465 I AXL : RPC: ScrNumberPlate
11-21 20:30:41.559 4012 5465 I AXL : RPC: ScrVehicleParamsEx
11-21 20:30:41.559 4012 5465 I AXL : RPC_CUSTOM_HANDLING
11-21 20:30:41.559 4012 5465 I AXL : copy handling 83
11-21 20:30:41.559 4012 5465 I AXL : RPC_CUSTOM_VISUALS
11-21 20:30:41.559 4012 5465 I AXL : RPC_CUSTOM_BODYWORK
11-21 20:30:42.251 4012 5465 I AXL : CPickupPool::PickedUp index = 246
11-21 20:30:42.289 4012 4012 I ViewRootImpl@fb83006[GTASA]: ViewPostIme pointer 1
11-21 20:30:42.352 4012 5465 I AXL : CPlayerPed::TogglePlayerControllable
11-21 20:30:42.352 4012 5465 I AXL : CPlayerPed::TogglePlayerControllable
okay!
11-21 20:30:42.354 4012 4012 I System.out: Define your own onDestroyView
11-21 20:30:42.357 4012 4012 D ScrollView: initGoToTop
11-21 20:30:42.373 4012 4012 D ScrollView: onsize change changed
11-21 20:30:42.376 4012 4012 D DecorView: semSetRoundedCorners: 5
11-21 20:30:42.381 4012 4012 D DecorView: semSetRoundedCorners: 5
11-21 20:30:42.818 4012 5465 I AXL : [IsModelLoaded] iModelID: 506
11-21 20:30:42.818 4012 5465 I AXL : IsModelLoaded true!
11-21 20:30:42.819 4012 5465 I AXL : Removing from vehicle..
11-21 20:30:42.819 4012 5465 I AXL : Setting flag state..
11-21 20:30:42.819 4012 5465 I AXL : Calling destructor..
11-21 20:30:42.819 4012 5465 I AXL : PlayerPed Destroyed
11-21 20:30:43.072 4012 4012 I ViewRootImpl@fb83006[GTASA]: ViewPostIme pointer 0
11-21 20:30:43.167 4012 4012 I ViewRootImpl@fb83006[GTASA]: ViewPostIme pointer 1
11-21 20:30:43.169 4012 4012 I AXL : CPlayerPed::TogglePlayerControllable
11-21 20:30:43.169 4012 4012 I AXL : CPlayerPed::TogglePlayerControllable
okay!
11-21 20:30:43.169 4012 4012 I AXL : sendDialogResponse: dialogid - 523,
listitem - -1, inputtext1 -
11-21 20:30:43.285 4012 5465 I AXL : RPC: ScrHaveSomeMoney
11-21 20:30:43.285 4012 5465 I AXL : RPC: ScrDisplayGameText
11-21 20:30:43.285 4012 5465 I AXL : RPC: ScrSetPlayerInterior
11-21 20:30:43.285 4012 5465 I AXL : RPC: ScrSetPlayerPos
11-21 20:30:43.285 4012 5465 I AXL : RPC: ScrSetPlayerFacingAngle
11-21 20:30:43.286 4012 5465 I AXL : RPC: ScrClearPlayerAnimations
11-21 20:30:43.286 4012 5465 I AXL : RPC: ScrSetCameraBehindPlayer
11-21 20:30:43.286 4012 5465 I AXL : CLocalPlayer::UpdateRemoteInterior 1
11-21 20:30:43.313 4012 4012 D DecorView: semSetRoundedCorners: 5
11-21 20:30:43.419 4012 5465 I AXL : RPC: ScrDisableMapIcon
11-21 20:30:43.419 4012 5465 I AXL : RPC: ScrDisableMapIcon
11-21 20:30:43.419 4012 5465 I AXL : RPC: ScrDisableMapIcon
11-21 20:30:43.695 4012 4012 D DecorView: semSetRoundedCorners: 5
11-21 20:30:43.814 4012 4012 I ViewRootImpl@fb83006[GTASA]: ViewPostIme pointer 0
11-21 20:30:44.086 4012 5465 I AXL : [IsModelLoaded] iModelID: 3241
11-21 20:30:44.086 4012 5465 I AXL : IsModelLoaded true!
11-21 20:30:44.087 4012 5465 I AXL : [IsModelLoaded] iModelID: 426
11-21 20:30:44.087 4012 5465 I AXL : IsModelLoaded true!
11-21 20:30:44.088 4012 5465 I AXL : [IsModelLoaded] iModelID: 3254
11-21 20:30:44.088 4012 5465 I AXL : IsModelLoaded true!
11-21 20:30:44.088 4012 5465 I AXL : [IsModelLoaded] iModelID: 410
11-21 20:30:44.088 4012 5465 I AXL : IsModelLoaded true!
11-21 20:30:44.088 4012 5465 I AXL : [IsModelLoaded] iModelID: 412
11-21 20:30:44.088 4012 5465 I AXL : IsModelLoaded true!
11-21 20:30:44.089 4012 5465 I AXL : [IsModelLoaded] iModelID: 458
11-21 20:30:44.089 4012 5465 I AXL : IsModelLoaded true!
11-21 20:30:44.089 4012 5465 I AXL : [IsModelLoaded] iModelID: 3232
11-21 20:30:44.089 4012 5465 I AXL : IsModelLoaded true!
11-21 20:30:44.090 4012 5465 I AXL : [IsModelLoaded] iModelID: 462
11-21 20:30:44.090 4012 5465 I AXL : IsModelLoaded true!
11-21 20:30:44.090 4012 5465 I AXL : [IsModelLoaded] iModelID: 3237
11-21 20:30:44.090 4012 5465 I AXL : IsModelLoaded true!
11-21 20:30:44.090 4012 5465 I AXL : [IsModelLoaded] iModelID: 517
11-21 20:30:44.090 4012 5465 I AXL : IsModelLoaded true!
11-21 20:30:44.090 4012 5465 I AXL : [IsModelLoaded] iModelID: 4528
11-21 20:30:44.090 4012 5465 I AXL : IsModelLoaded true!
11-21 20:30:44.090 4012 5465 I AXL : Removing from vehicle..
11-21 20:30:44.090 4012 5465 I AXL : Setting flag state..
11-21 20:30:44.090 4012 5465 I AXL : Calling destructor..
11-21 20:30:44.091 4012 5465 I AXL : PlayerPed Destroyed
11-21 20:30:44.091 4012 5465 I AXL : [IsModelLoaded] iModelID: 49
11-21 20:30:44.091 4012 5465 I AXL : IsModelLoaded false!
11-21 20:30:44.091 4012 5465 I AXL : SetModelIndex (uiModel): 49
11-21 20:30:44.091 4012 5465 I AXL : RequestModel
11-21 20:30:44.091 4012 5465 I AXL : RequestModel done!
11-21 20:30:44.091 4012 5465 I AXL : LoadRequestedModels
11-21 20:30:44.094 4012 5465 I AXL : LoadRequestedModels done!
11-21 20:30:44.094 4012 5465 I AXL : [IsModelLoaded] iModelID: 49
11-21 20:30:44.094 4012 5465 I AXL : IsModelLoaded true!
11-21 20:30:44.094 4012 5465 I AXL : Removing from vehicle..
11-21 20:30:44.095 4012 5465 I AXL : Setting flag state..
11-21 20:30:44.095 4012 5465 I AXL : Calling destructor..
11-21 20:30:44.095 4012 5465 I AXL : PlayerPed Destroyed
11-21 20:30:44.095 4012 5465 I AXL : Removing from vehicle..
11-21 20:30:44.095 4012 5465 I AXL : Setting flag state..
11-21 20:30:44.095 4012 5465 I AXL : Calling destructor..
11-21 20:30:44.095 4012 5465 I AXL : PlayerPed Destroyed
11-21 20:30:44.095 4012 5465 I AXL : Removing from vehicle..
11-21 20:30:44.095 4012 5465 I AXL : Setting flag state..
11-21 20:30:44.095 4012 5465 I AXL : Calling destructor..
11-21 20:30:44.095 4012 5465 I AXL : PlayerPed Destroyed
11-21 20:30:44.095 4012 5465 I AXL : CreatePickup(1318, 23, -20, 368, 1602)
11-21 20:30:44.095 4012 5465 I AXL : [IsModelLoaded] iModelID: 1318
11-21 20:30:44.095 4012 5465 I AXL : IsModelLoaded true!
11-21 20:30:44.095 4012 5465 I AXL : CreatePickup(1274, 23, -19, 361, 1602)
11-21 20:30:44.095 4012 5465 I AXL : [IsModelLoaded] iModelID: 1274
11-21 20:30:44.095 4012 5465 I AXL : IsModelLoaded true!
11-21 20:30:44.095 4012 5465 I AXL : CreatePickup(1318, 23, 67, 436, 1202)
11-21 20:30:44.095 4012 5465 I AXL : [IsModelLoaded] iModelID: 1318
11-21 20:30:44.095 4012 5465 I AXL : IsModelLoaded true!
11-21 20:30:44.153 4012 5465 I AXL : CPickupPool::PickedUp index = 40
11-21 20:30:44.386 4012 5465 I AXL : RPC: ScrSetPlayerColor
11-21 20:30:45.453 4012 5465 I AXL : CPickupPool::PickedUp index = 115
11-21 20:30:45.521 4012 4012 I ViewRootImpl@fb83006[GTASA]: ViewPostIme pointer 1
11-21 20:30:45.804 4012 5465 I AXL : RPC: ScrSetPlayerColor
11-21 20:30:45.804 4012 5465 I AXL : RPC: ScrSetPlayerColor
11-21 20:30:46.246 4012 4012 I ViewRootImpl@fb83006[GTASA]: ViewPostIme pointer 0
11-21 20:30:46.484 4012 4012 I ViewRootImpl@fb83006[GTASA]: ViewPostIme pointer 1
11-21 20:30:46.854 4012 4012 I ViewRootImpl@fb83006[GTASA]: ViewPostIme pointer 0
11-21 20:30:47.121 4012 5465 I AXL : RPC: ScrSetPlayerColor
11-21 20:30:47.214 4012 4012 I ViewRootImpl@fb83006[GTASA]: ViewPostIme pointer 1
11-21 20:30:47.746 4012 4012 I ViewRootImpl@fb83006[GTASA]: ViewPostIme pointer 0
11-21 20:30:47.922 4012 5465 I AXL : Removing from vehicle..
11-21 20:30:47.922 4012 5465 I AXL : Setting flag state..
11-21 20:30:47.922 4012 5465 I AXL : Calling destructor..
11-21 20:30:47.922 4012 5465 I AXL : PlayerPed Destroyed
11-21 20:30:47.923 4012 5465 I AXL : [IsModelLoaded] iModelID: 244
11-21 20:30:47.924 4012 5465 I AXL : IsModelLoaded true!
11-21 20:30:48.138 4012 4012 I ViewRootImpl@fb83006[GTASA]: ViewPostIme pointer 1
11-21 20:30:48.315 4012 4012 D DecorView: semSetRoundedCorners: 5
11-21 20:30:48.456 4012 5465 I AXL : CPickupPool::PickedUp index = 115
11-21 20:30:48.557 4012 5465 I AXL : CPlayerPed::TogglePlayerControllable
11-21 20:30:48.557 4012 5465 I AXL : CPlayerPed::TogglePlayerControllable
okay!
11-21 20:30:48.560 4012 4012 I System.out: Define your own onDestroyView
11-21 20:30:48.563 4012 4012 D ScrollView: initGoToTop
11-21 20:30:48.623 4012 4012 D DecorView: semSetRoundedCorners: 5
11-21 20:30:48.650 4012 4012 D DecorView: semSetRoundedCorners: 5
11-21 20:30:48.923 4012 5465 I AXL : RPC: ScrClearPlayerAnimations
11-21 20:30:49.578 4012 5465 I AXL : Removing from vehicle..
11-21 20:30:49.578 4012 5465 I AXL : Setting flag state..
11-21 20:30:49.578 4012 5465 I AXL : Calling destructor..
11-21 20:30:49.578 4012 5465 I AXL : PlayerPed Destroyed
11-21 20:30:51.472 4012 5465 I AXL : CPickupPool::PickedUp index = 115
11-21 20:30:52.348 4012 4012 I ViewRootImpl@fb83006[GTASA]: ViewPostIme pointer 0
11-21 20:30:52.420 4012 4012 I ViewRootImpl@fb83006[GTASA]: ViewPostIme pointer 1
11-21 20:30:52.433 4012 4012 D DecorView: semSetRoundedCorners: 5
11-21 20:30:52.706 4012 4012 I ViewRootImpl@fb83006[GTASA]: ViewPostIme pointer 0
11-21 20:30:52.789 4012 4012 I ViewRootImpl@fb83006[GTASA]: ViewPostIme pointer 1
11-21 20:30:52.791 4012 4012 I AXL : CPlayerPed::TogglePlayerControllable
11-21 20:30:52.791 4012 4012 I AXL : CPlayerPed::TogglePlayerControllable
okay!
