11-21 20:31:45.866 4012 4012 I SurfaceControl: nativeRelease nativeObject
s[2385318912]
11-21 20:31:45.866 4012 4012 I SurfaceControl: nativeRelease nativeObject
e[2385318912]
11-21 20:31:47.506 4012 4012 I ViewRootImpl@fb83006[GTASA]: ViewPostIme pointer 0
11-21 20:31:47.581 4012 5465 I AXL : RPC: ScrSetPlayerColor
11-21 20:31:47.637 4012 4012 I ViewRootImpl@fb83006[GTASA]: ViewPostIme pointer 1
11-21 20:31:47.994 4012 4012 I ViewRootImpl@fb83006[GTASA]: ViewPostIme pointer 0
11-21 20:31:48.507 4012 4012 I ViewRootImpl@fb83006[GTASA]: ViewPostIme pointer 1
11-21 20:31:48.876 4012 4012 I ViewRootImpl@fb83006[GTASA]: ViewPostIme pointer 0
11-21 20:31:48.994 4012 4012 I ViewRootImpl@fb83006[GTASA]: ViewPostIme pointer 1
11-21 20:31:49.167 4012 4012 I ViewRootImpl@fb83006[GTASA]: ViewPostIme pointer 0
11-21 20:31:49.286 4012 4012 I ViewRootImpl@fb83006[GTASA]: ViewPostIme pointer 1
11-21 20:31:49.399 4012 5465 I AXL : tuning_color_stroke loaded from crime
11-21 20:31:49.399 4012 5465 I AXL : tuning_color_stroke loaded from crime
11-21 20:31:49.426 4012 4012 I ViewRootImpl@fb83006[GTASA]: ViewPostIme pointer 0
11-21 20:31:49.532 4012 4012 I ViewRootImpl@fb83006[GTASA]: ViewPostIme pointer 1
11-21 20:31:49.648 4012 4012 I ViewRootImpl@fb83006[GTASA]: ViewPostIme pointer 0
11-21 20:31:49.665 4012 5465 I AXL : tuning_color_stroke loaded from crime
11-21 20:31:49.665 4012 5465 I AXL : tuning_color_stroke loaded from crime
11-21 20:31:49.730 4012 4012 I ViewRootImpl@fb83006[GTASA]: ViewPostIme pointer 1
11-21 20:31:49.813 4012 4012 I ViewRootImpl@fb83006[GTASA]: ViewPostIme pointer 0
11-21 20:31:49.865 4012 5465 I AXL : tuning_color_stroke loaded from crime
11-21 20:31:49.865 4012 5465 I AXL : tuning_color_stroke loaded from crime
11-21 20:31:49.885 4012 4012 I ViewRootImpl@fb83006[GTASA]: ViewPostIme pointer 1
11-21 20:31:49.903 4012 4012 I ViewRootImpl@fb83006[GTASA]: ViewPostIme pointer 0
11-21 20:31:49.956 4012 4012 I ViewRootImpl@fb83006[GTASA]: ViewPostIme pointer 1
11-21 20:31:50.071 4012 5465 I AXL : tuning_color_stroke loaded from crime
11-21 20:31:50.071 4012 5465 I AXL : tuning_color_stroke loaded from crime
11-21 20:31:50.143 4012 4012 I ViewRootImpl@fb83006[GTASA]: ViewPostIme pointer 0
11-21 20:31:50.312 4012 4012 I ViewRootImpl@fb83006[GTASA]: ViewPostIme pointer 1
11-21 20:31:50.428 4012 4012 I ViewRootImpl@fb83006[GTASA]: ViewPostIme pointer 0
11-21 20:31:50.547 4012 4012 I ViewRootImpl@fb83006[GTASA]: ViewPostIme pointer 1
11-21 20:31:50.651 4012 4012 I ViewRootImpl@fb83006[GTASA]: ViewPostIme pointer 0
11-21 20:31:50.807 4012 4012 I ViewRootImpl@fb83006[GTASA]: ViewPostIme pointer 1
11-21 20:31:50.866 4012 4012 I ViewRootImpl@fb83006[GTASA]: ViewPostIme pointer 0
11-21 20:31:50.985 4012 4012 I ViewRootImpl@fb83006[GTASA]: ViewPostIme pointer 1
11-21 20:31:51.038 4012 5465 I AXL : RPC: ScrSetPlayerColor
11-21 20:31:51.308 4012 4012 I ViewRootImpl@fb83006[GTASA]: ViewPostIme pointer 0
11-21 20:31:51.390 4012 4012 I ViewRootImpl@fb83006[GTASA]: ViewPostIme pointer 1
11-21 20:31:51.396 4012 4012 D InputMethodManager: SSI - flag : 1 Pid : 4012 view
: ru.stepdev.crimemobile
11-21 20:31:51.396 4012 4012 D InputMethodManager: prepareNavigationBarInfo()
DecorView@1d6074b[GTASA]
11-21 20:31:51.396 4012 4012 D InputMethodManager: getNavigationBarColor() -
16711423
11-21 20:31:51.406 4012 4012 D InputMethodManager: prepareNavigationBarInfo()
DecorView@1d6074b[GTASA]
11-21 20:31:51.406 4012 4012 D InputMethodManager: getNavigationBarColor() -
16711423
11-21 20:31:51.406 4012 4012 V InputMethodManager: Starting input:
tba=ru.stepdev.crimemobile
ic=com.android.internal.widget.EditableInputConnection@9832598 mNaviBarColor -
16711423 mIsGetNaviBarColorSuccess true , NavVisible : false , NavTrans : false
11-21 20:31:51.406 4012 4012 D InputMethodManager: startInputInner - Id : 0
11-21 20:31:51.413 4012 4012 I InputMethodManager: startInputInner -
mService.startInputOrWindowGainedFocus
11-21 20:31:51.416 4012 4012 D InputTransport: Input channel constructed:
'ClientS', fd=112
11-21 20:31:51.416 4012 4012 D InputTransport: Input channel destroyed:
'ClientS', fd=154
11-21 20:31:51.418 4012 4012 D DecorView: semSetRoundedCorners: 5
11-21 20:31:51.420 4012 4012 W IInputConnectionWrapper: getExtractedText on
inactive InputConnection
11-21 20:31:51.426 4012 4012 W IInputConnectionWrapper: requestCursorAnchorInfo
on inactive InputConnection
11-21 20:31:51.487 4012 4012 D InsetsSourceConsumer: setRequestedVisible:
visible=true, type=13, host=ru.stepdev.crimemobile/com.rockstargames.gtagrp.GTASA,
from=android.view.InsetsSourceConsumer.show:229
android.view.InsetsController.showDirectly:1437
android.view.InsetsController.controlAnimationUnchecked:1110
android.view.InsetsController.applyAnimation:1417
android.view.InsetsController.show:962
android.view.ViewRootImpl$ViewRootHandler.handleMessage:6146
android.os.Handler.dispatchMessage:106 android.os.Looper.loop:246
android.app.ActivityThread.main:8653 java.lang.reflect.Method.invoke:-2
11-21 20:31:51.500 4012 4012 D DecorView: semSetRoundedCorners: 5
11-21 20:31:51.502 4012 4012 I ViewRootImpl@1f5c19f[PopupWindow:6510ac0]:
MSG_RESIZED: frame=(76,0,76,402) ci=(0,0,0,0) vi=(0,0,0,0) or=2
11-21 20:31:51.502 4012 4012 I ViewRootImpl@1f5c19f[PopupWindow:6510ac0]: 1)
Force to draw a frame when frame become empty from non-empty
11-21 20:31:51.524 4012 4012 I SurfaceControl: nativeRelease nativeObject
s[2294540144]
11-21 20:31:51.524 4012 4012 I SurfaceControl: nativeRelease nativeObject
e[2294540144]
11-21 20:31:51.525 4012 4012 I SurfaceControl: assignNativeObject: nativeObject =
0 Surface(name=null)/@0x12bb816 / android.view.SurfaceControl.readFromParcel:1117
android.view.IWindowSession$Stub$Proxy.relayout:1820
android.view.ViewRootImpl.relayoutWindow:9005
android.view.ViewRootImpl.performTraversals:3360
android.view.ViewRootImpl.doTraversal:2618
android.view.ViewRootImpl$TraversalRunnable.run:9971
android.view.Choreographer$CallbackRecord.run:1010
android.view.Choreographer.doCallbacks:809 android.view.Choreographer.doFrame:744
android.view.Choreographer$FrameDisplayEventReceiver.run:995
11-21 20:31:51.525 4012 4012 I ViewRootImpl@1f5c19f[PopupWindow:6510ac0]:
Relayout returned: old=(76,0,76,402) new=(76,0,76,402) req=(0,402)0 dur=10 res=0x21
s={true 3848448032} ch=false fn=34
11-21 20:31:51.528 4012 4012 I ViewRootImpl@1f5c19f[PopupWindow:6510ac0]: Force
to draw even when frame is empty
11-21 20:31:51.535 4012 4012 D DecorView: semSetRoundedCorners: 5
11-21 20:31:51.646 4012 5465 I AXL : RPC: ScrSetPlayerColor
11-21 20:31:51.647 4012 5465 I AXL : RPC: ScrSetPlayerColor
11-21 20:31:51.647 4012 5465 I AXL : RPC: ScrSetPlayerColor
11-21 20:31:51.692 4012 4012 I ViewRootImpl@fb83006[GTASA]: ViewPostIme pointer 0
11-21 20:31:51.701 4012 5437 I SurfaceControl: nativeRelease nativeObject
s[2294410304]
11-21 20:31:51.701 4012 5437 I SurfaceControl: nativeRelease nativeObject
e[2294410304]
11-21 20:31:51.870 4012 4012 I ViewRootImpl@fb83006[GTASA]: ViewPostIme pointer 1
11-21 20:31:51.875 4012 4012 D InputMethodManager: HSIFW - flag : 0
11-21 20:31:51.883 4012 4012 D DecorView: semSetRoundedCorners: 5
11-21 20:31:51.887 4012 4012 D InsetsSourceConsumer: setRequestedVisible:
visible=false, type=13, host=ru.stepdev.crimemobile/com.rockstargames.gtagrp.GTASA,
from=android.view.InsetsSourceConsumer.hide:236
android.view.ImeInsetsSourceConsumer.hide:101
android.view.InsetsController.hideDirectly:1430
android.view.InsetsController.controlAnimationUnchecked:1112
android.view.InsetsController.applyAnimation:1417
android.view.InsetsController.hide:984
android.view.ViewRootImpl$ViewRootHandler.handleMessage:6150
android.os.Handler.dispatchMessage:106 android.os.Looper.loop:246
android.app.ActivityThread.main:8653
11-21 20:31:51.901 4012 4012 I ViewRootImpl@1f5c19f[PopupWindow:6510ac0]:
MSG_RESIZED: frame=(76,0,76,1080) ci=(0,0,0,0) vi=(0,0,0,0) or=2
11-21 20:31:51.901 4012 4012 I ViewRootImpl@1f5c19f[PopupWindow:6510ac0]: 1)
Force to draw a frame when frame become empty from non-empty
11-21 20:31:51.925 4012 4012 I SurfaceControl: nativeRelease nativeObject
s[2294386144]
11-21 20:31:51.925 4012 4012 I SurfaceControl: nativeRelease nativeObject
e[2294386144]
11-21 20:31:51.926 4012 4012 I SurfaceControl: assignNativeObject: nativeObject =
0 Surface(name=null)/@0x12bb816 / android.view.SurfaceControl.readFromParcel:1117
android.view.IWindowSession$Stub$Proxy.relayout:1820
android.view.ViewRootImpl.relayoutWindow:9005
android.view.ViewRootImpl.performTraversals:3360
android.view.ViewRootImpl.doTraversal:2618
android.view.ViewRootImpl$TraversalRunnable.run:9971
android.view.Choreographer$CallbackRecord.run:1010
android.view.Choreographer.doCallbacks:809 android.view.Choreographer.doFrame:744
android.view.Choreographer$FrameDisplayEventReceiver.run:995
11-21 20:31:51.926 4012 4012 I ViewRootImpl@1f5c19f[PopupWindow:6510ac0]:
Relayout returned: old=(76,0,76,1080) new=(76,0,76,1080) req=(0,1080)0 dur=10
res=0x21 s={true 3848448032} ch=false fn=35
11-21 20:31:51.930 4012 4012 I ViewRootImpl@1f5c19f[PopupWindow:6510ac0]: Force
to draw even when frame is empty
11-21 20:31:52.104 4012 5437 I SurfaceControl: nativeRelease nativeObject
s[2385374672]
11-21 20:31:52.104 4012 5437 I SurfaceControl: nativeRelease nativeObject
e[2385374672]
11-21 20:31:52.366 4012 4012 I ViewRootImpl@fb83006[GTASA]: ViewPostIme pointer 0
11-21 20:31:52.449 4012 4012 I ViewRootImpl@fb83006[GTASA]: ViewPostIme pointer 1
11-21 20:31:52.453 4012 4012 D InputMethodManager: SSI - flag : 1 Pid : 4012 view
: ru.stepdev.crimemobile
11-21 20:31:52.453 4012 4012 D InputMethodManager: prepareNavigationBarInfo()
DecorView@1d6074b[GTASA]
11-21 20:31:52.453 4012 4012 D InputMethodManager: getNavigationBarColor() -
16711423
11-21 20:31:52.458 4012 4012 D InputMethodManager: prepareNavigationBarInfo()
DecorView@1d6074b[GTASA]
11-21 20:31:52.458 4012 4012 D InputMethodManager: getNavigationBarColor() -
16711423
11-21 20:31:52.458 4012 4012 V InputMethodManager: Starting input:
tba=ru.stepdev.crimemobile
ic=com.android.internal.widget.EditableInputConnection@95724c8 mNaviBarColor -
16711423 mIsGetNaviBarColorSuccess true , NavVisible : false , NavTrans : false
11-21 20:31:52.458 4012 4012 D InputMethodManager: startInputInner - Id : 0
11-21 20:31:52.463 4012 4012 I InputMethodManager: startInputInner -
mService.startInputOrWindowGainedFocus
11-21 20:31:52.464 4012 4012 D InputTransport: Input channel constructed:
'ClientS', fd=94
11-21 20:31:52.465 4012 4012 D InputTransport: Input channel destroyed:
'ClientS', fd=112
11-21 20:31:52.470 4012 4012 D DecorView: semSetRoundedCorners: 5
11-21 20:31:52.472 4012 4012 W IInputConnectionWrapper: getExtractedText on
inactive InputConnection
11-21 20:31:52.483 4012 4012 W IInputConnectionWrapper: requestCursorAnchorInfo
on inactive InputConnection
11-21 20:31:52.556 4012 4012 D InsetsSourceConsumer: setRequestedVisible:
visible=true, type=13, host=ru.stepdev.crimemobile/com.rockstargames.gtagrp.GTASA,
from=android.view.InsetsSourceConsumer.show:229
android.view.InsetsController.showDirectly:1437
android.view.InsetsController.controlAnimationUnchecked:1110
android.view.InsetsController.applyAnimation:1417
android.view.InsetsController.show:962
android.view.ViewRootImpl$ViewRootHandler.handleMessage:6146
android.os.Handler.dispatchMessage:106 android.os.Looper.loop:246
android.app.ActivityThread.main:8653 java.lang.reflect.Method.invoke:-2
11-21 20:31:52.572 4012 4012 D DecorView: semSetRoundedCorners: 5
11-21 20:31:52.573 4012 4012 I ViewRootImpl@1f5c19f[PopupWindow:6510ac0]:
MSG_RESIZED: frame=(76,0,76,402) ci=(0,0,0,0) vi=(0,0,0,0) or=2
11-21 20:31:52.573 4012 4012 I ViewRootImpl@1f5c19f[PopupWindow:6510ac0]: 1)
Force to draw a frame when frame become empty from non-empty
11-21 20:31:52.591 4012 4012 I SurfaceControl: nativeRelease nativeObject
s[2294354304]
11-21 20:31:52.591 4012 4012 I SurfaceControl: nativeRelease nativeObject
e[2294354304]
11-21 20:31:52.591 4012 4012 I SurfaceControl: assignNativeObject: nativeObject =
0 Surface(name=null)/@0x12bb816 / android.view.SurfaceControl.readFromParcel:1117
android.view.IWindowSession$Stub$Proxy.relayout:1820
android.view.ViewRootImpl.relayoutWindow:9005
android.view.ViewRootImpl.performTraversals:3360
android.view.ViewRootImpl.doTraversal:2618
android.view.ViewRootImpl$TraversalRunnable.run:9971
android.view.Choreographer$CallbackRecord.run:1010
android.view.Choreographer.doCallbacks:809 android.view.Choreographer.doFrame:744
android.view.Choreographer$FrameDisplayEventReceiver.run:995
11-21 20:31:52.592 4012 4012 I ViewRootImpl@1f5c19f[PopupWindow:6510ac0]:
Relayout returned: old=(76,0,76,402) new=(76,0,76,402) req=(0,402)0 dur=5 res=0x21
s={true 3848448032} ch=false fn=36
11-21 20:31:52.595 4012 4012 I ViewRootImpl@1f5c19f[PopupWindow:6510ac0]: Force
to draw even when frame is empty
11-21 20:31:52.604 4012 4012 D DecorView: semSetRoundedCorners: 5
11-21 20:31:52.774 4012 5437 I SurfaceControl: nativeRelease nativeObject
s[2294329024]
11-21 20:31:52.774 4012 5437 I SurfaceControl: nativeRelease nativeObject
e[2294329024]
11-21 20:31:53.149 4012 5465 I AXL : RPC: ScrSetPlayerColor
11-21 20:31:55.044 4012 4012 D DecorView: semSetRoundedCorners: 5
11-21 20:31:55.513 4012 4012 D DecorView: semSetRoundedCorners: 5
11-21 20:31:55.996 4012 4012 D DecorView: semSetRoundedCorners: 5
11-21 20:31:56.403 4012 4012 D DecorView: semSetRoundedCorners: 5
11-21 20:31:56.473 4012 4012 I ViewRootImpl@fb83006[GTASA]: ViewPostIme pointer 0
11-21 20:31:56.580 4012 4012 I ViewRootImpl@fb83006[GTASA]: ViewPostIme pointer 1
11-21 20:31:57.012 4012 4012 D InputMethodManager: prepareNavigationBarInfo()
DecorView@1d6074b[GTASA]
11-21 20:31:57.013 4012 4012 D InputMethodManager: getNavigationBarColor() -
16711423
11-21 20:31:57.013 4012 4012 V InputMethodManager: Starting input:
tba=ru.stepdev.crimemobile
ic=com.android.internal.widget.EditableInputConnection@b2d921a mNaviBarColor -
16711423 mIsGetNaviBarColorSuccess true , NavVisible : false , NavTrans : false
11-21 20:31:57.013 4012 4012 D InputMethodManager: startInputInner - Id : 0
11-21 20:31:57.018 4012 4012 I InputMethodManager: startInputInner -
mService.startInputOrWindowGainedFocus
11-21 20:31:57.020 4012 4012 D InputTransport: Input channel constructed:
'ClientS', fd=154
11-21 20:31:57.020 4012 4012 D InputTransport: Input channel destroyed:
'ClientS', fd=94
11-21 20:31:57.026 4012 4012 D InputMethodManager: HSIFW - flag : 0
11-21 20:31:57.031 4012 4012 W IInputConnectionWrapper: endBatchEdit on inactive
InputConnection
11-21 20:31:57.034 4012 4012 D DecorView: semSetRoundedCorners: 5
11-21 20:31:57.041 4012 4012 D InputMethodManager: HSIFW - flag : 0
11-21 20:31:57.049 4012 4012 D DecorView: semSetRoundedCorners: 5
11-21 20:31:57.061 4012 4012 D InsetsSourceConsumer: setRequestedVisible:
visible=false, type=13, host=ru.stepdev.crimemobile/com.rockstargames.gtagrp.GTASA,
from=android.view.InsetsSourceConsumer.hide:236
android.view.ImeInsetsSourceConsumer.hide:101
android.view.InsetsController.hideDirectly:1430
android.view.InsetsController.controlAnimationUnchecked:1112
android.view.InsetsController.applyAnimation:1417
android.view.InsetsController.hide:984
android.view.ViewRootImpl$ViewRootHandler.handleMessage:6150
android.os.Handler.dispatchMessage:106 android.os.Looper.loop:246
android.app.ActivityThread.main:8653
11-21 20:31:57.087 4012 4012 I ViewRootImpl@1f5c19f[PopupWindow:6510ac0]:
MSG_RESIZED: frame=(76,0,76,1080) ci=(0,0,0,0) vi=(0,0,0,0) or=2
11-21 20:31:57.087 4012 4012 I ViewRootImpl@1f5c19f[PopupWindow:6510ac0]: 1)
Force to draw a frame when frame become empty from non-empty
11-21 20:31:57.109 4012 4012 I SurfaceControl: nativeRelease nativeObject
s[2716988192]
11-21 20:31:57.109 4012 4012 I SurfaceControl: nativeRelease nativeObject
e[2716988192]
11-21 20:31:57.109 4012 4012 I SurfaceControl: assignNativeObject: nativeObject =
0 Surface(name=null)/@0x12bb816 / android.view.SurfaceControl.readFromParcel:1117
android.view.IWindowSession$Stub$Proxy.relayout:1820
android.view.ViewRootImpl.relayoutWindow:9005
android.view.ViewRootImpl.performTraversals:3360
android.view.ViewRootImpl.doTraversal:2618
android.view.ViewRootImpl$TraversalRunnable.run:9971
android.view.Choreographer$CallbackRecord.run:1010
android.view.Choreographer.doCallbacks:809 android.view.Choreographer.doFrame:744
android.view.Choreographer$FrameDisplayEventReceiver.run:995
11-21 20:31:57.110 4012 4012 I ViewRootImpl@1f5c19f[PopupWindow:6510ac0]:
Relayout returned: old=(76,0,76,1080) new=(76,0,76,1080) req=(0,1080)0 dur=11
res=0x21 s={true 3848448032} ch=false fn=37
11-21 20:31:57.111 4012 4012 I ViewRootImpl@1f5c19f[PopupWindow:6510ac0]: Force
to draw even when frame is empty
11-21 20:31:57.267 4012 5437 I SurfaceControl: nativeRelease nativeObject
s[2716981792]
11-21 20:31:57.267 4012 5437 I SurfaceControl: nativeRelease nativeObject
e[2716981792]
11-21 20:31:57.380 4012 5465 I AXL : RPC: ScrSetPlayerColor
11-21 20:31:58.300 4012 5465 I AXL : RPC: ScrSetPlayerColor
11-21 20:31:58.681 4012 4012 I ViewRootImpl@fb83006[GTASA]: ViewPostIme pointer 0
11-21 20:31:59.039 4012 4012 I ViewRootImpl@fb83006[GTASA]: ViewPostIme pointer 1
11-21 20:31:59.204 4012 4012 I System.out: Define your own onDestroyView
11-21 20:31:59.206 4012 4012 D ScrollView: initGoToTop
11-21 20:31:59.241 4012 4012 D DecorView: semSetRoundedCorners: 5
11-21 20:31:59.251 4012 4012 D DecorView: semSetRoundedCorners: 5
11-21 20:32:00.071 4012 4012 I ViewRootImpl@fb83006[GTASA]: ViewPostIme pointer 0
11-21 20:32:00.191 4012 4012 I SurfaceControl: nativeRelease nativeObject
s[2294373264]
11-21 20:32:00.191 4012 4012 I SurfaceControl: nativeRelease nativeObject
e[2294373264]
11-21 20:32:00.191 4012 4012 I SurfaceControl: nativeRelease nativeObject
s[2294541184]
11-21 20:32:00.191 4012 4012 I SurfaceControl: nativeRelease nativeObject
e[2294541184]
11-21 20:32:00.191 4012 4012 I SurfaceControl: nativeRelease nativeObject
s[2294527824]
11-21 20:32:00.191 4012 4012 I SurfaceControl: nativeRelease nativeObject
e[2294527824]
11-21 20:32:00.284 4012 4012 I ViewRootImpl@fb83006[GTASA]: ViewPostIme pointer 1
11-21 20:32:01.238 4012 4012 I ViewRootImpl@fb83006[GTASA]: ViewPostIme pointer 0
11-21 20:32:01.331 4012 4012 I ViewRootImpl@fb83006[GTASA]: ViewPostIme pointer 1
11-21 20:32:01.352 4012 4012 D DecorView: semSetRoundedCorners: 5
11-21 20:32:01.574 4012 4012 I ViewRootImpl@fb83006[GTASA]: ViewPostIme pointer 0
11-21 20:32:01.644 4012 4012 I ViewRootImpl@fb83006[GTASA]: ViewPostIme pointer 1
11-21 20:32:01.645 4012 4012 I AXL : sendDialogResponse: dialogid - 276,
listitem - 3, inputtext1 - 4. Выйти из выбора авто
11-21 20:32:01.776 4012 5465 I AXL : [IsModelLoaded] iModelID: 3291
11-21 20:32:01.776 4012 5465 I AXL : IsModelLoaded true!
11-21 20:32:01.779 4012 5465 I AXL : RPC: ScrSetPlayerInterior
11-21 20:32:01.779 4012 5465 I AXL : RPC: ScrSetPlayerPos
11-21 20:32:01.779 4012 5465 I AXL : RPC: ScrSetPlayerFacingAngle
11-21 20:32:01.779 4012 5465 I AXL : RPC: ScrClearPlayerAnimations
11-21 20:32:01.779 4012 5465 I AXL : RPC: ScrSetCameraBehindPlayer
11-21 20:32:01.780 4012 5465 I AXL : CUSTOM_RPC_TOGGLE_HUD_ELEMENT
11-21 20:32:01.780 4012 5465 I AXL : CUSTOM_RPC_TOGGLE_HUD_ELEMENT
11-21 20:32:01.780 4012 5465 I AXL : CUSTOM_RPC_TOGGLE_HUD_ELEMENT
11-21 20:32:01.780 4012 5465 I AXL : CUSTOM_RPC_TOGGLE_HUD_ELEMENT
11-21 20:32:01.780 4012 5465 I AXL : RPC: ScrSelectTextDraw
11-21 20:32:01.780 4012 5465 I AXL : CPlayerPed::TogglePlayerControllable
11-21 20:32:01.780 4012 5465 I AXL : CPlayerPed::TogglePlayerControllable
okay!
11-21 20:32:01.925 4012 4012 D DecorView: semSetRoundedCorners: 5
11-21 20:32:01.949 4012 4012 D DecorView: semSetRoundedCorners: 5
11-21 20:32:02.168 4012 4012 D DecorView: semSetRoundedCorners: 5
11-21 20:32:02.477 4012 5465 I AXL : [IsModelLoaded] iModelID: 48
11-21 20:32:02.477 4012 5465 I AXL : IsModelLoaded true!
11-21 20:32:02.478 4012 5465 I AXL : [CObject] InstantRotate
11-21 20:32:02.478 4012 5465 I AXL : [IsModelLoaded] iModelID: 244
11-21 20:32:02.478 4012 5465 I AXL : IsModelLoaded true!
11-21 20:32:02.748 4012 4012 I ViewRootImpl@fb83006[GTASA]: ViewPostIme pointer 0
11-21 20:32:02.808 4012 4012 I SurfaceControl: nativeRelease nativeObject
s[2385331872]
11-21 20:32:02.808 4012 4012 I SurfaceControl: nativeRelease nativeObject
e[2385331872]
11-21 20:32:03.118 4012 4012 I ViewRootImpl@fb83006[GTASA]: ViewPostIme pointer 1
11-21 20:32:03.214 4012 5465 I AXL : RPC: ScrSetPlayerColor
11-21 20:32:03.282 4012 4012 I ViewRootImpl@fb83006[GTASA]: ViewPostIme pointer 0
11-21 20:32:03.431 4012 5465 I AXL : RPC: ScrSetPlayerColor
11-21 20:32:03.716 4012 5465 I AXL : RPC: ScrSetPlayerColor
11-21 20:32:03.800 4012 5465 I AXL : RPC: ScrSetPlayerColor
11-21 20:32:03.800 4012 5465 I AXL : RPC: ScrSetPlayerColor
11-21 20:32:04.050 4012 5465 I AXL : RPC: ScrClearPlayerAnimations
11-21 20:32:04.184 4012 5465 I AXL : RPC: ScrSetPlayerColor
11-21 20:32:04.184 4012 5465 I AXL : RPC: ScrSetPlayerColor
11-21 20:32:04.769 4012 4012 I ViewRootImpl@fb83006[GTASA]: ViewPostIme pointer 1
11-21 20:32:04.782 4012 4012 I ViewRootImpl@fb83006[GTASA]: ViewPostIme pointer 0
11-21 20:32:04.887 4012 5465 I AXL : Removing from vehicle..
11-21 20:32:04.887 4012 5465 I AXL : Setting flag state..
11-21 20:32:04.887 4012 5465 I AXL : Calling destructor..
11-21 20:32:04.887 4012 5465 I AXL : PlayerPed Destroyed
11-21 20:32:04.887 4012 5465 I AXL : CreatePickup(1318, 23, 67, 436, 1202)
11-21 20:32:04.887 4012 5465 I AXL : [IsModelLoaded] iModelID: 1318
11-21 20:32:04.887 4012 5465 I AXL : IsModelLoaded true!
11-21 20:32:05.175 4012 4012 I ViewRootImpl@fb83006[GTASA]: ViewPostIme pointer 1
11-21 20:32:05.398 4012 4012 I ViewRootImpl@fb83006[GTASA]: ViewPostIme pointer 0
11-21 20:32:05.726 4012 5465 I AXL : RPC: ScrSetPlayerColor
11-21 20:32:05.756 4012 4012 I ViewRootImpl@fb83006[GTASA]: ViewPostIme pointer 1
11-21 20:32:06.202 4012 4012 D DecorView: semSetRoundedCorners: 5
11-21 20:32:06.251 4012 4012 I ViewRootImpl@fb83006[GTASA]: ViewPostIme pointer 0
11-21 20:32:06.384 4012 4012 I ViewRootImpl@fb83006[GTASA]: ViewPostIme pointer 1
11-21 20:32:06.763 4012 4012 I ViewRootImpl@fb83006[GTASA]: ViewPostIme pointer 0
11-21 20:32:07.984 4012 5465 I AXL : CPickupPool::PickedUp index = 115
11-21 20:32:08.112 4012 4012 I ViewRootImpl@fb83006[GTASA]: ViewPostIme pointer 1
11-21 20:32:08.494 4012 4012 I ViewRootImpl@fb83006[GTASA]: ViewPostIme pointer 0
11-21 20:32:08.685 4012 4012 I ViewRootImpl@fb83006[GTASA]: ViewPostIme pointer 1
11-21 20:32:08.718 4012 5465 I AXL : Removing from vehicle..
11-21 20:32:08.718 4012 5465 I AXL : Setting flag state..
11-21 20:32:08.718 4012 5465 I AXL : Calling destructor..
11-21 20:32:08.718 4012 5465 I AXL : PlayerPed Destroyed
11-21 20:32:09.102 4012 4012 I ViewRootImpl@fb83006[GTASA]: ViewPostIme pointer 0
11-21 20:32:09.495 4012 4012 I ViewRootImpl@fb83006[GTASA]: ViewPostIme pointer 1
11-21 20:32:09.854 4012 4012 I ViewRootImpl@fb83006[GTASA]: ViewPostIme pointer 0
11-21 20:32:09.973 4012 4012 I ViewRootImpl@fb83006[GTASA]: ViewPostIme pointer 1
11-21 20:32:10.135 4012 4012 I ViewRootImpl@fb83006[GTASA]: ViewPostIme pointer 0
11-21 20:32:10.266 4012 4012 I ViewRootImpl@fb83006[GTASA]: ViewPostIme pointer 1
11-21 20:32:10.323 4012 5465 I AXL : RPC: ScrSetPlayerColor
11-21 20:32:10.739 4012 4012 I ViewRootImpl@fb83006[GTASA]: ViewPostIme pointer 0
11-21 20:32:10.786 4012 4012 I ViewRootImpl@fb83006[GTASA]: ViewPostIme pointer 1
11-21 20:32:10.948 4012 4012 I ViewRootImpl@fb83006[GTASA]: ViewPostIme pointer 0
11-21 20:32:10.989 4012 5465 I AXL : CPickupPool::PickedUp index = 115
11-21 20:32:11.054 4012 4012 I ViewRootImpl@fb83006[GTASA]: ViewPostIme pointer 1
11-21 20:32:11.218 4012 4012 D DecorView: semSetRoundedCorners: 5
11-21 20:32:11.223 4012 5465 I AXL : CPlayerPed::TogglePlayerControllable
11-21 20:32:11.223 4012 5465 I AXL : CPlayerPed::TogglePlayerControllable
okay!
11-21 20:32:11.224 4012 5465 I AXL : RPC: ScrSetPlayerColor
11-21 20:32:11.231 4012 4012 I System.out: Define your own onDestroyView
11-21 20:32:11.234 4012 4012 D ScrollView: initGoToTop
11-21 20:32:11.307 4012 4012 D DecorView: semSetRoundedCorners: 5
11-21 20:32:11.346 4012 4012 D DecorView: semSetRoundedCorners: 5
11-21 20:32:12.565 4012 5465 I AXL : RPC: ScrSetPlayerColor
11-21 20:32:12.698 4012 5465 I AXL : RPC: ScrSetPlayerColor
11-21 20:32:12.699 4012 5465 I AXL : RPC: ScrSetPlayerColor
11-21 20:32:13.022 4012 4012 I ViewRootImpl@fb83006[GTASA]: ViewPostIme pointer 0
11-21 20:32:13.090 4012 4012 I ViewRootImpl@fb83006[GTASA]: ViewPostIme pointer 1
11-21 20:32:13.106 4012 4012 D DecorView: semSetRoundedCorners: 5
11-21 20:32:13.447 4012 4012 I ViewRootImpl@fb83006[GTASA]: ViewPostIme pointer 0
11-21 20:32:13.517 4012 4012 I ViewRootImpl@fb83006[GTASA]: ViewPostIme pointer 1
11-21 20:32:13.520 4012 4012 I AXL : CPlayerPed::TogglePlayerControllable
11-21 20:32:13.520 4012 4012 I AXL : CPlayerPed::TogglePlayerControllable
okay!
11-21 20:32:13.520 4012 4012 I AXL : sendDialogResponse: dialogid - 378,
listitem - 4, inputtext1 - - Седан
11-21 20:32:13.650 4012 5465 I AXL : RPC: ScrSetPlayerInterior
11-21 20:32:13.650 4012 5465 I AXL : RPC: ScrSetPlayerPos
11-21 20:32:13.650 4012 5465 I AXL : RPC: ScrSetCameraPos
11-21 20:32:13.650 4012 5465 I AXL : RPC: ScrSetCameraLookAt
11-21 20:32:13.650 4012 5465 I AXL : carshop_stock loaded from crime
11-21 20:32:13.650 4012 5465 I AXL : carshop_stock_text loaded from crime
11-21 20:32:13.650 4012 5465 I AXL : carshop_info_box loaded from crime
11-21 20:32:13.651 4012 5465 I AXL : carshop_background loaded from crime
11-21 20:32:13.651 4012 5465 I AXL : carshop_info_5 loaded from crime
11-21 20:32:13.651 4012 5465 I AXL : Error: Texture (tuning_exit_box_crime)
not found in database (samp)
11-21 20:32:13.651 4012 5465 I AXL : Error: Texture (tuning_exit_box_crime)
not found in database (mobile)
11-21 20:32:13.651 4012 5465 I AXL : Error: Texture (tuning_exit_box_crime)
not found in database (txd)
11-21 20:32:13.651 4012 5465 I AXL : Error: Texture (tuning_exit_box_crime)
not found in database (menu)
11-21 20:32:13.651 4012 5465 I AXL : Error: Texture (tuning_exit_box_crime)
not found in database (gta3)
11-21 20:32:13.651 4012 5465 I AXL : Error: Texture (tuning_exit_box_crime)
not found in database (gta_int)
11-21 20:32:13.651 4012 5465 I AXL : Error: Texture (tuning_exit_box_crime)
not found in database (player)
11-21 20:32:13.651 4012 5465 I AXL : -> Texture tuning_exit_box_crime not
found!
11-21 20:32:13.651 4012 5465 I AXL : Error: Texture (tuning_exit_box) not
found in database (samp)
11-21 20:32:13.651 4012 5465 I AXL : Error: Texture (tuning_exit_box) not
found in database (mobile)
11-21 20:32:13.651 4012 5465 I AXL : Error: Texture (tuning_exit_box) not
found in database (txd)
11-21 20:32:13.651 4012 5465 I AXL : Error: Texture (tuning_exit_box) not
found in database (menu)
11-21 20:32:13.651 4012 5465 I AXL : Error: Texture (tuning_exit_box) not
found in database (gta3)
11-21 20:32:13.651 4012 5465 I AXL : Error: Texture (tuning_exit_box) not
found in database (gta_int)
11-21 20:32:13.651 4012 5465 I AXL : Error: Texture (tuning_exit_box) not
found in database (player)
11-21 20:32:13.652 4012 5465 I AXL : -> Texture tuning_exit_box not found!
11-21 20:32:13.652 4012 5465 I AXL : Error: Database not found! (crime)
11-21 20:32:13.652 4012 5465 I AXL : tuning_exit_box loaded from crime
11-21 20:32:13.652 4012 5465 I AXL : carshop_info_5 loaded from crime
11-21 20:32:13.652 4012 5465 I AXL : Error: Texture (tuning_exit_text) not
found in database (samp)
11-21 20:32:13.652 4012 5465 I AXL : Error: Texture (tuning_exit_text) not
found in database (mobile)
11-21 20:32:13.652 4012 5465 I AXL : Error: Texture (tuning_exit_text) not
found in database (txd)
11-21 20:32:13.652 4012 5465 I AXL : Error: Texture (tuning_exit_text) not
found in database (menu)
11-21 20:32:13.652 4012 5465 I AXL : Error: Texture (tuning_exit_text) not
found in database (gta3)
11-21 20:32:13.652 4012 5465 I AXL : Error: Texture (tuning_exit_text) not
found in database (gta_int)
11-21 20:32:13.652 4012 5465 I AXL : Error: Texture (tuning_exit_text) not
found in database (player)
11-21 20:32:13.652 4012 5465 I AXL : -> Texture tuning_exit_text not found!
11-21 20:32:13.652 4012 5465 I AXL : Error: Database not found! (crime)
11-21 20:32:13.652 4012 5465 I AXL : tuning_exit_text loaded from crime
11-21 20:32:13.652 4012 5465 I AXL : carshop_info_5 loaded from crime
11-21 20:32:13.653 4012 5465 I AXL : carshop_car_box loaded from crime
11-21 20:32:13.653 4012 5465 I AXL : carshop_info_5 loaded from crime
11-21 20:32:13.653 4012 5465 I AXL : carshop_car_left loaded from crime
11-21 20:32:13.653 4012 5465 I AXL : carshop_car_box loaded from crime
11-21 20:32:13.653 4012 5465 I AXL : carshop_car_right loaded from crime
11-21 20:32:13.653 4012 5465 I AXL : carshop_next_box loaded from crime
11-21 20:32:13.653 4012 5465 I AXL : carshop_next_text loaded from crime
11-21 20:32:13.653 4012 5465 I AXL : tuning_color_box loaded from crime
11-21 20:32:13.653 4012 5465 I AXL : tuning_cleft_text loaded from crime
11-21 20:32:13.653 4012 5465 I AXL : tuning_color_box loaded from crime
11-21 20:32:13.653 4012 5465 I AXL : tuning_cright_text loaded from crime
11-21 20:32:13.653 4012 5465 I AXL : tuning_color_stroke loaded from crime
11-21 20:32:13.653 4012 5465 I AXL : tuning_color loaded from crime
11-21 20:32:13.654 4012 5465 I AXL : tuning_color_stroke loaded from crime
11-21 20:32:13.654 4012 5465 I AXL : tuning_color loaded from crime
11-21 20:32:13.654 4012 5465 I AXL : tuning_color_stroke loaded from crime
11-21 20:32:13.654 4012 5465 I AXL : tuning_color loaded from crime
11-21 20:32:13.654 4012 5465 I AXL : tuning_color_stroke loaded from crime
11-21 20:32:13.654 4012 5465 I AXL : tuning_color loaded from crime
11-21 20:32:13.654 4012 5465 I AXL : tuning_color_stroke loaded from crime
11-21 20:32:13.654 4012 5465 I AXL : tuning_color loaded from crime
11-21 20:32:13.654 4012 5465 I AXL : tuning_color_stroke loaded from crime
11-21 20:32:13.654 4012 5465 I AXL : tuning_color loaded from crime
11-21 20:32:13.654 4012 5465 I AXL : tuning_color_stroke loaded from crime
11-21 20:32:13.654 4012 5465 I AXL : tuning_color loaded from crime
11-21 20:32:13.655 4012 5465 I AXL : tuning_color_stroke loaded from crime
11-21 20:32:13.655 4012 5465 I AXL : tuning_color loaded from crime
11-21 20:32:13.655 4012 5465 I AXL : tuning_color_stroke loaded from crime
11-21 20:32:13.655 4012 5465 I AXL : tuning_color loaded from crime
11-21 20:32:13.655 4012 5465 I AXL : tuning_color_stroke loaded from crime
11-21 20:32:13.655 4012 5465 I AXL : tuning_color loaded from crime
11-21 20:32:13.655 4012 5465 I AXL : tuning_color_stroke loaded from crime
11-21 20:32:13.655 4012 5465 I AXL : tuning_color loaded from crime
11-21 20:32:13.655 4012 5465 I AXL : tuning_color_stroke loaded from crime
11-21 20:32:13.655 4012 5465 I AXL : tuning_color loaded from crime
11-21 20:32:13.655 4012 5465 I AXL : carshop_info_2 loaded from crime
11-21 20:32:13.655 4012 5465 I AXL : carshop_info_4 loaded from crime
11-21 20:32:13.655 4012 5465 I AXL : carshop_info_2 loaded from crime
11-21 20:32:13.656 4012 5465 I AXL : carshop_info_1 loaded from crime
11-21 20:32:13.656 4012 5465 I AXL : CUSTOM_RPC_TOGGLE_HUD_ELEMENT
11-21 20:32:13.656 4012 5465 I AXL : CUSTOM_RPC_TOGGLE_HUD_ELEMENT
11-21 20:32:13.656 4012 5465 I AXL : CUSTOM_RPC_TOGGLE_HUD_ELEMENT
11-21 20:32:13.656 4012 5465 I AXL : CUSTOM_RPC_TOGGLE_HUD_ELEMENT
11-21 20:32:13.656 4012 5465 I AXL : RPC: ScrSelectTextDraw
11-21 20:32:13.656 4012 5465 I AXL : CPlayerPed::TogglePlayerControllable
11-21 20:32:13.656 4012 5465 I AXL : CPlayerPed::TogglePlayerControllable
okay!
11-21 20:32:13.979 4012 4012 D DecorView: semSetRoundedCorners: 5
11-21 20:32:13.987 4012 4012 I System.out: Define your own onDestroyView
11-21 20:32:13.988 4012 4012 I System.out: Define your own onDestroyView
11-21 20:32:13.989 4012 4012 I System.out: Define your own onDestroyView
11-21 20:32:13.992 4012 4012 D DecorView: semSetRoundedCorners: 5
11-21 20:32:14.041 4012 4012 D DecorView: semSetRoundedCorners: 5
11-21 20:32:14.322 4012 5465 I AXL : RPC: WorldVehicleAdd
11-21 20:32:14.322 4012 5465 I AXL : [IsModelLoaded] iModelID: 400
11-21 20:32:14.322 4012 5465 I AXL : IsModelLoaded true!
11-21 20:32:14.324 4012 5465 I AXL : RPC: WorldVehicleAdd,
NewVehicle.iVehicleType: 400
11-21 20:32:14.324 4012 5465 I AXL : RPC: ScrVehicleParamsEx
11-21 20:32:14.324 4012 5465 I AXL : RPC_CUSTOM_HANDLING
11-21 20:32:14.324 4012 5465 I AXL : copy handling 0
11-21 20:32:14.325 4012 5465 I AXL : RPC_CUSTOM_VISUALS
11-21 20:32:14.325 4012 5465 I AXL : RPC_CUSTOM_BODYWORK
11-21 20:32:15.066 4012 4012 I ViewRootImpl@fb83006[GTASA]: ViewPostIme pointer 0
11-21 20:32:15.149 4012 4012 I ViewRootImpl@fb83006[GTASA]: ViewPostIme pointer 1
11-21 20:32:15.258 4012 5465 I AXL : [IsModelLoaded] iModelID: 400
11-21 20:32:15.258 4012 5465 I AXL : IsModelLoaded true!
11-21 20:32:15.261 4012 5465 I AXL : carshop_stock loaded from crime
11-21 20:32:15.261 4012 5465 I AXL : carshop_stock_text loaded from crime
11-21 20:32:15.261 4012 5465 I AXL : carshop_info_2 loaded from crime
11-21 20:32:15.261 4012 5465 I AXL : carshop_info_5 loaded from crime
11-21 20:32:15.261 4012 5465 I AXL : carshop_info_2 loaded from crime
11-21 20:32:15.261 4012 5465 I AXL : carshop_info_1 loaded from crime
11-21 20:32:15.873 4012 5465 I AXL : RPC: WorldVehicleAdd
11-21 20:32:15.873 4012 5465 I AXL : [IsModelLoaded] iModelID: 439
11-21 20:32:15.873 4012 5465 I AXL : IsModelLoaded false!
11-21 20:32:15.873 4012 5465 I AXL : Warning: car model not preloaded. 439
11-21 20:32:15.873 4012 5465 I AXL : RequestModel
11-21 20:32:15.873 4012 5465 I AXL : RequestModel done!
11-21 20:32:15.873 4012 5465 I AXL : LoadRequestedModels
11-21 20:32:15.882 4012 5465 I AXL : LoadRequestedModels done!
11-21 20:32:15.882 4012 5465 I AXL : [IsModelLoaded] iModelID: 439
11-21 20:32:15.882 4012 5465 I AXL : IsModelLoaded true!
11-21 20:32:15.882 4012 5465 I AXL : Car model was preloaded. 439
11-21 20:32:15.883 4012 5465 I AXL : RPC: WorldVehicleAdd,
NewVehicle.iVehicleType: 439
11-21 20:32:15.883 4012 5465 I AXL : RPC: ScrVehicleParamsEx
11-21 20:32:15.883 4012 5465 I AXL : RPC_CUSTOM_HANDLING
11-21 20:32:15.883 4012 5465 I AXL : copy handling 36
11-21 20:32:15.883 4012 5465 I AXL : RPC_CUSTOM_VISUALS
11-21 20:32:15.884 4012 5465 I AXL : RPC_CUSTOM_BODYWORK
11-21 20:32:16.488 4012 4012 I ViewRootImpl@fb83006[GTASA]: ViewPostIme pointer 0
11-21 20:32:16.552 4012 4012 I ViewRootImpl@fb83006[GTASA]: ViewPostIme pointer 1
11-21 20:32:16.710 4012 5465 I AXL : [IsModelLoaded] iModelID: 439
11-21 20:32:16.710 4012 5465 I AXL : IsModelLoaded true!
11-21 20:32:16.713 4012 5465 I AXL : carshop_stock loaded from crime
11-21 20:32:16.713 4012 5465 I AXL : carshop_stock_text loaded from crime
11-21 20:32:16.713 4012 5465 I AXL : carshop_info_2 loaded from crime
11-21 20:32:16.713 4012 5465 I AXL : carshop_info_5 loaded from crime
11-21 20:32:16.713 4012 5465 I AXL : carshop_info_2 loaded from crime
11-21 20:32:16.713 4012 5465 I AXL : carshop_info_1 loaded from crime
11-21 20:32:17.459 4012 5465 I AXL : RPC: WorldVehicleAdd
11-21 20:32:17.459 4012 5465 I AXL : [IsModelLoaded] iModelID: 404
11-21 20:32:17.459 4012 5465 I AXL : IsModelLoaded false!
11-21 20:32:17.459 4012 5465 I AXL : Warning: car model not preloaded. 404
11-21 20:32:17.459 4012 5465 I AXL : RequestModel
11-21 20:32:17.459 4012 5465 I AXL : RequestModel done!
11-21 20:32:17.460 4012 5465 I AXL : LoadRequestedModels
11-21 20:32:17.489 4012 5465 I AXL : LoadRequestedModels done!
11-21 20:32:17.489 4012 5465 I AXL : [IsModelLoaded] iModelID: 404
11-21 20:32:17.489 4012 5465 I AXL : IsModelLoaded true!
11-21 20:32:17.489 4012 5465 I AXL : Car model was preloaded. 404
11-21 20:32:17.491 4012 5465 I AXL : RPC: WorldVehicleAdd,
NewVehicle.iVehicleType: 404
11-21 20:32:17.491 4012 5465 I AXL : RPC: ScrVehicleParamsEx
11-21 20:32:17.491 4012 5465 I AXL : RPC_CUSTOM_HANDLING
11-21 20:32:17.491 4012 5465 I AXL : copy handling 4
11-21 20:32:17.491 4012 5465 I AXL : RPC_CUSTOM_VISUALS
11-21 20:32:17.491 4012 5465 I AXL : RPC_CUSTOM_BODYWORK
11-21 20:32:17.979 4012 4012 I ViewRootImpl@fb83006[GTASA]: ViewPostIme pointer 0
11-21 20:32:18.037 4012 4012 I ViewRootImpl@fb83006[GTASA]: ViewPostIme pointer 1
11-21 20:32:18.158 4012 5465 I AXL : [IsModelLoaded] iModelID: 404
11-21 20:32:18.158 4012 5465 I AXL : IsModelLoaded true!
11-21 20:32:18.160 4012 5465 I AXL : carshop_stock loaded from crime
11-21 20:32:18.160 4012 5465 I AXL : carshop_stock_text loaded from crime
11-21 20:32:18.160 4012 5465 I AXL : carshop_info_3 loaded from crime
11-21 20:32:18.160 4012 5465 I AXL : carshop_info_5 loaded from crime
11-21 20:32:18.160 4012 5465 I AXL : carshop_info_2 loaded from crime
11-21 20:32:18.160 4012 5465 I AXL : carshop_info_2 loaded from crime
11-21 20:32:19.090 4012 5465 I AXL : RPC: WorldVehicleAdd
11-21 20:32:19.091 4012 5465 I AXL : [IsModelLoaded] iModelID: 405
11-21 20:32:19.091 4012 5465 I AXL : IsModelLoaded false!
11-21 20:32:19.091 4012 5465 I AXL : Warning: car model not preloaded. 405
11-21 20:32:19.091 4012 5465 I AXL : RequestModel
11-21 20:32:19.091 4012 5465 I AXL : RequestModel done!
11-21 20:32:19.091 4012 5465 I AXL : LoadRequestedModels
11-21 20:32:19.095 4012 5465 I AXL : LoadRequestedModels done!
11-21 20:32:19.095 4012 5465 I AXL : [IsModelLoaded] iModelID: 405
11-21 20:32:19.095 4012 5465 I AXL : IsModelLoaded true!
11-21 20:32:19.095 4012 5465 I AXL : Car model was preloaded. 405
11-21 20:32:19.097 4012 5465 I AXL : RPC: WorldVehicleAdd,
NewVehicle.iVehicleType: 405
11-21 20:32:19.097 4012 5465 I AXL : RPC: ScrVehicleParamsEx
11-21 20:32:19.097 4012 5465 I AXL : RPC_CUSTOM_HANDLING
11-21 20:32:19.097 4012 5465 I AXL : copy handling 5
11-21 20:32:19.097 4012 5465 I AXL : RPC_CUSTOM_VISUALS
11-21 20:32:19.097 4012 5465 I AXL : RPC_CUSTOM_BODYWORK
11-21 20:32:19.754 4012 4012 I ViewRootImpl@fb83006[GTASA]: ViewPostIme pointer 0
11-21 20:32:20.218 4012 4012 I ViewRootImpl@fb83006[GTASA]: ViewPostIme pointer 1
11-21 20:32:20.357 4012 4012 I ViewRootImpl@fb83006[GTASA]: ViewPostIme pointer 0
11-21 20:32:20.439 4012 4012 I ViewRootImpl@fb83006[GTASA]: ViewPostIme pointer 1
11-21 20:32:20.544 4012 5465 I AXL : [IsModelLoaded] iModelID: 405
11-21 20:32:20.544 4012 5465 I AXL : IsModelLoaded true!
11-21 20:32:20.546 4012 5465 I AXL : carshop_stock loaded from crime
11-21 20:32:20.546 4012 5465 I AXL : carshop_stock_text loaded from crime
11-21 20:32:20.546 4012 5465 I AXL : carshop_info_2 loaded from crime
11-21 20:32:20.546 4012 5465 I AXL : carshop_info_4 loaded from crime
11-21 20:32:20.546 4012 5465 I AXL : carshop_info_2 loaded from crime
11-21 20:32:20.546 4012 5465 I AXL : carshop_info_1 loaded from crime
11-21 20:32:20.676 4012 5465 I AXL : RPC: WorldVehicleAdd
11-21 20:32:20.676 4012 5465 I AXL : [IsModelLoaded] iModelID: 412
11-21 20:32:20.676 4012 5465 I AXL : IsModelLoaded false!
11-21 20:32:20.676 4012 5465 I AXL : Warning: car model not preloaded. 412
11-21 20:32:20.676 4012 5465 I AXL : RequestModel
11-21 20:32:20.676 4012 5465 I AXL : RequestModel done!
11-21 20:32:20.676 4012 5465 I AXL : LoadRequestedModels
11-21 20:32:20.678 4012 5465 I AXL : LoadRequestedModels done!
11-21 20:32:20.678 4012 5465 I AXL : [IsModelLoaded] iModelID: 412
11-21 20:32:20.678 4012 5465 I AXL : IsModelLoaded true!
11-21 20:32:20.679 4012 5465 I AXL : Car model was preloaded. 412
11-21 20:32:20.680 4012 5465 I AXL : RPC: WorldVehicleAdd,
NewVehicle.iVehicleType: 412
11-21 20:32:20.680 4012 5465 I AXL : RPC: ScrVehicleParamsEx
11-21 20:32:20.680 4012 5465 I AXL : RPC_CUSTOM_HANDLING
11-21 20:32:20.680 4012 5465 I AXL : copy handling 12
11-21 20:32:20.680 4012 5465 I AXL : RPC_CUSTOM_VISUALS
11-21 20:32:20.680 4012 5465 I AXL : RPC_CUSTOM_BODYWORK
11-21 20:32:21.366 4012 4012 I ViewRootImpl@fb83006[GTASA]: ViewPostIme pointer 0
11-21 20:32:21.448 4012 4012 I ViewRootImpl@fb83006[GTASA]: ViewPostIme pointer 1
11-21 20:32:21.584 4012 5465 I AXL : [IsModelLoaded] iModelID: 412
11-21 20:32:21.584 4012 5465 I AXL : IsModelLoaded true!
11-21 20:32:21.586 4012 5465 I AXL : carshop_stock loaded from crime
11-21 20:32:21.587 4012 5465 I AXL : carshop_stock_text loaded from crime
11-21 20:32:21.587 4012 5465 I AXL : carshop_info_1 loaded from crime
11-21 20:32:21.587 4012 5465 I AXL : carshop_info_3 loaded from crime
11-21 20:32:21.587 4012 5465 I AXL : carshop_info_2 loaded from crime
11-21 20:32:21.587 4012 5465 I AXL : carshop_info_1 loaded from crime
11-21 20:32:21.666 4012 5465 I AXL : RPC: ScrSetPlayerColor
11-21 20:32:22.317 4012 5465 I AXL : RPC: WorldVehicleAdd
11-21 20:32:22.317 4012 5465 I AXL : [IsModelLoaded] iModelID: 420
11-21 20:32:22.317 4012 5465 I AXL : IsModelLoaded false!
11-21 20:32:22.317 4012 5465 I AXL : Warning: car model not preloaded. 420
11-21 20:32:22.317 4012 5465 I AXL : RequestModel
11-21 20:32:22.317 4012 5465 I AXL : RequestModel done!
11-21 20:32:22.317 4012 5465 I AXL : LoadRequestedModels
11-21 20:32:22.321 4012 5465 I AXL : LoadRequestedModels done!
11-21 20:32:22.321 4012 5465 I AXL : [IsModelLoaded] iModelID: 420
11-21 20:32:22.321 4012 5465 I AXL : IsModelLoaded true!
11-21 20:32:22.321 4012 5465 I AXL : Car model was preloaded. 420
11-21 20:32:22.323 4012 5465 I AXL : RPC: WorldVehicleAdd,
NewVehicle.iVehicleType: 420
11-21 20:32:22.324 4012 5465 I AXL : RPC: ScrVehicleParamsEx
11-21 20:32:22.324 4012 5465 I AXL : RPC_CUSTOM_HANDLING
11-21 20:32:22.324 4012 5465 I AXL : copy handling 19
11-21 20:32:22.324 4012 5465 I AXL : RPC_CUSTOM_VISUALS
11-21 20:32:22.324 4012 5465 I AXL : RPC_CUSTOM_BODYWORK
11-21 20:32:22.807 4012 4012 I ViewRootImpl@fb83006[GTASA]: ViewPostIme pointer 0
11-21 20:32:22.879 4012 4012 I ViewRootImpl@fb83006[GTASA]: ViewPostIme pointer 1
11-21 20:32:23.014 4012 5465 I AXL : [IsModelLoaded] iModelID: 420
11-21 20:32:23.014 4012 5465 I AXL : IsModelLoaded true!
11-21 20:32:23.017 4012 5465 I AXL : carshop_stock loaded from crime
11-21 20:32:23.017 4012 5465 I AXL : carshop_stock_text loaded from crime
11-21 20:32:23.017 4012 5465 I AXL : carshop_info_2 loaded from crime
11-21 20:32:23.017 4012 5465 I AXL : carshop_info_4 loaded from crime
11-21 20:32:23.017 4012 5465 I AXL : carshop_info_2 loaded from crime
11-21 20:32:23.017 4012 5465 I AXL : carshop_info_1 loaded from crime
11-21 20:32:23.463 4012 5465 I AXL : RPC: ScrSetVehicleZAngle
11-21 20:32:23.933 4012 5465 I AXL : RPC: WorldVehicleAdd
11-21 20:32:23.933 4012 5465 I AXL : [IsModelLoaded] iModelID: 421
11-21 20:32:23.933 4012 5465 I AXL : IsModelLoaded true!
11-21 20:32:23.935 4012 5465 I AXL : RPC: WorldVehicleAdd,
NewVehicle.iVehicleType: 421
11-21 20:32:23.935 4012 5465 I AXL : RPC: ScrVehicleParamsEx
11-21 20:32:23.935 4012 5465 I AXL : RPC_CUSTOM_HANDLING
11-21 20:32:23.935 4012 5465 I AXL : copy handling 20
11-21 20:32:23.935 4012 5465 I AXL : RPC_CUSTOM_VISUALS
11-21 20:32:23.935 4012 5465 I AXL : RPC_CUSTOM_BODYWORK
11-21 20:32:24.416 4012 4012 I ViewRootImpl@fb83006[GTASA]: ViewPostIme pointer 0
11-21 20:32:24.478 4012 4012 I ViewRootImpl@fb83006[GTASA]: ViewPostIme pointer 1
11-21 20:32:24.611 4012 5465 I AXL : [IsModelLoaded] iModelID: 421
11-21 20:32:24.611 4012 5465 I AXL : IsModelLoaded true!
11-21 20:32:24.613 4012 5465 I AXL : carshop_stock loaded from crime
11-21 20:32:24.614 4012 5465 I AXL : carshop_stock_text loaded from crime
11-21 20:32:24.614 4012 5465 I AXL : carshop_info_2 loaded from crime
11-21 20:32:24.614 4012 5465 I AXL : carshop_info_5 loaded from crime
11-21 20:32:24.614 4012 5465 I AXL : carshop_info_2 loaded from crime
11-21 20:32:24.614 4012 5465 I AXL : carshop_info_1 loaded from crime
11-21 20:32:25.544 4012 5465 I AXL : RPC: WorldVehicleAdd
11-21 20:32:25.544 4012 5465 I AXL : [IsModelLoaded] iModelID: 426
11-21 20:32:25.544 4012 5465 I AXL : IsModelLoaded false!
11-21 20:32:25.544 4012 5465 I AXL : Warning: car model not preloaded. 426
11-21 20:32:25.544 4012 5465 I AXL : RequestModel
11-21 20:32:25.544 4012 5465 I AXL : RequestModel done!
11-21 20:32:25.544 4012 5465 I AXL : LoadRequestedModels
11-21 20:32:25.549 4012 5465 I AXL : LoadRequestedModels done!
11-21 20:32:25.550 4012 5465 I AXL : [IsModelLoaded] iModelID: 426
11-21 20:32:25.550 4012 5465 I AXL : IsModelLoaded true!
11-21 20:32:25.550 4012 5465 I AXL : Car model was preloaded. 426
11-21 20:32:25.552 4012 5465 I AXL : RPC: WorldVehicleAdd,
NewVehicle.iVehicleType: 426
11-21 20:32:25.552 4012 5465 I AXL : RPC: ScrVehicleParamsEx
11-21 20:32:25.552 4012 5465 I AXL : RPC_CUSTOM_HANDLING
11-21 20:32:25.552 4012 5465 I AXL : copy handling 24
11-21 20:32:25.552 4012 5465 I AXL : RPC_CUSTOM_VISUALS
11-21 20:32:25.552 4012 5465 I AXL : RPC_CUSTOM_BODYWORK
11-21 20:32:25.915 4012 4012 I ViewRootImpl@fb83006[GTASA]: ViewPostIme pointer 0
11-21 20:32:25.983 4012 4012 I ViewRootImpl@fb83006[GTASA]: ViewPostIme pointer 1
11-21 20:32:26.126 4012 5465 I AXL : [IsModelLoaded] iModelID: 426
11-21 20:32:26.126 4012 5465 I AXL : IsModelLoaded true!
11-21 20:32:26.129 4012 5465 I AXL : carshop_stock loaded from crime
11-21 20:32:26.129 4012 5465 I AXL : carshop_stock_text loaded from crime
11-21 20:32:26.129 4012 5465 I AXL : carshop_info_3 loaded from crime
11-21 20:32:26.129 4012 5465 I AXL : carshop_info_5 loaded from crime
11-21 20:32:26.129 4012 5465 I AXL : carshop_info_3 loaded from crime
11-21 20:32:26.130 4012 5465 I AXL : carshop_info_2 loaded from crime
11-21 20:32:26.829 4012 5465 I AXL : RPC: ScrSetPlayerColor
11-21 20:32:27.063 4012 5465 I AXL : RPC: WorldVehicleAdd
11-21 20:32:27.063 4012 5465 I AXL : [IsModelLoaded] iModelID: 429
11-21 20:32:27.063 4012 5465 I AXL : IsModelLoaded false!
11-21 20:32:27.063 4012 5465 I AXL : Warning: car model not preloaded. 429
11-21 20:32:27.063 4012 5465 I AXL : RequestModel
11-21 20:32:27.063 4012 5465 I AXL : RequestModel done!
11-21 20:32:27.063 4012 5465 I AXL : LoadRequestedModels
11-21 20:32:27.090 4012 5465 I AXL : LoadRequestedModels done!
11-21 20:32:27.090 4012 5465 I AXL : [IsModelLoaded] iModelID: 429
11-21 20:32:27.090 4012 5465 I AXL : IsModelLoaded true!
11-21 20:32:27.090 4012 5465 I AXL : Car model was preloaded. 429
11-21 20:32:27.092 4012 5465 I AXL : RPC: WorldVehicleAdd,
NewVehicle.iVehicleType: 429
11-21 20:32:27.092 4012 5465 I AXL : RPC: ScrVehicleParamsEx
11-21 20:32:27.092 4012 5465 I AXL : RPC_CUSTOM_HANDLING
11-21 20:32:27.092 4012 5465 I AXL : copy handling 27
11-21 20:32:27.092 4012 5465 I AXL : RPC_CUSTOM_VISUALS
11-21 20:32:27.092 4012 5465 I AXL : RPC_CUSTOM_BODYWORK
11-21 20:32:28.002 4012 5465 I AXL : RPC: ScrSetPlayerColor
11-21 20:32:28.082 4012 4012 I ViewRootImpl@fb83006[GTASA]: ViewPostIme pointer 0
11-21 20:32:28.141 4012 4012 I ViewRootImpl@fb83006[GTASA]: ViewPostIme pointer 1
11-21 20:32:28.286 4012 5465 I AXL : [IsModelLoaded] iModelID: 429
11-21 20:32:28.286 4012 5465 I AXL : IsModelLoaded true!
11-21 20:32:28.288 4012 5465 I AXL : carshop_stock loaded from crime
11-21 20:32:28.288 4012 5465 I AXL : carshop_stock_text loaded from crime
11-21 20:32:28.288 4012 5465 I AXL : carshop_info_2 loaded from crime
11-21 20:32:28.288 4012 5465 I AXL : carshop_info_4 loaded from crime
11-21 20:32:28.288 4012 5465 I AXL : carshop_info_2 loaded from crime
11-21 20:32:28.288 4012 5465 I AXL : carshop_info_1 loaded from crime
11-21 20:32:28.668 4012 5465 I AXL : RPC: WorldVehicleAdd
11-21 20:32:28.668 4012 5465 I AXL : [IsModelLoaded] iModelID: 438
11-21 20:32:28.668 4012 5465 I AXL : IsModelLoaded true!
11-21 20:32:28.669 4012 5465 I AXL : RPC: WorldVehicleAdd,
NewVehicle.iVehicleType: 438
11-21 20:32:28.670 4012 5465 I AXL : RPC: ScrVehicleParamsEx
11-21 20:32:28.670 4012 5465 I AXL : RPC_CUSTOM_HANDLING
11-21 20:32:28.670 4012 5465 I AXL : copy handling 35
11-21 20:32:28.670 4012 5465 I AXL : RPC_CUSTOM_VISUALS
11-21 20:32:28.670 4012 5465 I AXL : RPC_CUSTOM_BODYWORK
11-21 20:32:29.303 4012 4012 I ViewRootImpl@fb83006[GTASA]: ViewPostIme pointer 0
11-21 20:32:29.350 4012 4012 I ViewRootImpl@fb83006[GTASA]: ViewPostIme pointer 1
11-21 20:32:29.453 4012 5465 I AXL : [IsModelLoaded] iModelID: 438
11-21 20:32:29.453 4012 5465 I AXL : IsModelLoaded true!
11-21 20:32:29.456 4012 5465 I AXL : carshop_stock loaded from crime
11-21 20:32:29.457 4012 5465 I AXL : carshop_stock_text loaded from crime
11-21 20:32:29.457 4012 5465 I AXL : carshop_info_2 loaded from crime
11-21 20:32:29.457 4012 5465 I AXL : carshop_info_5 loaded from crime
11-21 20:32:29.457 4012 5465 I AXL : carshop_info_2 loaded from crime
11-21 20:32:29.457 4012 5465 I AXL : carshop_info_1 loaded from crime
11-21 20:32:30.275 4012 5465 I AXL : RPC: WorldVehicleAdd
11-21 20:32:30.276 4012 5465 I AXL : [IsModelLoaded] iModelID: 604
11-21 20:32:30.276 4012 5465 I AXL : IsModelLoaded false!
11-21 20:32:30.276 4012 5465 I AXL : Warning: car model not preloaded. 604
11-21 20:32:30.276 4012 5465 I AXL : RequestModel
11-21 20:32:30.276 4012 5465 I AXL : RequestModel done!
11-21 20:32:30.276 4012 5465 I AXL : LoadRequestedModels
11-21 20:32:30.305 4012 5465 I AXL : LoadRequestedModels done!
11-21 20:32:30.305 4012 5465 I AXL : [IsModelLoaded] iModelID: 604
11-21 20:32:30.305 4012 5465 I AXL : IsModelLoaded true!
11-21 20:32:30.305 4012 5465 I AXL : Car model was preloaded. 604
11-21 20:32:30.307 4012 5465 I AXL : RPC: WorldVehicleAdd,
NewVehicle.iVehicleType: 604
11-21 20:32:30.307 4012 5465 I AXL : RPC: ScrVehicleParamsEx
11-21 20:32:30.307 4012 5465 I AXL : RPC_CUSTOM_HANDLING
11-21 20:32:30.307 4012 5465 I AXL : copy handling 52
11-21 20:32:30.307 4012 5465 I AXL : RPC_CUSTOM_VISUALS
11-21 20:32:30.307 4012 5465 I AXL : RPC_CUSTOM_BODYWORK
11-21 20:32:31.495 4012 4012 I ViewRootImpl@fb83006[GTASA]: ViewPostIme pointer 0
11-21 20:32:31.578 4012 4012 I ViewRootImpl@fb83006[GTASA]: ViewPostIme pointer 1
