11-21 20:28:55.106 4012 4012 D DecorView: semSetRoundedCorners: 5
11-21 20:28:55.124 4012 4012 D DecorView: semSetRoundedCorners: 5
11-21 20:28:55.139 4012 4012 D DecorView: semSetRoundedCorners: 5
11-21 20:28:55.152 4012 4012 D DecorView: semSetRoundedCorners: 5
11-21 20:28:55.173 4012 5465 I AXL : RPC: ScrVehicleParamsEx
11-21 20:28:55.175 4012 4012 D DecorView: semSetRoundedCorners: 5
11-21 20:28:55.186 4012 4012 D DecorView: semSetRoundedCorners: 5
11-21 20:28:55.204 4012 4012 D DecorView: semSetRoundedCorners: 5
11-21 20:28:55.227 4012 4012 D DecorView: semSetRoundedCorners: 5
11-21 20:28:55.242 4012 4012 D DecorView: semSetRoundedCorners: 5
11-21 20:28:55.259 4012 4012 D DecorView: semSetRoundedCorners: 5
11-21 20:28:55.275 4012 4012 D DecorView: semSetRoundedCorners: 5
11-21 20:28:55.291 4012 4012 D DecorView: semSetRoundedCorners: 5
11-21 20:28:55.308 4012 4012 D DecorView: semSetRoundedCorners: 5
11-21 20:28:55.325 4012 4012 D DecorView: semSetRoundedCorners: 5
11-21 20:28:55.342 4012 4012 D DecorView: semSetRoundedCorners: 5
11-21 20:28:55.359 4012 4012 D DecorView: semSetRoundedCorners: 5
11-21 20:28:55.376 4012 4012 D DecorView: semSetRoundedCorners: 5
11-21 20:28:55.392 4012 4012 D DecorView: semSetRoundedCorners: 5
11-21 20:28:55.400 4012 4012 I ViewRootImpl@fb83006[GTASA]: ViewPostIme pointer 0
11-21 20:28:55.408 4012 4012 D DecorView: semSetRoundedCorners: 5
11-21 20:28:55.423 4012 4012 D DecorView: semSetRoundedCorners: 5
11-21 20:28:55.439 4012 4012 D DecorView: semSetRoundedCorners: 5
11-21 20:28:55.456 4012 4012 D DecorView: semSetRoundedCorners: 5
11-21 20:28:55.473 4012 4012 D DecorView: semSetRoundedCorners: 5
11-21 20:28:55.489 4012 4012 D DecorView: semSetRoundedCorners: 5
11-21 20:28:55.495 4012 4012 I ViewRootImpl@fb83006[GTASA]: ViewPostIme pointer 1
11-21 20:28:55.505 4012 4012 D DecorView: semSetRoundedCorners: 5
11-21 20:28:55.522 4012 4012 D DecorView: semSetRoundedCorners: 5
11-21 20:28:55.538 4012 4012 D DecorView: semSetRoundedCorners: 5
11-21 20:28:55.555 4012 4012 D DecorView: semSetRoundedCorners: 5
11-21 20:28:55.572 4012 4012 D DecorView: semSetRoundedCorners: 5
11-21 20:28:55.589 4012 4012 D DecorView: semSetRoundedCorners: 5
11-21 20:28:55.606 4012 4012 D DecorView: semSetRoundedCorners: 5
11-21 20:28:55.624 4012 4012 D DecorView: semSetRoundedCorners: 5
11-21 20:28:55.639 4012 4012 D DecorView: semSetRoundedCorners: 5
11-21 20:28:55.657 4012 4012 D DecorView: semSetRoundedCorners: 5
11-21 20:28:55.671 4012 4012 D DecorView: semSetRoundedCorners: 5
11-21 20:28:55.688 4012 4012 D DecorView: semSetRoundedCorners: 5
11-21 20:28:55.706 4012 4012 D DecorView: semSetRoundedCorners: 5
11-21 20:28:55.723 4012 4012 D DecorView: semSetRoundedCorners: 5
11-21 20:28:55.738 4012 4012 D DecorView: semSetRoundedCorners: 5
11-21 20:28:55.755 4012 4012 D DecorView: semSetRoundedCorners: 5
11-21 20:28:55.772 4012 4012 D DecorView: semSetRoundedCorners: 5
11-21 20:28:55.788 4012 4012 D DecorView: semSetRoundedCorners: 5
11-21 20:28:55.806 4012 4012 D DecorView: semSetRoundedCorners: 5
11-21 20:28:55.825 4012 4012 D DecorView: semSetRoundedCorners: 5
11-21 20:28:55.839 4012 4012 D DecorView: semSetRoundedCorners: 5
11-21 20:28:55.855 4012 4012 D DecorView: semSetRoundedCorners: 5
11-21 20:28:55.872 4012 4012 D DecorView: semSetRoundedCorners: 5
11-21 20:28:55.888 4012 4012 D DecorView: semSetRoundedCorners: 5
11-21 20:28:55.906 4012 4012 D DecorView: semSetRoundedCorners: 5
11-21 20:28:55.924 4012 4012 D DecorView: semSetRoundedCorners: 5
11-21 20:28:55.939 4012 4012 D DecorView: semSetRoundedCorners: 5
11-21 20:28:55.944 4012 4012 I ViewRootImpl@fb83006[GTASA]: ViewPostIme pointer 0
11-21 20:28:55.956 4012 4012 D DecorView: semSetRoundedCorners: 5
11-21 20:28:55.974 4012 4012 D DecorView: semSetRoundedCorners: 5
11-21 20:28:56.012 4012 4012 D DecorView: semSetRoundedCorners: 5
11-21 20:28:56.027 4012 4012 D DecorView: semSetRoundedCorners: 5
11-21 20:28:56.045 4012 4012 D DecorView: semSetRoundedCorners: 5
11-21 20:28:56.063 4012 4012 D DecorView: semSetRoundedCorners: 5
11-21 20:28:56.074 4012 4012 D DecorView: semSetRoundedCorners: 5
11-21 20:28:56.093 4012 4012 D DecorView: semSetRoundedCorners: 5
11-21 20:28:56.109 4012 4012 D DecorView: semSetRoundedCorners: 5
11-21 20:28:56.127 4012 4012 D DecorView: semSetRoundedCorners: 5
11-21 20:28:56.144 4012 4012 D DecorView: semSetRoundedCorners: 5
11-21 20:28:56.161 4012 4012 D DecorView: semSetRoundedCorners: 5
11-21 20:28:56.174 4012 4012 D DecorView: semSetRoundedCorners: 5
11-21 20:28:56.214 4012 4012 D DecorView: semSetRoundedCorners: 5
11-21 20:28:56.225 4012 4012 D DecorView: semSetRoundedCorners: 5
11-21 20:28:56.246 4012 4012 D DecorView: semSetRoundedCorners: 5
11-21 20:28:56.261 4012 4012 D DecorView: semSetRoundedCorners: 5
11-21 20:28:56.278 4012 4012 D DecorView: semSetRoundedCorners: 5
11-21 20:28:56.295 4012 4012 D DecorView: semSetRoundedCorners: 5
11-21 20:28:56.310 4012 4012 D DecorView: semSetRoundedCorners: 5
11-21 20:28:56.330 4012 4012 D DecorView: semSetRoundedCorners: 5
11-21 20:28:56.345 4012 4012 D DecorView: semSetRoundedCorners: 5
11-21 20:28:56.362 4012 4012 D DecorView: semSetRoundedCorners: 5
11-21 20:28:56.375 4012 4012 D DecorView: semSetRoundedCorners: 5
11-21 20:28:56.391 4012 4012 D DecorView: semSetRoundedCorners: 5
11-21 20:28:56.408 4012 4012 D DecorView: semSetRoundedCorners: 5
11-21 20:28:56.426 4012 4012 D DecorView: semSetRoundedCorners: 5
11-21 20:28:56.441 4012 4012 D DecorView: semSetRoundedCorners: 5
11-21 20:28:56.459 4012 4012 D DecorView: semSetRoundedCorners: 5
11-21 20:28:56.475 4012 4012 D DecorView: semSetRoundedCorners: 5
11-21 20:28:56.491 4012 4012 D DecorView: semSetRoundedCorners: 5
11-21 20:28:56.508 4012 4012 D DecorView: semSetRoundedCorners: 5
11-21 20:28:56.525 4012 4012 D DecorView: semSetRoundedCorners: 5
11-21 20:28:56.561 4012 4012 D DecorView: semSetRoundedCorners: 5
11-21 20:28:56.581 4012 4012 D DecorView: semSetRoundedCorners: 5
11-21 20:28:56.592 4012 4012 D DecorView: semSetRoundedCorners: 5
11-21 20:28:56.610 4012 4012 D DecorView: semSetRoundedCorners: 5
11-21 20:28:56.626 4012 4012 D DecorView: semSetRoundedCorners: 5
11-21 20:28:56.635 4012 5465 I AXL : RPC: ScrSetPlayerColor
11-21 20:28:56.644 4012 4012 D DecorView: semSetRoundedCorners: 5
11-21 20:28:56.658 4012 4012 D DecorView: semSetRoundedCorners: 5
11-21 20:28:56.662 4012 4012 I ViewRootImpl@fb83006[GTASA]: ViewPostIme pointer 1
11-21 20:28:56.674 4012 4012 D DecorView: semSetRoundedCorners: 5
11-21 20:28:56.691 4012 4012 D DecorView: semSetRoundedCorners: 5
11-21 20:28:56.708 4012 4012 D DecorView: semSetRoundedCorners: 5
11-21 20:28:56.724 4012 4012 D DecorView: semSetRoundedCorners: 5
11-21 20:28:56.737 4012 5465 I AXL : RPC: ScrSetPlayerColor
11-21 20:28:56.737 4012 5465 I AXL : RPC: ScrSetPlayerColor
11-21 20:28:56.743 4012 4012 D DecorView: semSetRoundedCorners: 5
11-21 20:28:56.758 4012 4012 D DecorView: semSetRoundedCorners: 5
11-21 20:28:56.775 4012 4012 D DecorView: semSetRoundedCorners: 5
11-21 20:28:56.792 4012 4012 D DecorView: semSetRoundedCorners: 5
11-21 20:28:56.808 4012 4012 D DecorView: semSetRoundedCorners: 5
11-21 20:28:56.825 4012 4012 D DecorView: semSetRoundedCorners: 5
11-21 20:28:56.843 4012 4012 D DecorView: semSetRoundedCorners: 5
11-21 20:28:56.862 4012 4012 D DecorView: semSetRoundedCorners: 5
11-21 20:28:56.864 4012 4012 I ViewRootImpl@fb83006[GTASA]: ViewPostIme pointer 0
11-21 20:28:56.876 4012 4012 D DecorView: semSetRoundedCorners: 5
11-21 20:28:56.894 4012 4012 D DecorView: semSetRoundedCorners: 5
11-21 20:28:56.913 4012 4012 D DecorView: semSetRoundedCorners: 5
11-21 20:28:56.929 4012 4012 D DecorView: semSetRoundedCorners: 5
11-21 20:28:56.946 4012 4012 D DecorView: semSetRoundedCorners: 5
11-21 20:28:56.954 4012 4012 I ViewRootImpl@fb83006[GTASA]: ViewPostIme pointer 1
11-21 20:28:56.964 4012 4012 D DecorView: semSetRoundedCorners: 5
11-21 20:28:56.978 4012 4012 D DecorView: semSetRoundedCorners: 5
11-21 20:28:56.995 4012 4012 D DecorView: semSetRoundedCorners: 5
11-21 20:28:57.012 4012 4012 D DecorView: semSetRoundedCorners: 5
11-21 20:28:57.029 4012 4012 D DecorView: semSetRoundedCorners: 5
11-21 20:28:57.048 4012 4012 D DecorView: semSetRoundedCorners: 5
11-21 20:28:57.064 4012 4012 D DecorView: semSetRoundedCorners: 5
11-21 20:28:57.079 4012 4012 D DecorView: semSetRoundedCorners: 5
11-21 20:28:57.098 4012 4012 D DecorView: semSetRoundedCorners: 5
11-21 20:28:57.130 4012 4012 D DecorView: semSetRoundedCorners: 5
11-21 20:28:57.151 4012 4012 D DecorView: semSetRoundedCorners: 5
11-21 20:28:57.162 4012 4012 D DecorView: semSetRoundedCorners: 5
11-21 20:28:57.197 4012 4012 D DecorView: semSetRoundedCorners: 5
11-21 20:28:57.215 4012 4012 D DecorView: semSetRoundedCorners: 5
11-21 20:28:57.231 4012 4012 D DecorView: semSetRoundedCorners: 5
11-21 20:28:57.247 4012 4012 D DecorView: semSetRoundedCorners: 5
11-21 20:28:57.265 4012 4012 D DecorView: semSetRoundedCorners: 5
11-21 20:28:57.282 4012 4012 D DecorView: semSetRoundedCorners: 5
11-21 20:28:57.299 4012 4012 D DecorView: semSetRoundedCorners: 5
11-21 20:28:57.316 4012 4012 D DecorView: semSetRoundedCorners: 5
11-21 20:28:57.332 4012 4012 D DecorView: semSetRoundedCorners: 5
11-21 20:28:57.348 4012 4012 D DecorView: semSetRoundedCorners: 5
11-21 20:28:57.382 4012 4012 D DecorView: semSetRoundedCorners: 5
11-21 20:28:57.399 4012 4012 D DecorView: semSetRoundedCorners: 5
11-21 20:28:57.416 4012 4012 D DecorView: semSetRoundedCorners: 5
11-21 20:28:57.432 4012 4012 D DecorView: semSetRoundedCorners: 5
11-21 20:28:57.465 4012 4012 D DecorView: semSetRoundedCorners: 5
11-21 20:28:57.483 4012 4012 D DecorView: semSetRoundedCorners: 5
11-21 20:28:57.502 4012 4012 D DecorView: semSetRoundedCorners: 5
11-21 20:28:57.521 4012 4012 D DecorView: semSetRoundedCorners: 5
11-21 20:28:57.533 4012 4012 D DecorView: semSetRoundedCorners: 5
11-21 20:28:57.550 4012 4012 D DecorView: semSetRoundedCorners: 5
11-21 20:28:57.582 4012 4012 D DecorView: semSetRoundedCorners: 5
11-21 20:28:57.599 4012 4012 D DecorView: semSetRoundedCorners: 5
11-21 20:28:57.615 4012 4012 D DecorView: semSetRoundedCorners: 5
11-21 20:28:57.616 4012 4012 I ViewRootImpl@fb83006[GTASA]: ViewPostIme pointer 0
11-21 20:28:57.628 4012 4012 D DecorView: semSetRoundedCorners: 5
11-21 20:28:57.649 4012 4012 D DecorView: semSetRoundedCorners: 5
11-21 20:28:57.665 4012 4012 D DecorView: semSetRoundedCorners: 5
11-21 20:28:57.682 4012 4012 D DecorView: semSetRoundedCorners: 5
11-21 20:28:57.684 4012 4012 I ViewRootImpl@fb83006[GTASA]: ViewPostIme pointer 1
11-21 20:28:57.697 4012 4012 D DecorView: semSetRoundedCorners: 5
11-21 20:28:57.711 4012 4012 D DecorView: semSetRoundedCorners: 5
11-21 20:28:57.728 4012 4012 D DecorView: semSetRoundedCorners: 5
11-21 20:28:57.747 4012 4012 D DecorView: semSetRoundedCorners: 5
11-21 20:28:57.755 4012 5465 I AXL : RPC: ScrSetPlayerColor
11-21 20:28:57.765 4012 4012 D DecorView: semSetRoundedCorners: 5
11-21 20:28:57.782 4012 4012 D DecorView: semSetRoundedCorners: 5
11-21 20:28:57.797 4012 4012 D DecorView: semSetRoundedCorners: 5
11-21 20:28:57.814 4012 4012 D DecorView: semSetRoundedCorners: 5
11-21 20:28:57.830 4012 4012 D DecorView: semSetRoundedCorners: 5
11-21 20:28:57.847 4012 4012 D DecorView: semSetRoundedCorners: 5
11-21 20:28:57.863 4012 5465 I AXL : RPC: WorldVehicleAdd
11-21 20:28:57.863 4012 5465 I AXL : [IsModelLoaded] iModelID: 3241
11-21 20:28:57.863 4012 5465 I AXL : IsModelLoaded true!
11-21 20:28:57.864 4012 5465 I AXL : RPC: WorldVehicleAdd,
NewVehicle.iVehicleType: 3241
11-21 20:28:57.864 4012 5465 I AXL : RPC: ScrNumberPlate
11-21 20:28:57.864 4012 5465 I AXL : RPC: ScrVehicleParamsEx
11-21 20:28:57.864 4012 5465 I AXL : RPC_CUSTOM_HANDLING
11-21 20:28:57.864 4012 5465 I AXL : copy handling 135
11-21 20:28:57.864 4012 5465 I AXL : RPC_CUSTOM_VISUALS
11-21 20:28:57.864 4012 5465 I AXL : RPC_CUSTOM_BODYWORK
11-21 20:28:57.864 4012 5465 I AXL : [IsModelLoaded] iModelID: 119
11-21 20:28:57.864 4012 5465 I AXL : IsModelLoaded true!
11-21 20:28:57.864 4012 4012 D DecorView: semSetRoundedCorners: 5
11-21 20:28:57.896 4012 4012 D DecorView: semSetRoundedCorners: 5
11-21 20:28:57.917 4012 4012 D DecorView: semSetRoundedCorners: 5
11-21 20:28:57.929 4012 4012 D DecorView: semSetRoundedCorners: 5
11-21 20:28:57.946 4012 4012 D DecorView: semSetRoundedCorners: 5
11-21 20:28:57.957 4012 4012 I ViewRootImpl@fb83006[GTASA]: ViewPostIme pointer 0
11-21 20:28:57.962 4012 4012 D DecorView: semSetRoundedCorners: 5
11-21 20:28:57.982 4012 4012 D DecorView: semSetRoundedCorners: 5
11-21 20:28:57.996 4012 4012 D DecorView: semSetRoundedCorners: 5
11-21 20:28:58.009 4012 5465 I AXL : RPC: ScrVehicleParamsEx
11-21 20:28:58.013 4012 4012 D DecorView: semSetRoundedCorners: 5
11-21 20:28:58.031 4012 4012 D DecorView: semSetRoundedCorners: 5
11-21 20:28:58.047 4012 4012 D DecorView: semSetRoundedCorners: 5
11-21 20:28:58.067 4012 4012 D DecorView: semSetRoundedCorners: 5
11-21 20:28:58.082 4012 4012 D DecorView: semSetRoundedCorners: 5
11-21 20:28:58.097 4012 4012 D DecorView: semSetRoundedCorners: 5
11-21 20:28:58.115 4012 4012 D DecorView: semSetRoundedCorners: 5
11-21 20:28:58.131 4012 4012 D DecorView: semSetRoundedCorners: 5
11-21 20:28:58.149 4012 4012 D DecorView: semSetRoundedCorners: 5
11-21 20:28:58.166 4012 4012 D DecorView: semSetRoundedCorners: 5
11-21 20:28:58.183 4012 4012 D DecorView: semSetRoundedCorners: 5
11-21 20:28:58.199 4012 4012 D DecorView: semSetRoundedCorners: 5
11-21 20:28:58.215 4012 4012 D DecorView: semSetRoundedCorners: 5
11-21 20:28:58.232 4012 4012 D DecorView: semSetRoundedCorners: 5
11-21 20:28:58.249 4012 4012 D DecorView: semSetRoundedCorners: 5
11-21 20:28:58.267 4012 4012 D DecorView: semSetRoundedCorners: 5
11-21 20:28:58.284 4012 4012 D DecorView: semSetRoundedCorners: 5
11-21 20:28:58.299 4012 4012 D DecorView: semSetRoundedCorners: 5
11-21 20:28:58.316 4012 4012 D DecorView: semSetRoundedCorners: 5
11-21 20:28:58.333 4012 4012 D DecorView: semSetRoundedCorners: 5
11-21 20:28:58.350 4012 4012 D DecorView: semSetRoundedCorners: 5
11-21 20:28:58.385 4012 4012 D DecorView: semSetRoundedCorners: 5
11-21 20:28:58.402 4012 4012 D DecorView: semSetRoundedCorners: 5
11-21 20:28:58.418 4012 4012 D DecorView: semSetRoundedCorners: 5
11-21 20:28:58.434 4012 4012 D DecorView: semSetRoundedCorners: 5
11-21 20:28:58.452 4012 4012 D DecorView: semSetRoundedCorners: 5
11-21 20:28:58.468 4012 4012 D DecorView: semSetRoundedCorners: 5
11-21 20:28:58.500 4012 4012 D DecorView: semSetRoundedCorners: 5
11-21 20:28:58.518 4012 4012 D DecorView: semSetRoundedCorners: 5
11-21 20:28:58.534 4012 4012 D DecorView: semSetRoundedCorners: 5
11-21 20:28:58.551 4012 4012 D DecorView: semSetRoundedCorners: 5
11-21 20:28:58.585 4012 4012 D DecorView: semSetRoundedCorners: 5
11-21 20:28:58.604 4012 4012 D DecorView: semSetRoundedCorners: 5
11-21 20:28:58.621 4012 4012 D DecorView: semSetRoundedCorners: 5
11-21 20:28:58.636 4012 4012 D DecorView: semSetRoundedCorners: 5
11-21 20:28:58.650 4012 4012 D DecorView: semSetRoundedCorners: 5
11-21 20:28:58.666 4012 4012 D DecorView: semSetRoundedCorners: 5
11-21 20:28:58.684 4012 4012 D DecorView: semSetRoundedCorners: 5
11-21 20:28:58.706 4012 4012 D DecorView: semSetRoundedCorners: 5
11-21 20:28:58.720 4012 4012 D DecorView: semSetRoundedCorners: 5
11-21 20:28:58.734 4012 4012 D DecorView: semSetRoundedCorners: 5
11-21 20:28:58.753 4012 4012 D DecorView: semSetRoundedCorners: 5
11-21 20:28:58.767 4012 4012 D DecorView: semSetRoundedCorners: 5
11-21 20:28:58.783 4012 4012 D DecorView: semSetRoundedCorners: 5
11-21 20:28:58.801 4012 4012 D DecorView: semSetRoundedCorners: 5
11-21 20:28:58.816 4012 4012 D DecorView: semSetRoundedCorners: 5
11-21 20:28:58.833 4012 4012 D DecorView: semSetRoundedCorners: 5
11-21 20:28:58.853 4012 4012 D DecorView: semSetRoundedCorners: 5
11-21 20:28:58.869 4012 4012 D DecorView: semSetRoundedCorners: 5
11-21 20:28:58.887 4012 4012 D DecorView: semSetRoundedCorners: 5
11-21 20:28:58.903 4012 4012 D DecorView: semSetRoundedCorners: 5
11-21 20:28:58.934 4012 4012 D DecorView: semSetRoundedCorners: 5
11-21 20:28:58.956 4012 4012 D DecorView: semSetRoundedCorners: 5
11-21 20:28:58.969 4012 4012 D DecorView: semSetRoundedCorners: 5
11-21 20:28:58.986 4012 4012 D DecorView: semSetRoundedCorners: 5
11-21 20:28:59.002 4012 4012 D DecorView: semSetRoundedCorners: 5
11-21 20:28:59.017 4012 4012 D DecorView: semSetRoundedCorners: 5
11-21 20:28:59.034 4012 4012 D DecorView: semSetRoundedCorners: 5
11-21 20:28:59.051 4012 4012 D DecorView: semSetRoundedCorners: 5
11-21 20:28:59.069 4012 4012 D DecorView: semSetRoundedCorners: 5
11-21 20:28:59.086 4012 4012 D DecorView: semSetRoundedCorners: 5
11-21 20:28:59.103 4012 4012 D DecorView: semSetRoundedCorners: 5
11-21 20:28:59.118 4012 4012 D DecorView: semSetRoundedCorners: 5
11-21 20:28:59.134 4012 4012 D DecorView: semSetRoundedCorners: 5
11-21 20:28:59.147 4012 5465 I AXL : RPC: ScrSetPlayerColor
11-21 20:28:59.147 4012 5465 I AXL : RPC: ScrSetPlayerColor
11-21 20:28:59.150 4012 4012 D DecorView: semSetRoundedCorners: 5
11-21 20:28:59.189 4012 4012 D DecorView: semSetRoundedCorners: 5
11-21 20:28:59.203 4012 4012 D DecorView: semSetRoundedCorners: 5
11-21 20:28:59.217 4012 4012 D DecorView: semSetRoundedCorners: 5
11-21 20:28:59.235 4012 4012 D DecorView: semSetRoundedCorners: 5
11-21 20:28:59.247 4012 5465 I AXL : RPC: ScrSetPlayerColor
11-21 20:28:59.251 4012 4012 D DecorView: semSetRoundedCorners: 5
11-21 20:28:59.270 4012 4012 D DecorView: semSetRoundedCorners: 5
11-21 20:28:59.288 4012 4012 D DecorView: semSetRoundedCorners: 5
11-21 20:28:59.303 4012 4012 D DecorView: semSetRoundedCorners: 5
11-21 20:28:59.339 4012 4012 D DecorView: semSetRoundedCorners: 5
11-21 20:28:59.356 4012 4012 D DecorView: semSetRoundedCorners: 5
11-21 20:28:59.369 4012 4012 D DecorView: semSetRoundedCorners: 5
11-21 20:28:59.391 4012 4012 D DecorView: semSetRoundedCorners: 5
11-21 20:28:59.408 4012 4012 D DecorView: semSetRoundedCorners: 5
11-21 20:28:59.423 4012 4012 D DecorView: semSetRoundedCorners: 5
11-21 20:28:59.440 4012 4012 D DecorView: semSetRoundedCorners: 5
11-21 20:28:59.454 4012 4012 D DecorView: semSetRoundedCorners: 5
11-21 20:28:59.469 4012 4012 D DecorView: semSetRoundedCorners: 5
11-21 20:28:59.487 4012 4012 D DecorView: semSetRoundedCorners: 5
11-21 20:28:59.504 4012 4012 D DecorView: semSetRoundedCorners: 5
11-21 20:28:59.519 4012 4012 D DecorView: semSetRoundedCorners: 5
11-21 20:28:59.536 4012 4012 D DecorView: semSetRoundedCorners: 5
11-21 20:28:59.553 4012 4012 D DecorView: semSetRoundedCorners: 5
11-21 20:28:59.571 4012 4012 D DecorView: semSetRoundedCorners: 5
11-21 20:28:59.587 4012 4012 D DecorView: semSetRoundedCorners: 5
11-21 20:28:59.605 4012 4012 D DecorView: semSetRoundedCorners: 5
11-21 20:28:59.621 4012 4012 D DecorView: semSetRoundedCorners: 5
11-21 20:28:59.657 4012 4012 D DecorView: semSetRoundedCorners: 5
11-21 20:28:59.673 4012 4012 D DecorView: semSetRoundedCorners: 5
11-21 20:28:59.689 4012 4012 D DecorView: semSetRoundedCorners: 5
11-21 20:28:59.709 4012 4012 D DecorView: semSetRoundedCorners: 5
11-21 20:28:59.724 4012 4012 D DecorView: semSetRoundedCorners: 5
11-21 20:28:59.741 4012 4012 D DecorView: semSetRoundedCorners: 5
11-21 20:28:59.759 4012 4012 D DecorView: semSetRoundedCorners: 5
11-21 20:28:59.770 4012 4012 D DecorView: semSetRoundedCorners: 5
11-21 20:28:59.786 4012 4012 D DecorView: semSetRoundedCorners: 5
11-21 20:28:59.806 4012 4012 D DecorView: semSetRoundedCorners: 5
11-21 20:28:59.822 4012 4012 D DecorView: semSetRoundedCorners: 5
11-21 20:28:59.836 4012 4012 D DecorView: semSetRoundedCorners: 5
11-21 20:28:59.854 4012 4012 D DecorView: semSetRoundedCorners: 5
11-21 20:28:59.869 4012 4012 D DecorView: semSetRoundedCorners: 5
11-21 20:28:59.878 4012 4012 I ViewRootImpl@fb83006[GTASA]: ViewPostIme pointer 1
11-21 20:28:59.887 4012 4012 D DecorView: semSetRoundedCorners: 5
11-21 20:28:59.904 4012 4012 D DecorView: semSetRoundedCorners: 5
11-21 20:28:59.921 4012 4012 D DecorView: semSetRoundedCorners: 5
11-21 20:28:59.936 4012 4012 D DecorView: semSetRoundedCorners: 5
11-21 20:28:59.953 4012 4012 D DecorView: semSetRoundedCorners: 5
11-21 20:28:59.969 4012 4012 D DecorView: semSetRoundedCorners: 5
11-21 20:28:59.987 4012 4012 D DecorView: semSetRoundedCorners: 5
11-21 20:29:00.006 4012 4012 D DecorView: semSetRoundedCorners: 5
11-21 20:29:00.039 4012 4012 D DecorView: semSetRoundedCorners: 5
11-21 20:29:00.054 4012 4012 D DecorView: semSetRoundedCorners: 5
11-21 20:29:00.074 4012 4012 D DecorView: semSetRoundedCorners: 5
11-21 20:29:00.086 4012 4012 D DecorView: semSetRoundedCorners: 5
11-21 20:29:00.123 4012 4012 D DecorView: semSetRoundedCorners: 5
11-21 20:29:00.141 4012 4012 D DecorView: semSetRoundedCorners: 5
11-21 20:29:00.156 4012 4012 D DecorView: semSetRoundedCorners: 5
11-21 20:29:00.173 4012 4012 D DecorView: semSetRoundedCorners: 5
11-21 20:29:00.190 4012 4012 D DecorView: semSetRoundedCorners: 5
11-21 20:29:00.207 4012 4012 D DecorView: semSetRoundedCorners: 5
11-21 20:29:00.223 4012 4012 D DecorView: semSetRoundedCorners: 5
11-21 20:29:00.241 4012 4012 D DecorView: semSetRoundedCorners: 5
11-21 20:29:00.249 4012 4012 I ViewRootImpl@fb83006[GTASA]: ViewPostIme pointer 0
11-21 20:29:00.259 4012 4012 D DecorView: semSetRoundedCorners: 5
11-21 20:29:00.275 4012 4012 D DecorView: semSetRoundedCorners: 5
11-21 20:29:00.292 4012 4012 D DecorView: semSetRoundedCorners: 5
11-21 20:29:00.310 4012 4012 D DecorView: semSetRoundedCorners: 5
11-21 20:29:00.326 4012 4012 D DecorView: semSetRoundedCorners: 5
11-21 20:29:00.358 4012 4012 D DecorView: semSetRoundedCorners: 5
11-21 20:29:00.377 4012 4012 D DecorView: semSetRoundedCorners: 5
11-21 20:29:00.391 4012 4012 D DecorView: semSetRoundedCorners: 5
11-21 20:29:00.406 4012 4012 D DecorView: semSetRoundedCorners: 5
11-21 20:29:00.424 4012 4012 D DecorView: semSetRoundedCorners: 5
11-21 20:29:00.441 4012 4012 D DecorView: semSetRoundedCorners: 5
11-21 20:29:00.455 4012 4012 D DecorView: semSetRoundedCorners: 5
11-21 20:29:00.474 4012 4012 D DecorView: semSetRoundedCorners: 5
11-21 20:29:00.490 4012 4012 D DecorView: semSetRoundedCorners: 5
11-21 20:29:00.509 4012 4012 D DecorView: semSetRoundedCorners: 5
11-21 20:29:00.525 4012 4012 D DecorView: semSetRoundedCorners: 5
11-21 20:29:00.541 4012 4012 D DecorView: semSetRoundedCorners: 5
11-21 20:29:00.560 4012 4012 D DecorView: semSetRoundedCorners: 5
11-21 20:29:00.590 4012 4012 D DecorView: semSetRoundedCorners: 5
11-21 20:29:00.609 4012 4012 D DecorView: semSetRoundedCorners: 5
11-21 20:29:00.626 4012 4012 D DecorView: semSetRoundedCorners: 5
11-21 20:29:00.644 4012 4012 D DecorView: semSetRoundedCorners: 5
11-21 20:29:00.659 4012 4012 D DecorView: semSetRoundedCorners: 5
11-21 20:29:00.675 4012 4012 D DecorView: semSetRoundedCorners: 5
11-21 20:29:00.692 4012 4012 D DecorView: semSetRoundedCorners: 5
11-21 20:29:00.699 4012 4012 I ViewRootImpl@fb83006[GTASA]: ViewPostIme pointer 1
11-21 20:29:00.709 4012 4012 D DecorView: semSetRoundedCorners: 5
11-21 20:29:00.726 4012 4012 D DecorView: semSetRoundedCorners: 5
11-21 20:29:00.744 4012 4012 D DecorView: semSetRoundedCorners: 5
11-21 20:29:00.763 4012 4012 D DecorView: semSetRoundedCorners: 5
11-21 20:29:00.777 4012 4012 D DecorView: semSetRoundedCorners: 5
11-21 20:29:00.794 4012 4012 D DecorView: semSetRoundedCorners: 5
11-21 20:29:00.810 4012 4012 D DecorView: semSetRoundedCorners: 5
11-21 20:29:00.829 4012 4012 D DecorView: semSetRoundedCorners: 5
11-21 20:29:00.847 4012 4012 D DecorView: semSetRoundedCorners: 5
11-21 20:29:00.860 4012 4012 D DecorView: semSetRoundedCorners: 5
11-21 20:29:00.894 4012 4012 D DecorView: semSetRoundedCorners: 5
11-21 20:29:00.916 4012 4012 D DecorView: semSetRoundedCorners: 5
11-21 20:29:00.929 4012 4012 D DecorView: semSetRoundedCorners: 5
11-21 20:29:00.962 4012 4012 D DecorView: semSetRoundedCorners: 5
11-21 20:29:00.979 4012 4012 D DecorView: semSetRoundedCorners: 5
11-21 20:29:00.995 4012 4012 D DecorView: semSetRoundedCorners: 5
11-21 20:29:01.013 4012 4012 D DecorView: semSetRoundedCorners: 5
11-21 20:29:01.024 4012 4012 D DecorView: semSetRoundedCorners: 5
11-21 20:29:01.046 4012 4012 D DecorView: semSetRoundedCorners: 5
11-21 20:29:01.062 4012 4012 D DecorView: semSetRoundedCorners: 5
11-21 20:29:01.081 4012 4012 D DecorView: semSetRoundedCorners: 5
11-21 20:29:01.090 4012 4012 D DecorView: semSetRoundedCorners: 5
11-21 20:29:01.107 4012 4012 D DecorView: semSetRoundedCorners: 5
11-21 20:29:01.129 4012 4012 D DecorView: semSetRoundedCorners: 5
11-21 20:29:01.132 4012 4012 I ViewRootImpl@fb83006[GTASA]: ViewPostIme pointer 0
11-21 20:29:01.147 4012 4012 D DecorView: semSetRoundedCorners: 5
11-21 20:29:01.158 4012 4012 D DecorView: semSetRoundedCorners: 5
11-21 20:29:01.170 4012 5465 I AXL : RPC: ScrVehicleParamsEx
11-21 20:29:01.175 4012 4012 D DecorView: semSetRoundedCorners: 5
11-21 20:29:01.192 4012 4012 D DecorView: semSetRoundedCorners: 5
11-21 20:29:01.208 4012 4012 D DecorView: semSetRoundedCorners: 5
11-21 20:29:01.225 4012 4012 D DecorView: semSetRoundedCorners: 5
11-21 20:29:01.244 4012 4012 D DecorView: semSetRoundedCorners: 5
11-21 20:29:01.259 4012 4012 D DecorView: semSetRoundedCorners: 5
11-21 20:29:01.276 4012 4012 D DecorView: semSetRoundedCorners: 5
11-21 20:29:01.295 4012 4012 D DecorView: semSetRoundedCorners: 5
11-21 20:29:01.312 4012 4012 D DecorView: semSetRoundedCorners: 5
11-21 20:29:01.344 4012 4012 D DecorView: semSetRoundedCorners: 5
11-21 20:29:01.364 4012 4012 D DecorView: semSetRoundedCorners: 5
11-21 20:29:01.376 4012 4012 D DecorView: semSetRoundedCorners: 5
11-21 20:29:01.397 4012 4012 D DecorView: semSetRoundedCorners: 5
11-21 20:29:01.414 4012 4012 D DecorView: semSetRoundedCorners: 5
11-21 20:29:01.430 4012 4012 D DecorView: semSetRoundedCorners: 5
11-21 20:29:01.450 4012 4012 D DecorView: semSetRoundedCorners: 5
11-21 20:29:01.463 4012 4012 D DecorView: semSetRoundedCorners: 5
11-21 20:29:01.476 4012 4012 D DecorView: semSetRoundedCorners: 5
11-21 20:29:01.495 4012 4012 D DecorView: semSetRoundedCorners: 5
11-21 20:29:01.526 4012 4012 D DecorView: semSetRoundedCorners: 5
11-21 20:29:01.546 4012 4012 D DecorView: semSetRoundedCorners: 5
11-21 20:29:01.563 4012 4012 D DecorView: semSetRoundedCorners: 5
11-21 20:29:01.581 4012 4012 D DecorView: semSetRoundedCorners: 5
11-21 20:29:01.596 4012 4012 D DecorView: semSetRoundedCorners: 5
11-21 20:29:01.612 4012 4012 D DecorView: semSetRoundedCorners: 5
11-21 20:29:01.630 4012 4012 D DecorView: semSetRoundedCorners: 5
11-21 20:29:01.644 4012 4012 D DecorView: semSetRoundedCorners: 5
11-21 20:29:01.664 4012 4012 D DecorView: semSetRoundedCorners: 5
11-21 20:29:01.680 4012 4012 D DecorView: semSetRoundedCorners: 5
11-21 20:29:01.696 4012 4012 D DecorView: semSetRoundedCorners: 5
11-21 20:29:01.714 4012 4012 D DecorView: semSetRoundedCorners: 5
11-21 20:29:01.730 4012 4012 D DecorView: semSetRoundedCorners: 5
11-21 20:29:01.747 4012 4012 D DecorView: semSetRoundedCorners: 5
11-21 20:29:01.764 4012 4012 D DecorView: semSetRoundedCorners: 5
11-21 20:29:01.777 4012 4012 D DecorView: semSetRoundedCorners: 5
11-21 20:29:01.797 4012 4012 D DecorView: semSetRoundedCorners: 5
11-21 20:29:01.813 4012 4012 D DecorView: semSetRoundedCorners: 5
11-21 20:29:01.816 4012 4012 I ViewRootImpl@fb83006[GTASA]: ViewPostIme pointer 1
11-21 20:29:01.830 4012 4012 D DecorView: semSetRoundedCorners: 5
11-21 20:29:01.846 4012 4012 D DecorView: semSetRoundedCorners: 5
11-21 20:29:01.864 4012 4012 D DecorView: semSetRoundedCorners: 5
11-21 20:29:01.880 4012 4012 D DecorView: semSetRoundedCorners: 5
11-21 20:29:01.898 4012 4012 D DecorView: semSetRoundedCorners: 5
11-21 20:29:01.909 4012 4012 D DecorView: semSetRoundedCorners: 5
11-21 20:29:01.930 4012 4012 D DecorView: semSetRoundedCorners: 5
11-21 20:29:01.947 4012 4012 D DecorView: semSetRoundedCorners: 5
11-21 20:29:01.964 4012 4012 D DecorView: semSetRoundedCorners: 5
11-21 20:29:01.982 4012 4012 D DecorView: semSetRoundedCorners: 5
11-21 20:29:01.997 4012 4012 D DecorView: semSetRoundedCorners: 5
11-21 20:29:02.013 4012 4012 D DecorView: semSetRoundedCorners: 5
11-21 20:29:02.030 4012 4012 D DecorView: semSetRoundedCorners: 5
11-21 20:29:02.046 4012 4012 D DecorView: semSetRoundedCorners: 5
11-21 20:29:02.063 4012 4012 D DecorView: semSetRoundedCorners: 5
11-21 20:29:02.082 4012 4012 D DecorView: semSetRoundedCorners: 5
11-21 20:29:02.097 4012 4012 D DecorView: semSetRoundedCorners: 5
11-21 20:29:02.114 4012 4012 D DecorView: semSetRoundedCorners: 5
11-21 20:29:02.130 4012 4012 D DecorView: semSetRoundedCorners: 5
11-21 20:29:02.163 4012 4012 D DecorView: semSetRoundedCorners: 5
11-21 20:29:02.182 4012 4012 D DecorView: semSetRoundedCorners: 5
11-21 20:29:02.199 4012 4012 D DecorView: semSetRoundedCorners: 5
11-21 20:29:02.215 4012 4012 D DecorView: semSetRoundedCorners: 5
11-21 20:29:02.231 4012 4012 D DecorView: semSetRoundedCorners: 5
11-21 20:29:02.248 4012 4012 D DecorView: semSetRoundedCorners: 5
11-21 20:29:02.265 4012 4012 D DecorView: semSetRoundedCorners: 5
11-21 20:29:02.282 4012 4012 D DecorView: semSetRoundedCorners: 5
11-21 20:29:02.299 4012 4012 D DecorView: semSetRoundedCorners: 5
11-21 20:29:02.315 4012 4012 D DecorView: semSetRoundedCorners: 5
11-21 20:29:02.332 4012 4012 D DecorView: semSetRoundedCorners: 5
11-21 20:29:02.348 4012 4012 D DecorView: semSetRoundedCorners: 5
11-21 20:29:02.367 4012 4012 D DecorView: semSetRoundedCorners: 5
11-21 20:29:02.383 4012 4012 D DecorView: semSetRoundedCorners: 5
11-21 20:29:02.402 4012 4012 D DecorView: semSetRoundedCorners: 5
11-21 20:29:02.417 4012 4012 D DecorView: semSetRoundedCorners: 5
11-21 20:29:02.433 4012 4012 D DecorView: semSetRoundedCorners: 5
11-21 20:29:02.449 4012 4012 D DecorView: semSetRoundedCorners: 5
11-21 20:29:02.468 4012 4012 D DecorView: semSetRoundedCorners: 5
11-21 20:29:02.483 4012 4012 D DecorView: semSetRoundedCorners: 5
11-21 20:29:02.500 4012 4012 D DecorView: semSetRoundedCorners: 5
11-21 20:29:02.517 4012 4012 D DecorView: semSetRoundedCorners: 5
11-21 20:29:02.533 4012 4012 D DecorView: semSetRoundedCorners: 5
11-21 20:29:02.551 4012 4012 D DecorView: semSetRoundedCorners: 5
11-21 20:29:02.568 4012 4012 D DecorView: semSetRoundedCorners: 5
11-21 20:29:02.584 4012 4012 D DecorView: semSetRoundedCorners: 5
11-21 20:29:02.600 4012 4012 D DecorView: semSetRoundedCorners: 5
11-21 20:29:02.612 4012 4012 D DecorView: semSetRoundedCorners: 5
11-21 20:29:02.654 4012 4012 D DecorView: semSetRoundedCorners: 5
11-21 20:29:02.663 4012 4012 D DecorView: semSetRoundedCorners: 5
11-21 20:29:02.683 4012 4012 D DecorView: semSetRoundedCorners: 5
11-21 20:29:02.696 4012 4012 D DecorView: semSetRoundedCorners: 5
11-21 20:29:02.713 4012 4012 D DecorView: semSetRoundedCorners: 5
11-21 20:29:02.735 4012 4012 D DecorView: semSetRoundedCorners: 5
11-21 20:29:02.752 4012 4012 D DecorView: semSetRoundedCorners: 5
11-21 20:29:02.769 4012 4012 D DecorView: semSetRoundedCorners: 5
11-21 20:29:02.783 4012 4012 D DecorView: semSetRoundedCorners: 5
11-21 20:29:02.796 4012 4012 D DecorView: semSetRoundedCorners: 5
11-21 20:29:02.817 4012 4012 D DecorView: semSetRoundedCorners: 5
11-21 20:29:02.835 4012 4012 D DecorView: semSetRoundedCorners: 5
11-21 20:29:02.851 4012 4012 D DecorView: semSetRoundedCorners: 5
11-21 20:29:02.867 4012 4012 D DecorView: semSetRoundedCorners: 5
11-21 20:29:02.880 4012 4012 D DecorView: semSetRoundedCorners: 5
11-21 20:29:02.904 4012 4012 D DecorView: semSetRoundedCorners: 5
11-21 20:29:02.913 4012 4012 D DecorView: semSetRoundedCorners: 5
11-21 20:29:02.930 4012 4012 D DecorView: semSetRoundedCorners: 5
11-21 20:29:02.947 4012 4012 D DecorView: semSetRoundedCorners: 5
11-21 20:29:02.970 4012 4012 D DecorView: semSetRoundedCorners: 5
11-21 20:29:02.980 4012 4012 D DecorView: semSetRoundedCorners: 5
11-21 20:29:02.997 4012 4012 D DecorView: semSetRoundedCorners: 5
11-21 20:29:03.014 4012 4012 D DecorView: semSetRoundedCorners: 5
11-21 20:29:03.030 4012 4012 D DecorView: semSetRoundedCorners: 5
11-21 20:29:03.047 4012 4012 D DecorView: semSetRoundedCorners: 5
11-21 20:29:03.064 4012 4012 D DecorView: semSetRoundedCorners: 5
11-21 20:29:03.081 4012 4012 D DecorView: semSetRoundedCorners: 5
11-21 20:29:03.097 4012 4012 D DecorView: semSetRoundedCorners: 5
11-21 20:29:03.114 4012 4012 D DecorView: semSetRoundedCorners: 5
11-21 20:29:03.131 4012 4012 D DecorView: semSetRoundedCorners: 5
11-21 20:29:03.147 4012 4012 D DecorView: semSetRoundedCorners: 5
11-21 20:29:03.164 4012 4012 D DecorView: semSetRoundedCorners: 5
11-21 20:29:03.181 4012 4012 D DecorView: semSetRoundedCorners: 5
11-21 20:29:03.198 4012 4012 D DecorView: semSetRoundedCorners: 5
11-21 20:29:03.215 4012 4012 D DecorView: semSetRoundedCorners: 5
11-21 20:29:03.231 4012 4012 D DecorView: semSetRoundedCorners: 5
11-21 20:29:03.235 4012 4012 I ViewRootImpl@fb83006[GTASA]: ViewPostIme pointer 0
11-21 20:29:03.248 4012 4012 D DecorView: semSetRoundedCorners: 5
11-21 20:29:03.266 4012 4012 D DecorView: semSetRoundedCorners: 5
11-21 20:29:03.276 4012 4012 I ViewRootImpl@fb83006[GTASA]: ViewPostIme pointer 1
11-21 20:29:03.281 4012 4012 D DecorView: semSetRoundedCorners: 5
11-21 20:29:03.288 4012 4012 D InputMethodManager: SSI - flag : 1 Pid : 4012 view
: ru.stepdev.crimemobile
11-21 20:29:03.288 4012 4012 D InputMethodManager: prepareNavigationBarInfo()
DecorView@1d6074b[GTASA]
11-21 20:29:03.288 4012 4012 D InputMethodManager: getNavigationBarColor() -
16711423
11-21 20:29:03.294 4012 4012 D InputMethodManager: prepareNavigationBarInfo()
DecorView@1d6074b[GTASA]
11-21 20:29:03.294 4012 4012 D InputMethodManager: getNavigationBarColor() -
16711423
11-21 20:29:03.294 4012 4012 V InputMethodManager: Starting input:
tba=ru.stepdev.crimemobile
ic=com.android.internal.widget.EditableInputConnection@aa2bb36 mNaviBarColor -
16711423 mIsGetNaviBarColorSuccess true , NavVisible : false , NavTrans : false
11-21 20:29:03.294 4012 4012 D InputMethodManager: startInputInner - Id : 0
11-21 20:29:03.297 4012 4012 I InputMethodManager: startInputInner -
mService.startInputOrWindowGainedFocus
11-21 20:29:03.299 4012 4012 D InputTransport: Input channel constructed:
'ClientS', fd=111
11-21 20:29:03.299 4012 4012 D InputTransport: Input channel destroyed:
'ClientS', fd=109
11-21 20:29:03.303 4012 4012 D DecorView: semSetRoundedCorners: 5
11-21 20:29:03.310 4012 4012 W IInputConnectionWrapper: getExtractedText on
inactive InputConnection
11-21 20:29:03.320 4012 4012 D DecorView: semSetRoundedCorners: 5
11-21 20:29:03.324 4012 4012 W IInputConnectionWrapper: requestCursorAnchorInfo
on inactive InputConnection
11-21 20:29:03.334 4012 4012 D DecorView: semSetRoundedCorners: 5
11-21 20:29:03.352 4012 4012 D DecorView: semSetRoundedCorners: 5
11-21 20:29:03.369 4012 4012 D DecorView: semSetRoundedCorners: 5
11-21 20:29:03.389 4012 4012 D InsetsSourceConsumer: setRequestedVisible:
visible=true, type=13, host=ru.stepdev.crimemobile/com.rockstargames.gtagrp.GTASA,
from=android.view.InsetsSourceConsumer.show:229
android.view.InsetsController.showDirectly:1437
android.view.InsetsController.controlAnimationUnchecked:1110
android.view.InsetsController.applyAnimation:1417
android.view.InsetsController.show:962
android.view.ViewRootImpl$ViewRootHandler.handleMessage:6146
android.os.Handler.dispatchMessage:106 android.os.Looper.loop:246
android.app.ActivityThread.main:8653 java.lang.reflect.Method.invoke:-2
11-21 20:29:03.414 4012 4012 D DecorView: semSetRoundedCorners: 5
11-21 20:29:03.421 4012 4012 I ViewRootImpl@1f5c19f[PopupWindow:6510ac0]:
MSG_RESIZED: frame=(76,0,76,402) ci=(0,0,0,0) vi=(0,0,0,0) or=2
11-21 20:29:03.421 4012 4012 I ViewRootImpl@1f5c19f[PopupWindow:6510ac0]: 1)
Force to draw a frame when frame become empty from non-empty
11-21 20:29:03.431 4012 5465 I AXL : RPC: ScrSetPlayerColor
11-21 20:29:03.431 4012 5465 I AXL : RPC: ScrSetPlayerColor
11-21 20:29:03.463 4012 4012 D DecorView: semSetRoundedCorners: 5
11-21 20:29:03.482 4012 4012 I SurfaceControl: nativeRelease nativeObject
s[1989761376]
11-21 20:29:03.482 4012 4012 I SurfaceControl: nativeRelease nativeObject
e[1989761376]
11-21 20:29:03.483 4012 4012 I SurfaceControl: assignNativeObject: nativeObject =
0 Surface(name=null)/@0x12bb816 / android.view.SurfaceControl.readFromParcel:1117
android.view.IWindowSession$Stub$Proxy.relayout:1820
android.view.ViewRootImpl.relayoutWindow:9005
android.view.ViewRootImpl.performTraversals:3360
android.view.ViewRootImpl.doTraversal:2618
android.view.ViewRootImpl$TraversalRunnable.run:9971
android.view.Choreographer$CallbackRecord.run:1010
android.view.Choreographer.doCallbacks:809 android.view.Choreographer.doFrame:744
android.view.Choreographer$FrameDisplayEventReceiver.run:995
11-21 20:29:03.484 4012 4012 I ViewRootImpl@1f5c19f[PopupWindow:6510ac0]:
Relayout returned: old=(76,0,76,402) new=(76,0,76,402) req=(0,402)0 dur=8 res=0x21
s={true 3848448032} ch=false fn=22
11-21 20:29:03.486 4012 4012 I ViewRootImpl@1f5c19f[PopupWindow:6510ac0]: Force
to draw even when frame is empty
11-21 20:29:03.495 4012 4012 D DecorView: semSetRoundedCorners: 5
11-21 20:29:03.521 4012 4012 D DecorView: semSetRoundedCorners: 5
11-21 20:29:03.538 4012 4012 D DecorView: semSetRoundedCorners: 5
11-21 20:29:03.553 4012 4012 D DecorView: semSetRoundedCorners: 5
11-21 20:29:03.570 4012 4012 D DecorView: semSetRoundedCorners: 5
11-21 20:29:03.587 4012 4012 D DecorView: semSetRoundedCorners: 5
11-21 20:29:03.601 4012 5437 I SurfaceControl: nativeRelease nativeObject
s[2294515264]
11-21 20:29:03.601 4012 5437 I SurfaceControl: nativeRelease nativeObject
e[2294515264]
11-21 20:29:03.604 4012 4012 D DecorView: semSetRoundedCorners: 5
11-21 20:29:03.620 4012 4012 D DecorView: semSetRoundedCorners: 5
11-21 20:29:03.638 4012 4012 D DecorView: semSetRoundedCorners: 5
11-21 20:29:03.655 4012 4012 D DecorView: semSetRoundedCorners: 5
11-21 20:29:03.670 4012 4012 D DecorView: semSetRoundedCorners: 5
11-21 20:29:03.688 4012 4012 D DecorView: semSetRoundedCorners: 5
11-21 20:29:03.704 4012 4012 D DecorView: semSetRoundedCorners: 5
11-21 20:29:03.721 4012 4012 D DecorView: semSetRoundedCorners: 5
11-21 20:29:03.739 4012 4012 D DecorView: semSetRoundedCorners: 5
11-21 20:29:03.754 4012 4012 D DecorView: semSetRoundedCorners: 5
11-21 20:29:03.773 4012 4012 D DecorView: semSetRoundedCorners: 5
11-21 20:29:03.787 4012 4012 D DecorView: semSetRoundedCorners: 5
11-21 20:29:03.804 4012 4012 D DecorView: semSetRoundedCorners: 5
11-21 20:29:03.821 4012 4012 D DecorView: semSetRoundedCorners: 5
11-21 20:29:03.837 4012 4012 D DecorView: semSetRoundedCorners: 5
11-21 20:29:03.856 4012 4012 D DecorView: semSetRoundedCorners: 5
11-21 20:29:03.871 4012 4012 D DecorView: semSetRoundedCorners: 5
11-21 20:29:03.888 4012 4012 D DecorView: semSetRoundedCorners: 5
11-21 20:29:03.905 4012 4012 D DecorView: semSetRoundedCorners: 5
11-21 20:29:03.922 4012 4012 D DecorView: semSetRoundedCorners: 5
11-21 20:29:03.939 4012 4012 D DecorView: semSetRoundedCorners: 5
11-21 20:29:03.955 4012 4012 D DecorView: semSetRoundedCorners: 5
11-21 20:29:03.971 4012 4012 D DecorView: semSetRoundedCorners: 5
11-21 20:29:03.988 4012 4012 D DecorView: semSetRoundedCorners: 5
11-21 20:29:04.005 4012 4012 D DecorView: semSetRoundedCorners: 5
11-21 20:29:04.021 4012 4012 D DecorView: semSetRoundedCorners: 5
11-21 20:29:04.039 4012 4012 D DecorView: semSetRoundedCorners: 5
11-21 20:29:04.057 4012 4012 D DecorView: semSetRoundedCorners: 5
11-21 20:29:04.073 4012 4012 D DecorView: semSetRoundedCorners: 5
11-21 20:29:04.084 4012 4012 D DecorView: semSetRoundedCorners: 5
11-21 20:29:04.100 4012 4012 D DecorView: semSetRoundedCorners: 5
11-21 20:29:04.125 4012 4012 D DecorView: semSetRoundedCorners: 5
11-21 20:29:04.138 4012 4012 D DecorView: semSetRoundedCorners: 5
11-21 20:29:04.157 4012 4012 D DecorView: semSetRoundedCorners: 5
11-21 20:29:04.172 4012 4012 D DecorView: semSetRoundedCorners: 5
11-21 20:29:04.189 4012 4012 D DecorView: semSetRoundedCorners: 5
11-21 20:29:04.207 4012 4012 D DecorView: semSetRoundedCorners: 5
11-21 20:29:04.224 4012 4012 D DecorView: semSetRoundedCorners: 5
11-21 20:29:04.235 4012 4012 D DecorView: semSetRoundedCorners: 5
11-21 20:29:04.254 4012 4012 D DecorView: semSetRoundedCorners: 5
11-21 20:29:04.272 4012 4012 D DecorView: semSetRoundedCorners: 5
11-21 20:29:04.294 4012 4012 D DecorView: semSetRoundedCorners: 5
11-21 20:29:04.323 4012 4012 D DecorView: semSetRoundedCorners: 5
11-21 20:29:04.338 4012 4012 D DecorView: semSetRoundedCorners: 5
11-21 20:29:04.356 4012 4012 D DecorView: semSetRoundedCorners: 5
11-21 20:29:04.368 4012 4012 D DecorView: semSetRoundedCorners: 5
11-21 20:29:04.385 4012 4012 D DecorView: semSetRoundedCorners: 5
11-21 20:29:04.401 4012 4012 D DecorView: semSetRoundedCorners: 5
11-21 20:29:04.422 4012 4012 D DecorView: semSetRoundedCorners: 5
11-21 20:29:04.440 4012 4012 D DecorView: semSetRoundedCorners: 5
11-21 20:29:04.456 4012 4012 D DecorView: semSetRoundedCorners: 5
11-21 20:29:04.474 4012 4012 D DecorView: semSetRoundedCorners: 5
11-21 20:29:04.490 4012 4012 D DecorView: semSetRoundedCorners: 5
11-21 20:29:04.508 4012 4012 D DecorView: semSetRoundedCorners: 5
11-21 20:29:04.525 4012 4012 D DecorView: semSetRoundedCorners: 5
11-21 20:29:04.540 4012 4012 D DecorView: semSetRoundedCorners: 5
11-21 20:29:04.560 4012 4012 D DecorView: semSetRoundedCorners: 5
11-21 20:29:04.573 4012 4012 D DecorView: semSetRoundedCorners: 5
11-21 20:29:04.588 4012 4012 D DecorView: semSetRoundedCorners: 5
11-21 20:29:04.606 4012 4012 D DecorView: semSetRoundedCorners: 5
11-21 20:29:04.625 4012 4012 D DecorView: semSetRoundedCorners: 5
11-21 20:29:04.641 4012 4012 D DecorView: semSetRoundedCorners: 5
11-21 20:29:04.657 4012 4012 D DecorView: semSetRoundedCorners: 5
11-21 20:29:04.674 4012 4012 D DecorView: semSetRoundedCorners: 5
11-21 20:29:04.691 4012 4012 D DecorView: semSetRoundedCorners: 5
11-21 20:29:04.708 4012 4012 D DecorView: semSetRoundedCorners: 5
11-21 20:29:04.726 4012 4012 D DecorView: semSetRoundedCorners: 5
11-21 20:29:04.740 4012 4012 D DecorView: semSetRoundedCorners: 5
11-21 20:29:04.760 4012 4012 D DecorView: semSetRoundedCorners: 5
11-21 20:29:04.778 4012 4012 D DecorView: semSetRoundedCorners: 5
11-21 20:29:04.789 4012 4012 D DecorView: semSetRoundedCorners: 5
11-21 20:29:04.806 4012 4012 D DecorView: semSetRoundedCorners: 5
11-21 20:29:04.826 4012 4012 D DecorView: semSetRoundedCorners: 5
11-21 20:29:04.841 4012 4012 D DecorView: semSetRoundedCorners: 5
11-21 20:29:04.858 4012 4012 D DecorView: semSetRoundedCorners: 5
11-21 20:29:04.875 4012 4012 D DecorView: semSetRoundedCorners: 5
11-21 20:29:04.891 4012 4012 D DecorView: semSetRoundedCorners: 5
11-21 20:29:04.907 4012 4012 D DecorView: semSetRoundedCorners: 5
11-21 20:29:04.925 4012 4012 D DecorView: semSetRoundedCorners: 5
11-21 20:29:04.942 4012 4012 D DecorView: semSetRoundedCorners: 5
11-21 20:29:04.961 4012 4012 D DecorView: semSetRoundedCorners: 5
11-21 20:29:04.970 4012 4012 D DecorView: semSetRoundedCorners: 5
11-21 20:29:04.989 4012 4012 D DecorView: semSetRoundedCorners: 5
11-21 20:29:05.003 4012 4012 D DecorView: semSetRoundedCorners: 5
11-21 20:29:05.037 4012 4012 D DecorView: semSetRoundedCorners: 5
11-21 20:29:05.053 4012 4012 D DecorView: semSetRoundedCorners: 5
11-21 20:29:05.076 4012 4012 D DecorView: semSetRoundedCorners: 5
11-21 20:29:05.092 4012 4012 D DecorView: semSetRoundedCorners: 5
11-21 20:29:05.109 4012 4012 D DecorView: semSetRoundedCorners: 5
11-21 20:29:05.126 4012 4012 D DecorView: semSetRoundedCorners: 5
11-21 20:29:05.144 4012 4012 D DecorView: semSetRoundedCorners: 5
11-21 20:29:05.159 4012 4012 D DecorView: semSetRoundedCorners: 5
11-21 20:29:05.175 4012 4012 D DecorView: semSetRoundedCorners: 5
11-21 20:29:05.192 4012 4012 D DecorView: semSetRoundedCorners: 5
11-21 20:29:05.208 4012 4012 D DecorView: semSetRoundedCorners: 5
11-21 20:29:05.227 4012 4012 D DecorView: semSetRoundedCorners: 5
11-21 20:29:05.243 4012 4012 D DecorView: semSetRoundedCorners: 5
11-21 20:29:05.259 4012 4012 D DecorView: semSetRoundedCorners: 5
11-21 20:29:05.275 4012 4012 D DecorView: semSetRoundedCorners: 5
11-21 20:29:05.292 4012 4012 D DecorView: semSetRoundedCorners: 5
11-21 20:29:05.308 4012 4012 D DecorView: semSetRoundedCorners: 5
11-21 20:29:05.326 4012 4012 D DecorView: semSetRoundedCorners: 5
11-21 20:29:05.338 4012 4012 D DecorView: semSetRoundedCorners: 5
11-21 20:29:05.359 4012 4012 D DecorView: semSetRoundedCorners: 5
11-21 20:29:05.372 4012 4012 D DecorView: semSetRoundedCorners: 5
11-21 20:29:05.392 4012 4012 D DecorView: semSetRoundedCorners: 5
11-21 20:29:05.413 4012 4012 D DecorView: semSetRoundedCorners: 5
11-21 20:29:05.427 4012 4012 D DecorView: semSetRoundedCorners: 5
11-21 20:29:05.442 4012 4012 D DecorView: semSetRoundedCorners: 5
11-21 20:29:05.460 4012 4012 D DecorView: semSetRoundedCorners: 5
11-21 20:29:05.476 4012 4012 D DecorView: semSetRoundedCorners: 5
11-21 20:29:05.492 4012 4012 D DecorView: semSetRoundedCorners: 5
11-21 20:29:05.510 4012 4012 D DecorView: semSetRoundedCorners: 5
11-21 20:29:05.526 4012 4012 D DecorView: semSetRoundedCorners: 5
11-21 20:29:05.538 4012 4012 D DecorView: semSetRoundedCorners: 5
11-21 20:29:05.556 4012 4012 D DecorView: semSetRoundedCorners: 5
11-21 20:29:05.572 4012 4012 D DecorView: semSetRoundedCorners: 5
11-21 20:29:05.588 4012 4012 D DecorView: semSetRoundedCorners: 5
11-21 20:29:05.605 4012 4012 D DecorView: semSetRoundedCorners: 5
11-21 20:29:05.622 4012 4012 D DecorView: semSetRoundedCorners: 5
11-21 20:29:05.639 4012 4012 D DecorView: semSetRoundedCorners: 5
11-21 20:29:05.656 4012 4012 D DecorView: semSetRoundedCorners: 5
11-21 20:29:05.672 4012 4012 D DecorView: semSetRoundedCorners: 5
11-21 20:29:05.694 4012 4012 D DecorView: semSetRoundedCorners: 5
11-21 20:29:05.707 4012 4012 D DecorView: semSetRoundedCorners: 5
11-21 20:29:05.725 4012 4012 D DecorView: semSetRoundedCorners: 5
11-21 20:29:05.741 4012 4012 D DecorView: semSetRoundedCorners: 5
11-21 20:29:05.778 4012 4012 D DecorView: semSetRoundedCorners: 5
11-21 20:29:05.815 4012 4012 D DecorView: semSetRoundedCorners: 5
11-21 20:29:05.823 4012 4012 D DecorView: semSetRoundedCorners: 5
11-21 20:29:05.840 4012 4012 D DecorView: semSetRoundedCorners: 5
11-21 20:29:05.860 4012 4012 D DecorView: semSetRoundedCorners: 5
11-21 20:29:05.877 4012 4012 D DecorView: semSetRoundedCorners: 5
11-21 20:29:05.906 4012 4012 D DecorView: semSetRoundedCorners: 5
11-21 20:29:05.923 4012 4012 D DecorView: semSetRoundedCorners: 5
11-21 20:29:05.944 4012 4012 D DecorView: semSetRoundedCorners: 5
11-21 20:29:05.963 4012 4012 D DecorView: semSetRoundedCorners: 5
11-21 20:29:05.979 4012 4012 D DecorView: semSetRoundedCorners: 5
11-21 20:29:05.990 4012 4012 D DecorView: semSetRoundedCorners: 5
11-21 20:29:06.011 4012 4012 D DecorView: semSetRoundedCorners: 5
11-21 20:29:06.027 4012 4012 D DecorView: semSetRoundedCorners: 5
11-21 20:29:06.045 4012 4012 D DecorView: semSetRoundedCorners: 5
11-21 20:29:06.064 4012 4012 D DecorView: semSetRoundedCorners: 5
11-21 20:29:06.079 4012 4012 D DecorView: semSetRoundedCorners: 5
11-21 20:29:06.097 4012 4012 D DecorView: semSetRoundedCorners: 5
11-21 20:29:06.112 4012 4012 D DecorView: semSetRoundedCorners: 5
11-21 20:29:06.126 4012 4012 D DecorView: semSetRoundedCorners: 5
11-21 20:29:06.145 4012 4012 D DecorView: semSetRoundedCorners: 5
11-21 20:29:06.163 4012 4012 D DecorView: semSetRoundedCorners: 5
11-21 20:29:06.178 4012 4012 D DecorView: semSetRoundedCorners: 5
11-21 20:29:06.195 4012 4012 D DecorView: semSetRoundedCorners: 5
11-21 20:29:06.207 4012 4012 D DecorView: semSetRoundedCorners: 5
11-21 20:29:06.240 4012 4012 D DecorView: semSetRoundedCorners: 5
11-21 20:29:06.265 4012 4012 D DecorView: semSetRoundedCorners: 5
11-21 20:29:06.279 4012 4012 D DecorView: semSetRoundedCorners: 5
11-21 20:29:06.291 4012 4012 D DecorView: semSetRoundedCorners: 5
11-21 20:29:06.310 4012 4012 D DecorView: semSetRoundedCorners: 5
11-21 20:29:06.328 4012 4012 D DecorView: semSetRoundedCorners: 5
11-21 20:29:06.342 4012 4012 D DecorView: semSetRoundedCorners: 5
11-21 20:29:06.363 4012 4012 D DecorView: semSetRoundedCorners: 5
11-21 20:29:06.377 4012 4012 D DecorView: semSetRoundedCorners: 5
11-21 20:29:06.394 4012 4012 D DecorView: semSetRoundedCorners: 5
11-21 20:29:06.425 4012 4012 D DecorView: semSetRoundedCorners: 5
11-21 20:29:06.445 4012 4012 D DecorView: semSetRoundedCorners: 5
11-21 20:29:06.462 4012 4012 D DecorView: semSetRoundedCorners: 5
11-21 20:29:06.480 4012 4012 D DecorView: semSetRoundedCorners: 5
11-21 20:29:06.496 4012 4012 D DecorView: semSetRoundedCorners: 5
11-21 20:29:06.511 4012 4012 D DecorView: semSetRoundedCorners: 5
11-21 20:29:06.528 4012 4012 D DecorView: semSetRoundedCorners: 5
11-21 20:29:06.546 4012 4012 D DecorView: semSetRoundedCorners: 5
11-21 20:29:06.563 4012 4012 D DecorView: semSetRoundedCorners: 5
11-21 20:29:06.581 4012 4012 D DecorView: semSetRoundedCorners: 5
11-21 20:29:06.592 4012 4012 D DecorView: semSetRoundedCorners: 5
11-21 20:29:06.613 4012 4012 D DecorView: semSetRoundedCorners: 5
11-21 20:29:06.629 4012 4012 D DecorView: semSetRoundedCorners: 5
11-21 20:29:06.648 4012 4012 D DecorView: semSetRoundedCorners: 5
11-21 20:29:06.662 4012 4012 D DecorView: semSetRoundedCorners: 5
11-21 20:29:06.680 4012 4012 D DecorView: semSetRoundedCorners: 5
11-21 20:29:06.693 4012 4012 D DecorView: semSetRoundedCorners: 5
11-21 20:29:06.728 4012 4012 D DecorView: semSetRoundedCorners: 5
11-21 20:29:06.748 4012 4012 D DecorView: semSetRoundedCorners: 5
11-21 20:29:06.759 4012 4012 D DecorView: semSetRoundedCorners: 5
11-21 20:29:06.782 4012 4012 D DecorView: semSetRoundedCorners: 5
11-21 20:29:06.796 4012 4012 D DecorView: semSetRoundedCorners: 5
11-21 20:29:06.815 4012 4012 D DecorView: semSetRoundedCorners: 5
11-21 20:29:06.833 4012 4012 D DecorView: semSetRoundedCorners: 5
