11-21 20:34:15.288 4012 4012 D DecorView: semSetRoundedCorners: 5
11-21 20:34:15.304 4012 4012 D DecorView: semSetRoundedCorners: 5
11-21 20:34:15.320 4012 4012 D DecorView: semSetRoundedCorners: 5
11-21 20:34:15.336 4012 4012 D DecorView: semSetRoundedCorners: 5
11-21 20:34:15.353 4012 4012 D DecorView: semSetRoundedCorners: 5
11-21 20:34:15.370 4012 4012 D DecorView: semSetRoundedCorners: 5
11-21 20:34:15.388 4012 4012 D DecorView: semSetRoundedCorners: 5
11-21 20:34:15.404 4012 4012 D DecorView: semSetRoundedCorners: 5
11-21 20:34:15.420 4012 4012 D DecorView: semSetRoundedCorners: 5
11-21 20:34:15.438 4012 4012 D DecorView: semSetRoundedCorners: 5
11-21 20:34:15.454 4012 4012 D DecorView: semSetRoundedCorners: 5
11-21 20:34:15.471 4012 4012 D DecorView: semSetRoundedCorners: 5
11-21 20:34:15.489 4012 4012 D DecorView: semSetRoundedCorners: 5
11-21 20:34:15.505 4012 4012 D DecorView: semSetRoundedCorners: 5
11-21 20:34:15.520 4012 4012 D DecorView: semSetRoundedCorners: 5
11-21 20:34:15.534 4012 4012 I ViewRootImpl@fb83006[GTASA]: ViewPostIme pointer 1
11-21 20:34:15.537 4012 4012 D DecorView: semSetRoundedCorners: 5
11-21 20:34:15.553 4012 4012 D DecorView: semSetRoundedCorners: 5
11-21 20:34:15.570 4012 4012 D DecorView: semSetRoundedCorners: 5
11-21 20:34:15.587 4012 4012 D DecorView: semSetRoundedCorners: 5
11-21 20:34:15.604 4012 4012 D DecorView: semSetRoundedCorners: 5
11-21 20:34:15.620 4012 4012 D DecorView: semSetRoundedCorners: 5
11-21 20:34:15.626 4012 4012 I ViewRootImpl@fb83006[GTASA]: ViewPostIme pointer 0
11-21 20:34:15.637 4012 4012 D DecorView: semSetRoundedCorners: 5
11-21 20:34:15.654 4012 4012 D DecorView: semSetRoundedCorners: 5
11-21 20:34:15.671 4012 4012 D DecorView: semSetRoundedCorners: 5
11-21 20:34:15.688 4012 4012 D DecorView: semSetRoundedCorners: 5
11-21 20:34:15.709 4012 4012 D DecorView: semSetRoundedCorners: 5
11-21 20:34:15.739 4012 4012 D DecorView: semSetRoundedCorners: 5
11-21 20:34:15.762 4012 4012 D DecorView: semSetRoundedCorners: 5
11-21 20:34:15.777 4012 4012 D DecorView: semSetRoundedCorners: 5
11-21 20:34:15.805 4012 4012 D DecorView: semSetRoundedCorners: 5
11-21 20:34:15.825 4012 4012 D DecorView: semSetRoundedCorners: 5
11-21 20:34:15.838 4012 4012 D DecorView: semSetRoundedCorners: 5
11-21 20:34:15.855 4012 4012 D DecorView: semSetRoundedCorners: 5
11-21 20:34:15.874 4012 4012 D DecorView: semSetRoundedCorners: 5
11-21 20:34:15.891 4012 4012 D DecorView: semSetRoundedCorners: 5
11-21 20:34:15.908 4012 4012 D DecorView: semSetRoundedCorners: 5
11-21 20:34:15.924 4012 4012 D DecorView: semSetRoundedCorners: 5
11-21 20:34:15.943 4012 4012 D DecorView: semSetRoundedCorners: 5
11-21 20:34:15.958 4012 4012 D DecorView: semSetRoundedCorners: 5
11-21 20:34:15.973 4012 4012 D DecorView: semSetRoundedCorners: 5
11-21 20:34:15.993 4012 4012 D DecorView: semSetRoundedCorners: 5
11-21 20:34:16.009 4012 4012 D DecorView: semSetRoundedCorners: 5
11-21 20:34:16.026 4012 4012 D DecorView: semSetRoundedCorners: 5
11-21 20:34:16.042 4012 4012 D DecorView: semSetRoundedCorners: 5
11-21 20:34:16.062 4012 4012 D DecorView: semSetRoundedCorners: 5
11-21 20:34:16.077 4012 4012 D DecorView: semSetRoundedCorners: 5
11-21 20:34:16.091 4012 4012 D DecorView: semSetRoundedCorners: 5
11-21 20:34:16.109 4012 4012 D DecorView: semSetRoundedCorners: 5
11-21 20:34:16.126 4012 4012 D DecorView: semSetRoundedCorners: 5
11-21 20:34:16.140 4012 4012 D DecorView: semSetRoundedCorners: 5
11-21 20:34:16.159 4012 5465 I AXL : RPC: ScrSetPlayerColor
11-21 20:34:16.160 4012 4012 D DecorView: semSetRoundedCorners: 5
11-21 20:34:16.172 4012 4012 D DecorView: semSetRoundedCorners: 5
11-21 20:34:16.193 4012 4012 D DecorView: semSetRoundedCorners: 5
11-21 20:34:16.208 4012 4012 D DecorView: semSetRoundedCorners: 5
11-21 20:34:16.242 4012 4012 D DecorView: semSetRoundedCorners: 5
11-21 20:34:16.256 4012 4012 D DecorView: semSetRoundedCorners: 5
11-21 20:34:16.275 4012 4012 D DecorView: semSetRoundedCorners: 5
11-21 20:34:16.290 4012 4012 D DecorView: semSetRoundedCorners: 5
11-21 20:34:16.310 4012 4012 D DecorView: semSetRoundedCorners: 5
11-21 20:34:16.324 4012 4012 D DecorView: semSetRoundedCorners: 5
11-21 20:34:16.343 4012 4012 D DecorView: semSetRoundedCorners: 5
11-21 20:34:16.357 4012 4012 D DecorView: semSetRoundedCorners: 5
11-21 20:34:16.375 4012 4012 D DecorView: semSetRoundedCorners: 5
11-21 20:34:16.394 4012 4012 D DecorView: semSetRoundedCorners: 5
11-21 20:34:16.410 4012 4012 D DecorView: semSetRoundedCorners: 5
11-21 20:34:16.428 4012 4012 D DecorView: semSetRoundedCorners: 5
11-21 20:34:16.440 4012 4012 D DecorView: semSetRoundedCorners: 5
11-21 20:34:16.461 4012 4012 D DecorView: semSetRoundedCorners: 5
11-21 20:34:16.479 4012 4012 D DecorView: semSetRoundedCorners: 5
11-21 20:34:16.509 4012 4012 D DecorView: semSetRoundedCorners: 5
11-21 20:34:16.524 4012 4012 D DecorView: semSetRoundedCorners: 5
11-21 20:34:16.540 4012 4012 D DecorView: semSetRoundedCorners: 5
11-21 20:34:16.557 4012 4012 D DecorView: semSetRoundedCorners: 5
11-21 20:34:16.575 4012 4012 D DecorView: semSetRoundedCorners: 5
11-21 20:34:16.592 4012 4012 D DecorView: semSetRoundedCorners: 5
11-21 20:34:16.609 4012 4012 D DecorView: semSetRoundedCorners: 5
11-21 20:34:16.625 4012 4012 D DecorView: semSetRoundedCorners: 5
11-21 20:34:16.643 4012 4012 D DecorView: semSetRoundedCorners: 5
11-21 20:34:16.660 4012 4012 D DecorView: semSetRoundedCorners: 5
11-21 20:34:16.674 4012 4012 D DecorView: semSetRoundedCorners: 5
11-21 20:34:16.692 4012 4012 D DecorView: semSetRoundedCorners: 5
11-21 20:34:16.710 4012 4012 D DecorView: semSetRoundedCorners: 5
11-21 20:34:16.724 4012 4012 D DecorView: semSetRoundedCorners: 5
11-21 20:34:16.744 4012 4012 D DecorView: semSetRoundedCorners: 5
11-21 20:34:16.758 4012 4012 D DecorView: semSetRoundedCorners: 5
11-21 20:34:16.775 4012 4012 D DecorView: semSetRoundedCorners: 5
11-21 20:34:16.792 4012 4012 D DecorView: semSetRoundedCorners: 5
11-21 20:34:16.809 4012 4012 D DecorView: semSetRoundedCorners: 5
11-21 20:34:16.827 4012 4012 D DecorView: semSetRoundedCorners: 5
11-21 20:34:16.844 4012 4012 D DecorView: semSetRoundedCorners: 5
11-21 20:34:16.861 4012 4012 D DecorView: semSetRoundedCorners: 5
11-21 20:34:16.877 4012 4012 D DecorView: semSetRoundedCorners: 5
11-21 20:34:16.893 4012 4012 D DecorView: semSetRoundedCorners: 5
11-21 20:34:16.911 4012 4012 D DecorView: semSetRoundedCorners: 5
11-21 20:34:16.926 4012 4012 D DecorView: semSetRoundedCorners: 5
11-21 20:34:16.947 4012 4012 D DecorView: semSetRoundedCorners: 5
11-21 20:34:16.966 4012 4012 D DecorView: semSetRoundedCorners: 5
11-21 20:34:16.989 4012 4012 D DecorView: semSetRoundedCorners: 5
11-21 20:34:17.001 4012 4012 D DecorView: semSetRoundedCorners: 5
11-21 20:34:17.015 4012 4012 D DecorView: semSetRoundedCorners: 5
11-21 20:34:17.028 4012 4012 D DecorView: semSetRoundedCorners: 5
11-21 20:34:17.044 4012 4012 D DecorView: semSetRoundedCorners: 5
11-21 20:34:17.062 4012 4012 D DecorView: semSetRoundedCorners: 5
11-21 20:34:17.077 4012 4012 D DecorView: semSetRoundedCorners: 5
11-21 20:34:17.094 4012 4012 D DecorView: semSetRoundedCorners: 5
11-21 20:34:17.109 4012 4012 D DecorView: semSetRoundedCorners: 5
11-21 20:34:17.127 4012 4012 D DecorView: semSetRoundedCorners: 5
11-21 20:34:17.146 4012 4012 D DecorView: semSetRoundedCorners: 5
11-21 20:34:17.162 4012 4012 D DecorView: semSetRoundedCorners: 5
11-21 20:34:17.177 4012 4012 D DecorView: semSetRoundedCorners: 5
11-21 20:34:17.179 4012 5465 I AXL : [IsModelLoaded] iModelID: 244
11-21 20:34:17.179 4012 5465 I AXL : IsModelLoaded true!
11-21 20:34:17.179 4012 5465 I AXL : CreatePickup(1239, 23, 477, 1233, 12)
11-21 20:34:17.179 4012 5465 I AXL : [IsModelLoaded] iModelID: 1239
11-21 20:34:17.179 4012 5465 I AXL : IsModelLoaded true!
11-21 20:34:17.179 4012 5465 I AXL : CreatePickup(1318, 23, 291, 986, 12)
11-21 20:34:17.179 4012 5465 I AXL : [IsModelLoaded] iModelID: 1318
11-21 20:34:17.179 4012 5465 I AXL : IsModelLoaded true!
11-21 20:34:17.194 4012 4012 D DecorView: semSetRoundedCorners: 5
11-21 20:34:17.212 4012 4012 D DecorView: semSetRoundedCorners: 5
11-21 20:34:17.228 4012 4012 D DecorView: semSetRoundedCorners: 5
11-21 20:34:17.244 4012 4012 D DecorView: semSetRoundedCorners: 5
11-21 20:34:17.260 4012 5465 I AXL : RPC: ScrVehicleParamsEx
11-21 20:34:17.262 4012 4012 D DecorView: semSetRoundedCorners: 5
11-21 20:34:17.281 4012 4012 D DecorView: semSetRoundedCorners: 5
11-21 20:34:17.296 4012 4012 D DecorView: semSetRoundedCorners: 5
11-21 20:34:17.312 4012 4012 D DecorView: semSetRoundedCorners: 5
11-21 20:34:17.327 4012 4012 D DecorView: semSetRoundedCorners: 5
11-21 20:34:17.346 4012 4012 D DecorView: semSetRoundedCorners: 5
11-21 20:34:17.362 4012 4012 D DecorView: semSetRoundedCorners: 5
11-21 20:34:17.379 4012 4012 D DecorView: semSetRoundedCorners: 5
11-21 20:34:17.397 4012 4012 D DecorView: semSetRoundedCorners: 5
11-21 20:34:17.413 4012 4012 D DecorView: semSetRoundedCorners: 5
11-21 20:34:17.429 4012 4012 D DecorView: semSetRoundedCorners: 5
11-21 20:34:17.446 4012 4012 D DecorView: semSetRoundedCorners: 5
11-21 20:34:17.462 4012 4012 D DecorView: semSetRoundedCorners: 5
11-21 20:34:17.479 4012 4012 D DecorView: semSetRoundedCorners: 5
11-21 20:34:17.495 4012 4012 D DecorView: semSetRoundedCorners: 5
11-21 20:34:17.512 4012 4012 D DecorView: semSetRoundedCorners: 5
11-21 20:34:17.530 4012 4012 D DecorView: semSetRoundedCorners: 5
11-21 20:34:17.546 4012 4012 D DecorView: semSetRoundedCorners: 5
11-21 20:34:17.561 4012 5465 I AXL : RPC: ScrSetPlayerColor
11-21 20:34:17.563 4012 4012 D DecorView: semSetRoundedCorners: 5
11-21 20:34:17.579 4012 4012 D DecorView: semSetRoundedCorners: 5
11-21 20:34:17.596 4012 4012 D DecorView: semSetRoundedCorners: 5
11-21 20:34:17.611 4012 4012 D DecorView: semSetRoundedCorners: 5
11-21 20:34:17.629 4012 4012 D DecorView: semSetRoundedCorners: 5
11-21 20:34:17.648 4012 4012 D DecorView: semSetRoundedCorners: 5
11-21 20:34:17.664 4012 4012 D DecorView: semSetRoundedCorners: 5
11-21 20:34:17.684 4012 4012 D DecorView: semSetRoundedCorners: 5
11-21 20:34:17.696 4012 4012 D DecorView: semSetRoundedCorners: 5
11-21 20:34:17.714 4012 4012 D DecorView: semSetRoundedCorners: 5
11-21 20:34:17.729 4012 4012 D DecorView: semSetRoundedCorners: 5
11-21 20:34:17.745 4012 4012 D DecorView: semSetRoundedCorners: 5
11-21 20:34:17.766 4012 4012 D DecorView: semSetRoundedCorners: 5
11-21 20:34:17.782 4012 4012 D DecorView: semSetRoundedCorners: 5
11-21 20:34:17.811 4012 4012 D DecorView: semSetRoundedCorners: 5
11-21 20:34:17.829 4012 4012 D DecorView: semSetRoundedCorners: 5
11-21 20:34:17.845 4012 4012 D DecorView: semSetRoundedCorners: 5
11-21 20:34:17.863 4012 4012 D DecorView: semSetRoundedCorners: 5
11-21 20:34:17.878 4012 4012 D DecorView: semSetRoundedCorners: 5
11-21 20:34:17.896 4012 4012 D DecorView: semSetRoundedCorners: 5
11-21 20:34:17.912 4012 4012 D DecorView: semSetRoundedCorners: 5
11-21 20:34:17.928 4012 4012 D DecorView: semSetRoundedCorners: 5
11-21 20:34:17.945 4012 4012 D DecorView: semSetRoundedCorners: 5
11-21 20:34:17.964 4012 4012 D DecorView: semSetRoundedCorners: 5
11-21 20:34:17.980 4012 4012 D DecorView: semSetRoundedCorners: 5
11-21 20:34:17.996 4012 4012 D DecorView: semSetRoundedCorners: 5
11-21 20:34:18.012 4012 4012 D DecorView: semSetRoundedCorners: 5
11-21 20:34:18.029 4012 4012 D DecorView: semSetRoundedCorners: 5
11-21 20:34:18.046 4012 4012 D DecorView: semSetRoundedCorners: 5
11-21 20:34:18.064 4012 4012 D DecorView: semSetRoundedCorners: 5
11-21 20:34:18.080 4012 4012 D DecorView: semSetRoundedCorners: 5
11-21 20:34:18.096 4012 4012 D DecorView: semSetRoundedCorners: 5
11-21 20:34:18.114 4012 4012 D DecorView: semSetRoundedCorners: 5
11-21 20:34:18.130 4012 4012 D DecorView: semSetRoundedCorners: 5
11-21 20:34:18.146 4012 4012 D DecorView: semSetRoundedCorners: 5
11-21 20:34:18.165 4012 4012 D DecorView: semSetRoundedCorners: 5
11-21 20:34:18.182 4012 4012 D DecorView: semSetRoundedCorners: 5
11-21 20:34:18.196 4012 4012 D DecorView: semSetRoundedCorners: 5
11-21 20:34:18.215 4012 4012 D DecorView: semSetRoundedCorners: 5
11-21 20:34:18.230 4012 4012 D DecorView: semSetRoundedCorners: 5
11-21 20:34:18.246 4012 4012 D DecorView: semSetRoundedCorners: 5
11-21 20:34:18.264 4012 4012 D DecorView: semSetRoundedCorners: 5
11-21 20:34:18.280 4012 4012 D DecorView: semSetRoundedCorners: 5
11-21 20:34:18.298 4012 4012 D DecorView: semSetRoundedCorners: 5
11-21 20:34:18.314 4012 4012 D DecorView: semSetRoundedCorners: 5
11-21 20:34:18.331 4012 4012 D DecorView: semSetRoundedCorners: 5
11-21 20:34:18.348 4012 4012 D DecorView: semSetRoundedCorners: 5
11-21 20:34:18.366 4012 4012 D DecorView: semSetRoundedCorners: 5
11-21 20:34:18.381 4012 4012 D DecorView: semSetRoundedCorners: 5
11-21 20:34:18.398 4012 4012 D DecorView: semSetRoundedCorners: 5
11-21 20:34:18.414 4012 4012 D DecorView: semSetRoundedCorners: 5
11-21 20:34:18.432 4012 4012 D DecorView: semSetRoundedCorners: 5
11-21 20:34:18.449 4012 4012 D DecorView: semSetRoundedCorners: 5
11-21 20:34:18.465 4012 4012 D DecorView: semSetRoundedCorners: 5
11-21 20:34:18.482 4012 4012 D DecorView: semSetRoundedCorners: 5
11-21 20:34:18.499 4012 4012 D DecorView: semSetRoundedCorners: 5
11-21 20:34:18.514 4012 4012 D DecorView: semSetRoundedCorners: 5
11-21 20:34:18.530 4012 4012 D DecorView: semSetRoundedCorners: 5
11-21 20:34:18.548 4012 4012 D DecorView: semSetRoundedCorners: 5
11-21 20:34:18.565 4012 4012 D DecorView: semSetRoundedCorners: 5
11-21 20:34:18.583 4012 4012 D DecorView: semSetRoundedCorners: 5
11-21 20:34:18.598 4012 4012 D DecorView: semSetRoundedCorners: 5
11-21 20:34:18.615 4012 4012 D DecorView: semSetRoundedCorners: 5
11-21 20:34:18.631 4012 4012 D DecorView: semSetRoundedCorners: 5
11-21 20:34:18.648 4012 4012 D DecorView: semSetRoundedCorners: 5
11-21 20:34:18.665 4012 4012 D DecorView: semSetRoundedCorners: 5
11-21 20:34:18.682 4012 4012 D DecorView: semSetRoundedCorners: 5
11-21 20:34:18.699 4012 4012 D DecorView: semSetRoundedCorners: 5
11-21 20:34:18.718 4012 4012 D DecorView: semSetRoundedCorners: 5
11-21 20:34:18.732 4012 4012 D DecorView: semSetRoundedCorners: 5
11-21 20:34:18.749 4012 4012 D DecorView: semSetRoundedCorners: 5
11-21 20:34:18.771 4012 4012 D DecorView: semSetRoundedCorners: 5
11-21 20:34:18.783 4012 4012 D DecorView: semSetRoundedCorners: 5
11-21 20:34:18.798 4012 4012 D DecorView: semSetRoundedCorners: 5
11-21 20:34:18.815 4012 4012 D DecorView: semSetRoundedCorners: 5
11-21 20:34:18.832 4012 4012 D DecorView: semSetRoundedCorners: 5
11-21 20:34:18.848 4012 4012 D DecorView: semSetRoundedCorners: 5
11-21 20:34:18.865 4012 4012 D DecorView: semSetRoundedCorners: 5
11-21 20:34:18.883 4012 4012 D DecorView: semSetRoundedCorners: 5
11-21 20:34:18.898 4012 4012 D DecorView: semSetRoundedCorners: 5
11-21 20:34:18.915 4012 4012 D DecorView: semSetRoundedCorners: 5
11-21 20:34:18.932 4012 4012 D DecorView: semSetRoundedCorners: 5
11-21 20:34:18.949 4012 4012 D DecorView: semSetRoundedCorners: 5
11-21 20:34:18.965 4012 4012 D DecorView: semSetRoundedCorners: 5
11-21 20:34:18.983 4012 4012 D DecorView: semSetRoundedCorners: 5
11-21 20:34:18.999 4012 4012 D DecorView: semSetRoundedCorners: 5
11-21 20:34:19.016 4012 4012 D DecorView: semSetRoundedCorners: 5
11-21 20:34:19.032 4012 4012 D DecorView: semSetRoundedCorners: 5
11-21 20:34:19.049 4012 4012 D DecorView: semSetRoundedCorners: 5
11-21 20:34:19.066 4012 4012 D DecorView: semSetRoundedCorners: 5
11-21 20:34:19.083 4012 4012 D DecorView: semSetRoundedCorners: 5
11-21 20:34:19.099 4012 4012 D DecorView: semSetRoundedCorners: 5
11-21 20:34:19.116 4012 4012 D DecorView: semSetRoundedCorners: 5
11-21 20:34:19.133 4012 4012 D DecorView: semSetRoundedCorners: 5
11-21 20:34:19.150 4012 4012 D DecorView: semSetRoundedCorners: 5
11-21 20:34:19.166 4012 4012 D DecorView: semSetRoundedCorners: 5
11-21 20:34:19.183 4012 4012 D DecorView: semSetRoundedCorners: 5
11-21 20:34:19.201 4012 4012 D DecorView: semSetRoundedCorners: 5
11-21 20:34:19.216 4012 4012 D DecorView: semSetRoundedCorners: 5
11-21 20:34:19.233 4012 4012 D DecorView: semSetRoundedCorners: 5
11-21 20:34:19.249 4012 4012 D DecorView: semSetRoundedCorners: 5
11-21 20:34:19.266 4012 4012 D DecorView: semSetRoundedCorners: 5
11-21 20:34:19.280 4012 5465 I AXL : RPC: ScrVehicleParamsEx
11-21 20:34:19.284 4012 4012 D DecorView: semSetRoundedCorners: 5
11-21 20:34:19.300 4012 4012 D DecorView: semSetRoundedCorners: 5
11-21 20:34:19.317 4012 4012 D DecorView: semSetRoundedCorners: 5
11-21 20:34:19.333 4012 4012 D DecorView: semSetRoundedCorners: 5
11-21 20:34:19.350 4012 4012 D DecorView: semSetRoundedCorners: 5
11-21 20:34:19.366 4012 4012 D DecorView: semSetRoundedCorners: 5
11-21 20:34:19.375 4012 4012 I ViewRootImpl@fb83006[GTASA]: ViewPostIme pointer 1
11-21 20:34:19.383 4012 4012 D DecorView: semSetRoundedCorners: 5
11-21 20:34:19.400 4012 4012 D DecorView: semSetRoundedCorners: 5
11-21 20:34:19.416 4012 4012 D DecorView: semSetRoundedCorners: 5
11-21 20:34:19.433 4012 4012 D DecorView: semSetRoundedCorners: 5
11-21 20:34:19.450 4012 4012 D DecorView: semSetRoundedCorners: 5
11-21 20:34:19.466 4012 4012 D DecorView: semSetRoundedCorners: 5
11-21 20:34:19.483 4012 4012 D DecorView: semSetRoundedCorners: 5
11-21 20:34:19.500 4012 4012 D DecorView: semSetRoundedCorners: 5
11-21 20:34:19.517 4012 4012 D DecorView: semSetRoundedCorners: 5
11-21 20:34:19.534 4012 4012 D DecorView: semSetRoundedCorners: 5
11-21 20:34:19.550 4012 4012 D DecorView: semSetRoundedCorners: 5
11-21 20:34:19.567 4012 4012 D DecorView: semSetRoundedCorners: 5
11-21 20:34:19.584 4012 4012 D DecorView: semSetRoundedCorners: 5
11-21 20:34:19.600 4012 4012 D DecorView: semSetRoundedCorners: 5
11-21 20:34:19.617 4012 4012 D DecorView: semSetRoundedCorners: 5
11-21 20:34:19.634 4012 4012 D DecorView: semSetRoundedCorners: 5
11-21 20:34:19.647 4012 5465 I AXL : [IsModelLoaded] iModelID: 551
11-21 20:34:19.647 4012 5465 I AXL : IsModelLoaded true!
11-21 20:34:19.648 4012 5465 I AXL : Removing from vehicle..
11-21 20:34:19.648 4012 5465 I AXL : Setting flag state..
11-21 20:34:19.648 4012 5465 I AXL : Calling destructor..
11-21 20:34:19.648 4012 5465 I AXL : PlayerPed Destroyed
11-21 20:34:19.650 4012 4012 D DecorView: semSetRoundedCorners: 5
11-21 20:34:19.667 4012 4012 D DecorView: semSetRoundedCorners: 5
11-21 20:34:19.684 4012 4012 D DecorView: semSetRoundedCorners: 5
11-21 20:34:19.701 4012 4012 D DecorView: semSetRoundedCorners: 5
11-21 20:34:19.717 4012 4012 D DecorView: semSetRoundedCorners: 5
11-21 20:34:19.730 4012 5465 I AXL : RPC: ScrSetPlayerColor
11-21 20:34:19.734 4012 4012 D DecorView: semSetRoundedCorners: 5
11-21 20:34:19.751 4012 4012 D DecorView: semSetRoundedCorners: 5
11-21 20:34:19.767 4012 4012 D DecorView: semSetRoundedCorners: 5
11-21 20:34:19.775 4012 4012 I ViewRootImpl@fb83006[GTASA]: ViewPostIme pointer 0
11-21 20:34:19.784 4012 4012 D DecorView: semSetRoundedCorners: 5
11-21 20:34:19.801 4012 4012 D DecorView: semSetRoundedCorners: 5
11-21 20:34:19.818 4012 4012 D DecorView: semSetRoundedCorners: 5
11-21 20:34:19.835 4012 4012 D DecorView: semSetRoundedCorners: 5
11-21 20:34:19.852 4012 4012 D DecorView: semSetRoundedCorners: 5
11-21 20:34:19.868 4012 4012 D DecorView: semSetRoundedCorners: 5
11-21 20:34:19.885 4012 4012 D DecorView: semSetRoundedCorners: 5
11-21 20:34:19.902 4012 4012 D DecorView: semSetRoundedCorners: 5
11-21 20:34:19.918 4012 4012 D DecorView: semSetRoundedCorners: 5
11-21 20:34:19.935 4012 4012 D DecorView: semSetRoundedCorners: 5
11-21 20:34:19.952 4012 4012 D DecorView: semSetRoundedCorners: 5
11-21 20:34:19.968 4012 4012 D DecorView: semSetRoundedCorners: 5
11-21 20:34:19.985 4012 4012 D DecorView: semSetRoundedCorners: 5
11-21 20:34:20.002 4012 4012 D DecorView: semSetRoundedCorners: 5
11-21 20:34:20.019 4012 4012 D DecorView: semSetRoundedCorners: 5
11-21 20:34:20.036 4012 4012 D DecorView: semSetRoundedCorners: 5
11-21 20:34:20.052 4012 4012 D DecorView: semSetRoundedCorners: 5
11-21 20:34:20.069 4012 4012 D DecorView: semSetRoundedCorners: 5
11-21 20:34:20.086 4012 4012 D DecorView: semSetRoundedCorners: 5
11-21 20:34:20.102 4012 4012 D DecorView: semSetRoundedCorners: 5
11-21 20:34:20.119 4012 4012 D DecorView: semSetRoundedCorners: 5
11-21 20:34:20.136 4012 4012 D DecorView: semSetRoundedCorners: 5
11-21 20:34:20.147 4012 5465 I AXL : RPC: ScrSetPlayerColor
11-21 20:34:20.153 4012 4012 D DecorView: semSetRoundedCorners: 5
11-21 20:34:20.169 4012 4012 D DecorView: semSetRoundedCorners: 5
11-21 20:34:20.186 4012 4012 D DecorView: semSetRoundedCorners: 5
11-21 20:34:20.203 4012 4012 D DecorView: semSetRoundedCorners: 5
11-21 20:34:20.219 4012 4012 D DecorView: semSetRoundedCorners: 5
11-21 20:34:20.236 4012 4012 D DecorView: semSetRoundedCorners: 5
11-21 20:34:20.253 4012 4012 D DecorView: semSetRoundedCorners: 5
11-21 20:34:20.269 4012 4012 D DecorView: semSetRoundedCorners: 5
11-21 20:34:20.273 4012 4012 I ViewRootImpl@fb83006[GTASA]: ViewPostIme pointer 1
11-21 20:34:20.286 4012 4012 D DecorView: semSetRoundedCorners: 5
11-21 20:34:20.303 4012 4012 D DecorView: semSetRoundedCorners: 5
11-21 20:34:20.319 4012 4012 D DecorView: semSetRoundedCorners: 5
11-21 20:34:20.336 4012 4012 D DecorView: semSetRoundedCorners: 5
11-21 20:34:20.353 4012 4012 D DecorView: semSetRoundedCorners: 5
11-21 20:34:20.370 4012 4012 D DecorView: semSetRoundedCorners: 5
11-21 20:34:20.376 4012 4012 I ViewRootImpl@fb83006[GTASA]: ViewPostIme pointer 0
11-21 20:34:20.386 4012 4012 D DecorView: semSetRoundedCorners: 5
11-21 20:34:20.403 4012 4012 D DecorView: semSetRoundedCorners: 5
11-21 20:34:20.420 4012 4012 D DecorView: semSetRoundedCorners: 5
11-21 20:34:20.437 4012 4012 D DecorView: semSetRoundedCorners: 5
11-21 20:34:20.453 4012 4012 D DecorView: semSetRoundedCorners: 5
11-21 20:34:20.470 4012 4012 D DecorView: semSetRoundedCorners: 5
11-21 20:34:20.487 4012 4012 D DecorView: semSetRoundedCorners: 5
11-21 20:34:20.493 4012 4012 I SurfaceControl: nativeRelease nativeObject
s[1989925136]
11-21 20:34:20.493 4012 4012 I SurfaceControl: nativeRelease nativeObject
e[1989925136]
11-21 20:34:20.493 4012 4012 I SurfaceControl: nativeRelease nativeObject
s[1989905536]
11-21 20:34:20.493 4012 4012 I SurfaceControl: nativeRelease nativeObject
e[1989905536]
11-21 20:34:20.493 4012 4012 I SurfaceControl: nativeRelease nativeObject
s[2294518304]
11-21 20:34:20.493 4012 4012 I SurfaceControl: nativeRelease nativeObject
e[2294518304]
11-21 20:34:20.518 4012 4012 I ViewRootImpl@fb83006[GTASA]: ViewPostIme pointer 1
11-21 20:34:20.521 4012 4012 D DecorView: semSetRoundedCorners: 5
11-21 20:34:20.537 4012 4012 D DecorView: semSetRoundedCorners: 5
11-21 20:34:20.619 4012 4012 D DecorView: semSetRoundedCorners: 5
11-21 20:34:20.962 4012 4012 I SurfaceControl: nativeRelease nativeObject
s[3038420016]
11-21 20:34:20.962 4012 4012 I SurfaceControl: nativeRelease nativeObject
e[3038420016]
11-21 20:34:20.974 4012 4012 I ViewRootImpl@fb83006[GTASA]:
MSG_WINDOW_FOCUS_CHANGED 0 1
11-21 20:34:20.986 4012 4012 D DecorView: semSetRoundedCorners: 5
11-21 20:34:21.215 4012 4012 I ViewRootImpl@1f5c19f[PopupWindow:6510ac0]:
MSG_RESIZED: frame=(76,63,76,1041) ci=(0,0,0,0) vi=(0,0,0,0) or=2
11-21 20:34:21.215 4012 4012 I ViewRootImpl@1f5c19f[PopupWindow:6510ac0]: 1)
Force to draw a frame when frame become empty from non-empty
11-21 20:34:21.228 4012 4012 I SurfaceControl: nativeRelease nativeObject
s[3038333056]
11-21 20:34:21.228 4012 4012 I SurfaceControl: nativeRelease nativeObject
e[3038333056]
11-21 20:34:21.229 4012 4012 I SurfaceControl: assignNativeObject: nativeObject =
0 Surface(name=null)/@0x12bb816 / android.view.SurfaceControl.readFromParcel:1117
android.view.IWindowSession$Stub$Proxy.relayout:1820
android.view.ViewRootImpl.relayoutWindow:9005
android.view.ViewRootImpl.performTraversals:3360
android.view.ViewRootImpl.doTraversal:2618
android.view.ViewRootImpl$TraversalRunnable.run:9971
android.view.Choreographer$CallbackRecord.run:1010
android.view.Choreographer.doCallbacks:809 android.view.Choreographer.doFrame:744
android.view.Choreographer$FrameDisplayEventReceiver.run:995
11-21 20:34:21.229 4012 4012 I ViewRootImpl@1f5c19f[PopupWindow:6510ac0]:
Relayout returned: old=(76,63,76,1041) new=(76,63,76,1041) req=(0,978)0 dur=6
res=0x21 s={true 3848409344} ch=false fn=44
11-21 20:34:21.230 4012 4012 I ViewRootImpl@1f5c19f[PopupWindow:6510ac0]: Force
to draw even when frame is empty
11-21 20:34:25.089 4012 4012 I SurfaceControl: nativeRelease nativeObject
s[2716892352]
11-21 20:34:25.089 4012 4012 I SurfaceControl: nativeRelease nativeObject
e[2716892352]
11-21 20:34:25.139 4012 4012 I ViewRootImpl@1f5c19f[PopupWindow:6510ac0]:
MSG_RESIZED: frame=(76,0,76,1041) ci=(0,0,0,0) vi=(0,0,0,0) or=2
11-21 20:34:25.139 4012 4012 I ViewRootImpl@1f5c19f[PopupWindow:6510ac0]: 1)
Force to draw a frame when frame become empty from non-empty
11-21 20:34:25.140 4012 4012 I ViewRootImpl@fb83006[GTASA]:
MSG_WINDOW_FOCUS_CHANGED 1 1
11-21 20:34:25.140 4012 4012 D InputMethodManager: prepareNavigationBarInfo()
DecorView@1d6074b[GTASA]
11-21 20:34:25.140 4012 4012 D InputMethodManager: getNavigationBarColor() -
16711423
11-21 20:34:25.142 4012 4012 D InputMethodManager: prepareNavigationBarInfo()
DecorView@1d6074b[GTASA]
11-21 20:34:25.143 4012 4012 D InputMethodManager: getNavigationBarColor() -
16711423
11-21 20:34:25.143 4012 4012 V InputMethodManager: Starting input:
tba=ru.stepdev.crimemobile ic=null mNaviBarColor -16711423
mIsGetNaviBarColorSuccess true , NavVisible : false , NavTrans : false
11-21 20:34:25.143 4012 4012 D InputMethodManager: startInputInner - Id : 0
11-21 20:34:25.143 4012 4012 I InputMethodManager: startInputInner -
mService.startInputOrWindowGainedFocus
11-21 20:34:25.153 4012 4012 D InputTransport: Input channel constructed:
'ClientS', fd=165
11-21 20:34:25.153 4012 4012 D InputTransport: Input channel destroyed:
'ClientS', fd=109
11-21 20:34:25.177 4012 4012 I SurfaceControl: nativeRelease nativeObject
s[3038420016]
11-21 20:34:25.177 4012 4012 I SurfaceControl: nativeRelease nativeObject
e[3038420016]
11-21 20:34:25.177 4012 4012 I SurfaceControl: assignNativeObject: nativeObject =
0 Surface(name=null)/@0x12bb816 / android.view.SurfaceControl.readFromParcel:1117
android.view.IWindowSession$Stub$Proxy.relayout:1820
android.view.ViewRootImpl.relayoutWindow:9005
android.view.ViewRootImpl.performTraversals:3360
android.view.ViewRootImpl.doTraversal:2618
android.view.ViewRootImpl$TraversalRunnable.run:9971
android.view.Choreographer$CallbackRecord.run:1010
android.view.Choreographer.doCallbacks:809 android.view.Choreographer.doFrame:744
android.view.Choreographer$FrameDisplayEventReceiver.run:995
11-21 20:34:25.177 4012 4012 I ViewRootImpl@1f5c19f[PopupWindow:6510ac0]: 1)
Force to draw a frame when frame become empty from non-empty
11-21 20:34:25.179 4012 4012 I ViewRootImpl@1f5c19f[PopupWindow:6510ac0]:
Relayout returned: old=(76,0,76,1041) new=(76,0,76,1080) req=(0,1041)0 dur=23
res=0x21 s={true 3848409344} ch=false fn=45
11-21 20:34:25.192 4012 4012 I ViewRootImpl@1f5c19f[PopupWindow:6510ac0]: Force
to draw even when frame is empty
11-21 20:34:25.194 4012 4012 D DecorView: semSetRoundedCorners: 5
11-21 20:34:25.321 4012 4012 I ViewRootImpl@fb83006[GTASA]: ViewPostIme pointer 0
11-21 20:34:25.389 4012 4012 I ViewRootImpl@fb83006[GTASA]: ViewPostIme pointer 1
11-21 20:34:25.455 4012 5437 I SurfaceControl: nativeRelease nativeObject
s[2716892352]
11-21 20:34:25.455 4012 5437 I SurfaceControl: nativeRelease nativeObject
e[2716892352]
11-21 20:34:25.457 4012 5437 I SurfaceControl: nativeRelease nativeObject
s[1989905536]
11-21 20:34:25.457 4012 5437 I SurfaceControl: nativeRelease nativeObject
e[1989905536]
11-21 20:34:25.529 4012 5465 I AXL : [IsModelLoaded] iModelID: 119
11-21 20:34:25.529 4012 5465 I AXL : IsModelLoaded true!
11-21 20:34:25.539 4012 4012 D DecorView: semSetRoundedCorners: 5
11-21 20:34:25.568 4012 4012 D DecorView: semSetRoundedCorners: 5
11-21 20:34:25.608 4012 4012 D DecorView: semSetRoundedCorners: 5
11-21 20:34:25.624 4012 4012 D DecorView: semSetRoundedCorners: 5
11-21 20:34:25.669 4012 4012 D DecorView: semSetRoundedCorners: 5
11-21 20:34:25.686 4012 4012 D DecorView: semSetRoundedCorners: 5
11-21 20:34:25.703 4012 4012 D DecorView: semSetRoundedCorners: 5
11-21 20:34:25.723 4012 4012 D DecorView: semSetRoundedCorners: 5
11-21 20:34:25.740 4012 4012 D DecorView: semSetRoundedCorners: 5
11-21 20:34:25.746 4012 4012 I ViewRootImpl@fb83006[GTASA]: ViewPostIme pointer 0
11-21 20:34:25.770 4012 4012 D DecorView: semSetRoundedCorners: 5
11-21 20:34:25.791 4012 4012 D DecorView: semSetRoundedCorners: 5
11-21 20:34:25.820 4012 4012 D DecorView: semSetRoundedCorners: 5
11-21 20:34:25.836 4012 4012 D DecorView: semSetRoundedCorners: 5
11-21 20:34:25.853 4012 4012 D DecorView: semSetRoundedCorners: 5
11-21 20:34:25.873 4012 4012 D DecorView: semSetRoundedCorners: 5
11-21 20:34:25.887 4012 4012 D DecorView: semSetRoundedCorners: 5
11-21 20:34:25.924 4012 4012 D DecorView: semSetRoundedCorners: 5
11-21 20:34:25.937 4012 4012 D DecorView: semSetRoundedCorners: 5
11-21 20:34:25.957 4012 4012 D DecorView: semSetRoundedCorners: 5
11-21 20:34:25.970 4012 4012 D DecorView: semSetRoundedCorners: 5
11-21 20:34:25.992 4012 4012 D DecorView: semSetRoundedCorners: 5
11-21 20:34:26.010 4012 4012 D DecorView: semSetRoundedCorners: 5
11-21 20:34:26.028 4012 4012 D DecorView: semSetRoundedCorners: 5
11-21 20:34:26.042 4012 4012 D DecorView: semSetRoundedCorners: 5
11-21 20:34:26.060 4012 4012 D DecorView: semSetRoundedCorners: 5
11-21 20:34:26.071 4012 4012 D DecorView: semSetRoundedCorners: 5
11-21 20:34:26.082 4012 4012 I ViewRootImpl@fb83006[GTASA]: ViewPostIme pointer 1
11-21 20:34:26.088 4012 4012 D DecorView: semSetRoundedCorners: 5
11-21 20:34:26.121 4012 4012 D DecorView: semSetRoundedCorners: 5
11-21 20:34:26.138 4012 4012 D DecorView: semSetRoundedCorners: 5
11-21 20:34:26.154 4012 4012 D DecorView: semSetRoundedCorners: 5
11-21 20:34:26.174 4012 4012 D DecorView: semSetRoundedCorners: 5
11-21 20:34:26.187 4012 4012 D DecorView: semSetRoundedCorners: 5
11-21 20:34:26.204 4012 4012 D DecorView: semSetRoundedCorners: 5
11-21 20:34:26.220 4012 4012 D DecorView: semSetRoundedCorners: 5
11-21 20:34:26.237 4012 4012 D DecorView: semSetRoundedCorners: 5
11-21 20:34:26.254 4012 4012 D DecorView: semSetRoundedCorners: 5
11-21 20:34:26.270 4012 4012 D DecorView: semSetRoundedCorners: 5
11-21 20:34:26.287 4012 4012 D DecorView: semSetRoundedCorners: 5
11-21 20:34:26.305 4012 4012 D DecorView: semSetRoundedCorners: 5
11-21 20:34:26.309 4012 4012 I ViewRootImpl@fb83006[GTASA]: ViewPostIme pointer 0
11-21 20:34:26.322 4012 4012 D DecorView: semSetRoundedCorners: 5
11-21 20:34:26.341 4012 4012 D DecorView: semSetRoundedCorners: 5
11-21 20:34:26.355 4012 4012 D DecorView: semSetRoundedCorners: 5
11-21 20:34:26.371 4012 4012 D DecorView: semSetRoundedCorners: 5
11-21 20:34:26.388 4012 4012 D DecorView: semSetRoundedCorners: 5
11-21 20:34:26.405 4012 4012 D DecorView: semSetRoundedCorners: 5
11-21 20:34:26.421 4012 4012 D DecorView: semSetRoundedCorners: 5
11-21 20:34:26.439 4012 4012 D DecorView: semSetRoundedCorners: 5
11-21 20:34:26.455 4012 4012 D DecorView: semSetRoundedCorners: 5
11-21 20:34:26.471 4012 4012 D DecorView: semSetRoundedCorners: 5
11-21 20:34:26.488 4012 4012 D DecorView: semSetRoundedCorners: 5
11-21 20:34:26.505 4012 4012 D DecorView: semSetRoundedCorners: 5
11-21 20:34:26.524 4012 4012 D DecorView: semSetRoundedCorners: 5
11-21 20:34:26.539 4012 4012 D DecorView: semSetRoundedCorners: 5
11-21 20:34:26.555 4012 4012 D DecorView: semSetRoundedCorners: 5
11-21 20:34:26.573 4012 4012 D DecorView: semSetRoundedCorners: 5
11-21 20:34:26.589 4012 4012 D DecorView: semSetRoundedCorners: 5
11-21 20:34:26.605 4012 4012 D DecorView: semSetRoundedCorners: 5
11-21 20:34:26.624 4012 4012 D DecorView: semSetRoundedCorners: 5
11-21 20:34:26.644 4012 4012 D DecorView: semSetRoundedCorners: 5
11-21 20:34:26.657 4012 4012 D DecorView: semSetRoundedCorners: 5
11-21 20:34:26.673 4012 4012 D DecorView: semSetRoundedCorners: 5
11-21 20:34:26.691 4012 4012 D DecorView: semSetRoundedCorners: 5
11-21 20:34:26.706 4012 4012 D DecorView: semSetRoundedCorners: 5
11-21 20:34:26.723 4012 4012 D DecorView: semSetRoundedCorners: 5
11-21 20:34:26.739 4012 4012 D DecorView: semSetRoundedCorners: 5
11-21 20:34:26.756 4012 4012 D DecorView: semSetRoundedCorners: 5
11-21 20:34:26.772 4012 4012 D DecorView: semSetRoundedCorners: 5
11-21 20:34:26.776 4012 4012 I ViewRootImpl@fb83006[GTASA]: ViewPostIme pointer 1
11-21 20:34:26.789 4012 4012 D DecorView: semSetRoundedCorners: 5
11-21 20:34:26.806 4012 4012 D DecorView: semSetRoundedCorners: 5
11-21 20:34:26.822 4012 4012 D DecorView: semSetRoundedCorners: 5
11-21 20:34:26.839 4012 4012 D DecorView: semSetRoundedCorners: 5
11-21 20:34:26.856 4012 4012 D DecorView: semSetRoundedCorners: 5
11-21 20:34:26.865 4012 4012 I ViewRootImpl@fb83006[GTASA]: ViewPostIme pointer 0
11-21 20:34:26.873 4012 4012 D DecorView: semSetRoundedCorners: 5
11-21 20:34:26.891 4012 4012 D DecorView: semSetRoundedCorners: 5
11-21 20:34:26.910 4012 4012 D DecorView: semSetRoundedCorners: 5
11-21 20:34:26.924 4012 4012 D DecorView: semSetRoundedCorners: 5
11-21 20:34:26.948 4012 4012 D DecorView: semSetRoundedCorners: 5
11-21 20:34:26.957 4012 4012 D DecorView: semSetRoundedCorners: 5
11-21 20:34:26.977 4012 4012 D DecorView: semSetRoundedCorners: 5
11-21 20:34:26.994 4012 4012 D DecorView: semSetRoundedCorners: 5
11-21 20:34:26.997 4012 4012 I ViewRootImpl@fb83006[GTASA]: ViewPostIme pointer 1
11-21 20:34:27.007 4012 4012 D DecorView: semSetRoundedCorners: 5
11-21 20:34:27.025 4012 4012 D DecorView: semSetRoundedCorners: 5
11-21 20:34:27.040 4012 4012 D DecorView: semSetRoundedCorners: 5
11-21 20:34:27.057 4012 4012 D DecorView: semSetRoundedCorners: 5
11-21 20:34:27.075 4012 4012 D DecorView: semSetRoundedCorners: 5
11-21 20:34:27.091 4012 4012 D DecorView: semSetRoundedCorners: 5
11-21 20:34:27.107 4012 4012 D DecorView: semSetRoundedCorners: 5
11-21 20:34:27.126 4012 4012 D DecorView: semSetRoundedCorners: 5
11-21 20:34:27.140 4012 4012 D DecorView: semSetRoundedCorners: 5
11-21 20:34:27.157 4012 4012 D DecorView: semSetRoundedCorners: 5
11-21 20:34:27.174 4012 4012 D DecorView: semSetRoundedCorners: 5
11-21 20:34:27.190 4012 4012 D DecorView: semSetRoundedCorners: 5
11-21 20:34:27.207 4012 4012 D DecorView: semSetRoundedCorners: 5
11-21 20:34:27.224 4012 4012 D DecorView: semSetRoundedCorners: 5
11-21 20:34:27.241 4012 4012 D DecorView: semSetRoundedCorners: 5
11-21 20:34:27.258 4012 4012 D DecorView: semSetRoundedCorners: 5
11-21 20:34:27.275 4012 4012 D DecorView: semSetRoundedCorners: 5
11-21 20:34:27.291 4012 4012 D DecorView: semSetRoundedCorners: 5
11-21 20:34:27.307 4012 4012 D DecorView: semSetRoundedCorners: 5
11-21 20:34:27.324 4012 4012 D DecorView: semSetRoundedCorners: 5
11-21 20:34:27.342 4012 4012 D DecorView: semSetRoundedCorners: 5
11-21 20:34:27.358 4012 4012 D DecorView: semSetRoundedCorners: 5
11-21 20:34:27.375 4012 4012 D DecorView: semSetRoundedCorners: 5
11-21 20:34:27.392 4012 4012 D DecorView: semSetRoundedCorners: 5
11-21 20:34:27.408 4012 4012 D DecorView: semSetRoundedCorners: 5
11-21 20:34:27.425 4012 4012 D DecorView: semSetRoundedCorners: 5
11-21 20:34:27.441 4012 4012 D DecorView: semSetRoundedCorners: 5
11-21 20:34:27.458 4012 4012 D DecorView: semSetRoundedCorners: 5
11-21 20:34:27.474 4012 4012 D DecorView: semSetRoundedCorners: 5
11-21 20:34:27.491 4012 4012 D DecorView: semSetRoundedCorners: 5
11-21 20:34:27.508 4012 4012 D DecorView: semSetRoundedCorners: 5
11-21 20:34:27.525 4012 4012 D DecorView: semSetRoundedCorners: 5
11-21 20:34:27.542 4012 4012 D DecorView: semSetRoundedCorners: 5
11-21 20:34:27.559 4012 4012 D DecorView: semSetRoundedCorners: 5
11-21 20:34:27.575 4012 4012 D DecorView: semSetRoundedCorners: 5
11-21 20:34:27.592 4012 4012 D DecorView: semSetRoundedCorners: 5
11-21 20:34:27.609 4012 4012 D DecorView: semSetRoundedCorners: 5
11-21 20:34:27.625 4012 4012 D DecorView: semSetRoundedCorners: 5
11-21 20:34:27.643 4012 4012 D DecorView: semSetRoundedCorners: 5
11-21 20:34:27.659 4012 4012 D DecorView: semSetRoundedCorners: 5
11-21 20:34:27.676 4012 4012 D DecorView: semSetRoundedCorners: 5
11-21 20:34:27.692 4012 4012 D DecorView: semSetRoundedCorners: 5
11-21 20:34:27.709 4012 4012 D DecorView: semSetRoundedCorners: 5
11-21 20:34:27.725 4012 4012 D DecorView: semSetRoundedCorners: 5
11-21 20:34:27.742 4012 4012 D DecorView: semSetRoundedCorners: 5
11-21 20:34:27.759 4012 4012 D DecorView: semSetRoundedCorners: 5
11-21 20:34:27.777 4012 4012 D DecorView: semSetRoundedCorners: 5
11-21 20:34:27.794 4012 4012 D DecorView: semSetRoundedCorners: 5
11-21 20:34:27.810 4012 4012 D DecorView: semSetRoundedCorners: 5
11-21 20:34:27.826 4012 4012 D DecorView: semSetRoundedCorners: 5
11-21 20:34:27.842 4012 4012 D DecorView: semSetRoundedCorners: 5
11-21 20:34:27.859 4012 4012 D DecorView: semSetRoundedCorners: 5
11-21 20:34:27.876 4012 4012 D DecorView: semSetRoundedCorners: 5
11-21 20:34:27.893 4012 4012 D DecorView: semSetRoundedCorners: 5
11-21 20:34:27.910 4012 4012 D DecorView: semSetRoundedCorners: 5
11-21 20:34:27.926 4012 4012 D DecorView: semSetRoundedCorners: 5
11-21 20:34:27.944 4012 4012 D DecorView: semSetRoundedCorners: 5
11-21 20:34:27.960 4012 4012 D DecorView: semSetRoundedCorners: 5
11-21 20:34:27.977 4012 4012 D DecorView: semSetRoundedCorners: 5
11-21 20:34:27.993 4012 4012 D DecorView: semSetRoundedCorners: 5
11-21 20:34:28.010 4012 4012 D DecorView: semSetRoundedCorners: 5
11-21 20:34:28.026 4012 4012 D DecorView: semSetRoundedCorners: 5
11-21 20:34:28.043 4012 4012 D DecorView: semSetRoundedCorners: 5
11-21 20:34:28.061 4012 4012 D DecorView: semSetRoundedCorners: 5
11-21 20:34:28.076 4012 4012 D DecorView: semSetRoundedCorners: 5
11-21 20:34:28.094 4012 4012 D DecorView: semSetRoundedCorners: 5
11-21 20:34:28.111 4012 4012 D DecorView: semSetRoundedCorners: 5
11-21 20:34:28.127 4012 4012 D DecorView: semSetRoundedCorners: 5
11-21 20:34:28.144 4012 4012 D DecorView: semSetRoundedCorners: 5
11-21 20:34:28.161 4012 4012 D DecorView: semSetRoundedCorners: 5
11-21 20:34:28.178 4012 4012 D DecorView: semSetRoundedCorners: 5
11-21 20:34:28.194 4012 4012 D DecorView: semSetRoundedCorners: 5
11-21 20:34:28.211 4012 4012 D DecorView: semSetRoundedCorners: 5
11-21 20:34:28.227 4012 4012 D DecorView: semSetRoundedCorners: 5
11-21 20:34:28.244 4012 4012 D DecorView: semSetRoundedCorners: 5
11-21 20:34:28.261 4012 4012 D DecorView: semSetRoundedCorners: 5
11-21 20:34:28.278 4012 4012 D DecorView: semSetRoundedCorners: 5
11-21 20:34:28.295 4012 4012 D DecorView: semSetRoundedCorners: 5
11-21 20:34:28.312 4012 4012 D DecorView: semSetRoundedCorners: 5
11-21 20:34:28.328 4012 4012 D DecorView: semSetRoundedCorners: 5
11-21 20:34:28.344 4012 4012 D DecorView: semSetRoundedCorners: 5
11-21 20:34:28.361 4012 4012 D DecorView: semSetRoundedCorners: 5
11-21 20:34:28.379 4012 4012 D DecorView: semSetRoundedCorners: 5
11-21 20:34:28.395 4012 4012 D DecorView: semSetRoundedCorners: 5
11-21 20:34:28.412 4012 4012 D DecorView: semSetRoundedCorners: 5
11-21 20:34:28.428 4012 4012 D DecorView: semSetRoundedCorners: 5
11-21 20:34:28.445 4012 4012 D DecorView: semSetRoundedCorners: 5
11-21 20:34:28.462 4012 4012 D DecorView: semSetRoundedCorners: 5
11-21 20:34:28.478 4012 4012 D DecorView: semSetRoundedCorners: 5
11-21 20:34:28.496 4012 4012 D DecorView: semSetRoundedCorners: 5
11-21 20:34:28.512 4012 4012 D DecorView: semSetRoundedCorners: 5
11-21 20:34:28.528 4012 4012 D DecorView: semSetRoundedCorners: 5
11-21 20:34:28.545 4012 4012 D DecorView: semSetRoundedCorners: 5
11-21 20:34:28.562 4012 4012 D DecorView: semSetRoundedCorners: 5
11-21 20:34:28.579 4012 4012 D DecorView: semSetRoundedCorners: 5
11-21 20:34:28.596 4012 4012 D DecorView: semSetRoundedCorners: 5
11-21 20:34:28.613 4012 4012 D DecorView: semSetRoundedCorners: 5
11-21 20:34:28.629 4012 4012 D DecorView: semSetRoundedCorners: 5
11-21 20:34:28.646 4012 4012 D DecorView: semSetRoundedCorners: 5
11-21 20:34:28.662 4012 4012 D DecorView: semSetRoundedCorners: 5
11-21 20:34:28.679 4012 4012 D DecorView: semSetRoundedCorners: 5
11-21 20:34:28.696 4012 4012 D DecorView: semSetRoundedCorners: 5
11-21 20:34:28.713 4012 4012 D DecorView: semSetRoundedCorners: 5
11-21 20:34:28.729 4012 4012 D DecorView: semSetRoundedCorners: 5
11-21 20:34:28.746 4012 4012 D DecorView: semSetRoundedCorners: 5
11-21 20:34:28.762 4012 4012 D DecorView: semSetRoundedCorners: 5
11-21 20:34:28.780 4012 4012 D DecorView: semSetRoundedCorners: 5
11-21 20:34:28.796 4012 4012 D DecorView: semSetRoundedCorners: 5
11-21 20:34:28.813 4012 4012 D DecorView: semSetRoundedCorners: 5
11-21 20:34:28.829 4012 4012 D DecorView: semSetRoundedCorners: 5
11-21 20:34:28.846 4012 4012 D DecorView: semSetRoundedCorners: 5
11-21 20:34:28.879 4012 4012 D DecorView: semSetRoundedCorners: 5
11-21 20:34:28.896 4012 4012 D DecorView: semSetRoundedCorners: 5
11-21 20:34:28.913 4012 4012 D DecorView: semSetRoundedCorners: 5
11-21 20:34:28.930 4012 4012 D DecorView: semSetRoundedCorners: 5
11-21 20:34:28.947 4012 4012 D DecorView: semSetRoundedCorners: 5
11-21 20:34:28.963 4012 4012 D DecorView: semSetRoundedCorners: 5
11-21 20:34:28.980 4012 4012 D DecorView: semSetRoundedCorners: 5
11-21 20:34:28.997 4012 4012 D DecorView: semSetRoundedCorners: 5
11-21 20:34:29.014 4012 4012 D DecorView: semSetRoundedCorners: 5
11-21 20:34:29.030 4012 4012 D DecorView: semSetRoundedCorners: 5
11-21 20:34:29.046 4012 4012 D DecorView: semSetRoundedCorners: 5
11-21 20:34:29.064 4012 4012 D DecorView: semSetRoundedCorners: 5
11-21 20:34:29.080 4012 4012 D DecorView: semSetRoundedCorners: 5
11-21 20:34:29.097 4012 4012 D DecorView: semSetRoundedCorners: 5
11-21 20:34:29.114 4012 4012 D DecorView: semSetRoundedCorners: 5
11-21 20:34:29.131 4012 4012 D DecorView: semSetRoundedCorners: 5
11-21 20:34:29.147 4012 4012 D DecorView: semSetRoundedCorners: 5
11-21 20:34:29.164 4012 4012 D DecorView: semSetRoundedCorners: 5
11-21 20:34:29.181 4012 4012 D DecorView: semSetRoundedCorners: 5
11-21 20:34:29.197 4012 4012 D DecorView: semSetRoundedCorners: 5
11-21 20:34:29.214 4012 4012 D DecorView: semSetRoundedCorners: 5
11-21 20:34:29.231 4012 4012 D DecorView: semSetRoundedCorners: 5
11-21 20:34:29.248 4012 4012 D DecorView: semSetRoundedCorners: 5
11-21 20:34:29.264 4012 4012 D DecorView: semSetRoundedCorners: 5
11-21 20:34:29.281 4012 4012 D DecorView: semSetRoundedCorners: 5
11-21 20:34:29.298 4012 4012 D DecorView: semSetRoundedCorners: 5
11-21 20:34:29.314 4012 4012 D DecorView: semSetRoundedCorners: 5
11-21 20:34:29.332 4012 4012 D DecorView: semSetRoundedCorners: 5
11-21 20:34:29.348 4012 4012 D DecorView: semSetRoundedCorners: 5
11-21 20:34:29.365 4012 4012 D DecorView: semSetRoundedCorners: 5
11-21 20:34:29.382 4012 4012 D DecorView: semSetRoundedCorners: 5
11-21 20:34:29.398 4012 4012 D DecorView: semSetRoundedCorners: 5
11-21 20:34:29.416 4012 4012 D DecorView: semSetRoundedCorners: 5
11-21 20:34:29.432 4012 4012 D DecorView: semSetRoundedCorners: 5
11-21 20:34:29.448 4012 4012 D DecorView: semSetRoundedCorners: 5
11-21 20:34:29.465 4012 4012 D DecorView: semSetRoundedCorners: 5
11-21 20:34:29.482 4012 4012 D DecorView: semSetRoundedCorners: 5
11-21 20:34:29.499 4012 4012 D DecorView: semSetRoundedCorners: 5
11-21 20:34:29.515 4012 4012 D DecorView: semSetRoundedCorners: 5
11-21 20:34:29.532 4012 4012 D DecorView: semSetRoundedCorners: 5
11-21 20:34:29.548 4012 4012 D DecorView: semSetRoundedCorners: 5
11-21 20:34:29.565 4012 4012 D DecorView: semSetRoundedCorners: 5
11-21 20:34:29.582 4012 4012 D DecorView: semSetRoundedCorners: 5
11-21 20:34:29.599 4012 4012 D DecorView: semSetRoundedCorners: 5
11-21 20:34:29.616 4012 4012 D DecorView: semSetRoundedCorners: 5
11-21 20:34:29.633 4012 4012 D DecorView: semSetRoundedCorners: 5
11-21 20:34:29.649 4012 4012 D DecorView: semSetRoundedCorners: 5
11-21 20:34:29.665 4012 4012 D DecorView: semSetRoundedCorners: 5
11-21 20:34:29.682 4012 4012 D DecorView: semSetRoundedCorners: 5
11-21 20:34:29.699 4012 4012 D DecorView: semSetRoundedCorners: 5
11-21 20:34:29.716 4012 4012 D DecorView: semSetRoundedCorners: 5
11-21 20:34:29.733 4012 4012 D DecorView: semSetRoundedCorners: 5
11-21 20:34:29.749 4012 4012 D DecorView: semSetRoundedCorners: 5
11-21 20:34:29.766 4012 4012 D DecorView: semSetRoundedCorners: 5
11-21 20:34:29.784 4012 4012 D DecorView: semSetRoundedCorners: 5
11-21 20:34:29.799 4012 4012 D DecorView: semSetRoundedCorners: 5
11-21 20:34:29.817 4012 4012 D DecorView: semSetRoundedCorners: 5
11-21 20:34:29.834 4012 4012 D DecorView: semSetRoundedCorners: 5
11-21 20:34:29.850 4012 4012 D DecorView: semSetRoundedCorners: 5
11-21 20:34:29.866 4012 4012 D DecorView: semSetRoundedCorners: 5
11-21 20:34:29.883 4012 4012 D DecorView: semSetRoundedCorners: 5
11-21 20:34:29.899 4012 4012 D DecorView: semSetRoundedCorners: 5
11-21 20:34:29.917 4012 4012 D DecorView: semSetRoundedCorners: 5
11-21 20:34:29.929 4012 5465 I AXL : RPC: ScrSetPlayerColor
11-21 20:34:29.934 4012 4012 D DecorView: semSetRoundedCorners: 5
11-21 20:34:29.951 4012 4012 D DecorView: semSetRoundedCorners: 5
11-21 20:34:29.966 4012 4012 D DecorView: semSetRoundedCorners: 5
11-21 20:34:29.985 4012 4012 D DecorView: semSetRoundedCorners: 5
11-21 20:34:30.000 4012 4012 D DecorView: semSetRoundedCorners: 5
11-21 20:34:30.016 4012 4012 D DecorView: semSetRoundedCorners: 5
11-21 20:34:30.034 4012 4012 D DecorView: semSetRoundedCorners: 5
11-21 20:34:30.051 4012 4012 D DecorView: semSetRoundedCorners: 5
11-21 20:34:30.067 4012 4012 D DecorView: semSetRoundedCorners: 5
11-21 20:34:30.083 4012 4012 D DecorView: semSetRoundedCorners: 5
11-21 20:34:30.101 4012 4012 D DecorView: semSetRoundedCorners: 5
11-21 20:34:30.118 4012 4012 D DecorView: semSetRoundedCorners: 5
11-21 20:34:30.135 4012 4012 D DecorView: semSetRoundedCorners: 5
11-21 20:34:30.151 4012 4012 D DecorView: semSetRoundedCorners: 5
11-21 20:34:30.167 4012 4012 D DecorView: semSetRoundedCorners: 5
11-21 20:34:30.201 4012 4012 D DecorView: semSetRoundedCorners: 5
11-21 20:34:30.217 4012 4012 D DecorView: semSetRoundedCorners: 5
11-21 20:34:30.234 4012 4012 D DecorView: semSetRoundedCorners: 5
11-21 20:34:30.251 4012 4012 D DecorView: semSetRoundedCorners: 5
11-21 20:34:30.268 4012 4012 D DecorView: semSetRoundedCorners: 5
11-21 20:34:30.284 4012 4012 D DecorView: semSetRoundedCorners: 5
11-21 20:34:30.301 4012 4012 D DecorView: semSetRoundedCorners: 5
11-21 20:34:30.318 4012 4012 D DecorView: semSetRoundedCorners: 5
11-21 20:34:30.335 4012 4012 D DecorView: semSetRoundedCorners: 5
11-21 20:34:30.351 4012 4012 D DecorView: semSetRoundedCorners: 5
11-21 20:34:30.368 4012 4012 D DecorView: semSetRoundedCorners: 5
11-21 20:34:30.385 4012 4012 D DecorView: semSetRoundedCorners: 5
11-21 20:34:30.401 4012 4012 D DecorView: semSetRoundedCorners: 5
11-21 20:34:30.418 4012 4012 D DecorView: semSetRoundedCorners: 5
11-21 20:34:30.435 4012 4012 D DecorView: semSetRoundedCorners: 5
11-21 20:34:30.451 4012 4012 D DecorView: semSetRoundedCorners: 5
11-21 20:34:30.468 4012 4012 D DecorView: semSetRoundedCorners: 5
11-21 20:34:30.486 4012 4012 D DecorView: semSetRoundedCorners: 5
11-21 20:34:30.503 4012 4012 D DecorView: semSetRoundedCorners: 5
11-21 20:34:30.519 4012 4012 D DecorView: semSetRoundedCorners: 5
11-21 20:34:30.537 4012 4012 D DecorView: semSetRoundedCorners: 5
11-21 20:34:30.553 4012 4012 D DecorView: semSetRoundedCorners: 5
11-21 20:34:30.569 4012 4012 D DecorView: semSetRoundedCorners: 5
11-21 20:34:30.585 4012 4012 D DecorView: semSetRoundedCorners: 5
11-21 20:34:30.602 4012 4012 D DecorView: semSetRoundedCorners: 5
11-21 20:34:30.619 4012 4012 D DecorView: semSetRoundedCorners: 5
11-21 20:34:30.636 4012 4012 D DecorView: semSetRoundedCorners: 5
11-21 20:34:30.652 4012 4012 D DecorView: semSetRoundedCorners: 5
11-21 20:34:30.669 4012 4012 D DecorView: semSetRoundedCorners: 5
11-21 20:34:30.686 4012 4012 D DecorView: semSetRoundedCorners: 5
11-21 20:34:30.704 4012 4012 D DecorView: semSetRoundedCorners: 5
11-21 20:34:30.720 4012 4012 D DecorView: semSetRoundedCorners: 5
11-21 20:34:30.736 4012 4012 D DecorView: semSetRoundedCorners: 5
11-21 20:34:30.753 4012 4012 D DecorView: semSetRoundedCorners: 5
11-21 20:34:30.769 4012 4012 D DecorView: semSetRoundedCorners: 5
11-21 20:34:30.786 4012 4012 D DecorView: semSetRoundedCorners: 5
11-21 20:34:30.805 4012 4012 D DecorView: semSetRoundedCorners: 5
11-21 20:34:30.820 4012 4012 D DecorView: semSetRoundedCorners: 5
11-21 20:34:30.837 4012 4012 D DecorView: semSetRoundedCorners: 5
11-21 20:34:30.854 4012 4012 D DecorView: semSetRoundedCorners: 5
11-21 20:34:30.870 4012 4012 D DecorView: semSetRoundedCorners: 5
11-21 20:34:30.886 4012 4012 D DecorView: semSetRoundedCorners: 5
11-21 20:34:30.903 4012 4012 D DecorView: semSetRoundedCorners: 5
11-21 20:34:30.920 4012 4012 D DecorView: semSetRoundedCorners: 5
11-21 20:34:30.937 4012 4012 D DecorView: semSetRoundedCorners: 5
11-21 20:34:30.954 4012 4012 D DecorView: semSetRoundedCorners: 5
11-21 20:34:30.971 4012 4012 D DecorView: semSetRoundedCorners: 5
11-21 20:34:30.987 4012 4012 D DecorView: semSetRoundedCorners: 5
11-21 20:34:31.004 4012 4012 D DecorView: semSetRoundedCorners: 5
11-21 20:34:31.021 4012 4012 D DecorView: semSetRoundedCorners: 5
11-21 20:34:31.037 4012 4012 D DecorView: semSetRoundedCorners: 5
11-21 20:34:31.054 4012 4012 D DecorView: semSetRoundedCorners: 5
11-21 20:34:31.071 4012 4012 D DecorView: semSetRoundedCorners: 5
11-21 20:34:31.087 4012 4012 D DecorView: semSetRoundedCorners: 5
11-21 20:34:31.106 4012 4012 D DecorView: semSetRoundedCorners: 5
11-21 20:34:31.122 4012 4012 D DecorView: semSetRoundedCorners: 5
11-21 20:34:31.138 4012 4012 D DecorView: semSetRoundedCorners: 5
