11-21 20:29:06.849 4012 4012 D DecorView: semSetRoundedCorners: 5
11-21 20:29:06.866 4012 4012 D DecorView: semSetRoundedCorners: 5
11-21 20:29:06.880 4012 4012 D DecorView: semSetRoundedCorners: 5
11-21 20:29:06.893 4012 4012 D DecorView: semSetRoundedCorners: 5
11-21 20:29:06.914 4012 4012 D DecorView: semSetRoundedCorners: 5
11-21 20:29:06.926 4012 4012 D DecorView: semSetRoundedCorners: 5
11-21 20:29:06.946 4012 4012 D DecorView: semSetRoundedCorners: 5
11-21 20:29:06.961 4012 4012 D DecorView: semSetRoundedCorners: 5
11-21 20:29:06.993 4012 4012 D DecorView: semSetRoundedCorners: 5
11-21 20:29:07.017 4012 4012 D DecorView: semSetRoundedCorners: 5
11-21 20:29:07.026 4012 4012 D DecorView: semSetRoundedCorners: 5
11-21 20:29:07.049 4012 4012 D DecorView: semSetRoundedCorners: 5
11-21 20:29:07.060 4012 4012 D DecorView: semSetRoundedCorners: 5
11-21 20:29:07.076 4012 4012 D DecorView: semSetRoundedCorners: 5
11-21 20:29:07.093 4012 4012 D DecorView: semSetRoundedCorners: 5
11-21 20:29:07.116 4012 4012 D DecorView: semSetRoundedCorners: 5
11-21 20:29:07.132 4012 4012 D DecorView: semSetRoundedCorners: 5
11-21 20:29:07.143 4012 4012 D DecorView: semSetRoundedCorners: 5
11-21 20:29:07.167 4012 4012 D DecorView: semSetRoundedCorners: 5
11-21 20:29:07.181 4012 4012 D DecorView: semSetRoundedCorners: 5
11-21 20:29:07.198 4012 4012 D DecorView: semSetRoundedCorners: 5
11-21 20:29:07.214 4012 4012 D DecorView: semSetRoundedCorners: 5
11-21 20:29:07.230 4012 4012 D DecorView: semSetRoundedCorners: 5
11-21 20:29:07.264 4012 4012 D DecorView: semSetRoundedCorners: 5
11-21 20:29:07.282 4012 4012 D DecorView: semSetRoundedCorners: 5
11-21 20:29:07.299 4012 4012 D DecorView: semSetRoundedCorners: 5
11-21 20:29:07.315 4012 4012 D DecorView: semSetRoundedCorners: 5
11-21 20:29:07.333 4012 4012 D DecorView: semSetRoundedCorners: 5
11-21 20:29:07.344 4012 4012 D DecorView: semSetRoundedCorners: 5
11-21 20:29:07.361 4012 4012 D DecorView: semSetRoundedCorners: 5
11-21 20:29:07.382 4012 4012 D DecorView: semSetRoundedCorners: 5
11-21 20:29:07.401 4012 4012 D DecorView: semSetRoundedCorners: 5
11-21 20:29:07.411 4012 4012 D DecorView: semSetRoundedCorners: 5
11-21 20:29:07.430 4012 4012 D DecorView: semSetRoundedCorners: 5
11-21 20:29:07.451 4012 4012 D DecorView: semSetRoundedCorners: 5
11-21 20:29:07.466 4012 4012 D DecorView: semSetRoundedCorners: 5
11-21 20:29:07.483 4012 4012 D DecorView: semSetRoundedCorners: 5
11-21 20:29:07.495 4012 4012 D DecorView: semSetRoundedCorners: 5
11-21 20:29:07.518 4012 4012 D DecorView: semSetRoundedCorners: 5
11-21 20:29:07.533 4012 4012 D DecorView: semSetRoundedCorners: 5
11-21 20:29:07.545 4012 4012 D DecorView: semSetRoundedCorners: 5
11-21 20:29:07.566 4012 4012 D DecorView: semSetRoundedCorners: 5
11-21 20:29:07.583 4012 4012 D DecorView: semSetRoundedCorners: 5
11-21 20:29:07.600 4012 4012 D DecorView: semSetRoundedCorners: 5
11-21 20:29:07.616 4012 4012 D DecorView: semSetRoundedCorners: 5
11-21 20:29:07.633 4012 4012 D DecorView: semSetRoundedCorners: 5
11-21 20:29:07.645 4012 4012 D DecorView: semSetRoundedCorners: 5
11-21 20:29:07.667 4012 4012 D DecorView: semSetRoundedCorners: 5
11-21 20:29:07.684 4012 4012 D DecorView: semSetRoundedCorners: 5
11-21 20:29:07.697 4012 4012 D DecorView: semSetRoundedCorners: 5
11-21 20:29:07.716 4012 4012 D DecorView: semSetRoundedCorners: 5
11-21 20:29:07.733 4012 4012 D DecorView: semSetRoundedCorners: 5
11-21 20:29:07.766 4012 4012 D DecorView: semSetRoundedCorners: 5
11-21 20:29:07.783 4012 4012 D DecorView: semSetRoundedCorners: 5
11-21 20:29:07.797 4012 4012 D DecorView: semSetRoundedCorners: 5
11-21 20:29:07.831 4012 4012 D DecorView: semSetRoundedCorners: 5
11-21 20:29:07.850 4012 4012 D DecorView: semSetRoundedCorners: 5
11-21 20:29:07.866 4012 4012 D DecorView: semSetRoundedCorners: 5
11-21 20:29:07.883 4012 4012 D DecorView: semSetRoundedCorners: 5
11-21 20:29:07.901 4012 4012 D DecorView: semSetRoundedCorners: 5
11-21 20:29:07.919 4012 4012 D DecorView: semSetRoundedCorners: 5
11-21 20:29:07.933 4012 4012 D DecorView: semSetRoundedCorners: 5
11-21 20:29:07.950 4012 4012 D DecorView: semSetRoundedCorners: 5
11-21 20:29:07.985 4012 4012 D DecorView: semSetRoundedCorners: 5
11-21 20:29:08.001 4012 4012 D DecorView: semSetRoundedCorners: 5
11-21 20:29:08.019 4012 4012 D DecorView: semSetRoundedCorners: 5
11-21 20:29:08.033 4012 4012 D DecorView: semSetRoundedCorners: 5
11-21 20:29:08.050 4012 4012 D DecorView: semSetRoundedCorners: 5
11-21 20:29:08.063 4012 4012 D DecorView: semSetRoundedCorners: 5
11-21 20:29:08.084 4012 4012 D DecorView: semSetRoundedCorners: 5
11-21 20:29:08.088 4012 5465 I AXL : RPC: ScrSetPlayerColor
11-21 20:29:08.102 4012 4012 D DecorView: semSetRoundedCorners: 5
11-21 20:29:08.117 4012 4012 D DecorView: semSetRoundedCorners: 5
11-21 20:29:08.136 4012 4012 D DecorView: semSetRoundedCorners: 5
11-21 20:29:08.153 4012 4012 D DecorView: semSetRoundedCorners: 5
11-21 20:29:08.168 4012 4012 D DecorView: semSetRoundedCorners: 5
11-21 20:29:08.185 4012 4012 D DecorView: semSetRoundedCorners: 5
11-21 20:29:08.202 4012 4012 D DecorView: semSetRoundedCorners: 5
11-21 20:29:08.205 4012 5465 I AXL : RPC: ScrSetPlayerColor
11-21 20:29:08.205 4012 5465 I AXL : RPC: ScrSetPlayerColor
11-21 20:29:08.230 4012 4012 D DecorView: semSetRoundedCorners: 5
11-21 20:29:08.250 4012 4012 D DecorView: semSetRoundedCorners: 5
11-21 20:29:08.252 4012 4012 D InputMethodManager: prepareNavigationBarInfo()
DecorView@1d6074b[GTASA]
11-21 20:29:08.252 4012 4012 D InputMethodManager: getNavigationBarColor() -
16711423
11-21 20:29:08.253 4012 4012 V InputMethodManager: Starting input:
tba=ru.stepdev.crimemobile
ic=com.android.internal.widget.EditableInputConnection@4c9fb0e mNaviBarColor -
16711423 mIsGetNaviBarColorSuccess true , NavVisible : false , NavTrans : false
11-21 20:29:08.253 4012 4012 D InputMethodManager: startInputInner - Id : 0
11-21 20:29:08.256 4012 4012 I InputMethodManager: startInputInner -
mService.startInputOrWindowGainedFocus
11-21 20:29:08.258 4012 4012 D InputTransport: Input channel constructed:
'ClientS', fd=91
11-21 20:29:08.259 4012 4012 D InputTransport: Input channel destroyed:
'ClientS', fd=111
11-21 20:29:08.261 4012 4012 D InputMethodManager: HSIFW - flag : 0
11-21 20:29:08.265 4012 4012 D InputMethodManager: HSIFW - flag : 0
11-21 20:29:08.266 4012 4012 W IInputConnectionWrapper: endBatchEdit on inactive
InputConnection
11-21 20:29:08.270 4012 4012 D DecorView: semSetRoundedCorners: 5
11-21 20:29:08.297 4012 4012 D DecorView: semSetRoundedCorners: 5
11-21 20:29:08.317 4012 4012 D DecorView: semSetRoundedCorners: 5
11-21 20:29:08.319 4012 4012 D InsetsSourceConsumer: setRequestedVisible:
visible=false, type=13, host=ru.stepdev.crimemobile/com.rockstargames.gtagrp.GTASA,
from=android.view.InsetsSourceConsumer.hide:236
android.view.ImeInsetsSourceConsumer.hide:101
android.view.InsetsController.hideDirectly:1430
android.view.InsetsController.controlAnimationUnchecked:1112
android.view.InsetsController.applyAnimation:1417
android.view.InsetsController.hide:984
android.view.ViewRootImpl$ViewRootHandler.handleMessage:6150
android.os.Handler.dispatchMessage:106 android.os.Looper.loop:246
android.app.ActivityThread.main:8653
11-21 20:29:08.360 4012 4012 D DecorView: semSetRoundedCorners: 5
11-21 20:29:08.367 4012 4012 I ViewRootImpl@1f5c19f[PopupWindow:6510ac0]:
MSG_RESIZED: frame=(76,0,76,1080) ci=(0,0,0,0) vi=(0,0,0,0) or=2
11-21 20:29:08.367 4012 4012 I ViewRootImpl@1f5c19f[PopupWindow:6510ac0]: 1)
Force to draw a frame when frame become empty from non-empty
11-21 20:29:08.377 4012 5465 I AXL : CPlayerPed::TogglePlayerControllable
11-21 20:29:08.378 4012 5465 I AXL : CPlayerPed::TogglePlayerControllable
okay!
11-21 20:29:08.382 4012 4012 I SurfaceControl: nativeRelease nativeObject
s[2716877872]
11-21 20:29:08.382 4012 4012 I SurfaceControl: nativeRelease nativeObject
e[2716877872]
11-21 20:29:08.382 4012 4012 I SurfaceControl: assignNativeObject: nativeObject =
0 Surface(name=null)/@0x12bb816 / android.view.SurfaceControl.readFromParcel:1117
android.view.IWindowSession$Stub$Proxy.relayout:1820
android.view.ViewRootImpl.relayoutWindow:9005
android.view.ViewRootImpl.performTraversals:3360
android.view.ViewRootImpl.doTraversal:2618
android.view.ViewRootImpl$TraversalRunnable.run:9971
android.view.Choreographer$CallbackRecord.run:1010
android.view.Choreographer.doCallbacks:809 android.view.Choreographer.doFrame:744
android.view.Choreographer$FrameDisplayEventReceiver.run:995
11-21 20:29:08.383 4012 4012 I ViewRootImpl@1f5c19f[PopupWindow:6510ac0]:
Relayout returned: old=(76,0,76,1080) new=(76,0,76,1080) req=(0,1080)0 dur=8
res=0x21 s={true 3848448032} ch=false fn=23
11-21 20:29:08.384 4012 4012 I ViewRootImpl@1f5c19f[PopupWindow:6510ac0]: Force
to draw even when frame is empty
11-21 20:29:08.413 4012 4012 D DecorView: semSetRoundedCorners: 5
11-21 20:29:08.428 4012 4012 D DecorView: semSetRoundedCorners: 5
11-21 20:29:08.431 4012 4012 I System.out: Define your own onDestroyView
11-21 20:29:08.437 4012 4012 D ScrollView: initGoToTop
11-21 20:29:08.493 4012 4012 D DecorView: semSetRoundedCorners: 5
11-21 20:29:08.500 4012 4012 D DecorView: semSetRoundedCorners: 5
11-21 20:29:08.519 4012 4012 D DecorView: semSetRoundedCorners: 5
11-21 20:29:08.537 4012 4012 D DecorView: semSetRoundedCorners: 5
11-21 20:29:08.540 4012 5437 I SurfaceControl: nativeRelease nativeObject
s[2294358464]
11-21 20:29:08.540 4012 5437 I SurfaceControl: nativeRelease nativeObject
e[2294358464]
11-21 20:29:08.552 4012 4012 D DecorView: semSetRoundedCorners: 5
11-21 20:29:08.570 4012 4012 D DecorView: semSetRoundedCorners: 5
11-21 20:29:08.586 4012 4012 D DecorView: semSetRoundedCorners: 5
11-21 20:29:08.602 4012 4012 D DecorView: semSetRoundedCorners: 5
11-21 20:29:08.619 4012 4012 D DecorView: semSetRoundedCorners: 5
11-21 20:29:08.636 4012 4012 D DecorView: semSetRoundedCorners: 5
11-21 20:29:08.653 4012 4012 D DecorView: semSetRoundedCorners: 5
11-21 20:29:08.665 4012 4012 D DecorView: semSetRoundedCorners: 5
11-21 20:29:08.698 4012 4012 D DecorView: semSetRoundedCorners: 5
11-21 20:29:08.722 4012 4012 D DecorView: semSetRoundedCorners: 5
11-21 20:29:08.732 4012 4012 D DecorView: semSetRoundedCorners: 5
11-21 20:29:08.755 4012 4012 D DecorView: semSetRoundedCorners: 5
11-21 20:29:08.765 4012 4012 D DecorView: semSetRoundedCorners: 5
11-21 20:29:08.804 4012 4012 D DecorView: semSetRoundedCorners: 5
11-21 20:29:08.820 4012 4012 D DecorView: semSetRoundedCorners: 5
11-21 20:29:08.838 4012 4012 D DecorView: semSetRoundedCorners: 5
11-21 20:29:08.857 4012 4012 D DecorView: semSetRoundedCorners: 5
11-21 20:29:08.871 4012 4012 D DecorView: semSetRoundedCorners: 5
11-21 20:29:08.886 4012 4012 D DecorView: semSetRoundedCorners: 5
11-21 20:29:08.905 4012 4012 D DecorView: semSetRoundedCorners: 5
11-21 20:29:08.920 4012 4012 D DecorView: semSetRoundedCorners: 5
11-21 20:29:08.937 4012 4012 D DecorView: semSetRoundedCorners: 5
11-21 20:29:08.957 4012 4012 D DecorView: semSetRoundedCorners: 5
11-21 20:29:08.972 4012 4012 D DecorView: semSetRoundedCorners: 5
11-21 20:29:08.988 4012 4012 D DecorView: semSetRoundedCorners: 5
11-21 20:29:09.004 4012 4012 D DecorView: semSetRoundedCorners: 5
11-21 20:29:09.021 4012 4012 D DecorView: semSetRoundedCorners: 5
11-21 20:29:09.037 4012 4012 D DecorView: semSetRoundedCorners: 5
11-21 20:29:09.053 4012 4012 D DecorView: semSetRoundedCorners: 5
11-21 20:29:09.073 4012 4012 D DecorView: semSetRoundedCorners: 5
11-21 20:29:09.088 4012 4012 D DecorView: semSetRoundedCorners: 5
11-21 20:29:09.121 4012 4012 D DecorView: semSetRoundedCorners: 5
11-21 20:29:09.139 4012 4012 D DecorView: semSetRoundedCorners: 5
11-21 20:29:09.156 4012 4012 D DecorView: semSetRoundedCorners: 5
11-21 20:29:09.172 4012 4012 D DecorView: semSetRoundedCorners: 5
11-21 20:29:09.189 4012 4012 D DecorView: semSetRoundedCorners: 5
11-21 20:29:09.201 4012 4012 D DecorView: semSetRoundedCorners: 5
11-21 20:29:09.201 4012 5465 I AXL : RPC: ScrClearPlayerAnimations
11-21 20:29:09.242 4012 4012 D DecorView: semSetRoundedCorners: 5
11-21 20:29:09.250 4012 4012 D DecorView: semSetRoundedCorners: 5
11-21 20:29:09.267 4012 4012 D DecorView: semSetRoundedCorners: 5
11-21 20:29:09.284 4012 4012 D DecorView: semSetRoundedCorners: 5
11-21 20:29:09.304 4012 4012 D DecorView: semSetRoundedCorners: 5
11-21 20:29:09.322 4012 4012 D DecorView: semSetRoundedCorners: 5
11-21 20:29:09.339 4012 4012 D DecorView: semSetRoundedCorners: 5
11-21 20:29:09.355 4012 4012 D DecorView: semSetRoundedCorners: 5
11-21 20:29:09.369 4012 4012 D DecorView: semSetRoundedCorners: 5
11-21 20:29:09.386 4012 4012 D DecorView: semSetRoundedCorners: 5
11-21 20:29:09.417 4012 4012 D DecorView: semSetRoundedCorners: 5
11-21 20:29:09.435 4012 4012 D DecorView: semSetRoundedCorners: 5
11-21 20:29:09.451 4012 4012 D DecorView: semSetRoundedCorners: 5
11-21 20:29:09.468 4012 4012 D DecorView: semSetRoundedCorners: 5
11-21 20:29:09.484 4012 4012 D DecorView: semSetRoundedCorners: 5
11-21 20:29:09.501 4012 4012 D DecorView: semSetRoundedCorners: 5
11-21 20:29:09.518 4012 4012 D DecorView: semSetRoundedCorners: 5
11-21 20:29:09.534 4012 4012 D DecorView: semSetRoundedCorners: 5
11-21 20:29:09.536 4012 5465 I AXL : Removing from vehicle..
11-21 20:29:09.536 4012 5465 I AXL : Setting flag state..
11-21 20:29:09.536 4012 5465 I AXL : Calling destructor..
11-21 20:29:09.536 4012 5465 I AXL : PlayerPed Destroyed
11-21 20:29:09.551 4012 4012 D DecorView: semSetRoundedCorners: 5
11-21 20:29:09.585 4012 4012 D DecorView: semSetRoundedCorners: 5
11-21 20:29:09.609 4012 4012 D DecorView: semSetRoundedCorners: 5
11-21 20:29:09.618 4012 4012 D DecorView: semSetRoundedCorners: 5
11-21 20:29:09.635 4012 4012 D DecorView: semSetRoundedCorners: 5
11-21 20:29:09.651 4012 4012 D DecorView: semSetRoundedCorners: 5
11-21 20:29:09.668 4012 4012 D DecorView: semSetRoundedCorners: 5
11-21 20:29:09.685 4012 4012 D DecorView: semSetRoundedCorners: 5
11-21 20:29:09.702 4012 4012 D DecorView: semSetRoundedCorners: 5
11-21 20:29:09.718 4012 4012 D DecorView: semSetRoundedCorners: 5
11-21 20:29:09.735 4012 4012 D DecorView: semSetRoundedCorners: 5
11-21 20:29:09.752 4012 4012 D DecorView: semSetRoundedCorners: 5
11-21 20:29:09.769 4012 4012 D DecorView: semSetRoundedCorners: 5
11-21 20:29:09.786 4012 4012 D DecorView: semSetRoundedCorners: 5
11-21 20:29:09.801 4012 5465 I AXL : RPC: ScrVehicleParamsEx
11-21 20:29:09.807 4012 4012 D DecorView: semSetRoundedCorners: 5
11-21 20:29:09.824 4012 4012 D DecorView: semSetRoundedCorners: 5
11-21 20:29:09.834 4012 4012 D DecorView: semSetRoundedCorners: 5
11-21 20:29:09.852 4012 4012 D DecorView: semSetRoundedCorners: 5
11-21 20:29:09.874 4012 4012 D DecorView: semSetRoundedCorners: 5
11-21 20:29:09.890 4012 4012 D DecorView: semSetRoundedCorners: 5
11-21 20:29:09.908 4012 4012 D DecorView: semSetRoundedCorners: 5
11-21 20:29:09.919 4012 4012 D DecorView: semSetRoundedCorners: 5
11-21 20:29:09.942 4012 4012 D DecorView: semSetRoundedCorners: 5
11-21 20:29:09.953 4012 4012 D DecorView: semSetRoundedCorners: 5
11-21 20:29:09.969 4012 4012 D DecorView: semSetRoundedCorners: 5
11-21 20:29:09.986 4012 4012 D DecorView: semSetRoundedCorners: 5
11-21 20:29:10.003 4012 4012 D DecorView: semSetRoundedCorners: 5
11-21 20:29:10.019 4012 4012 D DecorView: semSetRoundedCorners: 5
11-21 20:29:10.036 4012 4012 D DecorView: semSetRoundedCorners: 5
11-21 20:29:10.054 4012 4012 D DecorView: semSetRoundedCorners: 5
11-21 20:29:10.069 4012 4012 D DecorView: semSetRoundedCorners: 5
11-21 20:29:10.086 4012 4012 D DecorView: semSetRoundedCorners: 5
11-21 20:29:10.103 4012 4012 D DecorView: semSetRoundedCorners: 5
11-21 20:29:10.120 4012 4012 D DecorView: semSetRoundedCorners: 5
11-21 20:29:10.136 4012 4012 D DecorView: semSetRoundedCorners: 5
11-21 20:29:10.154 4012 4012 D DecorView: semSetRoundedCorners: 5
11-21 20:29:10.170 4012 4012 D DecorView: semSetRoundedCorners: 5
11-21 20:29:10.187 4012 4012 D DecorView: semSetRoundedCorners: 5
11-21 20:29:10.210 4012 4012 D DecorView: semSetRoundedCorners: 5
11-21 20:29:10.220 4012 4012 D DecorView: semSetRoundedCorners: 5
11-21 20:29:10.254 4012 4012 D DecorView: semSetRoundedCorners: 5
11-21 20:29:10.270 4012 4012 D DecorView: semSetRoundedCorners: 5
11-21 20:29:10.293 4012 4012 D DecorView: semSetRoundedCorners: 5
11-21 20:29:10.303 4012 4012 D DecorView: semSetRoundedCorners: 5
11-21 20:29:10.320 4012 4012 D DecorView: semSetRoundedCorners: 5
11-21 20:29:10.337 4012 4012 D DecorView: semSetRoundedCorners: 5
11-21 20:29:10.378 4012 4012 D DecorView: semSetRoundedCorners: 5
11-21 20:29:10.387 4012 4012 D DecorView: semSetRoundedCorners: 5
11-21 20:29:10.404 4012 4012 D DecorView: semSetRoundedCorners: 5
11-21 20:29:10.421 4012 4012 D DecorView: semSetRoundedCorners: 5
11-21 20:29:10.437 4012 4012 D DecorView: semSetRoundedCorners: 5
11-21 20:29:10.454 4012 4012 D DecorView: semSetRoundedCorners: 5
11-21 20:29:10.471 4012 4012 D DecorView: semSetRoundedCorners: 5
11-21 20:29:10.488 4012 4012 D DecorView: semSetRoundedCorners: 5
11-21 20:29:10.504 4012 4012 D DecorView: semSetRoundedCorners: 5
11-21 20:29:10.521 4012 4012 D DecorView: semSetRoundedCorners: 5
11-21 20:29:10.538 4012 4012 D DecorView: semSetRoundedCorners: 5
11-21 20:29:10.554 4012 4012 D DecorView: semSetRoundedCorners: 5
11-21 20:29:10.571 4012 4012 D DecorView: semSetRoundedCorners: 5
11-21 20:29:10.588 4012 4012 D DecorView: semSetRoundedCorners: 5
11-21 20:29:10.609 4012 4012 D DecorView: semSetRoundedCorners: 5
11-21 20:29:10.628 4012 4012 D DecorView: semSetRoundedCorners: 5
11-21 20:29:10.643 4012 4012 D DecorView: semSetRoundedCorners: 5
11-21 20:29:10.655 4012 4012 D DecorView: semSetRoundedCorners: 5
11-21 20:29:10.672 4012 4012 D DecorView: semSetRoundedCorners: 5
11-21 20:29:10.694 4012 4012 D DecorView: semSetRoundedCorners: 5
11-21 20:29:10.706 4012 4012 D DecorView: semSetRoundedCorners: 5
11-21 20:29:10.738 4012 4012 D DecorView: semSetRoundedCorners: 5
11-21 20:29:10.756 4012 4012 D DecorView: semSetRoundedCorners: 5
11-21 20:29:10.772 4012 4012 D DecorView: semSetRoundedCorners: 5
11-21 20:29:10.788 4012 4012 D DecorView: semSetRoundedCorners: 5
11-21 20:29:10.806 4012 4012 D DecorView: semSetRoundedCorners: 5
11-21 20:29:10.822 4012 4012 D DecorView: semSetRoundedCorners: 5
11-21 20:29:10.839 4012 4012 D DecorView: semSetRoundedCorners: 5
11-21 20:29:10.855 4012 4012 D DecorView: semSetRoundedCorners: 5
11-21 20:29:10.872 4012 4012 D DecorView: semSetRoundedCorners: 5
11-21 20:29:10.889 4012 4012 D DecorView: semSetRoundedCorners: 5
11-21 20:29:10.906 4012 4012 D DecorView: semSetRoundedCorners: 5
11-21 20:29:10.922 4012 4012 D DecorView: semSetRoundedCorners: 5
11-21 20:29:10.956 4012 4012 D DecorView: semSetRoundedCorners: 5
11-21 20:29:10.973 4012 4012 D DecorView: semSetRoundedCorners: 5
11-21 20:29:10.989 4012 4012 D DecorView: semSetRoundedCorners: 5
11-21 20:29:11.006 4012 4012 D DecorView: semSetRoundedCorners: 5
11-21 20:29:11.023 4012 4012 D DecorView: semSetRoundedCorners: 5
11-21 20:29:11.039 4012 4012 D DecorView: semSetRoundedCorners: 5
11-21 20:29:11.056 4012 4012 D DecorView: semSetRoundedCorners: 5
11-21 20:29:11.073 4012 4012 D DecorView: semSetRoundedCorners: 5
11-21 20:29:11.089 4012 4012 D DecorView: semSetRoundedCorners: 5
11-21 20:29:11.106 4012 4012 D DecorView: semSetRoundedCorners: 5
11-21 20:29:11.123 4012 4012 D DecorView: semSetRoundedCorners: 5
11-21 20:29:11.144 4012 4012 D DecorView: semSetRoundedCorners: 5
11-21 20:29:11.156 4012 4012 D DecorView: semSetRoundedCorners: 5
11-21 20:29:11.173 4012 4012 D DecorView: semSetRoundedCorners: 5
11-21 20:29:11.194 4012 4012 D DecorView: semSetRoundedCorners: 5
11-21 20:29:11.211 4012 4012 D DecorView: semSetRoundedCorners: 5
11-21 20:29:11.229 4012 4012 D DecorView: semSetRoundedCorners: 5
11-21 20:29:11.245 4012 4012 D DecorView: semSetRoundedCorners: 5
11-21 20:29:11.256 4012 4012 D DecorView: semSetRoundedCorners: 5
11-21 20:29:11.278 4012 4012 D DecorView: semSetRoundedCorners: 5
11-21 20:29:11.307 4012 4012 D DecorView: semSetRoundedCorners: 5
11-21 20:29:11.323 4012 4012 D DecorView: semSetRoundedCorners: 5
11-21 20:29:11.340 4012 4012 D DecorView: semSetRoundedCorners: 5
11-21 20:29:11.357 4012 4012 D DecorView: semSetRoundedCorners: 5
11-21 20:29:11.374 4012 4012 D DecorView: semSetRoundedCorners: 5
11-21 20:29:11.396 4012 4012 D DecorView: semSetRoundedCorners: 5
11-21 20:29:11.411 4012 4012 D DecorView: semSetRoundedCorners: 5
11-21 20:29:11.429 4012 4012 D DecorView: semSetRoundedCorners: 5
11-21 20:29:11.440 4012 4012 D DecorView: semSetRoundedCorners: 5
11-21 20:29:11.464 4012 4012 D DecorView: semSetRoundedCorners: 5
11-21 20:29:11.479 4012 4012 D DecorView: semSetRoundedCorners: 5
11-21 20:29:11.495 4012 4012 D DecorView: semSetRoundedCorners: 5
11-21 20:29:11.512 4012 4012 D DecorView: semSetRoundedCorners: 5
11-21 20:29:11.526 4012 5465 I AXL : RPC: ScrVehicleParamsEx
11-21 20:29:11.530 4012 4012 D DecorView: semSetRoundedCorners: 5
11-21 20:29:11.545 4012 4012 D DecorView: semSetRoundedCorners: 5
11-21 20:29:11.563 4012 4012 D DecorView: semSetRoundedCorners: 5
11-21 20:29:11.576 4012 5465 I AXL : RPC: ScrSetPlayerColor
11-21 20:29:11.580 4012 4012 D DecorView: semSetRoundedCorners: 5
11-21 20:29:11.595 4012 4012 D DecorView: semSetRoundedCorners: 5
11-21 20:29:11.613 4012 4012 D DecorView: semSetRoundedCorners: 5
11-21 20:29:11.630 4012 4012 D DecorView: semSetRoundedCorners: 5
11-21 20:29:11.645 4012 4012 D DecorView: semSetRoundedCorners: 5
11-21 20:29:11.663 4012 4012 D DecorView: semSetRoundedCorners: 5
11-21 20:29:11.680 4012 4012 D DecorView: semSetRoundedCorners: 5
11-21 20:29:11.698 4012 4012 D DecorView: semSetRoundedCorners: 5
11-21 20:29:11.713 4012 4012 D DecorView: semSetRoundedCorners: 5
11-21 20:29:11.729 4012 4012 D DecorView: semSetRoundedCorners: 5
11-21 20:29:11.749 4012 4012 D DecorView: semSetRoundedCorners: 5
11-21 20:29:11.763 4012 4012 D DecorView: semSetRoundedCorners: 5
11-21 20:29:11.780 4012 4012 D DecorView: semSetRoundedCorners: 5
11-21 20:29:11.796 4012 4012 D DecorView: semSetRoundedCorners: 5
11-21 20:29:11.814 4012 4012 D DecorView: semSetRoundedCorners: 5
11-21 20:29:11.830 4012 4012 D DecorView: semSetRoundedCorners: 5
11-21 20:29:11.848 4012 4012 D DecorView: semSetRoundedCorners: 5
11-21 20:29:11.863 4012 4012 D DecorView: semSetRoundedCorners: 5
11-21 20:29:11.875 4012 4012 D DecorView: semSetRoundedCorners: 5
11-21 20:29:11.892 4012 4012 D DecorView: semSetRoundedCorners: 5
11-21 20:29:11.908 4012 4012 D DecorView: semSetRoundedCorners: 5
11-21 20:29:11.935 4012 4012 D DecorView: semSetRoundedCorners: 5
11-21 20:29:11.942 4012 4012 D DecorView: semSetRoundedCorners: 5
11-21 20:29:11.963 4012 4012 D DecorView: semSetRoundedCorners: 5
11-21 20:29:11.976 4012 4012 D DecorView: semSetRoundedCorners: 5
11-21 20:29:11.992 4012 4012 D DecorView: semSetRoundedCorners: 5
11-21 20:29:12.009 4012 4012 D DecorView: semSetRoundedCorners: 5
11-21 20:29:12.031 4012 4012 D DecorView: semSetRoundedCorners: 5
11-21 20:29:12.049 4012 4012 D DecorView: semSetRoundedCorners: 5
11-21 20:29:12.064 4012 4012 D DecorView: semSetRoundedCorners: 5
11-21 20:29:12.081 4012 4012 D DecorView: semSetRoundedCorners: 5
11-21 20:29:12.099 4012 4012 D DecorView: semSetRoundedCorners: 5
11-21 20:29:12.110 4012 4012 D DecorView: semSetRoundedCorners: 5
11-21 20:29:12.126 4012 4012 D DecorView: semSetRoundedCorners: 5
11-21 20:29:12.148 4012 4012 D DecorView: semSetRoundedCorners: 5
11-21 20:29:12.165 4012 4012 D DecorView: semSetRoundedCorners: 5
11-21 20:29:12.176 4012 4012 D DecorView: semSetRoundedCorners: 5
11-21 20:29:12.193 4012 4012 D DecorView: semSetRoundedCorners: 5
11-21 20:29:12.210 4012 4012 D DecorView: semSetRoundedCorners: 5
11-21 20:29:12.226 4012 4012 D DecorView: semSetRoundedCorners: 5
11-21 20:29:12.243 4012 4012 D DecorView: semSetRoundedCorners: 5
11-21 20:29:12.260 4012 4012 D DecorView: semSetRoundedCorners: 5
11-21 20:29:12.283 4012 4012 D DecorView: semSetRoundedCorners: 5
11-21 20:29:12.293 4012 4012 D DecorView: semSetRoundedCorners: 5
11-21 20:29:12.316 4012 4012 D DecorView: semSetRoundedCorners: 5
11-21 20:29:12.327 4012 4012 D DecorView: semSetRoundedCorners: 5
11-21 20:29:12.349 4012 4012 D DecorView: semSetRoundedCorners: 5
11-21 20:29:12.360 4012 4012 D DecorView: semSetRoundedCorners: 5
11-21 20:29:12.377 4012 4012 D DecorView: semSetRoundedCorners: 5
11-21 20:29:12.401 4012 4012 D DecorView: semSetRoundedCorners: 5
11-21 20:29:12.410 4012 4012 D DecorView: semSetRoundedCorners: 5
11-21 20:29:12.427 4012 4012 D DecorView: semSetRoundedCorners: 5
11-21 20:29:12.444 4012 4012 D DecorView: semSetRoundedCorners: 5
11-21 20:29:12.460 4012 4012 D DecorView: semSetRoundedCorners: 5
11-21 20:29:12.484 4012 4012 D DecorView: semSetRoundedCorners: 5
11-21 20:29:12.494 4012 4012 D DecorView: semSetRoundedCorners: 5
11-21 20:29:12.516 4012 4012 D DecorView: semSetRoundedCorners: 5
11-21 20:29:12.532 4012 4012 D DecorView: semSetRoundedCorners: 5
11-21 20:29:12.550 4012 4012 D DecorView: semSetRoundedCorners: 5
11-21 20:29:12.566 4012 4012 D DecorView: semSetRoundedCorners: 5
11-21 20:29:12.582 4012 4012 D DecorView: semSetRoundedCorners: 5
11-21 20:29:12.594 4012 4012 D DecorView: semSetRoundedCorners: 5
11-21 20:29:12.616 4012 4012 D DecorView: semSetRoundedCorners: 5
11-21 20:29:12.628 4012 4012 D DecorView: semSetRoundedCorners: 5
11-21 20:29:12.645 4012 4012 D DecorView: semSetRoundedCorners: 5
11-21 20:29:12.661 4012 4012 D DecorView: semSetRoundedCorners: 5
11-21 20:29:12.678 4012 4012 D DecorView: semSetRoundedCorners: 5
11-21 20:29:12.695 4012 4012 D DecorView: semSetRoundedCorners: 5
11-21 20:29:12.711 4012 4012 D DecorView: semSetRoundedCorners: 5
11-21 20:29:12.734 4012 4012 D DecorView: semSetRoundedCorners: 5
11-21 20:29:12.751 4012 4012 D DecorView: semSetRoundedCorners: 5
11-21 20:29:12.766 4012 4012 D DecorView: semSetRoundedCorners: 5
11-21 20:29:12.776 4012 5465 I AXL : [IsModelLoaded] iModelID: 119
11-21 20:29:12.776 4012 5465 I AXL : IsModelLoaded true!
11-21 20:29:12.778 4012 4012 D DecorView: semSetRoundedCorners: 5
11-21 20:29:12.800 4012 4012 D DecorView: semSetRoundedCorners: 5
11-21 20:29:12.828 4012 4012 D DecorView: semSetRoundedCorners: 5
11-21 20:29:12.845 4012 4012 D DecorView: semSetRoundedCorners: 5
11-21 20:29:12.862 4012 4012 D DecorView: semSetRoundedCorners: 5
11-21 20:29:12.879 4012 4012 D DecorView: semSetRoundedCorners: 5
11-21 20:29:12.895 4012 4012 D DecorView: semSetRoundedCorners: 5
11-21 20:29:12.912 4012 4012 D DecorView: semSetRoundedCorners: 5
11-21 20:29:12.929 4012 4012 D DecorView: semSetRoundedCorners: 5
11-21 20:29:12.945 4012 4012 D DecorView: semSetRoundedCorners: 5
11-21 20:29:12.962 4012 4012 D DecorView: semSetRoundedCorners: 5
11-21 20:29:12.976 4012 5465 I AXL : RPC: ScrSetPlayerColor
11-21 20:29:12.983 4012 4012 D DecorView: semSetRoundedCorners: 5
11-21 20:29:12.996 4012 4012 D DecorView: semSetRoundedCorners: 5
11-21 20:29:13.013 4012 4012 D DecorView: semSetRoundedCorners: 5
11-21 20:29:13.038 4012 4012 D DecorView: semSetRoundedCorners: 5
11-21 20:29:13.046 4012 4012 D DecorView: semSetRoundedCorners: 5
11-21 20:29:13.063 4012 4012 D DecorView: semSetRoundedCorners: 5
11-21 20:29:13.080 4012 4012 D DecorView: semSetRoundedCorners: 5
11-21 20:29:13.096 4012 4012 D DecorView: semSetRoundedCorners: 5
11-21 20:29:13.113 4012 4012 D DecorView: semSetRoundedCorners: 5
11-21 20:29:13.130 4012 4012 D DecorView: semSetRoundedCorners: 5
11-21 20:29:13.147 4012 4012 D DecorView: semSetRoundedCorners: 5
11-21 20:29:13.163 4012 4012 D DecorView: semSetRoundedCorners: 5
11-21 20:29:13.180 4012 4012 D DecorView: semSetRoundedCorners: 5
11-21 20:29:13.196 4012 4012 D DecorView: semSetRoundedCorners: 5
11-21 20:29:13.230 4012 4012 D DecorView: semSetRoundedCorners: 5
11-21 20:29:13.247 4012 4012 D DecorView: semSetRoundedCorners: 5
11-21 20:29:13.263 4012 4012 D DecorView: semSetRoundedCorners: 5
11-21 20:29:13.280 4012 4012 D DecorView: semSetRoundedCorners: 5
11-21 20:29:13.297 4012 4012 D DecorView: semSetRoundedCorners: 5
11-21 20:29:13.314 4012 4012 D DecorView: semSetRoundedCorners: 5
11-21 20:29:13.330 4012 4012 D DecorView: semSetRoundedCorners: 5
11-21 20:29:13.347 4012 4012 D DecorView: semSetRoundedCorners: 5
11-21 20:29:13.364 4012 4012 D DecorView: semSetRoundedCorners: 5
11-21 20:29:13.380 4012 4012 D DecorView: semSetRoundedCorners: 5
11-21 20:29:13.397 4012 4012 D DecorView: semSetRoundedCorners: 5
11-21 20:29:13.414 4012 4012 D DecorView: semSetRoundedCorners: 5
11-21 20:29:13.431 4012 4012 D DecorView: semSetRoundedCorners: 5
11-21 20:29:13.447 4012 4012 D DecorView: semSetRoundedCorners: 5
11-21 20:29:13.465 4012 4012 D DecorView: semSetRoundedCorners: 5
11-21 20:29:13.481 4012 4012 D DecorView: semSetRoundedCorners: 5
11-21 20:29:13.498 4012 4012 D DecorView: semSetRoundedCorners: 5
11-21 20:29:13.514 4012 4012 D DecorView: semSetRoundedCorners: 5
11-21 20:29:13.531 4012 4012 D DecorView: semSetRoundedCorners: 5
11-21 20:29:13.548 4012 4012 D DecorView: semSetRoundedCorners: 5
11-21 20:29:13.564 4012 4012 D DecorView: semSetRoundedCorners: 5
11-21 20:29:13.581 4012 4012 D DecorView: semSetRoundedCorners: 5
11-21 20:29:13.598 4012 4012 D DecorView: semSetRoundedCorners: 5
11-21 20:29:13.615 4012 4012 D DecorView: semSetRoundedCorners: 5
11-21 20:29:13.632 4012 4012 D DecorView: semSetRoundedCorners: 5
11-21 20:29:13.648 4012 4012 D DecorView: semSetRoundedCorners: 5
11-21 20:29:13.665 4012 4012 D DecorView: semSetRoundedCorners: 5
11-21 20:29:13.682 4012 4012 D DecorView: semSetRoundedCorners: 5
11-21 20:29:13.698 4012 4012 D DecorView: semSetRoundedCorners: 5
11-21 20:29:13.715 4012 4012 D DecorView: semSetRoundedCorners: 5
11-21 20:29:13.732 4012 4012 D DecorView: semSetRoundedCorners: 5
11-21 20:29:13.749 4012 4012 D DecorView: semSetRoundedCorners: 5
11-21 20:29:13.766 4012 4012 D DecorView: semSetRoundedCorners: 5
11-21 20:29:13.777 4012 5465 I AXL : RPC: ScrSetPlayerColor
11-21 20:29:13.782 4012 4012 D DecorView: semSetRoundedCorners: 5
11-21 20:29:13.799 4012 4012 D DecorView: semSetRoundedCorners: 5
11-21 20:29:13.815 4012 4012 D DecorView: semSetRoundedCorners: 5
11-21 20:29:13.827 4012 5465 I AXL : RPC: ScrVehicleParamsEx
11-21 20:29:13.832 4012 4012 D DecorView: semSetRoundedCorners: 5
11-21 20:29:13.849 4012 4012 D DecorView: semSetRoundedCorners: 5
11-21 20:29:13.866 4012 4012 D DecorView: semSetRoundedCorners: 5
11-21 20:29:13.882 4012 4012 D DecorView: semSetRoundedCorners: 5
11-21 20:29:13.899 4012 4012 D DecorView: semSetRoundedCorners: 5
11-21 20:29:13.916 4012 4012 D DecorView: semSetRoundedCorners: 5
11-21 20:29:13.933 4012 4012 D DecorView: semSetRoundedCorners: 5
11-21 20:29:13.950 4012 4012 D DecorView: semSetRoundedCorners: 5
11-21 20:29:13.966 4012 4012 D DecorView: semSetRoundedCorners: 5
11-21 20:29:13.983 4012 4012 D DecorView: semSetRoundedCorners: 5
11-21 20:29:13.999 4012 4012 D DecorView: semSetRoundedCorners: 5
11-21 20:29:14.016 4012 4012 D DecorView: semSetRoundedCorners: 5
11-21 20:29:14.033 4012 4012 D DecorView: semSetRoundedCorners: 5
11-21 20:29:14.050 4012 4012 D DecorView: semSetRoundedCorners: 5
11-21 20:29:14.066 4012 4012 D DecorView: semSetRoundedCorners: 5
11-21 20:29:14.083 4012 4012 D DecorView: semSetRoundedCorners: 5
11-21 20:29:14.100 4012 4012 D DecorView: semSetRoundedCorners: 5
11-21 20:29:14.116 4012 4012 D DecorView: semSetRoundedCorners: 5
11-21 20:29:14.133 4012 4012 D DecorView: semSetRoundedCorners: 5
11-21 20:29:14.150 4012 4012 D DecorView: semSetRoundedCorners: 5
11-21 20:29:14.167 4012 4012 D DecorView: semSetRoundedCorners: 5
11-21 20:29:14.184 4012 4012 D DecorView: semSetRoundedCorners: 5
11-21 20:29:14.200 4012 4012 D DecorView: semSetRoundedCorners: 5
11-21 20:29:14.217 4012 4012 D DecorView: semSetRoundedCorners: 5
11-21 20:29:14.225 4012 4012 I ViewRootImpl@fb83006[GTASA]: ViewPostIme pointer 0
11-21 20:29:14.234 4012 4012 D DecorView: semSetRoundedCorners: 5
11-21 20:29:14.251 4012 4012 D DecorView: semSetRoundedCorners: 5
11-21 20:29:14.270 4012 4012 D DecorView: semSetRoundedCorners: 5
11-21 20:29:14.290 4012 4012 D DecorView: semSetRoundedCorners: 5
11-21 20:29:14.301 4012 4012 D DecorView: semSetRoundedCorners: 5
11-21 20:29:14.314 4012 4012 I ViewRootImpl@fb83006[GTASA]: ViewPostIme pointer 1
11-21 20:29:14.317 4012 4012 D DecorView: semSetRoundedCorners: 5
11-21 20:29:14.332 4012 4012 I AXL : CPlayerPed::TogglePlayerControllable
11-21 20:29:14.332 4012 4012 I AXL : CPlayerPed::TogglePlayerControllable
okay!
11-21 20:29:14.332 4012 4012 I AXL : sendDialogResponse: dialogid - 273,
listitem - 0, inputtext1 - 1. Управление двигателем
11-21 20:29:14.351 4012 4012 D DecorView: semSetRoundedCorners: 5
11-21 20:29:14.367 4012 4012 D DecorView: semSetRoundedCorners: 5
11-21 20:29:14.384 4012 4012 D DecorView: semSetRoundedCorners: 5
11-21 20:29:14.402 4012 4012 D DecorView: semSetRoundedCorners: 5
11-21 20:29:14.417 4012 4012 D DecorView: semSetRoundedCorners: 5
11-21 20:29:14.434 4012 4012 D DecorView: semSetRoundedCorners: 5
11-21 20:29:14.451 4012 4012 D DecorView: semSetRoundedCorners: 5
11-21 20:29:14.471 4012 4012 D DecorView: semSetRoundedCorners: 5
11-21 20:29:14.485 4012 4012 D DecorView: semSetRoundedCorners: 5
11-21 20:29:14.502 4012 4012 D DecorView: semSetRoundedCorners: 5
11-21 20:29:14.518 4012 4012 D DecorView: semSetRoundedCorners: 5
11-21 20:29:14.535 4012 4012 D DecorView: semSetRoundedCorners: 5
11-21 20:29:14.553 4012 4012 D DecorView: semSetRoundedCorners: 5
11-21 20:29:14.569 4012 4012 D DecorView: semSetRoundedCorners: 5
11-21 20:29:14.586 4012 4012 D DecorView: semSetRoundedCorners: 5
11-21 20:29:14.605 4012 4012 D DecorView: semSetRoundedCorners: 5
11-21 20:29:14.620 4012 4012 D DecorView: semSetRoundedCorners: 5
11-21 20:29:14.637 4012 4012 D DecorView: semSetRoundedCorners: 5
11-21 20:29:14.653 4012 4012 D DecorView: semSetRoundedCorners: 5
11-21 20:29:14.670 4012 4012 D DecorView: semSetRoundedCorners: 5
11-21 20:29:14.689 4012 4012 D DecorView: semSetRoundedCorners: 5
11-21 20:29:14.705 4012 4012 D DecorView: semSetRoundedCorners: 5
11-21 20:29:14.721 4012 4012 D DecorView: semSetRoundedCorners: 5
11-21 20:29:14.737 4012 4012 D DecorView: semSetRoundedCorners: 5
11-21 20:29:14.753 4012 4012 D DecorView: semSetRoundedCorners: 5
11-21 20:29:14.770 4012 4012 D DecorView: semSetRoundedCorners: 5
11-21 20:29:14.787 4012 4012 D DecorView: semSetRoundedCorners: 5
11-21 20:29:14.803 4012 4012 D DecorView: semSetRoundedCorners: 5
11-21 20:29:14.826 4012 4012 D DecorView: semSetRoundedCorners: 5
11-21 20:29:14.841 4012 4012 D DecorView: semSetRoundedCorners: 5
11-21 20:29:14.853 4012 4012 D DecorView: semSetRoundedCorners: 5
11-21 20:29:14.877 4012 4012 D DecorView: semSetRoundedCorners: 5
11-21 20:29:14.886 4012 4012 D DecorView: semSetRoundedCorners: 5
11-21 20:29:14.902 4012 4012 D DecorView: semSetRoundedCorners: 5
11-21 20:29:14.919 4012 4012 D DecorView: semSetRoundedCorners: 5
11-21 20:29:14.936 4012 4012 D DecorView: semSetRoundedCorners: 5
11-21 20:29:14.952 4012 4012 D DecorView: semSetRoundedCorners: 5
11-21 20:29:14.969 4012 4012 D DecorView: semSetRoundedCorners: 5
11-21 20:29:14.991 4012 4012 D DecorView: semSetRoundedCorners: 5
11-21 20:29:15.008 4012 4012 D DecorView: semSetRoundedCorners: 5
11-21 20:29:15.019 4012 4012 D DecorView: semSetRoundedCorners: 5
11-21 20:29:15.042 4012 4012 D DecorView: semSetRoundedCorners: 5
11-21 20:29:15.058 4012 4012 D DecorView: semSetRoundedCorners: 5
11-21 20:29:15.069 4012 4012 D DecorView: semSetRoundedCorners: 5
11-21 20:29:15.091 4012 4012 D DecorView: semSetRoundedCorners: 5
11-21 20:29:15.103 4012 4012 D DecorView: semSetRoundedCorners: 5
11-21 20:29:15.120 4012 4012 D DecorView: semSetRoundedCorners: 5
11-21 20:29:15.142 4012 4012 D DecorView: semSetRoundedCorners: 5
11-21 20:29:15.153 4012 4012 D DecorView: semSetRoundedCorners: 5
11-21 20:29:15.170 4012 4012 D DecorView: semSetRoundedCorners: 5
11-21 20:29:15.181 4012 4012 I ViewRootImpl@fb83006[GTASA]: ViewPostIme pointer 0
11-21 20:29:15.187 4012 4012 D DecorView: semSetRoundedCorners: 5
11-21 20:29:15.207 4012 4012 D DecorView: semSetRoundedCorners: 5
11-21 20:29:15.223 4012 4012 D DecorView: semSetRoundedCorners: 5
11-21 20:29:15.242 4012 4012 D DecorView: semSetRoundedCorners: 5
11-21 20:29:15.259 4012 4012 D DecorView: semSetRoundedCorners: 5
11-21 20:29:15.275 4012 4012 D DecorView: semSetRoundedCorners: 5
11-21 20:29:15.290 4012 4012 D DecorView: semSetRoundedCorners: 5
11-21 20:29:15.307 4012 4012 D DecorView: semSetRoundedCorners: 5
11-21 20:29:15.322 4012 4012 D DecorView: semSetRoundedCorners: 5
11-21 20:29:15.342 4012 4012 D DecorView: semSetRoundedCorners: 5
11-21 20:29:15.358 4012 4012 D DecorView: semSetRoundedCorners: 5
11-21 20:29:15.375 4012 4012 D DecorView: semSetRoundedCorners: 5
11-21 20:29:15.388 4012 4012 D DecorView: semSetRoundedCorners: 5
11-21 20:29:15.407 4012 4012 D DecorView: semSetRoundedCorners: 5
11-21 20:29:15.426 4012 4012 D DecorView: semSetRoundedCorners: 5
11-21 20:29:15.441 4012 4012 D DecorView: semSetRoundedCorners: 5
11-21 20:29:15.456 4012 4012 D DecorView: semSetRoundedCorners: 5
11-21 20:29:15.474 4012 4012 D DecorView: semSetRoundedCorners: 5
11-21 20:29:15.491 4012 4012 D DecorView: semSetRoundedCorners: 5
11-21 20:29:15.506 4012 4012 D DecorView: semSetRoundedCorners: 5
11-21 20:29:15.524 4012 4012 D DecorView: semSetRoundedCorners: 5
11-21 20:29:15.539 4012 4012 D DecorView: semSetRoundedCorners: 5
11-21 20:29:15.558 4012 4012 D DecorView: semSetRoundedCorners: 5
11-21 20:29:15.574 4012 4012 D DecorView: semSetRoundedCorners: 5
11-21 20:29:15.593 4012 4012 D DecorView: semSetRoundedCorners: 5
11-21 20:29:15.607 4012 4012 D DecorView: semSetRoundedCorners: 5
11-21 20:29:15.625 4012 4012 D DecorView: semSetRoundedCorners: 5
11-21 20:29:15.643 4012 4012 D DecorView: semSetRoundedCorners: 5
11-21 20:29:15.661 4012 4012 D DecorView: semSetRoundedCorners: 5
11-21 20:29:15.674 4012 4012 D DecorView: semSetRoundedCorners: 5
11-21 20:29:15.692 4012 4012 D DecorView: semSetRoundedCorners: 5
11-21 20:29:15.707 4012 4012 D DecorView: semSetRoundedCorners: 5
11-21 20:29:15.727 4012 4012 D DecorView: semSetRoundedCorners: 5
11-21 20:29:15.743 4012 4012 D DecorView: semSetRoundedCorners: 5
11-21 20:29:15.754 4012 5465 I AXL : RPC: ScrSetPlayerColor
11-21 20:29:15.759 4012 4012 D DecorView: semSetRoundedCorners: 5
11-21 20:29:15.777 4012 4012 D DecorView: semSetRoundedCorners: 5
11-21 20:29:15.793 4012 4012 D DecorView: semSetRoundedCorners: 5
11-21 20:29:15.808 4012 4012 D DecorView: semSetRoundedCorners: 5
11-21 20:29:15.824 4012 4012 D DecorView: semSetRoundedCorners: 5
11-21 20:29:15.844 4012 4012 D DecorView: semSetRoundedCorners: 5
11-21 20:29:15.857 4012 4012 D DecorView: semSetRoundedCorners: 5
11-21 20:29:15.880 4012 4012 D DecorView: semSetRoundedCorners: 5
11-21 20:29:15.889 4012 4012 D DecorView: semSetRoundedCorners: 5
11-21 20:29:15.910 4012 4012 D DecorView: semSetRoundedCorners: 5
11-21 20:29:15.925 4012 4012 D DecorView: semSetRoundedCorners: 5
11-21 20:29:15.944 4012 4012 D DecorView: semSetRoundedCorners: 5
11-21 20:29:15.957 4012 4012 D DecorView: semSetRoundedCorners: 5
11-21 20:29:15.975 4012 4012 D DecorView: semSetRoundedCorners: 5
11-21 20:29:15.991 4012 4012 D DecorView: semSetRoundedCorners: 5
11-21 20:29:16.010 4012 4012 D DecorView: semSetRoundedCorners: 5
11-21 20:29:16.026 4012 4012 D DecorView: semSetRoundedCorners: 5
11-21 20:29:16.044 4012 4012 D DecorView: semSetRoundedCorners: 5
11-21 20:29:16.062 4012 4012 D DecorView: semSetRoundedCorners: 5
11-21 20:29:16.075 4012 4012 D DecorView: semSetRoundedCorners: 5
11-21 20:29:16.091 4012 4012 D DecorView: semSetRoundedCorners: 5
11-21 20:29:16.110 4012 4012 D DecorView: semSetRoundedCorners: 5
11-21 20:29:16.129 4012 4012 D DecorView: semSetRoundedCorners: 5
11-21 20:29:16.144 4012 4012 D DecorView: semSetRoundedCorners: 5
11-21 20:29:16.161 4012 4012 D DecorView: semSetRoundedCorners: 5
11-21 20:29:16.174 4012 4012 D DecorView: semSetRoundedCorners: 5
11-21 20:29:16.191 4012 4012 D DecorView: semSetRoundedCorners: 5
11-21 20:29:16.213 4012 4012 D DecorView: semSetRoundedCorners: 5
11-21 20:29:16.227 4012 4012 D DecorView: semSetRoundedCorners: 5
11-21 20:29:16.240 4012 4012 D DecorView: semSetRoundedCorners: 5
11-21 20:29:16.262 4012 4012 D DecorView: semSetRoundedCorners: 5
11-21 20:29:16.281 4012 4012 D DecorView: semSetRoundedCorners: 5
11-21 20:29:16.291 4012 4012 D DecorView: semSetRoundedCorners: 5
11-21 20:29:16.308 4012 4012 D DecorView: semSetRoundedCorners: 5
11-21 20:29:16.324 4012 4012 D DecorView: semSetRoundedCorners: 5
11-21 20:29:16.345 4012 4012 D DecorView: semSetRoundedCorners: 5
11-21 20:29:16.358 4012 4012 D DecorView: semSetRoundedCorners: 5
11-21 20:29:16.375 4012 4012 D DecorView: semSetRoundedCorners: 5
11-21 20:29:16.392 4012 4012 D DecorView: semSetRoundedCorners: 5
11-21 20:29:16.411 4012 4012 D DecorView: semSetRoundedCorners: 5
11-21 20:29:16.425 4012 4012 D DecorView: semSetRoundedCorners: 5
11-21 20:29:16.443 4012 4012 D DecorView: semSetRoundedCorners: 5
11-21 20:29:16.449 4012 4012 I ViewRootImpl@fb83006[GTASA]: ViewPostIme pointer 1
11-21 20:29:16.458 4012 4012 D DecorView: semSetRoundedCorners: 5
11-21 20:29:16.475 4012 4012 D DecorView: semSetRoundedCorners: 5
11-21 20:29:16.491 4012 4012 D DecorView: semSetRoundedCorners: 5
11-21 20:29:16.508 4012 4012 D DecorView: semSetRoundedCorners: 5
11-21 20:29:16.525 4012 4012 D DecorView: semSetRoundedCorners: 5
11-21 20:29:16.542 4012 4012 D DecorView: semSetRoundedCorners: 5
11-21 20:29:16.558 4012 4012 D DecorView: semSetRoundedCorners: 5
11-21 20:29:16.575 4012 4012 D DecorView: semSetRoundedCorners: 5
11-21 20:29:16.592 4012 4012 D DecorView: semSetRoundedCorners: 5
11-21 20:29:16.608 4012 4012 D DecorView: semSetRoundedCorners: 5
11-21 20:29:16.625 4012 4012 D DecorView: semSetRoundedCorners: 5
11-21 20:29:16.642 4012 4012 D DecorView: semSetRoundedCorners: 5
11-21 20:29:16.659 4012 4012 D DecorView: semSetRoundedCorners: 5
11-21 20:29:16.675 4012 4012 D DecorView: semSetRoundedCorners: 5
11-21 20:29:16.692 4012 4012 D DecorView: semSetRoundedCorners: 5
11-21 20:29:16.709 4012 4012 D DecorView: semSetRoundedCorners: 5
11-21 20:29:16.726 4012 4012 D DecorView: semSetRoundedCorners: 5
11-21 20:29:16.743 4012 4012 D DecorView: semSetRoundedCorners: 5
11-21 20:29:16.759 4012 4012 D DecorView: semSetRoundedCorners: 5
11-21 20:29:16.776 4012 4012 D DecorView: semSetRoundedCorners: 5
11-21 20:29:16.792 4012 4012 D DecorView: semSetRoundedCorners: 5
11-21 20:29:16.809 4012 4012 D DecorView: semSetRoundedCorners: 5
11-21 20:29:16.826 4012 4012 D DecorView: semSetRoundedCorners: 5
11-21 20:29:16.844 4012 4012 D DecorView: semSetRoundedCorners: 5
11-21 20:29:16.859 4012 4012 D DecorView: semSetRoundedCorners: 5
11-21 20:29:16.876 4012 4012 D DecorView: semSetRoundedCorners: 5
11-21 20:29:16.893 4012 4012 D DecorView: semSetRoundedCorners: 5
11-21 20:29:16.910 4012 4012 D DecorView: semSetRoundedCorners: 5
11-21 20:29:16.926 4012 4012 D DecorView: semSetRoundedCorners: 5
11-21 20:29:16.943 4012 4012 D DecorView: semSetRoundedCorners: 5
11-21 20:29:16.960 4012 4012 D DecorView: semSetRoundedCorners: 5
11-21 20:29:16.976 4012 4012 D DecorView: semSetRoundedCorners: 5
11-21 20:29:16.993 4012 4012 D DecorView: semSetRoundedCorners: 5
11-21 20:29:17.010 4012 4012 D DecorView: semSetRoundedCorners: 5
11-21 20:29:17.022 4012 4012 I ViewRootImpl@fb83006[GTASA]: ViewPostIme pointer 0
11-21 20:29:17.026 4012 4012 D DecorView: semSetRoundedCorners: 5
11-21 20:29:17.044 4012 4012 D DecorView: semSetRoundedCorners: 5
11-21 20:29:17.061 4012 4012 D DecorView: semSetRoundedCorners: 5
11-21 20:29:17.077 4012 4012 D DecorView: semSetRoundedCorners: 5
11-21 20:29:17.094 4012 4012 D DecorView: semSetRoundedCorners: 5
11-21 20:29:17.096 4012 4012 I ViewRootImpl@fb83006[GTASA]: ViewPostIme pointer 1
11-21 20:29:17.098 4012 4012 D InputMethodManager: SSI - flag : 1 Pid : 4012 view
: ru.stepdev.crimemobile
11-21 20:29:17.098 4012 4012 D InputMethodManager: prepareNavigationBarInfo()
DecorView@1d6074b[GTASA]
11-21 20:29:17.098 4012 4012 D InputMethodManager: getNavigationBarColor() -
16711423
11-21 20:29:17.103 4012 4012 D InputMethodManager: prepareNavigationBarInfo()
DecorView@1d6074b[GTASA]
11-21 20:29:17.103 4012 4012 D InputMethodManager: getNavigationBarColor() -
16711423
11-21 20:29:17.103 4012 4012 V InputMethodManager: Starting input:
tba=ru.stepdev.crimemobile
ic=com.android.internal.widget.EditableInputConnection@7f94770 mNaviBarColor -
16711423 mIsGetNaviBarColorSuccess true , NavVisible : false , NavTrans : false
11-21 20:29:17.103 4012 4012 D InputMethodManager: startInputInner - Id : 0
11-21 20:29:17.106 4012 4012 I InputMethodManager: startInputInner -
mService.startInputOrWindowGainedFocus
11-21 20:29:17.108 4012 4012 D InputTransport: Input channel constructed:
'ClientS', fd=109
11-21 20:29:17.108 4012 4012 D InputTransport: Input channel destroyed:
'ClientS', fd=91
11-21 20:29:17.113 4012 4012 D DecorView: semSetRoundedCorners: 5
11-21 20:29:17.115 4012 4012 W IInputConnectionWrapper: getExtractedText on
inactive InputConnection
11-21 20:29:17.132 4012 4012 D DecorView: semSetRoundedCorners: 5
11-21 20:29:17.148 4012 4012 W IInputConnectionWrapper: requestCursorAnchorInfo
on inactive InputConnection
11-21 20:29:17.152 4012 4012 D DecorView: semSetRoundedCorners: 5
11-21 20:29:17.160 4012 4012 D DecorView: semSetRoundedCorners: 5
11-21 20:29:17.162 4012 5465 I AXL : Removing from vehicle..
11-21 20:29:17.162 4012 5465 I AXL : Setting flag state..
11-21 20:29:17.162 4012 5465 I AXL : Calling destructor..
11-21 20:29:17.162 4012 5465 I AXL : PlayerPed Destroyed
11-21 20:29:17.198 4012 4012 D InsetsSourceConsumer: setRequestedVisible:
visible=true, type=13, host=ru.stepdev.crimemobile/com.rockstargames.gtagrp.GTASA,
from=android.view.InsetsSourceConsumer.show:229
android.view.InsetsController.showDirectly:1437
android.view.InsetsController.controlAnimationUnchecked:1110
android.view.InsetsController.applyAnimation:1417
android.view.InsetsController.show:962
android.view.ViewRootImpl$ViewRootHandler.handleMessage:6146
android.os.Handler.dispatchMessage:106 android.os.Looper.loop:246
android.app.ActivityThread.main:8653 java.lang.reflect.Method.invoke:-2
11-21 20:29:17.239 4012 4012 D DecorView: semSetRoundedCorners: 5
11-21 20:29:17.270 4012 4012 D DecorView: semSetRoundedCorners: 5
11-21 20:29:17.277 4012 4012 I ViewRootImpl@1f5c19f[PopupWindow:6510ac0]:
MSG_RESIZED: frame=(76,0,76,402) ci=(0,0,0,0) vi=(0,0,0,0) or=2
11-21 20:29:17.278 4012 4012 I ViewRootImpl@1f5c19f[PopupWindow:6510ac0]: 1)
Force to draw a frame when frame become empty from non-empty
11-21 20:29:17.283 4012 4012 D DecorView: semSetRoundedCorners: 5
11-21 20:29:17.296 4012 4012 I SurfaceControl: nativeRelease nativeObject
s[2294453184]
11-21 20:29:17.296 4012 4012 I SurfaceControl: nativeRelease nativeObject
e[2294453184]
11-21 20:29:17.296 4012 4012 I SurfaceControl: assignNativeObject: nativeObject =
0 Surface(name=null)/@0x12bb816 / android.view.SurfaceControl.readFromParcel:1117
android.view.IWindowSession$Stub$Proxy.relayout:1820
android.view.ViewRootImpl.relayoutWindow:9005
android.view.ViewRootImpl.performTraversals:3360
android.view.ViewRootImpl.doTraversal:2618
android.view.ViewRootImpl$TraversalRunnable.run:9971
android.view.Choreographer$CallbackRecord.run:1010
android.view.Choreographer.doCallbacks:809 android.view.Choreographer.doFrame:744
android.view.Choreographer$FrameDisplayEventReceiver.run:995
11-21 20:29:17.297 4012 4012 I ViewRootImpl@1f5c19f[PopupWindow:6510ac0]:
Relayout returned: old=(76,0,76,402) new=(76,0,76,402) req=(0,402)0 dur=7 res=0x21
s={true 3848448032} ch=false fn=24
11-21 20:29:17.298 4012 4012 I ViewRootImpl@1f5c19f[PopupWindow:6510ac0]: Force
to draw even when frame is empty
11-21 20:29:17.314 4012 4012 D DecorView: semSetRoundedCorners: 5
11-21 20:29:17.331 4012 4012 D DecorView: semSetRoundedCorners: 5
11-21 20:29:17.347 4012 4012 D DecorView: semSetRoundedCorners: 5
11-21 20:29:17.362 4012 4012 D DecorView: semSetRoundedCorners: 5
11-21 20:29:17.382 4012 4012 D DecorView: semSetRoundedCorners: 5
11-21 20:29:17.396 4012 4012 D DecorView: semSetRoundedCorners: 5
11-21 20:29:17.410 4012 5437 I SurfaceControl: nativeRelease nativeObject
s[1989735856]
11-21 20:29:17.410 4012 5437 I SurfaceControl: nativeRelease nativeObject
e[1989735856]
11-21 20:29:17.417 4012 4012 D DecorView: semSetRoundedCorners: 5
11-21 20:29:17.433 4012 4012 D DecorView: semSetRoundedCorners: 5
11-21 20:29:17.449 4012 4012 D DecorView: semSetRoundedCorners: 5
11-21 20:29:17.461 4012 4012 D DecorView: semSetRoundedCorners: 5
11-21 20:29:17.483 4012 4012 D DecorView: semSetRoundedCorners: 5
11-21 20:29:17.495 4012 4012 D DecorView: semSetRoundedCorners: 5
11-21 20:29:17.511 4012 4012 D DecorView: semSetRoundedCorners: 5
11-21 20:29:17.533 4012 4012 D DecorView: semSetRoundedCorners: 5
11-21 20:29:17.550 4012 4012 D DecorView: semSetRoundedCorners: 5
11-21 20:29:17.567 4012 4012 D DecorView: semSetRoundedCorners: 5
11-21 20:29:17.584 4012 4012 D DecorView: semSetRoundedCorners: 5
11-21 20:29:17.595 4012 4012 D DecorView: semSetRoundedCorners: 5
11-21 20:29:17.616 4012 4012 D DecorView: semSetRoundedCorners: 5
11-21 20:29:17.650 4012 4012 D DecorView: semSetRoundedCorners: 5
11-21 20:29:17.663 4012 4012 D DecorView: semSetRoundedCorners: 5
11-21 20:29:17.679 4012 4012 D DecorView: semSetRoundedCorners: 5
11-21 20:29:17.701 4012 4012 D DecorView: semSetRoundedCorners: 5
11-21 20:29:17.729 4012 4012 D DecorView: semSetRoundedCorners: 5
11-21 20:29:17.745 4012 4012 D DecorView: semSetRoundedCorners: 5
11-21 20:29:17.763 4012 4012 D DecorView: semSetRoundedCorners: 5
11-21 20:29:17.779 4012 4012 D DecorView: semSetRoundedCorners: 5
