11-21 20:29:17.796 4012 4012 D DecorView: semSetRoundedCorners: 5
11-21 20:29:17.813 4012 4012 D DecorView: semSetRoundedCorners: 5
11-21 20:29:17.829 4012 4012 D DecorView: semSetRoundedCorners: 5
11-21 20:29:17.846 4012 4012 D DecorView: semSetRoundedCorners: 5
11-21 20:29:17.863 4012 4012 D DecorView: semSetRoundedCorners: 5
11-21 20:29:17.879 4012 4012 D DecorView: semSetRoundedCorners: 5
11-21 20:29:17.896 4012 4012 D DecorView: semSetRoundedCorners: 5
11-21 20:29:17.913 4012 4012 D DecorView: semSetRoundedCorners: 5
11-21 20:29:17.929 4012 4012 D DecorView: semSetRoundedCorners: 5
11-21 20:29:17.946 4012 4012 D DecorView: semSetRoundedCorners: 5
11-21 20:29:17.963 4012 4012 D DecorView: semSetRoundedCorners: 5
11-21 20:29:17.980 4012 4012 D DecorView: semSetRoundedCorners: 5
11-21 20:29:17.996 4012 4012 D DecorView: semSetRoundedCorners: 5
11-21 20:29:18.013 4012 4012 D DecorView: semSetRoundedCorners: 5
11-21 20:29:18.029 4012 4012 D DecorView: semSetRoundedCorners: 5
11-21 20:29:18.046 4012 4012 D DecorView: semSetRoundedCorners: 5
11-21 20:29:18.063 4012 4012 D DecorView: semSetRoundedCorners: 5
11-21 20:29:18.080 4012 4012 D DecorView: semSetRoundedCorners: 5
11-21 20:29:18.097 4012 4012 D DecorView: semSetRoundedCorners: 5
11-21 20:29:18.113 4012 4012 D DecorView: semSetRoundedCorners: 5
11-21 20:29:18.130 4012 4012 D DecorView: semSetRoundedCorners: 5
11-21 20:29:18.163 4012 4012 D DecorView: semSetRoundedCorners: 5
11-21 20:29:18.180 4012 4012 D DecorView: semSetRoundedCorners: 5
11-21 20:29:18.197 4012 4012 D DecorView: semSetRoundedCorners: 5
11-21 20:29:18.214 4012 4012 D DecorView: semSetRoundedCorners: 5
11-21 20:29:18.230 4012 4012 D DecorView: semSetRoundedCorners: 5
11-21 20:29:18.247 4012 4012 D DecorView: semSetRoundedCorners: 5
11-21 20:29:18.264 4012 4012 D DecorView: semSetRoundedCorners: 5
11-21 20:29:18.287 4012 4012 D DecorView: semSetRoundedCorners: 5
11-21 20:29:18.302 4012 4012 D DecorView: semSetRoundedCorners: 5
11-21 20:29:18.315 4012 4012 D DecorView: semSetRoundedCorners: 5
11-21 20:29:18.333 4012 4012 D DecorView: semSetRoundedCorners: 5
11-21 20:29:18.352 4012 4012 D DecorView: semSetRoundedCorners: 5
11-21 20:29:18.364 4012 4012 D DecorView: semSetRoundedCorners: 5
11-21 20:29:18.385 4012 4012 D DecorView: semSetRoundedCorners: 5
11-21 20:29:18.414 4012 4012 D DecorView: semSetRoundedCorners: 5
11-21 20:29:18.431 4012 4012 D DecorView: semSetRoundedCorners: 5
11-21 20:29:18.452 4012 4012 D DecorView: semSetRoundedCorners: 5
11-21 20:29:18.464 4012 4012 D DecorView: semSetRoundedCorners: 5
11-21 20:29:18.481 4012 4012 D DecorView: semSetRoundedCorners: 5
11-21 20:29:18.503 4012 4012 D DecorView: semSetRoundedCorners: 5
11-21 20:29:18.519 4012 4012 D DecorView: semSetRoundedCorners: 5
11-21 20:29:18.531 4012 4012 D DecorView: semSetRoundedCorners: 5
11-21 20:29:18.553 4012 4012 D DecorView: semSetRoundedCorners: 5
11-21 20:29:18.568 4012 4012 D DecorView: semSetRoundedCorners: 5
11-21 20:29:18.582 4012 4012 D DecorView: semSetRoundedCorners: 5
11-21 20:29:18.604 4012 4012 D DecorView: semSetRoundedCorners: 5
11-21 20:29:18.621 4012 4012 D DecorView: semSetRoundedCorners: 5
11-21 20:29:18.637 4012 4012 D DecorView: semSetRoundedCorners: 5
11-21 20:29:18.653 4012 4012 D DecorView: semSetRoundedCorners: 5
11-21 20:29:18.669 4012 4012 D DecorView: semSetRoundedCorners: 5
11-21 20:29:18.690 4012 4012 D DecorView: semSetRoundedCorners: 5
11-21 20:29:18.702 4012 4012 D DecorView: semSetRoundedCorners: 5
11-21 20:29:18.720 4012 4012 D DecorView: semSetRoundedCorners: 5
11-21 20:29:18.736 4012 4012 D DecorView: semSetRoundedCorners: 5
11-21 20:29:18.754 4012 4012 D DecorView: semSetRoundedCorners: 5
11-21 20:29:18.769 4012 4012 D DecorView: semSetRoundedCorners: 5
11-21 20:29:18.782 4012 4012 D DecorView: semSetRoundedCorners: 5
11-21 20:29:18.805 4012 4012 D DecorView: semSetRoundedCorners: 5
11-21 20:29:18.815 4012 4012 D DecorView: semSetRoundedCorners: 5
11-21 20:29:18.837 4012 4012 D DecorView: semSetRoundedCorners: 5
11-21 20:29:18.849 4012 4012 D DecorView: semSetRoundedCorners: 5
11-21 20:29:18.869 4012 4012 D DecorView: semSetRoundedCorners: 5
11-21 20:29:18.886 4012 4012 D DecorView: semSetRoundedCorners: 5
11-21 20:29:18.903 4012 4012 D DecorView: semSetRoundedCorners: 5
11-21 20:29:18.920 4012 4012 D DecorView: semSetRoundedCorners: 5
11-21 20:29:18.936 4012 4012 D DecorView: semSetRoundedCorners: 5
11-21 20:29:18.949 4012 4012 D DecorView: semSetRoundedCorners: 5
11-21 20:29:18.987 4012 4012 D DecorView: semSetRoundedCorners: 5
11-21 20:29:19.013 4012 4012 D DecorView: semSetRoundedCorners: 5
11-21 20:29:19.037 4012 4012 D DecorView: semSetRoundedCorners: 5
11-21 20:29:19.055 4012 4012 D DecorView: semSetRoundedCorners: 5
11-21 20:29:19.070 4012 4012 D DecorView: semSetRoundedCorners: 5
11-21 20:29:19.083 4012 4012 D DecorView: semSetRoundedCorners: 5
11-21 20:29:19.099 4012 4012 D DecorView: semSetRoundedCorners: 5
11-21 20:29:19.116 4012 4012 D DecorView: semSetRoundedCorners: 5
11-21 20:29:19.133 4012 4012 D DecorView: semSetRoundedCorners: 5
11-21 20:29:19.154 4012 4012 D DecorView: semSetRoundedCorners: 5
11-21 20:29:19.183 4012 4012 D DecorView: semSetRoundedCorners: 5
11-21 20:29:19.200 4012 4012 D DecorView: semSetRoundedCorners: 5
11-21 20:29:19.216 4012 4012 D DecorView: semSetRoundedCorners: 5
11-21 20:29:19.250 4012 4012 D DecorView: semSetRoundedCorners: 5
11-21 20:29:19.274 4012 4012 D DecorView: semSetRoundedCorners: 5
11-21 20:29:19.283 4012 4012 D DecorView: semSetRoundedCorners: 5
11-21 20:29:19.304 4012 4012 D DecorView: semSetRoundedCorners: 5
11-21 20:29:19.321 4012 4012 D DecorView: semSetRoundedCorners: 5
11-21 20:29:19.333 4012 4012 D DecorView: semSetRoundedCorners: 5
11-21 20:29:19.350 4012 4012 D DecorView: semSetRoundedCorners: 5
11-21 20:29:19.367 4012 4012 D DecorView: semSetRoundedCorners: 5
11-21 20:29:19.390 4012 4012 D DecorView: semSetRoundedCorners: 5
11-21 20:29:19.400 4012 4012 D DecorView: semSetRoundedCorners: 5
11-21 20:29:19.423 4012 4012 D DecorView: semSetRoundedCorners: 5
11-21 20:29:19.434 4012 4012 D DecorView: semSetRoundedCorners: 5
11-21 20:29:19.455 4012 4012 D DecorView: semSetRoundedCorners: 5
11-21 20:29:19.471 4012 4012 D DecorView: semSetRoundedCorners: 5
11-21 20:29:19.489 4012 4012 D DecorView: semSetRoundedCorners: 5
11-21 20:29:19.500 4012 4012 D DecorView: semSetRoundedCorners: 5
11-21 20:29:19.523 4012 4012 D DecorView: semSetRoundedCorners: 5
11-21 20:29:19.538 4012 4012 D DecorView: semSetRoundedCorners: 5
11-21 20:29:19.558 4012 4012 D DecorView: semSetRoundedCorners: 5
11-21 20:29:19.587 4012 5465 I AXL : [IsModelLoaded] iModelID: 3240
11-21 20:29:19.587 4012 5465 I AXL : IsModelLoaded true!
11-21 20:29:19.589 4012 4012 D DecorView: semSetRoundedCorners: 5
11-21 20:29:19.602 4012 4012 D DecorView: semSetRoundedCorners: 5
11-21 20:29:19.622 4012 4012 D DecorView: semSetRoundedCorners: 5
11-21 20:29:19.637 4012 4012 D DecorView: semSetRoundedCorners: 5
11-21 20:29:19.653 4012 4012 D DecorView: semSetRoundedCorners: 5
11-21 20:29:19.670 4012 4012 D DecorView: semSetRoundedCorners: 5
11-21 20:29:19.686 4012 4012 D DecorView: semSetRoundedCorners: 5
11-21 20:29:19.709 4012 4012 D DecorView: semSetRoundedCorners: 5
11-21 20:29:19.724 4012 4012 D DecorView: semSetRoundedCorners: 5
11-21 20:29:19.736 4012 4012 D DecorView: semSetRoundedCorners: 5
11-21 20:29:19.751 4012 4012 D DecorView: semSetRoundedCorners: 5
11-21 20:29:19.773 4012 4012 D DecorView: semSetRoundedCorners: 5
11-21 20:29:19.791 4012 4012 D DecorView: semSetRoundedCorners: 5
11-21 20:29:19.807 4012 4012 D DecorView: semSetRoundedCorners: 5
11-21 20:29:19.835 4012 4012 D DecorView: semSetRoundedCorners: 5
11-21 20:29:19.857 4012 4012 D DecorView: semSetRoundedCorners: 5
11-21 20:29:19.874 4012 4012 D DecorView: semSetRoundedCorners: 5
11-21 20:29:19.889 4012 4012 D DecorView: semSetRoundedCorners: 5
11-21 20:29:19.905 4012 4012 D DecorView: semSetRoundedCorners: 5
11-21 20:29:19.921 4012 4012 D DecorView: semSetRoundedCorners: 5
11-21 20:29:19.940 4012 4012 D DecorView: semSetRoundedCorners: 5
11-21 20:29:19.957 4012 4012 D DecorView: semSetRoundedCorners: 5
11-21 20:29:19.975 4012 4012 D DecorView: semSetRoundedCorners: 5
11-21 20:29:19.990 4012 4012 D DecorView: semSetRoundedCorners: 5
11-21 20:29:20.007 4012 4012 D DecorView: semSetRoundedCorners: 5
11-21 20:29:20.024 4012 4012 D DecorView: semSetRoundedCorners: 5
11-21 20:29:20.041 4012 4012 D DecorView: semSetRoundedCorners: 5
11-21 20:29:20.057 4012 4012 D DecorView: semSetRoundedCorners: 5
11-21 20:29:20.075 4012 4012 D DecorView: semSetRoundedCorners: 5
11-21 20:29:20.091 4012 4012 D DecorView: semSetRoundedCorners: 5
11-21 20:29:20.103 4012 4012 D DecorView: semSetRoundedCorners: 5
11-21 20:29:20.175 4012 4012 D DecorView: semSetRoundedCorners: 5
11-21 20:29:20.186 4012 4012 D DecorView: semSetRoundedCorners: 5
11-21 20:29:20.203 4012 4012 D DecorView: semSetRoundedCorners: 5
11-21 20:29:20.220 4012 4012 D DecorView: semSetRoundedCorners: 5
11-21 20:29:20.236 4012 4012 D DecorView: semSetRoundedCorners: 5
11-21 20:29:20.253 4012 4012 D DecorView: semSetRoundedCorners: 5
11-21 20:29:20.276 4012 4012 D DecorView: semSetRoundedCorners: 5
11-21 20:29:20.286 4012 4012 D DecorView: semSetRoundedCorners: 5
11-21 20:29:20.303 4012 4012 D DecorView: semSetRoundedCorners: 5
11-21 20:29:20.320 4012 4012 D DecorView: semSetRoundedCorners: 5
11-21 20:29:20.337 4012 4012 D DecorView: semSetRoundedCorners: 5
11-21 20:29:20.353 4012 4012 D DecorView: semSetRoundedCorners: 5
11-21 20:29:20.370 4012 4012 D DecorView: semSetRoundedCorners: 5
11-21 20:29:20.387 4012 4012 D DecorView: semSetRoundedCorners: 5
11-21 20:29:20.403 4012 4012 D DecorView: semSetRoundedCorners: 5
11-21 20:29:20.426 4012 4012 D DecorView: semSetRoundedCorners: 5
11-21 20:29:20.439 4012 4012 D DecorView: semSetRoundedCorners: 5
11-21 20:29:20.457 4012 4012 D DecorView: semSetRoundedCorners: 5
11-21 20:29:20.473 4012 4012 D DecorView: semSetRoundedCorners: 5
11-21 20:29:20.508 4012 4012 D DecorView: semSetRoundedCorners: 5
11-21 20:29:20.527 4012 4012 D DecorView: semSetRoundedCorners: 5
11-21 20:29:20.541 4012 4012 D DecorView: semSetRoundedCorners: 5
11-21 20:29:20.575 4012 4012 D DecorView: semSetRoundedCorners: 5
11-21 20:29:20.593 4012 4012 D DecorView: semSetRoundedCorners: 5
11-21 20:29:20.610 4012 4012 D DecorView: semSetRoundedCorners: 5
11-21 20:29:20.625 4012 4012 D DecorView: semSetRoundedCorners: 5
11-21 20:29:20.638 4012 4012 D DecorView: semSetRoundedCorners: 5
11-21 20:29:20.662 4012 4012 D DecorView: semSetRoundedCorners: 5
11-21 20:29:20.676 4012 4012 D DecorView: semSetRoundedCorners: 5
11-21 20:29:20.687 4012 4012 D DecorView: semSetRoundedCorners: 5
11-21 20:29:20.709 4012 4012 D DecorView: semSetRoundedCorners: 5
11-21 20:29:20.721 4012 4012 D DecorView: semSetRoundedCorners: 5
11-21 20:29:20.743 4012 4012 D DecorView: semSetRoundedCorners: 5
11-21 20:29:20.773 4012 4012 D DecorView: semSetRoundedCorners: 5
11-21 20:29:20.791 4012 4012 D DecorView: semSetRoundedCorners: 5
11-21 20:29:20.805 4012 4012 D DecorView: semSetRoundedCorners: 5
11-21 20:29:20.823 4012 4012 D DecorView: semSetRoundedCorners: 5
11-21 20:29:20.843 4012 4012 D DecorView: semSetRoundedCorners: 5
11-21 20:29:20.860 4012 4012 D DecorView: semSetRoundedCorners: 5
11-21 20:29:20.876 4012 4012 D DecorView: semSetRoundedCorners: 5
11-21 20:29:20.894 4012 4012 D DecorView: semSetRoundedCorners: 5
11-21 20:29:20.909 4012 4012 D DecorView: semSetRoundedCorners: 5
11-21 20:29:20.927 4012 4012 D DecorView: semSetRoundedCorners: 5
11-21 20:29:20.944 4012 4012 D DecorView: semSetRoundedCorners: 5
11-21 20:29:20.957 4012 4012 D DecorView: semSetRoundedCorners: 5
11-21 20:29:20.973 4012 4012 D DecorView: semSetRoundedCorners: 5
11-21 20:29:20.989 4012 4012 D DecorView: semSetRoundedCorners: 5
11-21 20:29:21.010 4012 4012 D DecorView: semSetRoundedCorners: 5
11-21 20:29:21.028 4012 4012 D DecorView: semSetRoundedCorners: 5
11-21 20:29:21.044 4012 4012 D DecorView: semSetRoundedCorners: 5
11-21 20:29:21.055 4012 4012 D DecorView: semSetRoundedCorners: 5
11-21 20:29:21.072 4012 4012 D DecorView: semSetRoundedCorners: 5
11-21 20:29:21.095 4012 4012 D DecorView: semSetRoundedCorners: 5
11-21 20:29:21.112 4012 4012 D DecorView: semSetRoundedCorners: 5
11-21 20:29:21.128 4012 4012 D DecorView: semSetRoundedCorners: 5
11-21 20:29:21.145 4012 4012 D DecorView: semSetRoundedCorners: 5
11-21 20:29:21.162 4012 4012 D DecorView: semSetRoundedCorners: 5
11-21 20:29:21.180 4012 4012 D DecorView: semSetRoundedCorners: 5
11-21 20:29:21.194 4012 4012 D DecorView: semSetRoundedCorners: 5
11-21 20:29:21.210 4012 4012 D DecorView: semSetRoundedCorners: 5
11-21 20:29:21.228 4012 4012 D DecorView: semSetRoundedCorners: 5
11-21 20:29:21.244 4012 4012 D DecorView: semSetRoundedCorners: 5
11-21 20:29:21.260 4012 4012 D DecorView: semSetRoundedCorners: 5
11-21 20:29:21.278 4012 4012 D DecorView: semSetRoundedCorners: 5
11-21 20:29:21.295 4012 4012 D DecorView: semSetRoundedCorners: 5
11-21 20:29:21.311 4012 4012 D DecorView: semSetRoundedCorners: 5
11-21 20:29:21.329 4012 4012 D DecorView: semSetRoundedCorners: 5
11-21 20:29:21.345 4012 4012 D DecorView: semSetRoundedCorners: 5
11-21 20:29:21.362 4012 4012 D DecorView: semSetRoundedCorners: 5
11-21 20:29:21.374 4012 4012 D DecorView: semSetRoundedCorners: 5
11-21 20:29:21.395 4012 4012 D DecorView: semSetRoundedCorners: 5
11-21 20:29:21.410 4012 4012 D DecorView: semSetRoundedCorners: 5
11-21 20:29:21.428 4012 4012 D DecorView: semSetRoundedCorners: 5
11-21 20:29:21.444 4012 4012 D DecorView: semSetRoundedCorners: 5
11-21 20:29:21.460 4012 4012 D DecorView: semSetRoundedCorners: 5
11-21 20:29:21.478 4012 4012 D DecorView: semSetRoundedCorners: 5
11-21 20:29:21.495 4012 4012 D DecorView: semSetRoundedCorners: 5
11-21 20:29:21.511 4012 4012 D DecorView: semSetRoundedCorners: 5
11-21 20:29:21.528 4012 4012 D DecorView: semSetRoundedCorners: 5
11-21 20:29:21.545 4012 4012 D DecorView: semSetRoundedCorners: 5
11-21 20:29:21.561 4012 4012 D DecorView: semSetRoundedCorners: 5
11-21 20:29:21.579 4012 4012 D DecorView: semSetRoundedCorners: 5
11-21 20:29:21.597 4012 4012 D DecorView: semSetRoundedCorners: 5
11-21 20:29:21.611 4012 4012 D DecorView: semSetRoundedCorners: 5
11-21 20:29:21.629 4012 4012 D DecorView: semSetRoundedCorners: 5
11-21 20:29:21.645 4012 4012 D DecorView: semSetRoundedCorners: 5
11-21 20:29:21.663 4012 4012 D DecorView: semSetRoundedCorners: 5
11-21 20:29:21.678 4012 4012 D DecorView: semSetRoundedCorners: 5
11-21 20:29:21.695 4012 4012 D DecorView: semSetRoundedCorners: 5
11-21 20:29:21.713 4012 4012 D DecorView: semSetRoundedCorners: 5
11-21 20:29:21.728 4012 4012 D DecorView: semSetRoundedCorners: 5
11-21 20:29:21.745 4012 4012 D DecorView: semSetRoundedCorners: 5
11-21 20:29:21.762 4012 4012 D DecorView: semSetRoundedCorners: 5
11-21 20:29:21.778 4012 4012 D DecorView: semSetRoundedCorners: 5
11-21 20:29:21.796 4012 4012 D DecorView: semSetRoundedCorners: 5
11-21 20:29:21.812 4012 4012 D DecorView: semSetRoundedCorners: 5
11-21 20:29:21.825 4012 4012 D DecorView: semSetRoundedCorners: 5
11-21 20:29:21.843 4012 4012 D DecorView: semSetRoundedCorners: 5
11-21 20:29:21.861 4012 4012 D DecorView: semSetRoundedCorners: 5
11-21 20:29:21.876 4012 4012 D DecorView: semSetRoundedCorners: 5
11-21 20:29:21.892 4012 4012 D DecorView: semSetRoundedCorners: 5
11-21 20:29:21.915 4012 4012 D DecorView: semSetRoundedCorners: 5
11-21 20:29:21.926 4012 4012 D DecorView: semSetRoundedCorners: 5
11-21 20:29:21.944 4012 4012 D DecorView: semSetRoundedCorners: 5
11-21 20:29:21.958 4012 4012 D DecorView: semSetRoundedCorners: 5
11-21 20:29:21.981 4012 4012 D DecorView: semSetRoundedCorners: 5
11-21 20:29:21.996 4012 4012 D DecorView: semSetRoundedCorners: 5
11-21 20:29:22.013 4012 4012 D DecorView: semSetRoundedCorners: 5
11-21 20:29:22.030 4012 4012 D DecorView: semSetRoundedCorners: 5
11-21 20:29:22.047 4012 4012 D DecorView: semSetRoundedCorners: 5
11-21 20:29:22.066 4012 4012 D DecorView: semSetRoundedCorners: 5
11-21 20:29:22.081 4012 4012 D DecorView: semSetRoundedCorners: 5
11-21 20:29:22.099 4012 4012 D DecorView: semSetRoundedCorners: 5
11-21 20:29:22.114 4012 4012 D DecorView: semSetRoundedCorners: 5
11-21 20:29:22.129 4012 4012 D DecorView: semSetRoundedCorners: 5
11-21 20:29:22.148 4012 4012 D DecorView: semSetRoundedCorners: 5
11-21 20:29:22.165 4012 4012 D DecorView: semSetRoundedCorners: 5
11-21 20:29:22.181 4012 4012 D DecorView: semSetRoundedCorners: 5
11-21 20:29:22.197 4012 4012 D DecorView: semSetRoundedCorners: 5
11-21 20:29:22.213 4012 4012 D DecorView: semSetRoundedCorners: 5
11-21 20:29:22.231 4012 4012 D DecorView: semSetRoundedCorners: 5
11-21 20:29:22.247 4012 4012 D DecorView: semSetRoundedCorners: 5
11-21 20:29:22.265 4012 4012 D DecorView: semSetRoundedCorners: 5
11-21 20:29:22.280 4012 4012 D DecorView: semSetRoundedCorners: 5
11-21 20:29:22.298 4012 4012 D DecorView: semSetRoundedCorners: 5
11-21 20:29:22.315 4012 4012 D DecorView: semSetRoundedCorners: 5
11-21 20:29:22.331 4012 4012 D DecorView: semSetRoundedCorners: 5
11-21 20:29:22.347 4012 4012 D DecorView: semSetRoundedCorners: 5
11-21 20:29:22.365 4012 4012 D DecorView: semSetRoundedCorners: 5
11-21 20:29:22.380 4012 4012 D DecorView: semSetRoundedCorners: 5
11-21 20:29:22.393 4012 4012 D DecorView: semSetRoundedCorners: 5
11-21 20:29:22.410 4012 4012 D DecorView: semSetRoundedCorners: 5
11-21 20:29:22.427 4012 4012 D DecorView: semSetRoundedCorners: 5
11-21 20:29:22.444 4012 4012 D DecorView: semSetRoundedCorners: 5
11-21 20:29:22.462 4012 4012 D DecorView: semSetRoundedCorners: 5
11-21 20:29:22.477 4012 4012 D DecorView: semSetRoundedCorners: 5
11-21 20:29:22.494 4012 4012 D DecorView: semSetRoundedCorners: 5
11-21 20:29:22.498 4012 4012 D InputMethodManager: prepareNavigationBarInfo()
DecorView@1d6074b[GTASA]
11-21 20:29:22.498 4012 4012 D InputMethodManager: getNavigationBarColor() -
16711423
11-21 20:29:22.498 4012 4012 V InputMethodManager: Starting input:
tba=ru.stepdev.crimemobile
ic=com.android.internal.widget.EditableInputConnection@52a9488 mNaviBarColor -
16711423 mIsGetNaviBarColorSuccess true , NavVisible : false , NavTrans : false
11-21 20:29:22.498 4012 4012 D InputMethodManager: startInputInner - Id : 0
11-21 20:29:22.502 4012 4012 I InputMethodManager: startInputInner -
mService.startInputOrWindowGainedFocus
11-21 20:29:22.504 4012 4012 D InputTransport: Input channel constructed:
'ClientS', fd=154
11-21 20:29:22.504 4012 4012 D InputTransport: Input channel destroyed:
'ClientS', fd=109
11-21 20:29:22.506 4012 4012 D InputMethodManager: HSIFW - flag : 0
11-21 20:29:22.510 4012 4012 D InputMethodManager: HSIFW - flag : 0
11-21 20:29:22.511 4012 4012 W IInputConnectionWrapper: endBatchEdit on inactive
InputConnection
11-21 20:29:22.514 4012 4012 D DecorView: semSetRoundedCorners: 5
11-21 20:29:22.517 4012 4012 W IInputConnectionWrapper: getExtractedText on
inactive InputConnection
11-21 20:29:22.530 4012 4012 D DecorView: semSetRoundedCorners: 5
11-21 20:29:22.546 4012 4012 D DecorView: semSetRoundedCorners: 5
11-21 20:29:22.562 4012 4012 D DecorView: semSetRoundedCorners: 5
11-21 20:29:22.565 4012 4012 D InsetsSourceConsumer: setRequestedVisible:
visible=false, type=13, host=ru.stepdev.crimemobile/com.rockstargames.gtagrp.GTASA,
from=android.view.InsetsSourceConsumer.hide:236
android.view.ImeInsetsSourceConsumer.hide:101
android.view.InsetsController.hideDirectly:1430
android.view.InsetsController.controlAnimationUnchecked:1112
android.view.InsetsController.applyAnimation:1417
android.view.InsetsController.hide:984
android.view.ViewRootImpl$ViewRootHandler.handleMessage:6150
android.os.Handler.dispatchMessage:106 android.os.Looper.loop:246
android.app.ActivityThread.main:8653
11-21 20:29:22.597 4012 4012 D DecorView: semSetRoundedCorners: 5
11-21 20:29:22.605 4012 4012 I ViewRootImpl@1f5c19f[PopupWindow:6510ac0]:
MSG_RESIZED: frame=(76,0,76,1080) ci=(0,0,0,0) vi=(0,0,0,0) or=2
11-21 20:29:22.605 4012 4012 I ViewRootImpl@1f5c19f[PopupWindow:6510ac0]: 1)
Force to draw a frame when frame become empty from non-empty
11-21 20:29:22.611 4012 5465 I AXL : CPlayerPed::TogglePlayerControllable
11-21 20:29:22.612 4012 5465 I AXL : CPlayerPed::TogglePlayerControllable
okay!
11-21 20:29:22.642 4012 4012 D DecorView: semSetRoundedCorners: 5
11-21 20:29:22.666 4012 4012 I SurfaceControl: nativeRelease nativeObject
s[2385468912]
11-21 20:29:22.666 4012 4012 I SurfaceControl: nativeRelease nativeObject
e[2385468912]
11-21 20:29:22.666 4012 4012 I SurfaceControl: assignNativeObject: nativeObject =
0 Surface(name=null)/@0x12bb816 / android.view.SurfaceControl.readFromParcel:1117
android.view.IWindowSession$Stub$Proxy.relayout:1820
android.view.ViewRootImpl.relayoutWindow:9005
android.view.ViewRootImpl.performTraversals:3360
android.view.ViewRootImpl.doTraversal:2618
android.view.ViewRootImpl$TraversalRunnable.run:9971
android.view.Choreographer$CallbackRecord.run:1010
android.view.Choreographer.doCallbacks:809 android.view.Choreographer.doFrame:744
android.view.Choreographer$FrameDisplayEventReceiver.run:995
11-21 20:29:22.667 4012 4012 I ViewRootImpl@1f5c19f[PopupWindow:6510ac0]:
Relayout returned: old=(76,0,76,1080) new=(76,0,76,1080) req=(0,1080)0 dur=11
res=0x21 s={true 3848448032} ch=false fn=25
11-21 20:29:22.668 4012 4012 I ViewRootImpl@1f5c19f[PopupWindow:6510ac0]: Force
to draw even when frame is empty
11-21 20:29:22.676 4012 4012 D DecorView: semSetRoundedCorners: 5
11-21 20:29:22.684 4012 4012 I System.out: Define your own onDestroyView
11-21 20:29:22.686 4012 4012 D ScrollView: initGoToTop
11-21 20:29:22.737 4012 4012 D DecorView: semSetRoundedCorners: 5
11-21 20:29:22.746 4012 4012 D DecorView: semSetRoundedCorners: 5
11-21 20:29:22.765 4012 4012 D DecorView: semSetRoundedCorners: 5
11-21 20:29:22.776 4012 5437 I SurfaceControl: nativeRelease nativeObject
s[2294389664]
11-21 20:29:22.776 4012 5437 I SurfaceControl: nativeRelease nativeObject
e[2294389664]
11-21 20:29:22.782 4012 4012 D DecorView: semSetRoundedCorners: 5
11-21 20:29:22.798 4012 4012 D DecorView: semSetRoundedCorners: 5
11-21 20:29:22.817 4012 4012 D DecorView: semSetRoundedCorners: 5
11-21 20:29:22.831 4012 4012 D DecorView: semSetRoundedCorners: 5
11-21 20:29:22.844 4012 4012 D DecorView: semSetRoundedCorners: 5
11-21 20:29:22.864 4012 4012 D DecorView: semSetRoundedCorners: 5
11-21 20:29:22.880 4012 4012 D DecorView: semSetRoundedCorners: 5
11-21 20:29:22.896 4012 4012 D DecorView: semSetRoundedCorners: 5
11-21 20:29:22.913 4012 4012 D DecorView: semSetRoundedCorners: 5
11-21 20:29:22.930 4012 4012 D DecorView: semSetRoundedCorners: 5
11-21 20:29:22.946 4012 4012 D DecorView: semSetRoundedCorners: 5
11-21 20:29:22.950 4012 5465 I AXL : RPC: ScrSetPlayerColor
11-21 20:29:22.966 4012 4012 D DecorView: semSetRoundedCorners: 5
11-21 20:29:22.982 4012 4012 D DecorView: semSetRoundedCorners: 5
11-21 20:29:23.000 4012 4012 D DecorView: semSetRoundedCorners: 5
11-21 20:29:23.016 4012 4012 D DecorView: semSetRoundedCorners: 5
11-21 20:29:23.034 4012 4012 D DecorView: semSetRoundedCorners: 5
11-21 20:29:23.045 4012 4012 D DecorView: semSetRoundedCorners: 5
11-21 20:29:23.062 4012 4012 D DecorView: semSetRoundedCorners: 5
11-21 20:29:23.084 4012 4012 D DecorView: semSetRoundedCorners: 5
11-21 20:29:23.095 4012 4012 D DecorView: semSetRoundedCorners: 5
11-21 20:29:23.112 4012 4012 D DecorView: semSetRoundedCorners: 5
11-21 20:29:23.129 4012 4012 D DecorView: semSetRoundedCorners: 5
11-21 20:29:23.150 4012 4012 D DecorView: semSetRoundedCorners: 5
11-21 20:29:23.167 4012 4012 D DecorView: semSetRoundedCorners: 5
11-21 20:29:23.186 4012 4012 D DecorView: semSetRoundedCorners: 5
11-21 20:29:23.200 4012 4012 D DecorView: semSetRoundedCorners: 5
11-21 20:29:23.219 4012 4012 D DecorView: semSetRoundedCorners: 5
11-21 20:29:23.235 4012 4012 D DecorView: semSetRoundedCorners: 5
11-21 20:29:23.245 4012 4012 D DecorView: semSetRoundedCorners: 5
11-21 20:29:23.262 4012 4012 D DecorView: semSetRoundedCorners: 5
11-21 20:29:23.283 4012 4012 D DecorView: semSetRoundedCorners: 5
11-21 20:29:23.317 4012 4012 D DecorView: semSetRoundedCorners: 5
11-21 20:29:23.335 4012 4012 D DecorView: semSetRoundedCorners: 5
11-21 20:29:23.350 4012 4012 D DecorView: semSetRoundedCorners: 5
11-21 20:29:23.363 4012 4012 D DecorView: semSetRoundedCorners: 5
11-21 20:29:23.385 4012 4012 D DecorView: semSetRoundedCorners: 5
11-21 20:29:23.396 4012 4012 D DecorView: semSetRoundedCorners: 5
11-21 20:29:23.413 4012 4012 D DecorView: semSetRoundedCorners: 5
11-21 20:29:23.435 4012 4012 D DecorView: semSetRoundedCorners: 5
11-21 20:29:23.446 4012 4012 D DecorView: semSetRoundedCorners: 5
11-21 20:29:23.467 4012 4012 D DecorView: semSetRoundedCorners: 5
11-21 20:29:23.479 4012 4012 D DecorView: semSetRoundedCorners: 5
11-21 20:29:23.496 4012 4012 D DecorView: semSetRoundedCorners: 5
11-21 20:29:23.513 4012 4012 D DecorView: semSetRoundedCorners: 5
11-21 20:29:23.529 4012 4012 D DecorView: semSetRoundedCorners: 5
11-21 20:29:23.546 4012 4012 D DecorView: semSetRoundedCorners: 5
11-21 20:29:23.568 4012 4012 D DecorView: semSetRoundedCorners: 5
11-21 20:29:23.580 4012 4012 D DecorView: semSetRoundedCorners: 5
11-21 20:29:23.596 4012 4012 D DecorView: semSetRoundedCorners: 5
11-21 20:29:23.613 4012 4012 D DecorView: semSetRoundedCorners: 5
11-21 20:29:23.630 4012 4012 D DecorView: semSetRoundedCorners: 5
11-21 20:29:23.651 4012 4012 D DecorView: semSetRoundedCorners: 5
11-21 20:29:23.663 4012 4012 D DecorView: semSetRoundedCorners: 5
11-21 20:29:23.680 4012 4012 D DecorView: semSetRoundedCorners: 5
11-21 20:29:23.697 4012 4012 D DecorView: semSetRoundedCorners: 5
11-21 20:29:23.714 4012 4012 D DecorView: semSetRoundedCorners: 5
11-21 20:29:23.735 4012 4012 D DecorView: semSetRoundedCorners: 5
11-21 20:29:23.747 4012 4012 D DecorView: semSetRoundedCorners: 5
11-21 20:29:23.769 4012 4012 D DecorView: semSetRoundedCorners: 5
11-21 20:29:23.781 4012 4012 D DecorView: semSetRoundedCorners: 5
11-21 20:29:23.802 4012 4012 D DecorView: semSetRoundedCorners: 5
11-21 20:29:23.819 4012 4012 D DecorView: semSetRoundedCorners: 5
11-21 20:29:23.836 4012 4012 D DecorView: semSetRoundedCorners: 5
11-21 20:29:23.847 4012 4012 D DecorView: semSetRoundedCorners: 5
11-21 20:29:23.881 4012 4012 D DecorView: semSetRoundedCorners: 5
11-21 20:29:23.897 4012 4012 D DecorView: semSetRoundedCorners: 5
11-21 20:29:23.914 4012 4012 D DecorView: semSetRoundedCorners: 5
11-21 20:29:23.937 4012 4012 D DecorView: semSetRoundedCorners: 5
11-21 20:29:23.948 4012 4012 D DecorView: semSetRoundedCorners: 5
11-21 20:29:23.965 4012 4012 D DecorView: semSetRoundedCorners: 5
11-21 20:29:23.986 4012 4012 D DecorView: semSetRoundedCorners: 5
11-21 20:29:23.998 4012 4012 D DecorView: semSetRoundedCorners: 5
11-21 20:29:24.015 4012 4012 D DecorView: semSetRoundedCorners: 5
11-21 20:29:24.031 4012 4012 D DecorView: semSetRoundedCorners: 5
11-21 20:29:24.052 4012 4012 D DecorView: semSetRoundedCorners: 5
11-21 20:29:24.065 4012 4012 D DecorView: semSetRoundedCorners: 5
11-21 20:29:24.087 4012 4012 D DecorView: semSetRoundedCorners: 5
11-21 20:29:24.098 4012 4012 D DecorView: semSetRoundedCorners: 5
11-21 20:29:24.115 4012 4012 D DecorView: semSetRoundedCorners: 5
11-21 20:29:24.132 4012 4012 D DecorView: semSetRoundedCorners: 5
11-21 20:29:24.154 4012 4012 D DecorView: semSetRoundedCorners: 5
11-21 20:29:24.172 4012 4012 D DecorView: semSetRoundedCorners: 5
11-21 20:29:24.182 4012 4012 D DecorView: semSetRoundedCorners: 5
11-21 20:29:24.204 4012 4012 D DecorView: semSetRoundedCorners: 5
11-21 20:29:24.215 4012 4012 D DecorView: semSetRoundedCorners: 5
11-21 20:29:24.232 4012 4012 D DecorView: semSetRoundedCorners: 5
11-21 20:29:24.249 4012 4012 D DecorView: semSetRoundedCorners: 5
11-21 20:29:24.271 4012 4012 D DecorView: semSetRoundedCorners: 5
11-21 20:29:24.288 4012 4012 D DecorView: semSetRoundedCorners: 5
11-21 20:29:24.305 4012 4012 D DecorView: semSetRoundedCorners: 5
11-21 20:29:24.316 4012 4012 D DecorView: semSetRoundedCorners: 5
11-21 20:29:24.332 4012 4012 D DecorView: semSetRoundedCorners: 5
11-21 20:29:24.354 4012 4012 D DecorView: semSetRoundedCorners: 5
11-21 20:29:24.366 4012 4012 D DecorView: semSetRoundedCorners: 5
11-21 20:29:24.383 4012 4012 D DecorView: semSetRoundedCorners: 5
11-21 20:29:24.405 4012 4012 D DecorView: semSetRoundedCorners: 5
11-21 20:29:24.421 4012 4012 D DecorView: semSetRoundedCorners: 5
11-21 20:29:24.433 4012 4012 D DecorView: semSetRoundedCorners: 5
11-21 20:29:24.450 4012 4012 D DecorView: semSetRoundedCorners: 5
11-21 20:29:24.471 4012 4012 D DecorView: semSetRoundedCorners: 5
11-21 20:29:24.483 4012 4012 D DecorView: semSetRoundedCorners: 5
11-21 20:29:24.500 4012 4012 D DecorView: semSetRoundedCorners: 5
11-21 20:29:24.523 4012 4012 D DecorView: semSetRoundedCorners: 5
11-21 20:29:24.541 4012 4012 D DecorView: semSetRoundedCorners: 5
11-21 20:29:24.556 4012 4012 D DecorView: semSetRoundedCorners: 5
11-21 20:29:24.567 4012 4012 D DecorView: semSetRoundedCorners: 5
11-21 20:29:24.583 4012 4012 D DecorView: semSetRoundedCorners: 5
11-21 20:29:24.605 4012 4012 D DecorView: semSetRoundedCorners: 5
11-21 20:29:24.617 4012 4012 D DecorView: semSetRoundedCorners: 5
11-21 20:29:24.633 4012 4012 D DecorView: semSetRoundedCorners: 5
11-21 20:29:24.650 4012 4012 D DecorView: semSetRoundedCorners: 5
11-21 20:29:24.672 4012 4012 D DecorView: semSetRoundedCorners: 5
11-21 20:29:24.683 4012 4012 D DecorView: semSetRoundedCorners: 5
11-21 20:29:24.700 4012 4012 D DecorView: semSetRoundedCorners: 5
11-21 20:29:24.717 4012 4012 D DecorView: semSetRoundedCorners: 5
11-21 20:29:24.734 4012 4012 D DecorView: semSetRoundedCorners: 5
11-21 20:29:24.750 4012 4012 D DecorView: semSetRoundedCorners: 5
11-21 20:29:24.767 4012 4012 D DecorView: semSetRoundedCorners: 5
11-21 20:29:24.784 4012 4012 D DecorView: semSetRoundedCorners: 5
11-21 20:29:24.801 4012 4012 D DecorView: semSetRoundedCorners: 5
11-21 20:29:24.821 4012 4012 D DecorView: semSetRoundedCorners: 5
11-21 20:29:24.834 4012 4012 D DecorView: semSetRoundedCorners: 5
11-21 20:29:24.851 4012 4012 D DecorView: semSetRoundedCorners: 5
11-21 20:29:24.874 4012 4012 D DecorView: semSetRoundedCorners: 5
11-21 20:29:24.884 4012 5465 I AXL : RPC: ScrSetPlayerColor
11-21 20:29:24.884 4012 4012 D DecorView: semSetRoundedCorners: 5
11-21 20:29:24.901 4012 4012 D DecorView: semSetRoundedCorners: 5
11-21 20:29:24.918 4012 4012 D DecorView: semSetRoundedCorners: 5
11-21 20:29:24.934 4012 4012 D DecorView: semSetRoundedCorners: 5
11-21 20:29:24.951 4012 4012 D DecorView: semSetRoundedCorners: 5
11-21 20:29:24.968 4012 4012 D DecorView: semSetRoundedCorners: 5
11-21 20:29:24.984 4012 4012 D DecorView: semSetRoundedCorners: 5
11-21 20:29:25.001 4012 4012 D DecorView: semSetRoundedCorners: 5
11-21 20:29:25.022 4012 4012 D DecorView: semSetRoundedCorners: 5
11-21 20:29:25.035 4012 4012 D DecorView: semSetRoundedCorners: 5
11-21 20:29:25.051 4012 5465 I AXL : RPC: WorldVehicleAdd
11-21 20:29:25.051 4012 5465 I AXL : [IsModelLoaded] iModelID: 462
11-21 20:29:25.051 4012 5465 I AXL : IsModelLoaded true!
11-21 20:29:25.051 4012 5465 I AXL : RPC: WorldVehicleAdd,
NewVehicle.iVehicleType: 462
11-21 20:29:25.051 4012 5465 I AXL : RPC: ScrNumberPlate
11-21 20:29:25.051 4012 5465 I AXL : RPC: ScrVehicleParamsEx
11-21 20:29:25.051 4012 5465 I AXL : RPC_CUSTOM_HANDLING
11-21 20:29:25.051 4012 5465 I AXL : [IsModelLoaded] iModelID: 119
11-21 20:29:25.051 4012 5465 I AXL : IsModelLoaded true!
11-21 20:29:25.068 4012 4012 D DecorView: semSetRoundedCorners: 5
11-21 20:29:25.085 4012 4012 D DecorView: semSetRoundedCorners: 5
11-21 20:29:25.102 4012 4012 D DecorView: semSetRoundedCorners: 5
11-21 20:29:25.118 4012 4012 D DecorView: semSetRoundedCorners: 5
11-21 20:29:25.135 4012 4012 D DecorView: semSetRoundedCorners: 5
11-21 20:29:25.152 4012 4012 D DecorView: semSetRoundedCorners: 5
11-21 20:29:25.175 4012 4012 D DecorView: semSetRoundedCorners: 5
11-21 20:29:25.185 4012 4012 D DecorView: semSetRoundedCorners: 5
11-21 20:29:25.202 4012 4012 D DecorView: semSetRoundedCorners: 5
11-21 20:29:25.219 4012 4012 D DecorView: semSetRoundedCorners: 5
11-21 20:29:25.235 4012 4012 D DecorView: semSetRoundedCorners: 5
11-21 20:29:25.261 4012 4012 D DecorView: semSetRoundedCorners: 5
11-21 20:29:25.269 4012 4012 D DecorView: semSetRoundedCorners: 5
11-21 20:29:25.294 4012 4012 D DecorView: semSetRoundedCorners: 5
11-21 20:29:25.320 4012 4012 D DecorView: semSetRoundedCorners: 5
11-21 20:29:25.336 4012 4012 D DecorView: semSetRoundedCorners: 5
11-21 20:29:25.353 4012 4012 D DecorView: semSetRoundedCorners: 5
11-21 20:29:25.369 4012 4012 D DecorView: semSetRoundedCorners: 5
11-21 20:29:25.386 4012 4012 D DecorView: semSetRoundedCorners: 5
11-21 20:29:25.403 4012 4012 D DecorView: semSetRoundedCorners: 5
11-21 20:29:25.420 4012 4012 D DecorView: semSetRoundedCorners: 5
11-21 20:29:25.436 4012 4012 D DecorView: semSetRoundedCorners: 5
11-21 20:29:25.453 4012 4012 D DecorView: semSetRoundedCorners: 5
11-21 20:29:25.470 4012 4012 D DecorView: semSetRoundedCorners: 5
11-21 20:29:25.491 4012 4012 D DecorView: semSetRoundedCorners: 5
11-21 20:29:25.503 4012 4012 D DecorView: semSetRoundedCorners: 5
11-21 20:29:25.525 4012 4012 D DecorView: semSetRoundedCorners: 5
11-21 20:29:25.536 4012 4012 D DecorView: semSetRoundedCorners: 5
11-21 20:29:25.553 4012 4012 D DecorView: semSetRoundedCorners: 5
11-21 20:29:25.576 4012 4012 D DecorView: semSetRoundedCorners: 5
11-21 20:29:25.587 4012 4012 D DecorView: semSetRoundedCorners: 5
11-21 20:29:25.603 4012 4012 D DecorView: semSetRoundedCorners: 5
11-21 20:29:25.620 4012 4012 D DecorView: semSetRoundedCorners: 5
11-21 20:29:25.642 4012 4012 D DecorView: semSetRoundedCorners: 5
11-21 20:29:25.654 4012 4012 D DecorView: semSetRoundedCorners: 5
11-21 20:29:25.670 4012 4012 D DecorView: semSetRoundedCorners: 5
11-21 20:29:25.691 4012 4012 D DecorView: semSetRoundedCorners: 5
11-21 20:29:25.704 4012 4012 D DecorView: semSetRoundedCorners: 5
11-21 20:29:25.721 4012 4012 D DecorView: semSetRoundedCorners: 5
11-21 20:29:25.737 4012 4012 D DecorView: semSetRoundedCorners: 5
11-21 20:29:25.754 4012 4012 D DecorView: semSetRoundedCorners: 5
11-21 20:29:25.771 4012 4012 D DecorView: semSetRoundedCorners: 5
11-21 20:29:25.792 4012 4012 D DecorView: semSetRoundedCorners: 5
11-21 20:29:25.804 4012 4012 D DecorView: semSetRoundedCorners: 5
11-21 20:29:25.821 4012 4012 D DecorView: semSetRoundedCorners: 5
11-21 20:29:25.842 4012 4012 D DecorView: semSetRoundedCorners: 5
11-21 20:29:25.854 4012 4012 D DecorView: semSetRoundedCorners: 5
11-21 20:29:25.871 4012 4012 D DecorView: semSetRoundedCorners: 5
11-21 20:29:25.892 4012 4012 D DecorView: semSetRoundedCorners: 5
11-21 20:29:25.912 4012 4012 D DecorView: semSetRoundedCorners: 5
11-21 20:29:25.921 4012 4012 D DecorView: semSetRoundedCorners: 5
11-21 20:29:25.943 4012 4012 D DecorView: semSetRoundedCorners: 5
11-21 20:29:25.955 4012 4012 D DecorView: semSetRoundedCorners: 5
11-21 20:29:25.971 4012 4012 D DecorView: semSetRoundedCorners: 5
11-21 20:29:25.993 4012 4012 D DecorView: semSetRoundedCorners: 5
11-21 20:29:26.005 4012 4012 D DecorView: semSetRoundedCorners: 5
11-21 20:29:26.022 4012 4012 D DecorView: semSetRoundedCorners: 5
11-21 20:29:26.045 4012 4012 D DecorView: semSetRoundedCorners: 5
11-21 20:29:26.055 4012 4012 D DecorView: semSetRoundedCorners: 5
11-21 20:29:26.072 4012 4012 D DecorView: semSetRoundedCorners: 5
11-21 20:29:26.088 4012 4012 D DecorView: semSetRoundedCorners: 5
11-21 20:29:26.105 4012 4012 D DecorView: semSetRoundedCorners: 5
11-21 20:29:26.122 4012 4012 D DecorView: semSetRoundedCorners: 5
11-21 20:29:26.145 4012 4012 D DecorView: semSetRoundedCorners: 5
11-21 20:29:26.155 4012 4012 D DecorView: semSetRoundedCorners: 5
11-21 20:29:26.172 4012 4012 D DecorView: semSetRoundedCorners: 5
11-21 20:29:26.189 4012 4012 D DecorView: semSetRoundedCorners: 5
11-21 20:29:26.206 4012 4012 D DecorView: semSetRoundedCorners: 5
11-21 20:29:26.222 4012 4012 D DecorView: semSetRoundedCorners: 5
11-21 20:29:26.244 4012 4012 D DecorView: semSetRoundedCorners: 5
11-21 20:29:26.256 4012 4012 D DecorView: semSetRoundedCorners: 5
11-21 20:29:26.273 4012 4012 D DecorView: semSetRoundedCorners: 5
11-21 20:29:26.289 4012 4012 D DecorView: semSetRoundedCorners: 5
11-21 20:29:26.306 4012 4012 D DecorView: semSetRoundedCorners: 5
11-21 20:29:26.323 4012 4012 D DecorView: semSetRoundedCorners: 5
11-21 20:29:26.339 4012 4012 D DecorView: semSetRoundedCorners: 5
11-21 20:29:26.344 4012 5465 I AXL : RPC: ScrSetPlayerColor
11-21 20:29:26.344 4012 5465 I AXL : RPC: ScrSetPlayerColor
11-21 20:29:26.356 4012 4012 D DecorView: semSetRoundedCorners: 5
11-21 20:29:26.373 4012 4012 D DecorView: semSetRoundedCorners: 5
11-21 20:29:26.389 4012 4012 D DecorView: semSetRoundedCorners: 5
11-21 20:29:26.406 4012 4012 D DecorView: semSetRoundedCorners: 5
11-21 20:29:26.423 4012 4012 D DecorView: semSetRoundedCorners: 5
11-21 20:29:26.440 4012 4012 D DecorView: semSetRoundedCorners: 5
11-21 20:29:26.462 4012 4012 D DecorView: semSetRoundedCorners: 5
11-21 20:29:26.473 4012 4012 D DecorView: semSetRoundedCorners: 5
11-21 20:29:26.490 4012 4012 D DecorView: semSetRoundedCorners: 5
11-21 20:29:26.506 4012 4012 D DecorView: semSetRoundedCorners: 5
11-21 20:29:26.523 4012 4012 D DecorView: semSetRoundedCorners: 5
11-21 20:29:26.545 4012 4012 D DecorView: semSetRoundedCorners: 5
11-21 20:29:26.557 4012 4012 D DecorView: semSetRoundedCorners: 5
11-21 20:29:26.573 4012 4012 D DecorView: semSetRoundedCorners: 5
11-21 20:29:26.590 4012 4012 D DecorView: semSetRoundedCorners: 5
11-21 20:29:26.640 4012 4012 D DecorView: semSetRoundedCorners: 5
11-21 20:29:26.657 4012 4012 D DecorView: semSetRoundedCorners: 5
11-21 20:29:26.674 4012 4012 D DecorView: semSetRoundedCorners: 5
11-21 20:29:26.690 4012 4012 D DecorView: semSetRoundedCorners: 5
11-21 20:29:26.711 4012 4012 D DecorView: semSetRoundedCorners: 5
11-21 20:29:26.724 4012 4012 D DecorView: semSetRoundedCorners: 5
11-21 20:29:26.740 4012 4012 D DecorView: semSetRoundedCorners: 5
11-21 20:29:26.761 4012 4012 D DecorView: semSetRoundedCorners: 5
11-21 20:29:26.781 4012 4012 D DecorView: semSetRoundedCorners: 5
11-21 20:29:26.791 4012 4012 D DecorView: semSetRoundedCorners: 5
11-21 20:29:26.813 4012 4012 D DecorView: semSetRoundedCorners: 5
11-21 20:29:26.832 4012 4012 D DecorView: semSetRoundedCorners: 5
11-21 20:29:26.841 4012 4012 D DecorView: semSetRoundedCorners: 5
11-21 20:29:26.863 4012 4012 D DecorView: semSetRoundedCorners: 5
11-21 20:29:26.880 4012 4012 D DecorView: semSetRoundedCorners: 5
11-21 20:29:26.895 4012 4012 D DecorView: semSetRoundedCorners: 5
11-21 20:29:26.908 4012 4012 D DecorView: semSetRoundedCorners: 5
11-21 20:29:26.925 4012 4012 D DecorView: semSetRoundedCorners: 5
11-21 20:29:26.946 4012 4012 D DecorView: semSetRoundedCorners: 5
11-21 20:29:26.958 4012 4012 D DecorView: semSetRoundedCorners: 5
11-21 20:29:26.975 4012 4012 D DecorView: semSetRoundedCorners: 5
11-21 20:29:26.991 4012 4012 D DecorView: semSetRoundedCorners: 5
11-21 20:29:27.014 4012 4012 D DecorView: semSetRoundedCorners: 5
11-21 20:29:27.025 4012 4012 D DecorView: semSetRoundedCorners: 5
11-21 20:29:27.042 4012 4012 D DecorView: semSetRoundedCorners: 5
11-21 20:29:27.058 4012 4012 D DecorView: semSetRoundedCorners: 5
11-21 20:29:27.075 4012 4012 D DecorView: semSetRoundedCorners: 5
11-21 20:29:27.092 4012 4012 D DecorView: semSetRoundedCorners: 5
11-21 20:29:27.115 4012 4012 D DecorView: semSetRoundedCorners: 5
11-21 20:29:27.132 4012 4012 D DecorView: semSetRoundedCorners: 5
11-21 20:29:27.142 4012 4012 D DecorView: semSetRoundedCorners: 5
11-21 20:29:27.159 4012 4012 D DecorView: semSetRoundedCorners: 5
11-21 20:29:27.175 4012 4012 D DecorView: semSetRoundedCorners: 5
11-21 20:29:27.192 4012 4012 D DecorView: semSetRoundedCorners: 5
11-21 20:29:27.213 4012 4012 D DecorView: semSetRoundedCorners: 5
11-21 20:29:27.225 4012 4012 D DecorView: semSetRoundedCorners: 5
11-21 20:29:27.242 4012 4012 D DecorView: semSetRoundedCorners: 5
11-21 20:29:27.259 4012 4012 D DecorView: semSetRoundedCorners: 5
11-21 20:29:27.276 4012 4012 D DecorView: semSetRoundedCorners: 5
11-21 20:29:27.293 4012 4012 D DecorView: semSetRoundedCorners: 5
11-21 20:29:27.316 4012 4012 D DecorView: semSetRoundedCorners: 5
11-21 20:29:27.326 4012 4012 D DecorView: semSetRoundedCorners: 5
11-21 20:29:27.343 4012 4012 D DecorView: semSetRoundedCorners: 5
11-21 20:29:27.359 4012 4012 D DecorView: semSetRoundedCorners: 5
11-21 20:29:27.376 4012 4012 D DecorView: semSetRoundedCorners: 5
11-21 20:29:27.393 4012 4012 D DecorView: semSetRoundedCorners: 5
11-21 20:29:27.416 4012 4012 D DecorView: semSetRoundedCorners: 5
11-21 20:29:27.426 4012 4012 D DecorView: semSetRoundedCorners: 5
11-21 20:29:27.443 4012 4012 D DecorView: semSetRoundedCorners: 5
11-21 20:29:27.460 4012 4012 D DecorView: semSetRoundedCorners: 5
11-21 20:29:27.476 4012 4012 D DecorView: semSetRoundedCorners: 5
11-21 20:29:27.493 4012 4012 D DecorView: semSetRoundedCorners: 5
11-21 20:29:27.510 4012 4012 D DecorView: semSetRoundedCorners: 5
11-21 20:29:27.526 4012 4012 D DecorView: semSetRoundedCorners: 5
11-21 20:29:27.543 4012 4012 D DecorView: semSetRoundedCorners: 5
11-21 20:29:27.560 4012 4012 D DecorView: semSetRoundedCorners: 5
11-21 20:29:27.577 4012 4012 D DecorView: semSetRoundedCorners: 5
11-21 20:29:27.593 4012 4012 D DecorView: semSetRoundedCorners: 5
11-21 20:29:27.616 4012 4012 D DecorView: semSetRoundedCorners: 5
11-21 20:29:27.627 4012 4012 D DecorView: semSetRoundedCorners: 5
11-21 20:29:27.644 4012 4012 D DecorView: semSetRoundedCorners: 5
11-21 20:29:27.660 4012 4012 D DecorView: semSetRoundedCorners: 5
11-21 20:29:27.677 4012 4012 D DecorView: semSetRoundedCorners: 5
11-21 20:29:27.695 4012 4012 D DecorView: semSetRoundedCorners: 5
11-21 20:29:27.710 4012 4012 D DecorView: semSetRoundedCorners: 5
11-21 20:29:27.732 4012 4012 D DecorView: semSetRoundedCorners: 5
11-21 20:29:27.744 4012 4012 D DecorView: semSetRoundedCorners: 5
11-21 20:29:27.766 4012 4012 D DecorView: semSetRoundedCorners: 5
11-21 20:29:27.777 4012 4012 D DecorView: semSetRoundedCorners: 5
11-21 20:29:27.794 4012 4012 D DecorView: semSetRoundedCorners: 5
11-21 20:29:27.811 4012 4012 D DecorView: semSetRoundedCorners: 5
11-21 20:29:27.832 4012 4012 D DecorView: semSetRoundedCorners: 5
11-21 20:29:27.844 4012 4012 D DecorView: semSetRoundedCorners: 5
11-21 20:29:27.861 4012 4012 D DecorView: semSetRoundedCorners: 5
11-21 20:29:27.878 4012 4012 D DecorView: semSetRoundedCorners: 5
11-21 20:29:27.899 4012 4012 D DecorView: semSetRoundedCorners: 5
11-21 20:29:27.911 4012 4012 D DecorView: semSetRoundedCorners: 5
11-21 20:29:27.928 4012 4012 D DecorView: semSetRoundedCorners: 5
11-21 20:29:27.945 4012 4012 D DecorView: semSetRoundedCorners: 5
11-21 20:29:27.961 4012 4012 D DecorView: semSetRoundedCorners: 5
11-21 20:29:27.984 4012 4012 D DecorView: semSetRoundedCorners: 5
11-21 20:29:28.000 4012 4012 D DecorView: semSetRoundedCorners: 5
11-21 20:29:28.016 4012 4012 D DecorView: semSetRoundedCorners: 5
11-21 20:29:28.032 4012 4012 D DecorView: semSetRoundedCorners: 5
11-21 20:29:28.045 4012 4012 D DecorView: semSetRoundedCorners: 5
11-21 20:29:28.062 4012 4012 D DecorView: semSetRoundedCorners: 5
11-21 20:29:28.078 4012 4012 D DecorView: semSetRoundedCorners: 5
11-21 20:29:28.095 4012 4012 D DecorView: semSetRoundedCorners: 5
11-21 20:29:28.112 4012 4012 D DecorView: semSetRoundedCorners: 5
11-21 20:29:28.134 4012 4012 D DecorView: semSetRoundedCorners: 5
11-21 20:29:28.145 4012 4012 D DecorView: semSetRoundedCorners: 5
11-21 20:29:28.162 4012 4012 D DecorView: semSetRoundedCorners: 5
11-21 20:29:28.185 4012 4012 D DecorView: semSetRoundedCorners: 5
11-21 20:29:28.195 4012 4012 D DecorView: semSetRoundedCorners: 5
11-21 20:29:28.212 4012 4012 D DecorView: semSetRoundedCorners: 5
11-21 20:29:28.236 4012 4012 D DecorView: semSetRoundedCorners: 5
11-21 20:29:28.246 4012 4012 D DecorView: semSetRoundedCorners: 5
11-21 20:29:28.263 4012 4012 D DecorView: semSetRoundedCorners: 5
11-21 20:29:28.278 4012 5465 I AXL : Removing from vehicle..
11-21 20:29:28.278 4012 5465 I AXL : Setting flag state..
11-21 20:29:28.278 4012 5465 I AXL : Calling destructor..
11-21 20:29:28.278 4012 5465 I AXL : PlayerPed Destroyed
11-21 20:29:28.279 4012 4012 D DecorView: semSetRoundedCorners: 5
11-21 20:29:28.296 4012 4012 D DecorView: semSetRoundedCorners: 5
11-21 20:29:28.318 4012 4012 D DecorView: semSetRoundedCorners: 5
11-21 20:29:28.329 4012 4012 D DecorView: semSetRoundedCorners: 5
11-21 20:29:28.346 4012 4012 D DecorView: semSetRoundedCorners: 5
11-21 20:29:28.363 4012 4012 D DecorView: semSetRoundedCorners: 5
11-21 20:29:28.377 4012 5465 I AXL : RPC: ScrSetPlayerColor
11-21 20:29:28.379 4012 4012 D DecorView: semSetRoundedCorners: 5
11-21 20:29:28.396 4012 4012 D DecorView: semSetRoundedCorners: 5
11-21 20:29:28.413 4012 4012 D DecorView: semSetRoundedCorners: 5
11-21 20:29:28.433 4012 4012 D DecorView: semSetRoundedCorners: 5
11-21 20:29:28.447 4012 4012 D DecorView: semSetRoundedCorners: 5
11-21 20:29:28.463 4012 4012 D DecorView: semSetRoundedCorners: 5
11-21 20:29:28.485 4012 4012 D DecorView: semSetRoundedCorners: 5
11-21 20:29:28.497 4012 4012 D DecorView: semSetRoundedCorners: 5
11-21 20:29:28.513 4012 4012 D DecorView: semSetRoundedCorners: 5
11-21 20:29:28.536 4012 4012 D DecorView: semSetRoundedCorners: 5
11-21 20:29:28.547 4012 4012 D DecorView: semSetRoundedCorners: 5
11-21 20:29:28.563 4012 4012 D DecorView: semSetRoundedCorners: 5
11-21 20:29:28.580 4012 4012 D DecorView: semSetRoundedCorners: 5
11-21 20:29:28.603 4012 4012 D DecorView: semSetRoundedCorners: 5
11-21 20:29:28.620 4012 4012 D DecorView: semSetRoundedCorners: 5
11-21 20:29:28.635 4012 4012 D DecorView: semSetRoundedCorners: 5
11-21 20:29:28.653 4012 4012 D DecorView: semSetRoundedCorners: 5
11-21 20:29:28.669 4012 4012 D DecorView: semSetRoundedCorners: 5
11-21 20:29:28.686 4012 4012 D DecorView: semSetRoundedCorners: 5
11-21 20:29:28.702 4012 4012 D DecorView: semSetRoundedCorners: 5
11-21 20:29:28.719 4012 4012 D DecorView: semSetRoundedCorners: 5
11-21 20:29:28.738 4012 4012 D DecorView: semSetRoundedCorners: 5
11-21 20:29:28.752 4012 4012 D DecorView: semSetRoundedCorners: 5
11-21 20:29:28.769 4012 4012 D DecorView: semSetRoundedCorners: 5
11-21 20:29:28.784 4012 4012 D DecorView: semSetRoundedCorners: 5
11-21 20:29:28.798 4012 4012 D DecorView: semSetRoundedCorners: 5
11-21 20:29:28.815 4012 4012 D DecorView: semSetRoundedCorners: 5
11-21 20:29:28.837 4012 4012 D DecorView: semSetRoundedCorners: 5
11-21 20:29:28.854 4012 4012 D DecorView: semSetRoundedCorners: 5
11-21 20:29:28.869 4012 4012 D DecorView: semSetRoundedCorners: 5
11-21 20:29:28.888 4012 4012 D DecorView: semSetRoundedCorners: 5
11-21 20:29:28.903 4012 4012 D DecorView: semSetRoundedCorners: 5
11-21 20:29:28.921 4012 4012 D DecorView: semSetRoundedCorners: 5
11-21 20:29:28.938 4012 4012 D DecorView: semSetRoundedCorners: 5
11-21 20:29:28.954 4012 4012 D DecorView: semSetRoundedCorners: 5
11-21 20:29:28.969 4012 4012 D DecorView: semSetRoundedCorners: 5
11-21 20:29:28.988 4012 4012 D DecorView: semSetRoundedCorners: 5
11-21 20:29:28.998 4012 4012 D DecorView: semSetRoundedCorners: 5
11-21 20:29:29.015 4012 4012 D DecorView: semSetRoundedCorners: 5
11-21 20:29:29.037 4012 4012 D DecorView: semSetRoundedCorners: 5
11-21 20:29:29.056 4012 4012 D DecorView: semSetRoundedCorners: 5
11-21 20:29:29.071 4012 4012 D DecorView: semSetRoundedCorners: 5
11-21 20:29:29.088 4012 4012 D DecorView: semSetRoundedCorners: 5
11-21 20:29:29.103 4012 4012 D DecorView: semSetRoundedCorners: 5
11-21 20:29:29.115 4012 4012 D DecorView: semSetRoundedCorners: 5
11-21 20:29:29.139 4012 4012 D DecorView: semSetRoundedCorners: 5
11-21 20:29:29.149 4012 4012 D DecorView: semSetRoundedCorners: 5
11-21 20:29:29.171 4012 4012 D DecorView: semSetRoundedCorners: 5
11-21 20:29:29.187 4012 4012 D DecorView: semSetRoundedCorners: 5
11-21 20:29:29.203 4012 4012 D DecorView: semSetRoundedCorners: 5
11-21 20:29:29.216 4012 4012 D DecorView: semSetRoundedCorners: 5
11-21 20:29:29.240 4012 4012 D DecorView: semSetRoundedCorners: 5
11-21 20:29:29.258 4012 4012 D DecorView: semSetRoundedCorners: 5
11-21 20:29:29.271 4012 4012 D DecorView: semSetRoundedCorners: 5
11-21 20:29:29.288 4012 4012 D DecorView: semSetRoundedCorners: 5
11-21 20:29:29.304 4012 4012 D DecorView: semSetRoundedCorners: 5
11-21 20:29:29.321 4012 4012 D DecorView: semSetRoundedCorners: 5
11-21 20:29:29.339 4012 4012 D DecorView: semSetRoundedCorners: 5
11-21 20:29:29.355 4012 4012 D DecorView: semSetRoundedCorners: 5
11-21 20:29:29.371 4012 4012 D DecorView: semSetRoundedCorners: 5
11-21 20:29:29.387 4012 4012 D DecorView: semSetRoundedCorners: 5
11-21 20:29:29.404 4012 4012 D DecorView: semSetRoundedCorners: 5
11-21 20:29:29.421 4012 4012 D DecorView: semSetRoundedCorners: 5
11-21 20:29:29.438 4012 4012 D DecorView: semSetRoundedCorners: 5
11-21 20:29:29.455 4012 4012 D DecorView: semSetRoundedCorners: 5
11-21 20:29:29.471 4012 4012 D DecorView: semSetRoundedCorners: 5
11-21 20:29:29.489 4012 4012 D DecorView: semSetRoundedCorners: 5
11-21 20:29:29.505 4012 4012 D DecorView: semSetRoundedCorners: 5
11-21 20:29:29.522 4012 4012 D DecorView: semSetRoundedCorners: 5
11-21 20:29:29.538 4012 4012 D DecorView: semSetRoundedCorners: 5
11-21 20:29:29.555 4012 4012 D DecorView: semSetRoundedCorners: 5
11-21 20:29:29.571 4012 4012 D DecorView: semSetRoundedCorners: 5
11-21 20:29:29.588 4012 4012 D DecorView: semSetRoundedCorners: 5
11-21 20:29:29.606 4012 4012 D DecorView: semSetRoundedCorners: 5
11-21 20:29:29.622 4012 4012 D DecorView: semSetRoundedCorners: 5
11-21 20:29:29.639 4012 4012 D DecorView: semSetRoundedCorners: 5
11-21 20:29:29.657 4012 4012 D DecorView: semSetRoundedCorners: 5
