11-21 20:26:33.719 4012 4012 D DecorView: semSetRoundedCorners: 5
11-21 20:26:33.736 4012 4012 D DecorView: semSetRoundedCorners: 5
11-21 20:26:33.752 4012 4012 D DecorView: semSetRoundedCorners: 5
11-21 20:26:33.769 4012 4012 D DecorView: semSetRoundedCorners: 5
11-21 20:26:33.786 4012 4012 D DecorView: semSetRoundedCorners: 5
11-21 20:26:33.803 4012 4012 D DecorView: semSetRoundedCorners: 5
11-21 20:26:33.819 4012 4012 D DecorView: semSetRoundedCorners: 5
11-21 20:26:33.836 4012 4012 D DecorView: semSetRoundedCorners: 5
11-21 20:26:33.853 4012 4012 D DecorView: semSetRoundedCorners: 5
11-21 20:26:33.869 4012 4012 D DecorView: semSetRoundedCorners: 5
11-21 20:26:33.886 4012 4012 D DecorView: semSetRoundedCorners: 5
11-21 20:26:33.903 4012 4012 D DecorView: semSetRoundedCorners: 5
11-21 20:26:33.919 4012 4012 D DecorView: semSetRoundedCorners: 5
11-21 20:26:33.936 4012 4012 D DecorView: semSetRoundedCorners: 5
11-21 20:26:33.953 4012 4012 D DecorView: semSetRoundedCorners: 5
11-21 20:26:33.970 4012 4012 D DecorView: semSetRoundedCorners: 5
11-21 20:26:33.986 4012 4012 D DecorView: semSetRoundedCorners: 5
11-21 20:26:34.004 4012 4012 D DecorView: semSetRoundedCorners: 5
11-21 20:26:34.020 4012 4012 D DecorView: semSetRoundedCorners: 5
11-21 20:26:34.037 4012 4012 D DecorView: semSetRoundedCorners: 5
11-21 20:26:34.053 4012 4012 D DecorView: semSetRoundedCorners: 5
11-21 20:26:34.070 4012 4012 D DecorView: semSetRoundedCorners: 5
11-21 20:26:34.087 4012 4012 D DecorView: semSetRoundedCorners: 5
11-21 20:26:34.103 4012 4012 D DecorView: semSetRoundedCorners: 5
11-21 20:26:34.120 4012 4012 D DecorView: semSetRoundedCorners: 5
11-21 20:26:34.137 4012 4012 D DecorView: semSetRoundedCorners: 5
11-21 20:26:34.149 4012 5465 I AXL : RPC: ScrDisableMapIcon
11-21 20:26:34.154 4012 4012 D DecorView: semSetRoundedCorners: 5
11-21 20:26:34.170 4012 4012 D DecorView: semSetRoundedCorners: 5
11-21 20:26:34.187 4012 4012 D DecorView: semSetRoundedCorners: 5
11-21 20:26:34.204 4012 4012 D DecorView: semSetRoundedCorners: 5
11-21 20:26:34.220 4012 4012 D DecorView: semSetRoundedCorners: 5
11-21 20:26:34.237 4012 4012 D DecorView: semSetRoundedCorners: 5
11-21 20:26:34.254 4012 4012 D DecorView: semSetRoundedCorners: 5
11-21 20:26:34.271 4012 4012 D DecorView: semSetRoundedCorners: 5
11-21 20:26:34.287 4012 4012 D DecorView: semSetRoundedCorners: 5
11-21 20:26:34.304 4012 4012 D DecorView: semSetRoundedCorners: 5
11-21 20:26:34.321 4012 4012 D DecorView: semSetRoundedCorners: 5
11-21 20:26:34.338 4012 4012 D DecorView: semSetRoundedCorners: 5
11-21 20:26:34.354 4012 4012 D DecorView: semSetRoundedCorners: 5
11-21 20:26:34.371 4012 4012 D DecorView: semSetRoundedCorners: 5
11-21 20:26:34.388 4012 4012 D DecorView: semSetRoundedCorners: 5
11-21 20:26:34.404 4012 4012 D DecorView: semSetRoundedCorners: 5
11-21 20:26:34.421 4012 4012 D DecorView: semSetRoundedCorners: 5
11-21 20:26:34.438 4012 4012 D DecorView: semSetRoundedCorners: 5
11-21 20:26:34.455 4012 4012 D DecorView: semSetRoundedCorners: 5
11-21 20:26:34.471 4012 4012 D DecorView: semSetRoundedCorners: 5
11-21 20:26:34.488 4012 4012 D DecorView: semSetRoundedCorners: 5
11-21 20:26:34.505 4012 4012 D DecorView: semSetRoundedCorners: 5
11-21 20:26:34.521 4012 4012 D DecorView: semSetRoundedCorners: 5
11-21 20:26:34.538 4012 4012 D DecorView: semSetRoundedCorners: 5
11-21 20:26:34.556 4012 4012 D DecorView: semSetRoundedCorners: 5
11-21 20:26:34.572 4012 4012 D DecorView: semSetRoundedCorners: 5
11-21 20:26:34.588 4012 4012 D DecorView: semSetRoundedCorners: 5
11-21 20:26:34.605 4012 4012 D DecorView: semSetRoundedCorners: 5
11-21 20:26:34.622 4012 4012 D DecorView: semSetRoundedCorners: 5
11-21 20:26:34.639 4012 4012 D DecorView: semSetRoundedCorners: 5
11-21 20:26:34.656 4012 4012 D DecorView: semSetRoundedCorners: 5
11-21 20:26:34.672 4012 4012 D DecorView: semSetRoundedCorners: 5
11-21 20:26:34.689 4012 4012 D DecorView: semSetRoundedCorners: 5
11-21 20:26:34.706 4012 4012 D DecorView: semSetRoundedCorners: 5
11-21 20:26:34.723 4012 4012 D DecorView: semSetRoundedCorners: 5
11-21 20:26:34.739 4012 4012 D DecorView: semSetRoundedCorners: 5
11-21 20:26:34.757 4012 4012 D DecorView: semSetRoundedCorners: 5
11-21 20:26:34.772 4012 4012 D DecorView: semSetRoundedCorners: 5
11-21 20:26:34.789 4012 4012 D DecorView: semSetRoundedCorners: 5
11-21 20:26:34.806 4012 4012 D DecorView: semSetRoundedCorners: 5
11-21 20:26:34.817 4012 5465 I AXL : parking_box loaded from crime
11-21 20:26:34.817 4012 5465 I AXL : parking_text loaded from crime
11-21 20:26:34.823 4012 4012 D DecorView: semSetRoundedCorners: 5
11-21 20:26:34.840 4012 4012 D DecorView: semSetRoundedCorners: 5
11-21 20:26:34.856 4012 4012 D DecorView: semSetRoundedCorners: 5
11-21 20:26:34.873 4012 4012 D DecorView: semSetRoundedCorners: 5
11-21 20:26:34.890 4012 4012 D DecorView: semSetRoundedCorners: 5
11-21 20:26:34.906 4012 4012 D DecorView: semSetRoundedCorners: 5
11-21 20:26:34.923 4012 4012 D DecorView: semSetRoundedCorners: 5
11-21 20:26:34.939 4012 4012 D DecorView: semSetRoundedCorners: 5
11-21 20:26:34.957 4012 4012 D DecorView: semSetRoundedCorners: 5
11-21 20:26:34.974 4012 4012 D DecorView: semSetRoundedCorners: 5
11-21 20:26:34.990 4012 4012 D DecorView: semSetRoundedCorners: 5
11-21 20:26:35.006 4012 4012 D DecorView: semSetRoundedCorners: 5
11-21 20:26:35.023 4012 4012 D DecorView: semSetRoundedCorners: 5
11-21 20:26:35.040 4012 4012 D DecorView: semSetRoundedCorners: 5
11-21 20:26:35.057 4012 4012 D DecorView: semSetRoundedCorners: 5
11-21 20:26:35.073 4012 4012 D DecorView: semSetRoundedCorners: 5
11-21 20:26:35.090 4012 4012 D DecorView: semSetRoundedCorners: 5
11-21 20:26:35.107 4012 4012 D DecorView: semSetRoundedCorners: 5
11-21 20:26:35.124 4012 4012 D DecorView: semSetRoundedCorners: 5
11-21 20:26:35.141 4012 4012 D DecorView: semSetRoundedCorners: 5
11-21 20:26:35.157 4012 4012 D DecorView: semSetRoundedCorners: 5
11-21 20:26:35.174 4012 4012 D DecorView: semSetRoundedCorners: 5
11-21 20:26:35.191 4012 4012 D DecorView: semSetRoundedCorners: 5
11-21 20:26:35.208 4012 4012 D DecorView: semSetRoundedCorners: 5
11-21 20:26:35.224 4012 4012 D DecorView: semSetRoundedCorners: 5
11-21 20:26:35.241 4012 4012 D DecorView: semSetRoundedCorners: 5
11-21 20:26:35.257 4012 4012 D DecorView: semSetRoundedCorners: 5
11-21 20:26:35.275 4012 4012 D DecorView: semSetRoundedCorners: 5
11-21 20:26:35.291 4012 4012 D DecorView: semSetRoundedCorners: 5
11-21 20:26:35.308 4012 4012 D DecorView: semSetRoundedCorners: 5
11-21 20:26:35.324 4012 4012 D DecorView: semSetRoundedCorners: 5
11-21 20:26:35.341 4012 4012 D DecorView: semSetRoundedCorners: 5
11-21 20:26:35.358 4012 4012 D DecorView: semSetRoundedCorners: 5
11-21 20:26:35.375 4012 4012 D DecorView: semSetRoundedCorners: 5
11-21 20:26:35.392 4012 4012 D DecorView: semSetRoundedCorners: 5
11-21 20:26:35.408 4012 4012 D DecorView: semSetRoundedCorners: 5
11-21 20:26:35.425 4012 4012 D DecorView: semSetRoundedCorners: 5
11-21 20:26:35.441 4012 4012 D DecorView: semSetRoundedCorners: 5
11-21 20:26:35.458 4012 4012 D DecorView: semSetRoundedCorners: 5
11-21 20:26:35.475 4012 4012 D DecorView: semSetRoundedCorners: 5
11-21 20:26:35.492 4012 4012 D DecorView: semSetRoundedCorners: 5
11-21 20:26:35.509 4012 4012 D DecorView: semSetRoundedCorners: 5
11-21 20:26:35.525 4012 4012 D DecorView: semSetRoundedCorners: 5
11-21 20:26:35.542 4012 4012 D DecorView: semSetRoundedCorners: 5
11-21 20:26:35.558 4012 4012 D DecorView: semSetRoundedCorners: 5
11-21 20:26:35.575 4012 4012 D DecorView: semSetRoundedCorners: 5
11-21 20:26:35.592 4012 4012 D DecorView: semSetRoundedCorners: 5
11-21 20:26:35.609 4012 4012 D DecorView: semSetRoundedCorners: 5
11-21 20:26:35.625 4012 4012 D DecorView: semSetRoundedCorners: 5
11-21 20:26:35.642 4012 4012 D DecorView: semSetRoundedCorners: 5
11-21 20:26:35.659 4012 4012 D DecorView: semSetRoundedCorners: 5
11-21 20:26:35.676 4012 4012 D DecorView: semSetRoundedCorners: 5
11-21 20:26:35.692 4012 4012 D DecorView: semSetRoundedCorners: 5
11-21 20:26:35.709 4012 4012 D DecorView: semSetRoundedCorners: 5
11-21 20:26:35.720 4012 5465 I AXL : RPC: ScrSetPlayerColor
11-21 20:26:35.726 4012 4012 D DecorView: semSetRoundedCorners: 5
11-21 20:26:35.743 4012 4012 D DecorView: semSetRoundedCorners: 5
11-21 20:26:35.753 4012 5465 I AXL : RPC: ScrClearPlayerAnimations
11-21 20:26:35.759 4012 4012 D DecorView: semSetRoundedCorners: 5
11-21 20:26:35.776 4012 4012 D DecorView: semSetRoundedCorners: 5
11-21 20:26:35.793 4012 4012 D DecorView: semSetRoundedCorners: 5
11-21 20:26:35.809 4012 4012 D DecorView: semSetRoundedCorners: 5
11-21 20:26:35.826 4012 4012 D DecorView: semSetRoundedCorners: 5
11-21 20:26:35.843 4012 4012 D DecorView: semSetRoundedCorners: 5
11-21 20:26:35.859 4012 4012 D DecorView: semSetRoundedCorners: 5
11-21 20:26:35.877 4012 4012 D DecorView: semSetRoundedCorners: 5
11-21 20:26:35.893 4012 4012 D DecorView: semSetRoundedCorners: 5
11-21 20:26:35.909 4012 4012 D DecorView: semSetRoundedCorners: 5
11-21 20:26:35.927 4012 4012 D DecorView: semSetRoundedCorners: 5
11-21 20:26:35.944 4012 4012 D DecorView: semSetRoundedCorners: 5
11-21 20:26:35.960 4012 4012 D DecorView: semSetRoundedCorners: 5
11-21 20:26:35.976 4012 4012 D DecorView: semSetRoundedCorners: 5
11-21 20:26:35.994 4012 4012 D DecorView: semSetRoundedCorners: 5
11-21 20:26:36.010 4012 4012 D DecorView: semSetRoundedCorners: 5
11-21 20:26:36.027 4012 4012 D DecorView: semSetRoundedCorners: 5
11-21 20:26:36.044 4012 4012 D DecorView: semSetRoundedCorners: 5
11-21 20:26:36.060 4012 4012 D DecorView: semSetRoundedCorners: 5
11-21 20:26:36.070 4012 5465 I AXL : [IsModelLoaded] iModelID: 546
11-21 20:26:36.070 4012 5465 I AXL : IsModelLoaded true!
11-21 20:26:36.072 4012 5465 I AXL : [IsModelLoaded] iModelID: 3250
11-21 20:26:36.072 4012 5465 I AXL : IsModelLoaded true!
11-21 20:26:36.072 4012 5465 I AXL : [IsModelLoaded] iModelID: 409
11-21 20:26:36.072 4012 5465 I AXL : IsModelLoaded true!
11-21 20:26:36.073 4012 5465 I AXL : Removing from vehicle..
11-21 20:26:36.073 4012 5465 I AXL : Setting flag state..
11-21 20:26:36.073 4012 5465 I AXL : Calling destructor..
11-21 20:26:36.073 4012 5465 I AXL : PlayerPed Destroyed
11-21 20:26:36.073 4012 5465 I AXL : CreatePickup(1239, 23, -483, 916, 12)
11-21 20:26:36.073 4012 5465 I AXL : [IsModelLoaded] iModelID: 1239
11-21 20:26:36.073 4012 5465 I AXL : IsModelLoaded true!
11-21 20:26:36.077 4012 4012 D DecorView: semSetRoundedCorners: 5
11-21 20:26:36.086 4012 4012 I ViewRootImpl@fb83006[GTASA]: ViewPostIme pointer 1
11-21 20:26:36.093 4012 4012 D DecorView: semSetRoundedCorners: 5
11-21 20:26:36.110 4012 4012 D DecorView: semSetRoundedCorners: 5
11-21 20:26:36.113 4012 4012 I ViewRootImpl@fb83006[GTASA]: ViewPostIme pointer 0
11-21 20:26:36.127 4012 4012 D DecorView: semSetRoundedCorners: 5
11-21 20:26:36.144 4012 4012 D DecorView: semSetRoundedCorners: 5
11-21 20:26:36.160 4012 4012 D DecorView: semSetRoundedCorners: 5
11-21 20:26:36.177 4012 4012 D DecorView: semSetRoundedCorners: 5
11-21 20:26:36.194 4012 4012 D DecorView: semSetRoundedCorners: 5
11-21 20:26:36.205 4012 5465 I AXL : RPC: ScrSetFightingStyle
11-21 20:26:36.211 4012 4012 D DecorView: semSetRoundedCorners: 5
11-21 20:26:36.227 4012 4012 D DecorView: semSetRoundedCorners: 5
11-21 20:26:36.244 4012 4012 D DecorView: semSetRoundedCorners: 5
11-21 20:26:36.261 4012 4012 D DecorView: semSetRoundedCorners: 5
11-21 20:26:36.277 4012 4012 D DecorView: semSetRoundedCorners: 5
11-21 20:26:36.294 4012 4012 D DecorView: semSetRoundedCorners: 5
11-21 20:26:36.311 4012 4012 D DecorView: semSetRoundedCorners: 5
11-21 20:26:36.328 4012 4012 D DecorView: semSetRoundedCorners: 5
11-21 20:26:36.345 4012 4012 D DecorView: semSetRoundedCorners: 5
11-21 20:26:36.361 4012 4012 D DecorView: semSetRoundedCorners: 5
11-21 20:26:36.378 4012 4012 D DecorView: semSetRoundedCorners: 5
11-21 20:26:36.395 4012 4012 D DecorView: semSetRoundedCorners: 5
11-21 20:26:36.412 4012 4012 D DecorView: semSetRoundedCorners: 5
11-21 20:26:36.428 4012 4012 D DecorView: semSetRoundedCorners: 5
11-21 20:26:36.445 4012 4012 D DecorView: semSetRoundedCorners: 5
11-21 20:26:36.461 4012 4012 D DecorView: semSetRoundedCorners: 5
11-21 20:26:36.478 4012 4012 D DecorView: semSetRoundedCorners: 5
11-21 20:26:36.495 4012 4012 D DecorView: semSetRoundedCorners: 5
11-21 20:26:36.512 4012 4012 D DecorView: semSetRoundedCorners: 5
11-21 20:26:36.528 4012 4012 D DecorView: semSetRoundedCorners: 5
11-21 20:26:36.545 4012 4012 D DecorView: semSetRoundedCorners: 5
11-21 20:26:36.562 4012 4012 D DecorView: semSetRoundedCorners: 5
11-21 20:26:36.579 4012 4012 D DecorView: semSetRoundedCorners: 5
11-21 20:26:36.595 4012 4012 D DecorView: semSetRoundedCorners: 5
11-21 20:26:36.612 4012 4012 D DecorView: semSetRoundedCorners: 5
11-21 20:26:36.629 4012 4012 D DecorView: semSetRoundedCorners: 5
11-21 20:26:36.645 4012 4012 D DecorView: semSetRoundedCorners: 5
11-21 20:26:36.662 4012 4012 D DecorView: semSetRoundedCorners: 5
11-21 20:26:36.679 4012 4012 D DecorView: semSetRoundedCorners: 5
11-21 20:26:36.696 4012 4012 D DecorView: semSetRoundedCorners: 5
11-21 20:26:36.712 4012 4012 D DecorView: semSetRoundedCorners: 5
11-21 20:26:36.729 4012 4012 D DecorView: semSetRoundedCorners: 5
11-21 20:26:36.746 4012 4012 D DecorView: semSetRoundedCorners: 5
11-21 20:26:36.763 4012 4012 D DecorView: semSetRoundedCorners: 5
11-21 20:26:36.779 4012 4012 D DecorView: semSetRoundedCorners: 5
11-21 20:26:36.795 4012 4012 D DecorView: semSetRoundedCorners: 5
11-21 20:26:36.813 4012 4012 D DecorView: semSetRoundedCorners: 5
11-21 20:26:36.823 4012 5465 I AXL : RPC: ScrSetPlayerColor
11-21 20:26:36.830 4012 4012 D DecorView: semSetRoundedCorners: 5
11-21 20:26:36.846 4012 4012 D DecorView: semSetRoundedCorners: 5
11-21 20:26:36.863 4012 4012 D DecorView: semSetRoundedCorners: 5
11-21 20:26:36.879 4012 4012 D DecorView: semSetRoundedCorners: 5
11-21 20:26:36.897 4012 4012 D DecorView: semSetRoundedCorners: 5
11-21 20:26:36.913 4012 4012 D DecorView: semSetRoundedCorners: 5
11-21 20:26:36.929 4012 4012 D DecorView: semSetRoundedCorners: 5
11-21 20:26:36.947 4012 4012 D DecorView: semSetRoundedCorners: 5
11-21 20:26:36.964 4012 4012 D DecorView: semSetRoundedCorners: 5
11-21 20:26:36.980 4012 4012 D DecorView: semSetRoundedCorners: 5
11-21 20:26:36.997 4012 4012 D DecorView: semSetRoundedCorners: 5
11-21 20:26:37.014 4012 4012 D DecorView: semSetRoundedCorners: 5
11-21 20:26:37.030 4012 4012 D DecorView: semSetRoundedCorners: 5
11-21 20:26:37.047 4012 4012 D DecorView: semSetRoundedCorners: 5
11-21 20:26:37.064 4012 4012 D DecorView: semSetRoundedCorners: 5
11-21 20:26:37.080 4012 4012 D DecorView: semSetRoundedCorners: 5
11-21 20:26:37.097 4012 4012 D DecorView: semSetRoundedCorners: 5
11-21 20:26:37.114 4012 4012 D DecorView: semSetRoundedCorners: 5
11-21 20:26:37.130 4012 4012 D DecorView: semSetRoundedCorners: 5
11-21 20:26:37.147 4012 4012 D DecorView: semSetRoundedCorners: 5
11-21 20:26:37.164 4012 4012 D DecorView: semSetRoundedCorners: 5
11-21 20:26:37.180 4012 4012 D DecorView: semSetRoundedCorners: 5
11-21 20:26:37.197 4012 4012 D DecorView: semSetRoundedCorners: 5
11-21 20:26:37.214 4012 4012 D DecorView: semSetRoundedCorners: 5
11-21 20:26:37.231 4012 4012 D DecorView: semSetRoundedCorners: 5
11-21 20:26:37.247 4012 4012 D DecorView: semSetRoundedCorners: 5
11-21 20:26:37.264 4012 4012 D DecorView: semSetRoundedCorners: 5
11-21 20:26:37.281 4012 4012 D DecorView: semSetRoundedCorners: 5
11-21 20:26:37.297 4012 4012 D DecorView: semSetRoundedCorners: 5
11-21 20:26:37.315 4012 4012 D DecorView: semSetRoundedCorners: 5
11-21 20:26:37.331 4012 4012 D DecorView: semSetRoundedCorners: 5
11-21 20:26:37.348 4012 4012 D DecorView: semSetRoundedCorners: 5
11-21 20:26:37.364 4012 4012 D DecorView: semSetRoundedCorners: 5
11-21 20:26:37.381 4012 4012 D DecorView: semSetRoundedCorners: 5
11-21 20:26:37.398 4012 4012 D DecorView: semSetRoundedCorners: 5
11-21 20:26:37.415 4012 4012 D DecorView: semSetRoundedCorners: 5
11-21 20:26:37.431 4012 4012 D DecorView: semSetRoundedCorners: 5
11-21 20:26:37.448 4012 4012 D DecorView: semSetRoundedCorners: 5
11-21 20:26:37.465 4012 4012 D DecorView: semSetRoundedCorners: 5
11-21 20:26:37.481 4012 4012 D DecorView: semSetRoundedCorners: 5
11-21 20:26:37.498 4012 4012 D DecorView: semSetRoundedCorners: 5
11-21 20:26:37.515 4012 4012 D DecorView: semSetRoundedCorners: 5
11-21 20:26:37.532 4012 4012 D DecorView: semSetRoundedCorners: 5
11-21 20:26:37.549 4012 4012 D DecorView: semSetRoundedCorners: 5
11-21 20:26:37.565 4012 4012 D DecorView: semSetRoundedCorners: 5
11-21 20:26:37.582 4012 4012 D DecorView: semSetRoundedCorners: 5
11-21 20:26:37.598 4012 4012 D DecorView: semSetRoundedCorners: 5
11-21 20:26:37.615 4012 4012 D DecorView: semSetRoundedCorners: 5
11-21 20:26:37.632 4012 4012 D DecorView: semSetRoundedCorners: 5
11-21 20:26:37.648 4012 4012 D DecorView: semSetRoundedCorners: 5
11-21 20:26:37.665 4012 4012 D DecorView: semSetRoundedCorners: 5
11-21 20:26:37.682 4012 4012 D DecorView: semSetRoundedCorners: 5
11-21 20:26:37.699 4012 4012 D DecorView: semSetRoundedCorners: 5
11-21 20:26:37.716 4012 4012 D DecorView: semSetRoundedCorners: 5
11-21 20:26:37.732 4012 4012 D DecorView: semSetRoundedCorners: 5
11-21 20:26:37.749 4012 4012 D DecorView: semSetRoundedCorners: 5
11-21 20:26:37.766 4012 4012 D DecorView: semSetRoundedCorners: 5
11-21 20:26:37.783 4012 4012 D DecorView: semSetRoundedCorners: 5
11-21 20:26:37.801 4012 4012 D DecorView: semSetRoundedCorners: 5
11-21 20:26:37.816 4012 4012 D DecorView: semSetRoundedCorners: 5
11-21 20:26:37.833 4012 4012 D DecorView: semSetRoundedCorners: 5
11-21 20:26:37.849 4012 4012 D DecorView: semSetRoundedCorners: 5
11-21 20:26:37.866 4012 4012 D DecorView: semSetRoundedCorners: 5
11-21 20:26:37.883 4012 4012 D DecorView: semSetRoundedCorners: 5
11-21 20:26:37.887 4012 4012 I ViewRootImpl@fb83006[GTASA]: ViewPostIme pointer 1
11-21 20:26:37.899 4012 4012 D DecorView: semSetRoundedCorners: 5
11-21 20:26:37.916 4012 4012 D DecorView: semSetRoundedCorners: 5
11-21 20:26:38.033 4012 4012 D DecorView: semSetRoundedCorners: 5
11-21 20:26:38.392 4012 4012 I ViewRootImpl@fb83006[GTASA]: ViewPostIme pointer 0
11-21 20:26:38.487 4012 4012 I ViewRootImpl@fb83006[GTASA]: ViewPostIme pointer 1
11-21 20:26:38.889 4012 4012 I ViewRootImpl@fb83006[GTASA]: ViewPostIme pointer 0
11-21 20:26:38.996 4012 4012 I ViewRootImpl@fb83006[GTASA]: ViewPostIme pointer 1
11-21 20:26:39.273 4012 4012 I ViewRootImpl@fb83006[GTASA]: ViewPostIme pointer 0
11-21 20:26:39.392 4012 4012 I ViewRootImpl@fb83006[GTASA]: ViewPostIme pointer 1
11-21 20:26:39.423 4012 4012 D DecorView: semSetRoundedCorners: 5
11-21 20:26:39.454 4012 4012 D DecorView: semSetRoundedCorners: 5
11-21 20:26:39.471 4012 4012 D DecorView: semSetRoundedCorners: 5
11-21 20:26:39.488 4012 4012 D DecorView: semSetRoundedCorners: 5
11-21 20:26:39.505 4012 4012 D DecorView: semSetRoundedCorners: 5
11-21 20:26:39.523 4012 4012 D DecorView: semSetRoundedCorners: 5
11-21 20:26:39.538 4012 4012 D DecorView: semSetRoundedCorners: 5
11-21 20:26:39.558 4012 4012 D DecorView: semSetRoundedCorners: 5
11-21 20:26:39.574 4012 4012 D DecorView: semSetRoundedCorners: 5
11-21 20:26:39.591 4012 4012 D DecorView: semSetRoundedCorners: 5
11-21 20:26:39.608 4012 4012 D DecorView: semSetRoundedCorners: 5
11-21 20:26:39.626 4012 4012 D DecorView: semSetRoundedCorners: 5
11-21 20:26:39.642 4012 4012 D DecorView: semSetRoundedCorners: 5
11-21 20:26:39.658 4012 4012 D DecorView: semSetRoundedCorners: 5
11-21 20:26:39.675 4012 4012 D DecorView: semSetRoundedCorners: 5
11-21 20:26:39.694 4012 4012 D DecorView: semSetRoundedCorners: 5
11-21 20:26:39.710 4012 4012 D DecorView: semSetRoundedCorners: 5
11-21 20:26:39.726 4012 4012 D DecorView: semSetRoundedCorners: 5
11-21 20:26:39.743 4012 4012 D DecorView: semSetRoundedCorners: 5
11-21 20:26:39.759 4012 4012 D DecorView: semSetRoundedCorners: 5
11-21 20:26:39.776 4012 4012 D DecorView: semSetRoundedCorners: 5
11-21 20:26:39.792 4012 4012 D DecorView: semSetRoundedCorners: 5
11-21 20:26:39.809 4012 4012 D DecorView: semSetRoundedCorners: 5
11-21 20:26:39.826 4012 4012 D DecorView: semSetRoundedCorners: 5
11-21 20:26:39.828 4012 4012 I ViewRootImpl@fb83006[GTASA]: ViewPostIme pointer 0
11-21 20:26:39.843 4012 4012 D DecorView: semSetRoundedCorners: 5
11-21 20:26:39.862 4012 4012 D DecorView: semSetRoundedCorners: 5
11-21 20:26:39.878 4012 4012 D DecorView: semSetRoundedCorners: 5
11-21 20:26:39.895 4012 4012 D DecorView: semSetRoundedCorners: 5
11-21 20:26:39.910 4012 4012 D DecorView: semSetRoundedCorners: 5
11-21 20:26:39.924 4012 4012 D DecorView: semSetRoundedCorners: 5
11-21 20:26:39.945 4012 4012 D DecorView: semSetRoundedCorners: 5
11-21 20:26:39.961 4012 4012 D DecorView: semSetRoundedCorners: 5
11-21 20:26:39.977 4012 4012 D DecorView: semSetRoundedCorners: 5
11-21 20:26:39.995 4012 4012 D DecorView: semSetRoundedCorners: 5
11-21 20:26:40.010 4012 4012 D DecorView: semSetRoundedCorners: 5
11-21 20:26:40.027 4012 4012 D DecorView: semSetRoundedCorners: 5
11-21 20:26:40.044 4012 4012 D DecorView: semSetRoundedCorners: 5
11-21 20:26:40.057 4012 4012 D DecorView: semSetRoundedCorners: 5
11-21 20:26:40.080 4012 4012 D DecorView: semSetRoundedCorners: 5
11-21 20:26:40.096 4012 4012 D DecorView: semSetRoundedCorners: 5
11-21 20:26:40.115 4012 4012 D DecorView: semSetRoundedCorners: 5
11-21 20:26:40.128 4012 4012 D DecorView: semSetRoundedCorners: 5
11-21 20:26:40.147 4012 4012 D DecorView: semSetRoundedCorners: 5
11-21 20:26:40.158 4012 4012 D DecorView: semSetRoundedCorners: 5
11-21 20:26:40.174 4012 4012 D DecorView: semSetRoundedCorners: 5
11-21 20:26:40.193 4012 4012 D DecorView: semSetRoundedCorners: 5
11-21 20:26:40.208 4012 4012 D DecorView: semSetRoundedCorners: 5
11-21 20:26:40.231 4012 4012 D DecorView: semSetRoundedCorners: 5
11-21 20:26:40.245 4012 4012 D DecorView: semSetRoundedCorners: 5
11-21 20:26:40.263 4012 4012 D DecorView: semSetRoundedCorners: 5
11-21 20:26:40.279 4012 4012 D DecorView: semSetRoundedCorners: 5
11-21 20:26:40.295 4012 4012 D DecorView: semSetRoundedCorners: 5
11-21 20:26:40.308 4012 4012 D DecorView: semSetRoundedCorners: 5
11-21 20:26:40.329 4012 4012 D DecorView: semSetRoundedCorners: 5
11-21 20:26:40.343 4012 4012 D DecorView: semSetRoundedCorners: 5
11-21 20:26:40.364 4012 4012 D DecorView: semSetRoundedCorners: 5
11-21 20:26:40.379 4012 4012 D DecorView: semSetRoundedCorners: 5
11-21 20:26:40.395 4012 4012 D DecorView: semSetRoundedCorners: 5
11-21 20:26:40.409 4012 4012 D DecorView: semSetRoundedCorners: 5
11-21 20:26:40.429 4012 4012 D DecorView: semSetRoundedCorners: 5
11-21 20:26:40.447 4012 4012 D DecorView: semSetRoundedCorners: 5
11-21 20:26:40.462 4012 4012 D DecorView: semSetRoundedCorners: 5
11-21 20:26:40.480 4012 4012 D DecorView: semSetRoundedCorners: 5
11-21 20:26:40.496 4012 4012 D DecorView: semSetRoundedCorners: 5
11-21 20:26:40.512 4012 4012 D DecorView: semSetRoundedCorners: 5
11-21 20:26:40.529 4012 4012 D DecorView: semSetRoundedCorners: 5
11-21 20:26:40.546 4012 4012 D DecorView: semSetRoundedCorners: 5
11-21 20:26:40.558 4012 4012 D DecorView: semSetRoundedCorners: 5
11-21 20:26:40.580 4012 4012 D DecorView: semSetRoundedCorners: 5
11-21 20:26:40.593 4012 4012 D DecorView: semSetRoundedCorners: 5
11-21 20:26:40.612 4012 4012 D DecorView: semSetRoundedCorners: 5
11-21 20:26:40.633 4012 4012 D DecorView: semSetRoundedCorners: 5
11-21 20:26:40.645 4012 4012 D DecorView: semSetRoundedCorners: 5
11-21 20:26:40.661 4012 4012 D DecorView: semSetRoundedCorners: 5
11-21 20:26:40.681 4012 4012 D DecorView: semSetRoundedCorners: 5
11-21 20:26:40.697 4012 4012 D DecorView: semSetRoundedCorners: 5
11-21 20:26:40.711 4012 4012 D DecorView: semSetRoundedCorners: 5
11-21 20:26:40.730 4012 4012 D DecorView: semSetRoundedCorners: 5
11-21 20:26:40.736 4012 5465 I AXL : RPC: WorldVehicleAdd
11-21 20:26:40.736 4012 5465 I AXL : [IsModelLoaded] iModelID: 462
11-21 20:26:40.736 4012 5465 I AXL : IsModelLoaded true!
11-21 20:26:40.737 4012 5465 I AXL : RPC: WorldVehicleAdd,
NewVehicle.iVehicleType: 462
11-21 20:26:40.737 4012 5465 I AXL : RPC: ScrVehicleParamsEx
11-21 20:26:40.737 4012 5465 I AXL : RPC_CUSTOM_HANDLING
11-21 20:26:40.737 4012 5465 I AXL : [IsModelLoaded] iModelID: 4521
11-21 20:26:40.737 4012 5465 I AXL : IsModelLoaded false!
11-21 20:26:40.737 4012 5465 I AXL : SetModelIndex (uiModel): 4521
11-21 20:26:40.737 4012 5465 I AXL : RequestModel
11-21 20:26:40.737 4012 5465 I AXL : RequestModel done!
11-21 20:26:40.737 4012 5465 I AXL : LoadRequestedModels
11-21 20:26:40.742 4012 4012 D DecorView: semSetRoundedCorners: 5
11-21 20:26:40.773 4012 5465 I AXL : LoadRequestedModels done!
11-21 20:26:40.773 4012 5465 I AXL : [IsModelLoaded] iModelID: 4521
11-21 20:26:40.773 4012 5465 I AXL : IsModelLoaded true!
11-21 20:26:40.773 4012 5465 I AXL : [CObject] InstantRotate
11-21 20:26:40.773 4012 5465 I AXL : [CObject] InstantRotate
11-21 20:26:40.792 4012 4012 D DecorView: semSetRoundedCorners: 5
11-21 20:26:40.810 4012 4012 D DecorView: semSetRoundedCorners: 5
11-21 20:26:40.825 4012 4012 D DecorView: semSetRoundedCorners: 5
11-21 20:26:40.846 4012 4012 D DecorView: semSetRoundedCorners: 5
11-21 20:26:40.860 4012 4012 D DecorView: semSetRoundedCorners: 5
11-21 20:26:40.876 4012 4012 D DecorView: semSetRoundedCorners: 5
11-21 20:26:40.894 4012 4012 D DecorView: semSetRoundedCorners: 5
11-21 20:26:40.916 4012 4012 D DecorView: semSetRoundedCorners: 5
11-21 20:26:40.928 4012 4012 D DecorView: semSetRoundedCorners: 5
11-21 20:26:40.945 4012 4012 D DecorView: semSetRoundedCorners: 5
11-21 20:26:40.966 4012 4012 D DecorView: semSetRoundedCorners: 5
11-21 20:26:40.980 4012 4012 D DecorView: semSetRoundedCorners: 5
11-21 20:26:40.998 4012 4012 D DecorView: semSetRoundedCorners: 5
11-21 20:26:41.014 4012 4012 D DecorView: semSetRoundedCorners: 5
11-21 20:26:41.031 4012 4012 D DecorView: semSetRoundedCorners: 5
11-21 20:26:41.049 4012 4012 D DecorView: semSetRoundedCorners: 5
11-21 20:26:41.065 4012 4012 D DecorView: semSetRoundedCorners: 5
11-21 20:26:41.077 4012 4012 D DecorView: semSetRoundedCorners: 5
11-21 20:26:41.099 4012 4012 D DecorView: semSetRoundedCorners: 5
11-21 20:26:41.116 4012 4012 D DecorView: semSetRoundedCorners: 5
11-21 20:26:41.133 4012 4012 D DecorView: semSetRoundedCorners: 5
11-21 20:26:41.145 4012 4012 D DecorView: semSetRoundedCorners: 5
11-21 20:26:41.165 4012 4012 D DecorView: semSetRoundedCorners: 5
11-21 20:26:41.183 4012 4012 D DecorView: semSetRoundedCorners: 5
11-21 20:26:41.199 4012 4012 D DecorView: semSetRoundedCorners: 5
11-21 20:26:41.216 4012 4012 D DecorView: semSetRoundedCorners: 5
11-21 20:26:41.231 4012 4012 D DecorView: semSetRoundedCorners: 5
11-21 20:26:41.248 4012 4012 D DecorView: semSetRoundedCorners: 5
11-21 20:26:41.266 4012 4012 D DecorView: semSetRoundedCorners: 5
11-21 20:26:41.282 4012 4012 D DecorView: semSetRoundedCorners: 5
11-21 20:26:41.303 4012 4012 D DecorView: semSetRoundedCorners: 5
11-21 20:26:41.315 4012 4012 D DecorView: semSetRoundedCorners: 5
11-21 20:26:41.333 4012 4012 D DecorView: semSetRoundedCorners: 5
11-21 20:26:41.351 4012 4012 D DecorView: semSetRoundedCorners: 5
11-21 20:26:41.365 4012 4012 D DecorView: semSetRoundedCorners: 5
11-21 20:26:41.382 4012 4012 D DecorView: semSetRoundedCorners: 5
11-21 20:26:41.399 4012 4012 D DecorView: semSetRoundedCorners: 5
11-21 20:26:41.415 4012 4012 D DecorView: semSetRoundedCorners: 5
11-21 20:26:41.431 4012 4012 D DecorView: semSetRoundedCorners: 5
11-21 20:26:41.449 4012 4012 D DecorView: semSetRoundedCorners: 5
11-21 20:26:41.465 4012 4012 D DecorView: semSetRoundedCorners: 5
11-21 20:26:41.484 4012 4012 D DecorView: semSetRoundedCorners: 5
11-21 20:26:41.501 4012 4012 D DecorView: semSetRoundedCorners: 5
11-21 20:26:41.518 4012 4012 D DecorView: semSetRoundedCorners: 5
11-21 20:26:41.530 4012 4012 D DecorView: semSetRoundedCorners: 5
11-21 20:26:41.546 4012 4012 D DecorView: semSetRoundedCorners: 5
11-21 20:26:41.567 4012 4012 D DecorView: semSetRoundedCorners: 5
11-21 20:26:41.585 4012 4012 D DecorView: semSetRoundedCorners: 5
11-21 20:26:41.599 4012 4012 D DecorView: semSetRoundedCorners: 5
11-21 20:26:41.616 4012 4012 D DecorView: semSetRoundedCorners: 5
11-21 20:26:41.629 4012 4012 D DecorView: semSetRoundedCorners: 5
11-21 20:26:41.638 4012 5465 I AXL : RPC: ScrSetPlayerColor
11-21 20:26:41.649 4012 4012 D DecorView: semSetRoundedCorners: 5
11-21 20:26:41.667 4012 4012 D DecorView: semSetRoundedCorners: 5
11-21 20:26:41.683 4012 4012 D DecorView: semSetRoundedCorners: 5
11-21 20:26:41.698 4012 4012 D DecorView: semSetRoundedCorners: 5
11-21 20:26:41.704 4012 5465 I AXL : RPC: ScrSetPlayerColor
11-21 20:26:41.704 4012 5465 I AXL : RPC: ScrSetPlayerColor
11-21 20:26:41.715 4012 4012 D DecorView: semSetRoundedCorners: 5
11-21 20:26:41.732 4012 4012 D DecorView: semSetRoundedCorners: 5
11-21 20:26:41.750 4012 4012 D DecorView: semSetRoundedCorners: 5
11-21 20:26:41.766 4012 4012 D DecorView: semSetRoundedCorners: 5
11-21 20:26:41.783 4012 4012 D DecorView: semSetRoundedCorners: 5
11-21 20:26:41.799 4012 4012 D DecorView: semSetRoundedCorners: 5
11-21 20:26:41.816 4012 4012 D DecorView: semSetRoundedCorners: 5
11-21 20:26:41.833 4012 4012 D DecorView: semSetRoundedCorners: 5
11-21 20:26:41.839 4012 5465 I AXL : RPC: ScrSetMapIcon
11-21 20:26:41.850 4012 4012 D DecorView: semSetRoundedCorners: 5
11-21 20:26:41.867 4012 4012 D DecorView: semSetRoundedCorners: 5
11-21 20:26:41.883 4012 4012 D DecorView: semSetRoundedCorners: 5
11-21 20:26:41.899 4012 4012 D DecorView: semSetRoundedCorners: 5
11-21 20:26:41.916 4012 4012 D DecorView: semSetRoundedCorners: 5
11-21 20:26:41.931 4012 4012 D DecorView: semSetRoundedCorners: 5
11-21 20:26:41.938 4012 5465 I AXL : RPC: WorldVehicleAdd
11-21 20:26:41.938 4012 5465 I AXL : [IsModelLoaded] iModelID: 546
11-21 20:26:41.938 4012 5465 I AXL : IsModelLoaded false!
11-21 20:26:41.938 4012 5465 I AXL : Warning: car model not preloaded. 546
11-21 20:26:41.938 4012 5465 I AXL : RequestModel
11-21 20:26:41.938 4012 5465 I AXL : RequestModel done!
11-21 20:26:41.938 4012 5465 I AXL : LoadRequestedModels
11-21 20:26:41.942 4012 5465 I AXL : LoadRequestedModels done!
11-21 20:26:41.942 4012 5465 I AXL : [IsModelLoaded] iModelID: 546
11-21 20:26:41.942 4012 5465 I AXL : IsModelLoaded true!
11-21 20:26:41.942 4012 5465 I AXL : Car model was preloaded. 546
11-21 20:26:41.942 4012 5465 I AXL : RPC: WorldVehicleAdd,
NewVehicle.iVehicleType: 546
11-21 20:26:41.943 4012 5465 I AXL : [IsModelLoaded] iModelID: 1010
11-21 20:26:41.943 4012 5465 I AXL : IsModelLoaded true!
11-21 20:26:41.943 4012 5465 I AXL : [IsModelLoaded] iModelID: 1083
11-21 20:26:41.943 4012 5465 I AXL : IsModelLoaded true!
11-21 20:26:41.943 4012 5465 I AXL : [IsModelLoaded] iModelID: 1087
11-21 20:26:41.943 4012 5465 I AXL : IsModelLoaded true!
11-21 20:26:41.943 4012 5465 I AXL : RPC: ScrNumberPlate
11-21 20:26:41.943 4012 5465 I AXL : RPC: ScrVehicleParamsEx
11-21 20:26:41.943 4012 5465 I AXL : RPC_CUSTOM_HANDLING
11-21 20:26:41.943 4012 5465 I AXL : copy handling 106
11-21 20:26:41.943 4012 5465 I AXL : RPC_CUSTOM_VISUALS
11-21 20:26:41.943 4012 5465 I AXL : RPC_CUSTOM_BODYWORK
11-21 20:26:41.943 4012 5465 I AXL : RPC: WorldVehicleAdd
11-21 20:26:41.943 4012 5465 I AXL : [IsModelLoaded] iModelID: 3250
11-21 20:26:41.943 4012 5465 I AXL : IsModelLoaded false!
11-21 20:26:41.943 4012 5465 I AXL : Warning: car model not preloaded. 3250
11-21 20:26:41.943 4012 5465 I AXL : RequestModel
11-21 20:26:41.943 4012 5465 I AXL : RequestModel done!
11-21 20:26:41.943 4012 5465 I AXL : LoadRequestedModels
11-21 20:26:41.946 4012 4012 D DecorView: semSetRoundedCorners: 5
11-21 20:26:41.948 4012 5465 I AXL : LoadRequestedModels done!
11-21 20:26:41.948 4012 5465 I AXL : [IsModelLoaded] iModelID: 3250
11-21 20:26:41.948 4012 5465 I AXL : IsModelLoaded true!
11-21 20:26:41.948 4012 5465 I AXL : Car model was preloaded. 3250
11-21 20:26:41.949 4012 5465 I AXL : RPC: WorldVehicleAdd,
NewVehicle.iVehicleType: 3250
11-21 20:26:41.949 4012 5465 I AXL : [IsModelLoaded] iModelID: 1010
11-21 20:26:41.949 4012 5465 I AXL : IsModelLoaded true!
11-21 20:26:41.949 4012 5465 I AXL : RPC: ScrNumberPlate
11-21 20:26:41.949 4012 5465 I AXL : RPC: ScrVehicleParamsEx
11-21 20:26:41.949 4012 5465 I AXL : RPC_CUSTOM_HANDLING
11-21 20:26:41.949 4012 5465 I AXL : copy handling 11
11-21 20:26:41.949 4012 5465 I AXL : RPC_CUSTOM_VISUALS
11-21 20:26:41.949 4012 5465 I AXL : RPC_CUSTOM_BODYWORK
11-21 20:26:41.949 4012 5465 I AXL : RPC: WorldVehicleAdd
11-21 20:26:41.949 4012 5465 I AXL : [IsModelLoaded] iModelID: 409
11-21 20:26:41.949 4012 5465 I AXL : IsModelLoaded false!
11-21 20:26:41.949 4012 5465 I AXL : Warning: car model not preloaded. 409
11-21 20:26:41.949 4012 5465 I AXL : RequestModel
11-21 20:26:41.949 4012 5465 I AXL : RequestModel done!
11-21 20:26:41.949 4012 5465 I AXL : LoadRequestedModels
11-21 20:26:41.968 4012 5465 I AXL : LoadRequestedModels done!
11-21 20:26:41.968 4012 5465 I AXL : [IsModelLoaded] iModelID: 409
11-21 20:26:41.968 4012 5465 I AXL : IsModelLoaded true!
11-21 20:26:41.968 4012 5465 I AXL : Car model was preloaded. 409
11-21 20:26:41.969 4012 5465 I AXL : RPC: WorldVehicleAdd,
NewVehicle.iVehicleType: 409
11-21 20:26:41.969 4012 5465 I AXL : [IsModelLoaded] iModelID: 1010
11-21 20:26:41.969 4012 5465 I AXL : IsModelLoaded true!
11-21 20:26:41.969 4012 5465 I AXL : [IsModelLoaded] iModelID: 1085
11-21 20:26:41.969 4012 5465 I AXL : IsModelLoaded true!
11-21 20:26:41.969 4012 5465 I AXL : [IsModelLoaded] iModelID: 1087
11-21 20:26:41.969 4012 5465 I AXL : IsModelLoaded true!
11-21 20:26:41.969 4012 5465 I AXL : RPC: ScrNumberPlate
11-21 20:26:41.969 4012 5465 I AXL : RPC: ScrVehicleParamsEx
11-21 20:26:41.969 4012 5465 I AXL : RPC_CUSTOM_HANDLING
11-21 20:26:41.969 4012 5465 I AXL : copy handling 9
11-21 20:26:41.969 4012 5465 I AXL : RPC_CUSTOM_VISUALS
11-21 20:26:41.969 4012 5465 I AXL : RPC_CUSTOM_BODYWORK
11-21 20:26:41.970 4012 5465 I AXL : [IsModelLoaded] iModelID: 4533
11-21 20:26:41.970 4012 5465 I AXL : IsModelLoaded true!
11-21 20:26:41.970 4012 5465 I AXL : [CObject] InstantRotate
11-21 20:26:41.970 4012 5465 I AXL : [CObject] InstantRotate
11-21 20:26:41.970 4012 5465 I AXL : [CObject] InstantRotate
11-21 20:26:41.970 4012 5465 I AXL : [CObject] InstantRotate
11-21 20:26:41.970 4012 5465 I AXL : [IsModelLoaded] iModelID: 223
11-21 20:26:41.970 4012 5465 I AXL : IsModelLoaded true!
11-21 20:26:41.970 4012 5465 I AXL : [CObject] InstantRotate
11-21 20:26:41.996 4012 4012 D DecorView: semSetRoundedCorners: 5
11-21 20:26:42.014 4012 4012 D DecorView: semSetRoundedCorners: 5
11-21 20:26:42.037 4012 4012 D DecorView: semSetRoundedCorners: 5
11-21 20:26:42.049 4012 4012 D DecorView: semSetRoundedCorners: 5
11-21 20:26:42.074 4012 4012 D DecorView: semSetRoundedCorners: 5
11-21 20:26:42.090 4012 4012 D DecorView: semSetRoundedCorners: 5
11-21 20:26:42.099 4012 4012 D DecorView: semSetRoundedCorners: 5
11-21 20:26:42.116 4012 4012 D DecorView: semSetRoundedCorners: 5
11-21 20:26:42.133 4012 4012 D DecorView: semSetRoundedCorners: 5
11-21 20:26:42.148 4012 4012 D DecorView: semSetRoundedCorners: 5
11-21 20:26:42.167 4012 4012 D DecorView: semSetRoundedCorners: 5
11-21 20:26:42.183 4012 4012 D DecorView: semSetRoundedCorners: 5
11-21 20:26:42.198 4012 4012 D DecorView: semSetRoundedCorners: 5
11-21 20:26:42.216 4012 4012 D DecorView: semSetRoundedCorners: 5
11-21 20:26:42.234 4012 4012 D DecorView: semSetRoundedCorners: 5
11-21 20:26:42.252 4012 4012 D DecorView: semSetRoundedCorners: 5
11-21 20:26:42.265 4012 4012 D DecorView: semSetRoundedCorners: 5
11-21 20:26:42.285 4012 4012 D DecorView: semSetRoundedCorners: 5
11-21 20:26:42.301 4012 4012 D DecorView: semSetRoundedCorners: 5
11-21 20:26:42.315 4012 4012 D DecorView: semSetRoundedCorners: 5
11-21 20:26:42.331 4012 4012 D DecorView: semSetRoundedCorners: 5
11-21 20:26:42.348 4012 4012 D DecorView: semSetRoundedCorners: 5
11-21 20:26:42.366 4012 4012 D DecorView: semSetRoundedCorners: 5
11-21 20:26:42.387 4012 4012 D DecorView: semSetRoundedCorners: 5
11-21 20:26:42.405 4012 4012 D DecorView: semSetRoundedCorners: 5
11-21 20:26:42.415 4012 4012 D DecorView: semSetRoundedCorners: 5
11-21 20:26:42.433 4012 4012 D DecorView: semSetRoundedCorners: 5
11-21 20:26:42.453 4012 4012 D DecorView: semSetRoundedCorners: 5
11-21 20:26:42.470 4012 4012 D DecorView: semSetRoundedCorners: 5
11-21 20:26:42.487 4012 4012 D DecorView: semSetRoundedCorners: 5
11-21 20:26:42.502 4012 4012 D DecorView: semSetRoundedCorners: 5
11-21 20:26:42.520 4012 4012 D DecorView: semSetRoundedCorners: 5
11-21 20:26:42.536 4012 4012 D DecorView: semSetRoundedCorners: 5
11-21 20:26:42.552 4012 4012 D DecorView: semSetRoundedCorners: 5
11-21 20:26:42.567 4012 4012 D DecorView: semSetRoundedCorners: 5
11-21 20:26:42.587 4012 4012 D DecorView: semSetRoundedCorners: 5
11-21 20:26:42.599 4012 4012 D DecorView: semSetRoundedCorners: 5
11-21 20:26:42.622 4012 4012 D DecorView: semSetRoundedCorners: 5
11-21 20:26:42.632 4012 4012 D DecorView: semSetRoundedCorners: 5
11-21 20:26:42.654 4012 4012 D DecorView: semSetRoundedCorners: 5
11-21 20:26:42.673 4012 4012 D DecorView: semSetRoundedCorners: 5
11-21 20:26:42.684 4012 4012 D DecorView: semSetRoundedCorners: 5
11-21 20:26:42.705 4012 4012 D DecorView: semSetRoundedCorners: 5
11-21 20:26:42.719 4012 4012 D DecorView: semSetRoundedCorners: 5
11-21 20:26:42.737 4012 4012 D DecorView: semSetRoundedCorners: 5
11-21 20:26:42.755 4012 4012 D DecorView: semSetRoundedCorners: 5
11-21 20:26:42.767 4012 4012 D DecorView: semSetRoundedCorners: 5
11-21 20:26:42.787 4012 4012 D DecorView: semSetRoundedCorners: 5
11-21 20:26:42.805 4012 4012 D DecorView: semSetRoundedCorners: 5
11-21 20:26:42.820 4012 4012 D DecorView: semSetRoundedCorners: 5
11-21 20:26:42.834 4012 4012 D DecorView: semSetRoundedCorners: 5
11-21 20:26:42.857 4012 4012 D DecorView: semSetRoundedCorners: 5
11-21 20:26:42.872 4012 4012 D DecorView: semSetRoundedCorners: 5
11-21 20:26:42.888 4012 4012 D DecorView: semSetRoundedCorners: 5
11-21 20:26:42.905 4012 4012 D DecorView: semSetRoundedCorners: 5
11-21 20:26:42.920 4012 4012 D DecorView: semSetRoundedCorners: 5
11-21 20:26:42.937 4012 4012 D DecorView: semSetRoundedCorners: 5
11-21 20:26:42.954 4012 4012 D DecorView: semSetRoundedCorners: 5
11-21 20:26:42.971 4012 4012 D DecorView: semSetRoundedCorners: 5
11-21 20:26:42.987 4012 4012 D DecorView: semSetRoundedCorners: 5
11-21 20:26:43.005 4012 4012 D DecorView: semSetRoundedCorners: 5
11-21 20:26:43.021 4012 4012 D DecorView: semSetRoundedCorners: 5
11-21 20:26:43.038 4012 4012 D DecorView: semSetRoundedCorners: 5
11-21 20:26:43.055 4012 4012 D DecorView: semSetRoundedCorners: 5
11-21 20:26:43.071 4012 4012 D DecorView: semSetRoundedCorners: 5
11-21 20:26:43.088 4012 4012 D DecorView: semSetRoundedCorners: 5
11-21 20:26:43.105 4012 4012 D DecorView: semSetRoundedCorners: 5
11-21 20:26:43.117 4012 4012 D DecorView: semSetRoundedCorners: 5
11-21 20:26:43.140 4012 4012 D DecorView: semSetRoundedCorners: 5
11-21 20:26:43.143 4012 5465 I AXL : RPC: WorldVehicleAdd
11-21 20:26:43.143 4012 5465 I AXL : [IsModelLoaded] iModelID: 3263
11-21 20:26:43.143 4012 5465 I AXL : IsModelLoaded false!
11-21 20:26:43.143 4012 5465 I AXL : Warning: car model not preloaded. 3263
11-21 20:26:43.143 4012 5465 I AXL : RequestModel
11-21 20:26:43.143 4012 5465 I AXL : RequestModel done!
11-21 20:26:43.143 4012 5465 I AXL : LoadRequestedModels
11-21 20:26:43.151 4012 4012 D DecorView: semSetRoundedCorners: 5
11-21 20:26:43.153 4012 5465 I AXL : LoadRequestedModels done!
11-21 20:26:43.153 4012 5465 I AXL : [IsModelLoaded] iModelID: 3263
11-21 20:26:43.153 4012 5465 I AXL : IsModelLoaded true!
11-21 20:26:43.153 4012 5465 I AXL : Car model was preloaded. 3263
11-21 20:26:43.154 4012 5465 I AXL : RPC: WorldVehicleAdd,
NewVehicle.iVehicleType: 3263
11-21 20:26:43.154 4012 5465 I AXL : [IsModelLoaded] iModelID: 1010
11-21 20:26:43.154 4012 5465 I AXL : IsModelLoaded true!
11-21 20:26:43.154 4012 5465 I AXL : RPC: ScrNumberPlate
11-21 20:26:43.154 4012 5465 I AXL : RPC: ScrVehicleParamsEx
11-21 20:26:43.154 4012 5465 I AXL : RPC_CUSTOM_HANDLING
11-21 20:26:43.154 4012 5465 I AXL : copy handling 11
11-21 20:26:43.154 4012 5465 I AXL : RPC_CUSTOM_VISUALS
11-21 20:26:43.154 4012 5465 I AXL : RPC_CUSTOM_BODYWORK
11-21 20:26:43.154 4012 5465 I AXL : Removing from vehicle..
11-21 20:26:43.154 4012 5465 I AXL : Setting flag state..
11-21 20:26:43.154 4012 5465 I AXL : Calling destructor..
11-21 20:26:43.154 4012 5465 I AXL : PlayerPed Destroyed
11-21 20:26:43.154 4012 5465 I AXL : [IsModelLoaded] iModelID: 124
11-21 20:26:43.154 4012 5465 I AXL : IsModelLoaded true!
11-21 20:26:43.155 4012 5465 I AXL : [CObject] InstantRotate
11-21 20:26:43.155 4012 5465 I AXL : [CObject] InstantRotate
11-21 20:26:43.155 4012 5465 I AXL : [CObject] InstantRotate
11-21 20:26:43.155 4012 5465 I AXL : [IsModelLoaded] iModelID: 166
11-21 20:26:43.155 4012 5465 I AXL : IsModelLoaded true!
11-21 20:26:43.155 4012 5465 I AXL : [CObject] InstantRotate
11-21 20:26:43.155 4012 5465 I AXL : [CObject] InstantRotate
11-21 20:26:43.155 4012 5465 I AXL : CreatePickup(1318, 23, -206, 1067, 12)
11-21 20:26:43.155 4012 5465 I AXL : [IsModelLoaded] iModelID: 1318
11-21 20:26:43.155 4012 5465 I AXL : IsModelLoaded true!
11-21 20:26:43.155 4012 5465 I AXL : CreatePickup(1318, 23, -179, 1027, 12)
11-21 20:26:43.155 4012 5465 I AXL : [IsModelLoaded] iModelID: 1318
11-21 20:26:43.155 4012 5465 I AXL : IsModelLoaded true!
11-21 20:26:43.184 4012 4012 D DecorView: semSetRoundedCorners: 5
11-21 20:26:43.204 4012 4012 D DecorView: semSetRoundedCorners: 5
11-21 20:26:43.221 4012 4012 D DecorView: semSetRoundedCorners: 5
11-21 20:26:43.239 4012 4012 D DecorView: semSetRoundedCorners: 5
11-21 20:26:43.254 4012 4012 D DecorView: semSetRoundedCorners: 5
11-21 20:26:43.257 4012 5465 I AXL : RPC: ScrSetPlayerColor
11-21 20:26:43.271 4012 4012 D DecorView: semSetRoundedCorners: 5
11-21 20:26:43.286 4012 4012 D DecorView: semSetRoundedCorners: 5
11-21 20:26:43.308 4012 4012 D DecorView: semSetRoundedCorners: 5
11-21 20:26:43.325 4012 4012 D DecorView: semSetRoundedCorners: 5
11-21 20:26:43.338 4012 4012 D DecorView: semSetRoundedCorners: 5
11-21 20:26:43.351 4012 4012 D DecorView: semSetRoundedCorners: 5
11-21 20:26:43.371 4012 4012 D DecorView: semSetRoundedCorners: 5
11-21 20:26:43.388 4012 4012 D DecorView: semSetRoundedCorners: 5
11-21 20:26:43.406 4012 4012 D DecorView: semSetRoundedCorners: 5
11-21 20:26:43.422 4012 4012 D DecorView: semSetRoundedCorners: 5
11-21 20:26:43.438 4012 4012 D DecorView: semSetRoundedCorners: 5
11-21 20:26:43.456 4012 4012 D DecorView: semSetRoundedCorners: 5
11-21 20:26:43.472 4012 4012 D DecorView: semSetRoundedCorners: 5
11-21 20:26:43.489 4012 4012 D DecorView: semSetRoundedCorners: 5
11-21 20:26:43.542 4012 4012 D DecorView: semSetRoundedCorners: 5
11-21 20:26:43.557 4012 4012 D DecorView: semSetRoundedCorners: 5
11-21 20:26:43.573 4012 4012 D DecorView: semSetRoundedCorners: 5
11-21 20:26:43.590 4012 4012 D DecorView: semSetRoundedCorners: 5
11-21 20:26:43.606 4012 4012 D DecorView: semSetRoundedCorners: 5
11-21 20:26:43.622 4012 4012 D DecorView: semSetRoundedCorners: 5
11-21 20:26:43.640 4012 4012 D DecorView: semSetRoundedCorners: 5
11-21 20:26:43.657 4012 4012 D DecorView: semSetRoundedCorners: 5
11-21 20:26:43.674 4012 4012 D DecorView: semSetRoundedCorners: 5
11-21 20:26:43.689 4012 4012 D DecorView: semSetRoundedCorners: 5
11-21 20:26:43.707 4012 4012 D DecorView: semSetRoundedCorners: 5
11-21 20:26:43.724 4012 4012 D DecorView: semSetRoundedCorners: 5
11-21 20:26:43.740 4012 4012 D DecorView: semSetRoundedCorners: 5
11-21 20:26:43.754 4012 4012 D DecorView: semSetRoundedCorners: 5
11-21 20:26:43.769 4012 4012 D DecorView: semSetRoundedCorners: 5
11-21 20:26:43.811 4012 5465 I AXL : RPC: ScrClearPlayerAnimations
11-21 20:26:43.825 4012 4012 D DecorView: semSetRoundedCorners: 5
11-21 20:26:43.827 4012 5465 I AXL : RPC: ScrSetPlayerColor
11-21 20:26:43.842 4012 4012 D DecorView: semSetRoundedCorners: 5
11-21 20:26:43.844 4012 5465 I AXL : RPC: ScrDisableMapIcon
11-21 20:26:43.844 4012 5465 I AXL : RPC: ScrSetMapIcon
11-21 20:26:43.854 4012 4012 D DecorView: semSetRoundedCorners: 5
11-21 20:26:43.874 4012 4012 D DecorView: semSetRoundedCorners: 5
11-21 20:26:43.890 4012 4012 D DecorView: semSetRoundedCorners: 5
11-21 20:26:43.908 4012 4012 D DecorView: semSetRoundedCorners: 5
11-21 20:26:43.924 4012 4012 D DecorView: semSetRoundedCorners: 5
11-21 20:26:43.937 4012 4012 D DecorView: semSetRoundedCorners: 5
11-21 20:26:43.955 4012 4012 D DecorView: semSetRoundedCorners: 5
11-21 20:26:43.970 4012 4012 D DecorView: semSetRoundedCorners: 5
11-21 20:26:43.987 4012 4012 D DecorView: semSetRoundedCorners: 5
11-21 20:26:44.006 4012 4012 D DecorView: semSetRoundedCorners: 5
11-21 20:26:44.023 4012 4012 D DecorView: semSetRoundedCorners: 5
11-21 20:26:44.037 4012 4012 D DecorView: semSetRoundedCorners: 5
11-21 20:26:44.053 4012 4012 D DecorView: semSetRoundedCorners: 5
11-21 20:26:44.076 4012 4012 D DecorView: semSetRoundedCorners: 5
11-21 20:26:44.091 4012 4012 D DecorView: semSetRoundedCorners: 5
11-21 20:26:44.108 4012 4012 D DecorView: semSetRoundedCorners: 5
11-21 20:26:44.125 4012 4012 D DecorView: semSetRoundedCorners: 5
11-21 20:26:44.144 4012 4012 D DecorView: semSetRoundedCorners: 5
11-21 20:26:44.155 4012 4012 D DecorView: semSetRoundedCorners: 5
11-21 20:26:44.174 4012 4012 D DecorView: semSetRoundedCorners: 5
11-21 20:26:44.181 4012 5465 I AXL : RPC: ScrDisableMapIcon
11-21 20:26:44.181 4012 5465 I AXL : RPC: ScrSetMapIcon
11-21 20:26:44.191 4012 4012 D DecorView: semSetRoundedCorners: 5
11-21 20:26:44.204 4012 4012 D DecorView: semSetRoundedCorners: 5
11-21 20:26:44.221 4012 4012 D DecorView: semSetRoundedCorners: 5
11-21 20:26:44.238 4012 4012 D DecorView: semSetRoundedCorners: 5
11-21 20:26:44.255 4012 4012 D DecorView: semSetRoundedCorners: 5
11-21 20:26:44.272 4012 4012 D DecorView: semSetRoundedCorners: 5
11-21 20:26:44.292 4012 4012 D DecorView: semSetRoundedCorners: 5
11-21 20:26:44.305 4012 4012 D DecorView: semSetRoundedCorners: 5
11-21 20:26:44.325 4012 4012 D DecorView: semSetRoundedCorners: 5
11-21 20:26:44.348 4012 4012 D DecorView: semSetRoundedCorners: 5
11-21 20:26:44.361 4012 4012 D DecorView: semSetRoundedCorners: 5
11-21 20:26:44.372 4012 4012 D DecorView: semSetRoundedCorners: 5
11-21 20:26:44.389 4012 4012 D DecorView: semSetRoundedCorners: 5
11-21 20:26:44.405 4012 4012 D DecorView: semSetRoundedCorners: 5
11-21 20:26:44.415 4012 5465 I AXL : RPC: WorldVehicleAdd
11-21 20:26:44.415 4012 5465 I AXL : [IsModelLoaded] iModelID: 412
11-21 20:26:44.415 4012 5465 I AXL : IsModelLoaded false!
11-21 20:26:44.415 4012 5465 I AXL : Warning: car model not preloaded. 412
11-21 20:26:44.415 4012 5465 I AXL : RequestModel
11-21 20:26:44.415 4012 5465 I AXL : RequestModel done!
11-21 20:26:44.415 4012 5465 I AXL : LoadRequestedModels
11-21 20:26:44.422 4012 4012 D DecorView: semSetRoundedCorners: 5
11-21 20:26:44.437 4012 5465 I AXL : LoadRequestedModels done!
11-21 20:26:44.437 4012 5465 I AXL : [IsModelLoaded] iModelID: 412
11-21 20:26:44.437 4012 5465 I AXL : IsModelLoaded true!
11-21 20:26:44.437 4012 5465 I AXL : Car model was preloaded. 412
11-21 20:26:44.438 4012 5465 I AXL : RPC: WorldVehicleAdd,
NewVehicle.iVehicleType: 412
11-21 20:26:44.438 4012 5465 I AXL : RPC: ScrNumberPlate
11-21 20:26:44.438 4012 5465 I AXL : RPC: ScrVehicleParamsEx
11-21 20:26:44.438 4012 5465 I AXL : RPC_CUSTOM_HANDLING
11-21 20:26:44.438 4012 5465 I AXL : copy handling 12
11-21 20:26:44.438 4012 5465 I AXL : RPC_CUSTOM_VISUALS
11-21 20:26:44.438 4012 5465 I AXL : RPC_CUSTOM_BODYWORK
11-21 20:26:44.438 4012 5465 I AXL : Removing from vehicle..
11-21 20:26:44.438 4012 5465 I AXL : Setting flag state..
11-21 20:26:44.438 4012 5465 I AXL : Calling destructor..
11-21 20:26:44.439 4012 5465 I AXL : PlayerPed Destroyed
11-21 20:26:44.439 4012 5465 I AXL : CreatePickup(1318, 23, -127, 987, 13)
11-21 20:26:44.439 4012 5465 I AXL : [IsModelLoaded] iModelID: 1318
11-21 20:26:44.439 4012 5465 I AXL : IsModelLoaded true!
11-21 20:26:44.474 4012 4012 D DecorView: semSetRoundedCorners: 5
11-21 20:26:44.492 4012 4012 D DecorView: semSetRoundedCorners: 5
11-21 20:26:44.505 4012 4012 D DecorView: semSetRoundedCorners: 5
11-21 20:26:44.523 4012 4012 D DecorView: semSetRoundedCorners: 5
11-21 20:26:44.539 4012 4012 D DecorView: semSetRoundedCorners: 5
11-21 20:26:44.558 4012 4012 D DecorView: semSetRoundedCorners: 5
11-21 20:26:44.574 4012 4012 D DecorView: semSetRoundedCorners: 5
11-21 20:26:44.592 4012 4012 D DecorView: semSetRoundedCorners: 5
11-21 20:26:44.608 4012 4012 D DecorView: semSetRoundedCorners: 5
11-21 20:26:44.625 4012 4012 D DecorView: semSetRoundedCorners: 5
11-21 20:26:44.642 4012 4012 D DecorView: semSetRoundedCorners: 5
11-21 20:26:44.659 4012 4012 D DecorView: semSetRoundedCorners: 5
11-21 20:26:44.673 4012 4012 D DecorView: semSetRoundedCorners: 5
11-21 20:26:44.688 4012 4012 D DecorView: semSetRoundedCorners: 5
11-21 20:26:44.708 4012 4012 D DecorView: semSetRoundedCorners: 5
11-21 20:26:44.727 4012 4012 D DecorView: semSetRoundedCorners: 5
11-21 20:26:44.742 4012 4012 D DecorView: semSetRoundedCorners: 5
11-21 20:26:44.756 4012 4012 D DecorView: semSetRoundedCorners: 5
11-21 20:26:44.772 4012 4012 D DecorView: semSetRoundedCorners: 5
11-21 20:26:44.793 4012 4012 D DecorView: semSetRoundedCorners: 5
11-21 20:26:44.814 4012 4012 D DecorView: semSetRoundedCorners: 5
11-21 20:26:44.827 4012 4012 D DecorView: semSetRoundedCorners: 5
11-21 20:26:44.845 4012 4012 D DecorView: semSetRoundedCorners: 5
11-21 20:26:44.858 4012 4012 D DecorView: semSetRoundedCorners: 5
11-21 20:26:44.874 4012 4012 D DecorView: semSetRoundedCorners: 5
