11-21 20:32:31.719 4012 5465 I AXL : [IsModelLoaded] iModelID: 604
11-21 20:32:31.719 4012 5465 I AXL : IsModelLoaded true!
11-21 20:32:31.722 4012 5465 I AXL : carshop_stock loaded from crime
11-21 20:32:31.722 4012 5465 I AXL : carshop_stock_text loaded from crime
11-21 20:32:31.722 4012 5465 I AXL : carshop_info_2 loaded from crime
11-21 20:32:31.722 4012 5465 I AXL : carshop_info_4 loaded from crime
11-21 20:32:31.722 4012 5465 I AXL : carshop_info_2 loaded from crime
11-21 20:32:31.722 4012 5465 I AXL : carshop_info_1 loaded from crime
11-21 20:32:31.868 4012 5465 I AXL : RPC: WorldVehicleAdd
11-21 20:32:31.868 4012 5465 I AXL : [IsModelLoaded] iModelID: 467
11-21 20:32:31.868 4012 5465 I AXL : IsModelLoaded false!
11-21 20:32:31.868 4012 5465 I AXL : Warning: car model not preloaded. 467
11-21 20:32:31.868 4012 5465 I AXL : RequestModel
11-21 20:32:31.868 4012 5465 I AXL : RequestModel done!
11-21 20:32:31.868 4012 5465 I AXL : LoadRequestedModels
11-21 20:32:31.884 4012 5465 I AXL : LoadRequestedModels done!
11-21 20:32:31.884 4012 5465 I AXL : [IsModelLoaded] iModelID: 467
11-21 20:32:31.884 4012 5465 I AXL : IsModelLoaded true!
11-21 20:32:31.884 4012 5465 I AXL : Car model was preloaded. 467
11-21 20:32:31.885 4012 5465 I AXL : RPC: WorldVehicleAdd,
NewVehicle.iVehicleType: 467
11-21 20:32:31.885 4012 5465 I AXL : RPC: ScrVehicleParamsEx
11-21 20:32:31.885 4012 5465 I AXL : RPC_CUSTOM_HANDLING
11-21 20:32:31.885 4012 5465 I AXL : copy handling 53
11-21 20:32:31.885 4012 5465 I AXL : RPC_CUSTOM_VISUALS
11-21 20:32:31.885 4012 5465 I AXL : RPC_CUSTOM_BODYWORK
11-21 20:32:32.734 4012 4012 I ViewRootImpl@fb83006[GTASA]: ViewPostIme pointer 0
11-21 20:32:32.827 4012 4012 I ViewRootImpl@fb83006[GTASA]: ViewPostIme pointer 1
11-21 20:32:32.949 4012 5465 I AXL : [IsModelLoaded] iModelID: 467
11-21 20:32:32.949 4012 5465 I AXL : IsModelLoaded true!
11-21 20:32:32.951 4012 5465 I AXL : carshop_stock loaded from crime
11-21 20:32:32.951 4012 5465 I AXL : carshop_stock_text loaded from crime
11-21 20:32:32.951 4012 5465 I AXL : carshop_info_2 loaded from crime
11-21 20:32:32.951 4012 5465 I AXL : carshop_info_4 loaded from crime
11-21 20:32:32.951 4012 5465 I AXL : carshop_info_2 loaded from crime
11-21 20:32:32.951 4012 5465 I AXL : carshop_info_1 loaded from crime
11-21 20:32:33.114 4012 5465 I AXL : RPC: ScrSetPlayerColor
11-21 20:32:33.114 4012 5465 I AXL : RPC: ScrSetPlayerColor
11-21 20:32:33.414 4012 5465 I AXL : RPC: ScrSetPlayerColor
11-21 20:32:33.431 4012 5465 I AXL : RPC: WorldVehicleAdd
11-21 20:32:33.431 4012 5465 I AXL : [IsModelLoaded] iModelID: 475
11-21 20:32:33.431 4012 5465 I AXL : IsModelLoaded false!
11-21 20:32:33.431 4012 5465 I AXL : Warning: car model not preloaded. 475
11-21 20:32:33.431 4012 5465 I AXL : RequestModel
11-21 20:32:33.431 4012 5465 I AXL : RequestModel done!
11-21 20:32:33.431 4012 5465 I AXL : LoadRequestedModels
11-21 20:32:33.470 4012 5465 I AXL : LoadRequestedModels done!
11-21 20:32:33.470 4012 5465 I AXL : [IsModelLoaded] iModelID: 475
11-21 20:32:33.470 4012 5465 I AXL : IsModelLoaded true!
11-21 20:32:33.470 4012 5465 I AXL : Car model was preloaded. 475
11-21 20:32:33.471 4012 5465 I AXL : RPC: WorldVehicleAdd,
NewVehicle.iVehicleType: 475
11-21 20:32:33.471 4012 5465 I AXL : RPC: ScrVehicleParamsEx
11-21 20:32:33.472 4012 5465 I AXL : RPC_CUSTOM_HANDLING
11-21 20:32:33.472 4012 5465 I AXL : copy handling 56
11-21 20:32:33.472 4012 5465 I AXL : RPC_CUSTOM_VISUALS
11-21 20:32:33.472 4012 5465 I AXL : RPC_CUSTOM_BODYWORK
11-21 20:32:34.318 4012 4012 I ViewRootImpl@fb83006[GTASA]: ViewPostIme pointer 0
11-21 20:32:34.388 4012 4012 I ViewRootImpl@fb83006[GTASA]: ViewPostIme pointer 1
11-21 20:32:34.497 4012 5465 I AXL : [IsModelLoaded] iModelID: 475
11-21 20:32:34.497 4012 5465 I AXL : IsModelLoaded true!
11-21 20:32:34.499 4012 5465 I AXL : carshop_stock loaded from crime
11-21 20:32:34.499 4012 5465 I AXL : carshop_stock_text loaded from crime
11-21 20:32:34.499 4012 5465 I AXL : carshop_info_3 loaded from crime
11-21 20:32:34.499 4012 5465 I AXL : carshop_info_5 loaded from crime
11-21 20:32:34.499 4012 5465 I AXL : carshop_info_3 loaded from crime
11-21 20:32:34.499 4012 5465 I AXL : carshop_info_2 loaded from crime
11-21 20:32:35.029 4012 5465 I AXL : RPC: WorldVehicleAdd
11-21 20:32:35.029 4012 5465 I AXL : [IsModelLoaded] iModelID: 479
11-21 20:32:35.029 4012 5465 I AXL : IsModelLoaded false!
11-21 20:32:35.029 4012 5465 I AXL : Warning: car model not preloaded. 479
11-21 20:32:35.029 4012 5465 I AXL : RequestModel
11-21 20:32:35.029 4012 5465 I AXL : RequestModel done!
11-21 20:32:35.029 4012 5465 I AXL : LoadRequestedModels
11-21 20:32:35.061 4012 5465 I AXL : LoadRequestedModels done!
11-21 20:32:35.061 4012 5465 I AXL : [IsModelLoaded] iModelID: 479
11-21 20:32:35.061 4012 5465 I AXL : IsModelLoaded true!
11-21 20:32:35.061 4012 5465 I AXL : Car model was preloaded. 479
11-21 20:32:35.063 4012 5465 I AXL : RPC: WorldVehicleAdd,
NewVehicle.iVehicleType: 479
11-21 20:32:35.063 4012 5465 I AXL : RPC: ScrVehicleParamsEx
11-21 20:32:35.063 4012 5465 I AXL : RPC_CUSTOM_HANDLING
11-21 20:32:35.063 4012 5465 I AXL : copy handling 59
11-21 20:32:35.063 4012 5465 I AXL : RPC_CUSTOM_VISUALS
11-21 20:32:35.063 4012 5465 I AXL : RPC_CUSTOM_BODYWORK
11-21 20:32:35.954 4012 4012 I ViewRootImpl@fb83006[GTASA]: ViewPostIme pointer 0
11-21 20:32:36.035 4012 4012 I ViewRootImpl@fb83006[GTASA]: ViewPostIme pointer 1
11-21 20:32:36.162 4012 5465 I AXL : [IsModelLoaded] iModelID: 479
11-21 20:32:36.162 4012 5465 I AXL : IsModelLoaded true!
11-21 20:32:36.165 4012 5465 I AXL : carshop_stock loaded from crime
11-21 20:32:36.165 4012 5465 I AXL : carshop_stock_text loaded from crime
11-21 20:32:36.165 4012 5465 I AXL : carshop_info_2 loaded from crime
11-21 20:32:36.165 4012 5465 I AXL : carshop_info_4 loaded from crime
11-21 20:32:36.165 4012 5465 I AXL : carshop_info_2 loaded from crime
11-21 20:32:36.165 4012 5465 I AXL : carshop_info_1 loaded from crime
11-21 20:32:36.628 4012 5465 I AXL : RPC: WorldVehicleAdd
11-21 20:32:36.628 4012 5465 I AXL : [IsModelLoaded] iModelID: 492
11-21 20:32:36.628 4012 5465 I AXL : IsModelLoaded false!
11-21 20:32:36.628 4012 5465 I AXL : Warning: car model not preloaded. 492
11-21 20:32:36.628 4012 5465 I AXL : RequestModel
11-21 20:32:36.628 4012 5465 I AXL : RequestModel done!
11-21 20:32:36.628 4012 5465 I AXL : LoadRequestedModels
11-21 20:32:36.664 4012 5465 I AXL : LoadRequestedModels done!
11-21 20:32:36.664 4012 5465 I AXL : [IsModelLoaded] iModelID: 492
11-21 20:32:36.664 4012 5465 I AXL : IsModelLoaded true!
11-21 20:32:36.664 4012 5465 I AXL : Car model was preloaded. 492
11-21 20:32:36.666 4012 5465 I AXL : RPC: WorldVehicleAdd,
NewVehicle.iVehicleType: 492
11-21 20:32:36.666 4012 5465 I AXL : RPC: ScrVehicleParamsEx
11-21 20:32:36.666 4012 5465 I AXL : RPC_CUSTOM_HANDLING
11-21 20:32:36.666 4012 5465 I AXL : copy handling 68
11-21 20:32:36.666 4012 5465 I AXL : RPC_CUSTOM_VISUALS
11-21 20:32:36.666 4012 5465 I AXL : RPC_CUSTOM_BODYWORK
11-21 20:32:37.325 4012 4012 I ViewRootImpl@fb83006[GTASA]: ViewPostIme pointer 0
11-21 20:32:37.382 4012 4012 I ViewRootImpl@fb83006[GTASA]: ViewPostIme pointer 1
11-21 20:32:37.513 4012 5465 I AXL : [IsModelLoaded] iModelID: 492
11-21 20:32:37.513 4012 5465 I AXL : IsModelLoaded true!
11-21 20:32:37.516 4012 5465 I AXL : carshop_stock loaded from crime
11-21 20:32:37.516 4012 5465 I AXL : carshop_stock_text loaded from crime
11-21 20:32:37.516 4012 5465 I AXL : carshop_info_3 loaded from crime
11-21 20:32:37.516 4012 5465 I AXL : carshop_info_5 loaded from crime
11-21 20:32:37.516 4012 5465 I AXL : carshop_info_3 loaded from crime
11-21 20:32:37.516 4012 5465 I AXL : carshop_info_2 loaded from crime
11-21 20:32:37.712 4012 5465 I AXL : RPC: ScrSetPlayerColor
11-21 20:32:38.212 4012 5465 I AXL : RPC: WorldVehicleAdd
11-21 20:32:38.212 4012 5465 I AXL : [IsModelLoaded] iModelID: 502
11-21 20:32:38.213 4012 5465 I AXL : IsModelLoaded false!
11-21 20:32:38.213 4012 5465 I AXL : Warning: car model not preloaded. 502
11-21 20:32:38.213 4012 5465 I AXL : RequestModel
11-21 20:32:38.213 4012 5465 I AXL : RequestModel done!
11-21 20:32:38.213 4012 5465 I AXL : LoadRequestedModels
11-21 20:32:38.232 4012 5465 I AXL : LoadRequestedModels done!
11-21 20:32:38.232 4012 5465 I AXL : [IsModelLoaded] iModelID: 502
11-21 20:32:38.232 4012 5465 I AXL : IsModelLoaded true!
11-21 20:32:38.232 4012 5465 I AXL : Car model was preloaded. 502
11-21 20:32:38.234 4012 5465 I AXL : RPC: WorldVehicleAdd,
NewVehicle.iVehicleType: 502
11-21 20:32:38.234 4012 5465 I AXL : RPC: ScrVehicleParamsEx
11-21 20:32:38.234 4012 5465 I AXL : RPC_CUSTOM_HANDLING
11-21 20:32:38.234 4012 5465 I AXL : copy handling 69
11-21 20:32:38.234 4012 5465 I AXL : RPC_CUSTOM_VISUALS
11-21 20:32:38.234 4012 5465 I AXL : RPC_CUSTOM_BODYWORK
11-21 20:32:38.955 4012 5465 I AXL : RPC: ScrSetPlayerColor
11-21 20:32:38.955 4012 5465 I AXL : RPC: ScrSetPlayerColor
11-21 20:32:38.956 4012 5465 I AXL : RPC: ScrSetPlayerColor
11-21 20:32:38.956 4012 5465 I AXL : RPC: ScrSetPlayerColor
11-21 20:32:39.592 4012 4012 I ViewRootImpl@fb83006[GTASA]: ViewPostIme pointer 0
11-21 20:32:39.685 4012 4012 I ViewRootImpl@fb83006[GTASA]: ViewPostIme pointer 1
11-21 20:32:39.807 4012 5465 I AXL : CreatePickup(1318, 23, 67, 436, 1202)
11-21 20:32:39.807 4012 5465 I AXL : [IsModelLoaded] iModelID: 1318
11-21 20:32:39.807 4012 5465 I AXL : IsModelLoaded true!
11-21 20:32:39.940 4012 5465 I AXL : [IsModelLoaded] iModelID: 502
11-21 20:32:39.940 4012 5465 I AXL : IsModelLoaded true!
11-21 20:32:39.943 4012 5465 I AXL : carshop_stock loaded from crime
11-21 20:32:39.943 4012 5465 I AXL : carshop_stock_text loaded from crime
11-21 20:32:39.943 4012 5465 I AXL : carshop_info_1 loaded from crime
11-21 20:32:39.943 4012 5465 I AXL : carshop_info_3 loaded from crime
11-21 20:32:39.943 4012 5465 I AXL : carshop_info_2 loaded from crime
11-21 20:32:39.943 4012 5465 I AXL : carshop_info_1 loaded from crime
11-21 20:32:41.310 4012 5465 I AXL : RPC: WorldVehicleAdd
11-21 20:32:41.310 4012 5465 I AXL : [IsModelLoaded] iModelID: 507
11-21 20:32:41.310 4012 5465 I AXL : IsModelLoaded true!
11-21 20:32:41.312 4012 5465 I AXL : RPC: WorldVehicleAdd,
NewVehicle.iVehicleType: 507
11-21 20:32:41.313 4012 5465 I AXL : RPC: ScrVehicleParamsEx
11-21 20:32:41.313 4012 5465 I AXL : RPC_CUSTOM_HANDLING
11-21 20:32:41.313 4012 5465 I AXL : copy handling 78
11-21 20:32:41.313 4012 5465 I AXL : RPC_CUSTOM_VISUALS
11-21 20:32:41.313 4012 5465 I AXL : RPC_CUSTOM_BODYWORK
11-21 20:32:41.610 4012 4012 I ViewRootImpl@fb83006[GTASA]: ViewPostIme pointer 0
11-21 20:32:41.692 4012 4012 I ViewRootImpl@fb83006[GTASA]: ViewPostIme pointer 1
11-21 20:32:41.850 4012 5465 I AXL : [IsModelLoaded] iModelID: 507
11-21 20:32:41.850 4012 5465 I AXL : IsModelLoaded true!
11-21 20:32:41.853 4012 5465 I AXL : carshop_stock loaded from crime
11-21 20:32:41.854 4012 5465 I AXL : carshop_stock_text loaded from crime
11-21 20:32:41.854 4012 5465 I AXL : carshop_info_2 loaded from crime
11-21 20:32:41.854 4012 5465 I AXL : carshop_info_4 loaded from crime
11-21 20:32:41.854 4012 5465 I AXL : carshop_info_2 loaded from crime
11-21 20:32:41.854 4012 5465 I AXL : carshop_info_1 loaded from crime
11-21 20:32:42.949 4012 5465 I AXL : RPC: WorldVehicleAdd
11-21 20:32:42.950 4012 5465 I AXL : [IsModelLoaded] iModelID: 517
11-21 20:32:42.950 4012 5465 I AXL : IsModelLoaded false!
11-21 20:32:42.950 4012 5465 I AXL : Warning: car model not preloaded. 517
11-21 20:32:42.950 4012 5465 I AXL : RequestModel
11-21 20:32:42.950 4012 5465 I AXL : RequestModel done!
11-21 20:32:42.950 4012 5465 I AXL : LoadRequestedModels
11-21 20:32:42.952 4012 5465 I AXL : LoadRequestedModels done!
11-21 20:32:42.953 4012 5465 I AXL : [IsModelLoaded] iModelID: 517
11-21 20:32:42.953 4012 5465 I AXL : IsModelLoaded true!
11-21 20:32:42.953 4012 5465 I AXL : Car model was preloaded. 517
11-21 20:32:42.955 4012 5465 I AXL : RPC: WorldVehicleAdd,
NewVehicle.iVehicleType: 517
11-21 20:32:42.955 4012 5465 I AXL : RPC: ScrVehicleParamsEx
11-21 20:32:42.955 4012 5465 I AXL : RPC_CUSTOM_HANDLING
11-21 20:32:42.955 4012 5465 I AXL : copy handling 83
11-21 20:32:42.955 4012 5465 I AXL : RPC_CUSTOM_VISUALS
11-21 20:32:42.955 4012 5465 I AXL : RPC_CUSTOM_BODYWORK
11-21 20:32:43.190 4012 4012 I ViewRootImpl@fb83006[GTASA]: ViewPostIme pointer 0
11-21 20:32:43.260 4012 4012 I ViewRootImpl@fb83006[GTASA]: ViewPostIme pointer 1
11-21 20:32:43.416 4012 5465 I AXL : [IsModelLoaded] iModelID: 517
11-21 20:32:43.417 4012 5465 I AXL : IsModelLoaded true!
11-21 20:32:43.418 4012 5465 I AXL : carshop_stock loaded from crime
11-21 20:32:43.418 4012 5465 I AXL : carshop_stock_text loaded from crime
11-21 20:32:43.418 4012 5465 I AXL : carshop_info_2 loaded from crime
11-21 20:32:43.418 4012 5465 I AXL : carshop_info_4 loaded from crime
11-21 20:32:43.418 4012 5465 I AXL : carshop_info_2 loaded from crime
11-21 20:32:43.418 4012 5465 I AXL : carshop_info_1 loaded from crime
11-21 20:32:43.849 4012 5465 I AXL : RPC: ScrSetPlayerColor
11-21 20:32:44.483 4012 5465 I AXL : RPC: WorldVehicleAdd
11-21 20:32:44.483 4012 5465 I AXL : [IsModelLoaded] iModelID: 518
11-21 20:32:44.483 4012 5465 I AXL : IsModelLoaded false!
11-21 20:32:44.483 4012 5465 I AXL : Warning: car model not preloaded. 518
11-21 20:32:44.483 4012 5465 I AXL : RequestModel
11-21 20:32:44.483 4012 5465 I AXL : RequestModel done!
11-21 20:32:44.483 4012 5465 I AXL : LoadRequestedModels
11-21 20:32:44.516 4012 5465 I AXL : LoadRequestedModels done!
11-21 20:32:44.516 4012 5465 I AXL : [IsModelLoaded] iModelID: 518
11-21 20:32:44.516 4012 5465 I AXL : IsModelLoaded true!
11-21 20:32:44.516 4012 5465 I AXL : Car model was preloaded. 518
11-21 20:32:44.517 4012 5465 I AXL : RPC: WorldVehicleAdd,
NewVehicle.iVehicleType: 518
11-21 20:32:44.517 4012 5465 I AXL : RPC: ScrVehicleParamsEx
11-21 20:32:44.517 4012 5465 I AXL : RPC_CUSTOM_HANDLING
11-21 20:32:44.517 4012 5465 I AXL : copy handling 84
11-21 20:32:44.517 4012 5465 I AXL : RPC_CUSTOM_VISUALS
11-21 20:32:44.517 4012 5465 I AXL : RPC_CUSTOM_BODYWORK
11-21 20:32:44.977 4012 4012 I ViewRootImpl@fb83006[GTASA]: ViewPostIme pointer 0
11-21 20:32:45.059 4012 4012 I ViewRootImpl@fb83006[GTASA]: ViewPostIme pointer 1
11-21 20:32:45.184 4012 5465 I AXL : [IsModelLoaded] iModelID: 518
11-21 20:32:45.184 4012 5465 I AXL : IsModelLoaded true!
11-21 20:32:45.185 4012 5465 I AXL : carshop_stock loaded from crime
11-21 20:32:45.185 4012 5465 I AXL : carshop_stock_text loaded from crime
11-21 20:32:45.185 4012 5465 I AXL : carshop_info_2 loaded from crime
11-21 20:32:45.185 4012 5465 I AXL : carshop_info_4 loaded from crime
11-21 20:32:45.185 4012 5465 I AXL : carshop_info_2 loaded from crime
11-21 20:32:45.185 4012 5465 I AXL : carshop_info_1 loaded from crime
11-21 20:32:45.382 4012 5465 I AXL : RPC: ScrSetPlayerColor
11-21 20:32:46.016 4012 5465 I AXL : RPC: WorldVehicleAdd
11-21 20:32:46.016 4012 5465 I AXL : [IsModelLoaded] iModelID: 526
11-21 20:32:46.017 4012 5465 I AXL : IsModelLoaded false!
11-21 20:32:46.017 4012 5465 I AXL : Warning: car model not preloaded. 526
11-21 20:32:46.017 4012 5465 I AXL : RequestModel
11-21 20:32:46.017 4012 5465 I AXL : RequestModel done!
11-21 20:32:46.017 4012 5465 I AXL : LoadRequestedModels
11-21 20:32:46.020 4012 5465 I AXL : LoadRequestedModels done!
11-21 20:32:46.020 4012 5465 I AXL : [IsModelLoaded] iModelID: 526
11-21 20:32:46.020 4012 5465 I AXL : IsModelLoaded true!
11-21 20:32:46.020 4012 5465 I AXL : Car model was preloaded. 526
11-21 20:32:46.023 4012 5465 I AXL : RPC: WorldVehicleAdd,
NewVehicle.iVehicleType: 526
11-21 20:32:46.023 4012 5465 I AXL : RPC: ScrVehicleParamsEx
11-21 20:32:46.023 4012 5465 I AXL : RPC_CUSTOM_HANDLING
11-21 20:32:46.023 4012 5465 I AXL : copy handling 87
11-21 20:32:46.023 4012 5465 I AXL : RPC_CUSTOM_VISUALS
11-21 20:32:46.023 4012 5465 I AXL : RPC_CUSTOM_BODYWORK
11-21 20:32:46.368 4012 5465 I AXL : RPC: ScrSetPlayerColor
11-21 20:32:46.930 4012 4012 I ViewRootImpl@fb83006[GTASA]: ViewPostIme pointer 0
11-21 20:32:47.025 4012 4012 I ViewRootImpl@fb83006[GTASA]: ViewPostIme pointer 1
11-21 20:32:47.151 4012 5465 I AXL : [IsModelLoaded] iModelID: 526
11-21 20:32:47.151 4012 5465 I AXL : IsModelLoaded true!
11-21 20:32:47.154 4012 5465 I AXL : carshop_stock loaded from crime
11-21 20:32:47.154 4012 5465 I AXL : carshop_stock_text loaded from crime
11-21 20:32:47.154 4012 5465 I AXL : carshop_info_3 loaded from crime
11-21 20:32:47.154 4012 5465 I AXL : carshop_info_5 loaded from crime
11-21 20:32:47.154 4012 5465 I AXL : carshop_info_2 loaded from crime
11-21 20:32:47.154 4012 5465 I AXL : carshop_info_2 loaded from crime
11-21 20:32:47.668 4012 5465 I AXL : RPC: WorldVehicleAdd
11-21 20:32:47.668 4012 5465 I AXL : [IsModelLoaded] iModelID: 527
11-21 20:32:47.668 4012 5465 I AXL : IsModelLoaded true!
11-21 20:32:47.670 4012 5465 I AXL : RPC: WorldVehicleAdd,
NewVehicle.iVehicleType: 527
11-21 20:32:47.670 4012 5465 I AXL : RPC: ScrVehicleParamsEx
11-21 20:32:47.670 4012 5465 I AXL : RPC_CUSTOM_HANDLING
11-21 20:32:47.670 4012 5465 I AXL : copy handling 88
11-21 20:32:47.670 4012 5465 I AXL : RPC_CUSTOM_VISUALS
11-21 20:32:47.670 4012 5465 I AXL : RPC_CUSTOM_BODYWORK
11-21 20:32:48.331 4012 4012 I ViewRootImpl@fb83006[GTASA]: ViewPostIme pointer 0
11-21 20:32:48.413 4012 4012 I ViewRootImpl@fb83006[GTASA]: ViewPostIme pointer 1
11-21 20:32:48.472 4012 5465 I AXL : RPC: ScrSetPlayerColor
11-21 20:32:48.522 4012 5465 I AXL : [IsModelLoaded] iModelID: 527
11-21 20:32:48.522 4012 5465 I AXL : IsModelLoaded true!
11-21 20:32:48.525 4012 5465 I AXL : carshop_stock loaded from crime
11-21 20:32:48.525 4012 5465 I AXL : carshop_stock_text loaded from crime
11-21 20:32:48.525 4012 5465 I AXL : carshop_info_2 loaded from crime
11-21 20:32:48.525 4012 5465 I AXL : carshop_info_4 loaded from crime
11-21 20:32:48.525 4012 5465 I AXL : carshop_info_2 loaded from crime
11-21 20:32:48.525 4012 5465 I AXL : carshop_info_1 loaded from crime
11-21 20:32:49.288 4012 5465 I AXL : RPC: WorldVehicleAdd
11-21 20:32:49.288 4012 5465 I AXL : [IsModelLoaded] iModelID: 529
11-21 20:32:49.288 4012 5465 I AXL : IsModelLoaded false!
11-21 20:32:49.288 4012 5465 I AXL : Warning: car model not preloaded. 529
11-21 20:32:49.288 4012 5465 I AXL : RequestModel
11-21 20:32:49.288 4012 5465 I AXL : RequestModel done!
11-21 20:32:49.288 4012 5465 I AXL : LoadRequestedModels
11-21 20:32:49.313 4012 5465 I AXL : LoadRequestedModels done!
11-21 20:32:49.313 4012 5465 I AXL : [IsModelLoaded] iModelID: 529
11-21 20:32:49.313 4012 5465 I AXL : IsModelLoaded true!
11-21 20:32:49.313 4012 5465 I AXL : Car model was preloaded. 529
11-21 20:32:49.314 4012 5465 I AXL : RPC: WorldVehicleAdd,
NewVehicle.iVehicleType: 529
11-21 20:32:49.314 4012 5465 I AXL : RPC: ScrVehicleParamsEx
11-21 20:32:49.314 4012 5465 I AXL : RPC_CUSTOM_HANDLING
11-21 20:32:49.314 4012 5465 I AXL : copy handling 90
11-21 20:32:49.314 4012 5465 I AXL : RPC_CUSTOM_VISUALS
11-21 20:32:49.314 4012 5465 I AXL : RPC_CUSTOM_BODYWORK
11-21 20:32:49.696 4012 5465 I AXL : RPC: ScrSetPlayerColor
11-21 20:32:49.753 4012 4012 I ViewRootImpl@fb83006[GTASA]: ViewPostIme pointer 0
11-21 20:32:49.818 4012 4012 I ViewRootImpl@fb83006[GTASA]: ViewPostIme pointer 1
11-21 20:32:49.980 4012 5465 I AXL : [IsModelLoaded] iModelID: 529
11-21 20:32:49.980 4012 5465 I AXL : IsModelLoaded true!
11-21 20:32:49.982 4012 5465 I AXL : carshop_stock loaded from crime
11-21 20:32:49.982 4012 5465 I AXL : carshop_stock_text loaded from crime
11-21 20:32:49.982 4012 5465 I AXL : carshop_info_2 loaded from crime
11-21 20:32:49.982 4012 5465 I AXL : carshop_info_5 loaded from crime
11-21 20:32:49.982 4012 5465 I AXL : carshop_info_2 loaded from crime
11-21 20:32:49.982 4012 5465 I AXL : carshop_info_1 loaded from crime
11-21 20:32:50.829 4012 5465 I AXL : RPC: ScrSetPlayerColor
11-21 20:32:50.829 4012 5465 I AXL : RPC: WorldVehicleAdd
11-21 20:32:50.829 4012 5465 I AXL : [IsModelLoaded] iModelID: 542
11-21 20:32:50.829 4012 5465 I AXL : IsModelLoaded false!
11-21 20:32:50.829 4012 5465 I AXL : Warning: car model not preloaded. 542
11-21 20:32:50.829 4012 5465 I AXL : RequestModel
11-21 20:32:50.829 4012 5465 I AXL : RequestModel done!
11-21 20:32:50.829 4012 5465 I AXL : LoadRequestedModels
11-21 20:32:50.837 4012 5465 I AXL : LoadRequestedModels done!
11-21 20:32:50.837 4012 5465 I AXL : [IsModelLoaded] iModelID: 542
11-21 20:32:50.837 4012 5465 I AXL : IsModelLoaded true!
11-21 20:32:50.837 4012 5465 I AXL : Car model was preloaded. 542
11-21 20:32:50.838 4012 5465 I AXL : RPC: WorldVehicleAdd,
NewVehicle.iVehicleType: 542
11-21 20:32:50.838 4012 5465 I AXL : RPC: ScrVehicleParamsEx
11-21 20:32:50.838 4012 5465 I AXL : RPC_CUSTOM_HANDLING
11-21 20:32:50.838 4012 5465 I AXL : copy handling 102
11-21 20:32:50.838 4012 5465 I AXL : RPC_CUSTOM_VISUALS
11-21 20:32:50.839 4012 5465 I AXL : RPC_CUSTOM_BODYWORK
11-21 20:32:51.599 4012 4012 I ViewRootImpl@fb83006[GTASA]: ViewPostIme pointer 0
11-21 20:32:51.668 4012 4012 I ViewRootImpl@fb83006[GTASA]: ViewPostIme pointer 1
11-21 20:32:51.796 4012 5465 I AXL : [IsModelLoaded] iModelID: 542
11-21 20:32:51.796 4012 5465 I AXL : IsModelLoaded true!
11-21 20:32:51.798 4012 5465 I AXL : carshop_stock loaded from crime
11-21 20:32:51.798 4012 5465 I AXL : carshop_stock_text loaded from crime
11-21 20:32:51.798 4012 5465 I AXL : carshop_info_2 loaded from crime
11-21 20:32:51.798 4012 5465 I AXL : carshop_info_4 loaded from crime
11-21 20:32:51.799 4012 5465 I AXL : carshop_info_2 loaded from crime
11-21 20:32:51.799 4012 5465 I AXL : carshop_info_1 loaded from crime
11-21 20:32:52.112 4012 5465 I AXL : RPC: ScrSetPlayerColor
11-21 20:32:52.412 4012 5465 I AXL : RPC: WorldVehicleAdd
11-21 20:32:52.412 4012 5465 I AXL : [IsModelLoaded] iModelID: 547
11-21 20:32:52.412 4012 5465 I AXL : IsModelLoaded false!
11-21 20:32:52.412 4012 5465 I AXL : Warning: car model not preloaded. 547
11-21 20:32:52.412 4012 5465 I AXL : RequestModel
11-21 20:32:52.412 4012 5465 I AXL : RequestModel done!
11-21 20:32:52.412 4012 5465 I AXL : LoadRequestedModels
11-21 20:32:52.416 4012 5465 I AXL : LoadRequestedModels done!
11-21 20:32:52.416 4012 5465 I AXL : [IsModelLoaded] iModelID: 547
11-21 20:32:52.416 4012 5465 I AXL : IsModelLoaded true!
11-21 20:32:52.416 4012 5465 I AXL : Car model was preloaded. 547
11-21 20:32:52.417 4012 5465 I AXL : RPC: WorldVehicleAdd,
NewVehicle.iVehicleType: 547
11-21 20:32:52.417 4012 5465 I AXL : RPC: ScrVehicleParamsEx
11-21 20:32:52.417 4012 5465 I AXL : RPC_CUSTOM_HANDLING
11-21 20:32:52.417 4012 5465 I AXL : copy handling 107
11-21 20:32:52.417 4012 5465 I AXL : RPC_CUSTOM_VISUALS
11-21 20:32:52.417 4012 5465 I AXL : RPC_CUSTOM_BODYWORK
11-21 20:32:53.211 4012 4012 I ViewRootImpl@fb83006[GTASA]: ViewPostIme pointer 0
11-21 20:32:53.292 4012 4012 I ViewRootImpl@fb83006[GTASA]: ViewPostIme pointer 1
11-21 20:32:53.426 4012 5465 I AXL : [IsModelLoaded] iModelID: 547
11-21 20:32:53.426 4012 5465 I AXL : IsModelLoaded true!
11-21 20:32:53.429 4012 5465 I AXL : carshop_stock loaded from crime
11-21 20:32:53.429 4012 5465 I AXL : carshop_stock_text loaded from crime
11-21 20:32:53.429 4012 5465 I AXL : carshop_info_3 loaded from crime
11-21 20:32:53.429 4012 5465 I AXL : carshop_info_5 loaded from crime
11-21 20:32:53.429 4012 5465 I AXL : carshop_info_2 loaded from crime
11-21 20:32:53.429 4012 5465 I AXL : carshop_info_2 loaded from crime
11-21 20:32:54.009 4012 5465 I AXL : RPC: WorldVehicleAdd
11-21 20:32:54.009 4012 5465 I AXL : [IsModelLoaded] iModelID: 549
11-21 20:32:54.009 4012 5465 I AXL : IsModelLoaded false!
11-21 20:32:54.009 4012 5465 I AXL : Warning: car model not preloaded. 549
11-21 20:32:54.009 4012 5465 I AXL : RequestModel
11-21 20:32:54.009 4012 5465 I AXL : RequestModel done!
11-21 20:32:54.009 4012 5465 I AXL : LoadRequestedModels
11-21 20:32:54.035 4012 5465 I AXL : LoadRequestedModels done!
11-21 20:32:54.035 4012 5465 I AXL : [IsModelLoaded] iModelID: 549
11-21 20:32:54.035 4012 5465 I AXL : IsModelLoaded true!
11-21 20:32:54.035 4012 5465 I AXL : Car model was preloaded. 549
11-21 20:32:54.037 4012 5465 I AXL : RPC: WorldVehicleAdd,
NewVehicle.iVehicleType: 549
11-21 20:32:54.037 4012 5465 I AXL : RPC: ScrVehicleParamsEx
11-21 20:32:54.037 4012 5465 I AXL : RPC_CUSTOM_HANDLING
11-21 20:32:54.037 4012 5465 I AXL : copy handling 108
11-21 20:32:54.038 4012 5465 I AXL : RPC_CUSTOM_VISUALS
11-21 20:32:54.038 4012 5465 I AXL : RPC_CUSTOM_BODYWORK
11-21 20:32:54.620 4012 5465 I AXL : RPC: ScrSetPlayerColor
11-21 20:32:54.754 4012 5465 I AXL : RPC: ScrSetPlayerColor
11-21 20:32:54.877 4012 4012 I ViewRootImpl@fb83006[GTASA]: ViewPostIme pointer 0
11-21 20:32:54.971 4012 4012 I ViewRootImpl@fb83006[GTASA]: ViewPostIme pointer 1
11-21 20:32:55.104 4012 5465 I AXL : [IsModelLoaded] iModelID: 549
11-21 20:32:55.104 4012 5465 I AXL : IsModelLoaded true!
11-21 20:32:55.106 4012 5465 I AXL : carshop_stock loaded from crime
11-21 20:32:55.106 4012 5465 I AXL : carshop_stock_text loaded from crime
11-21 20:32:55.106 4012 5465 I AXL : carshop_info_2 loaded from crime
11-21 20:32:55.107 4012 5465 I AXL : carshop_info_5 loaded from crime
11-21 20:32:55.107 4012 5465 I AXL : carshop_info_2 loaded from crime
11-21 20:32:55.107 4012 5465 I AXL : carshop_info_1 loaded from crime
11-21 20:32:55.603 4012 5465 I AXL : RPC: WorldVehicleAdd
11-21 20:32:55.603 4012 5465 I AXL : [IsModelLoaded] iModelID: 560
11-21 20:32:55.603 4012 5465 I AXL : IsModelLoaded false!
11-21 20:32:55.603 4012 5465 I AXL : Warning: car model not preloaded. 560
11-21 20:32:55.603 4012 5465 I AXL : RequestModel
11-21 20:32:55.603 4012 5465 I AXL : RequestModel done!
11-21 20:32:55.603 4012 5465 I AXL : LoadRequestedModels
11-21 20:32:55.606 4012 5465 I AXL : LoadRequestedModels done!
11-21 20:32:55.606 4012 5465 I AXL : [IsModelLoaded] iModelID: 560
11-21 20:32:55.606 4012 5465 I AXL : IsModelLoaded true!
11-21 20:32:55.606 4012 5465 I AXL : Car model was preloaded. 560
11-21 20:32:55.607 4012 5465 I AXL : RPC: WorldVehicleAdd,
NewVehicle.iVehicleType: 560
11-21 20:32:55.607 4012 5465 I AXL : RPC: ScrVehicleParamsEx
11-21 20:32:55.607 4012 5465 I AXL : RPC_CUSTOM_HANDLING
11-21 20:32:55.607 4012 5465 I AXL : copy handling 118
11-21 20:32:55.607 4012 5465 I AXL : RPC_CUSTOM_VISUALS
11-21 20:32:55.607 4012 5465 I AXL : RPC_CUSTOM_BODYWORK
11-21 20:32:56.219 4012 5465 I AXL : RPC: ScrSetPlayerColor
11-21 20:32:56.219 4012 5465 I AXL : RPC: ScrSetPlayerColor
11-21 20:32:56.267 4012 4012 I ViewRootImpl@fb83006[GTASA]: ViewPostIme pointer 0
11-21 20:32:56.337 4012 4012 I ViewRootImpl@fb83006[GTASA]: ViewPostIme pointer 1
11-21 20:32:56.485 4012 5465 I AXL : [IsModelLoaded] iModelID: 560
11-21 20:32:56.485 4012 5465 I AXL : IsModelLoaded true!
11-21 20:32:56.488 4012 5465 I AXL : carshop_stock loaded from crime
11-21 20:32:56.488 4012 5465 I AXL : carshop_stock_text loaded from crime
11-21 20:32:56.488 4012 5465 I AXL : carshop_info_2 loaded from crime
11-21 20:32:56.488 4012 5465 I AXL : carshop_info_4 loaded from crime
11-21 20:32:56.488 4012 5465 I AXL : carshop_info_2 loaded from crime
11-21 20:32:56.488 4012 5465 I AXL : carshop_info_1 loaded from crime
11-21 20:32:57.218 4012 5465 I AXL : RPC: WorldVehicleAdd
11-21 20:32:57.218 4012 5465 I AXL : [IsModelLoaded] iModelID: 562
11-21 20:32:57.218 4012 5465 I AXL : IsModelLoaded false!
11-21 20:32:57.218 4012 5465 I AXL : Warning: car model not preloaded. 562
11-21 20:32:57.218 4012 5465 I AXL : RequestModel
11-21 20:32:57.218 4012 5465 I AXL : RequestModel done!
11-21 20:32:57.218 4012 5465 I AXL : LoadRequestedModels
11-21 20:32:57.244 4012 5465 I AXL : LoadRequestedModels done!
11-21 20:32:57.244 4012 5465 I AXL : [IsModelLoaded] iModelID: 562
11-21 20:32:57.244 4012 5465 I AXL : IsModelLoaded true!
11-21 20:32:57.244 4012 5465 I AXL : Car model was preloaded. 562
11-21 20:32:57.246 4012 5465 I AXL : RPC: WorldVehicleAdd,
NewVehicle.iVehicleType: 562
11-21 20:32:57.246 4012 5465 I AXL : RPC: ScrVehicleParamsEx
11-21 20:32:57.246 4012 5465 I AXL : RPC_CUSTOM_HANDLING
11-21 20:32:57.246 4012 5465 I AXL : copy handling 120
11-21 20:32:57.246 4012 5465 I AXL : RPC_CUSTOM_VISUALS
11-21 20:32:57.246 4012 5465 I AXL : RPC_CUSTOM_BODYWORK
11-21 20:32:57.657 4012 4012 I ViewRootImpl@fb83006[GTASA]: ViewPostIme pointer 0
11-21 20:32:57.763 4012 4012 I ViewRootImpl@fb83006[GTASA]: ViewPostIme pointer 1
11-21 20:32:57.877 4012 5465 I AXL : [IsModelLoaded] iModelID: 562
11-21 20:32:57.878 4012 5465 I AXL : IsModelLoaded true!
11-21 20:32:57.879 4012 5465 I AXL : carshop_stock loaded from crime
11-21 20:32:57.879 4012 5465 I AXL : carshop_stock_text loaded from crime
11-21 20:32:57.879 4012 5465 I AXL : carshop_info_2 loaded from crime
11-21 20:32:57.879 4012 5465 I AXL : carshop_info_5 loaded from crime
11-21 20:32:57.879 4012 5465 I AXL : carshop_info_2 loaded from crime
11-21 20:32:57.879 4012 5465 I AXL : carshop_info_1 loaded from crime
11-21 20:32:58.812 4012 5465 I AXL : RPC: WorldVehicleAdd
11-21 20:32:58.812 4012 5465 I AXL : [IsModelLoaded] iModelID: 566
11-21 20:32:58.812 4012 5465 I AXL : IsModelLoaded false!
11-21 20:32:58.812 4012 5465 I AXL : Warning: car model not preloaded. 566
11-21 20:32:58.812 4012 5465 I AXL : RequestModel
11-21 20:32:58.813 4012 5465 I AXL : RequestModel done!
11-21 20:32:58.813 4012 5465 I AXL : LoadRequestedModels
11-21 20:32:58.828 4012 5465 I AXL : LoadRequestedModels done!
11-21 20:32:58.828 4012 5465 I AXL : [IsModelLoaded] iModelID: 566
11-21 20:32:58.828 4012 5465 I AXL : IsModelLoaded true!
11-21 20:32:58.828 4012 5465 I AXL : Car model was preloaded. 566
11-21 20:32:58.829 4012 5465 I AXL : RPC: WorldVehicleAdd,
NewVehicle.iVehicleType: 566
11-21 20:32:58.829 4012 5465 I AXL : RPC: ScrVehicleParamsEx
11-21 20:32:58.829 4012 5465 I AXL : RPC_CUSTOM_HANDLING
11-21 20:32:58.829 4012 5465 I AXL : copy handling 123
11-21 20:32:58.829 4012 5465 I AXL : RPC_CUSTOM_VISUALS
11-21 20:32:58.829 4012 5465 I AXL : RPC_CUSTOM_BODYWORK
11-21 20:32:59.217 4012 5465 I AXL : RPC: ScrSetPlayerColor
11-21 20:32:59.914 4012 4012 I ViewRootImpl@fb83006[GTASA]: ViewPostIme pointer 0
11-21 20:32:59.984 4012 4012 I ViewRootImpl@fb83006[GTASA]: ViewPostIme pointer 1
11-21 20:33:00.180 4012 5465 I AXL : [IsModelLoaded] iModelID: 566
11-21 20:33:00.180 4012 5465 I AXL : IsModelLoaded true!
11-21 20:33:00.184 4012 5465 I AXL : carshop_stock loaded from crime
11-21 20:33:00.184 4012 5465 I AXL : carshop_stock_text loaded from crime
11-21 20:33:00.184 4012 5465 I AXL : carshop_info_3 loaded from crime
11-21 20:33:00.184 4012 5465 I AXL : carshop_info_5 loaded from crime
11-21 20:33:00.184 4012 5465 I AXL : carshop_info_2 loaded from crime
11-21 20:33:00.184 4012 5465 I AXL : carshop_info_2 loaded from crime
11-21 20:33:00.421 4012 5465 I AXL : RPC: WorldVehicleAdd
11-21 20:33:00.421 4012 5465 I AXL : [IsModelLoaded] iModelID: 567
11-21 20:33:00.421 4012 5465 I AXL : IsModelLoaded false!
11-21 20:33:00.421 4012 5465 I AXL : Warning: car model not preloaded. 567
11-21 20:33:00.421 4012 5465 I AXL : RequestModel
11-21 20:33:00.421 4012 5465 I AXL : RequestModel done!
11-21 20:33:00.421 4012 5465 I AXL : LoadRequestedModels
11-21 20:33:00.456 4012 5465 I AXL : LoadRequestedModels done!
11-21 20:33:00.456 4012 5465 I AXL : [IsModelLoaded] iModelID: 567
11-21 20:33:00.456 4012 5465 I AXL : IsModelLoaded true!
11-21 20:33:00.456 4012 5465 I AXL : Car model was preloaded. 567
11-21 20:33:00.457 4012 5465 I AXL : RPC: WorldVehicleAdd,
NewVehicle.iVehicleType: 567
11-21 20:33:00.457 4012 5465 I AXL : RPC: ScrVehicleParamsEx
11-21 20:33:00.457 4012 5465 I AXL : RPC_CUSTOM_HANDLING
11-21 20:33:00.457 4012 5465 I AXL : copy handling 124
11-21 20:33:00.457 4012 5465 I AXL : RPC_CUSTOM_VISUALS
11-21 20:33:00.457 4012 5465 I AXL : RPC_CUSTOM_BODYWORK
11-21 20:33:00.874 4012 5465 I AXL : RPC_CUSTOM_HANDLING_DEFAULTS
11-21 20:33:01.326 4012 4012 I ViewRootImpl@fb83006[GTASA]: ViewPostIme pointer 0
11-21 20:33:01.395 4012 4012 I ViewRootImpl@fb83006[GTASA]: ViewPostIme pointer 1
11-21 20:33:01.524 4012 5465 I AXL : [IsModelLoaded] iModelID: 567
11-21 20:33:01.525 4012 5465 I AXL : IsModelLoaded true!
11-21 20:33:01.527 4012 5465 I AXL : carshop_stock loaded from crime
11-21 20:33:01.527 4012 5465 I AXL : carshop_stock_text loaded from crime
11-21 20:33:01.527 4012 5465 I AXL : carshop_info_3 loaded from crime
11-21 20:33:01.527 4012 5465 I AXL : carshop_info_5 loaded from crime
11-21 20:33:01.527 4012 5465 I AXL : carshop_info_3 loaded from crime
11-21 20:33:01.527 4012 5465 I AXL : carshop_info_2 loaded from crime
11-21 20:33:02.082 4012 5465 I AXL : RPC: WorldVehicleAdd
11-21 20:33:02.082 4012 5465 I AXL : [IsModelLoaded] iModelID: 445
11-21 20:33:02.082 4012 5465 I AXL : IsModelLoaded false!
11-21 20:33:02.082 4012 5465 I AXL : Warning: car model not preloaded. 445
11-21 20:33:02.082 4012 5465 I AXL : RequestModel
11-21 20:33:02.082 4012 5465 I AXL : RequestModel done!
11-21 20:33:02.082 4012 5465 I AXL : LoadRequestedModels
11-21 20:33:02.115 4012 5465 I AXL : LoadRequestedModels done!
11-21 20:33:02.115 4012 5465 I AXL : [IsModelLoaded] iModelID: 445
11-21 20:33:02.115 4012 5465 I AXL : IsModelLoaded true!
11-21 20:33:02.115 4012 5465 I AXL : Car model was preloaded. 445
11-21 20:33:02.117 4012 5465 I AXL : RPC: WorldVehicleAdd,
NewVehicle.iVehicleType: 445
11-21 20:33:02.117 4012 5465 I AXL : RPC: ScrVehicleParamsEx
11-21 20:33:02.117 4012 5465 I AXL : RPC_CUSTOM_HANDLING
11-21 20:33:02.117 4012 5465 I AXL : copy handling 42
11-21 20:33:02.117 4012 5465 I AXL : RPC_CUSTOM_VISUALS
11-21 20:33:02.117 4012 5465 I AXL : RPC_CUSTOM_BODYWORK
11-21 20:33:04.132 4012 5465 I AXL : RPC: ScrSetPlayerColor
11-21 20:33:04.532 4012 4012 I ViewRootImpl@fb83006[GTASA]: ViewPostIme pointer 0
11-21 20:33:04.614 4012 4012 I ViewRootImpl@fb83006[GTASA]: ViewPostIme pointer 1
11-21 20:33:05.062 4012 4012 I ViewRootImpl@fb83006[GTASA]: ViewPostIme pointer 0
11-21 20:33:05.144 4012 4012 I ViewRootImpl@fb83006[GTASA]: ViewPostIme pointer 1
11-21 20:33:05.266 4012 5465 I AXL : tuning_color_stroke loaded from crime
11-21 20:33:06.383 4012 4012 I ViewRootImpl@fb83006[GTASA]: ViewPostIme pointer 0
11-21 20:33:06.477 4012 4012 I ViewRootImpl@fb83006[GTASA]: ViewPostIme pointer 1
11-21 20:33:06.642 4012 4012 I System.out: Define your own onDestroyView
11-21 20:33:06.643 4012 4012 D ScrollView: initGoToTop
11-21 20:33:06.679 4012 4012 D DecorView: semSetRoundedCorners: 5
11-21 20:33:06.689 4012 4012 D DecorView: semSetRoundedCorners: 5
11-21 20:33:06.771 4012 5465 I AXL : CreatePickup(1318, 23, 67, 436, 1202)
11-21 20:33:06.771 4012 5465 I AXL : [IsModelLoaded] iModelID: 1318
11-21 20:33:06.771 4012 5465 I AXL : IsModelLoaded true!
11-21 20:33:07.004 4012 5465 I AXL : RPC: ScrSetPlayerColor
11-21 20:33:07.757 4012 4012 I ViewRootImpl@fb83006[GTASA]: ViewPostIme pointer 0
11-21 20:33:07.826 4012 4012 I ViewRootImpl@fb83006[GTASA]: ViewPostIme pointer 1
11-21 20:33:08.072 4012 5465 I AXL : RPC: ScrSetPlayerColor
11-21 20:33:08.309 4012 4012 I ViewRootImpl@fb83006[GTASA]: ViewPostIme pointer 0
11-21 20:33:08.391 4012 4012 I ViewRootImpl@fb83006[GTASA]: ViewPostIme pointer 1
11-21 20:33:08.396 4012 4012 I AXL : sendDialogResponse: dialogid - 276,
listitem - 0, inputtext1 - 1. Купить
11-21 20:33:08.538 4012 5465 I AXL : RPC: ScrHaveSomeMoney
11-21 20:33:08.538 4012 5465 I AXL : RPC: ScrDisplayGameText
11-21 20:33:08.539 4012 5465 I AXL : [IsModelLoaded] iModelID: 445
11-21 20:33:08.539 4012 5465 I AXL : IsModelLoaded true!
11-21 20:33:08.544 4012 4012 I System.out: Define your own onDestroyView
11-21 20:33:08.546 4012 4012 D ScrollView: initGoToTop
11-21 20:33:08.561 4012 4012 D ScrollView: onsize change changed
11-21 20:33:08.562 4012 4012 D DecorView: semSetRoundedCorners: 5
11-21 20:33:08.576 4012 4012 D DecorView: semSetRoundedCorners: 5
11-21 20:33:09.625 4012 5465 I AXL : RPC: ScrSetPlayerColor
11-21 20:33:09.825 4012 5465 I AXL : RPC: ScrSetPlayerColor
11-21 20:33:10.158 4012 4012 I ViewRootImpl@fb83006[GTASA]: ViewPostIme pointer 0
11-21 20:33:10.228 4012 4012 I ViewRootImpl@fb83006[GTASA]: ViewPostIme pointer 1
11-21 20:33:10.230 4012 4012 I AXL : sendDialogResponse: dialogid - 275,
listitem - -1, inputtext1 -
11-21 20:33:10.345 4012 5465 I AXL : RPC: ScrHaveSomeMoney
11-21 20:33:10.345 4012 5465 I AXL : RPC: ScrDisplayGameText
11-21 20:33:10.345 4012 5465 I AXL : RPC: ScrSetPlayerInterior
11-21 20:33:10.346 4012 5465 I AXL : RPC: ScrSetPlayerPos
11-21 20:33:10.346 4012 5465 I AXL : RPC: ScrSetPlayerFacingAngle
11-21 20:33:10.346 4012 5465 I AXL : RPC: ScrClearPlayerAnimations
11-21 20:33:10.346 4012 5465 I AXL : RPC: ScrSetCameraBehindPlayer
11-21 20:33:10.346 4012 5465 I AXL : CUSTOM_RPC_TOGGLE_HUD_ELEMENT
11-21 20:33:10.346 4012 5465 I AXL : CUSTOM_RPC_TOGGLE_HUD_ELEMENT
11-21 20:33:10.346 4012 5465 I AXL : CUSTOM_RPC_TOGGLE_HUD_ELEMENT
11-21 20:33:10.346 4012 5465 I AXL : CUSTOM_RPC_TOGGLE_HUD_ELEMENT
11-21 20:33:10.346 4012 5465 I AXL : RPC: ScrSelectTextDraw
11-21 20:33:10.346 4012 5465 I AXL : CPlayerPed::TogglePlayerControllable
11-21 20:33:10.346 4012 5465 I AXL : CPlayerPed::TogglePlayerControllable
okay!
11-21 20:33:10.352 4012 4012 I System.out: Define your own onDestroyView
11-21 20:33:10.354 4012 4012 D ScrollView: initGoToTop
11-21 20:33:10.371 4012 4012 D ScrollView: onsize change changed
11-21 20:33:10.375 4012 4012 D DecorView: semSetRoundedCorners: 5
11-21 20:33:10.493 4012 4012 D DecorView: semSetRoundedCorners: 5
11-21 20:33:10.517 4012 4012 D DecorView: semSetRoundedCorners: 5
11-21 20:33:10.648 4012 5031 I dev.crimemobil: Background concurrent copying GC
freed 208502(10MB) AllocSpace objects, 118(2444KB) LOS objects, 49% free,
13MB/26MB, paused 449us total 207.515ms
11-21 20:33:10.779 4012 5465 I AXL : RPC: ScrSetPlayerColor
11-21 20:33:10.779 4012 5465 I AXL : RPC: ScrSetPlayerColor
11-21 20:33:11.361 4012 4012 I ViewRootImpl@fb83006[GTASA]: ViewPostIme pointer 0
11-21 20:33:11.431 4012 4012 I ViewRootImpl@fb83006[GTASA]: ViewPostIme pointer 1
11-21 20:33:11.825 4012 4012 I ViewRootImpl@fb83006[GTASA]: ViewPostIme pointer 0
11-21 20:33:11.902 4012 4012 I ViewRootImpl@fb83006[GTASA]: ViewPostIme pointer 1
11-21 20:33:11.905 4012 4012 I AXL : CPlayerPed::TogglePlayerControllable
11-21 20:33:11.905 4012 4012 I AXL : CPlayerPed::TogglePlayerControllable
okay!
11-21 20:33:11.905 4012 4012 I AXL : sendDialogResponse: dialogid - 0,
listitem - -1, inputtext1 -
11-21 20:33:12.247 4012 4012 I ViewRootImpl@fb83006[GTASA]: ViewPostIme pointer 0
11-21 20:33:12.333 4012 5465 I AXL : RPC: ScrSetPlayerColor
11-21 20:33:12.424 4012 4012 D DecorView: semSetRoundedCorners: 5
11-21 20:33:12.712 4012 4012 I ViewRootImpl@fb83006[GTASA]: ViewPostIme pointer 1
11-21 20:33:12.736 4012 4012 I ViewRootImpl@fb83006[GTASA]: ViewPostIme pointer 0
11-21 20:33:13.802 4012 5465 I AXL : CPickupPool::PickedUp index = 40
11-21 20:33:13.970 4012 4012 I ViewRootImpl@fb83006[GTASA]: ViewPostIme pointer 1
11-21 20:33:14.648 4012 4012 I ViewRootImpl@fb83006[GTASA]: ViewPostIme pointer 0
11-21 20:33:14.767 4012 4012 I ViewRootImpl@fb83006[GTASA]: ViewPostIme pointer 1
11-21 20:33:14.997 4012 4012 I ViewRootImpl@fb83006[GTASA]: ViewPostIme pointer 0
11-21 20:33:15.128 4012 4012 I ViewRootImpl@fb83006[GTASA]: ViewPostIme pointer 1
11-21 20:33:15.274 4012 5465 I AXL : RPC: ScrSetPlayerColor
11-21 20:33:15.274 4012 5465 I AXL : RPC: ScrSetPlayerColor
11-21 20:33:15.384 4012 4012 D DecorView: semSetRoundedCorners: 5
11-21 20:33:15.390 4012 5465 I AXL : RPC: ScrSetPlayerColor
11-21 20:33:15.575 4012 4012 I ViewRootImpl@fb83006[GTASA]: ViewPostIme pointer 0
11-21 20:33:15.896 4012 4012 I ViewRootImpl@fb83006[GTASA]: ViewPostIme pointer 1
11-21 20:33:16.815 4012 5465 I AXL : CPickupPool::PickedUp index = 40
11-21 20:33:16.904 4012 4012 I ViewRootImpl@fb83006[GTASA]: ViewPostIme pointer 0
11-21 20:33:16.932 4012 5465 I AXL : RPC: ScrSetPlayerInterior
11-21 20:33:16.933 4012 5465 I AXL : RPC: ScrSetPlayerPos
11-21 20:33:16.933 4012 5465 I AXL : RPC: ScrSetPlayerFacingAngle
11-21 20:33:16.933 4012 5465 I AXL : RPC: ScrClearPlayerAnimations
11-21 20:33:16.933 4012 5465 I AXL : RPC: ScrSetCameraBehindPlayer
11-21 20:33:16.933 4012 5465 I AXL : CLocalPlayer::UpdateRemoteInterior 0
11-21 20:33:17.024 4012 5465 I AXL : RPC: WorldVehicleAdd
11-21 20:33:17.024 4012 5465 I AXL : [IsModelLoaded] iModelID: 412
11-21 20:33:17.024 4012 5465 I AXL : IsModelLoaded false!
11-21 20:33:17.024 4012 5465 I AXL : Warning: car model not preloaded. 412
11-21 20:33:17.024 4012 5465 I AXL : RequestModel
11-21 20:33:17.024 4012 5465 I AXL : RequestModel done!
11-21 20:33:17.024 4012 5465 I AXL : LoadRequestedModels
11-21 20:33:17.026 4012 5465 I AXL : LoadRequestedModels done!
11-21 20:33:17.026 4012 5465 I AXL : [IsModelLoaded] iModelID: 412
11-21 20:33:17.026 4012 5465 I AXL : IsModelLoaded true!
11-21 20:33:17.026 4012 5465 I AXL : Car model was preloaded. 412
11-21 20:33:17.027 4012 5465 I AXL : RPC: WorldVehicleAdd,
NewVehicle.iVehicleType: 412
11-21 20:33:17.027 4012 5465 I AXL : RPC: ScrNumberPlate
11-21 20:33:17.027 4012 5465 I AXL : RPC: ScrVehicleParamsEx
11-21 20:33:17.027 4012 5465 I AXL : RPC_CUSTOM_HANDLING
11-21 20:33:17.027 4012 5465 I AXL : copy handling 12
11-21 20:33:17.027 4012 5465 I AXL : RPC_CUSTOM_VISUALS
11-21 20:33:17.027 4012 5465 I AXL : RPC_CUSTOM_BODYWORK
11-21 20:33:17.027 4012 5465 I AXL : [IsModelLoaded] iModelID: 135
11-21 20:33:17.027 4012 5465 I AXL : IsModelLoaded true!
11-21 20:33:17.027 4012 5465 I AXL : [IsModelLoaded] iModelID: 6
11-21 20:33:17.027 4012 5465 I AXL : IsModelLoaded true!
11-21 20:33:17.046 4012 4012 I ViewRootImpl@fb83006[GTASA]: ViewPostIme pointer 1
11-21 20:33:17.224 4012 5465 I AXL : RPC_SCRCREATEOBJECT(0) 11013
11-21 20:33:17.224 4012 5465 I AXL : [CObject] InstantRotate
11-21 20:33:17.224 4012 5465 I AXL : RPC_SCRCREATEOBJECT(1) 11012
11-21 20:33:17.224 4012 5465 I AXL : [CObject] InstantRotate
11-21 20:33:17.224 4012 5465 I AXL : RPC_SCRCREATEOBJECT(2) 18880
11-21 20:33:17.224 4012 5465 I AXL : [CObject] InstantRotate
11-21 20:33:17.224 4012 5465 I AXL : RPC: ScrSetMapIcon
11-21 20:33:17.224 4012 5465 I AXL : RPC: ScrSetMapIcon
11-21 20:33:17.224 4012 5465 I AXL : RPC: ScrSetMapIcon
11-21 20:33:17.225 4012 5465 I AXL : zz_box loaded from crime
11-21 20:33:17.225 4012 5465 I AXL : zz_text loaded from crime
11-21 20:33:17.529 4012 4012 I ViewRootImpl@fb83006[GTASA]: ViewPostIme pointer 0
11-21 20:33:18.291 4012 5465 I AXL : [IsModelLoaded] iModelID: 412
11-21 20:33:18.292 4012 5465 I AXL : IsModelLoaded true!
11-21 20:33:18.293 4012 5465 I AXL : RPC: WorldVehicleAdd
11-21 20:33:18.293 4012 5465 I AXL : [IsModelLoaded] iModelID: 3241
11-21 20:33:18.293 4012 5465 I AXL : IsModelLoaded false!
11-21 20:33:18.293 4012 5465 I AXL : Warning: car model not preloaded. 3241
11-21 20:33:18.293 4012 5465 I AXL : RequestModel
11-21 20:33:18.293 4012 5465 I AXL : RequestModel done!
11-21 20:33:18.293 4012 5465 I AXL : LoadRequestedModels
11-21 20:33:18.298 4012 5465 I AXL : LoadRequestedModels done!
11-21 20:33:18.298 4012 5465 I AXL : [IsModelLoaded] iModelID: 3241
11-21 20:33:18.298 4012 5465 I AXL : IsModelLoaded true!
11-21 20:33:18.298 4012 5465 I AXL : Car model was preloaded. 3241
11-21 20:33:18.299 4012 5465 I AXL : RPC: WorldVehicleAdd,
NewVehicle.iVehicleType: 3241
11-21 20:33:18.299 4012 5465 I AXL : RPC: ScrNumberPlate
11-21 20:33:18.299 4012 5465 I AXL : RPC: ScrVehicleParamsEx
11-21 20:33:18.299 4012 5465 I AXL : RPC_CUSTOM_HANDLING
11-21 20:33:18.299 4012 5465 I AXL : copy handling 135
11-21 20:33:18.299 4012 5465 I AXL : RPC_CUSTOM_VISUALS
11-21 20:33:18.299 4012 5465 I AXL : RPC_CUSTOM_BODYWORK
11-21 20:33:18.300 4012 5465 I AXL : RPC: WorldVehicleAdd
11-21 20:33:18.300 4012 5465 I AXL : [IsModelLoaded] iModelID: 3254
11-21 20:33:18.300 4012 5465 I AXL : IsModelLoaded false!
11-21 20:33:18.300 4012 5465 I AXL : Warning: car model not preloaded. 3254
11-21 20:33:18.300 4012 5465 I AXL : RequestModel
11-21 20:33:18.300 4012 5465 I AXL : RequestModel done!
11-21 20:33:18.300 4012 5465 I AXL : LoadRequestedModels
11-21 20:33:18.306 4012 5465 I AXL : LoadRequestedModels done!
11-21 20:33:18.306 4012 5465 I AXL : [IsModelLoaded] iModelID: 3254
11-21 20:33:18.306 4012 5465 I AXL : IsModelLoaded true!
11-21 20:33:18.306 4012 5465 I AXL : Car model was preloaded. 3254
11-21 20:33:18.307 4012 5465 I AXL : RPC: WorldVehicleAdd,
NewVehicle.iVehicleType: 3254
11-21 20:33:18.307 4012 5465 I AXL : RPC: ScrNumberPlate
11-21 20:33:18.307 4012 5465 I AXL : RPC: ScrVehicleParamsEx
11-21 20:33:18.307 4012 5465 I AXL : RPC_CUSTOM_HANDLING
11-21 20:33:18.307 4012 5465 I AXL : copy handling 11
11-21 20:33:18.307 4012 5465 I AXL : RPC_CUSTOM_VISUALS
11-21 20:33:18.307 4012 5465 I AXL : RPC_CUSTOM_BODYWORK
11-21 20:33:18.307 4012 5465 I AXL : RPC: WorldVehicleAdd
11-21 20:33:18.307 4012 5465 I AXL : [IsModelLoaded] iModelID: 458
11-21 20:33:18.307 4012 5465 I AXL : IsModelLoaded false!
11-21 20:33:18.307 4012 5465 I AXL : Warning: car model not preloaded. 458
11-21 20:33:18.307 4012 5465 I AXL : RequestModel
11-21 20:33:18.307 4012 5465 I AXL : RequestModel done!
11-21 20:33:18.307 4012 5465 I AXL : LoadRequestedModels
11-21 20:33:18.313 4012 5465 I AXL : LoadRequestedModels done!
11-21 20:33:18.313 4012 5465 I AXL : [IsModelLoaded] iModelID: 458
11-21 20:33:18.313 4012 5465 I AXL : IsModelLoaded true!
11-21 20:33:18.313 4012 5465 I AXL : Car model was preloaded. 458
11-21 20:33:18.314 4012 5465 I AXL : RPC: WorldVehicleAdd,
NewVehicle.iVehicleType: 458
11-21 20:33:18.314 4012 5465 I AXL : RPC: ScrNumberPlate
11-21 20:33:18.314 4012 5465 I AXL : RPC: ScrVehicleParamsEx
11-21 20:33:18.314 4012 5465 I AXL : RPC_CUSTOM_HANDLING
11-21 20:33:18.314 4012 5465 I AXL : copy handling 50
11-21 20:33:18.314 4012 5465 I AXL : RPC_CUSTOM_VISUALS
11-21 20:33:18.314 4012 5465 I AXL : RPC_CUSTOM_BODYWORK
11-21 20:33:18.314 4012 5465 I AXL : RPC: WorldVehicleAdd
11-21 20:33:18.314 4012 5465 I AXL : [IsModelLoaded] iModelID: 410
11-21 20:33:18.314 4012 5465 I AXL : IsModelLoaded false!
11-21 20:33:18.314 4012 5465 I AXL : Warning: car model not preloaded. 410
11-21 20:33:18.314 4012 5465 I AXL : RequestModel
11-21 20:33:18.314 4012 5465 I AXL : RequestModel done!
11-21 20:33:18.314 4012 5465 I AXL : LoadRequestedModels
11-21 20:33:18.318 4012 5465 I AXL : LoadRequestedModels done!
11-21 20:33:18.318 4012 5465 I AXL : [IsModelLoaded] iModelID: 410
11-21 20:33:18.318 4012 5465 I AXL : IsModelLoaded true!
11-21 20:33:18.318 4012 5465 I AXL : Car model was preloaded. 410
11-21 20:33:18.319 4012 5465 I AXL : RPC: WorldVehicleAdd,
NewVehicle.iVehicleType: 410
11-21 20:33:18.319 4012 5465 I AXL : RPC: ScrNumberPlate
11-21 20:33:18.319 4012 5465 I AXL : RPC: ScrVehicleParamsEx
11-21 20:33:18.319 4012 5465 I AXL : RPC_CUSTOM_HANDLING
11-21 20:33:18.319 4012 5465 I AXL : copy handling 10
11-21 20:33:18.319 4012 5465 I AXL : RPC_CUSTOM_VISUALS
11-21 20:33:18.319 4012 5465 I AXL : RPC_CUSTOM_BODYWORK
11-21 20:33:18.319 4012 5465 I AXL : RPC: WorldVehicleAdd
11-21 20:33:18.319 4012 5465 I AXL : [IsModelLoaded] iModelID: 462
11-21 20:33:18.319 4012 5465 I AXL : IsModelLoaded false!
11-21 20:33:18.319 4012 5465 I AXL : Warning: car model not preloaded. 462
11-21 20:33:18.319 4012 5465 I AXL : RequestModel
11-21 20:33:18.319 4012 5465 I AXL : RequestModel done!
11-21 20:33:18.319 4012 5465 I AXL : LoadRequestedModels
11-21 20:33:18.320 4012 5465 I AXL : LoadRequestedModels done!
11-21 20:33:18.320 4012 5465 I AXL : [IsModelLoaded] iModelID: 462
11-21 20:33:18.320 4012 5465 I AXL : IsModelLoaded true!
11-21 20:33:18.320 4012 5465 I AXL : Car model was preloaded. 462
11-21 20:33:18.321 4012 5465 I AXL : RPC: WorldVehicleAdd,
NewVehicle.iVehicleType: 462
11-21 20:33:18.321 4012 5465 I AXL : RPC: ScrNumberPlate
11-21 20:33:18.321 4012 5465 I AXL : RPC: ScrVehicleParamsEx
11-21 20:33:18.321 4012 5465 I AXL : RPC_CUSTOM_HANDLING
11-21 20:33:18.321 4012 5465 I AXL : RPC: WorldVehicleAdd
11-21 20:33:18.321 4012 5465 I AXL : [IsModelLoaded] iModelID: 412
11-21 20:33:18.321 4012 5465 I AXL : IsModelLoaded false!
11-21 20:33:18.321 4012 5465 I AXL : Warning: car model not preloaded. 412
11-21 20:33:18.321 4012 5465 I AXL : RequestModel
11-21 20:33:18.321 4012 5465 I AXL : RequestModel done!
11-21 20:33:18.321 4012 5465 I AXL : LoadRequestedModels
11-21 20:33:18.324 4012 5465 I AXL : LoadRequestedModels done!
11-21 20:33:18.324 4012 5465 I AXL : [IsModelLoaded] iModelID: 412
11-21 20:33:18.324 4012 5465 I AXL : IsModelLoaded true!
11-21 20:33:18.324 4012 5465 I AXL : Car model was preloaded. 412
11-21 20:33:18.325 4012 5465 I AXL : RPC: WorldVehicleAdd,
NewVehicle.iVehicleType: 412
11-21 20:33:18.325 4012 5465 I AXL : RPC: ScrNumberPlate
11-21 20:33:18.325 4012 5465 I AXL : RPC: ScrVehicleParamsEx
11-21 20:33:18.325 4012 5465 I AXL : RPC_CUSTOM_HANDLING
11-21 20:33:18.325 4012 5465 I AXL : copy handling 12
11-21 20:33:18.325 4012 5465 I AXL : RPC_CUSTOM_VISUALS
11-21 20:33:18.325 4012 5465 I AXL : RPC_CUSTOM_BODYWORK
11-21 20:33:18.325 4012 5465 I AXL : RPC: WorldVehicleAdd
11-21 20:33:18.325 4012 5465 I AXL : [IsModelLoaded] iModelID: 445
11-21 20:33:18.325 4012 5465 I AXL : IsModelLoaded false!
11-21 20:33:18.325 4012 5465 I AXL : Warning: car model not preloaded. 445
11-21 20:33:18.325 4012 5465 I AXL : RequestModel
11-21 20:33:18.325 4012 5465 I AXL : RequestModel done!
11-21 20:33:18.325 4012 5465 I AXL : LoadRequestedModels
11-21 20:33:18.340 4012 5465 I AXL : LoadRequestedModels done!
11-21 20:33:18.340 4012 5465 I AXL : [IsModelLoaded] iModelID: 445
11-21 20:33:18.340 4012 5465 I AXL : IsModelLoaded true!
11-21 20:33:18.340 4012 5465 I AXL : Car model was preloaded. 445
11-21 20:33:18.341 4012 5465 I AXL : RPC: WorldVehicleAdd,
NewVehicle.iVehicleType: 445
11-21 20:33:18.341 4012 5465 I AXL : RPC: ScrNumberPlate
