11-21 20:33:18.341 4012 5465 I AXL : RPC: ScrVehicleParamsEx
11-21 20:33:18.341 4012 5465 I AXL : RPC_CUSTOM_HANDLING
11-21 20:33:18.341 4012 5465 I AXL : copy handling 42
11-21 20:33:18.341 4012 5465 I AXL : RPC_CUSTOM_VISUALS
11-21 20:33:18.341 4012 5465 I AXL : RPC_CUSTOM_BODYWORK
11-21 20:33:18.341 4012 5465 I AXL : RPC: WorldVehicleAdd
11-21 20:33:18.341 4012 5465 I AXL : [IsModelLoaded] iModelID: 540
11-21 20:33:18.341 4012 5465 I AXL : IsModelLoaded false!
11-21 20:33:18.341 4012 5465 I AXL : Warning: car model not preloaded. 540
11-21 20:33:18.341 4012 5465 I AXL : RequestModel
11-21 20:33:18.341 4012 5465 I AXL : RequestModel done!
11-21 20:33:18.341 4012 5465 I AXL : LoadRequestedModels
11-21 20:33:18.349 4012 5465 I AXL : LoadRequestedModels done!
11-21 20:33:18.349 4012 5465 I AXL : [IsModelLoaded] iModelID: 540
11-21 20:33:18.349 4012 5465 I AXL : IsModelLoaded true!
11-21 20:33:18.349 4012 5465 I AXL : Car model was preloaded. 540
11-21 20:33:18.350 4012 5465 I AXL : RPC: WorldVehicleAdd,
NewVehicle.iVehicleType: 540
11-21 20:33:18.350 4012 5465 I AXL : [IsModelLoaded] iModelID: 1010
11-21 20:33:18.350 4012 5465 I AXL : IsModelLoaded true!
11-21 20:33:18.350 4012 5465 I AXL : [IsModelLoaded] iModelID: 1085
11-21 20:33:18.350 4012 5465 I AXL : IsModelLoaded true!
11-21 20:33:18.351 4012 5465 I AXL : [IsModelLoaded] iModelID: 1087
11-21 20:33:18.351 4012 5465 I AXL : IsModelLoaded true!
11-21 20:33:18.351 4012 5465 I AXL : RPC: ScrNumberPlate
11-21 20:33:18.351 4012 5465 I AXL : RPC: ScrVehicleParamsEx
11-21 20:33:18.351 4012 5465 I AXL : RPC_CUSTOM_HANDLING
11-21 20:33:18.351 4012 5465 I AXL : copy handling 100
11-21 20:33:18.351 4012 5465 I AXL : RPC_CUSTOM_VISUALS
11-21 20:33:18.351 4012 5465 I AXL : RPC_CUSTOM_BODYWORK
11-21 20:33:18.351 4012 5465 I AXL : RPC: WorldVehicleAdd
11-21 20:33:18.351 4012 5465 I AXL : [IsModelLoaded] iModelID: 3232
11-21 20:33:18.351 4012 5465 I AXL : IsModelLoaded false!
11-21 20:33:18.351 4012 5465 I AXL : Warning: car model not preloaded. 3232
11-21 20:33:18.351 4012 5465 I AXL : RequestModel
11-21 20:33:18.351 4012 5465 I AXL : RequestModel done!
11-21 20:33:18.351 4012 5465 I AXL : LoadRequestedModels
11-21 20:33:18.368 4012 5465 I AXL : LoadRequestedModels done!
11-21 20:33:18.368 4012 5465 I AXL : [IsModelLoaded] iModelID: 3232
11-21 20:33:18.368 4012 5465 I AXL : IsModelLoaded true!
11-21 20:33:18.368 4012 5465 I AXL : Car model was preloaded. 3232
11-21 20:33:18.369 4012 5465 I AXL : RPC: WorldVehicleAdd,
NewVehicle.iVehicleType: 3232
11-21 20:33:18.369 4012 5465 I AXL : [IsModelLoaded] iModelID: 1010
11-21 20:33:18.369 4012 5465 I AXL : IsModelLoaded true!
11-21 20:33:18.369 4012 5465 I AXL : [IsModelLoaded] iModelID: 1074
11-21 20:33:18.369 4012 5465 I AXL : IsModelLoaded true!
11-21 20:33:18.369 4012 5465 I AXL : RPC: ScrNumberPlate
11-21 20:33:18.369 4012 5465 I AXL : RPC: ScrVehicleParamsEx
11-21 20:33:18.369 4012 5465 I AXL : RPC_CUSTOM_HANDLING
11-21 20:33:18.369 4012 5465 I AXL : copy handling 69
11-21 20:33:18.369 4012 5465 I AXL : RPC_CUSTOM_VISUALS
11-21 20:33:18.369 4012 5465 I AXL : RPC_CUSTOM_BODYWORK
11-21 20:33:18.369 4012 5465 I AXL : RPC: WorldVehicleAdd
11-21 20:33:18.369 4012 5465 I AXL : [IsModelLoaded] iModelID: 540
11-21 20:33:18.369 4012 5465 I AXL : IsModelLoaded true!
11-21 20:33:18.370 4012 5465 I AXL : RPC: WorldVehicleAdd,
NewVehicle.iVehicleType: 540
11-21 20:33:18.370 4012 5465 I AXL : RPC: ScrNumberPlate
11-21 20:33:18.370 4012 5465 I AXL : RPC: ScrVehicleParamsEx
11-21 20:33:18.370 4012 5465 I AXL : RPC_CUSTOM_HANDLING
11-21 20:33:18.370 4012 5465 I AXL : copy handling 100
11-21 20:33:18.370 4012 5465 I AXL : RPC_CUSTOM_VISUALS
11-21 20:33:18.370 4012 5465 I AXL : RPC_CUSTOM_BODYWORK
11-21 20:33:18.370 4012 5465 I AXL : RPC: WorldVehicleAdd
11-21 20:33:18.370 4012 5465 I AXL : [IsModelLoaded] iModelID: 3246
11-21 20:33:18.370 4012 5465 I AXL : IsModelLoaded false!
11-21 20:33:18.370 4012 5465 I AXL : Warning: car model not preloaded. 3246
11-21 20:33:18.370 4012 5465 I AXL : RequestModel
11-21 20:33:18.370 4012 5465 I AXL : RequestModel done!
11-21 20:33:18.370 4012 5465 I AXL : LoadRequestedModels
11-21 20:33:18.446 4012 5465 I AXL : LoadRequestedModels done!
11-21 20:33:18.446 4012 5465 I AXL : [IsModelLoaded] iModelID: 3246
11-21 20:33:18.446 4012 5465 I AXL : IsModelLoaded true!
11-21 20:33:18.447 4012 5465 I AXL : Car model was preloaded. 3246
11-21 20:33:18.447 4012 5465 I AXL : RPC: WorldVehicleAdd,
NewVehicle.iVehicleType: 3246
11-21 20:33:18.447 4012 5465 I AXL : RPC: ScrNumberPlate
11-21 20:33:18.447 4012 5465 I AXL : RPC: ScrVehicleParamsEx
11-21 20:33:18.447 4012 5465 I AXL : RPC_CUSTOM_HANDLING
11-21 20:33:18.447 4012 5465 I AXL : copy handling 135
11-21 20:33:18.447 4012 5465 I AXL : RPC_CUSTOM_VISUALS
11-21 20:33:18.448 4012 5465 I AXL : RPC_CUSTOM_BODYWORK
11-21 20:33:18.448 4012 5465 I AXL : RPC: WorldVehicleAdd
11-21 20:33:18.448 4012 5465 I AXL : [IsModelLoaded] iModelID: 438
11-21 20:33:18.448 4012 5465 I AXL : IsModelLoaded false!
11-21 20:33:18.448 4012 5465 I AXL : Warning: car model not preloaded. 438
11-21 20:33:18.448 4012 5465 I AXL : RequestModel
11-21 20:33:18.448 4012 5465 I AXL : RequestModel done!
11-21 20:33:18.448 4012 5465 I AXL : LoadRequestedModels
11-21 20:33:18.450 4012 5465 I AXL : LoadRequestedModels done!
11-21 20:33:18.450 4012 5465 I AXL : [IsModelLoaded] iModelID: 438
11-21 20:33:18.450 4012 5465 I AXL : IsModelLoaded true!
11-21 20:33:18.450 4012 5465 I AXL : Car model was preloaded. 438
11-21 20:33:18.451 4012 5465 I AXL : RPC: WorldVehicleAdd,
NewVehicle.iVehicleType: 438
11-21 20:33:18.451 4012 5465 I AXL : RPC: ScrNumberPlate
11-21 20:33:18.451 4012 5465 I AXL : RPC: ScrVehicleParamsEx
11-21 20:33:18.452 4012 5465 I AXL : RPC_CUSTOM_HANDLING
11-21 20:33:18.452 4012 5465 I AXL : copy handling 35
11-21 20:33:18.452 4012 5465 I AXL : RPC_CUSTOM_VISUALS
11-21 20:33:18.452 4012 5465 I AXL : RPC_CUSTOM_BODYWORK
11-21 20:33:18.452 4012 5465 I AXL : Removing from vehicle..
11-21 20:33:18.452 4012 5465 I AXL : Setting flag state..
11-21 20:33:18.452 4012 5465 I AXL : Calling destructor..
11-21 20:33:18.452 4012 5465 I AXL : PlayerPed Destroyed
11-21 20:33:18.452 4012 5465 I AXL : [IsModelLoaded] iModelID: 4526
11-21 20:33:18.452 4012 5465 I AXL : IsModelLoaded true!
11-21 20:33:18.452 4012 5465 I AXL : [IsModelLoaded] iModelID: 48
11-21 20:33:18.452 4012 5465 I AXL : IsModelLoaded true!
11-21 20:33:18.452 4012 5465 I AXL : [CObject] InstantRotate
11-21 20:33:18.453 4012 5465 I AXL : [IsModelLoaded] iModelID: 29
11-21 20:33:18.453 4012 5465 I AXL : IsModelLoaded true!
11-21 20:33:18.453 4012 5465 I AXL : Removing from vehicle..
11-21 20:33:18.453 4012 5465 I AXL : Setting flag state..
11-21 20:33:18.453 4012 5465 I AXL : Calling destructor..
11-21 20:33:18.453 4012 5465 I AXL : PlayerPed Destroyed
11-21 20:33:18.453 4012 5465 I AXL : CreatePickup(1239, 23, 477, 1233, 12)
11-21 20:33:18.453 4012 5465 I AXL : [IsModelLoaded] iModelID: 1239
11-21 20:33:18.453 4012 5465 I AXL : IsModelLoaded true!
11-21 20:33:18.453 4012 5465 I AXL : CreatePickup(1318, 23, 431, 1180, 12)
11-21 20:33:18.453 4012 5465 I AXL : [IsModelLoaded] iModelID: 1318
11-21 20:33:18.453 4012 5465 I AXL : IsModelLoaded true!
11-21 20:33:18.453 4012 5465 I AXL : CreatePickup(1318, 23, 377, 1113, 13)
11-21 20:33:18.453 4012 5465 I AXL : [IsModelLoaded] iModelID: 1318
11-21 20:33:18.453 4012 5465 I AXL : IsModelLoaded true!
11-21 20:33:18.453 4012 5465 I AXL : RPC: ScrSetPlayerColor
11-21 20:33:18.519 4012 5465 I AXL : RPC: ScrSetPlayerColor
11-21 20:33:18.519 4012 5465 I AXL : RPC: ScrSetPlayerColor
11-21 20:33:20.405 4012 4012 D DecorView: semSetRoundedCorners: 5
11-21 20:33:20.852 4012 5465 I AXL : RPC: ScrVehicleParamsEx
11-21 20:33:21.686 4012 5465 I AXL : RPC: ScrSetPlayerColor
11-21 20:33:21.836 4012 5465 I AXL : RPC: ScrSetPlayerColor
11-21 20:33:21.836 4012 5465 I AXL : RPC: ScrSetPlayerColor
11-21 20:33:22.480 4012 5465 I AXL : RPC: ScrSetPlayerColor
11-21 20:33:22.480 4012 5465 I AXL : RPC: ScrSetPlayerColor
11-21 20:33:23.380 4012 5465 I AXL : CreatePickup(1318, 23, 296, 1024, 12)
11-21 20:33:23.380 4012 5465 I AXL : [IsModelLoaded] iModelID: 1318
11-21 20:33:23.380 4012 5465 I AXL : IsModelLoaded true!
11-21 20:33:24.426 4012 5465 I AXL : RPC: ScrVehicleParamsEx
11-21 20:33:24.635 4012 5465 I AXL : RPC: WorldVehicleAdd
11-21 20:33:24.635 4012 5465 I AXL : [IsModelLoaded] iModelID: 462
11-21 20:33:24.635 4012 5465 I AXL : IsModelLoaded true!
11-21 20:33:24.635 4012 5465 I AXL : RPC: WorldVehicleAdd,
NewVehicle.iVehicleType: 462
11-21 20:33:24.636 4012 5465 I AXL : RPC: ScrNumberPlate
11-21 20:33:24.636 4012 5465 I AXL : RPC: ScrVehicleParamsEx
11-21 20:33:24.636 4012 5465 I AXL : RPC_CUSTOM_HANDLING
11-21 20:33:25.191 4012 4012 I ViewRootImpl@fb83006[GTASA]: ViewPostIme pointer 1
11-21 20:33:25.341 4012 4012 I ViewRootImpl@fb83006[GTASA]: ViewPostIme pointer 0
11-21 20:33:25.420 4012 4012 D DecorView: semSetRoundedCorners: 5
11-21 20:33:25.447 4012 4012 I ViewRootImpl@fb83006[GTASA]: ViewPostIme pointer 1
11-21 20:33:25.852 4012 5465 I AXL : CreatePickup(1318, 23, 254, 1055, 12)
11-21 20:33:25.852 4012 5465 I AXL : [IsModelLoaded] iModelID: 1318
11-21 20:33:25.853 4012 5465 I AXL : IsModelLoaded true!
11-21 20:33:25.853 4012 5465 I AXL : CreatePickup(1272, 23, 219, 1199, 12)
11-21 20:33:25.853 4012 5465 I AXL : [IsModelLoaded] iModelID: 1272
11-21 20:33:25.853 4012 5465 I AXL : IsModelLoaded true!
11-21 20:33:26.796 4012 4012 I ViewRootImpl@fb83006[GTASA]: ViewPostIme pointer 0
11-21 20:33:26.829 4012 4012 I ViewRootImpl@fb83006[GTASA]: ViewPostIme pointer 1
11-21 20:33:26.834 4012 4012 D InputMethodManager: SSI - flag : 1 Pid : 4012 view
: ru.stepdev.crimemobile
11-21 20:33:26.835 4012 4012 D InputMethodManager: prepareNavigationBarInfo()
DecorView@1d6074b[GTASA]
11-21 20:33:26.835 4012 4012 D InputMethodManager: getNavigationBarColor() -
16711423
11-21 20:33:26.835 4012 4012 V InputMethodManager: Starting input:
tba=ru.stepdev.crimemobile
ic=com.android.internal.widget.EditableInputConnection@f7bf77b mNaviBarColor -
16711423 mIsGetNaviBarColorSuccess true , NavVisible : false , NavTrans : false
11-21 20:33:26.835 4012 4012 D InputMethodManager: startInputInner - Id : 0
11-21 20:33:26.846 4012 4012 I InputMethodManager: startInputInner -
mService.startInputOrWindowGainedFocus
11-21 20:33:26.849 4012 4012 D InputTransport: Input channel constructed:
'ClientS', fd=112
11-21 20:33:26.850 4012 4012 D InputTransport: Input channel destroyed:
'ClientS', fd=154
11-21 20:33:26.850 4012 4012 D InputMethodManager: prepareNavigationBarInfo()
DecorView@1d6074b[GTASA]
11-21 20:33:26.850 4012 4012 D InputMethodManager: getNavigationBarColor() -
16711423
11-21 20:33:26.857 4012 4012 D InputMethodManager: prepareNavigationBarInfo()
DecorView@1d6074b[GTASA]
11-21 20:33:26.857 4012 4012 D InputMethodManager: getNavigationBarColor() -
16711423
11-21 20:33:26.857 4012 4012 V InputMethodManager: Starting input:
tba=ru.stepdev.crimemobile
ic=com.android.internal.widget.EditableInputConnection@26a95f1 mNaviBarColor -
16711423 mIsGetNaviBarColorSuccess true , NavVisible : false , NavTrans : false
11-21 20:33:26.857 4012 4012 D InputMethodManager: startInputInner - Id : 0
11-21 20:33:26.864 4012 4012 I InputMethodManager: startInputInner -
mService.startInputOrWindowGainedFocus
11-21 20:33:26.866 4012 4012 D InputTransport: Input channel constructed:
'ClientS', fd=94
11-21 20:33:26.866 4012 4012 D InputTransport: Input channel destroyed:
'ClientS', fd=112
11-21 20:33:26.870 4012 4012 D DecorView: semSetRoundedCorners: 5
11-21 20:33:26.880 4012 4012 W IInputConnectionWrapper: getExtractedText on
inactive InputConnection
11-21 20:33:26.885 4012 4012 W IInputConnectionWrapper: requestCursorAnchorInfo
on inactive InputConnection
11-21 20:33:26.980 4012 4012 D InsetsSourceConsumer: setRequestedVisible:
visible=true, type=13, host=ru.stepdev.crimemobile/com.rockstargames.gtagrp.GTASA,
from=android.view.InsetsSourceConsumer.show:229
android.view.InsetsController.showDirectly:1437
android.view.InsetsController.controlAnimationUnchecked:1110
android.view.InsetsController.applyAnimation:1417
android.view.InsetsController.show:962
android.view.ViewRootImpl$ViewRootHandler.handleMessage:6146
android.os.Handler.dispatchMessage:106 android.os.Looper.loop:246
android.app.ActivityThread.main:8653 java.lang.reflect.Method.invoke:-2
11-21 20:33:27.003 4012 5465 I AXL : [IsModelLoaded] iModelID: 438
11-21 20:33:27.003 4012 5465 I AXL : IsModelLoaded true!
11-21 20:33:27.005 4012 4012 D DecorView: semSetRoundedCorners: 5
11-21 20:33:27.012 4012 4012 I ViewRootImpl@1f5c19f[PopupWindow:6510ac0]:
MSG_RESIZED: frame=(76,0,76,402) ci=(0,0,0,0) vi=(0,0,0,0) or=2
11-21 20:33:27.012 4012 4012 I ViewRootImpl@1f5c19f[PopupWindow:6510ac0]: 1)
Force to draw a frame when frame become empty from non-empty
11-21 20:33:27.023 4012 4012 I SurfaceControl: nativeRelease nativeObject
s[2385399232]
11-21 20:33:27.023 4012 4012 I SurfaceControl: nativeRelease nativeObject
e[2385399232]
11-21 20:33:27.023 4012 4012 I SurfaceControl: assignNativeObject: nativeObject =
0 Surface(name=null)/@0x12bb816 / android.view.SurfaceControl.readFromParcel:1117
android.view.IWindowSession$Stub$Proxy.relayout:1820
android.view.ViewRootImpl.relayoutWindow:9005
android.view.ViewRootImpl.performTraversals:3360
android.view.ViewRootImpl.doTraversal:2618
android.view.ViewRootImpl$TraversalRunnable.run:9971
android.view.Choreographer$CallbackRecord.run:1010
android.view.Choreographer.doCallbacks:809 android.view.Choreographer.doFrame:744
android.view.Choreographer$FrameDisplayEventReceiver.run:995
11-21 20:33:27.025 4012 4012 I ViewRootImpl@1f5c19f[PopupWindow:6510ac0]:
Relayout returned: old=(76,0,76,402) new=(76,0,76,402) req=(0,402)0 dur=6 res=0x21
s={true 3848448032} ch=false fn=38
11-21 20:33:27.025 4012 4012 I ViewRootImpl@1f5c19f[PopupWindow:6510ac0]: Force
to draw even when frame is empty
11-21 20:33:27.051 4012 4012 D DecorView: semSetRoundedCorners: 5
11-21 20:33:27.106 4012 5465 I AXL : RPC: ScrSetPlayerColor
11-21 20:33:27.192 4012 5437 I SurfaceControl: nativeRelease nativeObject
s[1693211632]
11-21 20:33:27.192 4012 5437 I SurfaceControl: nativeRelease nativeObject
e[1693211632]
11-21 20:33:28.456 4012 5465 I AXL : RPC: ScrVehicleParamsEx
11-21 20:33:28.673 4012 5465 I AXL : [IsModelLoaded] iModelID: 3246
11-21 20:33:28.673 4012 5465 I AXL : IsModelLoaded true!
11-21 20:33:28.675 4012 5465 I AXL : Removing from vehicle..
11-21 20:33:28.675 4012 5465 I AXL : Setting flag state..
11-21 20:33:28.675 4012 5465 I AXL : Calling destructor..
11-21 20:33:28.675 4012 5465 I AXL : PlayerPed Destroyed
11-21 20:33:28.698 4012 4012 I ViewRootImpl@fb83006[GTASA]: ViewPostIme key 0
11-21 20:33:28.702 4012 4012 I ViewRootImpl@fb83006[GTASA]: ViewPostIme key 1
11-21 20:33:28.713 4012 4012 D DecorView: semSetRoundedCorners: 5
11-21 20:33:30.436 4012 4012 D DecorView: semSetRoundedCorners: 5
11-21 20:33:30.695 4012 4012 D InputMethodManager: prepareNavigationBarInfo()
DecorView@1d6074b[GTASA]
11-21 20:33:30.695 4012 4012 D InputMethodManager: getNavigationBarColor() -
16711423
11-21 20:33:30.695 4012 4012 V InputMethodManager: Starting input:
tba=ru.stepdev.crimemobile
ic=com.android.internal.widget.EditableInputConnection@1cf373c mNaviBarColor -
16711423 mIsGetNaviBarColorSuccess true , NavVisible : false , NavTrans : false
11-21 20:33:30.696 4012 4012 D InputMethodManager: startInputInner - Id : 0
11-21 20:33:30.705 4012 4012 I InputMethodManager: startInputInner -
mService.startInputOrWindowGainedFocus
11-21 20:33:30.707 4012 4012 D InputTransport: Input channel constructed:
'ClientS', fd=114
11-21 20:33:30.707 4012 4012 D InputTransport: Input channel destroyed:
'ClientS', fd=94
11-21 20:33:30.709 4012 4012 D InputMethodManager: HSIFW - flag : 0
11-21 20:33:30.712 4012 4012 W IInputConnectionWrapper: endBatchEdit on inactive
InputConnection
11-21 20:33:30.728 4012 4012 D InputMethodManager: prepareNavigationBarInfo()
DecorView@1d6074b[GTASA]
11-21 20:33:30.728 4012 4012 D InputMethodManager: getNavigationBarColor() -
16711423
11-21 20:33:30.728 4012 4012 V InputMethodManager: Starting input:
tba=ru.stepdev.crimemobile ic=null mNaviBarColor -16711423
mIsGetNaviBarColorSuccess true , NavVisible : false , NavTrans : false
11-21 20:33:30.728 4012 4012 D InputMethodManager: startInputInner - Id : 0
11-21 20:33:30.728 4012 4012 I InputMethodManager: startInputInner -
mService.startInputOrWindowGainedFocus
11-21 20:33:30.730 4012 4012 D InputTransport: Input channel constructed:
'ClientS', fd=112
11-21 20:33:30.730 4012 4012 D InputTransport: Input channel destroyed:
'ClientS', fd=114
11-21 20:33:30.730 4012 4012 D DecorView: semSetRoundedCorners: 5
11-21 20:33:30.740 4012 4012 W IInputConnectionWrapper: getExtractedText on
inactive InputConnection
11-21 20:33:30.749 4012 4012 W IInputConnectionWrapper: requestCursorAnchorInfo
on inactive InputConnection
11-21 20:33:30.771 4012 4012 W IInputConnectionWrapper: getExtractedText on
inactive InputConnection
11-21 20:33:30.775 4012 4012 D InsetsSourceConsumer: setRequestedVisible:
visible=false, type=13, host=ru.stepdev.crimemobile/com.rockstargames.gtagrp.GTASA,
from=android.view.InsetsSourceConsumer.hide:236
android.view.ImeInsetsSourceConsumer.hide:101
android.view.InsetsController.hideDirectly:1430
android.view.InsetsController.controlAnimationUnchecked:1112
android.view.InsetsController.applyAnimation:1417
android.view.InsetsController.hide:984
android.view.ViewRootImpl$ViewRootHandler.handleMessage:6150
android.os.Handler.dispatchMessage:106 android.os.Looper.loop:246
android.app.ActivityThread.main:8653
11-21 20:33:30.811 4012 4012 D DecorView: semSetRoundedCorners: 5
11-21 20:33:30.816 4012 4012 I ViewRootImpl@1f5c19f[PopupWindow:6510ac0]:
MSG_RESIZED: frame=(76,0,76,1080) ci=(0,0,0,0) vi=(0,0,0,0) or=2
11-21 20:33:30.816 4012 4012 I ViewRootImpl@1f5c19f[PopupWindow:6510ac0]: 1)
Force to draw a frame when frame become empty from non-empty
11-21 20:33:30.834 4012 5465 I AXL : RPC: ScrPlaySound
11-21 20:33:30.834 4012 5465 I AXL : RPC: ScrVehicleParamsEx
11-21 20:33:30.834 4012 5465 I AXL : RPC: ScrDisplayGameText
11-21 20:33:30.837 4012 4012 I SurfaceControl: nativeRelease nativeObject
s[1989746256]
11-21 20:33:30.837 4012 4012 I SurfaceControl: nativeRelease nativeObject
e[1989746256]
11-21 20:33:30.837 4012 4012 I SurfaceControl: assignNativeObject: nativeObject =
0 Surface(name=null)/@0x12bb816 / android.view.SurfaceControl.readFromParcel:1117
android.view.IWindowSession$Stub$Proxy.relayout:1820
android.view.ViewRootImpl.relayoutWindow:9005
android.view.ViewRootImpl.performTraversals:3360
android.view.ViewRootImpl.doTraversal:2618
android.view.ViewRootImpl$TraversalRunnable.run:9971
android.view.Choreographer$CallbackRecord.run:1010
android.view.Choreographer.doCallbacks:809 android.view.Choreographer.doFrame:744
android.view.Choreographer$FrameDisplayEventReceiver.run:995
11-21 20:33:30.838 4012 4012 I ViewRootImpl@1f5c19f[PopupWindow:6510ac0]:
Relayout returned: old=(76,0,76,1080) new=(76,0,76,1080) req=(0,1080)0 dur=13
res=0x21 s={true 3848448032} ch=false fn=39
11-21 20:33:30.840 4012 4012 I ViewRootImpl@1f5c19f[PopupWindow:6510ac0]: Force
to draw even when frame is empty
11-21 20:33:30.864 4012 4012 D DecorView: semSetRoundedCorners: 5
11-21 20:33:30.870 4012 4012 W IInputConnectionWrapper: requestCursorAnchorInfo
on inactive InputConnection
11-21 20:33:30.876 4012 4012 D DecorView: semSetRoundedCorners: 5
11-21 20:33:30.895 4012 4012 D DecorView: semSetRoundedCorners: 5
11-21 20:33:30.986 4012 5437 I SurfaceControl: nativeRelease nativeObject
s[2385272272]
11-21 20:33:30.986 4012 5437 I SurfaceControl: nativeRelease nativeObject
e[2385272272]
11-21 20:33:31.434 4012 4012 I ViewRootImpl@fb83006[GTASA]: ViewPostIme pointer 0
11-21 20:33:31.538 4012 4012 I ViewRootImpl@fb83006[GTASA]: ViewPostIme pointer 1
11-21 20:33:33.682 4012 5465 I AXL : RPC: ScrSetPlayerColor
11-21 20:33:33.682 4012 5465 I AXL : RPC: ScrSetPlayerColor
11-21 20:33:33.881 4012 4012 D DecorView: semSetRoundedCorners: 5
11-21 20:33:33.896 4012 4012 D DecorView: semSetRoundedCorners: 5
11-21 20:33:33.912 4012 4012 D DecorView: semSetRoundedCorners: 5
11-21 20:33:33.932 4012 5465 I AXL : RPC_SPEEDOMETR
11-21 20:33:33.933 4012 4012 D DecorView: semSetRoundedCorners: 5
11-21 20:33:33.981 4012 4012 D DecorView: semSetRoundedCorners: 5
11-21 20:33:33.991 4012 4012 D DecorView: semSetRoundedCorners: 5
11-21 20:33:33.998 4012 4012 D DecorView: semSetRoundedCorners: 5
11-21 20:33:34.017 4012 4012 D DecorView: semSetRoundedCorners: 5
11-21 20:33:34.033 4012 4012 D DecorView: semSetRoundedCorners: 5
11-21 20:33:34.047 4012 4012 D DecorView: semSetRoundedCorners: 5
11-21 20:33:34.063 4012 4012 D DecorView: semSetRoundedCorners: 5
11-21 20:33:34.080 4012 4012 D DecorView: semSetRoundedCorners: 5
11-21 20:33:34.096 4012 4012 D DecorView: semSetRoundedCorners: 5
11-21 20:33:34.113 4012 4012 D DecorView: semSetRoundedCorners: 5
11-21 20:33:34.131 4012 4012 D DecorView: semSetRoundedCorners: 5
11-21 20:33:34.146 4012 4012 D DecorView: semSetRoundedCorners: 5
11-21 20:33:34.169 4012 4012 D DecorView: semSetRoundedCorners: 5
11-21 20:33:34.180 4012 4012 D DecorView: semSetRoundedCorners: 5
11-21 20:33:34.196 4012 4012 D DecorView: semSetRoundedCorners: 5
11-21 20:33:34.213 4012 4012 D DecorView: semSetRoundedCorners: 5
11-21 20:33:34.230 4012 4012 D DecorView: semSetRoundedCorners: 5
11-21 20:33:34.247 4012 4012 D DecorView: semSetRoundedCorners: 5
11-21 20:33:34.263 4012 4012 D DecorView: semSetRoundedCorners: 5
11-21 20:33:34.280 4012 4012 D DecorView: semSetRoundedCorners: 5
11-21 20:33:34.297 4012 4012 D DecorView: semSetRoundedCorners: 5
11-21 20:33:34.314 4012 4012 D DecorView: semSetRoundedCorners: 5
11-21 20:33:34.331 4012 4012 D DecorView: semSetRoundedCorners: 5
11-21 20:33:34.348 4012 4012 D DecorView: semSetRoundedCorners: 5
11-21 20:33:34.372 4012 4012 D DecorView: semSetRoundedCorners: 5
11-21 20:33:34.382 4012 4012 D DecorView: semSetRoundedCorners: 5
11-21 20:33:34.397 4012 4012 D DecorView: semSetRoundedCorners: 5
11-21 20:33:34.419 4012 4012 D DecorView: semSetRoundedCorners: 5
11-21 20:33:34.436 4012 4012 D DecorView: semSetRoundedCorners: 5
11-21 20:33:34.447 4012 4012 D DecorView: semSetRoundedCorners: 5
11-21 20:33:34.464 4012 4012 D DecorView: semSetRoundedCorners: 5
11-21 20:33:34.481 4012 4012 D DecorView: semSetRoundedCorners: 5
11-21 20:33:34.498 4012 4012 D DecorView: semSetRoundedCorners: 5
11-21 20:33:34.514 4012 4012 D DecorView: semSetRoundedCorners: 5
11-21 20:33:34.531 4012 4012 D DecorView: semSetRoundedCorners: 5
11-21 20:33:34.547 4012 4012 D DecorView: semSetRoundedCorners: 5
11-21 20:33:34.564 4012 4012 D DecorView: semSetRoundedCorners: 5
11-21 20:33:34.581 4012 4012 D DecorView: semSetRoundedCorners: 5
11-21 20:33:34.598 4012 4012 D DecorView: semSetRoundedCorners: 5
11-21 20:33:34.615 4012 4012 D DecorView: semSetRoundedCorners: 5
11-21 20:33:34.631 4012 4012 D DecorView: semSetRoundedCorners: 5
11-21 20:33:34.648 4012 4012 D DecorView: semSetRoundedCorners: 5
11-21 20:33:34.665 4012 4012 D DecorView: semSetRoundedCorners: 5
11-21 20:33:34.681 4012 4012 D DecorView: semSetRoundedCorners: 5
11-21 20:33:34.698 4012 4012 D DecorView: semSetRoundedCorners: 5
11-21 20:33:34.715 4012 4012 D DecorView: semSetRoundedCorners: 5
11-21 20:33:34.732 4012 4012 D DecorView: semSetRoundedCorners: 5
11-21 20:33:34.748 4012 4012 D DecorView: semSetRoundedCorners: 5
11-21 20:33:34.765 4012 4012 D DecorView: semSetRoundedCorners: 5
11-21 20:33:34.784 4012 4012 D DecorView: semSetRoundedCorners: 5
11-21 20:33:34.785 4012 4012 I ViewRootImpl@fb83006[GTASA]: ViewPostIme pointer 0
11-21 20:33:34.804 4012 4012 D DecorView: semSetRoundedCorners: 5
11-21 20:33:34.818 4012 4012 D DecorView: semSetRoundedCorners: 5
11-21 20:33:34.835 4012 4012 D DecorView: semSetRoundedCorners: 5
11-21 20:33:34.853 4012 4012 D DecorView: semSetRoundedCorners: 5
11-21 20:33:34.868 4012 4012 D DecorView: semSetRoundedCorners: 5
11-21 20:33:34.885 4012 4012 D DecorView: semSetRoundedCorners: 5
11-21 20:33:34.902 4012 4012 D DecorView: semSetRoundedCorners: 5
11-21 20:33:34.917 4012 4012 D DecorView: semSetRoundedCorners: 5
11-21 20:33:34.934 4012 4012 D DecorView: semSetRoundedCorners: 5
11-21 20:33:34.951 4012 4012 D DecorView: semSetRoundedCorners: 5
11-21 20:33:34.968 4012 4012 D DecorView: semSetRoundedCorners: 5
11-21 20:33:34.985 4012 4012 D DecorView: semSetRoundedCorners: 5
11-21 20:33:35.003 4012 4012 D DecorView: semSetRoundedCorners: 5
11-21 20:33:35.021 4012 4012 D DecorView: semSetRoundedCorners: 5
11-21 20:33:35.035 4012 4012 D DecorView: semSetRoundedCorners: 5
11-21 20:33:35.053 4012 4012 D DecorView: semSetRoundedCorners: 5
11-21 20:33:35.069 4012 4012 D DecorView: semSetRoundedCorners: 5
11-21 20:33:35.086 4012 4012 D DecorView: semSetRoundedCorners: 5
11-21 20:33:35.101 4012 4012 D DecorView: semSetRoundedCorners: 5
11-21 20:33:35.118 4012 4012 D DecorView: semSetRoundedCorners: 5
11-21 20:33:35.134 4012 4012 D DecorView: semSetRoundedCorners: 5
11-21 20:33:35.158 4012 4012 D DecorView: semSetRoundedCorners: 5
11-21 20:33:35.172 4012 4012 D DecorView: semSetRoundedCorners: 5
11-21 20:33:35.186 4012 4012 D DecorView: semSetRoundedCorners: 5
11-21 20:33:35.204 4012 4012 D DecorView: semSetRoundedCorners: 5
11-21 20:33:35.219 4012 4012 D DecorView: semSetRoundedCorners: 5
11-21 20:33:35.235 4012 4012 D DecorView: semSetRoundedCorners: 5
11-21 20:33:35.253 4012 4012 D DecorView: semSetRoundedCorners: 5
11-21 20:33:35.269 4012 4012 D DecorView: semSetRoundedCorners: 5
11-21 20:33:35.286 4012 4012 D DecorView: semSetRoundedCorners: 5
11-21 20:33:35.303 4012 4012 D DecorView: semSetRoundedCorners: 5
11-21 20:33:35.319 4012 4012 D DecorView: semSetRoundedCorners: 5
11-21 20:33:35.336 4012 4012 D DecorView: semSetRoundedCorners: 5
11-21 20:33:35.352 4012 4012 D DecorView: semSetRoundedCorners: 5
11-21 20:33:35.370 4012 4012 D DecorView: semSetRoundedCorners: 5
11-21 20:33:35.386 4012 4012 D DecorView: semSetRoundedCorners: 5
11-21 20:33:35.403 4012 4012 D DecorView: semSetRoundedCorners: 5
11-21 20:33:35.419 4012 4012 D DecorView: semSetRoundedCorners: 5
11-21 20:33:35.436 4012 4012 D DecorView: semSetRoundedCorners: 5
11-21 20:33:35.452 4012 4012 D DecorView: semSetRoundedCorners: 5
11-21 20:33:35.468 4012 4012 D DecorView: semSetRoundedCorners: 5
11-21 20:33:35.486 4012 4012 D DecorView: semSetRoundedCorners: 5
11-21 20:33:35.504 4012 4012 D DecorView: semSetRoundedCorners: 5
11-21 20:33:35.524 4012 4012 D DecorView: semSetRoundedCorners: 5
11-21 20:33:35.554 4012 4012 D DecorView: semSetRoundedCorners: 5
11-21 20:33:35.571 4012 4012 D DecorView: semSetRoundedCorners: 5
11-21 20:33:35.588 4012 4012 D DecorView: semSetRoundedCorners: 5
11-21 20:33:35.607 4012 4012 D DecorView: semSetRoundedCorners: 5
11-21 20:33:35.623 4012 4012 D DecorView: semSetRoundedCorners: 5
11-21 20:33:35.641 4012 4012 D DecorView: semSetRoundedCorners: 5
11-21 20:33:35.659 4012 4012 D DecorView: semSetRoundedCorners: 5
11-21 20:33:35.675 4012 4012 D DecorView: semSetRoundedCorners: 5
11-21 20:33:35.690 4012 4012 D DecorView: semSetRoundedCorners: 5
11-21 20:33:35.706 4012 4012 D DecorView: semSetRoundedCorners: 5
11-21 20:33:35.723 4012 4012 D DecorView: semSetRoundedCorners: 5
11-21 20:33:35.728 4012 4012 I ViewRootImpl@fb83006[GTASA]: ViewPostIme pointer 1
11-21 20:33:35.739 4012 4012 D DecorView: semSetRoundedCorners: 5
11-21 20:33:35.755 4012 4012 D DecorView: semSetRoundedCorners: 5
11-21 20:33:35.771 4012 4012 D DecorView: semSetRoundedCorners: 5
11-21 20:33:35.789 4012 4012 D DecorView: semSetRoundedCorners: 5
11-21 20:33:35.806 4012 4012 D DecorView: semSetRoundedCorners: 5
11-21 20:33:35.822 4012 4012 D DecorView: semSetRoundedCorners: 5
11-21 20:33:35.837 4012 4012 D DecorView: semSetRoundedCorners: 5
11-21 20:33:35.854 4012 4012 D DecorView: semSetRoundedCorners: 5
11-21 20:33:35.870 4012 4012 D DecorView: semSetRoundedCorners: 5
11-21 20:33:35.889 4012 4012 D DecorView: semSetRoundedCorners: 5
11-21 20:33:35.907 4012 4012 D DecorView: semSetRoundedCorners: 5
11-21 20:33:35.919 4012 4012 D DecorView: semSetRoundedCorners: 5
11-21 20:33:35.953 4012 4012 D DecorView: semSetRoundedCorners: 5
11-21 20:33:35.970 4012 4012 D DecorView: semSetRoundedCorners: 5
11-21 20:33:35.987 4012 4012 D DecorView: semSetRoundedCorners: 5
11-21 20:33:36.005 4012 4012 D DecorView: semSetRoundedCorners: 5
11-21 20:33:36.024 4012 4012 D DecorView: semSetRoundedCorners: 5
11-21 20:33:36.040 4012 4012 D DecorView: semSetRoundedCorners: 5
11-21 20:33:36.056 4012 4012 D DecorView: semSetRoundedCorners: 5
11-21 20:33:36.073 4012 4012 D DecorView: semSetRoundedCorners: 5
11-21 20:33:36.090 4012 4012 D DecorView: semSetRoundedCorners: 5
11-21 20:33:36.108 4012 4012 D DecorView: semSetRoundedCorners: 5
11-21 20:33:36.125 4012 4012 D DecorView: semSetRoundedCorners: 5
11-21 20:33:36.140 4012 4012 D DecorView: semSetRoundedCorners: 5
11-21 20:33:36.155 4012 4012 D DecorView: semSetRoundedCorners: 5
11-21 20:33:36.171 4012 4012 D DecorView: semSetRoundedCorners: 5
11-21 20:33:36.189 4012 4012 D DecorView: semSetRoundedCorners: 5
11-21 20:33:36.206 4012 4012 D DecorView: semSetRoundedCorners: 5
11-21 20:33:36.223 4012 4012 D DecorView: semSetRoundedCorners: 5
11-21 20:33:36.244 4012 4012 D DecorView: semSetRoundedCorners: 5
11-21 20:33:36.254 4012 4012 D DecorView: semSetRoundedCorners: 5
11-21 20:33:36.259 4012 5465 I AXL : RPC: ScrSetPlayerColor
11-21 20:33:36.275 4012 4012 D DecorView: semSetRoundedCorners: 5
11-21 20:33:36.292 4012 4012 D DecorView: semSetRoundedCorners: 5
11-21 20:33:36.307 4012 4012 D DecorView: semSetRoundedCorners: 5
11-21 20:33:36.326 4012 4012 D DecorView: semSetRoundedCorners: 5
11-21 20:33:36.330 4012 4012 I ViewRootImpl@fb83006[GTASA]: ViewPostIme pointer 0
11-21 20:33:36.344 4012 4012 D DecorView: semSetRoundedCorners: 5
11-21 20:33:36.356 4012 4012 D DecorView: semSetRoundedCorners: 5
11-21 20:33:36.373 4012 4012 D DecorView: semSetRoundedCorners: 5
11-21 20:33:36.390 4012 4012 D DecorView: semSetRoundedCorners: 5
11-21 20:33:36.408 4012 4012 D DecorView: semSetRoundedCorners: 5
11-21 20:33:36.425 4012 4012 D DecorView: semSetRoundedCorners: 5
11-21 20:33:36.442 4012 4012 D DecorView: semSetRoundedCorners: 5
11-21 20:33:36.461 4012 4012 D DecorView: semSetRoundedCorners: 5
11-21 20:33:36.476 4012 4012 D DecorView: semSetRoundedCorners: 5
11-21 20:33:36.491 4012 4012 D DecorView: semSetRoundedCorners: 5
11-21 20:33:36.509 4012 4012 D DecorView: semSetRoundedCorners: 5
11-21 20:33:36.527 4012 4012 D DecorView: semSetRoundedCorners: 5
11-21 20:33:36.544 4012 4012 D DecorView: semSetRoundedCorners: 5
11-21 20:33:36.561 4012 4012 D DecorView: semSetRoundedCorners: 5
11-21 20:33:36.577 4012 4012 D DecorView: semSetRoundedCorners: 5
11-21 20:33:36.593 4012 4012 D DecorView: semSetRoundedCorners: 5
11-21 20:33:36.609 4012 4012 D DecorView: semSetRoundedCorners: 5
11-21 20:33:36.627 4012 4012 D DecorView: semSetRoundedCorners: 5
11-21 20:33:36.644 4012 4012 D DecorView: semSetRoundedCorners: 5
11-21 20:33:36.662 4012 4012 D DecorView: semSetRoundedCorners: 5
11-21 20:33:36.677 4012 4012 D DecorView: semSetRoundedCorners: 5
11-21 20:33:36.694 4012 4012 D DecorView: semSetRoundedCorners: 5
11-21 20:33:36.711 4012 4012 D DecorView: semSetRoundedCorners: 5
11-21 20:33:36.727 4012 4012 D DecorView: semSetRoundedCorners: 5
11-21 20:33:36.743 4012 4012 D DecorView: semSetRoundedCorners: 5
11-21 20:33:36.759 4012 4012 D DecorView: semSetRoundedCorners: 5
11-21 20:33:36.770 4012 4012 I ViewRootImpl@fb83006[GTASA]: ViewPostIme pointer 1
11-21 20:33:36.775 4012 4012 D DecorView: semSetRoundedCorners: 5
11-21 20:33:36.790 4012 4012 D DecorView: semSetRoundedCorners: 5
11-21 20:33:36.807 4012 4012 D DecorView: semSetRoundedCorners: 5
11-21 20:33:36.825 4012 4012 D DecorView: semSetRoundedCorners: 5
11-21 20:33:36.843 4012 4012 D DecorView: semSetRoundedCorners: 5
11-21 20:33:36.858 4012 4012 D DecorView: semSetRoundedCorners: 5
11-21 20:33:36.875 4012 4012 D DecorView: semSetRoundedCorners: 5
11-21 20:33:36.893 4012 4012 D DecorView: semSetRoundedCorners: 5
11-21 20:33:36.909 4012 4012 D DecorView: semSetRoundedCorners: 5
11-21 20:33:36.926 4012 4012 D DecorView: semSetRoundedCorners: 5
11-21 20:33:36.943 4012 4012 D DecorView: semSetRoundedCorners: 5
11-21 20:33:36.959 4012 4012 D DecorView: semSetRoundedCorners: 5
11-21 20:33:36.976 4012 4012 D DecorView: semSetRoundedCorners: 5
11-21 20:33:36.991 4012 4012 D DecorView: semSetRoundedCorners: 5
11-21 20:33:37.010 4012 4012 D DecorView: semSetRoundedCorners: 5
11-21 20:33:37.027 4012 4012 D DecorView: semSetRoundedCorners: 5
11-21 20:33:37.045 4012 4012 D DecorView: semSetRoundedCorners: 5
11-21 20:33:37.059 4012 4012 D DecorView: semSetRoundedCorners: 5
11-21 20:33:37.076 4012 4012 D DecorView: semSetRoundedCorners: 5
11-21 20:33:37.094 4012 4012 D DecorView: semSetRoundedCorners: 5
11-21 20:33:37.110 4012 4012 D DecorView: semSetRoundedCorners: 5
11-21 20:33:37.127 4012 4012 D DecorView: semSetRoundedCorners: 5
11-21 20:33:37.144 4012 4012 D DecorView: semSetRoundedCorners: 5
11-21 20:33:37.161 4012 4012 D DecorView: semSetRoundedCorners: 5
11-21 20:33:37.177 4012 4012 D DecorView: semSetRoundedCorners: 5
11-21 20:33:37.194 4012 4012 D DecorView: semSetRoundedCorners: 5
11-21 20:33:37.210 4012 4012 D DecorView: semSetRoundedCorners: 5
11-21 20:33:37.227 4012 4012 D DecorView: semSetRoundedCorners: 5
11-21 20:33:37.234 4012 4012 I ViewRootImpl@fb83006[GTASA]: ViewPostIme pointer 0
11-21 20:33:37.244 4012 4012 D DecorView: semSetRoundedCorners: 5
11-21 20:33:37.263 4012 4012 D DecorView: semSetRoundedCorners: 5
11-21 20:33:37.278 4012 4012 D DecorView: semSetRoundedCorners: 5
11-21 20:33:37.294 4012 4012 D DecorView: semSetRoundedCorners: 5
11-21 20:33:37.311 4012 4012 D DecorView: semSetRoundedCorners: 5
11-21 20:33:37.328 4012 4012 D DecorView: semSetRoundedCorners: 5
11-21 20:33:37.345 4012 4012 D DecorView: semSetRoundedCorners: 5
11-21 20:33:37.359 4012 4012 D DecorView: semSetRoundedCorners: 5
11-21 20:33:37.380 4012 4012 D DecorView: semSetRoundedCorners: 5
11-21 20:33:37.395 4012 4012 D DecorView: semSetRoundedCorners: 5
11-21 20:33:37.412 4012 4012 D DecorView: semSetRoundedCorners: 5
11-21 20:33:37.428 4012 4012 D DecorView: semSetRoundedCorners: 5
11-21 20:33:37.446 4012 4012 D DecorView: semSetRoundedCorners: 5
11-21 20:33:37.462 4012 4012 D DecorView: semSetRoundedCorners: 5
11-21 20:33:37.465 4012 4012 I ViewRootImpl@fb83006[GTASA]: ViewPostIme pointer 1
11-21 20:33:37.478 4012 4012 D DecorView: semSetRoundedCorners: 5
11-21 20:33:37.493 4012 4012 D DecorView: semSetRoundedCorners: 5
11-21 20:33:37.508 4012 4012 D DecorView: semSetRoundedCorners: 5
11-21 20:33:37.528 4012 4012 D DecorView: semSetRoundedCorners: 5
11-21 20:33:37.545 4012 4012 D DecorView: semSetRoundedCorners: 5
11-21 20:33:37.560 4012 4012 D DecorView: semSetRoundedCorners: 5
11-21 20:33:37.578 4012 4012 D DecorView: semSetRoundedCorners: 5
11-21 20:33:37.594 4012 4012 D DecorView: semSetRoundedCorners: 5
11-21 20:33:37.612 4012 4012 D DecorView: semSetRoundedCorners: 5
11-21 20:33:37.644 4012 4012 D DecorView: semSetRoundedCorners: 5
11-21 20:33:37.662 4012 4012 D DecorView: semSetRoundedCorners: 5
11-21 20:33:37.677 4012 4012 D DecorView: semSetRoundedCorners: 5
11-21 20:33:37.694 4012 4012 D DecorView: semSetRoundedCorners: 5
11-21 20:33:37.711 4012 4012 D DecorView: semSetRoundedCorners: 5
11-21 20:33:37.729 4012 4012 D DecorView: semSetRoundedCorners: 5
11-21 20:33:37.745 4012 4012 D DecorView: semSetRoundedCorners: 5
11-21 20:33:37.763 4012 4012 D DecorView: semSetRoundedCorners: 5
11-21 20:33:37.797 4012 4012 D DecorView: semSetRoundedCorners: 5
11-21 20:33:37.814 4012 4012 D DecorView: semSetRoundedCorners: 5
11-21 20:33:37.832 4012 4012 D DecorView: semSetRoundedCorners: 5
11-21 20:33:37.847 4012 4012 D DecorView: semSetRoundedCorners: 5
11-21 20:33:37.863 4012 4012 D DecorView: semSetRoundedCorners: 5
11-21 20:33:37.880 4012 4012 D DecorView: semSetRoundedCorners: 5
11-21 20:33:37.895 4012 4012 D DecorView: semSetRoundedCorners: 5
11-21 20:33:37.913 4012 4012 D DecorView: semSetRoundedCorners: 5
11-21 20:33:37.931 4012 4012 D DecorView: semSetRoundedCorners: 5
11-21 20:33:37.947 4012 4012 D DecorView: semSetRoundedCorners: 5
11-21 20:33:37.966 4012 4012 D DecorView: semSetRoundedCorners: 5
11-21 20:33:37.981 4012 4012 D DecorView: semSetRoundedCorners: 5
11-21 20:33:38.000 4012 4012 D DecorView: semSetRoundedCorners: 5
11-21 20:33:38.016 4012 4012 D DecorView: semSetRoundedCorners: 5
11-21 20:33:38.034 4012 4012 D DecorView: semSetRoundedCorners: 5
11-21 20:33:38.049 4012 4012 D DecorView: semSetRoundedCorners: 5
11-21 20:33:38.066 4012 4012 D DecorView: semSetRoundedCorners: 5
11-21 20:33:38.084 4012 4012 D DecorView: semSetRoundedCorners: 5
11-21 20:33:38.101 4012 4012 D DecorView: semSetRoundedCorners: 5
11-21 20:33:38.116 4012 4012 D DecorView: semSetRoundedCorners: 5
11-21 20:33:38.133 4012 4012 D DecorView: semSetRoundedCorners: 5
11-21 20:33:38.149 4012 4012 D DecorView: semSetRoundedCorners: 5
11-21 20:33:38.167 4012 4012 D DecorView: semSetRoundedCorners: 5
11-21 20:33:38.183 4012 4012 D DecorView: semSetRoundedCorners: 5
11-21 20:33:38.198 4012 4012 D DecorView: semSetRoundedCorners: 5
11-21 20:33:38.211 4012 4012 D DecorView: semSetRoundedCorners: 5
11-21 20:33:38.227 4012 4012 D DecorView: semSetRoundedCorners: 5
11-21 20:33:38.250 4012 4012 D DecorView: semSetRoundedCorners: 5
11-21 20:33:38.265 4012 4012 D DecorView: semSetRoundedCorners: 5
11-21 20:33:38.278 4012 4012 D DecorView: semSetRoundedCorners: 5
11-21 20:33:38.294 4012 4012 D DecorView: semSetRoundedCorners: 5
11-21 20:33:38.311 4012 4012 D DecorView: semSetRoundedCorners: 5
11-21 20:33:38.333 4012 4012 D DecorView: semSetRoundedCorners: 5
11-21 20:33:38.350 4012 4012 D DecorView: semSetRoundedCorners: 5
11-21 20:33:38.361 4012 4012 D DecorView: semSetRoundedCorners: 5
11-21 20:33:38.378 4012 4012 D DecorView: semSetRoundedCorners: 5
11-21 20:33:38.395 4012 4012 D DecorView: semSetRoundedCorners: 5
11-21 20:33:38.412 4012 4012 D DecorView: semSetRoundedCorners: 5
11-21 20:33:38.433 4012 4012 D DecorView: semSetRoundedCorners: 5
11-21 20:33:38.451 4012 4012 D DecorView: semSetRoundedCorners: 5
11-21 20:33:38.479 4012 4012 D DecorView: semSetRoundedCorners: 5
11-21 20:33:38.501 4012 4012 D DecorView: semSetRoundedCorners: 5
11-21 20:33:38.512 4012 4012 D DecorView: semSetRoundedCorners: 5
11-21 20:33:38.529 4012 4012 D DecorView: semSetRoundedCorners: 5
11-21 20:33:38.545 4012 4012 D DecorView: semSetRoundedCorners: 5
11-21 20:33:38.562 4012 4012 D DecorView: semSetRoundedCorners: 5
11-21 20:33:38.583 4012 4012 D DecorView: semSetRoundedCorners: 5
11-21 20:33:38.596 4012 4012 D DecorView: semSetRoundedCorners: 5
11-21 20:33:38.613 4012 4012 D DecorView: semSetRoundedCorners: 5
11-21 20:33:38.634 4012 4012 D DecorView: semSetRoundedCorners: 5
11-21 20:33:38.651 4012 4012 D DecorView: semSetRoundedCorners: 5
11-21 20:33:38.663 4012 4012 D DecorView: semSetRoundedCorners: 5
11-21 20:33:38.669 4012 4012 I ViewRootImpl@fb83006[GTASA]: ViewPostIme pointer 0
11-21 20:33:38.683 4012 4012 D DecorView: semSetRoundedCorners: 5
11-21 20:33:38.699 4012 4012 D DecorView: semSetRoundedCorners: 5
11-21 20:33:38.717 4012 4012 D DecorView: semSetRoundedCorners: 5
11-21 20:33:38.733 4012 4012 D DecorView: semSetRoundedCorners: 5
11-21 20:33:38.750 4012 4012 D DecorView: semSetRoundedCorners: 5
11-21 20:33:38.767 4012 4012 D DecorView: semSetRoundedCorners: 5
11-21 20:33:38.783 4012 4012 D DecorView: semSetRoundedCorners: 5
11-21 20:33:38.785 4012 4012 I ViewRootImpl@fb83006[GTASA]: ViewPostIme pointer 1
11-21 20:33:38.798 4012 4012 D DecorView: semSetRoundedCorners: 5
11-21 20:33:38.815 4012 4012 D DecorView: semSetRoundedCorners: 5
11-21 20:33:38.833 4012 4012 D DecorView: semSetRoundedCorners: 5
11-21 20:33:38.850 4012 4012 D DecorView: semSetRoundedCorners: 5
11-21 20:33:38.866 4012 4012 D DecorView: semSetRoundedCorners: 5
11-21 20:33:38.882 4012 4012 D DecorView: semSetRoundedCorners: 5
11-21 20:33:38.899 4012 4012 D DecorView: semSetRoundedCorners: 5
11-21 20:33:38.917 4012 4012 D DecorView: semSetRoundedCorners: 5
11-21 20:33:38.933 4012 4012 D DecorView: semSetRoundedCorners: 5
11-21 20:33:38.950 4012 4012 D DecorView: semSetRoundedCorners: 5
11-21 20:33:38.967 4012 4012 D DecorView: semSetRoundedCorners: 5
11-21 20:33:38.984 4012 4012 D DecorView: semSetRoundedCorners: 5
11-21 20:33:39.002 4012 4012 D DecorView: semSetRoundedCorners: 5
11-21 20:33:39.017 4012 4012 D DecorView: semSetRoundedCorners: 5
11-21 20:33:39.031 4012 4012 D DecorView: semSetRoundedCorners: 5
11-21 20:33:39.049 4012 4012 D DecorView: semSetRoundedCorners: 5
11-21 20:33:39.067 4012 4012 D DecorView: semSetRoundedCorners: 5
11-21 20:33:39.083 4012 4012 D DecorView: semSetRoundedCorners: 5
11-21 20:33:39.097 4012 4012 D DecorView: semSetRoundedCorners: 5
11-21 20:33:39.115 4012 4012 D DecorView: semSetRoundedCorners: 5
11-21 20:33:39.133 4012 4012 D DecorView: semSetRoundedCorners: 5
11-21 20:33:39.150 4012 4012 D DecorView: semSetRoundedCorners: 5
11-21 20:33:39.167 4012 4012 D DecorView: semSetRoundedCorners: 5
11-21 20:33:39.184 4012 4012 D DecorView: semSetRoundedCorners: 5
11-21 20:33:39.200 4012 4012 D DecorView: semSetRoundedCorners: 5
11-21 20:33:39.217 4012 4012 D DecorView: semSetRoundedCorners: 5
11-21 20:33:39.233 4012 4012 D DecorView: semSetRoundedCorners: 5
11-21 20:33:39.250 4012 4012 D DecorView: semSetRoundedCorners: 5
11-21 20:33:39.268 4012 4012 D DecorView: semSetRoundedCorners: 5
11-21 20:33:39.286 4012 4012 D DecorView: semSetRoundedCorners: 5
11-21 20:33:39.299 4012 4012 D DecorView: semSetRoundedCorners: 5
11-21 20:33:39.317 4012 4012 D DecorView: semSetRoundedCorners: 5
11-21 20:33:39.333 4012 4012 D DecorView: semSetRoundedCorners: 5
11-21 20:33:39.349 4012 4012 D DecorView: semSetRoundedCorners: 5
11-21 20:33:39.365 4012 4012 D DecorView: semSetRoundedCorners: 5
11-21 20:33:39.382 4012 4012 D DecorView: semSetRoundedCorners: 5
11-21 20:33:39.403 4012 4012 D DecorView: semSetRoundedCorners: 5
11-21 20:33:39.415 4012 4012 D DecorView: semSetRoundedCorners: 5
11-21 20:33:39.426 4012 4012 I ViewRootImpl@fb83006[GTASA]: ViewPostIme pointer 0
11-21 20:33:39.434 4012 4012 D DecorView: semSetRoundedCorners: 5
11-21 20:33:39.453 4012 4012 D DecorView: semSetRoundedCorners: 5
11-21 20:33:39.470 4012 4012 D DecorView: semSetRoundedCorners: 5
11-21 20:33:39.486 4012 4012 D DecorView: semSetRoundedCorners: 5
11-21 20:33:39.504 4012 4012 D DecorView: semSetRoundedCorners: 5
11-21 20:33:39.509 4012 4012 I ViewRootImpl@fb83006[GTASA]: ViewPostIme pointer 1
11-21 20:33:39.522 4012 4012 D DecorView: semSetRoundedCorners: 5
11-21 20:33:39.535 4012 4012 D DecorView: semSetRoundedCorners: 5
11-21 20:33:39.555 4012 4012 D DecorView: semSetRoundedCorners: 5
11-21 20:33:39.567 4012 4012 D DecorView: semSetRoundedCorners: 5
11-21 20:33:39.586 4012 4012 D DecorView: semSetRoundedCorners: 5
11-21 20:33:39.604 4012 4012 D DecorView: semSetRoundedCorners: 5
11-21 20:33:39.620 4012 4012 D DecorView: semSetRoundedCorners: 5
11-21 20:33:39.636 4012 4012 D DecorView: semSetRoundedCorners: 5
11-21 20:33:39.653 4012 4012 D DecorView: semSetRoundedCorners: 5
11-21 20:33:39.669 4012 4012 D DecorView: semSetRoundedCorners: 5
11-21 20:33:39.687 4012 4012 D DecorView: semSetRoundedCorners: 5
11-21 20:33:39.702 4012 4012 D DecorView: semSetRoundedCorners: 5
11-21 20:33:39.719 4012 4012 D DecorView: semSetRoundedCorners: 5
11-21 20:33:39.736 4012 4012 D DecorView: semSetRoundedCorners: 5
11-21 20:33:39.752 4012 4012 D DecorView: semSetRoundedCorners: 5
11-21 20:33:39.769 4012 4012 D DecorView: semSetRoundedCorners: 5
11-21 20:33:39.787 4012 4012 D DecorView: semSetRoundedCorners: 5
11-21 20:33:39.803 4012 4012 D DecorView: semSetRoundedCorners: 5
11-21 20:33:39.821 4012 4012 D DecorView: semSetRoundedCorners: 5
11-21 20:33:39.836 4012 4012 D DecorView: semSetRoundedCorners: 5
11-21 20:33:39.855 4012 4012 D DecorView: semSetRoundedCorners: 5
11-21 20:33:39.873 4012 4012 D DecorView: semSetRoundedCorners: 5
11-21 20:33:39.906 4012 4012 D DecorView: semSetRoundedCorners: 5
11-21 20:33:39.917 4012 4012 D DecorView: semSetRoundedCorners: 5
11-21 20:33:39.937 4012 4012 D DecorView: semSetRoundedCorners: 5
11-21 20:33:39.951 4012 4012 D DecorView: semSetRoundedCorners: 5
11-21 20:33:39.968 4012 4012 D DecorView: semSetRoundedCorners: 5
11-21 20:33:39.984 4012 4012 D DecorView: semSetRoundedCorners: 5
11-21 20:33:40.003 4012 4012 D DecorView: semSetRoundedCorners: 5
11-21 20:33:40.023 4012 4012 D DecorView: semSetRoundedCorners: 5
11-21 20:33:40.036 4012 4012 D DecorView: semSetRoundedCorners: 5
11-21 20:33:40.053 4012 4012 D DecorView: semSetRoundedCorners: 5
11-21 20:33:40.074 4012 4012 D DecorView: semSetRoundedCorners: 5
11-21 20:33:40.076 4012 4012 I ViewRootImpl@fb83006[GTASA]: ViewPostIme pointer 0
11-21 20:33:40.090 4012 4012 D DecorView: semSetRoundedCorners: 5
11-21 20:33:40.122 4012 4012 D DecorView: semSetRoundedCorners: 5
11-21 20:33:40.136 4012 4012 D DecorView: semSetRoundedCorners: 5
11-21 20:33:40.156 4012 4012 D DecorView: semSetRoundedCorners: 5
11-21 20:33:40.172 4012 4012 D DecorView: semSetRoundedCorners: 5
11-21 20:33:40.186 4012 4012 D DecorView: semSetRoundedCorners: 5
11-21 20:33:40.207 4012 4012 D DecorView: semSetRoundedCorners: 5
11-21 20:33:40.222 4012 4012 D DecorView: semSetRoundedCorners: 5
11-21 20:33:40.238 4012 4012 D DecorView: semSetRoundedCorners: 5
11-21 20:33:40.254 4012 4012 D DecorView: semSetRoundedCorners: 5
11-21 20:33:40.272 4012 4012 D DecorView: semSetRoundedCorners: 5
11-21 20:33:40.288 4012 4012 D DecorView: semSetRoundedCorners: 5
11-21 20:33:40.306 4012 4012 D DecorView: semSetRoundedCorners: 5
11-21 20:33:40.320 4012 4012 D DecorView: semSetRoundedCorners: 5
11-21 20:33:40.339 4012 4012 D DecorView: semSetRoundedCorners: 5
11-21 20:33:40.356 4012 4012 D DecorView: semSetRoundedCorners: 5
11-21 20:33:40.373 4012 4012 D DecorView: semSetRoundedCorners: 5
11-21 20:33:40.389 4012 4012 D DecorView: semSetRoundedCorners: 5
11-21 20:33:40.406 4012 4012 D DecorView: semSetRoundedCorners: 5
11-21 20:33:40.421 4012 5465 I AXL : RPC: ScrSetPlayerColor
11-21 20:33:40.422 4012 4012 D DecorView: semSetRoundedCorners: 5
11-21 20:33:40.442 4012 4012 D DecorView: semSetRoundedCorners: 5
11-21 20:33:40.456 4012 4012 D DecorView: semSetRoundedCorners: 5
11-21 20:33:40.473 4012 4012 D DecorView: semSetRoundedCorners: 5
11-21 20:33:40.490 4012 4012 D DecorView: semSetRoundedCorners: 5
11-21 20:33:40.507 4012 4012 D DecorView: semSetRoundedCorners: 5
11-21 20:33:40.522 4012 4012 D DecorView: semSetRoundedCorners: 5
11-21 20:33:40.542 4012 4012 D DecorView: semSetRoundedCorners: 5
11-21 20:33:40.556 4012 4012 D DecorView: semSetRoundedCorners: 5
11-21 20:33:40.574 4012 4012 D DecorView: semSetRoundedCorners: 5
11-21 20:33:40.590 4012 4012 D DecorView: semSetRoundedCorners: 5
11-21 20:33:40.608 4012 4012 D DecorView: semSetRoundedCorners: 5
11-21 20:33:40.624 4012 4012 D DecorView: semSetRoundedCorners: 5
11-21 20:33:40.641 4012 4012 D DecorView: semSetRoundedCorners: 5
11-21 20:33:40.657 4012 4012 D DecorView: semSetRoundedCorners: 5
11-21 20:33:40.673 4012 4012 D DecorView: semSetRoundedCorners: 5
11-21 20:33:40.691 4012 4012 D DecorView: semSetRoundedCorners: 5
11-21 20:33:40.722 4012 4012 D DecorView: semSetRoundedCorners: 5
11-21 20:33:40.737 4012 4012 D DecorView: semSetRoundedCorners: 5
11-21 20:33:40.758 4012 4012 D DecorView: semSetRoundedCorners: 5
11-21 20:33:40.789 4012 4012 D DecorView: semSetRoundedCorners: 5
11-21 20:33:40.806 4012 4012 D DecorView: semSetRoundedCorners: 5
11-21 20:33:40.827 4012 4012 D DecorView: semSetRoundedCorners: 5
11-21 20:33:40.842 4012 4012 D DecorView: semSetRoundedCorners: 5
11-21 20:33:40.857 4012 4012 D DecorView: semSetRoundedCorners: 5
11-21 20:33:40.858 4012 4012 I ViewRootImpl@fb83006[GTASA]: ViewPostIme pointer 1
11-21 20:33:40.888 4012 4012 D DecorView: semSetRoundedCorners: 5
11-21 20:33:40.907 4012 4012 D DecorView: semSetRoundedCorners: 5
11-21 20:33:40.926 4012 4012 D DecorView: semSetRoundedCorners: 5
11-21 20:33:40.939 4012 4012 D DecorView: semSetRoundedCorners: 5
11-21 20:33:40.955 4012 4012 D DecorView: semSetRoundedCorners: 5
11-21 20:33:40.973 4012 4012 D DecorView: semSetRoundedCorners: 5
11-21 20:33:40.989 4012 4012 D DecorView: semSetRoundedCorners: 5
11-21 20:33:41.006 4012 4012 D DecorView: semSetRoundedCorners: 5
11-21 20:33:41.023 4012 4012 D DecorView: semSetRoundedCorners: 5
11-21 20:33:41.042 4012 4012 D DecorView: semSetRoundedCorners: 5
11-21 20:33:41.057 4012 4012 D DecorView: semSetRoundedCorners: 5
11-21 20:33:41.074 4012 4012 D DecorView: semSetRoundedCorners: 5
11-21 20:33:41.091 4012 4012 D DecorView: semSetRoundedCorners: 5
11-21 20:33:41.106 4012 4012 D DecorView: semSetRoundedCorners: 5
11-21 20:33:41.123 4012 4012 D DecorView: semSetRoundedCorners: 5
11-21 20:33:41.141 4012 4012 D DecorView: semSetRoundedCorners: 5
11-21 20:33:41.157 4012 4012 D DecorView: semSetRoundedCorners: 5
11-21 20:33:41.172 4012 4012 D DecorView: semSetRoundedCorners: 5
11-21 20:33:41.189 4012 4012 D DecorView: semSetRoundedCorners: 5
11-21 20:33:41.207 4012 4012 D DecorView: semSetRoundedCorners: 5
11-21 20:33:41.224 4012 4012 D DecorView: semSetRoundedCorners: 5
11-21 20:33:41.242 4012 4012 D DecorView: semSetRoundedCorners: 5
11-21 20:33:41.257 4012 4012 D DecorView: semSetRoundedCorners: 5
11-21 20:33:41.275 4012 4012 D DecorView: semSetRoundedCorners: 5
11-21 20:33:41.292 4012 4012 D DecorView: semSetRoundedCorners: 5
11-21 20:33:41.307 4012 4012 D DecorView: semSetRoundedCorners: 5
11-21 20:33:41.328 4012 4012 D DecorView: semSetRoundedCorners: 5
