11-21 20:29:51.056 4012 4012 D DecorView: semSetRoundedCorners: 5
11-21 20:29:51.072 4012 4012 D DecorView: semSetRoundedCorners: 5
11-21 20:29:51.089 4012 4012 D DecorView: semSetRoundedCorners: 5
11-21 20:29:51.106 4012 4012 D DecorView: semSetRoundedCorners: 5
11-21 20:29:51.122 4012 4012 D DecorView: semSetRoundedCorners: 5
11-21 20:29:51.139 4012 4012 D DecorView: semSetRoundedCorners: 5
11-21 20:29:51.156 4012 4012 D DecorView: semSetRoundedCorners: 5
11-21 20:29:51.173 4012 4012 D DecorView: semSetRoundedCorners: 5
11-21 20:29:51.189 4012 4012 D DecorView: semSetRoundedCorners: 5
11-21 20:29:51.206 4012 4012 D DecorView: semSetRoundedCorners: 5
11-21 20:29:51.223 4012 4012 D DecorView: semSetRoundedCorners: 5
11-21 20:29:51.240 4012 4012 D DecorView: semSetRoundedCorners: 5
11-21 20:29:51.242 4012 4012 I ViewRootImpl@fb83006[GTASA]: ViewPostIme pointer 0
11-21 20:29:51.256 4012 4012 D DecorView: semSetRoundedCorners: 5
11-21 20:29:51.273 4012 4012 D DecorView: semSetRoundedCorners: 5
11-21 20:29:51.290 4012 4012 D DecorView: semSetRoundedCorners: 5
11-21 20:29:51.307 4012 4012 D DecorView: semSetRoundedCorners: 5
11-21 20:29:51.323 4012 4012 D DecorView: semSetRoundedCorners: 5
11-21 20:29:51.340 4012 4012 D DecorView: semSetRoundedCorners: 5
11-21 20:29:51.357 4012 4012 D DecorView: semSetRoundedCorners: 5
11-21 20:29:51.374 4012 4012 D DecorView: semSetRoundedCorners: 5
11-21 20:29:51.390 4012 4012 D DecorView: semSetRoundedCorners: 5
11-21 20:29:51.407 4012 4012 D DecorView: semSetRoundedCorners: 5
11-21 20:29:51.424 4012 4012 D DecorView: semSetRoundedCorners: 5
11-21 20:29:51.440 4012 4012 D DecorView: semSetRoundedCorners: 5
11-21 20:29:51.457 4012 4012 D DecorView: semSetRoundedCorners: 5
11-21 20:29:51.474 4012 4012 D DecorView: semSetRoundedCorners: 5
11-21 20:29:51.491 4012 4012 D DecorView: semSetRoundedCorners: 5
11-21 20:29:51.508 4012 4012 D DecorView: semSetRoundedCorners: 5
11-21 20:29:51.524 4012 4012 D DecorView: semSetRoundedCorners: 5
11-21 20:29:51.541 4012 4012 I ViewRootImpl@fb83006[GTASA]: ViewPostIme pointer 1
11-21 20:29:51.806 4012 4012 I ViewRootImpl@fb83006[GTASA]: ViewPostIme pointer 0
11-21 20:29:51.843 4012 4012 D DecorView: semSetRoundedCorners: 5
11-21 20:29:52.268 4012 4012 I ViewRootImpl@fb83006[GTASA]: ViewPostIme pointer 1
11-21 20:29:52.819 4012 4012 I ViewRootImpl@fb83006[GTASA]: ViewPostIme pointer 0
11-21 20:29:52.902 4012 4012 I ViewRootImpl@fb83006[GTASA]: ViewPostIme pointer 1
11-21 20:29:52.918 4012 5465 I AXL : RPC: ScrSetPlayerColor
11-21 20:29:52.934 4012 4012 D DecorView: semSetRoundedCorners: 5
11-21 20:29:52.966 4012 4012 D DecorView: semSetRoundedCorners: 5
11-21 20:29:52.978 4012 4012 D DecorView: semSetRoundedCorners: 5
11-21 20:29:52.998 4012 4012 D DecorView: semSetRoundedCorners: 5
11-21 20:29:53.012 4012 4012 D DecorView: semSetRoundedCorners: 5
11-21 20:29:53.016 4012 5465 I AXL : CreatePickup(1239, 23, 195, 1322, 12)
11-21 20:29:53.016 4012 5465 I AXL : [IsModelLoaded] iModelID: 1239
11-21 20:29:53.016 4012 5465 I AXL : IsModelLoaded true!
11-21 20:29:53.017 4012 5465 I AXL : CreatePickup(1272, 23, 190, 1335, 12)
11-21 20:29:53.017 4012 5465 I AXL : [IsModelLoaded] iModelID: 1272
11-21 20:29:53.017 4012 5465 I AXL : IsModelLoaded true!
11-21 20:29:53.028 4012 4012 D DecorView: semSetRoundedCorners: 5
11-21 20:29:53.045 4012 4012 D DecorView: semSetRoundedCorners: 5
11-21 20:29:53.062 4012 4012 D DecorView: semSetRoundedCorners: 5
11-21 20:29:53.079 4012 4012 D DecorView: semSetRoundedCorners: 5
11-21 20:29:53.095 4012 4012 D DecorView: semSetRoundedCorners: 5
11-21 20:29:53.112 4012 4012 D DecorView: semSetRoundedCorners: 5
11-21 20:29:53.129 4012 4012 D DecorView: semSetRoundedCorners: 5
11-21 20:29:53.145 4012 4012 D DecorView: semSetRoundedCorners: 5
11-21 20:29:53.163 4012 4012 D DecorView: semSetRoundedCorners: 5
11-21 20:29:53.179 4012 4012 D DecorView: semSetRoundedCorners: 5
11-21 20:29:53.196 4012 4012 D DecorView: semSetRoundedCorners: 5
11-21 20:29:53.212 4012 4012 D DecorView: semSetRoundedCorners: 5
11-21 20:29:53.229 4012 4012 D DecorView: semSetRoundedCorners: 5
11-21 20:29:53.246 4012 4012 D DecorView: semSetRoundedCorners: 5
11-21 20:29:53.263 4012 4012 D DecorView: semSetRoundedCorners: 5
11-21 20:29:53.269 4012 4012 I ViewRootImpl@fb83006[GTASA]: ViewPostIme pointer 0
11-21 20:29:53.280 4012 4012 D DecorView: semSetRoundedCorners: 5
11-21 20:29:53.296 4012 4012 D DecorView: semSetRoundedCorners: 5
11-21 20:29:53.313 4012 4012 D DecorView: semSetRoundedCorners: 5
11-21 20:29:53.330 4012 4012 D DecorView: semSetRoundedCorners: 5
11-21 20:29:53.346 4012 4012 D DecorView: semSetRoundedCorners: 5
11-21 20:29:53.364 4012 4012 D DecorView: semSetRoundedCorners: 5
11-21 20:29:53.380 4012 4012 D DecorView: semSetRoundedCorners: 5
11-21 20:29:53.399 4012 4012 D DecorView: semSetRoundedCorners: 5
11-21 20:29:53.414 4012 4012 D DecorView: semSetRoundedCorners: 5
11-21 20:29:53.431 4012 4012 D DecorView: semSetRoundedCorners: 5
11-21 20:29:53.447 4012 4012 D DecorView: semSetRoundedCorners: 5
11-21 20:29:53.464 4012 4012 D DecorView: semSetRoundedCorners: 5
11-21 20:29:53.481 4012 4012 D DecorView: semSetRoundedCorners: 5
11-21 20:29:53.498 4012 4012 D DecorView: semSetRoundedCorners: 5
11-21 20:29:53.514 4012 4012 D DecorView: semSetRoundedCorners: 5
11-21 20:29:53.531 4012 4012 D DecorView: semSetRoundedCorners: 5
11-21 20:29:53.548 4012 4012 D DecorView: semSetRoundedCorners: 5
11-21 20:29:53.564 4012 4012 D DecorView: semSetRoundedCorners: 5
11-21 20:29:53.566 4012 5465 I AXL : RPC: ScrSetPlayerColor
11-21 20:29:53.581 4012 4012 D DecorView: semSetRoundedCorners: 5
11-21 20:29:53.597 4012 4012 D DecorView: semSetRoundedCorners: 5
11-21 20:29:53.615 4012 4012 D DecorView: semSetRoundedCorners: 5
11-21 20:29:53.631 4012 4012 D DecorView: semSetRoundedCorners: 5
11-21 20:29:53.648 4012 4012 D DecorView: semSetRoundedCorners: 5
11-21 20:29:53.665 4012 4012 D DecorView: semSetRoundedCorners: 5
11-21 20:29:53.666 4012 5465 I AXL : RPC: ScrSetPlayerColor
11-21 20:29:53.682 4012 4012 D DecorView: semSetRoundedCorners: 5
11-21 20:29:53.697 4012 4012 D DecorView: semSetRoundedCorners: 5
11-21 20:29:53.714 4012 4012 D DecorView: semSetRoundedCorners: 5
11-21 20:29:53.731 4012 4012 D DecorView: semSetRoundedCorners: 5
11-21 20:29:53.748 4012 4012 D DecorView: semSetRoundedCorners: 5
11-21 20:29:53.766 4012 4012 D DecorView: semSetRoundedCorners: 5
11-21 20:29:53.782 4012 4012 D DecorView: semSetRoundedCorners: 5
11-21 20:29:53.798 4012 4012 D DecorView: semSetRoundedCorners: 5
11-21 20:29:53.815 4012 4012 D DecorView: semSetRoundedCorners: 5
11-21 20:29:53.832 4012 4012 D DecorView: semSetRoundedCorners: 5
11-21 20:29:53.848 4012 4012 D DecorView: semSetRoundedCorners: 5
11-21 20:29:53.867 4012 4012 D DecorView: semSetRoundedCorners: 5
11-21 20:29:53.883 4012 4012 D DecorView: semSetRoundedCorners: 5
11-21 20:29:53.899 4012 4012 D DecorView: semSetRoundedCorners: 5
11-21 20:29:53.919 4012 4012 D DecorView: semSetRoundedCorners: 5
11-21 20:29:53.933 4012 4012 D DecorView: semSetRoundedCorners: 5
11-21 20:29:53.949 4012 4012 D DecorView: semSetRoundedCorners: 5
11-21 20:29:53.966 4012 4012 D DecorView: semSetRoundedCorners: 5
11-21 20:29:53.983 4012 4012 D DecorView: semSetRoundedCorners: 5
11-21 20:29:53.999 4012 4012 D DecorView: semSetRoundedCorners: 5
11-21 20:29:54.017 4012 4012 D DecorView: semSetRoundedCorners: 5
11-21 20:29:54.033 4012 4012 D DecorView: semSetRoundedCorners: 5
11-21 20:29:54.053 4012 4012 D DecorView: semSetRoundedCorners: 5
11-21 20:29:54.066 4012 4012 D DecorView: semSetRoundedCorners: 5
11-21 20:29:54.084 4012 4012 D DecorView: semSetRoundedCorners: 5
11-21 20:29:54.099 4012 4012 D DecorView: semSetRoundedCorners: 5
11-21 20:29:54.116 4012 4012 D DecorView: semSetRoundedCorners: 5
11-21 20:29:54.134 4012 4012 D DecorView: semSetRoundedCorners: 5
11-21 20:29:54.149 4012 4012 D DecorView: semSetRoundedCorners: 5
11-21 20:29:54.166 4012 4012 D DecorView: semSetRoundedCorners: 5
11-21 20:29:54.184 4012 4012 D DecorView: semSetRoundedCorners: 5
11-21 20:29:54.201 4012 4012 D DecorView: semSetRoundedCorners: 5
11-21 20:29:54.216 4012 4012 D DecorView: semSetRoundedCorners: 5
11-21 20:29:54.233 4012 4012 D DecorView: semSetRoundedCorners: 5
11-21 20:29:54.250 4012 4012 D DecorView: semSetRoundedCorners: 5
11-21 20:29:54.267 4012 4012 D DecorView: semSetRoundedCorners: 5
11-21 20:29:54.284 4012 4012 D DecorView: semSetRoundedCorners: 5
11-21 20:29:54.300 4012 4012 D DecorView: semSetRoundedCorners: 5
11-21 20:29:54.317 4012 4012 D DecorView: semSetRoundedCorners: 5
11-21 20:29:54.334 4012 4012 D DecorView: semSetRoundedCorners: 5
11-21 20:29:54.350 4012 4012 D DecorView: semSetRoundedCorners: 5
11-21 20:29:54.368 4012 4012 D DecorView: semSetRoundedCorners: 5
11-21 20:29:54.385 4012 4012 D DecorView: semSetRoundedCorners: 5
11-21 20:29:54.405 4012 4012 D DecorView: semSetRoundedCorners: 5
11-21 20:29:54.434 4012 4012 D DecorView: semSetRoundedCorners: 5
11-21 20:29:54.450 4012 4012 D DecorView: semSetRoundedCorners: 5
11-21 20:29:54.468 4012 4012 D DecorView: semSetRoundedCorners: 5
11-21 20:29:54.484 4012 4012 D DecorView: semSetRoundedCorners: 5
11-21 20:29:54.503 4012 4012 D DecorView: semSetRoundedCorners: 5
11-21 20:29:54.518 4012 4012 D DecorView: semSetRoundedCorners: 5
11-21 20:29:54.535 4012 4012 D DecorView: semSetRoundedCorners: 5
11-21 20:29:54.551 4012 4012 D DecorView: semSetRoundedCorners: 5
11-21 20:29:54.568 4012 4012 D DecorView: semSetRoundedCorners: 5
11-21 20:29:54.585 4012 4012 D DecorView: semSetRoundedCorners: 5
11-21 20:29:54.603 4012 4012 D DecorView: semSetRoundedCorners: 5
11-21 20:29:54.619 4012 4012 D DecorView: semSetRoundedCorners: 5
11-21 20:29:54.636 4012 4012 D DecorView: semSetRoundedCorners: 5
11-21 20:29:54.651 4012 4012 D DecorView: semSetRoundedCorners: 5
11-21 20:29:54.670 4012 4012 D DecorView: semSetRoundedCorners: 5
11-21 20:29:54.686 4012 4012 D DecorView: semSetRoundedCorners: 5
11-21 20:29:54.703 4012 4012 D DecorView: semSetRoundedCorners: 5
11-21 20:29:54.719 4012 4012 D DecorView: semSetRoundedCorners: 5
11-21 20:29:54.738 4012 4012 D DecorView: semSetRoundedCorners: 5
11-21 20:29:54.751 4012 4012 D DecorView: semSetRoundedCorners: 5
11-21 20:29:54.769 4012 4012 D DecorView: semSetRoundedCorners: 5
11-21 20:29:54.787 4012 4012 D DecorView: semSetRoundedCorners: 5
11-21 20:29:54.805 4012 4012 D DecorView: semSetRoundedCorners: 5
11-21 20:29:54.823 4012 4012 D DecorView: semSetRoundedCorners: 5
11-21 20:29:54.838 4012 4012 D DecorView: semSetRoundedCorners: 5
11-21 20:29:54.857 4012 4012 D DecorView: semSetRoundedCorners: 5
11-21 20:29:54.873 4012 4012 D DecorView: semSetRoundedCorners: 5
11-21 20:29:54.887 4012 4012 D DecorView: semSetRoundedCorners: 5
11-21 20:29:54.908 4012 4012 D DecorView: semSetRoundedCorners: 5
11-21 20:29:54.923 4012 4012 D DecorView: semSetRoundedCorners: 5
11-21 20:29:54.938 4012 4012 D DecorView: semSetRoundedCorners: 5
11-21 20:29:54.954 4012 4012 D DecorView: semSetRoundedCorners: 5
11-21 20:29:54.972 4012 4012 D DecorView: semSetRoundedCorners: 5
11-21 20:29:54.987 4012 4012 D DecorView: semSetRoundedCorners: 5
11-21 20:29:55.008 4012 4012 D DecorView: semSetRoundedCorners: 5
11-21 20:29:55.022 4012 4012 D DecorView: semSetRoundedCorners: 5
11-21 20:29:55.039 4012 4012 D DecorView: semSetRoundedCorners: 5
11-21 20:29:55.056 4012 4012 D DecorView: semSetRoundedCorners: 5
11-21 20:29:55.073 4012 4012 D DecorView: semSetRoundedCorners: 5
11-21 20:29:55.089 4012 4012 D DecorView: semSetRoundedCorners: 5
11-21 20:29:55.103 4012 4012 D DecorView: semSetRoundedCorners: 5
11-21 20:29:55.124 4012 4012 D DecorView: semSetRoundedCorners: 5
11-21 20:29:55.139 4012 4012 D DecorView: semSetRoundedCorners: 5
11-21 20:29:55.156 4012 4012 D DecorView: semSetRoundedCorners: 5
11-21 20:29:55.174 4012 4012 D DecorView: semSetRoundedCorners: 5
11-21 20:29:55.189 4012 4012 D DecorView: semSetRoundedCorners: 5
11-21 20:29:55.205 4012 4012 D DecorView: semSetRoundedCorners: 5
11-21 20:29:55.222 4012 4012 D DecorView: semSetRoundedCorners: 5
11-21 20:29:55.238 4012 4012 D DecorView: semSetRoundedCorners: 5
11-21 20:29:55.254 4012 4012 D DecorView: semSetRoundedCorners: 5
11-21 20:29:55.270 4012 4012 D DecorView: semSetRoundedCorners: 5
11-21 20:29:55.289 4012 4012 D DecorView: semSetRoundedCorners: 5
11-21 20:29:55.304 4012 4012 D DecorView: semSetRoundedCorners: 5
11-21 20:29:55.320 4012 4012 D DecorView: semSetRoundedCorners: 5
11-21 20:29:55.337 4012 4012 D DecorView: semSetRoundedCorners: 5
11-21 20:29:55.353 4012 4012 D DecorView: semSetRoundedCorners: 5
11-21 20:29:55.371 4012 4012 D DecorView: semSetRoundedCorners: 5
11-21 20:29:55.388 4012 4012 D DecorView: semSetRoundedCorners: 5
11-21 20:29:55.407 4012 4012 D DecorView: semSetRoundedCorners: 5
11-21 20:29:55.421 4012 4012 D DecorView: semSetRoundedCorners: 5
11-21 20:29:55.443 4012 4012 D DecorView: semSetRoundedCorners: 5
11-21 20:29:55.455 4012 4012 D DecorView: semSetRoundedCorners: 5
11-21 20:29:55.471 4012 4012 D DecorView: semSetRoundedCorners: 5
11-21 20:29:55.482 4012 4012 I ViewRootImpl@fb83006[GTASA]: ViewPostIme pointer 1
11-21 20:29:55.490 4012 4012 D DecorView: semSetRoundedCorners: 5
11-21 20:29:55.505 4012 4012 D DecorView: semSetRoundedCorners: 5
11-21 20:29:55.522 4012 4012 D DecorView: semSetRoundedCorners: 5
11-21 20:29:55.542 4012 4012 D DecorView: semSetRoundedCorners: 5
11-21 20:29:55.552 4012 5465 I AXL : RPC: WorldVehicleAdd
11-21 20:29:55.552 4012 5465 I AXL : [IsModelLoaded] iModelID: 424
11-21 20:29:55.552 4012 5465 I AXL : IsModelLoaded false!
11-21 20:29:55.552 4012 5465 I AXL : Warning: car model not preloaded. 424
11-21 20:29:55.552 4012 5465 I AXL : RequestModel
11-21 20:29:55.552 4012 5465 I AXL : RequestModel done!
11-21 20:29:55.552 4012 5465 I AXL : LoadRequestedModels
11-21 20:29:55.554 4012 4012 D DecorView: semSetRoundedCorners: 5
11-21 20:29:55.558 4012 5465 I AXL : LoadRequestedModels done!
11-21 20:29:55.558 4012 5465 I AXL : [IsModelLoaded] iModelID: 424
11-21 20:29:55.558 4012 5465 I AXL : IsModelLoaded true!
11-21 20:29:55.558 4012 5465 I AXL : Car model was preloaded. 424
11-21 20:29:55.559 4012 5465 I AXL : RPC: WorldVehicleAdd,
NewVehicle.iVehicleType: 424
11-21 20:29:55.559 4012 5465 I AXL : [IsModelLoaded] iModelID: 1010
11-21 20:29:55.559 4012 5465 I AXL : IsModelLoaded true!
11-21 20:29:55.560 4012 5465 I AXL : [IsModelLoaded] iModelID: 1083
11-21 20:29:55.560 4012 5465 I AXL : IsModelLoaded true!
11-21 20:29:55.560 4012 5465 I AXL : RPC: ScrNumberPlate
11-21 20:29:55.560 4012 5465 I AXL : RPC: ScrVehicleParamsEx
11-21 20:29:55.560 4012 5465 I AXL : RPC_CUSTOM_HANDLING
11-21 20:29:55.560 4012 5465 I AXL : copy handling 135
11-21 20:29:55.560 4012 5465 I AXL : RPC_CUSTOM_VISUALS
11-21 20:29:55.560 4012 5465 I AXL : RPC_CUSTOM_BODYWORK
11-21 20:29:55.560 4012 5465 I AXL : [IsModelLoaded] iModelID: 223
11-21 20:29:55.560 4012 5465 I AXL : IsModelLoaded true!
11-21 20:29:55.564 4012 4012 I ViewRootImpl@fb83006[GTASA]: ViewPostIme pointer 0
11-21 20:29:55.588 4012 4012 D DecorView: semSetRoundedCorners: 5
11-21 20:29:55.604 4012 4012 D DecorView: semSetRoundedCorners: 5
11-21 20:29:55.624 4012 4012 D DecorView: semSetRoundedCorners: 5
11-21 20:29:55.638 4012 4012 D DecorView: semSetRoundedCorners: 5
11-21 20:29:55.655 4012 4012 D DecorView: semSetRoundedCorners: 5
11-21 20:29:55.672 4012 4012 D DecorView: semSetRoundedCorners: 5
11-21 20:29:55.688 4012 4012 D DecorView: semSetRoundedCorners: 5
11-21 20:29:55.705 4012 4012 D DecorView: semSetRoundedCorners: 5
11-21 20:29:55.724 4012 4012 D DecorView: semSetRoundedCorners: 5
11-21 20:29:55.741 4012 4012 D DecorView: semSetRoundedCorners: 5
11-21 20:29:55.757 4012 4012 D DecorView: semSetRoundedCorners: 5
11-21 20:29:55.773 4012 4012 D DecorView: semSetRoundedCorners: 5
11-21 20:29:55.788 4012 4012 D DecorView: semSetRoundedCorners: 5
11-21 20:29:55.806 4012 4012 D DecorView: semSetRoundedCorners: 5
11-21 20:29:55.822 4012 4012 D DecorView: semSetRoundedCorners: 5
11-21 20:29:55.838 4012 4012 D DecorView: semSetRoundedCorners: 5
11-21 20:29:55.856 4012 4012 D DecorView: semSetRoundedCorners: 5
11-21 20:29:55.872 4012 4012 D DecorView: semSetRoundedCorners: 5
11-21 20:29:55.888 4012 4012 D DecorView: semSetRoundedCorners: 5
11-21 20:29:55.897 4012 4012 I ViewRootImpl@fb83006[GTASA]: ViewPostIme pointer 1
11-21 20:29:55.906 4012 4012 D DecorView: semSetRoundedCorners: 5
11-21 20:29:55.923 4012 4012 D DecorView: semSetRoundedCorners: 5
11-21 20:29:55.938 4012 4012 D DecorView: semSetRoundedCorners: 5
11-21 20:29:55.955 4012 4012 D DecorView: semSetRoundedCorners: 5
11-21 20:29:55.972 4012 4012 D DecorView: semSetRoundedCorners: 5
11-21 20:29:55.989 4012 4012 D DecorView: semSetRoundedCorners: 5
11-21 20:29:56.005 4012 4012 D DecorView: semSetRoundedCorners: 5
11-21 20:29:56.023 4012 4012 D DecorView: semSetRoundedCorners: 5
11-21 20:29:56.039 4012 4012 D DecorView: semSetRoundedCorners: 5
11-21 20:29:56.048 4012 4012 I ViewRootImpl@fb83006[GTASA]: ViewPostIme pointer 0
11-21 20:29:56.056 4012 4012 D DecorView: semSetRoundedCorners: 5
11-21 20:29:56.073 4012 4012 D DecorView: semSetRoundedCorners: 5
11-21 20:29:56.090 4012 4012 D DecorView: semSetRoundedCorners: 5
11-21 20:29:56.107 4012 4012 D DecorView: semSetRoundedCorners: 5
11-21 20:29:56.123 4012 4012 D DecorView: semSetRoundedCorners: 5
11-21 20:29:56.140 4012 4012 D DecorView: semSetRoundedCorners: 5
11-21 20:29:56.157 4012 4012 D DecorView: semSetRoundedCorners: 5
11-21 20:29:56.173 4012 4012 D DecorView: semSetRoundedCorners: 5
11-21 20:29:56.190 4012 4012 D DecorView: semSetRoundedCorners: 5
11-21 20:29:56.206 4012 4012 D DecorView: semSetRoundedCorners: 5
11-21 20:29:56.223 4012 4012 D DecorView: semSetRoundedCorners: 5
11-21 20:29:56.241 4012 4012 D DecorView: semSetRoundedCorners: 5
11-21 20:29:56.257 4012 4012 D DecorView: semSetRoundedCorners: 5
11-21 20:29:56.273 4012 4012 D DecorView: semSetRoundedCorners: 5
11-21 20:29:56.290 4012 4012 D DecorView: semSetRoundedCorners: 5
11-21 20:29:56.307 4012 4012 D DecorView: semSetRoundedCorners: 5
11-21 20:29:56.324 4012 4012 D DecorView: semSetRoundedCorners: 5
11-21 20:29:56.341 4012 4012 D DecorView: semSetRoundedCorners: 5
11-21 20:29:56.358 4012 4012 D DecorView: semSetRoundedCorners: 5
11-21 20:29:56.374 4012 4012 D DecorView: semSetRoundedCorners: 5
11-21 20:29:56.391 4012 4012 D DecorView: semSetRoundedCorners: 5
11-21 20:29:56.407 4012 4012 D DecorView: semSetRoundedCorners: 5
11-21 20:29:56.424 4012 4012 D DecorView: semSetRoundedCorners: 5
11-21 20:29:56.441 4012 4012 D DecorView: semSetRoundedCorners: 5
11-21 20:29:56.458 4012 4012 D DecorView: semSetRoundedCorners: 5
11-21 20:29:56.475 4012 4012 D DecorView: semSetRoundedCorners: 5
11-21 20:29:56.491 4012 4012 D DecorView: semSetRoundedCorners: 5
11-21 20:29:56.507 4012 4012 D DecorView: semSetRoundedCorners: 5
11-21 20:29:56.525 4012 4012 D DecorView: semSetRoundedCorners: 5
11-21 20:29:56.542 4012 4012 D DecorView: semSetRoundedCorners: 5
11-21 20:29:56.558 4012 4012 D DecorView: semSetRoundedCorners: 5
11-21 20:29:56.575 4012 4012 D DecorView: semSetRoundedCorners: 5
11-21 20:29:56.592 4012 4012 D DecorView: semSetRoundedCorners: 5
11-21 20:29:56.608 4012 4012 D DecorView: semSetRoundedCorners: 5
11-21 20:29:56.625 4012 4012 D DecorView: semSetRoundedCorners: 5
11-21 20:29:56.641 4012 4012 D DecorView: semSetRoundedCorners: 5
11-21 20:29:56.650 4012 5465 I AXL : RPC: ScrSetPlayerColor
11-21 20:29:56.658 4012 4012 D DecorView: semSetRoundedCorners: 5
11-21 20:29:56.675 4012 4012 D DecorView: semSetRoundedCorners: 5
11-21 20:29:56.692 4012 4012 D DecorView: semSetRoundedCorners: 5
11-21 20:29:56.708 4012 4012 D DecorView: semSetRoundedCorners: 5
11-21 20:29:56.725 4012 4012 D DecorView: semSetRoundedCorners: 5
11-21 20:29:56.742 4012 4012 D DecorView: semSetRoundedCorners: 5
11-21 20:29:56.750 4012 5465 I AXL : CreatePickup(1318, 23, 301, 997, 1000)
11-21 20:29:56.750 4012 5465 I AXL : [IsModelLoaded] iModelID: 1318
11-21 20:29:56.750 4012 5465 I AXL : IsModelLoaded true!
11-21 20:29:56.759 4012 4012 D DecorView: semSetRoundedCorners: 5
11-21 20:29:56.776 4012 4012 D DecorView: semSetRoundedCorners: 5
11-21 20:29:56.792 4012 4012 D DecorView: semSetRoundedCorners: 5
11-21 20:29:56.809 4012 4012 D DecorView: semSetRoundedCorners: 5
11-21 20:29:56.825 4012 4012 D DecorView: semSetRoundedCorners: 5
11-21 20:29:56.842 4012 4012 D DecorView: semSetRoundedCorners: 5
11-21 20:29:56.859 4012 4012 D DecorView: semSetRoundedCorners: 5
11-21 20:29:56.876 4012 4012 D DecorView: semSetRoundedCorners: 5
11-21 20:29:56.892 4012 4012 D DecorView: semSetRoundedCorners: 5
11-21 20:29:56.900 4012 5465 I AXL : RPC: ScrSetPlayerColor
11-21 20:29:56.909 4012 4012 D DecorView: semSetRoundedCorners: 5
11-21 20:29:56.926 4012 4012 D DecorView: semSetRoundedCorners: 5
11-21 20:29:56.943 4012 4012 D DecorView: semSetRoundedCorners: 5
11-21 20:29:56.959 4012 4012 D DecorView: semSetRoundedCorners: 5
11-21 20:29:56.976 4012 4012 D DecorView: semSetRoundedCorners: 5
11-21 20:29:56.992 4012 4012 D DecorView: semSetRoundedCorners: 5
11-21 20:29:57.010 4012 4012 D DecorView: semSetRoundedCorners: 5
11-21 20:29:57.026 4012 4012 D DecorView: semSetRoundedCorners: 5
11-21 20:29:57.042 4012 4012 D DecorView: semSetRoundedCorners: 5
11-21 20:29:57.060 4012 4012 D DecorView: semSetRoundedCorners: 5
11-21 20:29:57.077 4012 4012 D DecorView: semSetRoundedCorners: 5
11-21 20:29:57.093 4012 4012 D DecorView: semSetRoundedCorners: 5
11-21 20:29:57.110 4012 4012 D DecorView: semSetRoundedCorners: 5
11-21 20:29:57.126 4012 4012 D DecorView: semSetRoundedCorners: 5
11-21 20:29:57.143 4012 4012 D DecorView: semSetRoundedCorners: 5
11-21 20:29:57.159 4012 4012 D DecorView: semSetRoundedCorners: 5
11-21 20:29:57.177 4012 4012 D DecorView: semSetRoundedCorners: 5
11-21 20:29:57.194 4012 4012 D DecorView: semSetRoundedCorners: 5
11-21 20:29:57.210 4012 4012 D DecorView: semSetRoundedCorners: 5
11-21 20:29:57.226 4012 4012 D DecorView: semSetRoundedCorners: 5
11-21 20:29:57.244 4012 4012 D DecorView: semSetRoundedCorners: 5
11-21 20:29:57.262 4012 4012 D DecorView: semSetRoundedCorners: 5
11-21 20:29:57.278 4012 4012 D DecorView: semSetRoundedCorners: 5
11-21 20:29:57.294 4012 4012 D DecorView: semSetRoundedCorners: 5
11-21 20:29:57.311 4012 4012 D DecorView: semSetRoundedCorners: 5
11-21 20:29:57.327 4012 4012 D DecorView: semSetRoundedCorners: 5
11-21 20:29:57.344 4012 4012 D DecorView: semSetRoundedCorners: 5
11-21 20:29:57.361 4012 4012 D DecorView: semSetRoundedCorners: 5
11-21 20:29:57.377 4012 4012 D DecorView: semSetRoundedCorners: 5
11-21 20:29:57.394 4012 4012 D DecorView: semSetRoundedCorners: 5
11-21 20:29:57.411 4012 4012 D DecorView: semSetRoundedCorners: 5
11-21 20:29:57.427 4012 4012 D DecorView: semSetRoundedCorners: 5
11-21 20:29:57.444 4012 4012 D DecorView: semSetRoundedCorners: 5
11-21 20:29:57.460 4012 4012 D DecorView: semSetRoundedCorners: 5
11-21 20:29:57.478 4012 4012 D DecorView: semSetRoundedCorners: 5
11-21 20:29:57.495 4012 4012 D DecorView: semSetRoundedCorners: 5
11-21 20:29:57.512 4012 4012 D DecorView: semSetRoundedCorners: 5
11-21 20:29:57.528 4012 4012 D DecorView: semSetRoundedCorners: 5
11-21 20:29:57.544 4012 4012 D DecorView: semSetRoundedCorners: 5
11-21 20:29:57.561 4012 4012 D DecorView: semSetRoundedCorners: 5
11-21 20:29:57.578 4012 4012 D DecorView: semSetRoundedCorners: 5
11-21 20:29:57.595 4012 4012 D DecorView: semSetRoundedCorners: 5
11-21 20:29:57.612 4012 4012 D DecorView: semSetRoundedCorners: 5
11-21 20:29:57.628 4012 4012 D DecorView: semSetRoundedCorners: 5
11-21 20:29:57.637 4012 5465 I AXL : RPC: ScrDisableMapIcon
11-21 20:29:57.645 4012 4012 D DecorView: semSetRoundedCorners: 5
11-21 20:29:57.663 4012 4012 D DecorView: semSetRoundedCorners: 5
11-21 20:29:57.679 4012 4012 D DecorView: semSetRoundedCorners: 5
11-21 20:29:57.696 4012 4012 D DecorView: semSetRoundedCorners: 5
11-21 20:29:57.712 4012 4012 D DecorView: semSetRoundedCorners: 5
11-21 20:29:57.728 4012 4012 D DecorView: semSetRoundedCorners: 5
11-21 20:29:57.746 4012 4012 D DecorView: semSetRoundedCorners: 5
11-21 20:29:57.762 4012 4012 D DecorView: semSetRoundedCorners: 5
11-21 20:29:57.779 4012 4012 D DecorView: semSetRoundedCorners: 5
11-21 20:29:57.797 4012 4012 D DecorView: semSetRoundedCorners: 5
11-21 20:29:57.813 4012 4012 D DecorView: semSetRoundedCorners: 5
11-21 20:29:57.829 4012 4012 D DecorView: semSetRoundedCorners: 5
11-21 20:29:57.845 4012 4012 D DecorView: semSetRoundedCorners: 5
11-21 20:29:57.862 4012 4012 D DecorView: semSetRoundedCorners: 5
11-21 20:29:57.879 4012 4012 D DecorView: semSetRoundedCorners: 5
11-21 20:29:57.896 4012 4012 D DecorView: semSetRoundedCorners: 5
11-21 20:29:57.913 4012 4012 D DecorView: semSetRoundedCorners: 5
11-21 20:29:57.930 4012 4012 D DecorView: semSetRoundedCorners: 5
11-21 20:29:57.946 4012 4012 D DecorView: semSetRoundedCorners: 5
11-21 20:29:57.964 4012 4012 D DecorView: semSetRoundedCorners: 5
11-21 20:29:57.979 4012 4012 D DecorView: semSetRoundedCorners: 5
11-21 20:29:57.996 4012 4012 D DecorView: semSetRoundedCorners: 5
11-21 20:29:58.013 4012 4012 D DecorView: semSetRoundedCorners: 5
11-21 20:29:58.029 4012 4012 D DecorView: semSetRoundedCorners: 5
11-21 20:29:58.046 4012 4012 D DecorView: semSetRoundedCorners: 5
11-21 20:29:58.063 4012 4012 D DecorView: semSetRoundedCorners: 5
11-21 20:29:58.082 4012 4012 D DecorView: semSetRoundedCorners: 5
11-21 20:29:58.097 4012 4012 D DecorView: semSetRoundedCorners: 5
11-21 20:29:58.114 4012 4012 D DecorView: semSetRoundedCorners: 5
11-21 20:29:58.131 4012 4012 D DecorView: semSetRoundedCorners: 5
11-21 20:29:58.147 4012 4012 D DecorView: semSetRoundedCorners: 5
11-21 20:29:58.164 4012 4012 D DecorView: semSetRoundedCorners: 5
11-21 20:29:58.180 4012 4012 D DecorView: semSetRoundedCorners: 5
11-21 20:29:58.197 4012 4012 D DecorView: semSetRoundedCorners: 5
11-21 20:29:58.214 4012 4012 D DecorView: semSetRoundedCorners: 5
11-21 20:29:58.234 4012 4012 D DecorView: semSetRoundedCorners: 5
11-21 20:29:58.247 4012 4012 D DecorView: semSetRoundedCorners: 5
11-21 20:29:58.266 4012 4012 D DecorView: semSetRoundedCorners: 5
11-21 20:29:58.282 4012 4012 D DecorView: semSetRoundedCorners: 5
11-21 20:29:58.297 4012 4012 D DecorView: semSetRoundedCorners: 5
11-21 20:29:58.319 4012 4012 D DecorView: semSetRoundedCorners: 5
11-21 20:29:58.335 4012 4012 D DecorView: semSetRoundedCorners: 5
11-21 20:29:58.347 4012 4012 D DecorView: semSetRoundedCorners: 5
11-21 20:29:58.372 4012 4012 D DecorView: semSetRoundedCorners: 5
11-21 20:29:58.383 4012 4012 D DecorView: semSetRoundedCorners: 5
11-21 20:29:58.403 4012 4012 D DecorView: semSetRoundedCorners: 5
11-21 20:29:58.415 4012 4012 D DecorView: semSetRoundedCorners: 5
11-21 20:29:58.432 4012 4012 D DecorView: semSetRoundedCorners: 5
11-21 20:29:58.456 4012 4012 D DecorView: semSetRoundedCorners: 5
11-21 20:29:58.470 4012 4012 D DecorView: semSetRoundedCorners: 5
11-21 20:29:58.482 4012 4012 D DecorView: semSetRoundedCorners: 5
11-21 20:29:58.505 4012 4012 D DecorView: semSetRoundedCorners: 5
11-21 20:29:58.515 4012 4012 D DecorView: semSetRoundedCorners: 5
11-21 20:29:58.532 4012 4012 D DecorView: semSetRoundedCorners: 5
11-21 20:29:58.550 4012 4012 D DecorView: semSetRoundedCorners: 5
11-21 20:29:58.565 4012 4012 D DecorView: semSetRoundedCorners: 5
11-21 20:29:58.587 4012 4012 D DecorView: semSetRoundedCorners: 5
11-21 20:29:58.598 4012 5465 I AXL : [IsModelLoaded] iModelID: 103
11-21 20:29:58.598 4012 5465 I AXL : IsModelLoaded false!
11-21 20:29:58.598 4012 5465 I AXL : SetModelIndex (uiModel): 103
11-21 20:29:58.598 4012 5465 I AXL : RequestModel
11-21 20:29:58.598 4012 5465 I AXL : RequestModel done!
11-21 20:29:58.598 4012 5465 I AXL : LoadRequestedModels
11-21 20:29:58.598 4012 4012 D DecorView: semSetRoundedCorners: 5
11-21 20:29:58.618 4012 5465 I AXL : LoadRequestedModels done!
11-21 20:29:58.619 4012 5465 I AXL : [IsModelLoaded] iModelID: 103
11-21 20:29:58.619 4012 5465 I AXL : IsModelLoaded true!
11-21 20:29:58.619 4012 5465 I AXL : CreatePickup(1239, 23, 169, 1197, 12)
11-21 20:29:58.619 4012 5465 I AXL : [IsModelLoaded] iModelID: 1239
11-21 20:29:58.619 4012 5465 I AXL : IsModelLoaded true!
11-21 20:29:58.619 4012 5465 I AXL : CreatePickup(1272, 23, 160, 1204, 12)
11-21 20:29:58.619 4012 5465 I AXL : [IsModelLoaded] iModelID: 1272
11-21 20:29:58.619 4012 5465 I AXL : IsModelLoaded true!
11-21 20:29:58.619 4012 5465 I AXL : CreatePickup(1239, 23, 186, 1259, 12)
11-21 20:29:58.619 4012 5465 I AXL : [IsModelLoaded] iModelID: 1239
11-21 20:29:58.619 4012 5465 I AXL : IsModelLoaded true!
11-21 20:29:58.619 4012 5465 I AXL : CreatePickup(1272, 23, 172, 1265, 12)
11-21 20:29:58.619 4012 5465 I AXL : [IsModelLoaded] iModelID: 1272
11-21 20:29:58.619 4012 5465 I AXL : IsModelLoaded true!
11-21 20:29:58.619 4012 5465 I AXL : RPC: ScrSetMapIcon
11-21 20:29:58.619 4012 5465 I AXL : RPC: ScrSetPlayerColor
11-21 20:29:58.619 4012 5465 I AXL : RPC: ScrSetPlayerColor
11-21 20:29:58.633 4012 4012 D DecorView: semSetRoundedCorners: 5
11-21 20:29:58.649 4012 4012 D DecorView: semSetRoundedCorners: 5
11-21 20:29:58.669 4012 4012 D DecorView: semSetRoundedCorners: 5
11-21 20:29:58.683 4012 4012 D DecorView: semSetRoundedCorners: 5
11-21 20:29:58.699 4012 4012 D DecorView: semSetRoundedCorners: 5
11-21 20:29:58.715 4012 4012 D DecorView: semSetRoundedCorners: 5
11-21 20:29:58.732 4012 4012 D DecorView: semSetRoundedCorners: 5
11-21 20:29:58.749 4012 4012 D DecorView: semSetRoundedCorners: 5
11-21 20:29:58.766 4012 4012 D DecorView: semSetRoundedCorners: 5
11-21 20:29:58.784 4012 4012 D DecorView: semSetRoundedCorners: 5
11-21 20:29:58.799 4012 4012 D DecorView: semSetRoundedCorners: 5
11-21 20:29:58.816 4012 4012 D DecorView: semSetRoundedCorners: 5
11-21 20:29:58.833 4012 4012 D DecorView: semSetRoundedCorners: 5
11-21 20:29:58.854 4012 4012 D DecorView: semSetRoundedCorners: 5
11-21 20:29:58.866 4012 4012 D DecorView: semSetRoundedCorners: 5
11-21 20:29:58.884 4012 4012 D DecorView: semSetRoundedCorners: 5
11-21 20:29:58.899 4012 4012 D DecorView: semSetRoundedCorners: 5
11-21 20:29:58.917 4012 4012 D DecorView: semSetRoundedCorners: 5
11-21 20:29:58.933 4012 4012 D DecorView: semSetRoundedCorners: 5
11-21 20:29:58.950 4012 4012 D DecorView: semSetRoundedCorners: 5
11-21 20:29:58.966 4012 4012 D DecorView: semSetRoundedCorners: 5
11-21 20:29:58.985 4012 4012 D DecorView: semSetRoundedCorners: 5
11-21 20:29:59.000 4012 4012 D DecorView: semSetRoundedCorners: 5
11-21 20:29:59.016 4012 4012 D DecorView: semSetRoundedCorners: 5
11-21 20:29:59.034 4012 4012 D DecorView: semSetRoundedCorners: 5
11-21 20:29:59.050 4012 4012 D DecorView: semSetRoundedCorners: 5
11-21 20:29:59.066 4012 4012 D DecorView: semSetRoundedCorners: 5
11-21 20:29:59.089 4012 4012 D DecorView: semSetRoundedCorners: 5
11-21 20:29:59.102 4012 4012 D DecorView: semSetRoundedCorners: 5
11-21 20:29:59.123 4012 4012 D DecorView: semSetRoundedCorners: 5
11-21 20:29:59.134 4012 4012 D DecorView: semSetRoundedCorners: 5
11-21 20:29:59.151 4012 4012 D DecorView: semSetRoundedCorners: 5
11-21 20:29:59.167 4012 4012 D DecorView: semSetRoundedCorners: 5
11-21 20:29:59.183 4012 4012 D DecorView: semSetRoundedCorners: 5
11-21 20:29:59.201 4012 4012 D DecorView: semSetRoundedCorners: 5
11-21 20:29:59.217 4012 4012 D DecorView: semSetRoundedCorners: 5
11-21 20:29:59.235 4012 4012 D DecorView: semSetRoundedCorners: 5
11-21 20:29:59.250 4012 4012 D DecorView: semSetRoundedCorners: 5
11-21 20:29:59.267 4012 4012 D DecorView: semSetRoundedCorners: 5
11-21 20:29:59.284 4012 4012 D DecorView: semSetRoundedCorners: 5
11-21 20:29:59.303 4012 4012 D DecorView: semSetRoundedCorners: 5
11-21 20:29:59.313 4012 5465 I AXL : RPC: ScrDisableMapIcon
11-21 20:29:59.318 4012 4012 D DecorView: semSetRoundedCorners: 5
11-21 20:29:59.335 4012 4012 D DecorView: semSetRoundedCorners: 5
11-21 20:29:59.351 4012 4012 D DecorView: semSetRoundedCorners: 5
11-21 20:29:59.368 4012 4012 D DecorView: semSetRoundedCorners: 5
11-21 20:29:59.384 4012 4012 D DecorView: semSetRoundedCorners: 5
11-21 20:29:59.403 4012 4012 D DecorView: semSetRoundedCorners: 5
11-21 20:29:59.418 4012 4012 D DecorView: semSetRoundedCorners: 5
11-21 20:29:59.439 4012 4012 D DecorView: semSetRoundedCorners: 5
11-21 20:29:59.452 4012 4012 D DecorView: semSetRoundedCorners: 5
11-21 20:29:59.469 4012 4012 D DecorView: semSetRoundedCorners: 5
11-21 20:29:59.485 4012 4012 D DecorView: semSetRoundedCorners: 5
11-21 20:29:59.503 4012 4012 D DecorView: semSetRoundedCorners: 5
11-21 20:29:59.518 4012 4012 D DecorView: semSetRoundedCorners: 5
11-21 20:29:59.535 4012 4012 D DecorView: semSetRoundedCorners: 5
11-21 20:29:59.554 4012 4012 D DecorView: semSetRoundedCorners: 5
11-21 20:29:59.563 4012 5465 I AXL : RPC: ScrSetPlayerColor
11-21 20:29:59.569 4012 4012 D DecorView: semSetRoundedCorners: 5
11-21 20:29:59.585 4012 4012 D DecorView: semSetRoundedCorners: 5
11-21 20:29:59.603 4012 4012 D DecorView: semSetRoundedCorners: 5
11-21 20:29:59.619 4012 4012 D DecorView: semSetRoundedCorners: 5
11-21 20:29:59.636 4012 4012 D DecorView: semSetRoundedCorners: 5
11-21 20:29:59.647 4012 5465 I AXL : parking_box loaded from crime
11-21 20:29:59.647 4012 5465 I AXL : parking_text loaded from crime
11-21 20:29:59.652 4012 4012 D DecorView: semSetRoundedCorners: 5
11-21 20:29:59.669 4012 4012 D DecorView: semSetRoundedCorners: 5
11-21 20:29:59.687 4012 4012 D DecorView: semSetRoundedCorners: 5
11-21 20:29:59.703 4012 4012 D DecorView: semSetRoundedCorners: 5
11-21 20:29:59.719 4012 4012 D DecorView: semSetRoundedCorners: 5
11-21 20:29:59.736 4012 4012 D DecorView: semSetRoundedCorners: 5
11-21 20:29:59.752 4012 4012 D DecorView: semSetRoundedCorners: 5
11-21 20:29:59.769 4012 4012 D DecorView: semSetRoundedCorners: 5
11-21 20:29:59.786 4012 4012 D DecorView: semSetRoundedCorners: 5
11-21 20:29:59.803 4012 4012 D DecorView: semSetRoundedCorners: 5
11-21 20:29:59.821 4012 4012 D DecorView: semSetRoundedCorners: 5
11-21 20:29:59.837 4012 4012 D DecorView: semSetRoundedCorners: 5
11-21 20:29:59.853 4012 4012 D DecorView: semSetRoundedCorners: 5
11-21 20:29:59.870 4012 4012 D DecorView: semSetRoundedCorners: 5
11-21 20:29:59.886 4012 4012 D DecorView: semSetRoundedCorners: 5
11-21 20:29:59.904 4012 4012 D DecorView: semSetRoundedCorners: 5
11-21 20:29:59.920 4012 4012 D DecorView: semSetRoundedCorners: 5
11-21 20:29:59.937 4012 4012 D DecorView: semSetRoundedCorners: 5
11-21 20:29:59.953 4012 4012 D DecorView: semSetRoundedCorners: 5
11-21 20:29:59.970 4012 4012 D DecorView: semSetRoundedCorners: 5
11-21 20:29:59.987 4012 4012 D DecorView: semSetRoundedCorners: 5
11-21 20:30:00.005 4012 4012 D DecorView: semSetRoundedCorners: 5
11-21 20:30:00.024 4012 4012 D DecorView: semSetRoundedCorners: 5
11-21 20:30:00.038 4012 4012 D DecorView: semSetRoundedCorners: 5
11-21 20:30:00.056 4012 4012 D DecorView: semSetRoundedCorners: 5
11-21 20:30:00.075 4012 4012 D DecorView: semSetRoundedCorners: 5
11-21 20:30:00.092 4012 4012 D DecorView: semSetRoundedCorners: 5
11-21 20:30:00.103 4012 4012 D DecorView: semSetRoundedCorners: 5
11-21 20:30:00.122 4012 4012 D DecorView: semSetRoundedCorners: 5
11-21 20:30:00.137 4012 4012 D DecorView: semSetRoundedCorners: 5
11-21 20:30:00.155 4012 4012 D DecorView: semSetRoundedCorners: 5
11-21 20:30:00.170 4012 4012 D DecorView: semSetRoundedCorners: 5
11-21 20:30:00.187 4012 4012 D DecorView: semSetRoundedCorners: 5
11-21 20:30:00.204 4012 4012 D DecorView: semSetRoundedCorners: 5
11-21 20:30:00.220 4012 4012 D DecorView: semSetRoundedCorners: 5
11-21 20:30:00.237 4012 4012 D DecorView: semSetRoundedCorners: 5
11-21 20:30:00.254 4012 4012 D DecorView: semSetRoundedCorners: 5
11-21 20:30:00.271 4012 4012 D DecorView: semSetRoundedCorners: 5
11-21 20:30:00.287 4012 4012 D DecorView: semSetRoundedCorners: 5
11-21 20:30:00.304 4012 4012 D DecorView: semSetRoundedCorners: 5
11-21 20:30:00.320 4012 4012 D DecorView: semSetRoundedCorners: 5
11-21 20:30:00.337 4012 4012 D DecorView: semSetRoundedCorners: 5
11-21 20:30:00.354 4012 4012 D DecorView: semSetRoundedCorners: 5
11-21 20:30:00.371 4012 4012 D DecorView: semSetRoundedCorners: 5
11-21 20:30:00.388 4012 4012 D DecorView: semSetRoundedCorners: 5
11-21 20:30:00.404 4012 4012 D DecorView: semSetRoundedCorners: 5
11-21 20:30:00.426 4012 4012 D DecorView: semSetRoundedCorners: 5
11-21 20:30:00.439 4012 4012 D DecorView: semSetRoundedCorners: 5
11-21 20:30:00.455 4012 4012 D DecorView: semSetRoundedCorners: 5
11-21 20:30:00.471 4012 4012 D DecorView: semSetRoundedCorners: 5
11-21 20:30:00.481 4012 5465 I AXL : [IsModelLoaded] iModelID: 3310
11-21 20:30:00.481 4012 5465 I AXL : IsModelLoaded true!
11-21 20:30:00.483 4012 5465 I AXL : [IsModelLoaded] iModelID: 3312
11-21 20:30:00.483 4012 5465 I AXL : IsModelLoaded true!
11-21 20:30:00.484 4012 5465 I AXL : [IsModelLoaded] iModelID: 424
11-21 20:30:00.484 4012 5465 I AXL : IsModelLoaded true!
11-21 20:30:00.484 4012 5465 I AXL : Removing from vehicle..
11-21 20:30:00.484 4012 5465 I AXL : Setting flag state..
11-21 20:30:00.484 4012 5465 I AXL : Calling destructor..
11-21 20:30:00.484 4012 5465 I AXL : PlayerPed Destroyed
11-21 20:30:00.488 4012 4012 D DecorView: semSetRoundedCorners: 5
11-21 20:30:00.505 4012 4012 D DecorView: semSetRoundedCorners: 5
11-21 20:30:00.522 4012 4012 D DecorView: semSetRoundedCorners: 5
11-21 20:30:00.538 4012 4012 D DecorView: semSetRoundedCorners: 5
11-21 20:30:00.556 4012 4012 D DecorView: semSetRoundedCorners: 5
11-21 20:30:00.573 4012 4012 D DecorView: semSetRoundedCorners: 5
11-21 20:30:00.590 4012 4012 D DecorView: semSetRoundedCorners: 5
11-21 20:30:00.610 4012 4012 D DecorView: semSetRoundedCorners: 5
11-21 20:30:00.622 4012 4012 D DecorView: semSetRoundedCorners: 5
11-21 20:30:00.644 4012 4012 D DecorView: semSetRoundedCorners: 5
11-21 20:30:00.655 4012 4012 D DecorView: semSetRoundedCorners: 5
11-21 20:30:00.666 4012 5465 I AXL : RPC: ScrSetMapIcon
11-21 20:30:00.672 4012 4012 D DecorView: semSetRoundedCorners: 5
11-21 20:30:00.699 4012 4012 D DecorView: semSetRoundedCorners: 5
11-21 20:30:00.705 4012 4012 D DecorView: semSetRoundedCorners: 5
11-21 20:30:00.727 4012 4012 D DecorView: semSetRoundedCorners: 5
11-21 20:30:00.739 4012 4012 D DecorView: semSetRoundedCorners: 5
11-21 20:30:00.756 4012 4012 D DecorView: semSetRoundedCorners: 5
11-21 20:30:00.774 4012 4012 D DecorView: semSetRoundedCorners: 5
11-21 20:30:00.790 4012 4012 D DecorView: semSetRoundedCorners: 5
11-21 20:30:00.812 4012 4012 D DecorView: semSetRoundedCorners: 5
11-21 20:30:00.826 4012 4012 D DecorView: semSetRoundedCorners: 5
11-21 20:30:00.839 4012 4012 D DecorView: semSetRoundedCorners: 5
11-21 20:30:00.856 4012 4012 D DecorView: semSetRoundedCorners: 5
11-21 20:30:00.873 4012 4012 D DecorView: semSetRoundedCorners: 5
11-21 20:30:00.889 4012 4012 D DecorView: semSetRoundedCorners: 5
11-21 20:30:00.907 4012 4012 D DecorView: semSetRoundedCorners: 5
11-21 20:30:00.923 4012 4012 D DecorView: semSetRoundedCorners: 5
11-21 20:30:00.941 4012 4012 D DecorView: semSetRoundedCorners: 5
11-21 20:30:00.957 4012 4012 D DecorView: semSetRoundedCorners: 5
11-21 20:30:00.974 4012 4012 D DecorView: semSetRoundedCorners: 5
11-21 20:30:00.990 4012 4012 D DecorView: semSetRoundedCorners: 5
11-21 20:30:01.006 4012 4012 D DecorView: semSetRoundedCorners: 5
11-21 20:30:01.023 4012 4012 D DecorView: semSetRoundedCorners: 5
11-21 20:30:01.040 4012 4012 D DecorView: semSetRoundedCorners: 5
11-21 20:30:01.057 4012 4012 D DecorView: semSetRoundedCorners: 5
11-21 20:30:01.073 4012 4012 D DecorView: semSetRoundedCorners: 5
11-21 20:30:01.090 4012 4012 D DecorView: semSetRoundedCorners: 5
11-21 20:30:01.107 4012 4012 D DecorView: semSetRoundedCorners: 5
11-21 20:30:01.123 4012 4012 D DecorView: semSetRoundedCorners: 5
11-21 20:30:01.143 4012 4012 D DecorView: semSetRoundedCorners: 5
11-21 20:30:01.157 4012 4012 D DecorView: semSetRoundedCorners: 5
11-21 20:30:01.174 4012 4012 D DecorView: semSetRoundedCorners: 5
11-21 20:30:01.191 4012 4012 D DecorView: semSetRoundedCorners: 5
11-21 20:30:01.207 4012 4012 D DecorView: semSetRoundedCorners: 5
11-21 20:30:01.224 4012 4012 D DecorView: semSetRoundedCorners: 5
11-21 20:30:01.241 4012 4012 D DecorView: semSetRoundedCorners: 5
11-21 20:30:01.258 4012 4012 D DecorView: semSetRoundedCorners: 5
11-21 20:30:01.275 4012 4012 D DecorView: semSetRoundedCorners: 5
11-21 20:30:01.291 4012 4012 D DecorView: semSetRoundedCorners: 5
11-21 20:30:01.308 4012 4012 D DecorView: semSetRoundedCorners: 5
11-21 20:30:01.324 4012 4012 D DecorView: semSetRoundedCorners: 5
11-21 20:30:01.341 4012 4012 D DecorView: semSetRoundedCorners: 5
11-21 20:30:01.358 4012 4012 D DecorView: semSetRoundedCorners: 5
11-21 20:30:01.375 4012 4012 D DecorView: semSetRoundedCorners: 5
11-21 20:30:01.392 4012 4012 D DecorView: semSetRoundedCorners: 5
11-21 20:30:01.408 4012 4012 D DecorView: semSetRoundedCorners: 5
11-21 20:30:01.425 4012 4012 D DecorView: semSetRoundedCorners: 5
11-21 20:30:01.442 4012 4012 D DecorView: semSetRoundedCorners: 5
11-21 20:30:01.458 4012 4012 D DecorView: semSetRoundedCorners: 5
11-21 20:30:01.476 4012 4012 D DecorView: semSetRoundedCorners: 5
11-21 20:30:01.492 4012 4012 D DecorView: semSetRoundedCorners: 5
11-21 20:30:01.508 4012 4012 D DecorView: semSetRoundedCorners: 5
11-21 20:30:01.525 4012 4012 D DecorView: semSetRoundedCorners: 5
11-21 20:30:01.542 4012 4012 D DecorView: semSetRoundedCorners: 5
11-21 20:30:01.558 4012 4012 D DecorView: semSetRoundedCorners: 5
11-21 20:30:01.575 4012 4012 D DecorView: semSetRoundedCorners: 5
11-21 20:30:01.592 4012 4012 D DecorView: semSetRoundedCorners: 5
11-21 20:30:01.608 4012 4012 D DecorView: semSetRoundedCorners: 5
11-21 20:30:01.625 4012 4012 D DecorView: semSetRoundedCorners: 5
11-21 20:30:01.642 4012 4012 D DecorView: semSetRoundedCorners: 5
11-21 20:30:01.659 4012 4012 D DecorView: semSetRoundedCorners: 5
11-21 20:30:01.676 4012 4012 D DecorView: semSetRoundedCorners: 5
11-21 20:30:01.693 4012 4012 D DecorView: semSetRoundedCorners: 5
11-21 20:30:01.709 4012 4012 D DecorView: semSetRoundedCorners: 5
11-21 20:30:01.726 4012 4012 D DecorView: semSetRoundedCorners: 5
11-21 20:30:01.743 4012 4012 D DecorView: semSetRoundedCorners: 5
11-21 20:30:01.762 4012 4012 D DecorView: semSetRoundedCorners: 5
11-21 20:30:01.777 4012 4012 D DecorView: semSetRoundedCorners: 5
11-21 20:30:01.793 4012 4012 D DecorView: semSetRoundedCorners: 5
11-21 20:30:01.809 4012 4012 D DecorView: semSetRoundedCorners: 5
11-21 20:30:01.826 4012 4012 D DecorView: semSetRoundedCorners: 5
11-21 20:30:01.844 4012 4012 D DecorView: semSetRoundedCorners: 5
11-21 20:30:01.859 4012 4012 D DecorView: semSetRoundedCorners: 5
11-21 20:30:01.877 4012 4012 D DecorView: semSetRoundedCorners: 5
11-21 20:30:01.893 4012 4012 D DecorView: semSetRoundedCorners: 5
11-21 20:30:01.909 4012 4012 D DecorView: semSetRoundedCorners: 5
11-21 20:30:01.927 4012 4012 D DecorView: semSetRoundedCorners: 5
11-21 20:30:01.943 4012 4012 D DecorView: semSetRoundedCorners: 5
11-21 20:30:01.960 4012 4012 D DecorView: semSetRoundedCorners: 5
11-21 20:30:01.976 4012 4012 D DecorView: semSetRoundedCorners: 5
11-21 20:30:01.993 4012 4012 D DecorView: semSetRoundedCorners: 5
11-21 20:30:02.010 4012 4012 D DecorView: semSetRoundedCorners: 5
11-21 20:30:02.027 4012 4012 D DecorView: semSetRoundedCorners: 5
11-21 20:30:02.044 4012 4012 D DecorView: semSetRoundedCorners: 5
11-21 20:30:02.061 4012 4012 D DecorView: semSetRoundedCorners: 5
11-21 20:30:02.076 4012 4012 D DecorView: semSetRoundedCorners: 5
11-21 20:30:02.093 4012 4012 D DecorView: semSetRoundedCorners: 5
11-21 20:30:02.111 4012 4012 D DecorView: semSetRoundedCorners: 5
11-21 20:30:02.127 4012 4012 D DecorView: semSetRoundedCorners: 5
11-21 20:30:02.144 4012 4012 D DecorView: semSetRoundedCorners: 5
11-21 20:30:02.161 4012 4012 D DecorView: semSetRoundedCorners: 5
11-21 20:30:02.177 4012 4012 D DecorView: semSetRoundedCorners: 5
11-21 20:30:02.194 4012 4012 D DecorView: semSetRoundedCorners: 5
11-21 20:30:02.211 4012 4012 D DecorView: semSetRoundedCorners: 5
11-21 20:30:02.228 4012 4012 D DecorView: semSetRoundedCorners: 5
11-21 20:30:02.245 4012 4012 D DecorView: semSetRoundedCorners: 5
11-21 20:30:02.262 4012 4012 D DecorView: semSetRoundedCorners: 5
11-21 20:30:02.278 4012 4012 D DecorView: semSetRoundedCorners: 5
11-21 20:30:02.296 4012 4012 D DecorView: semSetRoundedCorners: 5
11-21 20:30:02.312 4012 4012 D DecorView: semSetRoundedCorners: 5
11-21 20:30:02.328 4012 4012 D DecorView: semSetRoundedCorners: 5
11-21 20:30:02.345 4012 4012 D DecorView: semSetRoundedCorners: 5
11-21 20:30:02.362 4012 4012 D DecorView: semSetRoundedCorners: 5
11-21 20:30:02.378 4012 4012 D DecorView: semSetRoundedCorners: 5
11-21 20:30:02.395 4012 4012 D DecorView: semSetRoundedCorners: 5
11-21 20:30:02.411 4012 4012 D DecorView: semSetRoundedCorners: 5
11-21 20:30:02.428 4012 4012 D DecorView: semSetRoundedCorners: 5
11-21 20:30:02.445 4012 4012 D DecorView: semSetRoundedCorners: 5
11-21 20:30:02.462 4012 4012 D DecorView: semSetRoundedCorners: 5
11-21 20:30:02.478 4012 4012 D DecorView: semSetRoundedCorners: 5
11-21 20:30:02.495 4012 4012 D DecorView: semSetRoundedCorners: 5
11-21 20:30:02.505 4012 5465 I AXL : RPC: ScrSetPlayerColor
11-21 20:30:02.512 4012 4012 D DecorView: semSetRoundedCorners: 5
11-21 20:30:02.528 4012 4012 D DecorView: semSetRoundedCorners: 5
11-21 20:30:02.545 4012 4012 D DecorView: semSetRoundedCorners: 5
11-21 20:30:02.562 4012 4012 D DecorView: semSetRoundedCorners: 5
11-21 20:30:02.578 4012 4012 D DecorView: semSetRoundedCorners: 5
11-21 20:30:02.595 4012 4012 D DecorView: semSetRoundedCorners: 5
11-21 20:30:02.612 4012 4012 D DecorView: semSetRoundedCorners: 5
11-21 20:30:02.633 4012 4012 D DecorView: semSetRoundedCorners: 5
11-21 20:30:02.645 4012 4012 D DecorView: semSetRoundedCorners: 5
11-21 20:30:02.664 4012 4012 D DecorView: semSetRoundedCorners: 5
11-21 20:30:02.678 4012 4012 D DecorView: semSetRoundedCorners: 5
11-21 20:30:02.697 4012 4012 D DecorView: semSetRoundedCorners: 5
11-21 20:30:02.713 4012 4012 D DecorView: semSetRoundedCorners: 5
11-21 20:30:02.729 4012 4012 D DecorView: semSetRoundedCorners: 5
11-21 20:30:02.746 4012 4012 D DecorView: semSetRoundedCorners: 5
11-21 20:30:02.763 4012 4012 D DecorView: semSetRoundedCorners: 5
11-21 20:30:02.773 4012 4012 I ViewRootImpl@fb83006[GTASA]: ViewPostIme pointer 1
11-21 20:30:02.779 4012 4012 D DecorView: semSetRoundedCorners: 5
11-21 20:30:02.796 4012 4012 D DecorView: semSetRoundedCorners: 5
11-21 20:30:02.813 4012 4012 D DecorView: semSetRoundedCorners: 5
11-21 20:30:02.829 4012 4012 D DecorView: semSetRoundedCorners: 5
11-21 20:30:02.846 4012 4012 D DecorView: semSetRoundedCorners: 5
11-21 20:30:02.855 4012 4012 I ViewRootImpl@fb83006[GTASA]: ViewPostIme pointer 0
11-21 20:30:02.863 4012 4012 D DecorView: semSetRoundedCorners: 5
11-21 20:30:02.881 4012 4012 D DecorView: semSetRoundedCorners: 5
11-21 20:30:02.896 4012 4012 D DecorView: semSetRoundedCorners: 5
11-21 20:30:02.913 4012 4012 D DecorView: semSetRoundedCorners: 5
11-21 20:30:02.930 4012 4012 D DecorView: semSetRoundedCorners: 5
11-21 20:30:02.947 4012 4012 D DecorView: semSetRoundedCorners: 5
11-21 20:30:02.964 4012 4012 D DecorView: semSetRoundedCorners: 5
11-21 20:30:02.980 4012 4012 D DecorView: semSetRoundedCorners: 5
11-21 20:30:02.997 4012 4012 D DecorView: semSetRoundedCorners: 5
11-21 20:30:03.014 4012 4012 D DecorView: semSetRoundedCorners: 5
11-21 20:30:03.031 4012 4012 D DecorView: semSetRoundedCorners: 5
11-21 20:30:03.047 4012 4012 D DecorView: semSetRoundedCorners: 5
11-21 20:30:03.064 4012 4012 D DecorView: semSetRoundedCorners: 5
11-21 20:30:03.080 4012 4012 D DecorView: semSetRoundedCorners: 5
11-21 20:30:03.097 4012 4012 D DecorView: semSetRoundedCorners: 5
11-21 20:30:03.113 4012 4012 D DecorView: semSetRoundedCorners: 5
11-21 20:30:03.130 4012 4012 D DecorView: semSetRoundedCorners: 5
11-21 20:30:03.147 4012 4012 D DecorView: semSetRoundedCorners: 5
11-21 20:30:03.164 4012 4012 D DecorView: semSetRoundedCorners: 5
11-21 20:30:03.181 4012 4012 D DecorView: semSetRoundedCorners: 5
11-21 20:30:03.197 4012 4012 D DecorView: semSetRoundedCorners: 5
11-21 20:30:03.214 4012 4012 D DecorView: semSetRoundedCorners: 5
11-21 20:30:03.231 4012 4012 D DecorView: semSetRoundedCorners: 5
11-21 20:30:03.248 4012 4012 D DecorView: semSetRoundedCorners: 5
11-21 20:30:03.264 4012 4012 D DecorView: semSetRoundedCorners: 5
11-21 20:30:03.282 4012 4012 D DecorView: semSetRoundedCorners: 5
11-21 20:30:03.298 4012 4012 D DecorView: semSetRoundedCorners: 5
11-21 20:30:03.307 4012 4012 I ViewRootImpl@fb83006[GTASA]: ViewPostIme pointer 1
11-21 20:30:03.315 4012 4012 D DecorView: semSetRoundedCorners: 5
11-21 20:30:03.331 4012 4012 D DecorView: semSetRoundedCorners: 5
11-21 20:30:03.347 4012 4012 D DecorView: semSetRoundedCorners: 5
11-21 20:30:03.365 4012 4012 D DecorView: semSetRoundedCorners: 5
11-21 20:30:03.381 4012 4012 D DecorView: semSetRoundedCorners: 5
11-21 20:30:03.398 4012 4012 D DecorView: semSetRoundedCorners: 5
11-21 20:30:03.415 4012 4012 D DecorView: semSetRoundedCorners: 5
11-21 20:30:03.432 4012 4012 D DecorView: semSetRoundedCorners: 5
11-21 20:30:03.448 4012 4012 D DecorView: semSetRoundedCorners: 5
11-21 20:30:03.465 4012 4012 D DecorView: semSetRoundedCorners: 5
11-21 20:30:03.482 4012 4012 D DecorView: semSetRoundedCorners: 5
11-21 20:30:03.492 4012 4012 I ViewRootImpl@fb83006[GTASA]: ViewPostIme pointer 0
11-21 20:30:03.498 4012 4012 D DecorView: semSetRoundedCorners: 5
11-21 20:30:03.516 4012 4012 D DecorView: semSetRoundedCorners: 5
11-21 20:30:03.532 4012 4012 D DecorView: semSetRoundedCorners: 5
11-21 20:30:03.549 4012 4012 D DecorView: semSetRoundedCorners: 5
11-21 20:30:03.565 4012 4012 D DecorView: semSetRoundedCorners: 5
11-21 20:30:03.582 4012 4012 D DecorView: semSetRoundedCorners: 5
