11-21 20:26:21.880 4012 4012 D DecorView: semSetRoundedCorners: 5
11-21 20:26:21.897 4012 4012 D DecorView: semSetRoundedCorners: 5
11-21 20:26:21.913 4012 4012 D DecorView: semSetRoundedCorners: 5
11-21 20:26:21.930 4012 4012 D DecorView: semSetRoundedCorners: 5
11-21 20:26:21.947 4012 4012 D DecorView: semSetRoundedCorners: 5
11-21 20:26:21.964 4012 4012 D DecorView: semSetRoundedCorners: 5
11-21 20:26:21.980 4012 4012 D DecorView: semSetRoundedCorners: 5
11-21 20:26:21.997 4012 4012 D DecorView: semSetRoundedCorners: 5
11-21 20:26:22.014 4012 4012 D DecorView: semSetRoundedCorners: 5
11-21 20:26:22.030 4012 4012 D DecorView: semSetRoundedCorners: 5
11-21 20:26:22.047 4012 4012 D DecorView: semSetRoundedCorners: 5
11-21 20:26:22.064 4012 4012 D DecorView: semSetRoundedCorners: 5
11-21 20:26:22.080 4012 4012 D DecorView: semSetRoundedCorners: 5
11-21 20:26:22.097 4012 4012 D DecorView: semSetRoundedCorners: 5
11-21 20:26:22.114 4012 4012 D DecorView: semSetRoundedCorners: 5
11-21 20:26:22.131 4012 4012 D DecorView: semSetRoundedCorners: 5
11-21 20:26:22.148 4012 4012 D DecorView: semSetRoundedCorners: 5
11-21 20:26:22.164 4012 4012 D DecorView: semSetRoundedCorners: 5
11-21 20:26:22.181 4012 4012 D DecorView: semSetRoundedCorners: 5
11-21 20:26:22.198 4012 4012 D DecorView: semSetRoundedCorners: 5
11-21 20:26:22.215 4012 4012 D DecorView: semSetRoundedCorners: 5
11-21 20:26:22.231 4012 4012 D DecorView: semSetRoundedCorners: 5
11-21 20:26:22.248 4012 4012 D DecorView: semSetRoundedCorners: 5
11-21 20:26:22.264 4012 4012 D DecorView: semSetRoundedCorners: 5
11-21 20:26:22.270 4012 5465 I AXL : RPC: ScrSetPlayerColor
11-21 20:26:22.281 4012 4012 D DecorView: semSetRoundedCorners: 5
11-21 20:26:22.293 4012 4012 I ViewRootImpl@fb83006[GTASA]: ViewPostIme pointer 0
11-21 20:26:22.298 4012 4012 D DecorView: semSetRoundedCorners: 5
11-21 20:26:22.317 4012 4012 D DecorView: semSetRoundedCorners: 5
11-21 20:26:22.332 4012 4012 D DecorView: semSetRoundedCorners: 5
11-21 20:26:22.349 4012 4012 D DecorView: semSetRoundedCorners: 5
11-21 20:26:22.353 4012 5465 I AXL : RPC: ScrSetPlayerColor
11-21 20:26:22.353 4012 5465 I AXL : RPC: ScrSetPlayerColor
11-21 20:26:22.365 4012 4012 D DecorView: semSetRoundedCorners: 5
11-21 20:26:22.367 4012 4012 I ViewRootImpl@fb83006[GTASA]: ViewPostIme pointer 1
11-21 20:26:22.386 4012 4012 D DecorView: semSetRoundedCorners: 5
11-21 20:26:22.398 4012 4012 D DecorView: semSetRoundedCorners: 5
11-21 20:26:22.415 4012 4012 D DecorView: semSetRoundedCorners: 5
11-21 20:26:22.432 4012 4012 D DecorView: semSetRoundedCorners: 5
11-21 20:26:22.448 4012 4012 D DecorView: semSetRoundedCorners: 5
11-21 20:26:22.465 4012 4012 D DecorView: semSetRoundedCorners: 5
11-21 20:26:22.484 4012 4012 D DecorView: semSetRoundedCorners: 5
11-21 20:26:22.499 4012 4012 D DecorView: semSetRoundedCorners: 5
11-21 20:26:22.516 4012 4012 D DecorView: semSetRoundedCorners: 5
11-21 20:26:22.532 4012 4012 D DecorView: semSetRoundedCorners: 5
11-21 20:26:22.549 4012 4012 D DecorView: semSetRoundedCorners: 5
11-21 20:26:22.566 4012 4012 D DecorView: semSetRoundedCorners: 5
11-21 20:26:22.584 4012 4012 D DecorView: semSetRoundedCorners: 5
11-21 20:26:22.599 4012 4012 D DecorView: semSetRoundedCorners: 5
11-21 20:26:22.616 4012 4012 D DecorView: semSetRoundedCorners: 5
11-21 20:26:22.633 4012 4012 D DecorView: semSetRoundedCorners: 5
11-21 20:26:22.649 4012 4012 D DecorView: semSetRoundedCorners: 5
11-21 20:26:22.666 4012 4012 D DecorView: semSetRoundedCorners: 5
11-21 20:26:22.684 4012 4012 D DecorView: semSetRoundedCorners: 5
11-21 20:26:22.699 4012 4012 D DecorView: semSetRoundedCorners: 5
11-21 20:26:22.716 4012 4012 D DecorView: semSetRoundedCorners: 5
11-21 20:26:22.736 4012 4012 D DecorView: semSetRoundedCorners: 5
11-21 20:26:22.737 4012 4012 I ViewRootImpl@fb83006[GTASA]: ViewPostIme pointer 0
11-21 20:26:22.749 4012 4012 D DecorView: semSetRoundedCorners: 5
11-21 20:26:22.768 4012 4012 D DecorView: semSetRoundedCorners: 5
11-21 20:26:22.784 4012 4012 D DecorView: semSetRoundedCorners: 5
11-21 20:26:22.801 4012 4012 D DecorView: semSetRoundedCorners: 5
11-21 20:26:22.804 4012 4012 I ViewRootImpl@fb83006[GTASA]: ViewPostIme pointer 1
11-21 20:26:22.819 4012 4012 D DecorView: semSetRoundedCorners: 5
11-21 20:26:22.833 4012 4012 D DecorView: semSetRoundedCorners: 5
11-21 20:26:22.850 4012 4012 D DecorView: semSetRoundedCorners: 5
11-21 20:26:22.867 4012 4012 D DecorView: semSetRoundedCorners: 5
11-21 20:26:22.884 4012 4012 D DecorView: semSetRoundedCorners: 5
11-21 20:26:22.902 4012 4012 D DecorView: semSetRoundedCorners: 5
11-21 20:26:22.916 4012 4012 D DecorView: semSetRoundedCorners: 5
11-21 20:26:22.933 4012 4012 D DecorView: semSetRoundedCorners: 5
11-21 20:26:22.950 4012 4012 D DecorView: semSetRoundedCorners: 5
11-21 20:26:22.967 4012 4012 D DecorView: semSetRoundedCorners: 5
11-21 20:26:22.984 4012 4012 D DecorView: semSetRoundedCorners: 5
11-21 20:26:23.002 4012 4012 D DecorView: semSetRoundedCorners: 5
11-21 20:26:23.017 4012 4012 D DecorView: semSetRoundedCorners: 5
11-21 20:26:23.034 4012 4012 D DecorView: semSetRoundedCorners: 5
11-21 20:26:23.050 4012 4012 D DecorView: semSetRoundedCorners: 5
11-21 20:26:23.067 4012 4012 D DecorView: semSetRoundedCorners: 5
11-21 20:26:23.084 4012 4012 D DecorView: semSetRoundedCorners: 5
11-21 20:26:23.102 4012 4012 D DecorView: semSetRoundedCorners: 5
11-21 20:26:23.117 4012 4012 D DecorView: semSetRoundedCorners: 5
11-21 20:26:23.134 4012 4012 D DecorView: semSetRoundedCorners: 5
11-21 20:26:23.151 4012 4012 D DecorView: semSetRoundedCorners: 5
11-21 20:26:23.167 4012 4012 D DecorView: semSetRoundedCorners: 5
11-21 20:26:23.184 4012 4012 D DecorView: semSetRoundedCorners: 5
11-21 20:26:23.203 4012 4012 D DecorView: semSetRoundedCorners: 5
11-21 20:26:23.217 4012 4012 D DecorView: semSetRoundedCorners: 5
11-21 20:26:23.234 4012 4012 D DecorView: semSetRoundedCorners: 5
11-21 20:26:23.251 4012 4012 D DecorView: semSetRoundedCorners: 5
11-21 20:26:23.268 4012 4012 D DecorView: semSetRoundedCorners: 5
11-21 20:26:23.285 4012 4012 D DecorView: semSetRoundedCorners: 5
11-21 20:26:23.303 4012 4012 D DecorView: semSetRoundedCorners: 5
11-21 20:26:23.318 4012 4012 D DecorView: semSetRoundedCorners: 5
11-21 20:26:23.335 4012 4012 D DecorView: semSetRoundedCorners: 5
11-21 20:26:23.351 4012 4012 D DecorView: semSetRoundedCorners: 5
11-21 20:26:23.368 4012 4012 D DecorView: semSetRoundedCorners: 5
11-21 20:26:23.385 4012 4012 D DecorView: semSetRoundedCorners: 5
11-21 20:26:23.402 4012 4012 D DecorView: semSetRoundedCorners: 5
11-21 20:26:23.418 4012 4012 D DecorView: semSetRoundedCorners: 5
11-21 20:26:23.436 4012 4012 D DecorView: semSetRoundedCorners: 5
11-21 20:26:23.452 4012 4012 D DecorView: semSetRoundedCorners: 5
11-21 20:26:23.468 4012 4012 D DecorView: semSetRoundedCorners: 5
11-21 20:26:23.485 4012 4012 D DecorView: semSetRoundedCorners: 5
11-21 20:26:23.502 4012 4012 D DecorView: semSetRoundedCorners: 5
11-21 20:26:23.518 4012 4012 D DecorView: semSetRoundedCorners: 5
11-21 20:26:23.535 4012 4012 D DecorView: semSetRoundedCorners: 5
11-21 20:26:23.552 4012 4012 D DecorView: semSetRoundedCorners: 5
11-21 20:26:23.563 4012 4012 I ViewRootImpl@fb83006[GTASA]: ViewPostIme pointer 0
11-21 20:26:23.569 4012 4012 D DecorView: semSetRoundedCorners: 5
11-21 20:26:23.586 4012 4012 D DecorView: semSetRoundedCorners: 5
11-21 20:26:23.604 4012 4012 D DecorView: semSetRoundedCorners: 5
11-21 20:26:23.607 4012 4012 I ViewRootImpl@fb83006[GTASA]: ViewPostIme pointer 1
11-21 20:26:23.623 4012 4012 D DecorView: semSetRoundedCorners: 5
11-21 20:26:23.636 4012 4012 D DecorView: semSetRoundedCorners: 5
11-21 20:26:23.652 4012 4012 D DecorView: semSetRoundedCorners: 5
11-21 20:26:23.669 4012 4012 D DecorView: semSetRoundedCorners: 5
11-21 20:26:23.686 4012 4012 D DecorView: semSetRoundedCorners: 5
11-21 20:26:23.704 4012 4012 D DecorView: semSetRoundedCorners: 5
11-21 20:26:23.719 4012 4012 D DecorView: semSetRoundedCorners: 5
11-21 20:26:23.721 4012 5465 I AXL : RPC: ScrSetPlayerColor
11-21 20:26:23.721 4012 5465 I AXL : RPC: ScrSetPlayerColor
11-21 20:26:23.736 4012 4012 D DecorView: semSetRoundedCorners: 5
11-21 20:26:23.753 4012 4012 D DecorView: semSetRoundedCorners: 5
11-21 20:26:23.769 4012 4012 D DecorView: semSetRoundedCorners: 5
11-21 20:26:23.786 4012 4012 D DecorView: semSetRoundedCorners: 5
11-21 20:26:23.804 4012 4012 D DecorView: semSetRoundedCorners: 5
11-21 20:26:23.820 4012 4012 D DecorView: semSetRoundedCorners: 5
11-21 20:26:23.836 4012 4012 D DecorView: semSetRoundedCorners: 5
11-21 20:26:23.853 4012 4012 D DecorView: semSetRoundedCorners: 5
11-21 20:26:23.870 4012 4012 D DecorView: semSetRoundedCorners: 5
11-21 20:26:23.886 4012 4012 D DecorView: semSetRoundedCorners: 5
11-21 20:26:23.903 4012 4012 D DecorView: semSetRoundedCorners: 5
11-21 20:26:23.921 4012 4012 D DecorView: semSetRoundedCorners: 5
11-21 20:26:23.937 4012 4012 D DecorView: semSetRoundedCorners: 5
11-21 20:26:23.954 4012 4012 D DecorView: semSetRoundedCorners: 5
11-21 20:26:23.970 4012 4012 D DecorView: semSetRoundedCorners: 5
11-21 20:26:23.976 4012 4012 I ViewRootImpl@fb83006[GTASA]: ViewPostIme pointer 0
11-21 20:26:23.987 4012 4012 D DecorView: semSetRoundedCorners: 5
11-21 20:26:24.004 4012 4012 D DecorView: semSetRoundedCorners: 5
11-21 20:26:24.021 4012 4012 D DecorView: semSetRoundedCorners: 5
11-21 20:26:24.033 4012 4012 I ViewRootImpl@fb83006[GTASA]: ViewPostIme pointer 1
11-21 20:26:24.037 4012 4012 D DecorView: semSetRoundedCorners: 5
11-21 20:26:24.040 4012 4012 I AXL : CPlayerPed::TogglePlayerControllable
11-21 20:26:24.040 4012 4012 I AXL : CPlayerPed::TogglePlayerControllable
okay!
11-21 20:26:24.040 4012 4012 I AXL : sendDialogResponse: dialogid - 289,
listitem - 4, inputtext1 - 5. Автосалоны и автосервисы
11-21 20:26:24.054 4012 4012 D DecorView: semSetRoundedCorners: 5
11-21 20:26:24.070 4012 4012 D DecorView: semSetRoundedCorners: 5
11-21 20:26:24.088 4012 4012 D DecorView: semSetRoundedCorners: 5
11-21 20:26:24.104 4012 4012 D DecorView: semSetRoundedCorners: 5
11-21 20:26:24.122 4012 4012 D DecorView: semSetRoundedCorners: 5
11-21 20:26:24.137 4012 4012 D DecorView: semSetRoundedCorners: 5
11-21 20:26:24.154 4012 5465 I AXL : CPlayerPed::TogglePlayerControllable
11-21 20:26:24.154 4012 5465 I AXL : CPlayerPed::TogglePlayerControllable
okay!
11-21 20:26:24.155 4012 4012 D DecorView: semSetRoundedCorners: 5
11-21 20:26:24.158 4012 4012 I System.out: Define your own onDestroyView
11-21 20:26:24.160 4012 4012 D ScrollView: initGoToTop
11-21 20:26:24.222 4012 4012 D DecorView: semSetRoundedCorners: 5
11-21 20:26:24.257 4012 4012 D DecorView: semSetRoundedCorners: 5
11-21 20:26:24.267 4012 4012 D DecorView: semSetRoundedCorners: 5
11-21 20:26:24.274 4012 4012 D DecorView: semSetRoundedCorners: 5
11-21 20:26:24.288 4012 4012 D DecorView: semSetRoundedCorners: 5
11-21 20:26:24.305 4012 4012 D DecorView: semSetRoundedCorners: 5
11-21 20:26:24.323 4012 4012 D DecorView: semSetRoundedCorners: 5
11-21 20:26:24.338 4012 4012 D DecorView: semSetRoundedCorners: 5
11-21 20:26:24.355 4012 4012 D DecorView: semSetRoundedCorners: 5
11-21 20:26:24.371 4012 4012 D DecorView: semSetRoundedCorners: 5
11-21 20:26:24.388 4012 4012 D DecorView: semSetRoundedCorners: 5
11-21 20:26:24.405 4012 4012 D DecorView: semSetRoundedCorners: 5
11-21 20:26:24.423 4012 4012 D DecorView: semSetRoundedCorners: 5
11-21 20:26:24.438 4012 4012 D DecorView: semSetRoundedCorners: 5
11-21 20:26:24.455 4012 4012 D DecorView: semSetRoundedCorners: 5
11-21 20:26:24.472 4012 4012 D DecorView: semSetRoundedCorners: 5
11-21 20:26:24.489 4012 4012 D DecorView: semSetRoundedCorners: 5
11-21 20:26:24.506 4012 4012 D DecorView: semSetRoundedCorners: 5
11-21 20:26:24.524 4012 4012 D DecorView: semSetRoundedCorners: 5
11-21 20:26:24.539 4012 4012 D DecorView: semSetRoundedCorners: 5
11-21 20:26:24.556 4012 4012 D DecorView: semSetRoundedCorners: 5
11-21 20:26:24.572 4012 4012 D DecorView: semSetRoundedCorners: 5
11-21 20:26:24.589 4012 4012 D DecorView: semSetRoundedCorners: 5
11-21 20:26:24.606 4012 4012 D DecorView: semSetRoundedCorners: 5
11-21 20:26:24.622 4012 4012 D DecorView: semSetRoundedCorners: 5
11-21 20:26:24.639 4012 4012 D DecorView: semSetRoundedCorners: 5
11-21 20:26:24.656 4012 4012 D DecorView: semSetRoundedCorners: 5
11-21 20:26:24.672 4012 4012 D DecorView: semSetRoundedCorners: 5
11-21 20:26:24.689 4012 4012 D DecorView: semSetRoundedCorners: 5
11-21 20:26:24.706 4012 4012 D DecorView: semSetRoundedCorners: 5
11-21 20:26:24.723 4012 4012 D DecorView: semSetRoundedCorners: 5
11-21 20:26:24.739 4012 4012 D DecorView: semSetRoundedCorners: 5
11-21 20:26:24.756 4012 4012 D DecorView: semSetRoundedCorners: 5
11-21 20:26:24.773 4012 4012 D DecorView: semSetRoundedCorners: 5
11-21 20:26:24.789 4012 4012 D DecorView: semSetRoundedCorners: 5
11-21 20:26:24.806 4012 4012 D DecorView: semSetRoundedCorners: 5
11-21 20:26:24.823 4012 4012 D DecorView: semSetRoundedCorners: 5
11-21 20:26:24.840 4012 4012 D DecorView: semSetRoundedCorners: 5
11-21 20:26:24.857 4012 4012 D DecorView: semSetRoundedCorners: 5
11-21 20:26:24.873 4012 4012 D DecorView: semSetRoundedCorners: 5
11-21 20:26:24.890 4012 4012 D DecorView: semSetRoundedCorners: 5
11-21 20:26:24.907 4012 4012 D DecorView: semSetRoundedCorners: 5
11-21 20:26:24.921 4012 5465 I AXL : RPC: ScrSetPlayerColor
11-21 20:26:24.924 4012 4012 D DecorView: semSetRoundedCorners: 5
11-21 20:26:24.940 4012 4012 D DecorView: semSetRoundedCorners: 5
11-21 20:26:24.957 4012 4012 D DecorView: semSetRoundedCorners: 5
11-21 20:26:24.974 4012 4012 D DecorView: semSetRoundedCorners: 5
11-21 20:26:24.990 4012 4012 D DecorView: semSetRoundedCorners: 5
11-21 20:26:25.007 4012 4012 D DecorView: semSetRoundedCorners: 5
11-21 20:26:25.024 4012 4012 D DecorView: semSetRoundedCorners: 5
11-21 20:26:25.040 4012 4012 D DecorView: semSetRoundedCorners: 5
11-21 20:26:25.057 4012 4012 D DecorView: semSetRoundedCorners: 5
11-21 20:26:25.074 4012 4012 D DecorView: semSetRoundedCorners: 5
11-21 20:26:25.090 4012 4012 D DecorView: semSetRoundedCorners: 5
11-21 20:26:25.108 4012 4012 D DecorView: semSetRoundedCorners: 5
11-21 20:26:25.123 4012 4012 D DecorView: semSetRoundedCorners: 5
11-21 20:26:25.141 4012 4012 D DecorView: semSetRoundedCorners: 5
11-21 20:26:25.157 4012 4012 D DecorView: semSetRoundedCorners: 5
11-21 20:26:25.174 4012 4012 D DecorView: semSetRoundedCorners: 5
11-21 20:26:25.191 4012 4012 D DecorView: semSetRoundedCorners: 5
11-21 20:26:25.207 4012 4012 D DecorView: semSetRoundedCorners: 5
11-21 20:26:25.221 4012 5465 I AXL : RPC: ScrVehicleParamsEx
11-21 20:26:25.225 4012 4012 D DecorView: semSetRoundedCorners: 5
11-21 20:26:25.241 4012 4012 D DecorView: semSetRoundedCorners: 5
11-21 20:26:25.258 4012 4012 D DecorView: semSetRoundedCorners: 5
11-21 20:26:25.274 4012 4012 D DecorView: semSetRoundedCorners: 5
11-21 20:26:25.291 4012 4012 D DecorView: semSetRoundedCorners: 5
11-21 20:26:25.308 4012 4012 D DecorView: semSetRoundedCorners: 5
11-21 20:26:25.324 4012 4012 D DecorView: semSetRoundedCorners: 5
11-21 20:26:25.341 4012 4012 D DecorView: semSetRoundedCorners: 5
11-21 20:26:25.358 4012 4012 D DecorView: semSetRoundedCorners: 5
11-21 20:26:25.375 4012 4012 D DecorView: semSetRoundedCorners: 5
11-21 20:26:25.391 4012 4012 D DecorView: semSetRoundedCorners: 5
11-21 20:26:25.408 4012 4012 D DecorView: semSetRoundedCorners: 5
11-21 20:26:25.425 4012 4012 D DecorView: semSetRoundedCorners: 5
11-21 20:26:25.441 4012 4012 D DecorView: semSetRoundedCorners: 5
11-21 20:26:25.458 4012 4012 D DecorView: semSetRoundedCorners: 5
11-21 20:26:25.475 4012 4012 D DecorView: semSetRoundedCorners: 5
11-21 20:26:25.492 4012 4012 D DecorView: semSetRoundedCorners: 5
11-21 20:26:25.508 4012 4012 D DecorView: semSetRoundedCorners: 5
11-21 20:26:25.525 4012 4012 D DecorView: semSetRoundedCorners: 5
11-21 20:26:25.542 4012 4012 D DecorView: semSetRoundedCorners: 5
11-21 20:26:25.559 4012 4012 D DecorView: semSetRoundedCorners: 5
11-21 20:26:25.575 4012 4012 D DecorView: semSetRoundedCorners: 5
11-21 20:26:25.592 4012 4012 D DecorView: semSetRoundedCorners: 5
11-21 20:26:25.609 4012 4012 D DecorView: semSetRoundedCorners: 5
11-21 20:26:25.625 4012 4012 D DecorView: semSetRoundedCorners: 5
11-21 20:26:25.642 4012 4012 D DecorView: semSetRoundedCorners: 5
11-21 20:26:25.659 4012 4012 D DecorView: semSetRoundedCorners: 5
11-21 20:26:25.676 4012 4012 D DecorView: semSetRoundedCorners: 5
11-21 20:26:25.692 4012 4012 D DecorView: semSetRoundedCorners: 5
11-21 20:26:25.709 4012 4012 D DecorView: semSetRoundedCorners: 5
11-21 20:26:25.726 4012 4012 D DecorView: semSetRoundedCorners: 5
11-21 20:26:25.743 4012 4012 D DecorView: semSetRoundedCorners: 5
11-21 20:26:25.759 4012 4012 D DecorView: semSetRoundedCorners: 5
11-21 20:26:25.776 4012 4012 D DecorView: semSetRoundedCorners: 5
11-21 20:26:25.793 4012 4012 D DecorView: semSetRoundedCorners: 5
11-21 20:26:25.810 4012 4012 D DecorView: semSetRoundedCorners: 5
11-21 20:26:25.826 4012 4012 D DecorView: semSetRoundedCorners: 5
11-21 20:26:25.843 4012 4012 D DecorView: semSetRoundedCorners: 5
11-21 20:26:25.860 4012 4012 D DecorView: semSetRoundedCorners: 5
11-21 20:26:25.876 4012 4012 D DecorView: semSetRoundedCorners: 5
11-21 20:26:25.893 4012 4012 D DecorView: semSetRoundedCorners: 5
11-21 20:26:25.910 4012 4012 D DecorView: semSetRoundedCorners: 5
11-21 20:26:25.927 4012 4012 D DecorView: semSetRoundedCorners: 5
11-21 20:26:25.944 4012 4012 D DecorView: semSetRoundedCorners: 5
11-21 20:26:25.960 4012 4012 D DecorView: semSetRoundedCorners: 5
11-21 20:26:25.976 4012 4012 D DecorView: semSetRoundedCorners: 5
11-21 20:26:25.994 4012 4012 D DecorView: semSetRoundedCorners: 5
11-21 20:26:26.010 4012 4012 D DecorView: semSetRoundedCorners: 5
11-21 20:26:26.027 4012 4012 D DecorView: semSetRoundedCorners: 5
11-21 20:26:26.044 4012 4012 D DecorView: semSetRoundedCorners: 5
11-21 20:26:26.061 4012 4012 D DecorView: semSetRoundedCorners: 5
11-21 20:26:26.077 4012 4012 D DecorView: semSetRoundedCorners: 5
11-21 20:26:26.094 4012 4012 D DecorView: semSetRoundedCorners: 5
11-21 20:26:26.111 4012 4012 D DecorView: semSetRoundedCorners: 5
11-21 20:26:26.127 4012 4012 D DecorView: semSetRoundedCorners: 5
11-21 20:26:26.144 4012 4012 D DecorView: semSetRoundedCorners: 5
11-21 20:26:26.161 4012 4012 D DecorView: semSetRoundedCorners: 5
11-21 20:26:26.177 4012 4012 D DecorView: semSetRoundedCorners: 5
11-21 20:26:26.194 4012 4012 D DecorView: semSetRoundedCorners: 5
11-21 20:26:26.211 4012 4012 D DecorView: semSetRoundedCorners: 5
11-21 20:26:26.228 4012 4012 D DecorView: semSetRoundedCorners: 5
11-21 20:26:26.245 4012 4012 D DecorView: semSetRoundedCorners: 5
11-21 20:26:26.261 4012 4012 D DecorView: semSetRoundedCorners: 5
11-21 20:26:26.277 4012 4012 D DecorView: semSetRoundedCorners: 5
11-21 20:26:26.295 4012 4012 D DecorView: semSetRoundedCorners: 5
11-21 20:26:26.311 4012 4012 D DecorView: semSetRoundedCorners: 5
11-21 20:26:26.328 4012 4012 D DecorView: semSetRoundedCorners: 5
11-21 20:26:26.345 4012 4012 D DecorView: semSetRoundedCorners: 5
11-21 20:26:26.361 4012 4012 D DecorView: semSetRoundedCorners: 5
11-21 20:26:26.378 4012 4012 D DecorView: semSetRoundedCorners: 5
11-21 20:26:26.395 4012 4012 D DecorView: semSetRoundedCorners: 5
11-21 20:26:26.407 4012 4012 I ViewRootImpl@fb83006[GTASA]: ViewPostIme pointer 0
11-21 20:26:26.412 4012 4012 D DecorView: semSetRoundedCorners: 5
11-21 20:26:26.428 4012 4012 D DecorView: semSetRoundedCorners: 5
11-21 20:26:26.445 4012 4012 D DecorView: semSetRoundedCorners: 5
11-21 20:26:26.454 4012 4012 I ViewRootImpl@fb83006[GTASA]: ViewPostIme pointer 1
11-21 20:26:26.461 4012 4012 D DecorView: semSetRoundedCorners: 5
11-21 20:26:26.479 4012 4012 D DecorView: semSetRoundedCorners: 5
11-21 20:26:26.495 4012 4012 D DecorView: semSetRoundedCorners: 5
11-21 20:26:26.512 4012 4012 D DecorView: semSetRoundedCorners: 5
11-21 20:26:26.528 4012 4012 D DecorView: semSetRoundedCorners: 5
11-21 20:26:26.545 4012 4012 D DecorView: semSetRoundedCorners: 5
11-21 20:26:26.557 4012 5465 I AXL : RPC: ScrVehicleParamsEx
11-21 20:26:26.562 4012 4012 D DecorView: semSetRoundedCorners: 5
11-21 20:26:26.578 4012 4012 D DecorView: semSetRoundedCorners: 5
11-21 20:26:26.595 4012 4012 D DecorView: semSetRoundedCorners: 5
11-21 20:26:26.612 4012 4012 D DecorView: semSetRoundedCorners: 5
11-21 20:26:26.629 4012 4012 D DecorView: semSetRoundedCorners: 5
11-21 20:26:26.645 4012 4012 D DecorView: semSetRoundedCorners: 5
11-21 20:26:26.662 4012 4012 D DecorView: semSetRoundedCorners: 5
11-21 20:26:26.679 4012 4012 D DecorView: semSetRoundedCorners: 5
11-21 20:26:26.695 4012 4012 D DecorView: semSetRoundedCorners: 5
11-21 20:26:26.713 4012 4012 D DecorView: semSetRoundedCorners: 5
11-21 20:26:26.729 4012 4012 D DecorView: semSetRoundedCorners: 5
11-21 20:26:26.746 4012 4012 D DecorView: semSetRoundedCorners: 5
11-21 20:26:26.757 4012 5465 I AXL : RPC_CUSTOM_HANDLING_DEFAULTS
11-21 20:26:26.763 4012 4012 D DecorView: semSetRoundedCorners: 5
11-21 20:26:26.779 4012 4012 D DecorView: semSetRoundedCorners: 5
11-21 20:26:26.796 4012 4012 D DecorView: semSetRoundedCorners: 5
11-21 20:26:26.813 4012 4012 D DecorView: semSetRoundedCorners: 5
11-21 20:26:26.829 4012 4012 D DecorView: semSetRoundedCorners: 5
11-21 20:26:26.846 4012 4012 D DecorView: semSetRoundedCorners: 5
11-21 20:26:26.863 4012 4012 D DecorView: semSetRoundedCorners: 5
11-21 20:26:26.879 4012 4012 D DecorView: semSetRoundedCorners: 5
11-21 20:26:26.897 4012 4012 D DecorView: semSetRoundedCorners: 5
11-21 20:26:26.913 4012 4012 D DecorView: semSetRoundedCorners: 5
11-21 20:26:26.930 4012 4012 D DecorView: semSetRoundedCorners: 5
11-21 20:26:26.946 4012 4012 D DecorView: semSetRoundedCorners: 5
11-21 20:26:26.963 4012 4012 D DecorView: semSetRoundedCorners: 5
11-21 20:26:26.980 4012 4012 D DecorView: semSetRoundedCorners: 5
11-21 20:26:26.997 4012 4012 D DecorView: semSetRoundedCorners: 5
11-21 20:26:27.014 4012 4012 D DecorView: semSetRoundedCorners: 5
11-21 20:26:27.030 4012 4012 D DecorView: semSetRoundedCorners: 5
11-21 20:26:27.047 4012 4012 D DecorView: semSetRoundedCorners: 5
11-21 20:26:27.064 4012 4012 D DecorView: semSetRoundedCorners: 5
11-21 20:26:27.080 4012 4012 D DecorView: semSetRoundedCorners: 5
11-21 20:26:27.097 4012 4012 D DecorView: semSetRoundedCorners: 5
11-21 20:26:27.114 4012 4012 D DecorView: semSetRoundedCorners: 5
11-21 20:26:27.130 4012 4012 D DecorView: semSetRoundedCorners: 5
11-21 20:26:27.148 4012 4012 D DecorView: semSetRoundedCorners: 5
11-21 20:26:27.164 4012 4012 D DecorView: semSetRoundedCorners: 5
11-21 20:26:27.180 4012 4012 D DecorView: semSetRoundedCorners: 5
11-21 20:26:27.198 4012 4012 D DecorView: semSetRoundedCorners: 5
11-21 20:26:27.208 4012 5465 I AXL : RPC: ScrSetPlayerColor
11-21 20:26:27.215 4012 4012 D DecorView: semSetRoundedCorners: 5
11-21 20:26:27.231 4012 4012 D DecorView: semSetRoundedCorners: 5
11-21 20:26:27.249 4012 4012 D DecorView: semSetRoundedCorners: 5
11-21 20:26:27.264 4012 4012 D DecorView: semSetRoundedCorners: 5
11-21 20:26:27.281 4012 4012 D DecorView: semSetRoundedCorners: 5
11-21 20:26:27.298 4012 4012 D DecorView: semSetRoundedCorners: 5
11-21 20:26:27.315 4012 4012 D DecorView: semSetRoundedCorners: 5
11-21 20:26:27.331 4012 4012 D DecorView: semSetRoundedCorners: 5
11-21 20:26:27.348 4012 4012 D DecorView: semSetRoundedCorners: 5
11-21 20:26:27.365 4012 4012 D DecorView: semSetRoundedCorners: 5
11-21 20:26:27.382 4012 4012 D DecorView: semSetRoundedCorners: 5
11-21 20:26:27.392 4012 5465 I AXL : RPC: ScrVehicleParamsEx
11-21 20:26:27.398 4012 4012 D DecorView: semSetRoundedCorners: 5
11-21 20:26:27.415 4012 4012 D DecorView: semSetRoundedCorners: 5
11-21 20:26:27.432 4012 4012 D DecorView: semSetRoundedCorners: 5
11-21 20:26:27.448 4012 4012 D DecorView: semSetRoundedCorners: 5
11-21 20:26:27.465 4012 4012 D DecorView: semSetRoundedCorners: 5
11-21 20:26:27.482 4012 4012 D DecorView: semSetRoundedCorners: 5
11-21 20:26:27.498 4012 4012 D DecorView: semSetRoundedCorners: 5
11-21 20:26:27.516 4012 4012 D DecorView: semSetRoundedCorners: 5
11-21 20:26:27.532 4012 4012 D DecorView: semSetRoundedCorners: 5
11-21 20:26:27.549 4012 4012 D DecorView: semSetRoundedCorners: 5
11-21 20:26:27.565 4012 4012 D DecorView: semSetRoundedCorners: 5
11-21 20:26:27.582 4012 4012 D DecorView: semSetRoundedCorners: 5
11-21 20:26:27.599 4012 4012 D DecorView: semSetRoundedCorners: 5
11-21 20:26:27.616 4012 4012 D DecorView: semSetRoundedCorners: 5
11-21 20:26:27.633 4012 4012 D DecorView: semSetRoundedCorners: 5
11-21 20:26:27.649 4012 4012 D DecorView: semSetRoundedCorners: 5
11-21 20:26:27.666 4012 4012 D DecorView: semSetRoundedCorners: 5
11-21 20:26:27.682 4012 4012 D DecorView: semSetRoundedCorners: 5
11-21 20:26:27.699 4012 4012 D DecorView: semSetRoundedCorners: 5
11-21 20:26:27.716 4012 4012 D DecorView: semSetRoundedCorners: 5
11-21 20:26:27.732 4012 4012 D DecorView: semSetRoundedCorners: 5
11-21 20:26:27.749 4012 4012 D DecorView: semSetRoundedCorners: 5
11-21 20:26:27.766 4012 4012 D DecorView: semSetRoundedCorners: 5
11-21 20:26:27.783 4012 4012 D DecorView: semSetRoundedCorners: 5
11-21 20:26:27.799 4012 4012 D DecorView: semSetRoundedCorners: 5
11-21 20:26:27.816 4012 4012 D DecorView: semSetRoundedCorners: 5
11-21 20:26:27.833 4012 4012 D DecorView: semSetRoundedCorners: 5
11-21 20:26:27.849 4012 4012 D DecorView: semSetRoundedCorners: 5
11-21 20:26:27.866 4012 4012 D DecorView: semSetRoundedCorners: 5
11-21 20:26:27.883 4012 4012 D DecorView: semSetRoundedCorners: 5
11-21 20:26:27.900 4012 4012 D DecorView: semSetRoundedCorners: 5
11-21 20:26:27.913 4012 5465 I AXL : RPC: ScrClearPlayerAnimations
11-21 20:26:27.917 4012 4012 D DecorView: semSetRoundedCorners: 5
11-21 20:26:27.933 4012 4012 D DecorView: semSetRoundedCorners: 5
11-21 20:26:27.950 4012 4012 D DecorView: semSetRoundedCorners: 5
11-21 20:26:27.966 4012 4012 D DecorView: semSetRoundedCorners: 5
11-21 20:26:27.983 4012 4012 D DecorView: semSetRoundedCorners: 5
11-21 20:26:28.000 4012 4012 D DecorView: semSetRoundedCorners: 5
11-21 20:26:28.017 4012 4012 D DecorView: semSetRoundedCorners: 5
11-21 20:26:28.034 4012 4012 D DecorView: semSetRoundedCorners: 5
11-21 20:26:28.050 4012 4012 D DecorView: semSetRoundedCorners: 5
11-21 20:26:28.067 4012 4012 D DecorView: semSetRoundedCorners: 5
11-21 20:26:28.084 4012 4012 D DecorView: semSetRoundedCorners: 5
11-21 20:26:28.100 4012 4012 D DecorView: semSetRoundedCorners: 5
11-21 20:26:28.117 4012 4012 D DecorView: semSetRoundedCorners: 5
11-21 20:26:28.134 4012 4012 D DecorView: semSetRoundedCorners: 5
11-21 20:26:28.150 4012 4012 D DecorView: semSetRoundedCorners: 5
11-21 20:26:28.167 4012 4012 D DecorView: semSetRoundedCorners: 5
11-21 20:26:28.184 4012 4012 D DecorView: semSetRoundedCorners: 5
11-21 20:26:28.200 4012 4012 D DecorView: semSetRoundedCorners: 5
11-21 20:26:28.213 4012 5465 I AXL : RPC: ScrSetPlayerColor
11-21 20:26:28.213 4012 5465 I AXL : RPC: ScrSetPlayerColor
11-21 20:26:28.217 4012 4012 D DecorView: semSetRoundedCorners: 5
11-21 20:26:28.234 4012 4012 D DecorView: semSetRoundedCorners: 5
11-21 20:26:28.251 4012 4012 D DecorView: semSetRoundedCorners: 5
11-21 20:26:28.267 4012 4012 D DecorView: semSetRoundedCorners: 5
11-21 20:26:28.284 4012 4012 D DecorView: semSetRoundedCorners: 5
11-21 20:26:28.301 4012 4012 D DecorView: semSetRoundedCorners: 5
11-21 20:26:28.317 4012 4012 D DecorView: semSetRoundedCorners: 5
11-21 20:26:28.335 4012 4012 D DecorView: semSetRoundedCorners: 5
11-21 20:26:28.351 4012 4012 D DecorView: semSetRoundedCorners: 5
11-21 20:26:28.368 4012 4012 D DecorView: semSetRoundedCorners: 5
11-21 20:26:28.385 4012 4012 D DecorView: semSetRoundedCorners: 5
11-21 20:26:28.401 4012 4012 D DecorView: semSetRoundedCorners: 5
11-21 20:26:28.418 4012 4012 D DecorView: semSetRoundedCorners: 5
11-21 20:26:28.435 4012 4012 D DecorView: semSetRoundedCorners: 5
11-21 20:26:28.452 4012 4012 D DecorView: semSetRoundedCorners: 5
11-21 20:26:28.468 4012 4012 D DecorView: semSetRoundedCorners: 5
11-21 20:26:28.485 4012 4012 D DecorView: semSetRoundedCorners: 5
11-21 20:26:28.501 4012 4012 D DecorView: semSetRoundedCorners: 5
11-21 20:26:28.518 4012 4012 D DecorView: semSetRoundedCorners: 5
11-21 20:26:28.535 4012 4012 D DecorView: semSetRoundedCorners: 5
11-21 20:26:28.552 4012 4012 D DecorView: semSetRoundedCorners: 5
11-21 20:26:28.569 4012 4012 D DecorView: semSetRoundedCorners: 5
11-21 20:26:28.586 4012 4012 D DecorView: semSetRoundedCorners: 5
11-21 20:26:28.602 4012 4012 D DecorView: semSetRoundedCorners: 5
11-21 20:26:28.619 4012 4012 D DecorView: semSetRoundedCorners: 5
11-21 20:26:28.636 4012 4012 D DecorView: semSetRoundedCorners: 5
11-21 20:26:28.652 4012 4012 D DecorView: semSetRoundedCorners: 5
11-21 20:26:28.669 4012 4012 D DecorView: semSetRoundedCorners: 5
11-21 20:26:28.686 4012 4012 D DecorView: semSetRoundedCorners: 5
11-21 20:26:28.702 4012 4012 D DecorView: semSetRoundedCorners: 5
11-21 20:26:28.719 4012 4012 D DecorView: semSetRoundedCorners: 5
11-21 20:26:28.736 4012 4012 D DecorView: semSetRoundedCorners: 5
11-21 20:26:28.752 4012 4012 D DecorView: semSetRoundedCorners: 5
11-21 20:26:28.769 4012 4012 D DecorView: semSetRoundedCorners: 5
11-21 20:26:28.786 4012 4012 D DecorView: semSetRoundedCorners: 5
11-21 20:26:28.803 4012 4012 D DecorView: semSetRoundedCorners: 5
11-21 20:26:28.820 4012 4012 D DecorView: semSetRoundedCorners: 5
11-21 20:26:28.836 4012 4012 D DecorView: semSetRoundedCorners: 5
11-21 20:26:28.853 4012 4012 D DecorView: semSetRoundedCorners: 5
11-21 20:26:28.870 4012 4012 D DecorView: semSetRoundedCorners: 5
11-21 20:26:28.887 4012 4012 D DecorView: semSetRoundedCorners: 5
11-21 20:26:28.903 4012 4012 D DecorView: semSetRoundedCorners: 5
11-21 20:26:28.920 4012 4012 D DecorView: semSetRoundedCorners: 5
11-21 20:26:28.936 4012 4012 D DecorView: semSetRoundedCorners: 5
11-21 20:26:28.953 4012 4012 D DecorView: semSetRoundedCorners: 5
11-21 20:26:28.970 4012 4012 D DecorView: semSetRoundedCorners: 5
11-21 20:26:28.987 4012 4012 D DecorView: semSetRoundedCorners: 5
11-21 20:26:28.998 4012 5465 I AXL : Removing from vehicle..
11-21 20:26:28.998 4012 5465 I AXL : Setting flag state..
11-21 20:26:28.998 4012 5465 I AXL : Calling destructor..
11-21 20:26:28.998 4012 5465 I AXL : PlayerPed Destroyed
11-21 20:26:29.003 4012 4012 D DecorView: semSetRoundedCorners: 5
11-21 20:26:29.020 4012 4012 D DecorView: semSetRoundedCorners: 5
11-21 20:26:29.037 4012 4012 D DecorView: semSetRoundedCorners: 5
11-21 20:26:29.054 4012 4012 D DecorView: semSetRoundedCorners: 5
11-21 20:26:29.070 4012 4012 D DecorView: semSetRoundedCorners: 5
11-21 20:26:29.087 4012 4012 D DecorView: semSetRoundedCorners: 5
11-21 20:26:29.105 4012 4012 D DecorView: semSetRoundedCorners: 5
11-21 20:26:29.120 4012 4012 D DecorView: semSetRoundedCorners: 5
11-21 20:26:29.137 4012 4012 D DecorView: semSetRoundedCorners: 5
11-21 20:26:29.154 4012 4012 D DecorView: semSetRoundedCorners: 5
11-21 20:26:29.171 4012 4012 D DecorView: semSetRoundedCorners: 5
11-21 20:26:29.188 4012 4012 D DecorView: semSetRoundedCorners: 5
11-21 20:26:29.204 4012 4012 D DecorView: semSetRoundedCorners: 5
11-21 20:26:29.221 4012 4012 D DecorView: semSetRoundedCorners: 5
11-21 20:26:29.237 4012 4012 D DecorView: semSetRoundedCorners: 5
11-21 20:26:29.254 4012 4012 D DecorView: semSetRoundedCorners: 5
11-21 20:26:29.271 4012 4012 D DecorView: semSetRoundedCorners: 5
11-21 20:26:29.288 4012 4012 D DecorView: semSetRoundedCorners: 5
11-21 20:26:29.305 4012 4012 D DecorView: semSetRoundedCorners: 5
11-21 20:26:29.321 4012 4012 D DecorView: semSetRoundedCorners: 5
11-21 20:26:29.338 4012 4012 D DecorView: semSetRoundedCorners: 5
11-21 20:26:29.355 4012 4012 D DecorView: semSetRoundedCorners: 5
11-21 20:26:29.372 4012 4012 D DecorView: semSetRoundedCorners: 5
11-21 20:26:29.388 4012 4012 D DecorView: semSetRoundedCorners: 5
11-21 20:26:29.405 4012 4012 D DecorView: semSetRoundedCorners: 5
11-21 20:26:29.422 4012 4012 D DecorView: semSetRoundedCorners: 5
11-21 20:26:29.438 4012 4012 D DecorView: semSetRoundedCorners: 5
11-21 20:26:29.456 4012 4012 D DecorView: semSetRoundedCorners: 5
11-21 20:26:29.473 4012 4012 D DecorView: semSetRoundedCorners: 5
11-21 20:26:29.489 4012 4012 D DecorView: semSetRoundedCorners: 5
11-21 20:26:29.506 4012 4012 D DecorView: semSetRoundedCorners: 5
11-21 20:26:29.522 4012 4012 D DecorView: semSetRoundedCorners: 5
11-21 20:26:29.538 4012 4012 D DecorView: semSetRoundedCorners: 5
11-21 20:26:29.556 4012 4012 D DecorView: semSetRoundedCorners: 5
11-21 20:26:29.572 4012 4012 D DecorView: semSetRoundedCorners: 5
11-21 20:26:29.589 4012 4012 D DecorView: semSetRoundedCorners: 5
11-21 20:26:29.606 4012 4012 D DecorView: semSetRoundedCorners: 5
11-21 20:26:29.622 4012 4012 D DecorView: semSetRoundedCorners: 5
11-21 20:26:29.638 4012 4012 D DecorView: semSetRoundedCorners: 5
11-21 20:26:29.656 4012 4012 D DecorView: semSetRoundedCorners: 5
11-21 20:26:29.672 4012 4012 D DecorView: semSetRoundedCorners: 5
11-21 20:26:29.689 4012 4012 D DecorView: semSetRoundedCorners: 5
11-21 20:26:29.706 4012 4012 D DecorView: semSetRoundedCorners: 5
11-21 20:26:29.722 4012 4012 D DecorView: semSetRoundedCorners: 5
11-21 20:26:29.739 4012 4012 D DecorView: semSetRoundedCorners: 5
11-21 20:26:29.756 4012 4012 D DecorView: semSetRoundedCorners: 5
11-21 20:26:29.773 4012 4012 D DecorView: semSetRoundedCorners: 5
11-21 20:26:29.790 4012 4012 D DecorView: semSetRoundedCorners: 5
11-21 20:26:29.806 4012 4012 D DecorView: semSetRoundedCorners: 5
11-21 20:26:29.823 4012 4012 D DecorView: semSetRoundedCorners: 5
11-21 20:26:29.840 4012 4012 D DecorView: semSetRoundedCorners: 5
11-21 20:26:29.856 4012 4012 D DecorView: semSetRoundedCorners: 5
11-21 20:26:29.873 4012 4012 D DecorView: semSetRoundedCorners: 5
11-21 20:26:29.890 4012 4012 D DecorView: semSetRoundedCorners: 5
11-21 20:26:29.906 4012 4012 D DecorView: semSetRoundedCorners: 5
11-21 20:26:29.924 4012 4012 D DecorView: semSetRoundedCorners: 5
11-21 20:26:29.940 4012 4012 D DecorView: semSetRoundedCorners: 5
11-21 20:26:29.957 4012 4012 D DecorView: semSetRoundedCorners: 5
11-21 20:26:29.973 4012 4012 D DecorView: semSetRoundedCorners: 5
11-21 20:26:29.990 4012 4012 D DecorView: semSetRoundedCorners: 5
11-21 20:26:30.007 4012 4012 D DecorView: semSetRoundedCorners: 5
11-21 20:26:30.024 4012 4012 D DecorView: semSetRoundedCorners: 5
11-21 20:26:30.033 4012 5465 I AXL : RPC: ScrVehicleParamsEx
11-21 20:26:30.040 4012 4012 D DecorView: semSetRoundedCorners: 5
11-21 20:26:30.056 4012 4012 D DecorView: semSetRoundedCorners: 5
11-21 20:26:30.066 4012 5465 I AXL : RPC: ScrVehicleParamsEx
11-21 20:26:30.074 4012 4012 D DecorView: semSetRoundedCorners: 5
11-21 20:26:30.091 4012 4012 D DecorView: semSetRoundedCorners: 5
11-21 20:26:30.107 4012 4012 D DecorView: semSetRoundedCorners: 5
11-21 20:26:30.124 4012 4012 D DecorView: semSetRoundedCorners: 5
11-21 20:26:30.141 4012 4012 D DecorView: semSetRoundedCorners: 5
11-21 20:26:30.157 4012 4012 D DecorView: semSetRoundedCorners: 5
11-21 20:26:30.174 4012 4012 D DecorView: semSetRoundedCorners: 5
11-21 20:26:30.191 4012 4012 D DecorView: semSetRoundedCorners: 5
11-21 20:26:30.208 4012 4012 D DecorView: semSetRoundedCorners: 5
11-21 20:26:30.224 4012 4012 D DecorView: semSetRoundedCorners: 5
11-21 20:26:30.241 4012 4012 D DecorView: semSetRoundedCorners: 5
11-21 20:26:30.258 4012 4012 D DecorView: semSetRoundedCorners: 5
11-21 20:26:30.275 4012 4012 D DecorView: semSetRoundedCorners: 5
11-21 20:26:30.292 4012 4012 D DecorView: semSetRoundedCorners: 5
11-21 20:26:30.308 4012 4012 D DecorView: semSetRoundedCorners: 5
11-21 20:26:30.325 4012 4012 D DecorView: semSetRoundedCorners: 5
11-21 20:26:30.342 4012 4012 D DecorView: semSetRoundedCorners: 5
11-21 20:26:30.358 4012 4012 D DecorView: semSetRoundedCorners: 5
11-21 20:26:30.375 4012 4012 D DecorView: semSetRoundedCorners: 5
11-21 20:26:30.392 4012 4012 D DecorView: semSetRoundedCorners: 5
11-21 20:26:30.408 4012 4012 D DecorView: semSetRoundedCorners: 5
11-21 20:26:30.425 4012 4012 D DecorView: semSetRoundedCorners: 5
11-21 20:26:30.441 4012 4012 D DecorView: semSetRoundedCorners: 5
11-21 20:26:30.458 4012 4012 D DecorView: semSetRoundedCorners: 5
11-21 20:26:30.475 4012 4012 D DecorView: semSetRoundedCorners: 5
11-21 20:26:30.492 4012 4012 D DecorView: semSetRoundedCorners: 5
11-21 20:26:30.508 4012 4012 D DecorView: semSetRoundedCorners: 5
11-21 20:26:30.525 4012 4012 D DecorView: semSetRoundedCorners: 5
11-21 20:26:30.542 4012 4012 D DecorView: semSetRoundedCorners: 5
11-21 20:26:30.558 4012 4012 D DecorView: semSetRoundedCorners: 5
11-21 20:26:30.576 4012 4012 D DecorView: semSetRoundedCorners: 5
11-21 20:26:30.592 4012 4012 D DecorView: semSetRoundedCorners: 5
11-21 20:26:30.609 4012 4012 D DecorView: semSetRoundedCorners: 5
11-21 20:26:30.627 4012 4012 D DecorView: semSetRoundedCorners: 5
11-21 20:26:30.642 4012 4012 D DecorView: semSetRoundedCorners: 5
11-21 20:26:30.659 4012 4012 D DecorView: semSetRoundedCorners: 5
11-21 20:26:30.676 4012 4012 D DecorView: semSetRoundedCorners: 5
11-21 20:26:30.693 4012 4012 D DecorView: semSetRoundedCorners: 5
11-21 20:26:30.710 4012 4012 D DecorView: semSetRoundedCorners: 5
11-21 20:26:30.726 4012 4012 D DecorView: semSetRoundedCorners: 5
11-21 20:26:30.743 4012 4012 D DecorView: semSetRoundedCorners: 5
11-21 20:26:30.760 4012 4012 D DecorView: semSetRoundedCorners: 5
11-21 20:26:30.776 4012 4012 D DecorView: semSetRoundedCorners: 5
11-21 20:26:30.793 4012 4012 D DecorView: semSetRoundedCorners: 5
11-21 20:26:30.810 4012 4012 D DecorView: semSetRoundedCorners: 5
11-21 20:26:30.826 4012 4012 D DecorView: semSetRoundedCorners: 5
11-21 20:26:30.843 4012 4012 D DecorView: semSetRoundedCorners: 5
11-21 20:26:30.860 4012 4012 D DecorView: semSetRoundedCorners: 5
11-21 20:26:30.876 4012 4012 D DecorView: semSetRoundedCorners: 5
11-21 20:26:30.893 4012 4012 D DecorView: semSetRoundedCorners: 5
11-21 20:26:30.910 4012 4012 D DecorView: semSetRoundedCorners: 5
11-21 20:26:30.927 4012 4012 D DecorView: semSetRoundedCorners: 5
11-21 20:26:30.943 4012 4012 D DecorView: semSetRoundedCorners: 5
11-21 20:26:30.960 4012 4012 D DecorView: semSetRoundedCorners: 5
11-21 20:26:30.977 4012 4012 D DecorView: semSetRoundedCorners: 5
11-21 20:26:30.994 4012 4012 D DecorView: semSetRoundedCorners: 5
11-21 20:26:31.010 4012 4012 D DecorView: semSetRoundedCorners: 5
11-21 20:26:31.027 4012 4012 D DecorView: semSetRoundedCorners: 5
11-21 20:26:31.044 4012 4012 D DecorView: semSetRoundedCorners: 5
11-21 20:26:31.060 4012 4012 D DecorView: semSetRoundedCorners: 5
11-21 20:26:31.077 4012 4012 D DecorView: semSetRoundedCorners: 5
11-21 20:26:31.095 4012 4012 D DecorView: semSetRoundedCorners: 5
11-21 20:26:31.111 4012 4012 D DecorView: semSetRoundedCorners: 5
11-21 20:26:31.127 4012 4012 D DecorView: semSetRoundedCorners: 5
11-21 20:26:31.144 4012 4012 D DecorView: semSetRoundedCorners: 5
11-21 20:26:31.161 4012 4012 D DecorView: semSetRoundedCorners: 5
11-21 20:26:31.178 4012 4012 D DecorView: semSetRoundedCorners: 5
11-21 20:26:31.194 4012 4012 D DecorView: semSetRoundedCorners: 5
11-21 20:26:31.211 4012 4012 D DecorView: semSetRoundedCorners: 5
11-21 20:26:31.227 4012 4012 D DecorView: semSetRoundedCorners: 5
11-21 20:26:31.244 4012 4012 D DecorView: semSetRoundedCorners: 5
11-21 20:26:31.261 4012 4012 D DecorView: semSetRoundedCorners: 5
11-21 20:26:31.277 4012 4012 D DecorView: semSetRoundedCorners: 5
11-21 20:26:31.295 4012 4012 D DecorView: semSetRoundedCorners: 5
11-21 20:26:31.311 4012 4012 D DecorView: semSetRoundedCorners: 5
11-21 20:26:31.328 4012 4012 D DecorView: semSetRoundedCorners: 5
11-21 20:26:31.345 4012 4012 D DecorView: semSetRoundedCorners: 5
11-21 20:26:31.361 4012 4012 D DecorView: semSetRoundedCorners: 5
11-21 20:26:31.378 4012 4012 D DecorView: semSetRoundedCorners: 5
11-21 20:26:31.395 4012 4012 D DecorView: semSetRoundedCorners: 5
11-21 20:26:31.412 4012 4012 D DecorView: semSetRoundedCorners: 5
11-21 20:26:31.428 4012 4012 D DecorView: semSetRoundedCorners: 5
11-21 20:26:31.445 4012 4012 D DecorView: semSetRoundedCorners: 5
11-21 20:26:31.462 4012 4012 D DecorView: semSetRoundedCorners: 5
11-21 20:26:31.478 4012 4012 D DecorView: semSetRoundedCorners: 5
11-21 20:26:31.495 4012 4012 D DecorView: semSetRoundedCorners: 5
11-21 20:26:31.512 4012 4012 D DecorView: semSetRoundedCorners: 5
11-21 20:26:31.528 4012 4012 D DecorView: semSetRoundedCorners: 5
11-21 20:26:31.545 4012 4012 D DecorView: semSetRoundedCorners: 5
11-21 20:26:31.562 4012 4012 D DecorView: semSetRoundedCorners: 5
11-21 20:26:31.578 4012 4012 D DecorView: semSetRoundedCorners: 5
11-21 20:26:31.596 4012 4012 D DecorView: semSetRoundedCorners: 5
11-21 20:26:31.612 4012 4012 D DecorView: semSetRoundedCorners: 5
11-21 20:26:31.629 4012 4012 D DecorView: semSetRoundedCorners: 5
11-21 20:26:31.646 4012 4012 D DecorView: semSetRoundedCorners: 5
11-21 20:26:31.662 4012 4012 D DecorView: semSetRoundedCorners: 5
11-21 20:26:31.679 4012 4012 D DecorView: semSetRoundedCorners: 5
11-21 20:26:31.697 4012 4012 D DecorView: semSetRoundedCorners: 5
11-21 20:26:31.714 4012 4012 D DecorView: semSetRoundedCorners: 5
11-21 20:26:31.724 4012 5465 I AXL : RPC: ScrVehicleParamsEx
11-21 20:26:31.730 4012 4012 D DecorView: semSetRoundedCorners: 5
11-21 20:26:31.747 4012 4012 D DecorView: semSetRoundedCorners: 5
11-21 20:26:31.763 4012 4012 D DecorView: semSetRoundedCorners: 5
11-21 20:26:31.779 4012 4012 D DecorView: semSetRoundedCorners: 5
11-21 20:26:31.796 4012 4012 D DecorView: semSetRoundedCorners: 5
11-21 20:26:31.813 4012 4012 D DecorView: semSetRoundedCorners: 5
11-21 20:26:31.830 4012 4012 D DecorView: semSetRoundedCorners: 5
11-21 20:26:31.847 4012 4012 D DecorView: semSetRoundedCorners: 5
11-21 20:26:31.863 4012 4012 D DecorView: semSetRoundedCorners: 5
11-21 20:26:31.880 4012 4012 D DecorView: semSetRoundedCorners: 5
11-21 20:26:31.897 4012 4012 D DecorView: semSetRoundedCorners: 5
11-21 20:26:31.913 4012 4012 D DecorView: semSetRoundedCorners: 5
11-21 20:26:31.930 4012 4012 D DecorView: semSetRoundedCorners: 5
11-21 20:26:31.947 4012 4012 D DecorView: semSetRoundedCorners: 5
11-21 20:26:31.964 4012 4012 D DecorView: semSetRoundedCorners: 5
11-21 20:26:31.980 4012 4012 D DecorView: semSetRoundedCorners: 5
11-21 20:26:31.996 4012 4012 D DecorView: semSetRoundedCorners: 5
11-21 20:26:32.013 4012 4012 D DecorView: semSetRoundedCorners: 5
11-21 20:26:32.030 4012 4012 D DecorView: semSetRoundedCorners: 5
11-21 20:26:32.047 4012 4012 D DecorView: semSetRoundedCorners: 5
11-21 20:26:32.064 4012 4012 D DecorView: semSetRoundedCorners: 5
11-21 20:26:32.080 4012 4012 D DecorView: semSetRoundedCorners: 5
11-21 20:26:32.097 4012 4012 D DecorView: semSetRoundedCorners: 5
11-21 20:26:32.114 4012 4012 D DecorView: semSetRoundedCorners: 5
11-21 20:26:32.131 4012 4012 D DecorView: semSetRoundedCorners: 5
11-21 20:26:32.147 4012 4012 D DecorView: semSetRoundedCorners: 5
11-21 20:26:32.164 4012 4012 D DecorView: semSetRoundedCorners: 5
11-21 20:26:32.181 4012 4012 D DecorView: semSetRoundedCorners: 5
11-21 20:26:32.197 4012 4012 D DecorView: semSetRoundedCorners: 5
11-21 20:26:32.214 4012 4012 D DecorView: semSetRoundedCorners: 5
11-21 20:26:32.231 4012 4012 D DecorView: semSetRoundedCorners: 5
11-21 20:26:32.247 4012 4012 D DecorView: semSetRoundedCorners: 5
11-21 20:26:32.264 4012 4012 D DecorView: semSetRoundedCorners: 5
11-21 20:26:32.280 4012 4012 D DecorView: semSetRoundedCorners: 5
11-21 20:26:32.298 4012 4012 D DecorView: semSetRoundedCorners: 5
11-21 20:26:32.315 4012 4012 D DecorView: semSetRoundedCorners: 5
11-21 20:26:32.331 4012 4012 D DecorView: semSetRoundedCorners: 5
11-21 20:26:32.348 4012 4012 D DecorView: semSetRoundedCorners: 5
11-21 20:26:32.364 4012 4012 D DecorView: semSetRoundedCorners: 5
11-21 20:26:32.381 4012 4012 D DecorView: semSetRoundedCorners: 5
11-21 20:26:32.398 4012 4012 D DecorView: semSetRoundedCorners: 5
11-21 20:26:32.415 4012 4012 D DecorView: semSetRoundedCorners: 5
11-21 20:26:32.431 4012 4012 D DecorView: semSetRoundedCorners: 5
11-21 20:26:32.448 4012 4012 D DecorView: semSetRoundedCorners: 5
11-21 20:26:32.465 4012 4012 D DecorView: semSetRoundedCorners: 5
11-21 20:26:32.481 4012 4012 D DecorView: semSetRoundedCorners: 5
11-21 20:26:32.498 4012 4012 D DecorView: semSetRoundedCorners: 5
11-21 20:26:32.515 4012 4012 D DecorView: semSetRoundedCorners: 5
11-21 20:26:32.532 4012 4012 D DecorView: semSetRoundedCorners: 5
11-21 20:26:32.548 4012 4012 D DecorView: semSetRoundedCorners: 5
11-21 20:26:32.565 4012 4012 D DecorView: semSetRoundedCorners: 5
11-21 20:26:32.582 4012 4012 D DecorView: semSetRoundedCorners: 5
11-21 20:26:32.598 4012 4012 D DecorView: semSetRoundedCorners: 5
11-21 20:26:32.615 4012 4012 D DecorView: semSetRoundedCorners: 5
11-21 20:26:32.632 4012 4012 D DecorView: semSetRoundedCorners: 5
11-21 20:26:32.649 4012 4012 D DecorView: semSetRoundedCorners: 5
11-21 20:26:32.665 4012 4012 D DecorView: semSetRoundedCorners: 5
11-21 20:26:32.682 4012 4012 D DecorView: semSetRoundedCorners: 5
11-21 20:26:32.699 4012 4012 D DecorView: semSetRoundedCorners: 5
11-21 20:26:32.716 4012 4012 D DecorView: semSetRoundedCorners: 5
11-21 20:26:32.732 4012 4012 D DecorView: semSetRoundedCorners: 5
11-21 20:26:32.749 4012 4012 D DecorView: semSetRoundedCorners: 5
11-21 20:26:32.766 4012 4012 D DecorView: semSetRoundedCorners: 5
11-21 20:26:32.787 4012 4012 D DecorView: semSetRoundedCorners: 5
11-21 20:26:32.803 4012 4012 D DecorView: semSetRoundedCorners: 5
11-21 20:26:32.818 4012 4012 D DecorView: semSetRoundedCorners: 5
11-21 20:26:32.833 4012 4012 D DecorView: semSetRoundedCorners: 5
11-21 20:26:32.849 4012 4012 D DecorView: semSetRoundedCorners: 5
11-21 20:26:32.866 4012 4012 D DecorView: semSetRoundedCorners: 5
11-21 20:26:32.883 4012 4012 D DecorView: semSetRoundedCorners: 5
11-21 20:26:32.900 4012 4012 D DecorView: semSetRoundedCorners: 5
11-21 20:26:32.916 4012 4012 D DecorView: semSetRoundedCorners: 5
11-21 20:26:32.933 4012 4012 D DecorView: semSetRoundedCorners: 5
11-21 20:26:32.950 4012 4012 D DecorView: semSetRoundedCorners: 5
11-21 20:26:32.967 4012 4012 D DecorView: semSetRoundedCorners: 5
11-21 20:26:32.983 4012 4012 D DecorView: semSetRoundedCorners: 5
11-21 20:26:33.000 4012 4012 D DecorView: semSetRoundedCorners: 5
11-21 20:26:33.016 4012 4012 D DecorView: semSetRoundedCorners: 5
11-21 20:26:33.033 4012 4012 D DecorView: semSetRoundedCorners: 5
11-21 20:26:33.050 4012 4012 D DecorView: semSetRoundedCorners: 5
11-21 20:26:33.066 4012 4012 D DecorView: semSetRoundedCorners: 5
11-21 20:26:33.076 4012 4012 I ViewRootImpl@fb83006[GTASA]: ViewPostIme pointer 0
11-21 20:26:33.084 4012 4012 D DecorView: semSetRoundedCorners: 5
11-21 20:26:33.100 4012 4012 D DecorView: semSetRoundedCorners: 5
11-21 20:26:33.117 4012 4012 D DecorView: semSetRoundedCorners: 5
11-21 20:26:33.134 4012 4012 D DecorView: semSetRoundedCorners: 5
11-21 20:26:33.147 4012 4012 I ViewRootImpl@fb83006[GTASA]: ViewPostIme pointer 1
11-21 20:26:33.150 4012 4012 D DecorView: semSetRoundedCorners: 5
11-21 20:26:33.152 4012 4012 I AXL : CPlayerPed::TogglePlayerControllable
11-21 20:26:33.152 4012 4012 I AXL : CPlayerPed::TogglePlayerControllable
okay!
11-21 20:26:33.152 4012 4012 I AXL : sendDialogResponse: dialogid - 296,
listitem - 1, inputtext1 - 2. Автосалон PREMIUM
11-21 20:26:33.184 4012 4012 D DecorView: semSetRoundedCorners: 5
11-21 20:26:33.200 4012 4012 D DecorView: semSetRoundedCorners: 5
11-21 20:26:33.217 4012 4012 D DecorView: semSetRoundedCorners: 5
11-21 20:26:33.234 4012 4012 D DecorView: semSetRoundedCorners: 5
11-21 20:26:33.251 4012 4012 D DecorView: semSetRoundedCorners: 5
11-21 20:26:33.267 4012 4012 D DecorView: semSetRoundedCorners: 5
11-21 20:26:33.288 4012 4012 D DecorView: semSetRoundedCorners: 5
11-21 20:26:33.301 4012 4012 D DecorView: semSetRoundedCorners: 5
11-21 20:26:33.317 4012 4012 D DecorView: semSetRoundedCorners: 5
11-21 20:26:33.334 4012 4012 D DecorView: semSetRoundedCorners: 5
11-21 20:26:33.351 4012 4012 D DecorView: semSetRoundedCorners: 5
11-21 20:26:33.368 4012 4012 D DecorView: semSetRoundedCorners: 5
11-21 20:26:33.384 4012 4012 D DecorView: semSetRoundedCorners: 5
11-21 20:26:33.401 4012 4012 D DecorView: semSetRoundedCorners: 5
11-21 20:26:33.418 4012 4012 D DecorView: semSetRoundedCorners: 5
11-21 20:26:33.435 4012 4012 D DecorView: semSetRoundedCorners: 5
11-21 20:26:33.453 4012 4012 D DecorView: semSetRoundedCorners: 5
11-21 20:26:33.468 4012 4012 D DecorView: semSetRoundedCorners: 5
11-21 20:26:33.481 4012 4012 I ViewRootImpl@fb83006[GTASA]: ViewPostIme pointer 0
11-21 20:26:33.485 4012 4012 D DecorView: semSetRoundedCorners: 5
11-21 20:26:33.502 4012 4012 D DecorView: semSetRoundedCorners: 5
11-21 20:26:33.518 4012 4012 D DecorView: semSetRoundedCorners: 5
11-21 20:26:33.535 4012 4012 D DecorView: semSetRoundedCorners: 5
11-21 20:26:33.552 4012 4012 D DecorView: semSetRoundedCorners: 5
11-21 20:26:33.569 4012 4012 D DecorView: semSetRoundedCorners: 5
11-21 20:26:33.585 4012 4012 D DecorView: semSetRoundedCorners: 5
11-21 20:26:33.598 4012 5465 I AXL : RPC: ScrClearPlayerAnimations
11-21 20:26:33.598 4012 5465 I AXL : Removing from vehicle..
11-21 20:26:33.598 4012 5465 I AXL : Setting flag state..
11-21 20:26:33.598 4012 5465 I AXL : Calling destructor..
11-21 20:26:33.598 4012 5465 I AXL : PlayerPed Destroyed
11-21 20:26:33.602 4012 4012 D DecorView: semSetRoundedCorners: 5
11-21 20:26:33.619 4012 4012 D DecorView: semSetRoundedCorners: 5
11-21 20:26:33.637 4012 4012 D DecorView: semSetRoundedCorners: 5
11-21 20:26:33.653 4012 4012 D DecorView: semSetRoundedCorners: 5
11-21 20:26:33.670 4012 4012 D DecorView: semSetRoundedCorners: 5
11-21 20:26:33.687 4012 4012 D DecorView: semSetRoundedCorners: 5
11-21 20:26:33.702 4012 4012 D DecorView: semSetRoundedCorners: 5
