11-21 20:26:44.895 4012 4012 D DecorView: semSetRoundedCorners: 5
11-21 20:26:44.912 4012 4012 D DecorView: semSetRoundedCorners: 5
11-21 20:26:44.924 4012 4012 D DecorView: semSetRoundedCorners: 5
11-21 20:26:44.941 4012 4012 D DecorView: semSetRoundedCorners: 5
11-21 20:26:44.956 4012 4012 D DecorView: semSetRoundedCorners: 5
11-21 20:26:44.973 4012 4012 D DecorView: semSetRoundedCorners: 5
11-21 20:26:44.994 4012 4012 D DecorView: semSetRoundedCorners: 5
11-21 20:26:45.007 4012 4012 D DecorView: semSetRoundedCorners: 5
11-21 20:26:45.024 4012 4012 D DecorView: semSetRoundedCorners: 5
11-21 20:26:45.042 4012 4012 D DecorView: semSetRoundedCorners: 5
11-21 20:26:45.059 4012 4012 D DecorView: semSetRoundedCorners: 5
11-21 20:26:45.074 4012 4012 D DecorView: semSetRoundedCorners: 5
11-21 20:26:45.095 4012 4012 D DecorView: semSetRoundedCorners: 5
11-21 20:26:45.111 4012 4012 D DecorView: semSetRoundedCorners: 5
11-21 20:26:45.128 4012 4012 D DecorView: semSetRoundedCorners: 5
11-21 20:26:45.145 4012 4012 D DecorView: semSetRoundedCorners: 5
11-21 20:26:45.157 4012 4012 D DecorView: semSetRoundedCorners: 5
11-21 20:26:45.175 4012 4012 D DecorView: semSetRoundedCorners: 5
11-21 20:26:45.192 4012 4012 D DecorView: semSetRoundedCorners: 5
11-21 20:26:45.211 4012 4012 D DecorView: semSetRoundedCorners: 5
11-21 20:26:45.231 4012 4012 D DecorView: semSetRoundedCorners: 5
11-21 20:26:45.246 4012 4012 D DecorView: semSetRoundedCorners: 5
11-21 20:26:45.277 4012 4012 D DecorView: semSetRoundedCorners: 5
11-21 20:26:45.295 4012 4012 D DecorView: semSetRoundedCorners: 5
11-21 20:26:45.312 4012 4012 D DecorView: semSetRoundedCorners: 5
11-21 20:26:45.325 4012 4012 D DecorView: semSetRoundedCorners: 5
11-21 20:26:45.345 4012 4012 D DecorView: semSetRoundedCorners: 5
11-21 20:26:45.362 4012 4012 D DecorView: semSetRoundedCorners: 5
11-21 20:26:45.375 4012 4012 D DecorView: semSetRoundedCorners: 5
11-21 20:26:45.396 4012 4012 D DecorView: semSetRoundedCorners: 5
11-21 20:26:45.408 4012 4012 D DecorView: semSetRoundedCorners: 5
11-21 20:26:45.425 4012 4012 D DecorView: semSetRoundedCorners: 5
11-21 20:26:45.447 4012 4012 D DecorView: semSetRoundedCorners: 5
11-21 20:26:45.464 4012 4012 D DecorView: semSetRoundedCorners: 5
11-21 20:26:45.475 4012 4012 D DecorView: semSetRoundedCorners: 5
11-21 20:26:45.492 4012 4012 D DecorView: semSetRoundedCorners: 5
11-21 20:26:45.508 4012 4012 D DecorView: semSetRoundedCorners: 5
11-21 20:26:45.520 4012 5465 I AXL : RPC_SCRCREATEOBJECT(3) 11013
11-21 20:26:45.520 4012 5465 I AXL : [CObject] InstantRotate
11-21 20:26:45.520 4012 5465 I AXL : RPC_SCRCREATEOBJECT(4) 11012
11-21 20:26:45.520 4012 5465 I AXL : [CObject] InstantRotate
11-21 20:26:45.525 4012 4012 D DecorView: semSetRoundedCorners: 5
11-21 20:26:45.543 4012 4012 D DecorView: semSetRoundedCorners: 5
11-21 20:26:45.559 4012 4012 D DecorView: semSetRoundedCorners: 5
11-21 20:26:45.575 4012 4012 D DecorView: semSetRoundedCorners: 5
11-21 20:26:45.594 4012 4012 D DecorView: semSetRoundedCorners: 5
11-21 20:26:45.608 4012 4012 D DecorView: semSetRoundedCorners: 5
11-21 20:26:45.625 4012 4012 D DecorView: semSetRoundedCorners: 5
11-21 20:26:45.641 4012 4012 D DecorView: semSetRoundedCorners: 5
11-21 20:26:45.655 4012 5465 I AXL : RPC: WorldVehicleAdd
11-21 20:26:45.655 4012 5465 I AXL : [IsModelLoaded] iModelID: 560
11-21 20:26:45.655 4012 5465 I AXL : IsModelLoaded true!
11-21 20:26:45.656 4012 5465 I AXL : RPC: WorldVehicleAdd,
NewVehicle.iVehicleType: 560
11-21 20:26:45.657 4012 5465 I AXL : [IsModelLoaded] iModelID: 1010
11-21 20:26:45.657 4012 5465 I AXL : IsModelLoaded true!
11-21 20:26:45.657 4012 5465 I AXL : RPC: ScrNumberPlate
11-21 20:26:45.657 4012 5465 I AXL : RPC: ScrVehicleParamsEx
11-21 20:26:45.657 4012 5465 I AXL : RPC_CUSTOM_HANDLING
11-21 20:26:45.657 4012 5465 I AXL : copy handling 118
11-21 20:26:45.657 4012 5465 I AXL : RPC_CUSTOM_VISUALS
11-21 20:26:45.657 4012 5465 I AXL : RPC_CUSTOM_BODYWORK
11-21 20:26:45.657 4012 5465 I AXL : RPC: WorldVehicleAdd
11-21 20:26:45.657 4012 5465 I AXL : [IsModelLoaded] iModelID: 3248
11-21 20:26:45.657 4012 5465 I AXL : IsModelLoaded false!
11-21 20:26:45.657 4012 5465 I AXL : Warning: car model not preloaded. 3248
11-21 20:26:45.657 4012 5465 I AXL : RequestModel
11-21 20:26:45.657 4012 5465 I AXL : RequestModel done!
11-21 20:26:45.657 4012 5465 I AXL : LoadRequestedModels
11-21 20:26:45.660 4012 4012 D DecorView: semSetRoundedCorners: 5
11-21 20:26:45.678 4012 5465 I AXL : LoadRequestedModels done!
11-21 20:26:45.678 4012 5465 I AXL : [IsModelLoaded] iModelID: 3248
11-21 20:26:45.678 4012 5465 I AXL : IsModelLoaded true!
11-21 20:26:45.678 4012 5465 I AXL : Car model was preloaded. 3248
11-21 20:26:45.678 4012 5465 I AXL : RPC: WorldVehicleAdd,
NewVehicle.iVehicleType: 3248
11-21 20:26:45.678 4012 5465 I AXL : [IsModelLoaded] iModelID: 1010
11-21 20:26:45.678 4012 5465 I AXL : IsModelLoaded true!
11-21 20:26:45.684 4012 5465 I AXL : [IsModelLoaded] iModelID: 1096
11-21 20:26:45.684 4012 5465 I AXL : IsModelLoaded true!
11-21 20:26:45.684 4012 5465 I AXL : RPC: ScrNumberPlate
11-21 20:26:45.684 4012 5465 I AXL : RPC: ScrVehicleParamsEx
11-21 20:26:45.684 4012 5465 I AXL : RPC_CUSTOM_HANDLING
11-21 20:26:45.684 4012 5465 I AXL : copy handling 11
11-21 20:26:45.684 4012 5465 I AXL : RPC_CUSTOM_VISUALS
11-21 20:26:45.684 4012 5465 I AXL : RPC_CUSTOM_BODYWORK
11-21 20:26:45.685 4012 5465 I AXL : [IsModelLoaded] iModelID: 244
11-21 20:26:45.685 4012 5465 I AXL : IsModelLoaded true!
11-21 20:26:45.685 4012 5465 I AXL : [CObject] InstantRotate
11-21 20:26:45.685 4012 5465 I AXL : [IsModelLoaded] iModelID: 294
11-21 20:26:45.685 4012 5465 I AXL : IsModelLoaded false!
11-21 20:26:45.685 4012 5465 I AXL : SetModelIndex (uiModel): 294
11-21 20:26:45.685 4012 5465 I AXL : RequestModel
11-21 20:26:45.685 4012 5465 I AXL : RequestModel done!
11-21 20:26:45.685 4012 5465 I AXL : LoadRequestedModels
11-21 20:26:45.689 4012 5465 I AXL : LoadRequestedModels done!
11-21 20:26:45.689 4012 5465 I AXL : [IsModelLoaded] iModelID: 294
11-21 20:26:45.689 4012 5465 I AXL : IsModelLoaded true!
11-21 20:26:45.689 4012 5465 I AXL : [CObject] InstantRotate
11-21 20:26:45.690 4012 5465 I AXL : [CObject] InstantRotate
11-21 20:26:45.690 4012 5465 I AXL : [IsModelLoaded] iModelID: 4531
11-21 20:26:45.690 4012 5465 I AXL : IsModelLoaded true!
11-21 20:26:45.690 4012 5465 I AXL : [CObject] InstantRotate
11-21 20:26:45.690 4012 5465 I AXL : [CObject] InstantRotate
11-21 20:26:45.690 4012 5465 I AXL : CreatePickup(1318, 23, -111, 986, 13)
11-21 20:26:45.690 4012 5465 I AXL : [IsModelLoaded] iModelID: 1318
11-21 20:26:45.690 4012 5465 I AXL : IsModelLoaded true!
11-21 20:26:45.708 4012 4012 D DecorView: semSetRoundedCorners: 5
11-21 20:26:45.742 4012 4012 D DecorView: semSetRoundedCorners: 5
11-21 20:26:45.759 4012 4012 D DecorView: semSetRoundedCorners: 5
11-21 20:26:45.777 4012 4012 D DecorView: semSetRoundedCorners: 5
11-21 20:26:45.794 4012 4012 D DecorView: semSetRoundedCorners: 5
11-21 20:26:45.811 4012 4012 D DecorView: semSetRoundedCorners: 5
11-21 20:26:45.827 4012 4012 D DecorView: semSetRoundedCorners: 5
11-21 20:26:45.844 4012 4012 D DecorView: semSetRoundedCorners: 5
11-21 20:26:45.876 4012 4012 D DecorView: semSetRoundedCorners: 5
11-21 20:26:45.893 4012 4012 D DecorView: semSetRoundedCorners: 5
11-21 20:26:45.909 4012 4012 D DecorView: semSetRoundedCorners: 5
11-21 20:26:45.930 4012 4012 D DecorView: semSetRoundedCorners: 5
11-21 20:26:45.945 4012 4012 D DecorView: semSetRoundedCorners: 5
11-21 20:26:45.961 4012 4012 D DecorView: semSetRoundedCorners: 5
11-21 20:26:45.981 4012 4012 D DecorView: semSetRoundedCorners: 5
11-21 20:26:45.987 4012 5465 I AXL : RPC: ScrClearPlayerAnimations
11-21 20:26:45.993 4012 4012 D DecorView: semSetRoundedCorners: 5
11-21 20:26:46.011 4012 4012 D DecorView: semSetRoundedCorners: 5
11-21 20:26:46.027 4012 4012 D DecorView: semSetRoundedCorners: 5
11-21 20:26:46.047 4012 4012 D DecorView: semSetRoundedCorners: 5
11-21 20:26:46.059 4012 4012 D DecorView: semSetRoundedCorners: 5
11-21 20:26:46.078 4012 4012 D DecorView: semSetRoundedCorners: 5
11-21 20:26:46.096 4012 4012 D DecorView: semSetRoundedCorners: 5
11-21 20:26:46.113 4012 4012 D DecorView: semSetRoundedCorners: 5
11-21 20:26:46.129 4012 4012 D DecorView: semSetRoundedCorners: 5
11-21 20:26:46.144 4012 4012 D DecorView: semSetRoundedCorners: 5
11-21 20:26:46.160 4012 4012 D DecorView: semSetRoundedCorners: 5
11-21 20:26:46.178 4012 4012 D DecorView: semSetRoundedCorners: 5
11-21 20:26:46.192 4012 5465 I AXL : RPC: ScrSetMapIcon
11-21 20:26:46.196 4012 4012 D DecorView: semSetRoundedCorners: 5
11-21 20:26:46.214 4012 4012 D DecorView: semSetRoundedCorners: 5
11-21 20:26:46.228 4012 4012 D DecorView: semSetRoundedCorners: 5
11-21 20:26:46.245 4012 4012 D DecorView: semSetRoundedCorners: 5
11-21 20:26:46.261 4012 4012 D DecorView: semSetRoundedCorners: 5
11-21 20:26:46.282 4012 4012 D DecorView: semSetRoundedCorners: 5
11-21 20:26:46.296 4012 4012 D DecorView: semSetRoundedCorners: 5
11-21 20:26:46.313 4012 4012 D DecorView: semSetRoundedCorners: 5
11-21 20:26:46.331 4012 4012 D DecorView: semSetRoundedCorners: 5
11-21 20:26:46.345 4012 4012 D DecorView: semSetRoundedCorners: 5
11-21 20:26:46.364 4012 4012 D DecorView: semSetRoundedCorners: 5
11-21 20:26:46.397 4012 4012 D DecorView: semSetRoundedCorners: 5
11-21 20:26:46.414 4012 4012 D DecorView: semSetRoundedCorners: 5
11-21 20:26:46.433 4012 4012 D DecorView: semSetRoundedCorners: 5
11-21 20:26:46.446 4012 4012 D DecorView: semSetRoundedCorners: 5
11-21 20:26:46.464 4012 4012 D DecorView: semSetRoundedCorners: 5
11-21 20:26:46.478 4012 4012 D DecorView: semSetRoundedCorners: 5
11-21 20:26:46.498 4012 4012 D DecorView: semSetRoundedCorners: 5
11-21 20:26:46.514 4012 4012 D DecorView: semSetRoundedCorners: 5
11-21 20:26:46.529 4012 5465 I AXL : RPC: ScrSetFightingStyle
11-21 20:26:46.531 4012 4012 D DecorView: semSetRoundedCorners: 5
11-21 20:26:46.548 4012 4012 D DecorView: semSetRoundedCorners: 5
11-21 20:26:46.569 4012 4012 D DecorView: semSetRoundedCorners: 5
11-21 20:26:46.583 4012 4012 D DecorView: semSetRoundedCorners: 5
11-21 20:26:46.612 4012 4012 D DecorView: semSetRoundedCorners: 5
11-21 20:26:46.632 4012 4012 D DecorView: semSetRoundedCorners: 5
11-21 20:26:46.648 4012 4012 D DecorView: semSetRoundedCorners: 5
11-21 20:26:46.663 4012 4012 D DecorView: semSetRoundedCorners: 5
11-21 20:26:46.679 4012 4012 D DecorView: semSetRoundedCorners: 5
11-21 20:26:46.695 4012 4012 D DecorView: semSetRoundedCorners: 5
11-21 20:26:46.745 4012 4012 D DecorView: semSetRoundedCorners: 5
11-21 20:26:46.748 4012 5465 I AXL : RPC: ScrSetFightingStyle
11-21 20:26:46.765 4012 4012 D DecorView: semSetRoundedCorners: 5
11-21 20:26:46.782 4012 5465 I AXL : [CObject] InstantRotate
11-21 20:26:46.782 4012 5465 I AXL : [IsModelLoaded] iModelID: 4514
11-21 20:26:46.782 4012 5465 I AXL : IsModelLoaded false!
11-21 20:26:46.782 4012 5465 I AXL : SetModelIndex (uiModel): 4514
11-21 20:26:46.782 4012 5465 I AXL : RequestModel
11-21 20:26:46.782 4012 5465 I AXL : RequestModel done!
11-21 20:26:46.782 4012 5465 I AXL : LoadRequestedModels
11-21 20:26:46.782 4012 4012 D DecorView: semSetRoundedCorners: 5
11-21 20:26:46.795 4012 4012 D DecorView: semSetRoundedCorners: 5
11-21 20:26:46.830 4012 5465 I AXL : LoadRequestedModels done!
11-21 20:26:46.830 4012 5465 I AXL : [IsModelLoaded] iModelID: 4514
11-21 20:26:46.830 4012 5465 I AXL : IsModelLoaded true!
11-21 20:26:46.830 4012 5465 I AXL : RPC: ScrSetPlayerColor
11-21 20:26:46.845 4012 4012 D DecorView: semSetRoundedCorners: 5
11-21 20:26:46.864 4012 4012 D DecorView: semSetRoundedCorners: 5
11-21 20:26:46.884 4012 4012 D DecorView: semSetRoundedCorners: 5
11-21 20:26:46.898 4012 4012 D DecorView: semSetRoundedCorners: 5
11-21 20:26:46.913 4012 4012 D DecorView: semSetRoundedCorners: 5
11-21 20:26:46.928 4012 5465 I AXL : RPC: WorldVehicleAdd
11-21 20:26:46.928 4012 5465 I AXL : [IsModelLoaded] iModelID: 462
11-21 20:26:46.928 4012 5465 I AXL : IsModelLoaded true!
11-21 20:26:46.929 4012 5465 I AXL : RPC: WorldVehicleAdd,
NewVehicle.iVehicleType: 462
11-21 20:26:46.929 4012 5465 I AXL : RPC: ScrNumberPlate
11-21 20:26:46.929 4012 5465 I AXL : RPC: ScrVehicleParamsEx
11-21 20:26:46.929 4012 5465 I AXL : RPC_CUSTOM_HANDLING
11-21 20:26:46.929 4012 5465 I AXL : RPC: WorldVehicleAdd
11-21 20:26:46.929 4012 5465 I AXL : [IsModelLoaded] iModelID: 551
11-21 20:26:46.929 4012 5465 I AXL : IsModelLoaded true!
11-21 20:26:46.929 4012 5465 I AXL : RPC: WorldVehicleAdd,
NewVehicle.iVehicleType: 551
11-21 20:26:46.929 4012 5465 I AXL : [IsModelLoaded] iModelID: 1010
11-21 20:26:46.929 4012 5465 I AXL : IsModelLoaded true!
11-21 20:26:46.929 4012 5465 I AXL : RPC: ScrNumberPlate
11-21 20:26:46.929 4012 5465 I AXL : RPC: ScrVehicleParamsEx
11-21 20:26:46.929 4012 5465 I AXL : RPC_CUSTOM_HANDLING
11-21 20:26:46.930 4012 5465 I AXL : copy handling 110
11-21 20:26:46.930 4012 5465 I AXL : RPC_CUSTOM_VISUALS
11-21 20:26:46.930 4012 5465 I AXL : RPC_CUSTOM_BODYWORK
11-21 20:26:46.930 4012 5465 I AXL : [IsModelLoaded] iModelID: 4526
11-21 20:26:46.930 4012 5465 I AXL : IsModelLoaded false!
11-21 20:26:46.930 4012 5465 I AXL : SetModelIndex (uiModel): 4526
11-21 20:26:46.930 4012 5465 I AXL : RequestModel
11-21 20:26:46.930 4012 5465 I AXL : RequestModel done!
11-21 20:26:46.930 4012 5465 I AXL : LoadRequestedModels
11-21 20:26:46.932 4012 4012 D DecorView: semSetRoundedCorners: 5
11-21 20:26:46.982 4012 5465 I AXL : LoadRequestedModels done!
11-21 20:26:46.982 4012 5465 I AXL : [IsModelLoaded] iModelID: 4526
11-21 20:26:46.982 4012 5465 I AXL : IsModelLoaded true!
11-21 20:26:46.982 4012 5465 I AXL : Removing from vehicle..
11-21 20:26:46.983 4012 5465 I AXL : Setting flag state..
11-21 20:26:46.983 4012 5465 I AXL : Calling destructor..
11-21 20:26:46.983 4012 5465 I AXL : PlayerPed Destroyed
11-21 20:26:46.983 4012 5465 I AXL : [IsModelLoaded] iModelID: 280
11-21 20:26:46.983 4012 5465 I AXL : IsModelLoaded true!
11-21 20:26:46.983 4012 5465 I AXL : [CObject] InstantRotate
11-21 20:26:46.983 4012 5465 I AXL : [CObject] InstantRotate
11-21 20:26:46.983 4012 5465 I AXL : CreatePickup(1318, 23, -42, 926, 12)
11-21 20:26:46.983 4012 5465 I AXL : [IsModelLoaded] iModelID: 1318
11-21 20:26:46.983 4012 5465 I AXL : IsModelLoaded true!
11-21 20:26:47.002 4012 5465 I AXL : RPC: ScrSetFightingStyle
11-21 20:26:47.013 4012 4012 D DecorView: semSetRoundedCorners: 5
11-21 20:26:47.033 4012 4012 D DecorView: semSetRoundedCorners: 5
11-21 20:26:47.050 4012 4012 D DecorView: semSetRoundedCorners: 5
11-21 20:26:47.067 4012 5465 I AXL : Removing from vehicle..
11-21 20:26:47.067 4012 5465 I AXL : Setting flag state..
11-21 20:26:47.067 4012 5465 I AXL : Calling destructor..
11-21 20:26:47.067 4012 5465 I AXL : PlayerPed Destroyed
11-21 20:26:47.067 4012 4012 D DecorView: semSetRoundedCorners: 5
11-21 20:26:47.082 4012 4012 D DecorView: semSetRoundedCorners: 5
11-21 20:26:47.100 4012 4012 D DecorView: semSetRoundedCorners: 5
11-21 20:26:47.118 4012 4012 D DecorView: semSetRoundedCorners: 5
11-21 20:26:47.130 4012 4012 D DecorView: semSetRoundedCorners: 5
11-21 20:26:47.147 4012 4012 D DecorView: semSetRoundedCorners: 5
11-21 20:26:47.164 4012 4012 D DecorView: semSetRoundedCorners: 5
11-21 20:26:47.180 4012 4012 D DecorView: semSetRoundedCorners: 5
11-21 20:26:47.191 4012 5465 I AXL : RPC: ScrSetMapIcon
11-21 20:26:47.197 4012 4012 D DecorView: semSetRoundedCorners: 5
11-21 20:26:47.218 4012 4012 D DecorView: semSetRoundedCorners: 5
11-21 20:26:47.224 4012 5465 I AXL : RPC: ScrSetFightingStyle
11-21 20:26:47.237 4012 4012 D DecorView: semSetRoundedCorners: 5
11-21 20:26:47.251 4012 4012 D DecorView: semSetRoundedCorners: 5
11-21 20:26:47.264 4012 4012 D DecorView: semSetRoundedCorners: 5
11-21 20:26:47.282 4012 4012 D DecorView: semSetRoundedCorners: 5
11-21 20:26:47.299 4012 4012 D DecorView: semSetRoundedCorners: 5
11-21 20:26:47.314 4012 4012 D DecorView: semSetRoundedCorners: 5
11-21 20:26:47.331 4012 4012 D DecorView: semSetRoundedCorners: 5
11-21 20:26:47.348 4012 4012 D DecorView: semSetRoundedCorners: 5
11-21 20:26:47.357 4012 5465 I AXL : RPC: ScrSetFightingStyle
11-21 20:26:47.365 4012 4012 D DecorView: semSetRoundedCorners: 5
11-21 20:26:47.385 4012 4012 D DecorView: semSetRoundedCorners: 5
11-21 20:26:47.404 4012 4012 D DecorView: semSetRoundedCorners: 5
11-21 20:26:47.422 4012 4012 D DecorView: semSetRoundedCorners: 5
11-21 20:26:47.435 4012 4012 D DecorView: semSetRoundedCorners: 5
11-21 20:26:47.453 4012 4012 D DecorView: semSetRoundedCorners: 5
11-21 20:26:47.465 4012 4012 D DecorView: semSetRoundedCorners: 5
11-21 20:26:47.481 4012 4012 D DecorView: semSetRoundedCorners: 5
11-21 20:26:47.503 4012 4012 D DecorView: semSetRoundedCorners: 5
11-21 20:26:47.519 4012 4012 D DecorView: semSetRoundedCorners: 5
11-21 20:26:47.525 4012 5465 I AXL : RPC: ScrSetMapIcon
11-21 20:26:47.537 4012 4012 D DecorView: semSetRoundedCorners: 5
11-21 20:26:47.552 4012 4012 D DecorView: semSetRoundedCorners: 5
11-21 20:26:47.565 4012 4012 D DecorView: semSetRoundedCorners: 5
11-21 20:26:47.587 4012 4012 D DecorView: semSetRoundedCorners: 5
11-21 20:26:47.602 4012 4012 D DecorView: semSetRoundedCorners: 5
11-21 20:26:47.618 4012 4012 D DecorView: semSetRoundedCorners: 5
11-21 20:26:47.637 4012 4012 D DecorView: semSetRoundedCorners: 5
11-21 20:26:47.649 4012 4012 D DecorView: semSetRoundedCorners: 5
11-21 20:26:47.665 4012 4012 D DecorView: semSetRoundedCorners: 5
11-21 20:26:47.687 4012 4012 D DecorView: semSetRoundedCorners: 5
11-21 20:26:47.701 4012 4012 D DecorView: semSetRoundedCorners: 5
11-21 20:26:47.720 4012 4012 D DecorView: semSetRoundedCorners: 5
11-21 20:26:47.734 4012 4012 D DecorView: semSetRoundedCorners: 5
11-21 20:26:47.752 4012 4012 D DecorView: semSetRoundedCorners: 5
11-21 20:26:47.769 4012 4012 D DecorView: semSetRoundedCorners: 5
11-21 20:26:47.786 4012 4012 D DecorView: semSetRoundedCorners: 5
11-21 20:26:47.799 4012 4012 D DecorView: semSetRoundedCorners: 5
11-21 20:26:47.816 4012 4012 D DecorView: semSetRoundedCorners: 5
11-21 20:26:47.832 4012 4012 D DecorView: semSetRoundedCorners: 5
11-21 20:26:47.849 4012 4012 D DecorView: semSetRoundedCorners: 5
11-21 20:26:47.866 4012 4012 D DecorView: semSetRoundedCorners: 5
11-21 20:26:47.884 4012 4012 D DecorView: semSetRoundedCorners: 5
11-21 20:26:47.899 4012 4012 D DecorView: semSetRoundedCorners: 5
11-21 20:26:47.918 4012 4012 D DecorView: semSetRoundedCorners: 5
11-21 20:26:47.934 4012 4012 D DecorView: semSetRoundedCorners: 5
11-21 20:26:47.951 4012 4012 D DecorView: semSetRoundedCorners: 5
11-21 20:26:47.967 4012 4012 D DecorView: semSetRoundedCorners: 5
11-21 20:26:47.984 4012 4012 D DecorView: semSetRoundedCorners: 5
11-21 20:26:48.003 4012 4012 D DecorView: semSetRoundedCorners: 5
11-21 20:26:48.017 4012 4012 D DecorView: semSetRoundedCorners: 5
11-21 20:26:48.033 4012 4012 D DecorView: semSetRoundedCorners: 5
11-21 20:26:48.050 4012 4012 D DecorView: semSetRoundedCorners: 5
11-21 20:26:48.067 4012 4012 D DecorView: semSetRoundedCorners: 5
11-21 20:26:48.088 4012 4012 D DecorView: semSetRoundedCorners: 5
11-21 20:26:48.101 4012 4012 D DecorView: semSetRoundedCorners: 5
11-21 20:26:48.117 4012 4012 D DecorView: semSetRoundedCorners: 5
11-21 20:26:48.139 4012 4012 D DecorView: semSetRoundedCorners: 5
11-21 20:26:48.158 4012 4012 D DecorView: semSetRoundedCorners: 5
11-21 20:26:48.167 4012 4012 D DecorView: semSetRoundedCorners: 5
11-21 20:26:48.185 4012 4012 D DecorView: semSetRoundedCorners: 5
11-21 20:26:48.196 4012 5465 I AXL : RPC: ScrDisableMapIcon
11-21 20:26:48.203 4012 4012 D DecorView: semSetRoundedCorners: 5
11-21 20:26:48.213 4012 5465 I AXL : RPC: WorldVehicleAdd
11-21 20:26:48.213 4012 5465 I AXL : [IsModelLoaded] iModelID: 462
11-21 20:26:48.213 4012 5465 I AXL : IsModelLoaded true!
11-21 20:26:48.213 4012 5465 I AXL : RPC: WorldVehicleAdd,
NewVehicle.iVehicleType: 462
11-21 20:26:48.214 4012 5465 I AXL : RPC: ScrNumberPlate
11-21 20:26:48.214 4012 5465 I AXL : RPC: ScrVehicleParamsEx
11-21 20:26:48.214 4012 5465 I AXL : RPC_CUSTOM_HANDLING
11-21 20:26:48.214 4012 5465 I AXL : CreatePickup(1318, 23, -74, 856, 13)
11-21 20:26:48.214 4012 5465 I AXL : [IsModelLoaded] iModelID: 1318
11-21 20:26:48.214 4012 5465 I AXL : IsModelLoaded true!
11-21 20:26:48.214 4012 5465 I AXL : CreatePickup(1239, 23, -83, 862, 12)
11-21 20:26:48.214 4012 5465 I AXL : [IsModelLoaded] iModelID: 1239
11-21 20:26:48.214 4012 5465 I AXL : IsModelLoaded true!
11-21 20:26:48.217 4012 4012 D DecorView: semSetRoundedCorners: 5
11-21 20:26:48.234 4012 4012 D DecorView: semSetRoundedCorners: 5
11-21 20:26:48.252 4012 4012 D DecorView: semSetRoundedCorners: 5
11-21 20:26:48.267 4012 4012 D DecorView: semSetRoundedCorners: 5
11-21 20:26:48.289 4012 4012 D DecorView: semSetRoundedCorners: 5
11-21 20:26:48.303 4012 4012 D DecorView: semSetRoundedCorners: 5
11-21 20:26:48.318 4012 4012 D DecorView: semSetRoundedCorners: 5
11-21 20:26:48.336 4012 4012 D DecorView: semSetRoundedCorners: 5
11-21 20:26:48.351 4012 4012 D DecorView: semSetRoundedCorners: 5
11-21 20:26:48.368 4012 4012 D DecorView: semSetRoundedCorners: 5
11-21 20:26:48.384 4012 4012 D DecorView: semSetRoundedCorners: 5
11-21 20:26:48.405 4012 4012 D DecorView: semSetRoundedCorners: 5
11-21 20:26:48.434 4012 4012 D DecorView: semSetRoundedCorners: 5
11-21 20:26:48.452 4012 4012 D DecorView: semSetRoundedCorners: 5
11-21 20:26:48.469 4012 4012 D DecorView: semSetRoundedCorners: 5
11-21 20:26:48.487 4012 4012 D DecorView: semSetRoundedCorners: 5
11-21 20:26:48.502 4012 4012 D DecorView: semSetRoundedCorners: 5
11-21 20:26:48.523 4012 4012 D DecorView: semSetRoundedCorners: 5
11-21 20:26:48.537 4012 4012 D DecorView: semSetRoundedCorners: 5
11-21 20:26:48.553 4012 4012 D DecorView: semSetRoundedCorners: 5
11-21 20:26:48.572 4012 4012 D DecorView: semSetRoundedCorners: 5
11-21 20:26:48.587 4012 4012 D DecorView: semSetRoundedCorners: 5
11-21 20:26:48.603 4012 4012 D DecorView: semSetRoundedCorners: 5
11-21 20:26:48.619 4012 4012 D DecorView: semSetRoundedCorners: 5
11-21 20:26:48.636 4012 4012 D DecorView: semSetRoundedCorners: 5
11-21 20:26:48.656 4012 4012 D DecorView: semSetRoundedCorners: 5
11-21 20:26:48.669 4012 4012 D DecorView: semSetRoundedCorners: 5
11-21 20:26:48.687 4012 4012 D DecorView: semSetRoundedCorners: 5
11-21 20:26:48.705 4012 4012 D DecorView: semSetRoundedCorners: 5
11-21 20:26:48.720 4012 4012 D DecorView: semSetRoundedCorners: 5
11-21 20:26:48.737 4012 4012 D DecorView: semSetRoundedCorners: 5
11-21 20:26:48.754 4012 4012 D DecorView: semSetRoundedCorners: 5
11-21 20:26:48.770 4012 4012 D DecorView: semSetRoundedCorners: 5
11-21 20:26:48.788 4012 4012 D DecorView: semSetRoundedCorners: 5
11-21 20:26:48.804 4012 4012 D DecorView: semSetRoundedCorners: 5
11-21 20:26:48.818 4012 4012 D DecorView: semSetRoundedCorners: 5
11-21 20:26:48.836 4012 4012 D DecorView: semSetRoundedCorners: 5
11-21 20:26:48.853 4012 4012 D DecorView: semSetRoundedCorners: 5
11-21 20:26:48.885 4012 4012 D DecorView: semSetRoundedCorners: 5
11-21 20:26:48.903 4012 4012 D DecorView: semSetRoundedCorners: 5
11-21 20:26:48.919 4012 4012 D DecorView: semSetRoundedCorners: 5
11-21 20:26:48.936 4012 4012 D DecorView: semSetRoundedCorners: 5
11-21 20:26:48.954 4012 4012 D DecorView: semSetRoundedCorners: 5
11-21 20:26:48.969 4012 4012 D DecorView: semSetRoundedCorners: 5
11-21 20:26:48.987 4012 4012 D DecorView: semSetRoundedCorners: 5
11-21 20:26:49.009 4012 4012 D DecorView: semSetRoundedCorners: 5
11-21 20:26:49.020 4012 4012 D DecorView: semSetRoundedCorners: 5
11-21 20:26:49.039 4012 4012 D DecorView: semSetRoundedCorners: 5
11-21 20:26:49.053 4012 4012 D DecorView: semSetRoundedCorners: 5
11-21 20:26:49.070 4012 4012 D DecorView: semSetRoundedCorners: 5
11-21 20:26:49.086 4012 4012 D DecorView: semSetRoundedCorners: 5
11-21 20:26:49.104 4012 4012 D DecorView: semSetRoundedCorners: 5
11-21 20:26:49.119 4012 5465 I AXL : RPC: ScrClearPlayerAnimations
11-21 20:26:49.121 4012 4012 D DecorView: semSetRoundedCorners: 5
11-21 20:26:49.139 4012 4012 D DecorView: semSetRoundedCorners: 5
11-21 20:26:49.154 4012 4012 D DecorView: semSetRoundedCorners: 5
11-21 20:26:49.170 4012 4012 D DecorView: semSetRoundedCorners: 5
11-21 20:26:49.188 4012 4012 D DecorView: semSetRoundedCorners: 5
11-21 20:26:49.203 4012 5465 I AXL : RPC: ScrDisableMapIcon
11-21 20:26:49.204 4012 4012 D DecorView: semSetRoundedCorners: 5
11-21 20:26:49.221 4012 4012 D DecorView: semSetRoundedCorners: 5
11-21 20:26:49.237 4012 4012 D DecorView: semSetRoundedCorners: 5
11-21 20:26:49.255 4012 4012 D DecorView: semSetRoundedCorners: 5
11-21 20:26:49.272 4012 4012 D DecorView: semSetRoundedCorners: 5
11-21 20:26:49.288 4012 4012 D DecorView: semSetRoundedCorners: 5
11-21 20:26:49.304 4012 4012 D DecorView: semSetRoundedCorners: 5
11-21 20:26:49.321 4012 4012 D DecorView: semSetRoundedCorners: 5
11-21 20:26:49.337 4012 4012 D DecorView: semSetRoundedCorners: 5
11-21 20:26:49.354 4012 4012 D DecorView: semSetRoundedCorners: 5
11-21 20:26:49.373 4012 4012 D DecorView: semSetRoundedCorners: 5
11-21 20:26:49.404 4012 4012 D DecorView: semSetRoundedCorners: 5
11-21 20:26:49.423 4012 4012 D DecorView: semSetRoundedCorners: 5
11-21 20:26:49.438 4012 4012 D DecorView: semSetRoundedCorners: 5
11-21 20:26:49.440 4012 5465 I AXL : [IsModelLoaded] iModelID: 3274
11-21 20:26:49.440 4012 5465 I AXL : IsModelLoaded true!
11-21 20:26:49.442 4012 5465 I AXL : [IsModelLoaded] iModelID: 3259
11-21 20:26:49.442 4012 5465 I AXL : IsModelLoaded true!
11-21 20:26:49.442 4012 5465 I AXL : Removing from vehicle..
11-21 20:26:49.443 4012 5465 I AXL : Setting flag state..
11-21 20:26:49.443 4012 5465 I AXL : Calling destructor..
11-21 20:26:49.443 4012 5465 I AXL : PlayerPed Destroyed
11-21 20:26:49.443 4012 5465 I AXL : Removing from vehicle..
11-21 20:26:49.443 4012 5465 I AXL : Setting flag state..
11-21 20:26:49.443 4012 5465 I AXL : Calling destructor..
11-21 20:26:49.443 4012 5465 I AXL : PlayerPed Destroyed
11-21 20:26:49.443 4012 5465 I AXL : CreatePickup(1318, 23, 13, 911, 12)
11-21 20:26:49.443 4012 5465 I AXL : [IsModelLoaded] iModelID: 1318
11-21 20:26:49.443 4012 5465 I AXL : IsModelLoaded true!
11-21 20:26:49.456 4012 4012 D DecorView: semSetRoundedCorners: 5
11-21 20:26:49.472 4012 4012 D DecorView: semSetRoundedCorners: 5
11-21 20:26:49.489 4012 4012 D DecorView: semSetRoundedCorners: 5
11-21 20:26:49.508 4012 4012 D DecorView: semSetRoundedCorners: 5
11-21 20:26:49.526 4012 5465 I AXL : RPC: ScrDisableMapIcon
11-21 20:26:49.542 4012 4012 D DecorView: semSetRoundedCorners: 5
11-21 20:26:49.556 4012 4012 D DecorView: semSetRoundedCorners: 5
11-21 20:26:49.572 4012 4012 D DecorView: semSetRoundedCorners: 5
11-21 20:26:49.589 4012 4012 D DecorView: semSetRoundedCorners: 5
11-21 20:26:49.608 4012 4012 D DecorView: semSetRoundedCorners: 5
11-21 20:26:49.624 4012 4012 D DecorView: semSetRoundedCorners: 5
11-21 20:26:49.642 4012 4012 D DecorView: semSetRoundedCorners: 5
11-21 20:26:49.659 4012 4012 D DecorView: semSetRoundedCorners: 5
11-21 20:26:49.674 4012 4012 D DecorView: semSetRoundedCorners: 5
11-21 20:26:49.688 4012 4012 D DecorView: semSetRoundedCorners: 5
11-21 20:26:49.707 4012 4012 D DecorView: semSetRoundedCorners: 5
11-21 20:26:49.724 4012 4012 D DecorView: semSetRoundedCorners: 5
11-21 20:26:49.740 4012 4012 D DecorView: semSetRoundedCorners: 5
11-21 20:26:49.756 4012 4012 D DecorView: semSetRoundedCorners: 5
11-21 20:26:49.774 4012 4012 D DecorView: semSetRoundedCorners: 5
11-21 20:26:49.790 4012 4012 D DecorView: semSetRoundedCorners: 5
11-21 20:26:49.807 4012 4012 D DecorView: semSetRoundedCorners: 5
11-21 20:26:49.824 4012 4012 D DecorView: semSetRoundedCorners: 5
11-21 20:26:49.841 4012 4012 D DecorView: semSetRoundedCorners: 5
11-21 20:26:49.859 4012 4012 D DecorView: semSetRoundedCorners: 5
11-21 20:26:49.875 4012 4012 D DecorView: semSetRoundedCorners: 5
11-21 20:26:49.876 4012 5465 I AXL : RPC: ScrDisableMapIcon
11-21 20:26:49.876 4012 5465 I AXL : RPC: ScrSetMapIcon
11-21 20:26:49.890 4012 4012 D DecorView: semSetRoundedCorners: 5
11-21 20:26:49.907 4012 4012 D DecorView: semSetRoundedCorners: 5
11-21 20:26:49.924 4012 4012 D DecorView: semSetRoundedCorners: 5
11-21 20:26:49.944 4012 4012 D DecorView: semSetRoundedCorners: 5
11-21 20:26:49.960 4012 4012 D DecorView: semSetRoundedCorners: 5
11-21 20:26:49.974 4012 4012 D DecorView: semSetRoundedCorners: 5
11-21 20:26:49.990 4012 4012 D DecorView: semSetRoundedCorners: 5
11-21 20:26:50.008 4012 4012 D DecorView: semSetRoundedCorners: 5
11-21 20:26:50.025 4012 4012 D DecorView: semSetRoundedCorners: 5
11-21 20:26:50.043 4012 4012 D DecorView: semSetRoundedCorners: 5
11-21 20:26:50.059 4012 4012 D DecorView: semSetRoundedCorners: 5
11-21 20:26:50.075 4012 4012 D DecorView: semSetRoundedCorners: 5
11-21 20:26:50.092 4012 4012 D DecorView: semSetRoundedCorners: 5
11-21 20:26:50.109 4012 4012 D DecorView: semSetRoundedCorners: 5
11-21 20:26:50.126 4012 4012 D DecorView: semSetRoundedCorners: 5
11-21 20:26:50.144 4012 4012 D DecorView: semSetRoundedCorners: 5
11-21 20:26:50.157 4012 4012 D DecorView: semSetRoundedCorners: 5
11-21 20:26:50.176 4012 4012 D DecorView: semSetRoundedCorners: 5
11-21 20:26:50.191 4012 4012 D DecorView: semSetRoundedCorners: 5
11-21 20:26:50.208 4012 4012 D DecorView: semSetRoundedCorners: 5
11-21 20:26:50.225 4012 4012 D DecorView: semSetRoundedCorners: 5
11-21 20:26:50.241 4012 4012 D DecorView: semSetRoundedCorners: 5
11-21 20:26:50.262 4012 4012 D DecorView: semSetRoundedCorners: 5
11-21 20:26:50.274 4012 4012 D DecorView: semSetRoundedCorners: 5
11-21 20:26:50.291 4012 4012 D DecorView: semSetRoundedCorners: 5
11-21 20:26:50.309 4012 4012 D DecorView: semSetRoundedCorners: 5
11-21 20:26:50.324 4012 4012 D DecorView: semSetRoundedCorners: 5
11-21 20:26:50.345 4012 4012 D DecorView: semSetRoundedCorners: 5
11-21 20:26:50.358 4012 4012 D DecorView: semSetRoundedCorners: 5
11-21 20:26:50.375 4012 4012 D DecorView: semSetRoundedCorners: 5
11-21 20:26:50.391 4012 4012 D DecorView: semSetRoundedCorners: 5
11-21 20:26:50.408 4012 4012 D DecorView: semSetRoundedCorners: 5
11-21 20:26:50.425 4012 4012 D DecorView: semSetRoundedCorners: 5
11-21 20:26:50.444 4012 4012 D DecorView: semSetRoundedCorners: 5
11-21 20:26:50.453 4012 5465 I AXL : [IsModelLoaded] iModelID: 412
11-21 20:26:50.453 4012 5465 I AXL : IsModelLoaded true!
11-21 20:26:50.459 4012 4012 D DecorView: semSetRoundedCorners: 5
11-21 20:26:50.475 4012 4012 D DecorView: semSetRoundedCorners: 5
11-21 20:26:50.497 4012 4012 D DecorView: semSetRoundedCorners: 5
11-21 20:26:50.512 4012 4012 D DecorView: semSetRoundedCorners: 5
11-21 20:26:50.527 4012 4012 D DecorView: semSetRoundedCorners: 5
11-21 20:26:50.543 4012 4012 D DecorView: semSetRoundedCorners: 5
11-21 20:26:50.559 4012 4012 D DecorView: semSetRoundedCorners: 5
11-21 20:26:50.575 4012 4012 D DecorView: semSetRoundedCorners: 5
11-21 20:26:50.591 4012 4012 D DecorView: semSetRoundedCorners: 5
11-21 20:26:50.610 4012 4012 D DecorView: semSetRoundedCorners: 5
11-21 20:26:50.625 4012 4012 D DecorView: semSetRoundedCorners: 5
11-21 20:26:50.642 4012 4012 D DecorView: semSetRoundedCorners: 5
11-21 20:26:50.658 4012 4012 D DecorView: semSetRoundedCorners: 5
11-21 20:26:50.671 4012 5465 I AXL : [IsModelLoaded] iModelID: 493
11-21 20:26:50.671 4012 5465 I AXL : IsModelLoaded true!
11-21 20:26:50.671 4012 5465 I AXL : [IsModelLoaded] iModelID: 3240
11-21 20:26:50.671 4012 5465 I AXL : IsModelLoaded true!
11-21 20:26:50.673 4012 5465 I AXL : [IsModelLoaded] iModelID: 3247
11-21 20:26:50.673 4012 5465 I AXL : IsModelLoaded true!
11-21 20:26:50.674 4012 5465 I AXL : [IsModelLoaded] iModelID: 543
11-21 20:26:50.674 4012 5465 I AXL : IsModelLoaded true!
11-21 20:26:50.674 4012 5465 I AXL : [IsModelLoaded] iModelID: 504
11-21 20:26:50.674 4012 5465 I AXL : IsModelLoaded true!
11-21 20:26:50.675 4012 5465 I AXL : [IsModelLoaded] iModelID: 3256
11-21 20:26:50.675 4012 5465 I AXL : IsModelLoaded true!
11-21 20:26:50.676 4012 5465 I AXL : Removing from vehicle..
11-21 20:26:50.676 4012 5465 I AXL : Setting flag state..
11-21 20:26:50.676 4012 5465 I AXL : Calling destructor..
11-21 20:26:50.676 4012 5465 I AXL : PlayerPed Destroyed
11-21 20:26:50.676 4012 5465 I AXL : Removing from vehicle..
11-21 20:26:50.676 4012 5465 I AXL : Setting flag state..
11-21 20:26:50.676 4012 5465 I AXL : Calling destructor..
11-21 20:26:50.676 4012 5465 I AXL : PlayerPed Destroyed
11-21 20:26:50.676 4012 5465 I AXL : Removing from vehicle..
11-21 20:26:50.676 4012 5465 I AXL : Setting flag state..
11-21 20:26:50.676 4012 5465 I AXL : Calling destructor..
11-21 20:26:50.676 4012 5465 I AXL : PlayerPed Destroyed
11-21 20:26:50.676 4012 5465 I AXL : Removing from vehicle..
11-21 20:26:50.676 4012 5465 I AXL : Setting flag state..
11-21 20:26:50.676 4012 5465 I AXL : Calling destructor..
11-21 20:26:50.676 4012 5465 I AXL : PlayerPed Destroyed
11-21 20:26:50.676 4012 5465 I AXL : Removing from vehicle..
11-21 20:26:50.676 4012 5465 I AXL : Setting flag state..
11-21 20:26:50.676 4012 5465 I AXL : Calling destructor..
11-21 20:26:50.677 4012 5465 I AXL : PlayerPed Destroyed
11-21 20:26:50.677 4012 5465 I AXL : Removing from vehicle..
11-21 20:26:50.677 4012 5465 I AXL : Setting flag state..
11-21 20:26:50.677 4012 5465 I AXL : Calling destructor..
11-21 20:26:50.677 4012 5465 I AXL : PlayerPed Destroyed
11-21 20:26:50.677 4012 5465 I AXL : Removing from vehicle..
11-21 20:26:50.677 4012 5465 I AXL : Setting flag state..
11-21 20:26:50.677 4012 5465 I AXL : Calling destructor..
11-21 20:26:50.677 4012 5465 I AXL : PlayerPed Destroyed
11-21 20:26:50.677 4012 5465 I AXL : Removing from vehicle..
11-21 20:26:50.677 4012 5465 I AXL : Setting flag state..
11-21 20:26:50.677 4012 4012 D DecorView: semSetRoundedCorners: 5
11-21 20:26:50.677 4012 5465 I AXL : Calling destructor..
11-21 20:26:50.678 4012 5465 I AXL : PlayerPed Destroyed
11-21 20:26:50.678 4012 5465 I AXL : Removing from vehicle..
11-21 20:26:50.678 4012 5465 I AXL : Setting flag state..
11-21 20:26:50.678 4012 5465 I AXL : Calling destructor..
11-21 20:26:50.678 4012 5465 I AXL : PlayerPed Destroyed
11-21 20:26:50.678 4012 5465 I AXL : CreatePickup(1274, 23, -105, 721, 1600)
11-21 20:26:50.678 4012 5465 I AXL : [IsModelLoaded] iModelID: 1274
11-21 20:26:50.678 4012 5465 I AXL : IsModelLoaded true!
11-21 20:26:50.678 4012 5465 I AXL : CreatePickup(1318, 23, -89, 723, 1600)
11-21 20:26:50.678 4012 5465 I AXL : [IsModelLoaded] iModelID: 1318
11-21 20:26:50.678 4012 5465 I AXL : IsModelLoaded true!
11-21 20:26:50.678 4012 5465 I AXL : CreatePickup(1274, 23, -99, 722, 1600)
11-21 20:26:50.678 4012 5465 I AXL : [IsModelLoaded] iModelID: 1274
11-21 20:26:50.678 4012 5465 I AXL : IsModelLoaded true!
11-21 20:26:50.692 4012 4012 D DecorView: semSetRoundedCorners: 5
11-21 20:26:50.708 4012 4012 D DecorView: semSetRoundedCorners: 5
11-21 20:26:50.725 4012 4012 D DecorView: semSetRoundedCorners: 5
11-21 20:26:50.748 4012 4012 D DecorView: semSetRoundedCorners: 5
11-21 20:26:50.758 4012 4012 D DecorView: semSetRoundedCorners: 5
11-21 20:26:50.776 4012 4012 D DecorView: semSetRoundedCorners: 5
11-21 20:26:50.792 4012 4012 D DecorView: semSetRoundedCorners: 5
11-21 20:26:50.809 4012 4012 D DecorView: semSetRoundedCorners: 5
11-21 20:26:50.826 4012 4012 D DecorView: semSetRoundedCorners: 5
11-21 20:26:50.844 4012 4012 D DecorView: semSetRoundedCorners: 5
11-21 20:26:50.862 4012 4012 D DecorView: semSetRoundedCorners: 5
11-21 20:26:50.879 4012 4012 D DecorView: semSetRoundedCorners: 5
11-21 20:26:50.894 4012 4012 D DecorView: semSetRoundedCorners: 5
11-21 20:26:50.913 4012 4012 D DecorView: semSetRoundedCorners: 5
11-21 20:26:50.930 4012 4012 D DecorView: semSetRoundedCorners: 5
11-21 20:26:50.947 4012 4012 D DecorView: semSetRoundedCorners: 5
11-21 20:26:50.962 4012 4012 D DecorView: semSetRoundedCorners: 5
11-21 20:26:50.978 4012 4012 D DecorView: semSetRoundedCorners: 5
11-21 20:26:50.994 4012 4012 D DecorView: semSetRoundedCorners: 5
11-21 20:26:51.014 4012 4012 D DecorView: semSetRoundedCorners: 5
11-21 20:26:51.026 4012 4012 D DecorView: semSetRoundedCorners: 5
11-21 20:26:51.044 4012 4012 D DecorView: semSetRoundedCorners: 5
11-21 20:26:51.062 4012 4012 D DecorView: semSetRoundedCorners: 5
11-21 20:26:51.078 4012 4012 D DecorView: semSetRoundedCorners: 5
11-21 20:26:51.097 4012 4012 D DecorView: semSetRoundedCorners: 5
11-21 20:26:51.111 4012 4012 D DecorView: semSetRoundedCorners: 5
11-21 20:26:51.131 4012 4012 D DecorView: semSetRoundedCorners: 5
11-21 20:26:51.145 4012 4012 D DecorView: semSetRoundedCorners: 5
11-21 20:26:51.165 4012 4012 D DecorView: semSetRoundedCorners: 5
11-21 20:26:51.180 4012 4012 D DecorView: semSetRoundedCorners: 5
11-21 20:26:51.196 4012 4012 D DecorView: semSetRoundedCorners: 5
11-21 20:26:51.215 4012 4012 D DecorView: semSetRoundedCorners: 5
11-21 20:26:51.230 4012 4012 D DecorView: semSetRoundedCorners: 5
11-21 20:26:51.249 4012 4012 D DecorView: semSetRoundedCorners: 5
11-21 20:26:51.265 4012 4012 D DecorView: semSetRoundedCorners: 5
11-21 20:26:51.282 4012 4012 D DecorView: semSetRoundedCorners: 5
11-21 20:26:51.295 4012 4012 D DecorView: semSetRoundedCorners: 5
11-21 20:26:51.311 4012 4012 D DecorView: semSetRoundedCorners: 5
11-21 20:26:51.331 4012 4012 D DecorView: semSetRoundedCorners: 5
11-21 20:26:51.348 4012 4012 D DecorView: semSetRoundedCorners: 5
11-21 20:26:51.367 4012 4012 D DecorView: semSetRoundedCorners: 5
11-21 20:26:51.378 4012 4012 D DecorView: semSetRoundedCorners: 5
11-21 20:26:51.394 4012 4012 D DecorView: semSetRoundedCorners: 5
11-21 20:26:51.415 4012 4012 D DecorView: semSetRoundedCorners: 5
11-21 20:26:51.431 4012 4012 D DecorView: semSetRoundedCorners: 5
11-21 20:26:51.445 4012 4012 D DecorView: semSetRoundedCorners: 5
11-21 20:26:51.465 4012 4012 D DecorView: semSetRoundedCorners: 5
11-21 20:26:51.477 4012 4012 D DecorView: semSetRoundedCorners: 5
11-21 20:26:51.499 4012 4012 D DecorView: semSetRoundedCorners: 5
11-21 20:26:51.515 4012 4012 D DecorView: semSetRoundedCorners: 5
11-21 20:26:51.528 4012 4012 D DecorView: semSetRoundedCorners: 5
11-21 20:26:51.540 4012 5465 I AXL : RPC_SCRCREATEOBJECT(2) 12046
11-21 20:26:51.540 4012 5465 I AXL : [CObject] InstantRotate
11-21 20:26:51.540 4012 5465 I AXL : RPC: ScrSetMapIcon
11-21 20:26:51.545 4012 4012 D DecorView: semSetRoundedCorners: 5
11-21 20:26:51.563 4012 4012 D DecorView: semSetRoundedCorners: 5
11-21 20:26:51.579 4012 4012 D DecorView: semSetRoundedCorners: 5
11-21 20:26:51.595 4012 4012 D DecorView: semSetRoundedCorners: 5
11-21 20:26:51.612 4012 4012 D DecorView: semSetRoundedCorners: 5
11-21 20:26:51.630 4012 4012 D DecorView: semSetRoundedCorners: 5
11-21 20:26:51.647 4012 4012 D DecorView: semSetRoundedCorners: 5
11-21 20:26:51.666 4012 4012 D DecorView: semSetRoundedCorners: 5
11-21 20:26:51.678 4012 4012 D DecorView: semSetRoundedCorners: 5
11-21 20:26:51.701 4012 4012 D DecorView: semSetRoundedCorners: 5
11-21 20:26:51.712 4012 4012 D DecorView: semSetRoundedCorners: 5
11-21 20:26:51.728 4012 4012 D DecorView: semSetRoundedCorners: 5
11-21 20:26:51.746 4012 4012 D DecorView: semSetRoundedCorners: 5
11-21 20:26:51.765 4012 4012 D DecorView: semSetRoundedCorners: 5
11-21 20:26:51.779 4012 4012 D DecorView: semSetRoundedCorners: 5
11-21 20:26:51.796 4012 4012 D DecorView: semSetRoundedCorners: 5
11-21 20:26:51.814 4012 4012 D DecorView: semSetRoundedCorners: 5
11-21 20:26:51.834 4012 4012 D DecorView: semSetRoundedCorners: 5
11-21 20:26:51.851 4012 4012 D DecorView: semSetRoundedCorners: 5
11-21 20:26:51.867 4012 4012 D DecorView: semSetRoundedCorners: 5
11-21 20:26:51.873 4012 5465 I AXL : RPC: ScrDisableMapIcon
11-21 20:26:51.884 4012 4012 D DecorView: semSetRoundedCorners: 5
11-21 20:26:51.898 4012 4012 D DecorView: semSetRoundedCorners: 5
11-21 20:26:51.907 4012 5465 I AXL : [IsModelLoaded] iModelID: 546
11-21 20:26:51.907 4012 5465 I AXL : IsModelLoaded true!
11-21 20:26:51.909 4012 5465 I AXL : [IsModelLoaded] iModelID: 3266
11-21 20:26:51.909 4012 5465 I AXL : IsModelLoaded true!
11-21 20:26:51.911 4012 5465 I AXL : [IsModelLoaded] iModelID: 3250
11-21 20:26:51.911 4012 5465 I AXL : IsModelLoaded true!
11-21 20:26:51.911 4012 5465 I AXL : [IsModelLoaded] iModelID: 409
11-21 20:26:51.911 4012 5465 I AXL : IsModelLoaded true!
11-21 20:26:51.913 4012 4012 D DecorView: semSetRoundedCorners: 5
11-21 20:26:51.913 4012 5465 I AXL : Removing from vehicle..
11-21 20:26:51.914 4012 5465 I AXL : Setting flag state..
11-21 20:26:51.914 4012 5465 I AXL : Calling destructor..
11-21 20:26:51.914 4012 5465 I AXL : PlayerPed Destroyed
11-21 20:26:51.914 4012 5465 I AXL : Removing from vehicle..
11-21 20:26:51.914 4012 5465 I AXL : Setting flag state..
11-21 20:26:51.914 4012 5465 I AXL : Calling destructor..
11-21 20:26:51.914 4012 5465 I AXL : PlayerPed Destroyed
11-21 20:26:51.914 4012 5465 I AXL : CreatePickup(1274, 23, -99, 712, 1600)
11-21 20:26:51.914 4012 5465 I AXL : [IsModelLoaded] iModelID: 1274
11-21 20:26:51.914 4012 5465 I AXL : IsModelLoaded true!
11-21 20:26:51.914 4012 5465 I AXL : CreatePickup(1274, 23, -101, 712, 1600)
11-21 20:26:51.914 4012 5465 I AXL : [IsModelLoaded] iModelID: 1274
11-21 20:26:51.914 4012 5465 I AXL : IsModelLoaded true!
11-21 20:26:51.914 4012 5465 I AXL : CreatePickup(1274, 23, -103, 712, 1600)
11-21 20:26:51.914 4012 5465 I AXL : [IsModelLoaded] iModelID: 1274
11-21 20:26:51.914 4012 5465 I AXL : IsModelLoaded true!
11-21 20:26:51.914 4012 5465 I AXL : CreatePickup(1275, 23, -87, 713, 1600)
11-21 20:26:51.914 4012 5465 I AXL : [IsModelLoaded] iModelID: 1275
11-21 20:26:51.914 4012 5465 I AXL : IsModelLoaded false!
11-21 20:26:51.914 4012 5465 I AXL : RequestModel
11-21 20:26:51.915 4012 5465 I AXL : RequestModel done!
11-21 20:26:51.915 4012 5465 I AXL : LoadRequestedModels
11-21 20:26:51.917 4012 5465 I AXL : LoadRequestedModels done!
11-21 20:26:51.917 4012 5465 I AXL : [IsModelLoaded] iModelID: 1275
11-21 20:26:51.917 4012 5465 I AXL : IsModelLoaded true!
11-21 20:26:51.929 4012 4012 D DecorView: semSetRoundedCorners: 5
11-21 20:26:51.946 4012 4012 D DecorView: semSetRoundedCorners: 5
11-21 20:26:51.964 4012 4012 D DecorView: semSetRoundedCorners: 5
11-21 20:26:51.979 4012 4012 D DecorView: semSetRoundedCorners: 5
11-21 20:26:51.996 4012 4012 D DecorView: semSetRoundedCorners: 5
11-21 20:26:52.016 4012 4012 D DecorView: semSetRoundedCorners: 5
11-21 20:26:52.033 4012 4012 D DecorView: semSetRoundedCorners: 5
11-21 20:26:52.050 4012 4012 D DecorView: semSetRoundedCorners: 5
11-21 20:26:52.072 4012 4012 D DecorView: semSetRoundedCorners: 5
11-21 20:26:52.088 4012 4012 D DecorView: semSetRoundedCorners: 5
11-21 20:26:52.103 4012 4012 D DecorView: semSetRoundedCorners: 5
11-21 20:26:52.117 4012 4012 D DecorView: semSetRoundedCorners: 5
11-21 20:26:52.135 4012 4012 D DecorView: semSetRoundedCorners: 5
11-21 20:26:52.147 4012 4012 D DecorView: semSetRoundedCorners: 5
11-21 20:26:52.164 4012 4012 D DecorView: semSetRoundedCorners: 5
11-21 20:26:52.186 4012 4012 D DecorView: semSetRoundedCorners: 5
11-21 20:26:52.196 4012 4012 D DecorView: semSetRoundedCorners: 5
11-21 20:26:52.214 4012 4012 D DecorView: semSetRoundedCorners: 5
11-21 20:26:52.224 4012 5465 I AXL : RPC: ScrDisableMapIcon
11-21 20:26:52.232 4012 4012 D DecorView: semSetRoundedCorners: 5
11-21 20:26:52.247 4012 4012 D DecorView: semSetRoundedCorners: 5
11-21 20:26:52.265 4012 4012 D DecorView: semSetRoundedCorners: 5
11-21 20:26:52.283 4012 4012 D DecorView: semSetRoundedCorners: 5
11-21 20:26:52.298 4012 4012 D DecorView: semSetRoundedCorners: 5
11-21 20:26:52.315 4012 4012 D DecorView: semSetRoundedCorners: 5
11-21 20:26:52.330 4012 4012 D DecorView: semSetRoundedCorners: 5
11-21 20:26:52.349 4012 4012 D DecorView: semSetRoundedCorners: 5
11-21 20:26:52.363 4012 4012 D DecorView: semSetRoundedCorners: 5
11-21 20:26:52.385 4012 4012 D DecorView: semSetRoundedCorners: 5
11-21 20:26:52.402 4012 4012 D DecorView: semSetRoundedCorners: 5
11-21 20:26:52.419 4012 4012 D DecorView: semSetRoundedCorners: 5
11-21 20:26:52.435 4012 4012 D DecorView: semSetRoundedCorners: 5
11-21 20:26:52.447 4012 4012 D DecorView: semSetRoundedCorners: 5
11-21 20:26:52.465 4012 4012 D DecorView: semSetRoundedCorners: 5
11-21 20:26:52.483 4012 4012 D DecorView: semSetRoundedCorners: 5
11-21 20:26:52.499 4012 4012 D DecorView: semSetRoundedCorners: 5
11-21 20:26:52.515 4012 4012 D DecorView: semSetRoundedCorners: 5
11-21 20:26:52.531 4012 4012 D DecorView: semSetRoundedCorners: 5
11-21 20:26:52.548 4012 4012 D DecorView: semSetRoundedCorners: 5
11-21 20:26:52.564 4012 4012 D DecorView: semSetRoundedCorners: 5
11-21 20:26:52.583 4012 4012 D DecorView: semSetRoundedCorners: 5
11-21 20:26:52.602 4012 4012 D DecorView: semSetRoundedCorners: 5
11-21 20:26:52.617 4012 4012 D DecorView: semSetRoundedCorners: 5
11-21 20:26:52.632 4012 4012 D DecorView: semSetRoundedCorners: 5
11-21 20:26:52.649 4012 4012 D DecorView: semSetRoundedCorners: 5
11-21 20:26:52.665 4012 4012 D DecorView: semSetRoundedCorners: 5
11-21 20:26:52.684 4012 4012 D DecorView: semSetRoundedCorners: 5
11-21 20:26:52.698 4012 4012 D DecorView: semSetRoundedCorners: 5
11-21 20:26:52.715 4012 4012 D DecorView: semSetRoundedCorners: 5
11-21 20:26:52.740 4012 4012 D DecorView: semSetRoundedCorners: 5
11-21 20:26:52.752 4012 4012 D DecorView: semSetRoundedCorners: 5
11-21 20:26:52.765 4012 4012 D DecorView: semSetRoundedCorners: 5
11-21 20:26:52.784 4012 4012 D DecorView: semSetRoundedCorners: 5
11-21 20:26:52.804 4012 4012 D DecorView: semSetRoundedCorners: 5
11-21 20:26:52.819 4012 4012 D DecorView: semSetRoundedCorners: 5
11-21 20:26:52.836 4012 4012 D DecorView: semSetRoundedCorners: 5
11-21 20:26:52.852 4012 4012 D DecorView: semSetRoundedCorners: 5
11-21 20:26:52.865 4012 4012 D DecorView: semSetRoundedCorners: 5
11-21 20:26:52.885 4012 4012 D DecorView: semSetRoundedCorners: 5
11-21 20:26:52.899 4012 4012 D DecorView: semSetRoundedCorners: 5
11-21 20:26:52.916 4012 4012 D DecorView: semSetRoundedCorners: 5
11-21 20:26:52.932 4012 4012 D DecorView: semSetRoundedCorners: 5
11-21 20:26:52.944 4012 5465 I AXL : RPC: ScrSetPlayerColor
11-21 20:26:52.949 4012 4012 D DecorView: semSetRoundedCorners: 5
11-21 20:26:52.966 4012 4012 D DecorView: semSetRoundedCorners: 5
11-21 20:26:52.984 4012 4012 D DecorView: semSetRoundedCorners: 5
11-21 20:26:52.999 4012 4012 D DecorView: semSetRoundedCorners: 5
11-21 20:26:53.022 4012 4012 D DecorView: semSetRoundedCorners: 5
11-21 20:26:53.034 4012 4012 D DecorView: semSetRoundedCorners: 5
11-21 20:26:53.049 4012 4012 D DecorView: semSetRoundedCorners: 5
11-21 20:26:53.066 4012 4012 D DecorView: semSetRoundedCorners: 5
11-21 20:26:53.085 4012 4012 D DecorView: semSetRoundedCorners: 5
11-21 20:26:53.099 4012 4012 D DecorView: semSetRoundedCorners: 5
11-21 20:26:53.116 4012 4012 D DecorView: semSetRoundedCorners: 5
11-21 20:26:53.134 4012 4012 D DecorView: semSetRoundedCorners: 5
11-21 20:26:53.150 4012 4012 D DecorView: semSetRoundedCorners: 5
11-21 20:26:53.168 4012 4012 D DecorView: semSetRoundedCorners: 5
11-21 20:26:53.187 4012 4012 D DecorView: semSetRoundedCorners: 5
11-21 20:26:53.205 4012 4012 D DecorView: semSetRoundedCorners: 5
11-21 20:26:53.222 4012 4012 D DecorView: semSetRoundedCorners: 5
11-21 20:26:53.239 4012 4012 D DecorView: semSetRoundedCorners: 5
11-21 20:26:53.254 4012 4012 D DecorView: semSetRoundedCorners: 5
11-21 20:26:53.267 4012 4012 D DecorView: semSetRoundedCorners: 5
11-21 20:26:53.285 4012 4012 D DecorView: semSetRoundedCorners: 5
11-21 20:26:53.300 4012 4012 D DecorView: semSetRoundedCorners: 5
11-21 20:26:53.321 4012 4012 D DecorView: semSetRoundedCorners: 5
11-21 20:26:53.334 4012 4012 D DecorView: semSetRoundedCorners: 5
11-21 20:26:53.351 4012 4012 D DecorView: semSetRoundedCorners: 5
11-21 20:26:53.372 4012 4012 D DecorView: semSetRoundedCorners: 5
11-21 20:26:53.389 4012 4012 D DecorView: semSetRoundedCorners: 5
11-21 20:26:53.405 4012 4012 D DecorView: semSetRoundedCorners: 5
11-21 20:26:53.423 4012 4012 D DecorView: semSetRoundedCorners: 5
11-21 20:26:53.435 4012 4012 D DecorView: semSetRoundedCorners: 5
11-21 20:26:53.455 4012 4012 D DecorView: semSetRoundedCorners: 5
11-21 20:26:53.473 4012 4012 D DecorView: semSetRoundedCorners: 5
11-21 20:26:53.488 4012 4012 D DecorView: semSetRoundedCorners: 5
11-21 20:26:53.505 4012 4012 D DecorView: semSetRoundedCorners: 5
11-21 20:26:53.522 4012 4012 D DecorView: semSetRoundedCorners: 5
11-21 20:26:53.539 4012 4012 D DecorView: semSetRoundedCorners: 5
11-21 20:26:53.556 4012 4012 D DecorView: semSetRoundedCorners: 5
11-21 20:26:53.572 4012 4012 D DecorView: semSetRoundedCorners: 5
11-21 20:26:53.589 4012 4012 D DecorView: semSetRoundedCorners: 5
11-21 20:26:53.603 4012 4012 D DecorView: semSetRoundedCorners: 5
11-21 20:26:53.619 4012 4012 D DecorView: semSetRoundedCorners: 5
11-21 20:26:53.635 4012 4012 D DecorView: semSetRoundedCorners: 5
11-21 20:26:53.656 4012 4012 D DecorView: semSetRoundedCorners: 5
11-21 20:26:53.672 4012 4012 D DecorView: semSetRoundedCorners: 5
11-21 20:26:53.689 4012 4012 D DecorView: semSetRoundedCorners: 5
11-21 20:26:53.707 4012 4012 D DecorView: semSetRoundedCorners: 5
11-21 20:26:53.719 4012 4012 D DecorView: semSetRoundedCorners: 5
11-21 20:26:53.737 4012 4012 D DecorView: semSetRoundedCorners: 5
11-21 20:26:53.753 4012 4012 D DecorView: semSetRoundedCorners: 5
11-21 20:26:53.769 4012 4012 D DecorView: semSetRoundedCorners: 5
11-21 20:26:53.787 4012 4012 D DecorView: semSetRoundedCorners: 5
11-21 20:26:53.807 4012 4012 D DecorView: semSetRoundedCorners: 5
11-21 20:26:53.824 4012 4012 D DecorView: semSetRoundedCorners: 5
11-21 20:26:53.839 4012 4012 D DecorView: semSetRoundedCorners: 5
11-21 20:26:53.858 4012 4012 D DecorView: semSetRoundedCorners: 5
11-21 20:26:53.874 4012 4012 D DecorView: semSetRoundedCorners: 5
