11-21 20:23:59.215 4012 4012 D InputMethodManager: HSIFW - flag : 0
11-21 20:23:59.216 4012 4012 I System.out: [Hide] closed input
11-21 20:23:59.216 4012 4012 I AXL : CPlayerPed::TogglePlayerControllable
11-21 20:23:59.216 4012 4012 I AXL : CPlayerPed::TogglePlayerControllable
okay!
11-21 20:23:59.216 4012 4012 I AXL : sendDialogResponse: dialogid - 2,
listitem - 5, inputtext1 - * Раса:
11-21 20:23:59.315 4012 5465 I AXL : CPlayerPed::TogglePlayerControllable
11-21 20:23:59.315 4012 5465 I AXL : CPlayerPed::TogglePlayerControllable
okay!
11-21 20:23:59.322 4012 4012 D InputMethodManager: HSIFW - flag : 0
11-21 20:23:59.322 4012 4012 I System.out: [onDestroyView] closed input
11-21 20:23:59.324 4012 4012 I System.out: Define your own onDestroyView
11-21 20:23:59.327 4012 4012 D ScrollView: initGoToTop
11-21 20:23:59.341 4012 4012 D InputMethodManager: HSIFW - flag : 0
11-21 20:23:59.344 4012 4012 I System.out: [loadDialog] closed input
11-21 20:23:59.363 4012 4012 D DecorView: semSetRoundedCorners: 5
11-21 20:23:59.370 4012 4012 D DecorView: semSetRoundedCorners: 5
11-21 20:23:59.571 4012 4012 I ViewRootImpl@fb83006[GTASA]: ViewPostIme pointer 0
11-21 20:23:59.618 4012 4012 I ViewRootImpl@fb83006[GTASA]: ViewPostIme pointer 1
11-21 20:24:00.140 4012 4012 I ViewRootImpl@fb83006[GTASA]: ViewPostIme pointer 0
11-21 20:24:00.185 4012 4012 I ViewRootImpl@fb83006[GTASA]: ViewPostIme pointer 1
11-21 20:24:00.187 4012 4012 D InputMethodManager: HSIFW - flag : 0
11-21 20:24:00.189 4012 4012 I System.out: [Hide] closed input
11-21 20:24:00.189 4012 4012 I AXL : CPlayerPed::TogglePlayerControllable
11-21 20:24:00.189 4012 4012 I AXL : CPlayerPed::TogglePlayerControllable
okay!
11-21 20:24:00.189 4012 4012 I AXL : sendDialogResponse: dialogid - 8,
listitem - 0, inputtext1 - * Негроид
11-21 20:24:00.299 4012 5465 I AXL : CPlayerPed::TogglePlayerControllable
11-21 20:24:00.299 4012 5465 I AXL : CPlayerPed::TogglePlayerControllable
okay!
11-21 20:24:00.309 4012 4012 D InputMethodManager: HSIFW - flag : 0
11-21 20:24:00.310 4012 4012 I System.out: [onDestroyView] closed input
11-21 20:24:00.312 4012 4012 I System.out: Define your own onDestroyView
11-21 20:24:00.314 4012 4012 D ScrollView: initGoToTop
11-21 20:24:00.330 4012 4012 D InputMethodManager: HSIFW - flag : 0
11-21 20:24:00.331 4012 4012 I System.out: [loadDialog] closed input
11-21 20:24:00.370 4012 4012 D DecorView: semSetRoundedCorners: 5
11-21 20:24:00.618 4012 5465 I AXL : RPC: ScrSetPlayerColor
11-21 20:24:01.290 4012 5465 I AXL : RPC: ScrSetPlayerColor
11-21 20:24:01.290 4012 5465 I AXL : RPC: ScrSetPlayerColor
11-21 20:24:02.343 4012 4012 I ViewRootImpl@fb83006[GTASA]: ViewPostIme pointer 0
11-21 20:24:02.389 4012 4012 I ViewRootImpl@fb83006[GTASA]: ViewPostIme pointer 1
11-21 20:24:02.399 4012 4012 D DecorView: semSetRoundedCorners: 5
11-21 20:24:02.517 4012 4012 I ViewRootImpl@fb83006[GTASA]: ViewPostIme pointer 0
11-21 20:24:02.564 4012 4012 I ViewRootImpl@fb83006[GTASA]: ViewPostIme pointer 1
11-21 20:24:02.581 4012 4012 D InputMethodManager: HSIFW - flag : 0
11-21 20:24:02.581 4012 4012 I System.out: [Hide] closed input
11-21 20:24:02.582 4012 4012 I AXL : CPlayerPed::TogglePlayerControllable
11-21 20:24:02.582 4012 4012 I AXL : CPlayerPed::TogglePlayerControllable
okay!
11-21 20:24:02.582 4012 4012 I AXL : sendDialogResponse: dialogid - 2,
listitem - 5, inputtext1 - * Раса:
11-21 20:24:02.677 4012 5465 I AXL : CPlayerPed::TogglePlayerControllable
11-21 20:24:02.677 4012 5465 I AXL : CPlayerPed::TogglePlayerControllable
okay!
11-21 20:24:02.683 4012 4012 D InputMethodManager: HSIFW - flag : 0
11-21 20:24:02.684 4012 4012 I System.out: [onDestroyView] closed input
11-21 20:24:02.688 4012 4012 I System.out: Define your own onDestroyView
11-21 20:24:02.690 4012 4012 D ScrollView: initGoToTop
11-21 20:24:02.703 4012 4012 D InputMethodManager: HSIFW - flag : 0
11-21 20:24:02.703 4012 4012 I System.out: [loadDialog] closed input
11-21 20:24:02.720 4012 4012 D DecorView: semSetRoundedCorners: 5
11-21 20:24:02.729 4012 4012 D DecorView: semSetRoundedCorners: 5
11-21 20:24:02.831 4012 5031 I dev.crimemobil: Background young concurrent
copying GC freed 115613(6427KB) AllocSpace objects, 131(2716KB) LOS objects, 41%
free, 13MB/22MB, paused 857us total 104.027ms
11-21 20:24:02.894 4012 5465 I AXL : RPC: ScrSetPlayerColor
11-21 20:24:03.027 4012 5465 I AXL : RPC: ScrSetPlayerColor
11-21 20:24:03.027 4012 5465 I AXL : RPC: ScrSetPlayerColor
11-21 20:24:03.958 4012 4012 D DecorView: semSetRoundedCorners: 5
11-21 20:24:04.785 4012 5465 I AXL : RPC: ScrSetPlayerColor
11-21 20:24:05.470 4012 5465 I AXL : RPC: ScrSetPlayerColor
11-21 20:24:06.772 4012 5465 I AXL : RPC: ScrSetPlayerColor
11-21 20:24:06.772 4012 5465 I AXL : RPC: ScrSetPlayerColor
11-21 20:24:08.427 4012 5465 I AXL : RPC: ScrSetPlayerColor
11-21 20:24:08.715 4012 5465 I AXL : RPC: ScrSetPlayerColor
11-21 20:24:08.976 4012 4012 D DecorView: semSetRoundedCorners: 5
11-21 20:24:09.015 4012 5465 I AXL : RPC_CUSTOM_HANDLING_DEFAULTS
11-21 20:24:09.632 4012 5465 I AXL : RPC: ScrSetPlayerColor
11-21 20:24:09.633 4012 5465 I AXL : RPC: ScrSetPlayerColor
11-21 20:24:09.783 4012 5465 I AXL : RPC: ScrSetPlayerColor
11-21 20:24:09.916 4012 5465 I AXL : CreatePickup(1318, 23, 3, 209, 1202)
11-21 20:24:09.916 4012 5465 I AXL : [IsModelLoaded] iModelID: 1318
11-21 20:24:09.916 4012 5465 I AXL : IsModelLoaded true!
11-21 20:24:11.046 4012 4012 I ViewRootImpl@fb83006[GTASA]: ViewPostIme pointer 0
11-21 20:24:11.104 4012 4012 I ViewRootImpl@fb83006[GTASA]: ViewPostIme pointer 1
11-21 20:24:11.105 4012 4012 D InputMethodManager: HSIFW - flag : 0
11-21 20:24:11.105 4012 4012 I System.out: [Hide] closed input
11-21 20:24:11.106 4012 4012 I AXL : CPlayerPed::TogglePlayerControllable
11-21 20:24:11.106 4012 4012 I AXL : CPlayerPed::TogglePlayerControllable
okay!
11-21 20:24:11.106 4012 4012 I AXL : sendDialogResponse: dialogid - 8,
listitem - 0, inputtext1 - * Негроид
11-21 20:24:11.153 4012 5465 I AXL : RPC: ScrSetPlayerColor
11-21 20:24:11.220 4012 5465 I AXL : CPlayerPed::TogglePlayerControllable
11-21 20:24:11.220 4012 5465 I AXL : CPlayerPed::TogglePlayerControllable
okay!
11-21 20:24:11.225 4012 4012 D InputMethodManager: HSIFW - flag : 0
11-21 20:24:11.226 4012 4012 I System.out: [onDestroyView] closed input
11-21 20:24:11.228 4012 4012 I System.out: Define your own onDestroyView
11-21 20:24:11.230 4012 4012 D ScrollView: initGoToTop
11-21 20:24:11.243 4012 4012 D InputMethodManager: HSIFW - flag : 0
11-21 20:24:11.243 4012 4012 I System.out: [loadDialog] closed input
11-21 20:24:11.282 4012 4012 D DecorView: semSetRoundedCorners: 5
11-21 20:24:12.348 4012 4012 I ViewRootImpl@fb83006[GTASA]: ViewPostIme pointer 0
11-21 20:24:12.405 4012 4012 I ViewRootImpl@fb83006[GTASA]: ViewPostIme pointer 1
11-21 20:24:12.415 4012 4012 D DecorView: semSetRoundedCorners: 5
11-21 20:24:13.200 4012 4012 I ViewRootImpl@fb83006[GTASA]: ViewPostIme pointer 0
11-21 20:24:13.255 4012 4012 I ViewRootImpl@fb83006[GTASA]: ViewPostIme pointer 1
11-21 20:24:13.256 4012 4012 D InputMethodManager: HSIFW - flag : 0
11-21 20:24:13.257 4012 4012 I System.out: [Hide] closed input
11-21 20:24:13.257 4012 4012 I AXL : CPlayerPed::TogglePlayerControllable
11-21 20:24:13.257 4012 4012 I AXL : CPlayerPed::TogglePlayerControllable
okay!
11-21 20:24:13.257 4012 4012 I AXL : sendDialogResponse: dialogid - 2,
listitem - 6, inputtext1 - * Внешность:
11-21 20:24:13.375 4012 5465 I AXL : CPlayerPed::TogglePlayerControllable
11-21 20:24:13.375 4012 5465 I AXL : CPlayerPed::TogglePlayerControllable
okay!
11-21 20:24:13.381 4012 4012 D InputMethodManager: HSIFW - flag : 0
11-21 20:24:13.382 4012 4012 I System.out: [onDestroyView] closed input
11-21 20:24:13.384 4012 4012 I System.out: Define your own onDestroyView
11-21 20:24:13.386 4012 4012 D ScrollView: initGoToTop
11-21 20:24:13.400 4012 4012 D InputMethodManager: HSIFW - flag : 0
11-21 20:24:13.401 4012 4012 I System.out: [loadDialog] closed input
11-21 20:24:13.442 4012 4012 D DecorView: semSetRoundedCorners: 5
11-21 20:24:13.983 4012 4012 D DecorView: semSetRoundedCorners: 5
11-21 20:24:15.426 4012 4012 I ViewRootImpl@fb83006[GTASA]: ViewPostIme pointer 0
11-21 20:24:15.516 4012 4012 I ViewRootImpl@fb83006[GTASA]: ViewPostIme pointer 1
11-21 20:24:15.522 4012 4012 D DecorView: semSetRoundedCorners: 5
11-21 20:24:16.081 4012 4012 I ViewRootImpl@fb83006[GTASA]: ViewPostIme pointer 0
11-21 20:24:16.128 4012 4012 I ViewRootImpl@fb83006[GTASA]: ViewPostIme pointer 1
11-21 20:24:16.130 4012 4012 D InputMethodManager: HSIFW - flag : 0
11-21 20:24:16.131 4012 4012 I System.out: [Hide] closed input
11-21 20:24:16.131 4012 4012 I AXL : CPlayerPed::TogglePlayerControllable
11-21 20:24:16.131 4012 4012 I AXL : CPlayerPed::TogglePlayerControllable
okay!
11-21 20:24:16.132 4012 4012 I AXL : sendDialogResponse: dialogid - 2,
listitem - 4, inputtext1 - * Пол:
11-21 20:24:16.234 4012 5465 I AXL : CPlayerPed::TogglePlayerControllable
11-21 20:24:16.234 4012 5465 I AXL : CPlayerPed::TogglePlayerControllable
okay!
11-21 20:24:16.242 4012 4012 D InputMethodManager: HSIFW - flag : 0
11-21 20:24:16.244 4012 4012 I System.out: [onDestroyView] closed input
11-21 20:24:16.248 4012 4012 I System.out: Define your own onDestroyView
11-21 20:24:16.252 4012 4012 D ScrollView: initGoToTop
11-21 20:24:16.262 4012 4012 D InputMethodManager: HSIFW - flag : 0
11-21 20:24:16.263 4012 4012 I System.out: [loadDialog] closed input
11-21 20:24:16.278 4012 4012 D DecorView: semSetRoundedCorners: 5
11-21 20:24:16.288 4012 4012 D DecorView: semSetRoundedCorners: 5
11-21 20:24:17.475 4012 4012 I ViewRootImpl@fb83006[GTASA]: ViewPostIme pointer 0
11-21 20:24:17.555 4012 4012 I ViewRootImpl@fb83006[GTASA]: ViewPostIme pointer 1
11-21 20:24:17.556 4012 4012 D InputMethodManager: HSIFW - flag : 0
11-21 20:24:17.557 4012 4012 I System.out: [Hide] closed input
11-21 20:24:17.557 4012 4012 I AXL : CPlayerPed::TogglePlayerControllable
11-21 20:24:17.557 4012 4012 I AXL : CPlayerPed::TogglePlayerControllable
okay!
11-21 20:24:17.557 4012 4012 I AXL : sendDialogResponse: dialogid - 6,
listitem - 0, inputtext1 - * Мужчина
11-21 20:24:17.671 4012 5465 I AXL : CPlayerPed::TogglePlayerControllable
11-21 20:24:17.671 4012 5465 I AXL : CPlayerPed::TogglePlayerControllable
okay!
11-21 20:24:17.677 4012 4012 D InputMethodManager: HSIFW - flag : 0
11-21 20:24:17.678 4012 4012 I System.out: [onDestroyView] closed input
11-21 20:24:17.679 4012 4012 I System.out: Define your own onDestroyView
11-21 20:24:17.681 4012 4012 D ScrollView: initGoToTop
11-21 20:24:17.695 4012 4012 D InputMethodManager: HSIFW - flag : 0
11-21 20:24:17.695 4012 4012 I System.out: [loadDialog] closed input
11-21 20:24:17.733 4012 4012 D DecorView: semSetRoundedCorners: 5
11-21 20:24:19.003 4012 4012 D DecorView: semSetRoundedCorners: 5
11-21 20:24:19.271 4012 4012 I ViewRootImpl@fb83006[GTASA]: ViewPostIme pointer 0
11-21 20:24:19.356 4012 4012 I ViewRootImpl@fb83006[GTASA]: ViewPostIme pointer 1
11-21 20:24:19.384 4012 4012 D DecorView: semSetRoundedCorners: 5
11-21 20:24:20.022 4012 4012 I ViewRootImpl@fb83006[GTASA]: ViewPostIme pointer 0
11-21 20:24:20.105 4012 4012 I ViewRootImpl@fb83006[GTASA]: ViewPostIme pointer 1
11-21 20:24:20.107 4012 4012 D InputMethodManager: HSIFW - flag : 0
11-21 20:24:20.107 4012 4012 I System.out: [Hide] closed input
11-21 20:24:20.108 4012 4012 I AXL : CPlayerPed::TogglePlayerControllable
11-21 20:24:20.108 4012 4012 I AXL : CPlayerPed::TogglePlayerControllable
okay!
11-21 20:24:20.108 4012 4012 I AXL : sendDialogResponse: dialogid - 2,
listitem - 7, inputtext1 - Продолжить регистрацию
11-21 20:24:20.212 4012 5465 I AXL : CPlayerPed::TogglePlayerControllable
11-21 20:24:20.212 4012 5465 I AXL : CPlayerPed::TogglePlayerControllable
okay!
11-21 20:24:20.218 4012 4012 D InputMethodManager: HSIFW - flag : 0
11-21 20:24:20.219 4012 4012 I System.out: [onDestroyView] closed input
11-21 20:24:20.220 4012 4012 I System.out: Define your own onDestroyView
11-21 20:24:20.222 4012 4012 D ScrollView: initGoToTop
11-21 20:24:20.236 4012 4012 D InputMethodManager: HSIFW - flag : 0
11-21 20:24:20.236 4012 4012 I System.out: [loadDialog] closed input
11-21 20:24:20.277 4012 4012 D DecorView: semSetRoundedCorners: 5
11-21 20:24:22.153 4012 5465 I AXL : RPC: ScrSetPlayerColor
11-21 20:24:22.253 4012 5465 I AXL : RPC: ScrSetPlayerColor
11-21 20:24:22.253 4012 5465 I AXL : RPC: ScrSetPlayerColor
11-21 20:24:22.506 4012 4012 I ViewRootImpl@fb83006[GTASA]: ViewPostIme pointer 0
11-21 20:24:22.613 4012 4012 I ViewRootImpl@fb83006[GTASA]: ViewPostIme pointer 1
11-21 20:24:22.627 4012 4012 D DecorView: semSetRoundedCorners: 5
11-21 20:24:22.948 4012 4012 I ViewRootImpl@fb83006[GTASA]: ViewPostIme pointer 0
11-21 20:24:23.006 4012 4012 I ViewRootImpl@fb83006[GTASA]: ViewPostIme pointer 1
11-21 20:24:23.008 4012 4012 D InputMethodManager: HSIFW - flag : 0
11-21 20:24:23.010 4012 4012 I System.out: [Hide] closed input
11-21 20:24:23.010 4012 4012 I AXL : CPlayerPed::TogglePlayerControllable
11-21 20:24:23.010 4012 4012 I AXL : CPlayerPed::TogglePlayerControllable
okay!
11-21 20:24:23.010 4012 4012 I AXL : sendDialogResponse: dialogid - 2,
listitem - 6, inputtext1 - * Внешность:
11-21 20:24:23.119 4012 5465 I AXL : RPC: ScrSetSpawnInfo
11-21 20:24:23.120 4012 5465 I AXL : CPlayerPed::TogglePlayerControllable
11-21 20:24:23.120 4012 5465 I AXL : CPlayerPed::TogglePlayerControllable
okay!
11-21 20:24:23.120 4012 5465 I AXL : [IsModelLoaded] iModelID: 0
11-21 20:24:23.120 4012 5465 I AXL : IsModelLoaded true!
11-21 20:24:23.234 4012 5465 I AXL : RPC: ScrSetPlayerArmour
11-21 20:24:23.234 4012 5465 I AXL : RPC: ScrSetPlayerHealth
11-21 20:24:23.234 4012 5465 I AXL : RPC: ScrSetPlayerHealth
11-21 20:24:23.234 4012 5465 I AXL : RPC: ScrTogglePlayerSpectating
11-21 20:24:23.234 4012 5465 I AXL : CPlayerPed::TogglePlayerControllable
11-21 20:24:23.235 4012 5465 I AXL : CPlayerPed::TogglePlayerControllable
okay!
11-21 20:24:23.235 4012 5465 I AXL : [IsModelLoaded] iModelID: 0
11-21 20:24:23.235 4012 5465 I AXL : IsModelLoaded true!
11-21 20:24:23.235 4012 5465 I AXL : toggle: 0
11-21 20:24:23.235 4012 5465 I AXL : RPC: TogglePlayerControllable
11-21 20:24:23.235 4012 5465 I AXL : CPlayerPed::TogglePlayerControllable
11-21 20:24:23.235 4012 5465 I AXL : CPlayerPed::TogglePlayerControllable
okay!
11-21 20:24:23.235 4012 5465 I AXL : RPC: ScrSetPlayerInterior
11-21 20:24:23.235 4012 5465 I AXL : RPC: ScrSetPlayerPos
11-21 20:24:23.235 4012 5465 I AXL : RPC: ScrSetPlayerFacingAngle
11-21 20:24:23.235 4012 5465 I AXL : [IsModelLoaded] iModelID: 82
11-21 20:24:23.235 4012 5465 I AXL : IsModelLoaded false!
11-21 20:24:23.235 4012 5465 I AXL : SetModelIndex (uiModel): 82
11-21 20:24:23.235 4012 5465 I AXL : RequestModel
11-21 20:24:23.235 4012 5465 I AXL : RequestModel done!
11-21 20:24:23.235 4012 5465 I AXL : LoadRequestedModels
11-21 20:24:23.268 4012 5465 I AXL : LoadRequestedModels done!
11-21 20:24:23.268 4012 5465 I AXL : [IsModelLoaded] iModelID: 82
11-21 20:24:23.268 4012 5465 I AXL : IsModelLoaded true!
11-21 20:24:23.268 4012 5465 I AXL : RPC: ScrSetCameraPos
11-21 20:24:23.268 4012 5465 I AXL : RPC: ScrSetCameraLookAt
11-21 20:24:23.268 4012 5465 I AXL : white loaded from ld_spac
11-21 20:24:23.268 4012 5465 I AXL : chit loaded from ld_beat
11-21 20:24:23.268 4012 5465 I AXL : chit loaded from ld_beat
11-21 20:24:23.268 4012 5465 I AXL : chit loaded from ld_beat
11-21 20:24:23.268 4012 5465 I AXL : chit loaded from ld_beat
11-21 20:24:23.268 4012 5465 I AXL : white loaded from ld_spac
11-21 20:24:23.269 4012 5465 I AXL : chit loaded from ld_beat
11-21 20:24:23.269 4012 5465 I AXL : chit loaded from ld_beat
11-21 20:24:23.269 4012 5465 I AXL : chit loaded from ld_beat
11-21 20:24:23.269 4012 5465 I AXL : chit loaded from ld_beat
11-21 20:24:23.269 4012 5465 I AXL : chit loaded from ld_beat
11-21 20:24:23.269 4012 5465 I AXL : chit loaded from ld_beat
11-21 20:24:23.269 4012 5465 I AXL : chit loaded from ld_beat
11-21 20:24:23.269 4012 5465 I AXL : chit loaded from ld_beat
11-21 20:24:23.269 4012 5465 I AXL : chit loaded from ld_beat
11-21 20:24:23.269 4012 5465 I AXL : chit loaded from ld_beat
11-21 20:24:23.269 4012 5465 I AXL : chit loaded from ld_beat
11-21 20:24:23.269 4012 5465 I AXL : chit loaded from ld_beat
11-21 20:24:23.269 4012 5465 I AXL : lamp_shad_64 loaded from particle
11-21 20:24:23.269 4012 5465 I AXL : RPC: ScrSelectTextDraw
11-21 20:24:23.269 4012 5465 I AXL : CPlayerPed::TogglePlayerControllable
11-21 20:24:23.269 4012 5465 I AXL : CPlayerPed::TogglePlayerControllable
okay!
11-21 20:24:23.269 4012 5465 I AXL : RPC: ScrClearPlayerAnimations
11-21 20:24:23.269 4012 5465 I AXL : CLocalPlayer::UpdateRemoteInterior 8
11-21 20:24:23.334 4012 5465 I AXL : RPC: ScrSetPlayerArmour
11-21 20:24:23.334 4012 5465 I AXL : RPC: ScrSetPlayerHealth
11-21 20:24:23.334 4012 5465 I AXL : RPC: ScrSetPlayerHealth
11-21 20:24:23.334 4012 5465 I AXL : RPC: ScrTogglePlayerSpectating
11-21 20:24:23.334 4012 5465 I AXL : toggle: 0
11-21 20:24:23.334 4012 5465 I AXL : RPC: TogglePlayerControllable
11-21 20:24:23.334 4012 5465 I AXL : CPlayerPed::TogglePlayerControllable
11-21 20:24:23.334 4012 5465 I AXL : CPlayerPed::TogglePlayerControllable
okay!
11-21 20:24:23.334 4012 5465 I AXL : RPC: ScrSetPlayerInterior
11-21 20:24:23.334 4012 5465 I AXL : RPC: ScrSetPlayerPos
11-21 20:24:23.335 4012 5465 I AXL : RPC: ScrSetPlayerFacingAngle
11-21 20:24:23.335 4012 5465 I AXL : [IsModelLoaded] iModelID: 82
11-21 20:24:23.335 4012 5465 I AXL : IsModelLoaded true!
11-21 20:24:23.335 4012 5465 I AXL : RPC: ScrSetCameraPos
11-21 20:24:23.335 4012 5465 I AXL : RPC: ScrSetCameraLookAt
11-21 20:24:23.335 4012 5465 I AXL : white loaded from ld_spac
11-21 20:24:23.335 4012 5465 I AXL : chit loaded from ld_beat
11-21 20:24:23.335 4012 5465 I AXL : chit loaded from ld_beat
11-21 20:24:23.335 4012 5465 I AXL : chit loaded from ld_beat
11-21 20:24:23.335 4012 5465 I AXL : chit loaded from ld_beat
11-21 20:24:23.335 4012 5465 I AXL : white loaded from ld_spac
11-21 20:24:23.335 4012 5465 I AXL : chit loaded from ld_beat
11-21 20:24:23.336 4012 5465 I AXL : chit loaded from ld_beat
11-21 20:24:23.336 4012 5465 I AXL : chit loaded from ld_beat
11-21 20:24:23.336 4012 5465 I AXL : chit loaded from ld_beat
11-21 20:24:23.336 4012 5465 I AXL : chit loaded from ld_beat
11-21 20:24:23.336 4012 5465 I AXL : chit loaded from ld_beat
11-21 20:24:23.336 4012 5465 I AXL : chit loaded from ld_beat
11-21 20:24:23.336 4012 5465 I AXL : chit loaded from ld_beat
11-21 20:24:23.336 4012 5465 I AXL : chit loaded from ld_beat
11-21 20:24:23.336 4012 5465 I AXL : chit loaded from ld_beat
11-21 20:24:23.336 4012 5465 I AXL : chit loaded from ld_beat
11-21 20:24:23.336 4012 5465 I AXL : chit loaded from ld_beat
11-21 20:24:23.336 4012 5465 I AXL : lamp_shad_64 loaded from particle
11-21 20:24:23.336 4012 5465 I AXL : RPC: ScrSelectTextDraw
11-21 20:24:23.336 4012 5465 I AXL : CPlayerPed::TogglePlayerControllable
11-21 20:24:23.336 4012 5465 I AXL : CPlayerPed::TogglePlayerControllable
okay!
11-21 20:24:23.336 4012 5465 I AXL : RPC: ScrClearPlayerAnimations
11-21 20:24:23.530 4012 4012 D DecorView: semSetRoundedCorners: 5
11-21 20:24:23.574 4012 5465 I AXL : RPC: ScrSetPlayerColor
11-21 20:24:23.841 4012 5465 I AXL : RPC_CUSTOM_HANDLING_DEFAULTS
11-21 20:24:24.003 4012 4012 D DecorView: semSetRoundedCorners: 5
11-21 20:24:24.725 4012 5465 I AXL : RPC: ScrSetPlayerColor
11-21 20:24:25.892 4012 5465 I AXL : RPC: ScrSetPlayerColor
11-21 20:24:25.929 4012 4012 I ViewRootImpl@fb83006[GTASA]: ViewPostIme pointer 0
11-21 20:24:26.010 4012 4012 I ViewRootImpl@fb83006[GTASA]: ViewPostIme pointer 1
11-21 20:24:26.495 4012 4012 I ViewRootImpl@fb83006[GTASA]: ViewPostIme pointer 0
11-21 20:24:26.590 4012 4012 I ViewRootImpl@fb83006[GTASA]: ViewPostIme pointer 1
11-21 20:24:27.126 4012 5465 I AXL : RPC: ScrSetPlayerColor
11-21 20:24:27.166 4012 4012 I ViewRootImpl@fb83006[GTASA]: ViewPostIme pointer 0
11-21 20:24:27.261 4012 4012 I ViewRootImpl@fb83006[GTASA]: ViewPostIme pointer 1
11-21 20:24:27.977 4012 4012 I ViewRootImpl@fb83006[GTASA]: ViewPostIme pointer 0
11-21 20:24:28.008 4012 4012 I ViewRootImpl@fb83006[GTASA]: ViewPostIme pointer 1
11-21 20:24:28.126 4012 5465 I AXL : RPC: ScrSetPlayerColor
11-21 20:24:28.390 4012 4012 I ViewRootImpl@fb83006[GTASA]: ViewPostIme pointer 0
11-21 20:24:28.459 4012 4012 I ViewRootImpl@fb83006[GTASA]: ViewPostIme pointer 1
11-21 20:24:28.576 4012 5465 I AXL : [IsModelLoaded] iModelID: 186
11-21 20:24:28.576 4012 5465 I AXL : IsModelLoaded false!
11-21 20:24:28.576 4012 5465 I AXL : SetModelIndex (uiModel): 186
11-21 20:24:28.576 4012 5465 I AXL : RequestModel
11-21 20:24:28.576 4012 5465 I AXL : RequestModel done!
11-21 20:24:28.576 4012 5465 I AXL : LoadRequestedModels
11-21 20:24:28.597 4012 5465 I AXL : LoadRequestedModels done!
11-21 20:24:28.597 4012 5465 I AXL : [IsModelLoaded] iModelID: 186
11-21 20:24:28.597 4012 5465 I AXL : IsModelLoaded true!
11-21 20:24:29.019 4012 4012 D DecorView: semSetRoundedCorners: 5
11-21 20:24:29.183 4012 4012 I ViewRootImpl@fb83006[GTASA]: ViewPostIme pointer 0
11-21 20:24:29.266 4012 4012 I ViewRootImpl@fb83006[GTASA]: ViewPostIme pointer 1
11-21 20:24:29.634 4012 4012 I ViewRootImpl@fb83006[GTASA]: ViewPostIme pointer 0
11-21 20:24:29.729 4012 4012 I ViewRootImpl@fb83006[GTASA]: ViewPostIme pointer 1
11-21 20:24:29.868 4012 5465 I AXL : [IsModelLoaded] iModelID: 184
11-21 20:24:29.868 4012 5465 I AXL : IsModelLoaded false!
11-21 20:24:29.868 4012 5465 I AXL : SetModelIndex (uiModel): 184
11-21 20:24:29.868 4012 5465 I AXL : RequestModel
11-21 20:24:29.868 4012 5465 I AXL : RequestModel done!
11-21 20:24:29.868 4012 5465 I AXL : LoadRequestedModels
11-21 20:24:29.892 4012 5465 I AXL : LoadRequestedModels done!
11-21 20:24:29.893 4012 5465 I AXL : [IsModelLoaded] iModelID: 184
11-21 20:24:29.893 4012 5465 I AXL : IsModelLoaded true!
11-21 20:24:30.239 4012 4012 I ViewRootImpl@fb83006[GTASA]: ViewPostIme pointer 0
11-21 20:24:30.321 4012 4012 I ViewRootImpl@fb83006[GTASA]: ViewPostIme pointer 1
11-21 20:24:31.067 4012 5465 I AXL : RPC: ScrSetPlayerColor
11-21 20:24:31.401 4012 5465 I AXL : RPC: ScrSetPlayerColor
11-21 20:24:31.401 4012 5465 I AXL : RPC: ScrSetPlayerColor
11-21 20:24:33.078 4012 4012 I ViewRootImpl@fb83006[GTASA]: ViewPostIme pointer 0
11-21 20:24:33.195 4012 4012 I ViewRootImpl@fb83006[GTASA]: ViewPostIme pointer 1
11-21 20:24:33.453 4012 5465 I AXL : RPC: ScrSetPlayerColor
11-21 20:24:33.570 4012 5465 I AXL : RPC: ScrSetPlayerColor
11-21 20:24:33.570 4012 5465 I AXL : RPC: ScrSetPlayerColor
11-21 20:24:33.887 4012 5465 I AXL : RPC: ScrSetPlayerColor
11-21 20:24:33.978 4012 4012 I ViewRootImpl@fb83006[GTASA]: ViewPostIme pointer 0
11-21 20:24:34.030 4012 4012 D DecorView: semSetRoundedCorners: 5
11-21 20:24:34.072 4012 4012 I ViewRootImpl@fb83006[GTASA]: ViewPostIme pointer 1
11-21 20:24:34.722 4012 5465 I AXL : RPC: ScrSetPlayerColor
11-21 20:24:34.763 4012 4012 I ViewRootImpl@fb83006[GTASA]: ViewPostIme pointer 0
11-21 20:24:34.857 4012 4012 I ViewRootImpl@fb83006[GTASA]: ViewPostIme pointer 1
11-21 20:24:35.005 4012 5465 I AXL : RPC: ScrSelectTextDraw
11-21 20:24:35.005 4012 5465 I AXL : CPlayerPed::TogglePlayerControllable
11-21 20:24:35.005 4012 5465 I AXL : CPlayerPed::TogglePlayerControllable
okay!
11-21 20:24:35.005 4012 5465 I AXL : RPC: ScrSelectTextDraw
11-21 20:24:35.005 4012 5465 I AXL : CPlayerPed::TogglePlayerControllable
11-21 20:24:35.005 4012 5465 I AXL : CPlayerPed::TogglePlayerControllable
okay!
11-21 20:24:35.006 4012 5465 I AXL : RPC: ScrSelectTextDraw
11-21 20:24:35.006 4012 5465 I AXL : CPlayerPed::TogglePlayerControllable
11-21 20:24:35.006 4012 5465 I AXL : CPlayerPed::TogglePlayerControllable
okay!
11-21 20:24:35.006 4012 5465 I AXL : RPC: ScrSelectTextDraw
11-21 20:24:35.006 4012 5465 I AXL : CPlayerPed::TogglePlayerControllable
11-21 20:24:35.006 4012 5465 I AXL : CPlayerPed::TogglePlayerControllable
okay!
11-21 20:24:35.006 4012 5465 I AXL : RPC: ScrSelectTextDraw
11-21 20:24:35.006 4012 5465 I AXL : CPlayerPed::TogglePlayerControllable
11-21 20:24:35.006 4012 5465 I AXL : CPlayerPed::TogglePlayerControllable
okay!
11-21 20:24:35.006 4012 5465 I AXL : RPC: ScrSelectTextDraw
11-21 20:24:35.006 4012 5465 I AXL : CPlayerPed::TogglePlayerControllable
11-21 20:24:35.006 4012 5465 I AXL : CPlayerPed::TogglePlayerControllable
okay!
11-21 20:24:35.006 4012 5465 I AXL : RPC: ScrSelectTextDraw
11-21 20:24:35.006 4012 5465 I AXL : CPlayerPed::TogglePlayerControllable
11-21 20:24:35.006 4012 5465 I AXL : CPlayerPed::TogglePlayerControllable
okay!
11-21 20:24:35.006 4012 5465 I AXL : RPC: ScrSelectTextDraw
11-21 20:24:35.006 4012 5465 I AXL : CPlayerPed::TogglePlayerControllable
11-21 20:24:35.006 4012 5465 I AXL : CPlayerPed::TogglePlayerControllable
okay!
11-21 20:24:35.006 4012 5465 I AXL : RPC: ScrSelectTextDraw
11-21 20:24:35.006 4012 5465 I AXL : CPlayerPed::TogglePlayerControllable
11-21 20:24:35.006 4012 5465 I AXL : CPlayerPed::TogglePlayerControllable
okay!
11-21 20:24:35.006 4012 5465 I AXL : RPC: ScrSelectTextDraw
11-21 20:24:35.006 4012 5465 I AXL : CPlayerPed::TogglePlayerControllable
11-21 20:24:35.006 4012 5465 I AXL : CPlayerPed::TogglePlayerControllable
okay!
11-21 20:24:35.006 4012 5465 I AXL : RPC: ScrSelectTextDraw
11-21 20:24:35.006 4012 5465 I AXL : CPlayerPed::TogglePlayerControllable
11-21 20:24:35.006 4012 5465 I AXL : CPlayerPed::TogglePlayerControllable
okay!
11-21 20:24:35.006 4012 5465 I AXL : RPC: ScrSelectTextDraw
11-21 20:24:35.006 4012 5465 I AXL : CPlayerPed::TogglePlayerControllable
11-21 20:24:35.006 4012 5465 I AXL : CPlayerPed::TogglePlayerControllable
okay!
11-21 20:24:35.006 4012 5465 I AXL : RPC: ScrSelectTextDraw
11-21 20:24:35.006 4012 5465 I AXL : CPlayerPed::TogglePlayerControllable
11-21 20:24:35.006 4012 5465 I AXL : CPlayerPed::TogglePlayerControllable
okay!
11-21 20:24:35.006 4012 5465 I AXL : RPC: ScrSelectTextDraw
11-21 20:24:35.006 4012 5465 I AXL : CPlayerPed::TogglePlayerControllable
11-21 20:24:35.007 4012 5465 I AXL : CPlayerPed::TogglePlayerControllable
okay!
11-21 20:24:35.007 4012 5465 I AXL : RPC: ScrSelectTextDraw
11-21 20:24:35.007 4012 5465 I AXL : CPlayerPed::TogglePlayerControllable
11-21 20:24:35.007 4012 5465 I AXL : CPlayerPed::TogglePlayerControllable
okay!
11-21 20:24:35.007 4012 5465 I AXL : RPC: ScrSelectTextDraw
11-21 20:24:35.007 4012 5465 I AXL : CPlayerPed::TogglePlayerControllable
11-21 20:24:35.007 4012 5465 I AXL : CPlayerPed::TogglePlayerControllable
okay!
11-21 20:24:35.007 4012 5465 I AXL : RPC: ScrSelectTextDraw
11-21 20:24:35.007 4012 5465 I AXL : CPlayerPed::TogglePlayerControllable
11-21 20:24:35.007 4012 5465 I AXL : CPlayerPed::TogglePlayerControllable
okay!
11-21 20:24:35.007 4012 5465 I AXL : RPC: ScrSelectTextDraw
11-21 20:24:35.007 4012 5465 I AXL : CPlayerPed::TogglePlayerControllable
11-21 20:24:35.007 4012 5465 I AXL : CPlayerPed::TogglePlayerControllable
okay!
11-21 20:24:35.007 4012 5465 I AXL : RPC: ScrSelectTextDraw
11-21 20:24:35.007 4012 5465 I AXL : CPlayerPed::TogglePlayerControllable
11-21 20:24:35.007 4012 5465 I AXL : CPlayerPed::TogglePlayerControllable
okay!
11-21 20:24:35.007 4012 5465 I AXL : RPC: ScrSelectTextDraw
11-21 20:24:35.007 4012 5465 I AXL : CPlayerPed::TogglePlayerControllable
11-21 20:24:35.007 4012 5465 I AXL : CPlayerPed::TogglePlayerControllable
okay!
11-21 20:24:35.007 4012 5465 I AXL : RPC: ScrSelectTextDraw
11-21 20:24:35.007 4012 5465 I AXL : CPlayerPed::TogglePlayerControllable
11-21 20:24:35.007 4012 5465 I AXL : CPlayerPed::TogglePlayerControllable
okay!
11-21 20:24:35.007 4012 5465 I AXL : RPC: ScrSelectTextDraw
11-21 20:24:35.007 4012 5465 I AXL : CPlayerPed::TogglePlayerControllable
11-21 20:24:35.007 4012 5465 I AXL : CPlayerPed::TogglePlayerControllable
okay!
11-21 20:24:35.007 4012 5465 I AXL : RPC: ScrSetCameraPos
11-21 20:24:35.008 4012 5465 I AXL : RPC: ScrSetCameraLookAt
11-21 20:24:35.008 4012 5465 I AXL : RPC: ScrSetPlayerInterior
11-21 20:24:35.008 4012 5465 I AXL : CPlayerPed::TogglePlayerControllable
11-21 20:24:35.008 4012 5465 I AXL : CPlayerPed::TogglePlayerControllable
okay!
11-21 20:24:35.009 4012 5465 I AXL : CLocalPlayer::UpdateRemoteInterior 0
11-21 20:24:35.009 4012 4012 D InputMethodManager: HSIFW - flag : 0
11-21 20:24:35.010 4012 4012 I System.out: [onDestroyView] closed input
11-21 20:24:35.012 4012 4012 I System.out: Define your own onDestroyView
11-21 20:24:35.014 4012 4012 D ScrollView: initGoToTop
11-21 20:24:35.030 4012 4012 D InputMethodManager: HSIFW - flag : 0
11-21 20:24:35.030 4012 4012 I System.out: [loadDialog] closed input
11-21 20:24:35.083 4012 4012 D DecorView: semSetRoundedCorners: 5
11-21 20:24:35.089 4012 4012 I ViewRootImpl@fb83006[GTASA]: ViewPostIme pointer 0
11-21 20:24:35.115 4012 4012 I ViewRootImpl@fb83006[GTASA]: ViewPostIme pointer 1
11-21 20:24:35.146 4012 5465 I AXL : RPC: ScrSetPlayerColor
11-21 20:24:35.146 4012 5465 I AXL : RPC: ScrSetPlayerColor
11-21 20:24:35.192 4012 5465 I AXL : RPC: ScrSetPlayerColor
11-21 20:24:35.392 4012 5465 I AXL : RPC: ScrSetPlayerColor
11-21 20:24:36.339 4012 4012 I ViewRootImpl@fb83006[GTASA]: ViewPostIme pointer 0
11-21 20:24:36.410 4012 4012 I ViewRootImpl@fb83006[GTASA]: ViewPostIme pointer 1
11-21 20:24:36.411 4012 4012 D InputMethodManager: HSIFW - flag : 0
11-21 20:24:36.412 4012 4012 I System.out: [Hide] closed input
11-21 20:24:36.412 4012 4012 I AXL : CPlayerPed::TogglePlayerControllable
11-21 20:24:36.412 4012 4012 I AXL : CPlayerPed::TogglePlayerControllable
okay!
11-21 20:24:36.412 4012 4012 I AXL : sendDialogResponse: dialogid - 2,
listitem - 0, inputtext1 - * Пароль:
11-21 20:24:36.514 4012 5465 I AXL : CPlayerPed::TogglePlayerControllable
11-21 20:24:36.514 4012 5465 I AXL : CPlayerPed::TogglePlayerControllable
okay!
11-21 20:24:36.518 4012 4012 D InputMethodManager: HSIFW - flag : 0
11-21 20:24:36.519 4012 4012 I System.out: [onDestroyView] closed input
11-21 20:24:36.522 4012 4012 I System.out: Define your own onDestroyView
11-21 20:24:36.525 4012 4012 D ScrollView: initGoToTop
11-21 20:24:36.538 4012 4012 D InputMethodManager: HSIFW - flag : 0
11-21 20:24:36.538 4012 4012 I System.out: [loadDialog] closed input
11-21 20:24:36.544 4012 4012 D ScrollView: onsize change changed
11-21 20:24:36.546 4012 4012 D DecorView: semSetRoundedCorners: 5
11-21 20:24:36.551 4012 4012 D DecorView: semSetRoundedCorners: 5
11-21 20:24:36.928 4012 5465 I AXL : RPC: ScrSetPlayerColor
11-21 20:24:37.228 4012 5465 I AXL : RPC: ScrSetPlayerColor
11-21 20:24:39.055 4012 4012 D DecorView: semSetRoundedCorners: 5
11-21 20:24:40.179 4012 4012 I ViewRootImpl@fb83006[GTASA]: ViewPostIme pointer 0
11-21 20:24:40.239 4012 4012 I ViewRootImpl@fb83006[GTASA]: ViewPostIme pointer 1
11-21 20:24:40.243 4012 4012 D InputMethodManager: prepareNavigationBarInfo()
DecorView@1d6074b[GTASA]
11-21 20:24:40.243 4012 4012 D InputMethodManager: getNavigationBarColor() -
16711423
11-21 20:24:40.243 4012 4012 V InputMethodManager: Starting input:
tba=ru.stepdev.crimemobile
ic=com.android.internal.widget.EditableInputConnection@7ce04d7 mNaviBarColor -
16711423 mIsGetNaviBarColorSuccess true , NavVisible : false , NavTrans : false
11-21 20:24:40.243 4012 4012 D InputMethodManager: startInputInner - Id : 0
11-21 20:24:40.248 4012 4012 I InputMethodManager: startInputInner -
mService.startInputOrWindowGainedFocus
11-21 20:24:40.249 4012 4012 D InputTransport: Input channel constructed:
'ClientS', fd=154
11-21 20:24:40.250 4012 4012 D InputTransport: Input channel destroyed:
'ClientS', fd=114
11-21 20:24:40.250 4012 4012 D InputMethodManager: SSI - flag : 0 Pid : 4012 view
: ru.stepdev.crimemobile
11-21 20:24:40.250 4012 4012 D InputMethodManager: prepareNavigationBarInfo()
DecorView@1d6074b[GTASA]
11-21 20:24:40.250 4012 4012 D InputMethodManager: getNavigationBarColor() -
16711423
11-21 20:24:40.254 4012 4012 D Editor : waiting for the right moment
11-21 20:24:40.261 4012 4012 I AssistStructure: Flattened final assist data: 7460
bytes, containing 2 windows, 62 views
11-21 20:24:40.367 4012 4012 D InsetsSourceConsumer: setRequestedVisible:
visible=true, type=13, host=ru.stepdev.crimemobile/com.rockstargames.gtagrp.GTASA,
from=android.view.InsetsSourceConsumer.show:229
android.view.InsetsController.showDirectly:1437
android.view.InsetsController.controlAnimationUnchecked:1110
android.view.InsetsController.applyAnimation:1417
android.view.InsetsController.show:962
android.view.ViewRootImpl$ViewRootHandler.handleMessage:6146
android.os.Handler.dispatchMessage:106 android.os.Looper.loop:246
android.app.ActivityThread.main:8653 java.lang.reflect.Method.invoke:-2
11-21 20:24:40.398 4012 4012 I ViewRootImpl@1f5c19f[PopupWindow:6510ac0]:
MSG_RESIZED: frame=(76,0,76,402) ci=(0,0,0,0) vi=(0,0,0,0) or=2
11-21 20:24:40.398 4012 4012 I ViewRootImpl@1f5c19f[PopupWindow:6510ac0]: 1)
Force to draw a frame when frame become empty from non-empty
11-21 20:24:40.436 4012 4012 I SurfaceControl: nativeRelease nativeObject
s[2716996352]
11-21 20:24:40.436 4012 4012 I SurfaceControl: nativeRelease nativeObject
e[2716996352]
11-21 20:24:40.437 4012 4012 I SurfaceControl: assignNativeObject: nativeObject =
0 Surface(name=null)/@0x12bb816 / android.view.SurfaceControl.readFromParcel:1117
android.view.IWindowSession$Stub$Proxy.relayout:1820
android.view.ViewRootImpl.relayoutWindow:9005
android.view.ViewRootImpl.performTraversals:3360
android.view.ViewRootImpl.doTraversal:2618
android.view.ViewRootImpl$TraversalRunnable.run:9971
android.view.Choreographer$CallbackRecord.run:1010
android.view.Choreographer.doCallbacks:809 android.view.Choreographer.doFrame:744
android.view.Choreographer$FrameDisplayEventReceiver.run:995
11-21 20:24:40.438 4012 4012 I ViewRootImpl@1f5c19f[PopupWindow:6510ac0]:
Relayout returned: old=(76,0,76,402) new=(76,0,76,402) req=(0,402)0 dur=9 res=0x21
s={true 3848448032} ch=false fn=8
11-21 20:24:40.438 4012 4012 I ViewRootImpl@1f5c19f[PopupWindow:6510ac0]: Force
to draw even when frame is empty
11-21 20:24:40.447 4012 4012 D ScrollView: onsize change changed
11-21 20:24:40.449 4012 4012 D DecorView: semSetRoundedCorners: 5
11-21 20:24:40.582 4012 5437 I SurfaceControl: nativeRelease nativeObject
s[2717029552]
11-21 20:24:40.582 4012 5437 I SurfaceControl: nativeRelease nativeObject
e[2717029552]
11-21 20:24:40.754 4012 5465 I AXL : RPC: ScrSetPlayerColor
11-21 20:24:42.738 4012 5465 I AXL : RPC: ScrSetPlayerColor
11-21 20:24:42.738 4012 5465 I AXL : RPC: ScrSetPlayerColor
11-21 20:24:42.738 4012 5465 I AXL : RPC: ScrSetPlayerColor
11-21 20:24:42.738 4012 5465 I AXL : RPC: ScrSetPlayerColor
11-21 20:24:43.405 4012 5465 I AXL : RPC: ScrSetPlayerColor
11-21 20:24:43.689 4012 5465 I AXL : RPC: ScrSetPlayerColor
11-21 20:24:43.856 4012 5465 I AXL : RPC: ScrSetPlayerColor
11-21 20:24:43.856 4012 5465 I AXL : RPC: ScrSetPlayerColor
11-21 20:24:43.856 4012 5465 I AXL : RPC: ScrSetPlayerColor
11-21 20:24:44.044 4012 4012 D DecorView: semSetRoundedCorners: 5
11-21 20:24:44.554 4012 4012 D InputMethodManager: HSIFW - flag : 0
11-21 20:24:44.556 4012 5465 I AXL : RPC: ScrSetPlayerColor
11-21 20:24:44.556 4012 5465 I AXL : RPC: ScrSetPlayerColor
11-21 20:24:44.556 4012 5465 I AXL : RPC: ScrSetPlayerColor
11-21 20:24:44.556 4012 5465 I AXL : RPC: ScrSetPlayerColor
11-21 20:24:44.566 4012 4012 D InsetsSourceConsumer: setRequestedVisible:
visible=false, type=13, host=ru.stepdev.crimemobile/com.rockstargames.gtagrp.GTASA,
from=android.view.InsetsSourceConsumer.hide:236
android.view.ImeInsetsSourceConsumer.hide:101
android.view.InsetsController.hideDirectly:1430
android.view.InsetsController.controlAnimationUnchecked:1112
android.view.InsetsController.applyAnimation:1417
android.view.InsetsController.hide:984
android.view.ViewRootImpl$ViewRootHandler.handleMessage:6150
android.os.Handler.dispatchMessage:106 android.os.Looper.loop:246
android.app.ActivityThread.main:8653
11-21 20:24:44.594 4012 4012 I ViewRootImpl@1f5c19f[PopupWindow:6510ac0]:
MSG_RESIZED: frame=(76,0,76,1080) ci=(0,0,0,0) vi=(0,0,0,0) or=2
11-21 20:24:44.594 4012 4012 I ViewRootImpl@1f5c19f[PopupWindow:6510ac0]: 1)
Force to draw a frame when frame become empty from non-empty
11-21 20:24:44.621 4012 4012 I SurfaceControl: nativeRelease nativeObject
s[2716979472]
11-21 20:24:44.621 4012 4012 I SurfaceControl: nativeRelease nativeObject
e[2716979472]
11-21 20:24:44.621 4012 4012 I SurfaceControl: assignNativeObject: nativeObject =
0 Surface(name=null)/@0x12bb816 / android.view.SurfaceControl.readFromParcel:1117
android.view.IWindowSession$Stub$Proxy.relayout:1820
android.view.ViewRootImpl.relayoutWindow:9005
android.view.ViewRootImpl.performTraversals:3360
android.view.ViewRootImpl.doTraversal:2618
android.view.ViewRootImpl$TraversalRunnable.run:9971
android.view.Choreographer$CallbackRecord.run:1010
android.view.Choreographer.doCallbacks:809 android.view.Choreographer.doFrame:744
android.view.Choreographer$FrameDisplayEventReceiver.run:995
11-21 20:24:44.622 4012 4012 I ViewRootImpl@1f5c19f[PopupWindow:6510ac0]:
Relayout returned: old=(76,0,76,1080) new=(76,0,76,1080) req=(0,1080)0 dur=14
res=0x21 s={true 3848448032} ch=false fn=9
11-21 20:24:44.624 4012 4012 I ViewRootImpl@1f5c19f[PopupWindow:6510ac0]: Force
to draw even when frame is empty
11-21 20:24:44.640 4012 4012 D ScrollView: onsize change changed
11-21 20:24:44.642 4012 4012 D DecorView: semSetRoundedCorners: 5
11-21 20:24:44.776 4012 5437 I SurfaceControl: nativeRelease nativeObject
s[2716956272]
11-21 20:24:44.776 4012 5437 I SurfaceControl: nativeRelease nativeObject
e[2716956272]
11-21 20:24:45.152 4012 4012 I ViewRootImpl@fb83006[GTASA]: ViewPostIme pointer 0
11-21 20:24:45.222 4012 4012 I ViewRootImpl@fb83006[GTASA]: ViewPostIme pointer 1
11-21 20:24:45.224 4012 4012 D InputMethodManager: HSIFW - flag : 0
11-21 20:24:45.226 4012 4012 I System.out: [Hide] closed input
11-21 20:24:45.226 4012 4012 I AXL : CPlayerPed::TogglePlayerControllable
11-21 20:24:45.227 4012 4012 I AXL : CPlayerPed::TogglePlayerControllable
okay!
11-21 20:24:45.227 4012 4012 I AXL : sendDialogResponse: dialogid - 3,
listitem - -1, inputtext1 - koryun2717
11-21 20:24:45.344 4012 5465 I AXL : CPlayerPed::TogglePlayerControllable
11-21 20:24:45.344 4012 5465 I AXL : CPlayerPed::TogglePlayerControllable
okay!
11-21 20:24:45.344 4012 5465 I AXL : RPC: ScrSetPlayerColor
11-21 20:24:45.360 4012 4012 D InputMethodManager: HSIFW - flag : 0
11-21 20:24:45.361 4012 4012 I System.out: [onDestroyView] closed input
11-21 20:24:45.363 4012 4012 I System.out: Define your own onDestroyView
11-21 20:24:45.365 4012 4012 D ScrollView: initGoToTop
11-21 20:24:45.366 4012 4012 D InputMethodManager: prepareNavigationBarInfo()
DecorView@1d6074b[GTASA]
11-21 20:24:45.366 4012 4012 D InputMethodManager: getNavigationBarColor() -
16711423
11-21 20:24:45.366 4012 4012 V InputMethodManager: Starting input:
tba=ru.stepdev.crimemobile ic=null mNaviBarColor -16711423
mIsGetNaviBarColorSuccess true , NavVisible : false , NavTrans : false
11-21 20:24:45.366 4012 4012 D InputMethodManager: startInputInner - Id : 0
11-21 20:24:45.366 4012 4012 I InputMethodManager: startInputInner -
mService.startInputOrWindowGainedFocus
11-21 20:24:45.367 4012 4012 D InputTransport: Input channel constructed:
'ClientS', fd=110
11-21 20:24:45.367 4012 4012 D InputTransport: Input channel destroyed:
'ClientS', fd=154
11-21 20:24:45.374 4012 4012 D InputMethodManager: HSIFW - flag : 0
11-21 20:24:45.375 4012 4012 I System.out: [loadDialog] closed input
11-21 20:24:45.412 4012 4012 D DecorView: semSetRoundedCorners: 5
11-21 20:24:45.494 4012 5465 I AXL : RPC: ScrSetPlayerColor
11-21 20:24:45.494 4012 5465 I AXL : RPC: ScrSetPlayerColor
11-21 20:24:46.843 4012 4012 I ViewRootImpl@fb83006[GTASA]: ViewPostIme pointer 0
11-21 20:24:46.924 4012 4012 I ViewRootImpl@fb83006[GTASA]: ViewPostIme pointer 1
11-21 20:24:46.927 4012 4012 D InputMethodManager: HSIFW - flag : 0
11-21 20:24:46.928 4012 4012 I System.out: [Hide] closed input
11-21 20:24:46.928 4012 4012 I AXL : CPlayerPed::TogglePlayerControllable
11-21 20:24:46.928 4012 4012 I AXL : CPlayerPed::TogglePlayerControllable
okay!
11-21 20:24:46.928 4012 4012 I AXL : sendDialogResponse: dialogid - 2,
listitem - 0, inputtext1 - * Пароль:
11-21 20:24:47.028 4012 5465 I AXL : CPlayerPed::TogglePlayerControllable
11-21 20:24:47.028 4012 5465 I AXL : CPlayerPed::TogglePlayerControllable
okay!
11-21 20:24:47.031 4012 4012 D InputMethodManager: HSIFW - flag : 0
11-21 20:24:47.032 4012 4012 I System.out: [onDestroyView] closed input
11-21 20:24:47.033 4012 4012 I System.out: Define your own onDestroyView
11-21 20:24:47.035 4012 4012 D ScrollView: initGoToTop
11-21 20:24:47.045 4012 4012 D InputMethodManager: HSIFW - flag : 0
11-21 20:24:47.046 4012 4012 I System.out: [loadDialog] closed input
11-21 20:24:47.050 4012 4012 D ScrollView: onsize change changed
11-21 20:24:47.052 4012 4012 D DecorView: semSetRoundedCorners: 5
11-21 20:24:47.065 4012 4012 D DecorView: semSetRoundedCorners: 5
11-21 20:24:48.209 4012 4012 I ViewRootImpl@fb83006[GTASA]: ViewPostIme pointer 0
11-21 20:24:48.266 4012 4012 I ViewRootImpl@fb83006[GTASA]: ViewPostIme pointer 1
11-21 20:24:48.269 4012 4012 D InputMethodManager: prepareNavigationBarInfo()
DecorView@1d6074b[GTASA]
11-21 20:24:48.269 4012 4012 D InputMethodManager: getNavigationBarColor() -
16711423
11-21 20:24:48.269 4012 4012 V InputMethodManager: Starting input:
tba=ru.stepdev.crimemobile
ic=com.android.internal.widget.EditableInputConnection@bce76b2 mNaviBarColor -
16711423 mIsGetNaviBarColorSuccess true , NavVisible : false , NavTrans : false
11-21 20:24:48.269 4012 4012 D InputMethodManager: startInputInner - Id : 0
11-21 20:24:48.274 4012 4012 I InputMethodManager: startInputInner -
mService.startInputOrWindowGainedFocus
11-21 20:24:48.275 4012 4012 D InputTransport: Input channel constructed:
'ClientS', fd=111
11-21 20:24:48.276 4012 4012 D InputTransport: Input channel destroyed:
'ClientS', fd=110
11-21 20:24:48.276 4012 4012 D InputMethodManager: SSI - flag : 0 Pid : 4012 view
: ru.stepdev.crimemobile
11-21 20:24:48.276 4012 4012 D InputMethodManager: prepareNavigationBarInfo()
DecorView@1d6074b[GTASA]
11-21 20:24:48.276 4012 4012 D InputMethodManager: getNavigationBarColor() -
16711423
11-21 20:24:48.278 4012 4012 D Editor : waiting for the right moment
11-21 20:24:48.288 4012 4012 I AssistStructure: Flattened final assist data: 7460
bytes, containing 2 windows, 62 views
11-21 20:24:48.394 4012 4012 D InsetsSourceConsumer: setRequestedVisible:
visible=true, type=13, host=ru.stepdev.crimemobile/com.rockstargames.gtagrp.GTASA,
from=android.view.InsetsSourceConsumer.show:229
android.view.InsetsController.showDirectly:1437
android.view.InsetsController.controlAnimationUnchecked:1110
android.view.InsetsController.applyAnimation:1417
android.view.InsetsController.show:962
android.view.ViewRootImpl$ViewRootHandler.handleMessage:6146
android.os.Handler.dispatchMessage:106 android.os.Looper.loop:246
android.app.ActivityThread.main:8653 java.lang.reflect.Method.invoke:-2
11-21 20:24:48.428 4012 4012 I ViewRootImpl@1f5c19f[PopupWindow:6510ac0]:
MSG_RESIZED: frame=(76,0,76,402) ci=(0,0,0,0) vi=(0,0,0,0) or=2
11-21 20:24:48.428 4012 4012 I ViewRootImpl@1f5c19f[PopupWindow:6510ac0]: 1)
Force to draw a frame when frame become empty from non-empty
11-21 20:24:48.445 4012 4012 I SurfaceControl: nativeRelease nativeObject
s[2717080832]
11-21 20:24:48.445 4012 4012 I SurfaceControl: nativeRelease nativeObject
e[2717080832]
11-21 20:24:48.446 4012 4012 I SurfaceControl: assignNativeObject: nativeObject =
0 Surface(name=null)/@0x12bb816 / android.view.SurfaceControl.readFromParcel:1117
android.view.IWindowSession$Stub$Proxy.relayout:1820
android.view.ViewRootImpl.relayoutWindow:9005
android.view.ViewRootImpl.performTraversals:3360
android.view.ViewRootImpl.doTraversal:2618
android.view.ViewRootImpl$TraversalRunnable.run:9971
android.view.Choreographer$CallbackRecord.run:1010
android.view.Choreographer.doCallbacks:809 android.view.Choreographer.doFrame:744
android.view.Choreographer$FrameDisplayEventReceiver.run:995
11-21 20:24:48.446 4012 4012 I ViewRootImpl@1f5c19f[PopupWindow:6510ac0]:
Relayout returned: old=(76,0,76,402) new=(76,0,76,402) req=(0,402)0 dur=10 res=0x21
s={true 3848448032} ch=false fn=10
11-21 20:24:48.449 4012 4012 I ViewRootImpl@1f5c19f[PopupWindow:6510ac0]: Force
to draw even when frame is empty
11-21 20:24:48.467 4012 4012 D ScrollView: onsize change changed
11-21 20:24:48.470 4012 4012 D DecorView: semSetRoundedCorners: 5
11-21 20:24:48.604 4012 5437 I SurfaceControl: nativeRelease nativeObject
s[3038257936]
11-21 20:24:48.604 4012 5437 I SurfaceControl: nativeRelease nativeObject
e[3038257936]
11-21 20:24:48.622 4012 5465 I AXL : RPC: ScrSetPlayerColor
11-21 20:24:48.689 4012 5465 I AXL : RPC: ScrSetPlayerColor
11-21 20:24:49.059 4012 4012 D DecorView: semSetRoundedCorners: 5
11-21 20:24:53.330 4012 5465 I AXL : RPC: ScrSetPlayerColor
11-21 20:24:54.071 4012 4012 D DecorView: semSetRoundedCorners: 5
11-21 20:24:54.573 4012 4012 D InputMethodManager: HSIFW - flag : 0
11-21 20:24:54.579 4012 4012 D InsetsSourceConsumer: setRequestedVisible:
visible=false, type=13, host=ru.stepdev.crimemobile/com.rockstargames.gtagrp.GTASA,
from=android.view.InsetsSourceConsumer.hide:236
android.view.ImeInsetsSourceConsumer.hide:101
android.view.InsetsController.hideDirectly:1430
android.view.InsetsController.controlAnimationUnchecked:1112
android.view.InsetsController.applyAnimation:1417
android.view.InsetsController.hide:984
android.view.ViewRootImpl$ViewRootHandler.handleMessage:6150
android.os.Handler.dispatchMessage:106 android.os.Looper.loop:246
android.app.ActivityThread.main:8653
11-21 20:24:54.615 4012 4012 I ViewRootImpl@1f5c19f[PopupWindow:6510ac0]:
MSG_RESIZED: frame=(76,0,76,1080) ci=(0,0,0,0) vi=(0,0,0,0) or=2
11-21 20:24:54.615 4012 4012 I ViewRootImpl@1f5c19f[PopupWindow:6510ac0]: 1)
Force to draw a frame when frame become empty from non-empty
11-21 20:24:54.641 4012 4012 I SurfaceControl: nativeRelease nativeObject
s[3038400016]
11-21 20:24:54.641 4012 4012 I SurfaceControl: nativeRelease nativeObject
e[3038400016]
11-21 20:24:54.642 4012 4012 I SurfaceControl: assignNativeObject: nativeObject =
0 Surface(name=null)/@0x12bb816 / android.view.SurfaceControl.readFromParcel:1117
android.view.IWindowSession$Stub$Proxy.relayout:1820
android.view.ViewRootImpl.relayoutWindow:9005
android.view.ViewRootImpl.performTraversals:3360
android.view.ViewRootImpl.doTraversal:2618
android.view.ViewRootImpl$TraversalRunnable.run:9971
android.view.Choreographer$CallbackRecord.run:1010
android.view.Choreographer.doCallbacks:809 android.view.Choreographer.doFrame:744
android.view.Choreographer$FrameDisplayEventReceiver.run:995
11-21 20:24:54.642 4012 4012 I ViewRootImpl@1f5c19f[PopupWindow:6510ac0]:
Relayout returned: old=(76,0,76,1080) new=(76,0,76,1080) req=(0,1080)0 dur=9
res=0x21 s={true 3848448032} ch=false fn=11
11-21 20:24:54.645 4012 4012 I ViewRootImpl@1f5c19f[PopupWindow:6510ac0]: Force
to draw even when frame is empty
11-21 20:24:54.653 4012 4012 D ScrollView: onsize change changed
11-21 20:24:54.655 4012 4012 D DecorView: semSetRoundedCorners: 5
11-21 20:24:54.787 4012 5437 I SurfaceControl: nativeRelease nativeObject
s[2808723632]
11-21 20:24:54.787 4012 5437 I SurfaceControl: nativeRelease nativeObject
e[2808723632]
11-21 20:24:55.101 4012 4012 I ViewRootImpl@fb83006[GTASA]: ViewPostIme pointer 0
11-21 20:24:55.171 4012 4012 I ViewRootImpl@fb83006[GTASA]: ViewPostIme pointer 1
11-21 20:24:55.913 4012 4012 I ViewRootImpl@fb83006[GTASA]: ViewPostIme pointer 0
11-21 20:24:55.984 4012 4012 I ViewRootImpl@fb83006[GTASA]: ViewPostIme pointer 1
11-21 20:24:55.985 4012 4012 D InputMethodManager: HSIFW - flag : 0
11-21 20:24:55.986 4012 4012 I System.out: [Hide] closed input
11-21 20:24:55.987 4012 4012 I AXL : CPlayerPed::TogglePlayerControllable
11-21 20:24:55.987 4012 4012 I AXL : CPlayerPed::TogglePlayerControllable
okay!
11-21 20:24:55.987 4012 4012 I AXL : sendDialogResponse: dialogid - 3,
listitem - -1, inputtext1 - valod2717
11-21 20:24:56.123 4012 5465 I AXL : CPlayerPed::TogglePlayerControllable
11-21 20:24:56.124 4012 5465 I AXL : CPlayerPed::TogglePlayerControllable
okay!
11-21 20:24:56.126 4012 4012 D InputMethodManager: HSIFW - flag : 0
11-21 20:24:56.127 4012 4012 I System.out: [onDestroyView] closed input
11-21 20:24:56.131 4012 4012 I System.out: Define your own onDestroyView
11-21 20:24:56.133 4012 4012 D ScrollView: initGoToTop
11-21 20:24:56.134 4012 4012 D InputMethodManager: prepareNavigationBarInfo()
DecorView@1d6074b[GTASA]
11-21 20:24:56.135 4012 4012 D InputMethodManager: getNavigationBarColor() -
16711423
11-21 20:24:56.135 4012 4012 V InputMethodManager: Starting input:
tba=ru.stepdev.crimemobile ic=null mNaviBarColor -16711423
mIsGetNaviBarColorSuccess true , NavVisible : false , NavTrans : false
11-21 20:24:56.135 4012 4012 D InputMethodManager: startInputInner - Id : 0
11-21 20:24:56.135 4012 4012 I InputMethodManager: startInputInner -
mService.startInputOrWindowGainedFocus
11-21 20:24:56.136 4012 4012 D InputTransport: Input channel constructed:
'ClientS', fd=109
11-21 20:24:56.136 4012 4012 D InputTransport: Input channel destroyed:
'ClientS', fd=111
11-21 20:24:56.144 4012 4012 D InputMethodManager: HSIFW - flag : 0
11-21 20:24:56.145 4012 4012 I System.out: [loadDialog] closed input
11-21 20:24:56.185 4012 4012 D DecorView: semSetRoundedCorners: 5
11-21 20:24:56.318 4012 5031 I dev.crimemobil: Background concurrent copying GC
freed 167225(9588KB) AllocSpace objects, 107(2260KB) LOS objects, 49% free,
11MB/22MB, paused 239us total 165.104ms
11-21 20:24:57.477 4012 5465 I AXL : RPC: ScrSetPlayerColor
11-21 20:24:57.477 4012 5465 I AXL : RPC: ScrSetPlayerColor
11-21 20:24:57.477 4012 5465 I AXL : RPC: ScrSetPlayerColor
