11-21 20:25:53.961 4012 4012 D DecorView: semSetRoundedCorners: 5
11-21 20:25:53.976 4012 4012 D DecorView: semSetRoundedCorners: 5
11-21 20:25:53.993 4012 4012 D DecorView: semSetRoundedCorners: 5
11-21 20:25:54.009 4012 4012 D DecorView: semSetRoundedCorners: 5
11-21 20:25:54.027 4012 4012 D DecorView: semSetRoundedCorners: 5
11-21 20:25:54.044 4012 4012 D DecorView: semSetRoundedCorners: 5
11-21 20:25:54.061 4012 4012 D DecorView: semSetRoundedCorners: 5
11-21 20:25:54.077 4012 4012 D DecorView: semSetRoundedCorners: 5
11-21 20:25:54.094 4012 4012 D DecorView: semSetRoundedCorners: 5
11-21 20:25:54.110 4012 4012 D DecorView: semSetRoundedCorners: 5
11-21 20:25:54.127 4012 4012 D DecorView: semSetRoundedCorners: 5
11-21 20:25:54.144 4012 4012 D DecorView: semSetRoundedCorners: 5
11-21 20:25:54.161 4012 4012 D DecorView: semSetRoundedCorners: 5
11-21 20:25:54.177 4012 4012 D DecorView: semSetRoundedCorners: 5
11-21 20:25:54.195 4012 4012 D DecorView: semSetRoundedCorners: 5
11-21 20:25:54.210 4012 4012 D DecorView: semSetRoundedCorners: 5
11-21 20:25:54.227 4012 4012 D DecorView: semSetRoundedCorners: 5
11-21 20:25:54.245 4012 4012 D DecorView: semSetRoundedCorners: 5
11-21 20:25:54.260 4012 4012 D DecorView: semSetRoundedCorners: 5
11-21 20:25:54.277 4012 4012 D DecorView: semSetRoundedCorners: 5
11-21 20:25:54.293 4012 4012 D DecorView: semSetRoundedCorners: 5
11-21 20:25:54.310 4012 4012 D DecorView: semSetRoundedCorners: 5
11-21 20:25:54.327 4012 4012 D DecorView: semSetRoundedCorners: 5
11-21 20:25:54.344 4012 4012 D DecorView: semSetRoundedCorners: 5
11-21 20:25:54.361 4012 4012 D DecorView: semSetRoundedCorners: 5
11-21 20:25:54.377 4012 4012 D DecorView: semSetRoundedCorners: 5
11-21 20:25:54.395 4012 4012 D DecorView: semSetRoundedCorners: 5
11-21 20:25:54.411 4012 4012 D DecorView: semSetRoundedCorners: 5
11-21 20:25:54.427 4012 4012 D DecorView: semSetRoundedCorners: 5
11-21 20:25:54.445 4012 4012 D DecorView: semSetRoundedCorners: 5
11-21 20:25:54.461 4012 4012 D DecorView: semSetRoundedCorners: 5
11-21 20:25:54.478 4012 4012 D DecorView: semSetRoundedCorners: 5
11-21 20:25:54.495 4012 4012 D DecorView: semSetRoundedCorners: 5
11-21 20:25:54.511 4012 4012 D DecorView: semSetRoundedCorners: 5
11-21 20:25:54.528 4012 4012 D DecorView: semSetRoundedCorners: 5
11-21 20:25:54.544 4012 4012 D DecorView: semSetRoundedCorners: 5
11-21 20:25:54.561 4012 4012 D DecorView: semSetRoundedCorners: 5
11-21 20:25:54.579 4012 4012 D DecorView: semSetRoundedCorners: 5
11-21 20:25:54.594 4012 4012 D DecorView: semSetRoundedCorners: 5
11-21 20:25:54.609 4012 5465 I AXL : RPC: ScrSetPlayerColor
11-21 20:25:54.611 4012 4012 D DecorView: semSetRoundedCorners: 5
11-21 20:25:54.628 4012 4012 D DecorView: semSetRoundedCorners: 5
11-21 20:25:54.644 4012 4012 D DecorView: semSetRoundedCorners: 5
11-21 20:25:54.661 4012 4012 D DecorView: semSetRoundedCorners: 5
11-21 20:25:54.678 4012 4012 D DecorView: semSetRoundedCorners: 5
11-21 20:25:54.695 4012 4012 D DecorView: semSetRoundedCorners: 5
11-21 20:25:54.712 4012 4012 D DecorView: semSetRoundedCorners: 5
11-21 20:25:54.728 4012 4012 D DecorView: semSetRoundedCorners: 5
11-21 20:25:54.745 4012 4012 D DecorView: semSetRoundedCorners: 5
11-21 20:25:54.761 4012 4012 D DecorView: semSetRoundedCorners: 5
11-21 20:25:54.780 4012 4012 D DecorView: semSetRoundedCorners: 5
11-21 20:25:54.813 4012 4012 D DecorView: semSetRoundedCorners: 5
11-21 20:25:54.829 4012 4012 D DecorView: semSetRoundedCorners: 5
11-21 20:25:54.846 4012 4012 D DecorView: semSetRoundedCorners: 5
11-21 20:25:54.862 4012 4012 D DecorView: semSetRoundedCorners: 5
11-21 20:25:54.879 4012 4012 D DecorView: semSetRoundedCorners: 5
11-21 20:25:54.900 4012 4012 D DecorView: semSetRoundedCorners: 5
11-21 20:25:54.912 4012 4012 D DecorView: semSetRoundedCorners: 5
11-21 20:25:54.930 4012 4012 D DecorView: semSetRoundedCorners: 5
11-21 20:25:54.947 4012 4012 D DecorView: semSetRoundedCorners: 5
11-21 20:25:54.980 4012 4012 D DecorView: semSetRoundedCorners: 5
11-21 20:25:54.995 4012 4012 D DecorView: semSetRoundedCorners: 5
11-21 20:25:55.012 4012 4012 D DecorView: semSetRoundedCorners: 5
11-21 20:25:55.029 4012 4012 D DecorView: semSetRoundedCorners: 5
11-21 20:25:55.046 4012 4012 D DecorView: semSetRoundedCorners: 5
11-21 20:25:55.063 4012 4012 D DecorView: semSetRoundedCorners: 5
11-21 20:25:55.080 4012 4012 D DecorView: semSetRoundedCorners: 5
11-21 20:25:55.096 4012 4012 D DecorView: semSetRoundedCorners: 5
11-21 20:25:55.112 4012 4012 D DecorView: semSetRoundedCorners: 5
11-21 20:25:55.130 4012 4012 D DecorView: semSetRoundedCorners: 5
11-21 20:25:55.146 4012 4012 D DecorView: semSetRoundedCorners: 5
11-21 20:25:55.164 4012 4012 D DecorView: semSetRoundedCorners: 5
11-21 20:25:55.183 4012 4012 D DecorView: semSetRoundedCorners: 5
11-21 20:25:55.197 4012 4012 D DecorView: semSetRoundedCorners: 5
11-21 20:25:55.213 4012 4012 D DecorView: semSetRoundedCorners: 5
11-21 20:25:55.233 4012 4012 D DecorView: semSetRoundedCorners: 5
11-21 20:25:55.249 4012 4012 D DecorView: semSetRoundedCorners: 5
11-21 20:25:55.264 4012 4012 D DecorView: semSetRoundedCorners: 5
11-21 20:25:55.280 4012 4012 D DecorView: semSetRoundedCorners: 5
11-21 20:25:55.296 4012 4012 D DecorView: semSetRoundedCorners: 5
11-21 20:25:55.314 4012 4012 D DecorView: semSetRoundedCorners: 5
11-21 20:25:55.330 4012 4012 D DecorView: semSetRoundedCorners: 5
11-21 20:25:55.348 4012 4012 D DecorView: semSetRoundedCorners: 5
11-21 20:25:55.364 4012 4012 D DecorView: semSetRoundedCorners: 5
11-21 20:25:55.381 4012 4012 D DecorView: semSetRoundedCorners: 5
11-21 20:25:55.398 4012 4012 D DecorView: semSetRoundedCorners: 5
11-21 20:25:55.414 4012 4012 D DecorView: semSetRoundedCorners: 5
11-21 20:25:55.431 4012 4012 D DecorView: semSetRoundedCorners: 5
11-21 20:25:55.448 4012 4012 D DecorView: semSetRoundedCorners: 5
11-21 20:25:55.464 4012 4012 D DecorView: semSetRoundedCorners: 5
11-21 20:25:55.481 4012 4012 D DecorView: semSetRoundedCorners: 5
11-21 20:25:55.499 4012 4012 D DecorView: semSetRoundedCorners: 5
11-21 20:25:55.515 4012 4012 D DecorView: semSetRoundedCorners: 5
11-21 20:25:55.531 4012 4012 D DecorView: semSetRoundedCorners: 5
11-21 20:25:55.548 4012 4012 D DecorView: semSetRoundedCorners: 5
11-21 20:25:55.565 4012 4012 D DecorView: semSetRoundedCorners: 5
11-21 20:25:55.581 4012 4012 D DecorView: semSetRoundedCorners: 5
11-21 20:25:55.599 4012 4012 D DecorView: semSetRoundedCorners: 5
11-21 20:25:55.616 4012 4012 D DecorView: semSetRoundedCorners: 5
11-21 20:25:55.633 4012 4012 D DecorView: semSetRoundedCorners: 5
11-21 20:25:55.651 4012 4012 D DecorView: semSetRoundedCorners: 5
11-21 20:25:55.667 4012 4012 D DecorView: semSetRoundedCorners: 5
11-21 20:25:55.681 4012 4012 D DecorView: semSetRoundedCorners: 5
11-21 20:25:55.698 4012 4012 D DecorView: semSetRoundedCorners: 5
11-21 20:25:55.715 4012 4012 D DecorView: semSetRoundedCorners: 5
11-21 20:25:55.732 4012 4012 D DecorView: semSetRoundedCorners: 5
11-21 20:25:55.748 4012 4012 D DecorView: semSetRoundedCorners: 5
11-21 20:25:55.765 4012 4012 D DecorView: semSetRoundedCorners: 5
11-21 20:25:55.783 4012 4012 D DecorView: semSetRoundedCorners: 5
11-21 20:25:55.799 4012 4012 D DecorView: semSetRoundedCorners: 5
11-21 20:25:55.815 4012 4012 D DecorView: semSetRoundedCorners: 5
11-21 20:25:55.832 4012 4012 D DecorView: semSetRoundedCorners: 5
11-21 20:25:55.848 4012 4012 D DecorView: semSetRoundedCorners: 5
11-21 20:25:55.867 4012 4012 D DecorView: semSetRoundedCorners: 5
11-21 20:25:55.883 4012 4012 D DecorView: semSetRoundedCorners: 5
11-21 20:25:55.899 4012 4012 D DecorView: semSetRoundedCorners: 5
11-21 20:25:55.915 4012 4012 D DecorView: semSetRoundedCorners: 5
11-21 20:25:55.933 4012 4012 D DecorView: semSetRoundedCorners: 5
11-21 20:25:55.949 4012 4012 D DecorView: semSetRoundedCorners: 5
11-21 20:25:55.965 4012 4012 D DecorView: semSetRoundedCorners: 5
11-21 20:25:55.985 4012 4012 D DecorView: semSetRoundedCorners: 5
11-21 20:25:55.999 4012 4012 D DecorView: semSetRoundedCorners: 5
11-21 20:25:56.015 4012 4012 D DecorView: semSetRoundedCorners: 5
11-21 20:25:56.033 4012 4012 D DecorView: semSetRoundedCorners: 5
11-21 20:25:56.049 4012 4012 D DecorView: semSetRoundedCorners: 5
11-21 20:25:56.066 4012 4012 D DecorView: semSetRoundedCorners: 5
11-21 20:25:56.083 4012 4012 D DecorView: semSetRoundedCorners: 5
11-21 20:25:56.099 4012 4012 D DecorView: semSetRoundedCorners: 5
11-21 20:25:56.116 4012 4012 D DecorView: semSetRoundedCorners: 5
11-21 20:25:56.135 4012 4012 D DecorView: semSetRoundedCorners: 5
11-21 20:25:56.151 4012 4012 D DecorView: semSetRoundedCorners: 5
11-21 20:25:56.167 4012 4012 D DecorView: semSetRoundedCorners: 5
11-21 20:25:56.184 4012 4012 D DecorView: semSetRoundedCorners: 5
11-21 20:25:56.200 4012 4012 D DecorView: semSetRoundedCorners: 5
11-21 20:25:56.217 4012 4012 D DecorView: semSetRoundedCorners: 5
11-21 20:25:56.234 4012 4012 D DecorView: semSetRoundedCorners: 5
11-21 20:25:56.250 4012 4012 D DecorView: semSetRoundedCorners: 5
11-21 20:25:56.266 4012 4012 D DecorView: semSetRoundedCorners: 5
11-21 20:25:56.283 4012 4012 D DecorView: semSetRoundedCorners: 5
11-21 20:25:56.300 4012 4012 D DecorView: semSetRoundedCorners: 5
11-21 20:25:56.316 4012 4012 D DecorView: semSetRoundedCorners: 5
11-21 20:25:56.334 4012 4012 D DecorView: semSetRoundedCorners: 5
11-21 20:25:56.350 4012 4012 D DecorView: semSetRoundedCorners: 5
11-21 20:25:56.367 4012 4012 D DecorView: semSetRoundedCorners: 5
11-21 20:25:56.384 4012 4012 D DecorView: semSetRoundedCorners: 5
11-21 20:25:56.400 4012 4012 D DecorView: semSetRoundedCorners: 5
11-21 20:25:56.417 4012 4012 D DecorView: semSetRoundedCorners: 5
11-21 20:25:56.435 4012 4012 D DecorView: semSetRoundedCorners: 5
11-21 20:25:56.450 4012 4012 D DecorView: semSetRoundedCorners: 5
11-21 20:25:56.468 4012 4012 D DecorView: semSetRoundedCorners: 5
11-21 20:25:56.484 4012 4012 D DecorView: semSetRoundedCorners: 5
11-21 20:25:56.501 4012 4012 D DecorView: semSetRoundedCorners: 5
11-21 20:25:56.518 4012 4012 D DecorView: semSetRoundedCorners: 5
11-21 20:25:56.534 4012 4012 D DecorView: semSetRoundedCorners: 5
11-21 20:25:56.552 4012 4012 D DecorView: semSetRoundedCorners: 5
11-21 20:25:56.567 4012 4012 D DecorView: semSetRoundedCorners: 5
11-21 20:25:56.584 4012 4012 D DecorView: semSetRoundedCorners: 5
11-21 20:25:56.601 4012 4012 D DecorView: semSetRoundedCorners: 5
11-21 20:25:56.617 4012 4012 D DecorView: semSetRoundedCorners: 5
11-21 20:25:56.636 4012 4012 D DecorView: semSetRoundedCorners: 5
11-21 20:25:56.651 4012 4012 D DecorView: semSetRoundedCorners: 5
11-21 20:25:56.668 4012 4012 D DecorView: semSetRoundedCorners: 5
11-21 20:25:56.685 4012 4012 D DecorView: semSetRoundedCorners: 5
11-21 20:25:56.702 4012 4012 D DecorView: semSetRoundedCorners: 5
11-21 20:25:56.719 4012 4012 D DecorView: semSetRoundedCorners: 5
11-21 20:25:56.735 4012 4012 D DecorView: semSetRoundedCorners: 5
11-21 20:25:56.752 4012 4012 D DecorView: semSetRoundedCorners: 5
11-21 20:25:56.768 4012 4012 D DecorView: semSetRoundedCorners: 5
11-21 20:25:56.785 4012 4012 D DecorView: semSetRoundedCorners: 5
11-21 20:25:56.802 4012 4012 D DecorView: semSetRoundedCorners: 5
11-21 20:25:56.816 4012 5465 I AXL : RPC: ScrSetPlayerColor
11-21 20:25:56.819 4012 4012 D DecorView: semSetRoundedCorners: 5
11-21 20:25:56.835 4012 4012 D DecorView: semSetRoundedCorners: 5
11-21 20:25:56.852 4012 4012 D DecorView: semSetRoundedCorners: 5
11-21 20:25:56.868 4012 4012 D DecorView: semSetRoundedCorners: 5
11-21 20:25:56.886 4012 4012 D DecorView: semSetRoundedCorners: 5
11-21 20:25:56.902 4012 4012 D DecorView: semSetRoundedCorners: 5
11-21 20:25:56.918 4012 4012 D DecorView: semSetRoundedCorners: 5
11-21 20:25:56.935 4012 4012 D DecorView: semSetRoundedCorners: 5
11-21 20:25:56.953 4012 4012 D DecorView: semSetRoundedCorners: 5
11-21 20:25:56.969 4012 4012 D DecorView: semSetRoundedCorners: 5
11-21 20:25:56.986 4012 4012 D DecorView: semSetRoundedCorners: 5
11-21 20:25:57.008 4012 4012 D DecorView: semSetRoundedCorners: 5
11-21 20:25:57.019 4012 4012 D DecorView: semSetRoundedCorners: 5
11-21 20:25:57.035 4012 4012 D DecorView: semSetRoundedCorners: 5
11-21 20:25:57.057 4012 4012 D DecorView: semSetRoundedCorners: 5
11-21 20:25:57.075 4012 4012 D DecorView: semSetRoundedCorners: 5
11-21 20:25:57.086 4012 4012 D DecorView: semSetRoundedCorners: 5
11-21 20:25:57.104 4012 4012 D DecorView: semSetRoundedCorners: 5
11-21 20:25:57.119 4012 4012 D DecorView: semSetRoundedCorners: 5
11-21 20:25:57.136 4012 4012 D DecorView: semSetRoundedCorners: 5
11-21 20:25:57.153 4012 4012 D DecorView: semSetRoundedCorners: 5
11-21 20:25:57.174 4012 4012 D DecorView: semSetRoundedCorners: 5
11-21 20:25:57.191 4012 4012 D DecorView: semSetRoundedCorners: 5
11-21 20:25:57.205 4012 4012 D DecorView: semSetRoundedCorners: 5
11-21 20:25:57.224 4012 4012 D DecorView: semSetRoundedCorners: 5
11-21 20:25:57.241 4012 4012 D DecorView: semSetRoundedCorners: 5
11-21 20:25:57.254 4012 4012 D DecorView: semSetRoundedCorners: 5
11-21 20:25:57.271 4012 4012 D DecorView: semSetRoundedCorners: 5
11-21 20:25:57.292 4012 4012 D DecorView: semSetRoundedCorners: 5
11-21 20:25:57.304 4012 4012 D DecorView: semSetRoundedCorners: 5
11-21 20:25:57.324 4012 4012 D DecorView: semSetRoundedCorners: 5
11-21 20:25:57.341 4012 4012 D DecorView: semSetRoundedCorners: 5
11-21 20:25:57.357 4012 4012 D DecorView: semSetRoundedCorners: 5
11-21 20:25:57.374 4012 4012 D DecorView: semSetRoundedCorners: 5
11-21 20:25:57.390 4012 4012 D DecorView: semSetRoundedCorners: 5
11-21 20:25:57.408 4012 4012 D DecorView: semSetRoundedCorners: 5
11-21 20:25:57.425 4012 4012 D DecorView: semSetRoundedCorners: 5
11-21 20:25:57.440 4012 4012 D DecorView: semSetRoundedCorners: 5
11-21 20:25:57.458 4012 4012 D DecorView: semSetRoundedCorners: 5
11-21 20:25:57.474 4012 4012 D DecorView: semSetRoundedCorners: 5
11-21 20:25:57.492 4012 4012 D DecorView: semSetRoundedCorners: 5
11-21 20:25:57.505 4012 4012 D DecorView: semSetRoundedCorners: 5
11-21 20:25:57.526 4012 4012 D DecorView: semSetRoundedCorners: 5
11-21 20:25:57.539 4012 4012 D DecorView: semSetRoundedCorners: 5
11-21 20:25:57.559 4012 4012 D DecorView: semSetRoundedCorners: 5
11-21 20:25:57.576 4012 4012 D DecorView: semSetRoundedCorners: 5
11-21 20:25:57.591 4012 4012 D DecorView: semSetRoundedCorners: 5
11-21 20:25:57.609 4012 4012 D DecorView: semSetRoundedCorners: 5
11-21 20:25:57.625 4012 4012 D DecorView: semSetRoundedCorners: 5
11-21 20:25:57.641 4012 4012 D DecorView: semSetRoundedCorners: 5
11-21 20:25:57.658 4012 4012 D DecorView: semSetRoundedCorners: 5
11-21 20:25:57.675 4012 4012 D DecorView: semSetRoundedCorners: 5
11-21 20:25:57.692 4012 4012 D DecorView: semSetRoundedCorners: 5
11-21 20:25:57.705 4012 4012 D DecorView: semSetRoundedCorners: 5
11-21 20:25:57.726 4012 4012 D DecorView: semSetRoundedCorners: 5
11-21 20:25:57.741 4012 4012 D DecorView: semSetRoundedCorners: 5
11-21 20:25:57.758 4012 4012 D DecorView: semSetRoundedCorners: 5
11-21 20:25:57.775 4012 4012 D DecorView: semSetRoundedCorners: 5
11-21 20:25:57.789 4012 4012 D DecorView: semSetRoundedCorners: 5
11-21 20:25:57.800 4012 5465 I AXL : CreatePickup(3096, 23, -408, 904, 12)
11-21 20:25:57.800 4012 5465 I AXL : [IsModelLoaded] iModelID: 3096
11-21 20:25:57.800 4012 5465 I AXL : IsModelLoaded true!
11-21 20:25:57.808 4012 4012 D DecorView: semSetRoundedCorners: 5
11-21 20:25:57.822 4012 4012 D DecorView: semSetRoundedCorners: 5
11-21 20:25:57.842 4012 4012 D DecorView: semSetRoundedCorners: 5
11-21 20:25:57.859 4012 4012 D DecorView: semSetRoundedCorners: 5
11-21 20:25:57.875 4012 4012 D DecorView: semSetRoundedCorners: 5
11-21 20:25:57.890 4012 4012 D DecorView: semSetRoundedCorners: 5
11-21 20:25:57.909 4012 4012 D DecorView: semSetRoundedCorners: 5
11-21 20:25:57.923 4012 4012 D DecorView: semSetRoundedCorners: 5
11-21 20:25:57.943 4012 4012 D DecorView: semSetRoundedCorners: 5
11-21 20:25:57.957 4012 4012 D DecorView: semSetRoundedCorners: 5
11-21 20:25:57.974 4012 4012 D DecorView: semSetRoundedCorners: 5
11-21 20:25:57.992 4012 4012 D DecorView: semSetRoundedCorners: 5
11-21 20:25:58.009 4012 4012 D DecorView: semSetRoundedCorners: 5
11-21 20:25:58.024 4012 4012 D DecorView: semSetRoundedCorners: 5
11-21 20:25:58.043 4012 4012 D DecorView: semSetRoundedCorners: 5
11-21 20:25:58.059 4012 4012 D DecorView: semSetRoundedCorners: 5
11-21 20:25:58.075 4012 4012 D DecorView: semSetRoundedCorners: 5
11-21 20:25:58.091 4012 4012 D DecorView: semSetRoundedCorners: 5
11-21 20:25:58.109 4012 4012 D DecorView: semSetRoundedCorners: 5
11-21 20:25:58.126 4012 4012 D DecorView: semSetRoundedCorners: 5
11-21 20:25:58.143 4012 4012 D DecorView: semSetRoundedCorners: 5
11-21 20:25:58.159 4012 4012 D DecorView: semSetRoundedCorners: 5
11-21 20:25:58.174 4012 4012 D DecorView: semSetRoundedCorners: 5
11-21 20:25:58.192 4012 4012 D DecorView: semSetRoundedCorners: 5
11-21 20:25:58.209 4012 4012 D DecorView: semSetRoundedCorners: 5
11-21 20:25:58.225 4012 4012 D DecorView: semSetRoundedCorners: 5
11-21 20:25:58.243 4012 4012 D DecorView: semSetRoundedCorners: 5
11-21 20:25:58.260 4012 4012 D DecorView: semSetRoundedCorners: 5
11-21 20:25:58.275 4012 4012 D DecorView: semSetRoundedCorners: 5
11-21 20:25:58.291 4012 4012 D DecorView: semSetRoundedCorners: 5
11-21 20:25:58.300 4012 5465 I AXL : RPC: ScrSetMapIcon
11-21 20:25:58.308 4012 4012 D DecorView: semSetRoundedCorners: 5
11-21 20:25:58.326 4012 4012 D DecorView: semSetRoundedCorners: 5
11-21 20:25:58.345 4012 4012 D DecorView: semSetRoundedCorners: 5
11-21 20:25:58.359 4012 4012 D DecorView: semSetRoundedCorners: 5
11-21 20:25:58.375 4012 4012 D DecorView: semSetRoundedCorners: 5
11-21 20:25:58.393 4012 4012 D DecorView: semSetRoundedCorners: 5
11-21 20:25:58.408 4012 4012 D DecorView: semSetRoundedCorners: 5
11-21 20:25:58.426 4012 4012 D DecorView: semSetRoundedCorners: 5
11-21 20:25:58.443 4012 4012 D DecorView: semSetRoundedCorners: 5
11-21 20:25:58.458 4012 4012 D DecorView: semSetRoundedCorners: 5
11-21 20:25:58.475 4012 4012 D DecorView: semSetRoundedCorners: 5
11-21 20:25:58.492 4012 4012 D DecorView: semSetRoundedCorners: 5
11-21 20:25:58.508 4012 4012 D DecorView: semSetRoundedCorners: 5
11-21 20:25:58.525 4012 4012 D DecorView: semSetRoundedCorners: 5
11-21 20:25:58.543 4012 4012 D DecorView: semSetRoundedCorners: 5
11-21 20:25:58.557 4012 4012 D DecorView: semSetRoundedCorners: 5
11-21 20:25:58.576 4012 4012 D DecorView: semSetRoundedCorners: 5
11-21 20:25:58.593 4012 4012 D DecorView: semSetRoundedCorners: 5
11-21 20:25:58.609 4012 4012 D DecorView: semSetRoundedCorners: 5
11-21 20:25:58.626 4012 4012 D DecorView: semSetRoundedCorners: 5
11-21 20:25:58.633 4012 5465 I AXL : RPC: ScrSetMapIcon
11-21 20:25:58.643 4012 4012 D DecorView: semSetRoundedCorners: 5
11-21 20:25:58.650 4012 5465 I AXL : RPC: ScrSetPlayerColor
11-21 20:25:58.659 4012 4012 D DecorView: semSetRoundedCorners: 5
11-21 20:25:58.675 4012 4012 D DecorView: semSetRoundedCorners: 5
11-21 20:25:58.693 4012 4012 D DecorView: semSetRoundedCorners: 5
11-21 20:25:58.709 4012 4012 D DecorView: semSetRoundedCorners: 5
11-21 20:25:58.726 4012 4012 D DecorView: semSetRoundedCorners: 5
11-21 20:25:58.743 4012 4012 D DecorView: semSetRoundedCorners: 5
11-21 20:25:58.759 4012 4012 D DecorView: semSetRoundedCorners: 5
11-21 20:25:58.775 4012 4012 D DecorView: semSetRoundedCorners: 5
11-21 20:25:58.791 4012 4012 D DecorView: semSetRoundedCorners: 5
11-21 20:25:58.808 4012 4012 D DecorView: semSetRoundedCorners: 5
11-21 20:25:58.827 4012 4012 D DecorView: semSetRoundedCorners: 5
11-21 20:25:58.843 4012 4012 D DecorView: semSetRoundedCorners: 5
11-21 20:25:58.861 4012 4012 D DecorView: semSetRoundedCorners: 5
11-21 20:25:58.875 4012 4012 D DecorView: semSetRoundedCorners: 5
11-21 20:25:58.892 4012 4012 D DecorView: semSetRoundedCorners: 5
11-21 20:25:58.908 4012 4012 D DecorView: semSetRoundedCorners: 5
11-21 20:25:58.926 4012 4012 D DecorView: semSetRoundedCorners: 5
11-21 20:25:58.944 4012 4012 D DecorView: semSetRoundedCorners: 5
11-21 20:25:58.959 4012 4012 D DecorView: semSetRoundedCorners: 5
11-21 20:25:58.977 4012 4012 D DecorView: semSetRoundedCorners: 5
11-21 20:25:58.992 4012 4012 D DecorView: semSetRoundedCorners: 5
11-21 20:25:59.009 4012 4012 D DecorView: semSetRoundedCorners: 5
11-21 20:25:59.017 4012 5465 I AXL : [IsModelLoaded] iModelID: 3263
11-21 20:25:59.017 4012 5465 I AXL : IsModelLoaded true!
11-21 20:25:59.018 4012 5465 I AXL : RPC: WorldVehicleAdd
11-21 20:25:59.018 4012 5465 I AXL : [IsModelLoaded] iModelID: 3247
11-21 20:25:59.018 4012 5465 I AXL : IsModelLoaded false!
11-21 20:25:59.018 4012 5465 I AXL : Warning: car model not preloaded. 3247
11-21 20:25:59.018 4012 5465 I AXL : RequestModel
11-21 20:25:59.018 4012 5465 I AXL : RequestModel done!
11-21 20:25:59.018 4012 5465 I AXL : LoadRequestedModels
11-21 20:25:59.022 4012 5465 I AXL : LoadRequestedModels done!
11-21 20:25:59.022 4012 5465 I AXL : [IsModelLoaded] iModelID: 3247
11-21 20:25:59.022 4012 5465 I AXL : IsModelLoaded true!
11-21 20:25:59.022 4012 5465 I AXL : Car model was preloaded. 3247
11-21 20:25:59.022 4012 5465 I AXL : RPC: WorldVehicleAdd,
NewVehicle.iVehicleType: 3247
11-21 20:25:59.022 4012 5465 I AXL : [IsModelLoaded] iModelID: 1010
11-21 20:25:59.022 4012 5465 I AXL : IsModelLoaded true!
11-21 20:25:59.022 4012 5465 I AXL : [IsModelLoaded] iModelID: 1085
11-21 20:25:59.023 4012 5465 I AXL : IsModelLoaded true!
11-21 20:25:59.023 4012 5465 I AXL : RPC: ScrNumberPlate
11-21 20:25:59.023 4012 5465 I AXL : RPC: ScrVehicleParamsEx
11-21 20:25:59.023 4012 5465 I AXL : RPC_CUSTOM_HANDLING
11-21 20:25:59.023 4012 5465 I AXL : copy handling 11
11-21 20:25:59.023 4012 5465 I AXL : RPC_CUSTOM_VISUALS
11-21 20:25:59.023 4012 5465 I AXL : RPC_CUSTOM_BODYWORK
11-21 20:25:59.023 4012 5465 I AXL : Removing from vehicle..
11-21 20:25:59.023 4012 5465 I AXL : Setting flag state..
11-21 20:25:59.023 4012 5465 I AXL : Calling destructor..
11-21 20:25:59.023 4012 5465 I AXL : PlayerPed Destroyed
11-21 20:25:59.023 4012 5465 I AXL : Removing from vehicle..
11-21 20:25:59.023 4012 5465 I AXL : Setting flag state..
11-21 20:25:59.023 4012 5465 I AXL : Calling destructor..
11-21 20:25:59.023 4012 5465 I AXL : PlayerPed Destroyed
11-21 20:25:59.023 4012 5465 I AXL : CreatePickup(1650, 23, -420, 924, 12)
11-21 20:25:59.023 4012 5465 I AXL : [IsModelLoaded] iModelID: 1650
11-21 20:25:59.023 4012 5465 I AXL : IsModelLoaded true!
11-21 20:25:59.023 4012 5465 I AXL : CreatePickup(1318, 23, -422, 909, 12)
11-21 20:25:59.023 4012 5465 I AXL : [IsModelLoaded] iModelID: 1318
11-21 20:25:59.023 4012 5465 I AXL : IsModelLoaded true!
11-21 20:25:59.023 4012 5465 I AXL : [IsModelLoaded] iModelID: 47
11-21 20:25:59.023 4012 5465 I AXL : IsModelLoaded true!
11-21 20:25:59.023 4012 5465 I AXL : [CActorPed] usModel: 47, vecPosition.X:
-427.631500, vecPosition.Y: 1037.546021, vecPosition.Z: 12.011500
11-21 20:25:59.023 4012 5465 I AXL : [CActorPed] ForceTargetRotation
11-21 20:25:59.023 4012 5465 I AXL : RPC: SetActorAnimation
11-21 20:25:59.023 4012 5465 I AXL : DEALER, DEALER_IDLE
11-21 20:25:59.023 4012 5465 I AXL : IsAnimationLoaded
11-21 20:25:59.023 4012 5465 I AXL : IsAnimationLoaded bLoaded: 1
11-21 20:25:59.026 4012 4012 D DecorView: semSetRoundedCorners: 5
11-21 20:25:59.044 4012 4012 D DecorView: semSetRoundedCorners: 5
11-21 20:25:59.060 4012 4012 D DecorView: semSetRoundedCorners: 5
11-21 20:25:59.077 4012 4012 D DecorView: semSetRoundedCorners: 5
11-21 20:25:59.093 4012 4012 D DecorView: semSetRoundedCorners: 5
11-21 20:25:59.109 4012 4012 D DecorView: semSetRoundedCorners: 5
11-21 20:25:59.129 4012 4012 D DecorView: semSetRoundedCorners: 5
11-21 20:25:59.144 4012 4012 D DecorView: semSetRoundedCorners: 5
11-21 20:25:59.164 4012 4012 D DecorView: semSetRoundedCorners: 5
11-21 20:25:59.178 4012 4012 D DecorView: semSetRoundedCorners: 5
11-21 20:25:59.194 4012 4012 D DecorView: semSetRoundedCorners: 5
11-21 20:25:59.209 4012 4012 D DecorView: semSetRoundedCorners: 5
11-21 20:25:59.227 4012 4012 D DecorView: semSetRoundedCorners: 5
11-21 20:25:59.244 4012 4012 D DecorView: semSetRoundedCorners: 5
11-21 20:25:59.261 4012 4012 D DecorView: semSetRoundedCorners: 5
11-21 20:25:59.279 4012 4012 D DecorView: semSetRoundedCorners: 5
11-21 20:25:59.293 4012 4012 D DecorView: semSetRoundedCorners: 5
11-21 20:25:59.310 4012 4012 D DecorView: semSetRoundedCorners: 5
11-21 20:25:59.328 4012 4012 D DecorView: semSetRoundedCorners: 5
11-21 20:25:59.344 4012 4012 D DecorView: semSetRoundedCorners: 5
11-21 20:25:59.362 4012 4012 D DecorView: semSetRoundedCorners: 5
11-21 20:25:59.377 4012 4012 D DecorView: semSetRoundedCorners: 5
11-21 20:25:59.393 4012 4012 D DecorView: semSetRoundedCorners: 5
11-21 20:25:59.411 4012 4012 D DecorView: semSetRoundedCorners: 5
11-21 20:25:59.428 4012 4012 D DecorView: semSetRoundedCorners: 5
11-21 20:25:59.445 4012 4012 D DecorView: semSetRoundedCorners: 5
11-21 20:25:59.462 4012 4012 D DecorView: semSetRoundedCorners: 5
11-21 20:25:59.478 4012 4012 D DecorView: semSetRoundedCorners: 5
11-21 20:25:59.495 4012 4012 D DecorView: semSetRoundedCorners: 5
11-21 20:25:59.511 4012 4012 D DecorView: semSetRoundedCorners: 5
11-21 20:25:59.528 4012 4012 D DecorView: semSetRoundedCorners: 5
11-21 20:25:59.545 4012 4012 D DecorView: semSetRoundedCorners: 5
11-21 20:25:59.563 4012 4012 D DecorView: semSetRoundedCorners: 5
11-21 20:25:59.578 4012 4012 D DecorView: semSetRoundedCorners: 5
11-21 20:25:59.595 4012 4012 D DecorView: semSetRoundedCorners: 5
11-21 20:25:59.612 4012 4012 D DecorView: semSetRoundedCorners: 5
11-21 20:25:59.629 4012 4012 D DecorView: semSetRoundedCorners: 5
11-21 20:25:59.644 4012 4012 D DecorView: semSetRoundedCorners: 5
11-21 20:25:59.662 4012 4012 D DecorView: semSetRoundedCorners: 5
11-21 20:25:59.679 4012 4012 D DecorView: semSetRoundedCorners: 5
11-21 20:25:59.694 4012 4012 D DecorView: semSetRoundedCorners: 5
11-21 20:25:59.712 4012 4012 D DecorView: semSetRoundedCorners: 5
11-21 20:25:59.728 4012 4012 D DecorView: semSetRoundedCorners: 5
11-21 20:25:59.746 4012 4012 D DecorView: semSetRoundedCorners: 5
11-21 20:25:59.764 4012 4012 D DecorView: semSetRoundedCorners: 5
11-21 20:25:59.778 4012 4012 D DecorView: semSetRoundedCorners: 5
11-21 20:25:59.796 4012 4012 D DecorView: semSetRoundedCorners: 5
11-21 20:25:59.813 4012 4012 D DecorView: semSetRoundedCorners: 5
11-21 20:25:59.829 4012 4012 D DecorView: semSetRoundedCorners: 5
11-21 20:25:59.846 4012 4012 D DecorView: semSetRoundedCorners: 5
11-21 20:25:59.864 4012 4012 D DecorView: semSetRoundedCorners: 5
11-21 20:25:59.880 4012 4012 D DecorView: semSetRoundedCorners: 5
11-21 20:25:59.896 4012 4012 D DecorView: semSetRoundedCorners: 5
11-21 20:25:59.912 4012 4012 D DecorView: semSetRoundedCorners: 5
11-21 20:25:59.928 4012 4012 D DecorView: semSetRoundedCorners: 5
11-21 20:25:59.945 4012 4012 D DecorView: semSetRoundedCorners: 5
11-21 20:25:59.966 4012 4012 D DecorView: semSetRoundedCorners: 5
11-21 20:25:59.980 4012 4012 D DecorView: semSetRoundedCorners: 5
11-21 20:25:59.997 4012 4012 D DecorView: semSetRoundedCorners: 5
11-21 20:26:00.013 4012 4012 D DecorView: semSetRoundedCorners: 5
11-21 20:26:00.036 4012 4012 D DecorView: semSetRoundedCorners: 5
11-21 20:26:00.051 4012 4012 D DecorView: semSetRoundedCorners: 5
11-21 20:26:00.067 4012 4012 D DecorView: semSetRoundedCorners: 5
11-21 20:26:00.081 4012 4012 D DecorView: semSetRoundedCorners: 5
11-21 20:26:00.101 4012 4012 D DecorView: semSetRoundedCorners: 5
11-21 20:26:00.114 4012 4012 D DecorView: semSetRoundedCorners: 5
11-21 20:26:00.131 4012 4012 D DecorView: semSetRoundedCorners: 5
11-21 20:26:00.146 4012 4012 D DecorView: semSetRoundedCorners: 5
11-21 20:26:00.163 4012 4012 D DecorView: semSetRoundedCorners: 5
11-21 20:26:00.179 4012 4012 D DecorView: semSetRoundedCorners: 5
11-21 20:26:00.197 4012 4012 D DecorView: semSetRoundedCorners: 5
11-21 20:26:00.214 4012 4012 D DecorView: semSetRoundedCorners: 5
11-21 20:26:00.230 4012 4012 D DecorView: semSetRoundedCorners: 5
11-21 20:26:00.247 4012 4012 D DecorView: semSetRoundedCorners: 5
11-21 20:26:00.264 4012 4012 D DecorView: semSetRoundedCorners: 5
11-21 20:26:00.281 4012 4012 D DecorView: semSetRoundedCorners: 5
11-21 20:26:00.297 4012 4012 D DecorView: semSetRoundedCorners: 5
11-21 20:26:00.314 4012 4012 D DecorView: semSetRoundedCorners: 5
11-21 20:26:00.330 4012 4012 D DecorView: semSetRoundedCorners: 5
11-21 20:26:00.348 4012 4012 D DecorView: semSetRoundedCorners: 5
11-21 20:26:00.352 4012 5465 I AXL : RPC: ScrSetPlayerColor
11-21 20:26:00.363 4012 4012 D DecorView: semSetRoundedCorners: 5
11-21 20:26:00.383 4012 4012 D DecorView: semSetRoundedCorners: 5
11-21 20:26:00.397 4012 4012 D DecorView: semSetRoundedCorners: 5
11-21 20:26:00.414 4012 4012 D DecorView: semSetRoundedCorners: 5
11-21 20:26:00.431 4012 4012 D DecorView: semSetRoundedCorners: 5
11-21 20:26:00.448 4012 4012 D DecorView: semSetRoundedCorners: 5
11-21 20:26:00.465 4012 4012 D DecorView: semSetRoundedCorners: 5
11-21 20:26:00.482 4012 4012 D DecorView: semSetRoundedCorners: 5
11-21 20:26:00.497 4012 4012 D DecorView: semSetRoundedCorners: 5
11-21 20:26:00.516 4012 4012 D DecorView: semSetRoundedCorners: 5
11-21 20:26:00.531 4012 4012 D DecorView: semSetRoundedCorners: 5
11-21 20:26:00.548 4012 4012 D DecorView: semSetRoundedCorners: 5
11-21 20:26:00.564 4012 4012 D DecorView: semSetRoundedCorners: 5
11-21 20:26:00.583 4012 4012 D DecorView: semSetRoundedCorners: 5
11-21 20:26:00.597 4012 4012 D DecorView: semSetRoundedCorners: 5
11-21 20:26:00.617 4012 4012 D DecorView: semSetRoundedCorners: 5
11-21 20:26:00.632 4012 4012 D DecorView: semSetRoundedCorners: 5
11-21 20:26:00.648 4012 4012 D DecorView: semSetRoundedCorners: 5
11-21 20:26:00.665 4012 4012 D DecorView: semSetRoundedCorners: 5
11-21 20:26:00.683 4012 4012 D DecorView: semSetRoundedCorners: 5
11-21 20:26:00.699 4012 4012 D DecorView: semSetRoundedCorners: 5
11-21 20:26:00.716 4012 4012 D DecorView: semSetRoundedCorners: 5
11-21 20:26:00.719 4012 5465 I AXL : RPC: ScrVehicleParamsEx
11-21 20:26:00.732 4012 4012 D DecorView: semSetRoundedCorners: 5
11-21 20:26:00.749 4012 4012 D DecorView: semSetRoundedCorners: 5
11-21 20:26:00.765 4012 4012 D DecorView: semSetRoundedCorners: 5
11-21 20:26:00.783 4012 4012 D DecorView: semSetRoundedCorners: 5
11-21 20:26:00.800 4012 4012 D DecorView: semSetRoundedCorners: 5
11-21 20:26:00.815 4012 4012 D DecorView: semSetRoundedCorners: 5
11-21 20:26:00.833 4012 4012 D DecorView: semSetRoundedCorners: 5
11-21 20:26:00.848 4012 4012 D DecorView: semSetRoundedCorners: 5
11-21 20:26:00.865 4012 4012 D DecorView: semSetRoundedCorners: 5
11-21 20:26:00.884 4012 4012 D DecorView: semSetRoundedCorners: 5
11-21 20:26:00.898 4012 4012 D DecorView: semSetRoundedCorners: 5
11-21 20:26:00.915 4012 4012 D DecorView: semSetRoundedCorners: 5
11-21 20:26:00.932 4012 4012 D DecorView: semSetRoundedCorners: 5
11-21 20:26:00.949 4012 4012 D DecorView: semSetRoundedCorners: 5
11-21 20:26:00.966 4012 4012 D DecorView: semSetRoundedCorners: 5
11-21 20:26:00.984 4012 4012 D DecorView: semSetRoundedCorners: 5
11-21 20:26:01.000 4012 4012 D DecorView: semSetRoundedCorners: 5
11-21 20:26:01.015 4012 4012 D DecorView: semSetRoundedCorners: 5
11-21 20:26:01.033 4012 4012 D DecorView: semSetRoundedCorners: 5
11-21 20:26:01.049 4012 4012 D DecorView: semSetRoundedCorners: 5
11-21 20:26:01.066 4012 4012 D DecorView: semSetRoundedCorners: 5
11-21 20:26:01.085 4012 4012 D DecorView: semSetRoundedCorners: 5
11-21 20:26:01.099 4012 4012 D DecorView: semSetRoundedCorners: 5
11-21 20:26:01.116 4012 4012 D DecorView: semSetRoundedCorners: 5
11-21 20:26:01.132 4012 4012 D DecorView: semSetRoundedCorners: 5
11-21 20:26:01.150 4012 4012 D DecorView: semSetRoundedCorners: 5
11-21 20:26:01.167 4012 4012 D DecorView: semSetRoundedCorners: 5
11-21 20:26:01.184 4012 4012 D DecorView: semSetRoundedCorners: 5
11-21 20:26:01.202 4012 4012 D DecorView: semSetRoundedCorners: 5
11-21 20:26:01.217 4012 4012 D DecorView: semSetRoundedCorners: 5
11-21 20:26:01.234 4012 4012 D DecorView: semSetRoundedCorners: 5
11-21 20:26:01.251 4012 4012 D DecorView: semSetRoundedCorners: 5
11-21 20:26:01.267 4012 4012 D DecorView: semSetRoundedCorners: 5
11-21 20:26:01.283 4012 4012 D DecorView: semSetRoundedCorners: 5
11-21 20:26:01.302 4012 4012 D DecorView: semSetRoundedCorners: 5
11-21 20:26:01.317 4012 4012 D DecorView: semSetRoundedCorners: 5
11-21 20:26:01.333 4012 4012 D DecorView: semSetRoundedCorners: 5
11-21 20:26:01.350 4012 4012 D DecorView: semSetRoundedCorners: 5
11-21 20:26:01.367 4012 4012 D DecorView: semSetRoundedCorners: 5
11-21 20:26:01.596 4012 4012 D InputMethodManager: HSIFW - flag : 0
11-21 20:26:01.602 4012 4012 D DecorView: semSetRoundedCorners: 5
11-21 20:26:01.670 4012 4012 I ViewRootImpl@fb83006[GTASA]: ViewPostIme pointer 1
11-21 20:26:02.127 4012 4012 I ViewRootImpl@fb83006[GTASA]: ViewPostIme pointer 0
11-21 20:26:02.208 4012 4012 I ViewRootImpl@fb83006[GTASA]: ViewPostIme pointer 1
11-21 20:26:02.484 4012 4012 I ViewRootImpl@fb83006[GTASA]: ViewPostIme pointer 0
11-21 20:26:02.997 4012 4012 I ViewRootImpl@fb83006[GTASA]: ViewPostIme pointer 1
11-21 20:26:03.135 4012 4012 I ViewRootImpl@fb83006[GTASA]: ViewPostIme pointer 0
11-21 20:26:03.697 4012 4012 I ViewRootImpl@fb83006[GTASA]: ViewPostIme pointer 1
11-21 20:26:03.835 4012 4012 I ViewRootImpl@fb83006[GTASA]: ViewPostIme pointer 0
11-21 20:26:04.106 4012 4012 I ViewRootImpl@fb83006[GTASA]: ViewPostIme pointer 1
11-21 20:26:04.335 4012 4012 I ViewRootImpl@fb83006[GTASA]: ViewPostIme pointer 0
11-21 20:26:04.570 4012 4012 I ViewRootImpl@fb83006[GTASA]: ViewPostIme pointer 1
11-21 20:26:04.788 4012 4012 I ViewRootImpl@fb83006[GTASA]: ViewPostIme pointer 0
11-21 20:26:05.134 4012 4012 I ViewRootImpl@fb83006[GTASA]: ViewPostIme pointer 1
11-21 20:26:05.887 4012 4012 I ViewRootImpl@fb83006[GTASA]: ViewPostIme pointer 0
11-21 20:26:06.155 4012 4012 I ViewRootImpl@fb83006[GTASA]: ViewPostIme pointer 1
11-21 20:26:06.452 4012 4012 I ViewRootImpl@fb83006[GTASA]: ViewPostIme pointer 0
11-21 20:26:07.828 4012 4012 I ViewRootImpl@fb83006[GTASA]: ViewPostIme pointer 1
11-21 20:26:08.011 4012 4012 I ViewRootImpl@fb83006[GTASA]: ViewPostIme pointer 0
11-21 20:26:08.762 4012 4012 I ViewRootImpl@fb83006[GTASA]: ViewPostIme pointer 1
11-21 20:26:08.957 4012 4012 I ViewRootImpl@fb83006[GTASA]: ViewPostIme pointer 0
11-21 20:26:09.215 4012 4012 I ViewRootImpl@fb83006[GTASA]: ViewPostIme pointer 1
11-21 20:26:09.366 4012 4012 I ViewRootImpl@fb83006[GTASA]: ViewPostIme pointer 0
11-21 20:26:09.493 4012 4012 I ViewRootImpl@fb83006[GTASA]: ViewPostIme pointer 1
11-21 20:26:09.994 4012 4012 I ViewRootImpl@fb83006[GTASA]: ViewPostIme pointer 0
11-21 20:26:10.040 4012 4012 I ViewRootImpl@fb83006[GTASA]: ViewPostIme pointer 1
11-21 20:26:10.062 4012 4012 D DecorView: semSetRoundedCorners: 5
11-21 20:26:10.072 4012 5465 I AXL : RPC: ScrSetPlayerColor
11-21 20:26:10.072 4012 5465 I AXL : RPC: ScrSetPlayerColor
11-21 20:26:10.072 4012 5465 I AXL : RPC: ScrClearPlayerAnimations
11-21 20:26:10.072 4012 5465 I AXL : RPC: ScrDisableMapIcon
11-21 20:26:10.072 4012 5465 I AXL : RPC: ScrSetPlayerColor
11-21 20:26:10.072 4012 5465 I AXL : RPC: ScrSetPlayerColor
11-21 20:26:10.072 4012 5465 I AXL : RPC: ScrSetPlayerColor
11-21 20:26:10.073 4012 5465 I AXL : RPC: ScrVehicleParamsEx
11-21 20:26:10.073 4012 5465 I AXL : RPC: ScrSetPlayerColor
11-21 20:26:10.073 4012 5465 I AXL : RPC: ScrSetPlayerColor
11-21 20:26:10.073 4012 5465 I AXL : RPC: ScrSetPlayerColor
11-21 20:26:10.073 4012 5465 I AXL : RPC_CUSTOM_HANDLING_DEFAULTS
11-21 20:26:10.074 4012 5465 I AXL : RPC: ScrSetPlayerColor
11-21 20:26:10.074 4012 5465 I AXL : RPC: ScrSetPlayerColor
11-21 20:26:10.074 4012 5465 I AXL : RPC: ScrSetPlayerColor
11-21 20:26:10.074 4012 5465 I AXL : RPC: ScrSetPlayerColor
11-21 20:26:10.094 4012 4012 D DecorView: semSetRoundedCorners: 5
11-21 20:26:10.110 4012 4012 D DecorView: semSetRoundedCorners: 5
11-21 20:26:10.127 4012 4012 D DecorView: semSetRoundedCorners: 5
11-21 20:26:10.143 4012 4012 D DecorView: semSetRoundedCorners: 5
11-21 20:26:10.160 4012 4012 D DecorView: semSetRoundedCorners: 5
11-21 20:26:10.176 4012 4012 D DecorView: semSetRoundedCorners: 5
11-21 20:26:10.177 4012 5465 I AXL : Removing from vehicle..
11-21 20:26:10.178 4012 5465 I AXL : Setting flag state..
11-21 20:26:10.178 4012 5465 I AXL : Calling destructor..
11-21 20:26:10.178 4012 5465 I AXL : PlayerPed Destroyed
11-21 20:26:10.178 4012 5465 I AXL : [IsModelLoaded] iModelID: 317
11-21 20:26:10.178 4012 5465 I AXL : IsModelLoaded true!
11-21 20:26:10.178 4012 5465 I AXL : [CObject] InstantRotate
11-21 20:26:10.178 4012 5465 I AXL : [CObject] InstantRotate
11-21 20:26:10.178 4012 5465 I AXL : [CObject] InstantRotate
11-21 20:26:10.193 4012 4012 D DecorView: semSetRoundedCorners: 5
11-21 20:26:10.210 4012 4012 D DecorView: semSetRoundedCorners: 5
11-21 20:26:10.211 4012 5465 I AXL : [IsModelLoaded] iModelID: 356
11-21 20:26:10.211 4012 5465 I AXL : IsModelLoaded true!
11-21 20:26:10.227 4012 4012 D DecorView: semSetRoundedCorners: 5
11-21 20:26:10.243 4012 4012 D DecorView: semSetRoundedCorners: 5
11-21 20:26:10.256 4012 4012 I ViewRootImpl@fb83006[GTASA]: ViewPostIme pointer 0
11-21 20:26:10.262 4012 4012 D DecorView: semSetRoundedCorners: 5
11-21 20:26:10.277 4012 4012 D DecorView: semSetRoundedCorners: 5
11-21 20:26:10.295 4012 4012 D DecorView: semSetRoundedCorners: 5
11-21 20:26:10.311 4012 4012 D DecorView: semSetRoundedCorners: 5
11-21 20:26:10.328 4012 4012 D DecorView: semSetRoundedCorners: 5
11-21 20:26:10.345 4012 4012 D DecorView: semSetRoundedCorners: 5
11-21 20:26:10.361 4012 4012 D DecorView: semSetRoundedCorners: 5
11-21 20:26:10.378 4012 4012 D DecorView: semSetRoundedCorners: 5
11-21 20:26:10.397 4012 4012 D DecorView: semSetRoundedCorners: 5
11-21 20:26:10.412 4012 4012 D DecorView: semSetRoundedCorners: 5
11-21 20:26:10.428 4012 4012 D DecorView: semSetRoundedCorners: 5
11-21 20:26:10.445 4012 4012 D DecorView: semSetRoundedCorners: 5
11-21 20:26:10.463 4012 4012 D DecorView: semSetRoundedCorners: 5
11-21 20:26:10.478 4012 4012 D DecorView: semSetRoundedCorners: 5
11-21 20:26:10.495 4012 4012 D DecorView: semSetRoundedCorners: 5
11-21 20:26:10.511 4012 4012 D DecorView: semSetRoundedCorners: 5
11-21 20:26:10.533 4012 4012 D DecorView: semSetRoundedCorners: 5
11-21 20:26:10.546 4012 4012 D DecorView: semSetRoundedCorners: 5
11-21 20:26:10.563 4012 4012 D DecorView: semSetRoundedCorners: 5
11-21 20:26:10.580 4012 4012 D DecorView: semSetRoundedCorners: 5
11-21 20:26:10.596 4012 4012 D DecorView: semSetRoundedCorners: 5
11-21 20:26:10.612 4012 4012 D DecorView: semSetRoundedCorners: 5
11-21 20:26:10.629 4012 4012 D DecorView: semSetRoundedCorners: 5
11-21 20:26:10.644 4012 5465 I AXL : RPC: ScrSetMapIcon
11-21 20:26:10.646 4012 4012 D DecorView: semSetRoundedCorners: 5
11-21 20:26:10.663 4012 4012 D DecorView: semSetRoundedCorners: 5
11-21 20:26:10.679 4012 4012 D DecorView: semSetRoundedCorners: 5
11-21 20:26:10.696 4012 4012 D DecorView: semSetRoundedCorners: 5
11-21 20:26:10.713 4012 4012 D DecorView: semSetRoundedCorners: 5
11-21 20:26:10.730 4012 4012 D DecorView: semSetRoundedCorners: 5
11-21 20:26:10.746 4012 4012 D DecorView: semSetRoundedCorners: 5
11-21 20:26:10.763 4012 4012 D DecorView: semSetRoundedCorners: 5
11-21 20:26:10.781 4012 4012 D DecorView: semSetRoundedCorners: 5
11-21 20:26:10.797 4012 4012 D DecorView: semSetRoundedCorners: 5
11-21 20:26:10.813 4012 4012 D DecorView: semSetRoundedCorners: 5
11-21 20:26:10.829 4012 4012 D DecorView: semSetRoundedCorners: 5
11-21 20:26:10.846 4012 4012 D DecorView: semSetRoundedCorners: 5
11-21 20:26:10.864 4012 4012 D DecorView: semSetRoundedCorners: 5
11-21 20:26:10.880 4012 4012 D DecorView: semSetRoundedCorners: 5
11-21 20:26:10.897 4012 4012 D DecorView: semSetRoundedCorners: 5
11-21 20:26:10.913 4012 4012 D DecorView: semSetRoundedCorners: 5
11-21 20:26:10.930 4012 4012 D DecorView: semSetRoundedCorners: 5
11-21 20:26:10.947 4012 4012 D DecorView: semSetRoundedCorners: 5
11-21 20:26:10.964 4012 4012 D DecorView: semSetRoundedCorners: 5
11-21 20:26:10.980 4012 4012 D DecorView: semSetRoundedCorners: 5
11-21 20:26:10.997 4012 4012 D DecorView: semSetRoundedCorners: 5
11-21 20:26:11.014 4012 4012 D DecorView: semSetRoundedCorners: 5
11-21 20:26:11.031 4012 4012 D DecorView: semSetRoundedCorners: 5
11-21 20:26:11.052 4012 4012 D DecorView: semSetRoundedCorners: 5
11-21 20:26:11.065 4012 4012 D DecorView: semSetRoundedCorners: 5
11-21 20:26:11.081 4012 4012 D DecorView: semSetRoundedCorners: 5
11-21 20:26:11.097 4012 4012 D DecorView: semSetRoundedCorners: 5
11-21 20:26:11.115 4012 4012 D DecorView: semSetRoundedCorners: 5
11-21 20:26:11.131 4012 4012 D DecorView: semSetRoundedCorners: 5
11-21 20:26:11.147 4012 4012 D DecorView: semSetRoundedCorners: 5
11-21 20:26:11.166 4012 4012 D DecorView: semSetRoundedCorners: 5
11-21 20:26:11.181 4012 4012 D DecorView: semSetRoundedCorners: 5
11-21 20:26:11.197 4012 4012 D DecorView: semSetRoundedCorners: 5
11-21 20:26:11.214 4012 4012 D DecorView: semSetRoundedCorners: 5
11-21 20:26:11.231 4012 4012 D DecorView: semSetRoundedCorners: 5
11-21 20:26:11.249 4012 4012 D DecorView: semSetRoundedCorners: 5
11-21 20:26:11.264 4012 4012 D DecorView: semSetRoundedCorners: 5
11-21 20:26:11.284 4012 4012 D DecorView: semSetRoundedCorners: 5
11-21 20:26:11.298 4012 4012 D DecorView: semSetRoundedCorners: 5
11-21 20:26:11.315 4012 4012 D DecorView: semSetRoundedCorners: 5
11-21 20:26:11.331 4012 4012 D DecorView: semSetRoundedCorners: 5
11-21 20:26:11.348 4012 4012 D DecorView: semSetRoundedCorners: 5
11-21 20:26:11.365 4012 4012 D DecorView: semSetRoundedCorners: 5
11-21 20:26:11.378 4012 5465 I AXL : RPC: WorldVehicleAdd
11-21 20:26:11.378 4012 5465 I AXL : [IsModelLoaded] iModelID: 3263
11-21 20:26:11.378 4012 5465 I AXL : IsModelLoaded false!
11-21 20:26:11.378 4012 5465 I AXL : Warning: car model not preloaded. 3263
11-21 20:26:11.378 4012 5465 I AXL : RequestModel
11-21 20:26:11.378 4012 5465 I AXL : RequestModel done!
11-21 20:26:11.378 4012 5465 I AXL : LoadRequestedModels
11-21 20:26:11.381 4012 4012 D DecorView: semSetRoundedCorners: 5
11-21 20:26:11.387 4012 5465 I AXL : LoadRequestedModels done!
11-21 20:26:11.387 4012 5465 I AXL : [IsModelLoaded] iModelID: 3263
11-21 20:26:11.387 4012 5465 I AXL : IsModelLoaded true!
11-21 20:26:11.387 4012 5465 I AXL : Car model was preloaded. 3263
11-21 20:26:11.388 4012 5465 I AXL : RPC: WorldVehicleAdd,
NewVehicle.iVehicleType: 3263
11-21 20:26:11.388 4012 5465 I AXL : [IsModelLoaded] iModelID: 1010
11-21 20:26:11.388 4012 5465 I AXL : IsModelLoaded true!
11-21 20:26:11.388 4012 5465 I AXL : RPC: ScrNumberPlate
11-21 20:26:11.388 4012 5465 I AXL : RPC: ScrVehicleParamsEx
11-21 20:26:11.388 4012 5465 I AXL : RPC_CUSTOM_HANDLING
11-21 20:26:11.388 4012 5465 I AXL : copy handling 11
11-21 20:26:11.388 4012 5465 I AXL : RPC_CUSTOM_VISUALS
11-21 20:26:11.388 4012 5465 I AXL : RPC_CUSTOM_BODYWORK
11-21 20:26:11.388 4012 5465 I AXL : [IsModelLoaded] iModelID: 124
11-21 20:26:11.388 4012 5465 I AXL : IsModelLoaded true!
11-21 20:26:11.389 4012 5465 I AXL : [CObject] InstantRotate
11-21 20:26:11.389 4012 5465 I AXL : [CObject] InstantRotate
11-21 20:26:11.389 4012 5465 I AXL : [CObject] InstantRotate
11-21 20:26:11.416 4012 4012 D DecorView: semSetRoundedCorners: 5
11-21 20:26:11.432 4012 4012 D DecorView: semSetRoundedCorners: 5
11-21 20:26:11.448 4012 4012 D DecorView: semSetRoundedCorners: 5
11-21 20:26:11.464 4012 4012 D DecorView: semSetRoundedCorners: 5
11-21 20:26:11.482 4012 4012 D DecorView: semSetRoundedCorners: 5
11-21 20:26:11.498 4012 4012 D DecorView: semSetRoundedCorners: 5
11-21 20:26:11.515 4012 4012 D DecorView: semSetRoundedCorners: 5
11-21 20:26:11.531 4012 4012 D DecorView: semSetRoundedCorners: 5
11-21 20:26:11.548 4012 4012 D DecorView: semSetRoundedCorners: 5
11-21 20:26:11.565 4012 4012 D DecorView: semSetRoundedCorners: 5
11-21 20:26:11.582 4012 4012 D DecorView: semSetRoundedCorners: 5
11-21 20:26:11.600 4012 4012 D DecorView: semSetRoundedCorners: 5
11-21 20:26:11.616 4012 4012 D DecorView: semSetRoundedCorners: 5
11-21 20:26:11.632 4012 4012 D DecorView: semSetRoundedCorners: 5
11-21 20:26:11.649 4012 4012 D DecorView: semSetRoundedCorners: 5
11-21 20:26:11.666 4012 4012 D DecorView: semSetRoundedCorners: 5
11-21 20:26:11.684 4012 4012 D DecorView: semSetRoundedCorners: 5
11-21 20:26:11.699 4012 4012 D DecorView: semSetRoundedCorners: 5
11-21 20:26:11.716 4012 4012 D DecorView: semSetRoundedCorners: 5
11-21 20:26:11.734 4012 4012 D DecorView: semSetRoundedCorners: 5
11-21 20:26:11.749 4012 4012 D DecorView: semSetRoundedCorners: 5
11-21 20:26:11.767 4012 4012 D DecorView: semSetRoundedCorners: 5
11-21 20:26:11.783 4012 4012 D DecorView: semSetRoundedCorners: 5
11-21 20:26:11.800 4012 4012 D DecorView: semSetRoundedCorners: 5
11-21 20:26:11.816 4012 4012 D DecorView: semSetRoundedCorners: 5
11-21 20:26:11.832 4012 4012 D DecorView: semSetRoundedCorners: 5
11-21 20:26:11.850 4012 4012 D DecorView: semSetRoundedCorners: 5
11-21 20:26:11.866 4012 4012 D DecorView: semSetRoundedCorners: 5
11-21 20:26:11.886 4012 4012 D DecorView: semSetRoundedCorners: 5
11-21 20:26:11.899 4012 4012 D DecorView: semSetRoundedCorners: 5
11-21 20:26:11.916 4012 4012 D DecorView: semSetRoundedCorners: 5
11-21 20:26:11.933 4012 4012 D DecorView: semSetRoundedCorners: 5
11-21 20:26:11.951 4012 4012 D DecorView: semSetRoundedCorners: 5
11-21 20:26:11.966 4012 4012 D DecorView: semSetRoundedCorners: 5
11-21 20:26:11.983 4012 4012 D DecorView: semSetRoundedCorners: 5
11-21 20:26:12.003 4012 4012 D DecorView: semSetRoundedCorners: 5
11-21 20:26:12.017 4012 4012 D DecorView: semSetRoundedCorners: 5
11-21 20:26:12.033 4012 4012 D DecorView: semSetRoundedCorners: 5
11-21 20:26:12.050 4012 4012 D DecorView: semSetRoundedCorners: 5
11-21 20:26:12.068 4012 4012 D DecorView: semSetRoundedCorners: 5
11-21 20:26:12.085 4012 4012 D DecorView: semSetRoundedCorners: 5
11-21 20:26:12.102 4012 4012 D DecorView: semSetRoundedCorners: 5
11-21 20:26:12.117 4012 4012 D DecorView: semSetRoundedCorners: 5
11-21 20:26:12.135 4012 4012 D DecorView: semSetRoundedCorners: 5
11-21 20:26:12.151 4012 4012 D DecorView: semSetRoundedCorners: 5
11-21 20:26:12.167 4012 4012 D DecorView: semSetRoundedCorners: 5
11-21 20:26:12.184 4012 4012 D DecorView: semSetRoundedCorners: 5
11-21 20:26:12.203 4012 4012 D DecorView: semSetRoundedCorners: 5
11-21 20:26:12.217 4012 4012 D DecorView: semSetRoundedCorners: 5
11-21 20:26:12.234 4012 4012 D DecorView: semSetRoundedCorners: 5
11-21 20:26:12.250 4012 4012 D DecorView: semSetRoundedCorners: 5
11-21 20:26:12.267 4012 4012 D DecorView: semSetRoundedCorners: 5
11-21 20:26:12.285 4012 4012 D DecorView: semSetRoundedCorners: 5
11-21 20:26:12.298 4012 5465 I AXL : RPC: ScrVehicleParamsEx
11-21 20:26:12.301 4012 4012 D DecorView: semSetRoundedCorners: 5
11-21 20:26:12.318 4012 4012 D DecorView: semSetRoundedCorners: 5
11-21 20:26:12.335 4012 4012 D DecorView: semSetRoundedCorners: 5
11-21 20:26:12.351 4012 4012 D DecorView: semSetRoundedCorners: 5
11-21 20:26:12.369 4012 4012 D DecorView: semSetRoundedCorners: 5
11-21 20:26:12.384 4012 4012 D DecorView: semSetRoundedCorners: 5
11-21 20:26:12.403 4012 4012 D DecorView: semSetRoundedCorners: 5
11-21 20:26:12.418 4012 4012 D DecorView: semSetRoundedCorners: 5
11-21 20:26:12.441 4012 4012 D DecorView: semSetRoundedCorners: 5
11-21 20:26:12.452 4012 4012 D DecorView: semSetRoundedCorners: 5
11-21 20:26:12.468 4012 4012 D DecorView: semSetRoundedCorners: 5
11-21 20:26:12.489 4012 4012 D DecorView: semSetRoundedCorners: 5
11-21 20:26:12.503 4012 4012 D DecorView: semSetRoundedCorners: 5
11-21 20:26:12.518 4012 4012 D DecorView: semSetRoundedCorners: 5
11-21 20:26:12.534 4012 4012 D DecorView: semSetRoundedCorners: 5
11-21 20:26:12.552 4012 4012 D DecorView: semSetRoundedCorners: 5
11-21 20:26:12.568 4012 4012 D DecorView: semSetRoundedCorners: 5
11-21 20:26:12.581 4012 5465 I AXL : RPC: WorldVehicleAdd
11-21 20:26:12.581 4012 5465 I AXL : [IsModelLoaded] iModelID: 546
11-21 20:26:12.581 4012 5465 I AXL : IsModelLoaded false!
11-21 20:26:12.581 4012 5465 I AXL : Warning: car model not preloaded. 546
11-21 20:26:12.581 4012 5465 I AXL : RequestModel
11-21 20:26:12.581 4012 5465 I AXL : RequestModel done!
11-21 20:26:12.581 4012 5465 I AXL : LoadRequestedModels
11-21 20:26:12.586 4012 4012 D DecorView: semSetRoundedCorners: 5
11-21 20:26:12.586 4012 5465 I AXL : LoadRequestedModels done!
11-21 20:26:12.586 4012 5465 I AXL : [IsModelLoaded] iModelID: 546
11-21 20:26:12.586 4012 5465 I AXL : IsModelLoaded true!
11-21 20:26:12.586 4012 5465 I AXL : Car model was preloaded. 546
11-21 20:26:12.586 4012 5465 I AXL : RPC: WorldVehicleAdd,
NewVehicle.iVehicleType: 546
11-21 20:26:12.586 4012 5465 I AXL : [IsModelLoaded] iModelID: 1010
11-21 20:26:12.586 4012 5465 I AXL : IsModelLoaded true!
11-21 20:26:12.587 4012 5465 I AXL : [IsModelLoaded] iModelID: 1083
11-21 20:26:12.587 4012 5465 I AXL : IsModelLoaded true!
11-21 20:26:12.587 4012 5465 I AXL : [IsModelLoaded] iModelID: 1087
11-21 20:26:12.587 4012 5465 I AXL : IsModelLoaded true!
11-21 20:26:12.587 4012 5465 I AXL : RPC: ScrNumberPlate
11-21 20:26:12.587 4012 5465 I AXL : RPC: ScrVehicleParamsEx
11-21 20:26:12.587 4012 5465 I AXL : RPC_CUSTOM_HANDLING
11-21 20:26:12.587 4012 5465 I AXL : copy handling 106
11-21 20:26:12.587 4012 5465 I AXL : RPC_CUSTOM_VISUALS
11-21 20:26:12.587 4012 5465 I AXL : RPC_CUSTOM_BODYWORK
11-21 20:26:12.587 4012 5465 I AXL : RPC: WorldVehicleAdd
11-21 20:26:12.587 4012 5465 I AXL : [IsModelLoaded] iModelID: 3250
11-21 20:26:12.587 4012 5465 I AXL : IsModelLoaded false!
11-21 20:26:12.587 4012 5465 I AXL : Warning: car model not preloaded. 3250
11-21 20:26:12.587 4012 5465 I AXL : RequestModel
