11-21 20:34:42.678 4012 4012 D DecorView: semSetRoundedCorners: 5
11-21 20:34:42.695 4012 4012 D DecorView: semSetRoundedCorners: 5
11-21 20:34:42.711 4012 4012 D DecorView: semSetRoundedCorners: 5
11-21 20:34:42.729 4012 4012 D DecorView: semSetRoundedCorners: 5
11-21 20:34:42.745 4012 4012 D DecorView: semSetRoundedCorners: 5
11-21 20:34:42.762 4012 4012 D DecorView: semSetRoundedCorners: 5
11-21 20:34:42.778 4012 4012 D DecorView: semSetRoundedCorners: 5
11-21 20:34:42.795 4012 4012 D DecorView: semSetRoundedCorners: 5
11-21 20:34:42.813 4012 4012 D DecorView: semSetRoundedCorners: 5
11-21 20:34:42.835 4012 4012 D DecorView: semSetRoundedCorners: 5
11-21 20:34:42.845 4012 4012 D DecorView: semSetRoundedCorners: 5
11-21 20:34:42.864 4012 4012 D DecorView: semSetRoundedCorners: 5
11-21 20:34:42.878 4012 4012 D DecorView: semSetRoundedCorners: 5
11-21 20:34:42.899 4012 4012 D DecorView: semSetRoundedCorners: 5
11-21 20:34:42.913 4012 4012 D DecorView: semSetRoundedCorners: 5
11-21 20:34:42.931 4012 4012 D DecorView: semSetRoundedCorners: 5
11-21 20:34:42.945 4012 4012 D DecorView: semSetRoundedCorners: 5
11-21 20:34:42.962 4012 4012 D DecorView: semSetRoundedCorners: 5
11-21 20:34:42.982 4012 4012 D DecorView: semSetRoundedCorners: 5
11-21 20:34:43.000 4012 4012 D DecorView: semSetRoundedCorners: 5
11-21 20:34:43.014 4012 4012 D DecorView: semSetRoundedCorners: 5
11-21 20:34:43.034 4012 4012 D DecorView: semSetRoundedCorners: 5
11-21 20:34:43.049 4012 4012 D DecorView: semSetRoundedCorners: 5
11-21 20:34:43.068 4012 4012 D DecorView: semSetRoundedCorners: 5
11-21 20:34:43.084 4012 4012 D DecorView: semSetRoundedCorners: 5
11-21 20:34:43.103 4012 4012 D DecorView: semSetRoundedCorners: 5
11-21 20:34:43.118 4012 4012 D DecorView: semSetRoundedCorners: 5
11-21 20:34:43.136 4012 4012 D DecorView: semSetRoundedCorners: 5
11-21 20:34:43.147 4012 4012 D DecorView: semSetRoundedCorners: 5
11-21 20:34:43.167 4012 4012 D DecorView: semSetRoundedCorners: 5
11-21 20:34:43.184 4012 4012 D DecorView: semSetRoundedCorners: 5
11-21 20:34:43.201 4012 4012 D DecorView: semSetRoundedCorners: 5
11-21 20:34:43.207 4012 4012 I ViewRootImpl@fb83006[GTASA]: ViewPostIme pointer 1
11-21 20:34:43.214 4012 4012 D DecorView: semSetRoundedCorners: 5
11-21 20:34:43.230 4012 4012 D DecorView: semSetRoundedCorners: 5
11-21 20:34:43.246 4012 4012 D DecorView: semSetRoundedCorners: 5
11-21 20:34:43.264 4012 4012 D DecorView: semSetRoundedCorners: 5
11-21 20:34:43.279 4012 4012 D DecorView: semSetRoundedCorners: 5
11-21 20:34:43.296 4012 4012 D DecorView: semSetRoundedCorners: 5
11-21 20:34:43.314 4012 4012 D DecorView: semSetRoundedCorners: 5
11-21 20:34:43.331 4012 4012 D DecorView: semSetRoundedCorners: 5
11-21 20:34:43.346 4012 4012 D DecorView: semSetRoundedCorners: 5
11-21 20:34:43.363 4012 4012 D DecorView: semSetRoundedCorners: 5
11-21 20:34:43.380 4012 4012 D DecorView: semSetRoundedCorners: 5
11-21 20:34:43.397 4012 4012 D DecorView: semSetRoundedCorners: 5
11-21 20:34:43.414 4012 4012 D DecorView: semSetRoundedCorners: 5
11-21 20:34:43.431 4012 4012 D DecorView: semSetRoundedCorners: 5
11-21 20:34:43.447 4012 4012 D DecorView: semSetRoundedCorners: 5
11-21 20:34:43.467 4012 4012 D DecorView: semSetRoundedCorners: 5
11-21 20:34:43.481 4012 4012 D DecorView: semSetRoundedCorners: 5
11-21 20:34:43.498 4012 4012 D DecorView: semSetRoundedCorners: 5
11-21 20:34:43.515 4012 4012 D DecorView: semSetRoundedCorners: 5
11-21 20:34:43.532 4012 4012 D DecorView: semSetRoundedCorners: 5
11-21 20:34:43.548 4012 4012 D DecorView: semSetRoundedCorners: 5
11-21 20:34:43.564 4012 4012 D DecorView: semSetRoundedCorners: 5
11-21 20:34:43.582 4012 4012 D DecorView: semSetRoundedCorners: 5
11-21 20:34:43.598 4012 4012 D DecorView: semSetRoundedCorners: 5
11-21 20:34:43.615 4012 4012 D DecorView: semSetRoundedCorners: 5
11-21 20:34:43.632 4012 4012 D DecorView: semSetRoundedCorners: 5
11-21 20:34:43.648 4012 4012 D DecorView: semSetRoundedCorners: 5
11-21 20:34:43.665 4012 4012 D DecorView: semSetRoundedCorners: 5
11-21 20:34:43.681 4012 4012 D DecorView: semSetRoundedCorners: 5
11-21 20:34:43.698 4012 4012 D DecorView: semSetRoundedCorners: 5
11-21 20:34:43.716 4012 4012 D DecorView: semSetRoundedCorners: 5
11-21 20:34:43.733 4012 4012 D DecorView: semSetRoundedCorners: 5
11-21 20:34:43.749 4012 4012 D DecorView: semSetRoundedCorners: 5
11-21 20:34:43.765 4012 4012 D DecorView: semSetRoundedCorners: 5
11-21 20:34:43.782 4012 4012 D DecorView: semSetRoundedCorners: 5
11-21 20:34:43.799 4012 4012 D DecorView: semSetRoundedCorners: 5
11-21 20:34:43.815 4012 4012 D DecorView: semSetRoundedCorners: 5
11-21 20:34:43.831 4012 4012 D DecorView: semSetRoundedCorners: 5
11-21 20:34:43.848 4012 4012 D DecorView: semSetRoundedCorners: 5
11-21 20:34:43.865 4012 4012 D DecorView: semSetRoundedCorners: 5
11-21 20:34:43.882 4012 4012 D DecorView: semSetRoundedCorners: 5
11-21 20:34:43.899 4012 4012 D DecorView: semSetRoundedCorners: 5
11-21 20:34:43.916 4012 4012 D DecorView: semSetRoundedCorners: 5
11-21 20:34:43.933 4012 4012 D DecorView: semSetRoundedCorners: 5
11-21 20:34:43.950 4012 4012 D DecorView: semSetRoundedCorners: 5
11-21 20:34:43.965 4012 4012 D DecorView: semSetRoundedCorners: 5
11-21 20:34:43.983 4012 4012 D DecorView: semSetRoundedCorners: 5
11-21 20:34:44.000 4012 4012 D DecorView: semSetRoundedCorners: 5
11-21 20:34:44.015 4012 4012 D DecorView: semSetRoundedCorners: 5
11-21 20:34:44.033 4012 4012 D DecorView: semSetRoundedCorners: 5
11-21 20:34:44.049 4012 4012 D DecorView: semSetRoundedCorners: 5
11-21 20:34:44.066 4012 4012 D DecorView: semSetRoundedCorners: 5
11-21 20:34:44.082 4012 4012 D DecorView: semSetRoundedCorners: 5
11-21 20:34:44.099 4012 4012 D DecorView: semSetRoundedCorners: 5
11-21 20:34:44.117 4012 4012 D DecorView: semSetRoundedCorners: 5
11-21 20:34:44.133 4012 4012 D DecorView: semSetRoundedCorners: 5
11-21 20:34:44.150 4012 4012 D DecorView: semSetRoundedCorners: 5
11-21 20:34:44.167 4012 4012 D DecorView: semSetRoundedCorners: 5
11-21 20:34:44.184 4012 4012 D DecorView: semSetRoundedCorners: 5
11-21 20:34:44.201 4012 4012 D DecorView: semSetRoundedCorners: 5
11-21 20:34:44.216 4012 4012 D DecorView: semSetRoundedCorners: 5
11-21 20:34:44.235 4012 4012 D DecorView: semSetRoundedCorners: 5
11-21 20:34:44.249 4012 4012 D DecorView: semSetRoundedCorners: 5
11-21 20:34:44.266 4012 4012 D DecorView: semSetRoundedCorners: 5
11-21 20:34:44.285 4012 4012 D DecorView: semSetRoundedCorners: 5
11-21 20:34:44.300 4012 4012 D DecorView: semSetRoundedCorners: 5
11-21 20:34:44.317 4012 4012 D DecorView: semSetRoundedCorners: 5
11-21 20:34:44.334 4012 4012 D DecorView: semSetRoundedCorners: 5
11-21 20:34:44.351 4012 4012 D DecorView: semSetRoundedCorners: 5
11-21 20:34:44.367 4012 4012 D DecorView: semSetRoundedCorners: 5
11-21 20:34:44.384 4012 4012 D DecorView: semSetRoundedCorners: 5
11-21 20:34:44.401 4012 4012 D DecorView: semSetRoundedCorners: 5
11-21 20:34:44.418 4012 4012 D DecorView: semSetRoundedCorners: 5
11-21 20:34:44.434 4012 4012 D DecorView: semSetRoundedCorners: 5
11-21 20:34:44.451 4012 4012 D DecorView: semSetRoundedCorners: 5
11-21 20:34:44.467 4012 4012 D DecorView: semSetRoundedCorners: 5
11-21 20:34:44.484 4012 4012 D DecorView: semSetRoundedCorners: 5
11-21 20:34:44.501 4012 4012 D DecorView: semSetRoundedCorners: 5
11-21 20:34:44.518 4012 4012 D DecorView: semSetRoundedCorners: 5
11-21 20:34:44.535 4012 4012 D DecorView: semSetRoundedCorners: 5
11-21 20:34:44.552 4012 4012 D DecorView: semSetRoundedCorners: 5
11-21 20:34:44.568 4012 4012 D DecorView: semSetRoundedCorners: 5
11-21 20:34:44.585 4012 4012 D DecorView: semSetRoundedCorners: 5
11-21 20:34:44.601 4012 4012 D DecorView: semSetRoundedCorners: 5
11-21 20:34:44.618 4012 4012 D DecorView: semSetRoundedCorners: 5
11-21 20:34:44.634 4012 4012 D DecorView: semSetRoundedCorners: 5
11-21 20:34:44.652 4012 4012 D DecorView: semSetRoundedCorners: 5
11-21 20:34:44.668 4012 4012 D DecorView: semSetRoundedCorners: 5
11-21 20:34:44.685 4012 4012 D DecorView: semSetRoundedCorners: 5
11-21 20:34:44.702 4012 4012 D DecorView: semSetRoundedCorners: 5
11-21 20:34:44.719 4012 4012 D DecorView: semSetRoundedCorners: 5
11-21 20:34:44.724 4012 4012 I ViewRootImpl@fb83006[GTASA]: ViewPostIme pointer 0
11-21 20:34:44.735 4012 4012 D DecorView: semSetRoundedCorners: 5
11-21 20:34:44.752 4012 4012 D DecorView: semSetRoundedCorners: 5
11-21 20:34:44.773 4012 4012 D DecorView: semSetRoundedCorners: 5
11-21 20:34:44.786 4012 4012 D DecorView: semSetRoundedCorners: 5
11-21 20:34:44.802 4012 4012 D DecorView: semSetRoundedCorners: 5
11-21 20:34:44.819 4012 4012 D DecorView: semSetRoundedCorners: 5
11-21 20:34:44.836 4012 4012 D DecorView: semSetRoundedCorners: 5
11-21 20:34:44.852 4012 4012 D DecorView: semSetRoundedCorners: 5
11-21 20:34:44.868 4012 4012 D DecorView: semSetRoundedCorners: 5
11-21 20:34:44.885 4012 4012 D DecorView: semSetRoundedCorners: 5
11-21 20:34:44.902 4012 4012 D DecorView: semSetRoundedCorners: 5
11-21 20:34:44.919 4012 4012 D DecorView: semSetRoundedCorners: 5
11-21 20:34:44.958 4012 4012 D DecorView: semSetRoundedCorners: 5
11-21 20:34:44.970 4012 4012 D DecorView: semSetRoundedCorners: 5
11-21 20:34:44.986 4012 4012 D DecorView: semSetRoundedCorners: 5
11-21 20:34:45.008 4012 4012 D DecorView: semSetRoundedCorners: 5
11-21 20:34:45.020 4012 4012 D DecorView: semSetRoundedCorners: 5
11-21 20:34:45.036 4012 4012 D DecorView: semSetRoundedCorners: 5
11-21 20:34:45.055 4012 4012 D DecorView: semSetRoundedCorners: 5
11-21 20:34:45.072 4012 4012 D DecorView: semSetRoundedCorners: 5
11-21 20:34:45.089 4012 4012 D DecorView: semSetRoundedCorners: 5
11-21 20:34:45.105 4012 4012 D DecorView: semSetRoundedCorners: 5
11-21 20:34:45.130 4012 4012 D DecorView: semSetRoundedCorners: 5
11-21 20:34:45.142 4012 4012 D DecorView: semSetRoundedCorners: 5
11-21 20:34:45.157 4012 4012 D DecorView: semSetRoundedCorners: 5
11-21 20:34:45.179 4012 4012 D DecorView: semSetRoundedCorners: 5
11-21 20:34:45.194 4012 4012 D DecorView: semSetRoundedCorners: 5
11-21 20:34:45.201 4012 5465 I AXL : [IsModelLoaded] iModelID: 503
11-21 20:34:45.201 4012 5465 I AXL : IsModelLoaded true!
11-21 20:34:45.203 4012 5465 I AXL : Removing from vehicle..
11-21 20:34:45.203 4012 5465 I AXL : Setting flag state..
11-21 20:34:45.203 4012 5465 I AXL : Calling destructor..
11-21 20:34:45.204 4012 5465 I AXL : PlayerPed Destroyed
11-21 20:34:45.222 4012 4012 D DecorView: semSetRoundedCorners: 5
11-21 20:34:45.228 4012 4012 D DecorView: semSetRoundedCorners: 5
11-21 20:34:45.244 4012 4012 D DecorView: semSetRoundedCorners: 5
11-21 20:34:45.265 4012 4012 D DecorView: semSetRoundedCorners: 5
11-21 20:34:45.275 4012 4012 D DecorView: semSetRoundedCorners: 5
11-21 20:34:45.292 4012 4012 D DecorView: semSetRoundedCorners: 5
11-21 20:34:45.311 4012 4012 D DecorView: semSetRoundedCorners: 5
11-21 20:34:45.332 4012 4012 D DecorView: semSetRoundedCorners: 5
11-21 20:34:45.347 4012 4012 D DecorView: semSetRoundedCorners: 5
11-21 20:34:45.365 4012 4012 D DecorView: semSetRoundedCorners: 5
11-21 20:34:45.378 4012 4012 D DecorView: semSetRoundedCorners: 5
11-21 20:34:45.396 4012 4012 D DecorView: semSetRoundedCorners: 5
11-21 20:34:45.411 4012 4012 D DecorView: semSetRoundedCorners: 5
11-21 20:34:45.430 4012 4012 D DecorView: semSetRoundedCorners: 5
11-21 20:34:45.447 4012 4012 D DecorView: semSetRoundedCorners: 5
11-21 20:34:45.464 4012 4012 D DecorView: semSetRoundedCorners: 5
11-21 20:34:45.482 4012 4012 D DecorView: semSetRoundedCorners: 5
11-21 20:34:45.496 4012 4012 D DecorView: semSetRoundedCorners: 5
11-21 20:34:45.513 4012 4012 D DecorView: semSetRoundedCorners: 5
11-21 20:34:45.531 4012 4012 D DecorView: semSetRoundedCorners: 5
11-21 20:34:45.546 4012 4012 D DecorView: semSetRoundedCorners: 5
11-21 20:34:45.565 4012 4012 D DecorView: semSetRoundedCorners: 5
11-21 20:34:45.576 4012 4012 D DecorView: semSetRoundedCorners: 5
11-21 20:34:45.596 4012 4012 D DecorView: semSetRoundedCorners: 5
11-21 20:34:45.613 4012 4012 D DecorView: semSetRoundedCorners: 5
11-21 20:34:45.628 4012 4012 D DecorView: semSetRoundedCorners: 5
11-21 20:34:45.646 4012 4012 D DecorView: semSetRoundedCorners: 5
11-21 20:34:45.662 4012 4012 D DecorView: semSetRoundedCorners: 5
11-21 20:34:45.682 4012 4012 D DecorView: semSetRoundedCorners: 5
11-21 20:34:45.696 4012 4012 D DecorView: semSetRoundedCorners: 5
11-21 20:34:45.713 4012 4012 D DecorView: semSetRoundedCorners: 5
11-21 20:34:45.730 4012 4012 D DecorView: semSetRoundedCorners: 5
11-21 20:34:45.748 4012 4012 D DecorView: semSetRoundedCorners: 5
11-21 20:34:45.760 4012 4012 D DecorView: semSetRoundedCorners: 5
11-21 20:34:45.781 4012 4012 D DecorView: semSetRoundedCorners: 5
11-21 20:34:45.797 4012 4012 D DecorView: semSetRoundedCorners: 5
11-21 20:34:45.815 4012 4012 D DecorView: semSetRoundedCorners: 5
11-21 20:34:45.832 4012 4012 D DecorView: semSetRoundedCorners: 5
11-21 20:34:45.849 4012 4012 D DecorView: semSetRoundedCorners: 5
11-21 20:34:45.863 4012 4012 D DecorView: semSetRoundedCorners: 5
11-21 20:34:45.882 4012 4012 D DecorView: semSetRoundedCorners: 5
11-21 20:34:45.897 4012 4012 D DecorView: semSetRoundedCorners: 5
11-21 20:34:45.914 4012 4012 D DecorView: semSetRoundedCorners: 5
11-21 20:34:45.933 4012 4012 D DecorView: semSetRoundedCorners: 5
11-21 20:34:45.949 4012 4012 D DecorView: semSetRoundedCorners: 5
11-21 20:34:45.965 4012 4012 D DecorView: semSetRoundedCorners: 5
11-21 20:34:45.982 4012 4012 D DecorView: semSetRoundedCorners: 5
11-21 20:34:45.998 4012 4012 D DecorView: semSetRoundedCorners: 5
11-21 20:34:46.015 4012 4012 D DecorView: semSetRoundedCorners: 5
11-21 20:34:46.033 4012 4012 D DecorView: semSetRoundedCorners: 5
11-21 20:34:46.047 4012 4012 D DecorView: semSetRoundedCorners: 5
11-21 20:34:46.064 4012 4012 D DecorView: semSetRoundedCorners: 5
11-21 20:34:46.084 4012 4012 D DecorView: semSetRoundedCorners: 5
11-21 20:34:46.097 4012 4012 D DecorView: semSetRoundedCorners: 5
11-21 20:34:46.115 4012 4012 D DecorView: semSetRoundedCorners: 5
11-21 20:34:46.117 4012 5465 I AXL : RPC: ScrSetPlayerColor
11-21 20:34:46.134 4012 4012 D DecorView: semSetRoundedCorners: 5
11-21 20:34:46.156 4012 4012 D DecorView: semSetRoundedCorners: 5
11-21 20:34:46.174 4012 4012 D DecorView: semSetRoundedCorners: 5
11-21 20:34:46.190 4012 4012 D DecorView: semSetRoundedCorners: 5
11-21 20:34:46.206 4012 4012 D DecorView: semSetRoundedCorners: 5
11-21 20:34:46.224 4012 4012 D DecorView: semSetRoundedCorners: 5
11-21 20:34:46.240 4012 4012 D DecorView: semSetRoundedCorners: 5
11-21 20:34:46.251 4012 5465 I AXL : RPC: ScrSetPlayerColor
11-21 20:34:46.251 4012 5465 I AXL : RPC: ScrSetPlayerColor
11-21 20:34:46.257 4012 4012 D DecorView: semSetRoundedCorners: 5
11-21 20:34:46.273 4012 4012 D DecorView: semSetRoundedCorners: 5
11-21 20:34:46.290 4012 4012 D DecorView: semSetRoundedCorners: 5
11-21 20:34:46.307 4012 4012 D DecorView: semSetRoundedCorners: 5
11-21 20:34:46.324 4012 4012 D DecorView: semSetRoundedCorners: 5
11-21 20:34:46.340 4012 4012 D DecorView: semSetRoundedCorners: 5
11-21 20:34:46.357 4012 4012 D DecorView: semSetRoundedCorners: 5
11-21 20:34:46.375 4012 4012 D DecorView: semSetRoundedCorners: 5
11-21 20:34:46.391 4012 4012 D DecorView: semSetRoundedCorners: 5
11-21 20:34:46.407 4012 4012 D DecorView: semSetRoundedCorners: 5
11-21 20:34:46.424 4012 4012 D DecorView: semSetRoundedCorners: 5
11-21 20:34:46.441 4012 4012 D DecorView: semSetRoundedCorners: 5
11-21 20:34:46.458 4012 4012 D DecorView: semSetRoundedCorners: 5
11-21 20:34:46.475 4012 4012 D DecorView: semSetRoundedCorners: 5
11-21 20:34:46.491 4012 4012 D DecorView: semSetRoundedCorners: 5
11-21 20:34:46.508 4012 4012 D DecorView: semSetRoundedCorners: 5
11-21 20:34:46.525 4012 4012 D DecorView: semSetRoundedCorners: 5
11-21 20:34:46.541 4012 4012 D DecorView: semSetRoundedCorners: 5
11-21 20:34:46.558 4012 4012 D DecorView: semSetRoundedCorners: 5
11-21 20:34:46.575 4012 4012 D DecorView: semSetRoundedCorners: 5
11-21 20:34:46.591 4012 4012 D DecorView: semSetRoundedCorners: 5
11-21 20:34:46.608 4012 4012 D DecorView: semSetRoundedCorners: 5
11-21 20:34:46.625 4012 4012 D DecorView: semSetRoundedCorners: 5
11-21 20:34:46.642 4012 4012 D DecorView: semSetRoundedCorners: 5
11-21 20:34:46.658 4012 4012 D DecorView: semSetRoundedCorners: 5
11-21 20:34:46.675 4012 4012 D DecorView: semSetRoundedCorners: 5
11-21 20:34:46.692 4012 4012 D DecorView: semSetRoundedCorners: 5
11-21 20:34:46.708 4012 4012 D DecorView: semSetRoundedCorners: 5
11-21 20:34:46.725 4012 4012 D DecorView: semSetRoundedCorners: 5
11-21 20:34:46.742 4012 4012 D DecorView: semSetRoundedCorners: 5
11-21 20:34:46.759 4012 4012 D DecorView: semSetRoundedCorners: 5
11-21 20:34:46.776 4012 4012 D DecorView: semSetRoundedCorners: 5
11-21 20:34:46.792 4012 4012 D DecorView: semSetRoundedCorners: 5
11-21 20:34:46.809 4012 4012 D DecorView: semSetRoundedCorners: 5
11-21 20:34:46.826 4012 4012 D DecorView: semSetRoundedCorners: 5
11-21 20:34:46.843 4012 4012 D DecorView: semSetRoundedCorners: 5
11-21 20:34:46.859 4012 4012 D DecorView: semSetRoundedCorners: 5
11-21 20:34:46.876 4012 4012 D DecorView: semSetRoundedCorners: 5
11-21 20:34:46.893 4012 4012 D DecorView: semSetRoundedCorners: 5
11-21 20:34:46.909 4012 4012 D DecorView: semSetRoundedCorners: 5
11-21 20:34:46.926 4012 4012 D DecorView: semSetRoundedCorners: 5
11-21 20:34:46.945 4012 4012 D DecorView: semSetRoundedCorners: 5
11-21 20:34:46.962 4012 4012 D DecorView: semSetRoundedCorners: 5
11-21 20:34:46.976 4012 4012 D DecorView: semSetRoundedCorners: 5
11-21 20:34:46.993 4012 4012 D DecorView: semSetRoundedCorners: 5
11-21 20:34:47.009 4012 4012 D DecorView: semSetRoundedCorners: 5
11-21 20:34:47.031 4012 4012 D DecorView: semSetRoundedCorners: 5
11-21 20:34:47.053 4012 4012 D DecorView: semSetRoundedCorners: 5
11-21 20:34:47.063 4012 4012 D DecorView: semSetRoundedCorners: 5
11-21 20:34:47.078 4012 4012 D DecorView: semSetRoundedCorners: 5
11-21 20:34:47.098 4012 4012 D DecorView: semSetRoundedCorners: 5
11-21 20:34:47.110 4012 4012 D DecorView: semSetRoundedCorners: 5
11-21 20:34:47.126 4012 4012 D DecorView: semSetRoundedCorners: 5
11-21 20:34:47.143 4012 4012 D DecorView: semSetRoundedCorners: 5
11-21 20:34:47.161 4012 4012 D DecorView: semSetRoundedCorners: 5
11-21 20:34:47.177 4012 4012 D DecorView: semSetRoundedCorners: 5
11-21 20:34:47.194 4012 4012 D DecorView: semSetRoundedCorners: 5
11-21 20:34:47.211 4012 4012 D DecorView: semSetRoundedCorners: 5
11-21 20:34:47.232 4012 4012 D DecorView: semSetRoundedCorners: 5
11-21 20:34:47.244 4012 4012 D DecorView: semSetRoundedCorners: 5
11-21 20:34:47.260 4012 4012 D DecorView: semSetRoundedCorners: 5
11-21 20:34:47.284 4012 4012 D DecorView: semSetRoundedCorners: 5
11-21 20:34:47.299 4012 4012 D DecorView: semSetRoundedCorners: 5
11-21 20:34:47.318 4012 4012 D DecorView: semSetRoundedCorners: 5
11-21 20:34:47.330 4012 4012 D DecorView: semSetRoundedCorners: 5
11-21 20:34:47.348 4012 4012 D DecorView: semSetRoundedCorners: 5
11-21 20:34:47.361 4012 4012 D DecorView: semSetRoundedCorners: 5
11-21 20:34:47.377 4012 4012 D DecorView: semSetRoundedCorners: 5
11-21 20:34:47.395 4012 4012 D DecorView: semSetRoundedCorners: 5
11-21 20:34:47.412 4012 4012 D DecorView: semSetRoundedCorners: 5
11-21 20:34:47.427 4012 4012 D DecorView: semSetRoundedCorners: 5
11-21 20:34:47.445 4012 4012 D DecorView: semSetRoundedCorners: 5
11-21 20:34:47.461 4012 4012 D DecorView: semSetRoundedCorners: 5
11-21 20:34:47.478 4012 4012 D DecorView: semSetRoundedCorners: 5
11-21 20:34:47.494 4012 4012 D DecorView: semSetRoundedCorners: 5
11-21 20:34:47.511 4012 4012 D DecorView: semSetRoundedCorners: 5
11-21 20:34:47.532 4012 4012 D DecorView: semSetRoundedCorners: 5
11-21 20:34:47.545 4012 4012 D DecorView: semSetRoundedCorners: 5
11-21 20:34:47.562 4012 4012 D DecorView: semSetRoundedCorners: 5
11-21 20:34:47.578 4012 4012 D DecorView: semSetRoundedCorners: 5
11-21 20:34:47.596 4012 4012 D DecorView: semSetRoundedCorners: 5
11-21 20:34:47.612 4012 4012 D DecorView: semSetRoundedCorners: 5
11-21 20:34:47.635 4012 4012 D DecorView: semSetRoundedCorners: 5
11-21 20:34:47.645 4012 4012 D DecorView: semSetRoundedCorners: 5
11-21 20:34:47.662 4012 4012 D DecorView: semSetRoundedCorners: 5
11-21 20:34:47.672 4012 5465 I AXL : RPC: ScrSetMapIcon
11-21 20:34:47.679 4012 4012 D DecorView: semSetRoundedCorners: 5
11-21 20:34:47.689 4012 5465 I AXL : [IsModelLoaded] iModelID: 462
11-21 20:34:47.689 4012 5465 I AXL : IsModelLoaded true!
11-21 20:34:47.690 4012 5465 I AXL : RPC: WorldVehicleAdd
11-21 20:34:47.690 4012 5465 I AXL : [IsModelLoaded] iModelID: 424
11-21 20:34:47.690 4012 5465 I AXL : IsModelLoaded false!
11-21 20:34:47.690 4012 5465 I AXL : Warning: car model not preloaded. 424
11-21 20:34:47.690 4012 5465 I AXL : RequestModel
11-21 20:34:47.690 4012 5465 I AXL : RequestModel done!
11-21 20:34:47.690 4012 5465 I AXL : LoadRequestedModels
11-21 20:34:47.697 4012 4012 D DecorView: semSetRoundedCorners: 5
11-21 20:34:47.707 4012 5465 I AXL : LoadRequestedModels done!
11-21 20:34:47.707 4012 5465 I AXL : [IsModelLoaded] iModelID: 424
11-21 20:34:47.707 4012 5465 I AXL : IsModelLoaded true!
11-21 20:34:47.707 4012 5465 I AXL : Car model was preloaded. 424
11-21 20:34:47.709 4012 5465 I AXL : RPC: WorldVehicleAdd,
NewVehicle.iVehicleType: 424
11-21 20:34:47.709 4012 5465 I AXL : RPC: ScrNumberPlate
11-21 20:34:47.709 4012 5465 I AXL : RPC: ScrVehicleParamsEx
11-21 20:34:47.709 4012 5465 I AXL : RPC_CUSTOM_HANDLING
11-21 20:34:47.709 4012 5465 I AXL : copy handling 135
11-21 20:34:47.709 4012 5465 I AXL : RPC_CUSTOM_VISUALS
11-21 20:34:47.709 4012 5465 I AXL : RPC_CUSTOM_BODYWORK
11-21 20:34:47.709 4012 5465 I AXL : RPC: WorldVehicleAdd
11-21 20:34:47.709 4012 5465 I AXL : [IsModelLoaded] iModelID: 3247
11-21 20:34:47.709 4012 5465 I AXL : IsModelLoaded false!
11-21 20:34:47.709 4012 5465 I AXL : Warning: car model not preloaded. 3247
11-21 20:34:47.709 4012 5465 I AXL : RequestModel
11-21 20:34:47.710 4012 5465 I AXL : RequestModel done!
11-21 20:34:47.710 4012 5465 I AXL : LoadRequestedModels
11-21 20:34:47.735 4012 5465 I AXL : LoadRequestedModels done!
11-21 20:34:47.735 4012 5465 I AXL : [IsModelLoaded] iModelID: 3247
11-21 20:34:47.735 4012 5465 I AXL : IsModelLoaded true!
11-21 20:34:47.735 4012 5465 I AXL : Car model was preloaded. 3247
11-21 20:34:47.736 4012 5465 I AXL : RPC: WorldVehicleAdd,
NewVehicle.iVehicleType: 3247
11-21 20:34:47.736 4012 5465 I AXL : RPC: ScrNumberPlate
11-21 20:34:47.736 4012 5465 I AXL : RPC: ScrVehicleParamsEx
11-21 20:34:47.736 4012 5465 I AXL : RPC_CUSTOM_HANDLING
11-21 20:34:47.736 4012 5465 I AXL : copy handling 11
11-21 20:34:47.736 4012 5465 I AXL : RPC_CUSTOM_VISUALS
11-21 20:34:47.736 4012 5465 I AXL : RPC_CUSTOM_BODYWORK
11-21 20:34:47.736 4012 5465 I AXL : RPC: WorldVehicleAdd
11-21 20:34:47.736 4012 5465 I AXL : [IsModelLoaded] iModelID: 3274
11-21 20:34:47.736 4012 5465 I AXL : IsModelLoaded false!
11-21 20:34:47.737 4012 5465 I AXL : Warning: car model not preloaded. 3274
11-21 20:34:47.737 4012 5465 I AXL : RequestModel
11-21 20:34:47.737 4012 5465 I AXL : RequestModel done!
11-21 20:34:47.737 4012 5465 I AXL : LoadRequestedModels
11-21 20:34:47.757 4012 5465 I AXL : LoadRequestedModels done!
11-21 20:34:47.757 4012 5465 I AXL : [IsModelLoaded] iModelID: 3274
11-21 20:34:47.757 4012 5465 I AXL : IsModelLoaded true!
11-21 20:34:47.757 4012 5465 I AXL : Car model was preloaded. 3274
11-21 20:34:47.758 4012 5465 I AXL : RPC: WorldVehicleAdd,
NewVehicle.iVehicleType: 3274
11-21 20:34:47.759 4012 5465 I AXL : RPC: ScrNumberPlate
11-21 20:34:47.759 4012 5465 I AXL : RPC: ScrVehicleParamsEx
11-21 20:34:47.759 4012 5465 I AXL : RPC_CUSTOM_HANDLING
11-21 20:34:47.759 4012 5465 I AXL : copy handling 11
11-21 20:34:47.759 4012 5465 I AXL : RPC_CUSTOM_VISUALS
11-21 20:34:47.759 4012 5465 I AXL : RPC_CUSTOM_BODYWORK
11-21 20:34:47.759 4012 5465 I AXL : RPC: WorldVehicleAdd
11-21 20:34:47.759 4012 5465 I AXL : [IsModelLoaded] iModelID: 409
11-21 20:34:47.759 4012 5465 I AXL : IsModelLoaded false!
11-21 20:34:47.759 4012 5465 I AXL : Warning: car model not preloaded. 409
11-21 20:34:47.760 4012 5465 I AXL : RequestModel
11-21 20:34:47.762 4012 5465 I AXL : RequestModel done!
11-21 20:34:47.762 4012 5465 I AXL : LoadRequestedModels
11-21 20:34:47.808 4012 5465 I AXL : LoadRequestedModels done!
11-21 20:34:47.808 4012 5465 I AXL : [IsModelLoaded] iModelID: 409
11-21 20:34:47.808 4012 5465 I AXL : IsModelLoaded true!
11-21 20:34:47.808 4012 5465 I AXL : Car model was preloaded. 409
11-21 20:34:47.810 4012 5465 I AXL : RPC: WorldVehicleAdd,
NewVehicle.iVehicleType: 409
11-21 20:34:47.810 4012 5465 I AXL : RPC: ScrNumberPlate
11-21 20:34:47.810 4012 5465 I AXL : RPC: ScrVehicleParamsEx
11-21 20:34:47.811 4012 5465 I AXL : RPC_CUSTOM_HANDLING
11-21 20:34:47.811 4012 5465 I AXL : copy handling 9
11-21 20:34:47.811 4012 5465 I AXL : RPC_CUSTOM_VISUALS
11-21 20:34:47.811 4012 5465 I AXL : RPC_CUSTOM_BODYWORK
11-21 20:34:47.811 4012 5465 I AXL : [IsModelLoaded] iModelID: 184
11-21 20:34:47.811 4012 5465 I AXL : IsModelLoaded true!
11-21 20:34:47.812 4012 5465 I AXL : Removing from vehicle..
11-21 20:34:47.812 4012 5465 I AXL : Setting flag state..
11-21 20:34:47.812 4012 5465 I AXL : Calling destructor..
11-21 20:34:47.812 4012 5465 I AXL : PlayerPed Destroyed
11-21 20:34:47.812 4012 5465 I AXL : CreatePickup(1318, 23, 599, 1032, 13)
11-21 20:34:47.812 4012 5465 I AXL : [IsModelLoaded] iModelID: 1318
11-21 20:34:47.812 4012 5465 I AXL : IsModelLoaded true!
11-21 20:34:47.846 4012 4012 D DecorView: semSetRoundedCorners: 5
11-21 20:34:47.869 4012 4012 D DecorView: semSetRoundedCorners: 5
11-21 20:34:47.881 4012 4012 D DecorView: semSetRoundedCorners: 5
11-21 20:34:47.896 4012 4012 D DecorView: semSetRoundedCorners: 5
11-21 20:34:47.913 4012 4012 D DecorView: semSetRoundedCorners: 5
11-21 20:34:47.930 4012 4012 D DecorView: semSetRoundedCorners: 5
11-21 20:34:47.946 4012 4012 D DecorView: semSetRoundedCorners: 5
11-21 20:34:47.963 4012 4012 D DecorView: semSetRoundedCorners: 5
11-21 20:34:47.979 4012 4012 D DecorView: semSetRoundedCorners: 5
11-21 20:34:47.998 4012 4012 D DecorView: semSetRoundedCorners: 5
11-21 20:34:48.001 4012 5465 I AXL : RPC_SCRCREATEOBJECT(2) 966
11-21 20:34:48.001 4012 5465 I AXL : [CObject] InstantRotate
11-21 20:34:48.002 4012 5465 I AXL : RPC_SCRCREATEOBJECT(3) 968
11-21 20:34:48.002 4012 5465 I AXL : [CObject] InstantRotate
11-21 20:34:48.019 4012 4012 D DecorView: semSetRoundedCorners: 5
11-21 20:34:48.053 4012 4012 D DecorView: semSetRoundedCorners: 5
11-21 20:34:48.068 4012 4012 D DecorView: semSetRoundedCorners: 5
11-21 20:34:48.084 4012 4012 D DecorView: semSetRoundedCorners: 5
11-21 20:34:48.097 4012 4012 D DecorView: semSetRoundedCorners: 5
11-21 20:34:48.114 4012 4012 D DecorView: semSetRoundedCorners: 5
11-21 20:34:48.136 4012 4012 D DecorView: semSetRoundedCorners: 5
11-21 20:34:48.149 4012 4012 D DecorView: semSetRoundedCorners: 5
11-21 20:34:48.165 4012 4012 D DecorView: semSetRoundedCorners: 5
11-21 20:34:48.183 4012 4012 D DecorView: semSetRoundedCorners: 5
11-21 20:34:48.198 4012 4012 D DecorView: semSetRoundedCorners: 5
11-21 20:34:48.216 4012 4012 D DecorView: semSetRoundedCorners: 5
11-21 20:34:48.232 4012 4012 D DecorView: semSetRoundedCorners: 5
11-21 20:34:48.251 4012 4012 D DecorView: semSetRoundedCorners: 5
11-21 20:34:48.268 4012 4012 D DecorView: semSetRoundedCorners: 5
11-21 20:34:48.285 4012 4012 D DecorView: semSetRoundedCorners: 5
11-21 20:34:48.298 4012 4012 D DecorView: semSetRoundedCorners: 5
11-21 20:34:48.314 4012 4012 D DecorView: semSetRoundedCorners: 5
11-21 20:34:48.331 4012 4012 D DecorView: semSetRoundedCorners: 5
11-21 20:34:48.336 4012 5465 I AXL : RPC: ScrDisableMapIcon
11-21 20:34:48.348 4012 4012 D DecorView: semSetRoundedCorners: 5
11-21 20:34:48.367 4012 4012 D DecorView: semSetRoundedCorners: 5
11-21 20:34:48.383 4012 4012 D DecorView: semSetRoundedCorners: 5
11-21 20:34:48.397 4012 4012 D DecorView: semSetRoundedCorners: 5
11-21 20:34:48.416 4012 4012 D DecorView: semSetRoundedCorners: 5
11-21 20:34:48.431 4012 4012 D DecorView: semSetRoundedCorners: 5
11-21 20:34:48.452 4012 4012 D DecorView: semSetRoundedCorners: 5
11-21 20:34:48.469 4012 4012 D DecorView: semSetRoundedCorners: 5
11-21 20:34:48.481 4012 4012 D DecorView: semSetRoundedCorners: 5
11-21 20:34:48.500 4012 4012 D DecorView: semSetRoundedCorners: 5
11-21 20:34:48.515 4012 4012 D DecorView: semSetRoundedCorners: 5
11-21 20:34:48.535 4012 4012 D DecorView: semSetRoundedCorners: 5
11-21 20:34:48.554 4012 4012 D DecorView: semSetRoundedCorners: 5
11-21 20:34:48.566 4012 4012 D DecorView: semSetRoundedCorners: 5
11-21 20:34:48.585 4012 4012 D DecorView: semSetRoundedCorners: 5
11-21 20:34:48.603 4012 4012 D DecorView: semSetRoundedCorners: 5
11-21 20:34:48.616 4012 4012 D DecorView: semSetRoundedCorners: 5
11-21 20:34:48.633 4012 4012 D DecorView: semSetRoundedCorners: 5
11-21 20:34:48.660 4012 4012 D DecorView: semSetRoundedCorners: 5
11-21 20:34:48.670 4012 5465 I AXL : RPC: ScrDisableMapIcon
11-21 20:34:48.671 4012 4012 D DecorView: semSetRoundedCorners: 5
11-21 20:34:48.684 4012 4012 D DecorView: semSetRoundedCorners: 5
11-21 20:34:48.702 4012 4012 D DecorView: semSetRoundedCorners: 5
11-21 20:34:48.718 4012 4012 D DecorView: semSetRoundedCorners: 5
11-21 20:34:48.739 4012 4012 D DecorView: semSetRoundedCorners: 5
11-21 20:34:48.750 4012 4012 D DecorView: semSetRoundedCorners: 5
11-21 20:34:48.786 4012 4012 D DecorView: semSetRoundedCorners: 5
11-21 20:34:48.801 4012 4012 D DecorView: semSetRoundedCorners: 5
11-21 20:34:48.821 4012 4012 D DecorView: semSetRoundedCorners: 5
11-21 20:34:48.836 4012 4012 D DecorView: semSetRoundedCorners: 5
11-21 20:34:48.853 4012 4012 D DecorView: semSetRoundedCorners: 5
11-21 20:34:48.870 4012 4012 D DecorView: semSetRoundedCorners: 5
11-21 20:34:48.884 4012 4012 D DecorView: semSetRoundedCorners: 5
11-21 20:34:48.903 4012 4012 D DecorView: semSetRoundedCorners: 5
11-21 20:34:48.920 4012 5465 I AXL : RPC: WorldVehicleAdd
11-21 20:34:48.920 4012 5465 I AXL : [IsModelLoaded] iModelID: 521
11-21 20:34:48.920 4012 5465 I AXL : IsModelLoaded false!
11-21 20:34:48.920 4012 5465 I AXL : Warning: car model not preloaded. 521
11-21 20:34:48.920 4012 5465 I AXL : RequestModel
11-21 20:34:48.920 4012 5465 I AXL : RequestModel done!
11-21 20:34:48.920 4012 5465 I AXL : LoadRequestedModels
11-21 20:34:48.920 4012 4012 D DecorView: semSetRoundedCorners: 5
11-21 20:34:48.933 4012 4012 D DecorView: semSetRoundedCorners: 5
11-21 20:34:48.940 4012 5465 I AXL : LoadRequestedModels done!
11-21 20:34:48.941 4012 5465 I AXL : [IsModelLoaded] iModelID: 521
11-21 20:34:48.941 4012 5465 I AXL : IsModelLoaded true!
11-21 20:34:48.941 4012 5465 I AXL : Car model was preloaded. 521
11-21 20:34:48.941 4012 5465 I AXL : RPC: WorldVehicleAdd,
NewVehicle.iVehicleType: 521
11-21 20:34:48.941 4012 5465 I AXL : RPC: ScrNumberPlate
11-21 20:34:48.941 4012 5465 I AXL : RPC: ScrVehicleParamsEx
11-21 20:34:48.941 4012 5465 I AXL : RPC_CUSTOM_HANDLING
11-21 20:34:48.941 4012 5465 I AXL : RPC_CUSTOM_VISUALS
11-21 20:34:48.941 4012 5465 I AXL : RPC_CUSTOM_BODYWORK
11-21 20:34:48.941 4012 5465 I AXL : RPC: WorldVehicleAdd
11-21 20:34:48.941 4012 5465 I AXL : [IsModelLoaded] iModelID: 550
11-21 20:34:48.941 4012 5465 I AXL : IsModelLoaded false!
11-21 20:34:48.941 4012 5465 I AXL : Warning: car model not preloaded. 550
11-21 20:34:48.941 4012 5465 I AXL : RequestModel
11-21 20:34:48.941 4012 5465 I AXL : RequestModel done!
11-21 20:34:48.942 4012 5465 I AXL : LoadRequestedModels
11-21 20:34:48.967 4012 5465 I AXL : LoadRequestedModels done!
11-21 20:34:48.967 4012 5465 I AXL : [IsModelLoaded] iModelID: 550
11-21 20:34:48.968 4012 5465 I AXL : IsModelLoaded true!
11-21 20:34:48.968 4012 5465 I AXL : Car model was preloaded. 550
11-21 20:34:48.968 4012 5465 I AXL : RPC: WorldVehicleAdd,
NewVehicle.iVehicleType: 550
11-21 20:34:48.969 4012 5465 I AXL : [IsModelLoaded] iModelID: 1010
11-21 20:34:48.969 4012 5465 I AXL : IsModelLoaded true!
11-21 20:34:48.972 4012 5465 I AXL : [IsModelLoaded] iModelID: 1097
11-21 20:34:48.972 4012 5465 I AXL : IsModelLoaded true!
11-21 20:34:48.972 4012 5465 I AXL : RPC: ScrNumberPlate
11-21 20:34:48.972 4012 5465 I AXL : RPC: ScrVehicleParamsEx
11-21 20:34:48.972 4012 5465 I AXL : RPC_CUSTOM_HANDLING
11-21 20:34:48.972 4012 5465 I AXL : copy handling 109
11-21 20:34:48.972 4012 5465 I AXL : RPC_CUSTOM_VISUALS
11-21 20:34:48.972 4012 5465 I AXL : RPC_CUSTOM_BODYWORK
11-21 20:34:48.972 4012 5465 I AXL : RPC: WorldVehicleAdd
11-21 20:34:48.972 4012 5465 I AXL : [IsModelLoaded] iModelID: 568
11-21 20:34:48.972 4012 5465 I AXL : IsModelLoaded false!
11-21 20:34:48.972 4012 5465 I AXL : Warning: car model not preloaded. 568
11-21 20:34:48.972 4012 5465 I AXL : RequestModel
11-21 20:34:48.972 4012 5465 I AXL : RequestModel done!
11-21 20:34:48.972 4012 5465 I AXL : LoadRequestedModels
11-21 20:34:48.989 4012 5465 I AXL : LoadRequestedModels done!
11-21 20:34:48.989 4012 5465 I AXL : [IsModelLoaded] iModelID: 568
11-21 20:34:48.989 4012 5465 I AXL : IsModelLoaded true!
11-21 20:34:48.989 4012 5465 I AXL : Car model was preloaded. 568
11-21 20:34:48.990 4012 5465 I AXL : RPC: WorldVehicleAdd,
NewVehicle.iVehicleType: 568
11-21 20:34:48.990 4012 5465 I AXL : RPC: ScrNumberPlate
11-21 20:34:48.990 4012 5465 I AXL : RPC: ScrVehicleParamsEx
11-21 20:34:48.990 4012 5465 I AXL : RPC_CUSTOM_HANDLING
11-21 20:34:48.990 4012 5465 I AXL : copy handling 125
11-21 20:34:48.990 4012 5465 I AXL : RPC_CUSTOM_VISUALS
11-21 20:34:48.990 4012 5465 I AXL : RPC_CUSTOM_BODYWORK
11-21 20:34:48.991 4012 5465 I AXL : [IsModelLoaded] iModelID: 119
11-21 20:34:48.991 4012 5465 I AXL : IsModelLoaded true!
11-21 20:34:48.991 4012 5465 I AXL : Removing from vehicle..
11-21 20:34:48.991 4012 5465 I AXL : Setting flag state..
11-21 20:34:48.991 4012 5465 I AXL : Calling destructor..
11-21 20:34:48.991 4012 5465 I AXL : PlayerPed Destroyed
11-21 20:34:48.991 4012 5465 I AXL : Removing from vehicle..
11-21 20:34:48.991 4012 5465 I AXL : Setting flag state..
11-21 20:34:48.991 4012 5465 I AXL : Calling destructor..
11-21 20:34:48.991 4012 5465 I AXL : PlayerPed Destroyed
11-21 20:34:48.991 4012 5465 I AXL : CreatePickup(1318, 23, 654, 1137, 15)
11-21 20:34:48.991 4012 5465 I AXL : [IsModelLoaded] iModelID: 1318
11-21 20:34:48.991 4012 5465 I AXL : IsModelLoaded true!
11-21 20:34:49.016 4012 4012 D DecorView: semSetRoundedCorners: 5
11-21 20:34:49.034 4012 4012 D DecorView: semSetRoundedCorners: 5
11-21 20:34:49.050 4012 4012 D DecorView: semSetRoundedCorners: 5
11-21 20:34:49.066 4012 4012 D DecorView: semSetRoundedCorners: 5
11-21 20:34:49.085 4012 4012 D DecorView: semSetRoundedCorners: 5
11-21 20:34:49.101 4012 4012 D DecorView: semSetRoundedCorners: 5
11-21 20:34:49.117 4012 4012 D DecorView: semSetRoundedCorners: 5
11-21 20:34:49.135 4012 4012 D DecorView: semSetRoundedCorners: 5
11-21 20:34:49.155 4012 4012 D DecorView: semSetRoundedCorners: 5
11-21 20:34:49.188 4012 4012 D DecorView: semSetRoundedCorners: 5
11-21 20:34:49.204 4012 4012 D DecorView: semSetRoundedCorners: 5
11-21 20:34:49.221 4012 4012 D DecorView: semSetRoundedCorners: 5
11-21 20:34:49.234 4012 4012 D DecorView: semSetRoundedCorners: 5
11-21 20:34:49.253 4012 4012 D DecorView: semSetRoundedCorners: 5
11-21 20:34:49.269 4012 4012 D DecorView: semSetRoundedCorners: 5
11-21 20:34:49.288 4012 4012 D DecorView: semSetRoundedCorners: 5
11-21 20:34:49.304 4012 4012 D DecorView: semSetRoundedCorners: 5
11-21 20:34:49.322 4012 4012 D DecorView: semSetRoundedCorners: 5
11-21 20:34:49.337 4012 4012 D DecorView: semSetRoundedCorners: 5
11-21 20:34:49.351 4012 4012 D DecorView: semSetRoundedCorners: 5
11-21 20:34:49.368 4012 4012 D DecorView: semSetRoundedCorners: 5
11-21 20:34:49.387 4012 4012 D DecorView: semSetRoundedCorners: 5
11-21 20:34:49.403 4012 4012 D DecorView: semSetRoundedCorners: 5
11-21 20:34:49.419 4012 4012 D DecorView: semSetRoundedCorners: 5
11-21 20:34:49.437 4012 4012 D DecorView: semSetRoundedCorners: 5
11-21 20:34:49.453 4012 4012 D DecorView: semSetRoundedCorners: 5
11-21 20:34:49.470 4012 4012 D DecorView: semSetRoundedCorners: 5
11-21 20:34:49.487 4012 4012 D DecorView: semSetRoundedCorners: 5
11-21 20:34:49.507 4012 4012 D DecorView: semSetRoundedCorners: 5
11-21 20:34:49.524 4012 4012 D DecorView: semSetRoundedCorners: 5
11-21 20:34:49.537 4012 4012 D DecorView: semSetRoundedCorners: 5
11-21 20:34:49.552 4012 4012 D DecorView: semSetRoundedCorners: 5
11-21 20:34:49.569 4012 4012 D DecorView: semSetRoundedCorners: 5
11-21 20:34:49.585 4012 4012 D DecorView: semSetRoundedCorners: 5
11-21 20:34:49.603 4012 4012 D DecorView: semSetRoundedCorners: 5
11-21 20:34:49.619 4012 4012 D DecorView: semSetRoundedCorners: 5
11-21 20:34:49.637 4012 4012 D DecorView: semSetRoundedCorners: 5
11-21 20:34:49.669 4012 4012 D DecorView: semSetRoundedCorners: 5
11-21 20:34:49.673 4012 5465 I AXL : RPC: ScrDisableMapIcon
11-21 20:34:49.688 4012 4012 D DecorView: semSetRoundedCorners: 5
11-21 20:34:49.705 4012 4012 D DecorView: semSetRoundedCorners: 5
11-21 20:34:49.719 4012 4012 D DecorView: semSetRoundedCorners: 5
11-21 20:34:49.740 4012 4012 D DecorView: semSetRoundedCorners: 5
11-21 20:34:49.754 4012 4012 D DecorView: semSetRoundedCorners: 5
11-21 20:34:49.770 4012 4012 D DecorView: semSetRoundedCorners: 5
11-21 20:34:49.786 4012 4012 D DecorView: semSetRoundedCorners: 5
11-21 20:34:49.804 4012 4012 D DecorView: semSetRoundedCorners: 5
11-21 20:34:49.809 4012 4012 I ViewRootImpl@fb83006[GTASA]: ViewPostIme pointer 1
11-21 20:34:49.819 4012 4012 D DecorView: semSetRoundedCorners: 5
11-21 20:34:49.835 4012 4012 D DecorView: semSetRoundedCorners: 5
11-21 20:34:49.852 4012 4012 D DecorView: semSetRoundedCorners: 5
11-21 20:34:49.872 4012 4012 D DecorView: semSetRoundedCorners: 5
11-21 20:34:49.877 4012 4012 I ViewRootImpl@fb83006[GTASA]: ViewPostIme pointer 0
11-21 20:34:49.888 4012 4012 D DecorView: semSetRoundedCorners: 5
11-21 20:34:49.908 4012 4012 D DecorView: semSetRoundedCorners: 5
11-21 20:34:49.924 4012 4012 D DecorView: semSetRoundedCorners: 5
11-21 20:34:49.937 4012 4012 D DecorView: semSetRoundedCorners: 5
11-21 20:34:49.955 4012 4012 D DecorView: semSetRoundedCorners: 5
11-21 20:34:49.971 4012 4012 D DecorView: semSetRoundedCorners: 5
11-21 20:34:49.987 4012 4012 D DecorView: semSetRoundedCorners: 5
11-21 20:34:50.004 4012 4012 D DecorView: semSetRoundedCorners: 5
11-21 20:34:50.021 4012 4012 D DecorView: semSetRoundedCorners: 5
11-21 20:34:50.038 4012 4012 D DecorView: semSetRoundedCorners: 5
11-21 20:34:50.058 4012 4012 D DecorView: semSetRoundedCorners: 5
11-21 20:34:50.088 4012 4012 D DecorView: semSetRoundedCorners: 5
11-21 20:34:50.104 4012 4012 D DecorView: semSetRoundedCorners: 5
11-21 20:34:50.124 4012 5465 I AXL : [IsModelLoaded] iModelID: 458
11-21 20:34:50.124 4012 5465 I AXL : IsModelLoaded true!
11-21 20:34:50.125 4012 5465 I AXL : CreatePickup(1318, 23, 663, 1003, 12)
11-21 20:34:50.125 4012 5465 I AXL : [IsModelLoaded] iModelID: 1318
11-21 20:34:50.125 4012 4012 D DecorView: semSetRoundedCorners: 5
11-21 20:34:50.125 4012 5465 I AXL : IsModelLoaded true!
11-21 20:34:50.125 4012 5465 I AXL : CreatePickup(1239, 23, 698, 1125, 15)
11-21 20:34:50.125 4012 5465 I AXL : [IsModelLoaded] iModelID: 1239
11-21 20:34:50.125 4012 5465 I AXL : IsModelLoaded true!
11-21 20:34:50.139 4012 4012 D DecorView: semSetRoundedCorners: 5
11-21 20:34:50.155 4012 4012 D DecorView: semSetRoundedCorners: 5
11-21 20:34:50.175 4012 4012 D DecorView: semSetRoundedCorners: 5
11-21 20:34:50.191 4012 4012 D DecorView: semSetRoundedCorners: 5
11-21 20:34:50.204 4012 4012 D DecorView: semSetRoundedCorners: 5
11-21 20:34:50.215 4012 4012 I ViewRootImpl@fb83006[GTASA]: ViewPostIme pointer 1
11-21 20:34:50.222 4012 4012 D DecorView: semSetRoundedCorners: 5
11-21 20:34:50.237 4012 4012 D DecorView: semSetRoundedCorners: 5
11-21 20:34:50.252 4012 4012 I ViewRootImpl@fb83006[GTASA]: ViewPostIme pointer 0
11-21 20:34:50.255 4012 4012 D DecorView: semSetRoundedCorners: 5
11-21 20:34:50.271 4012 4012 D DecorView: semSetRoundedCorners: 5
11-21 20:34:50.289 4012 4012 D DecorView: semSetRoundedCorners: 5
11-21 20:34:50.305 4012 4012 D DecorView: semSetRoundedCorners: 5
11-21 20:34:50.325 4012 4012 D DecorView: semSetRoundedCorners: 5
11-21 20:34:50.341 4012 5465 I AXL : RPC: ScrSetMapIcon
11-21 20:34:50.342 4012 4012 D DecorView: semSetRoundedCorners: 5
11-21 20:34:50.356 4012 4012 D DecorView: semSetRoundedCorners: 5
11-21 20:34:50.358 4012 5465 I AXL : parking_box loaded from crime
11-21 20:34:50.358 4012 5465 I AXL : parking_text loaded from crime
11-21 20:34:50.377 4012 4012 D DecorView: semSetRoundedCorners: 5
11-21 20:34:50.391 4012 4012 D DecorView: semSetRoundedCorners: 5
11-21 20:34:50.406 4012 4012 D DecorView: semSetRoundedCorners: 5
11-21 20:34:50.424 4012 4012 D DecorView: semSetRoundedCorners: 5
11-21 20:34:50.439 4012 4012 D DecorView: semSetRoundedCorners: 5
11-21 20:34:50.456 4012 4012 D DecorView: semSetRoundedCorners: 5
11-21 20:34:50.473 4012 4012 D DecorView: semSetRoundedCorners: 5
11-21 20:34:50.490 4012 4012 D DecorView: semSetRoundedCorners: 5
11-21 20:34:50.506 4012 4012 D DecorView: semSetRoundedCorners: 5
11-21 20:34:50.525 4012 4012 D DecorView: semSetRoundedCorners: 5
11-21 20:34:50.539 4012 4012 D DecorView: semSetRoundedCorners: 5
11-21 20:34:50.557 4012 4012 D DecorView: semSetRoundedCorners: 5
11-21 20:34:50.573 4012 4012 D DecorView: semSetRoundedCorners: 5
11-21 20:34:50.590 4012 4012 D DecorView: semSetRoundedCorners: 5
11-21 20:34:50.607 4012 4012 D DecorView: semSetRoundedCorners: 5
11-21 20:34:50.624 4012 4012 D DecorView: semSetRoundedCorners: 5
11-21 20:34:50.639 4012 4012 D DecorView: semSetRoundedCorners: 5
11-21 20:34:50.658 4012 4012 D DecorView: semSetRoundedCorners: 5
11-21 20:34:50.675 4012 4012 D DecorView: semSetRoundedCorners: 5
11-21 20:34:50.692 4012 4012 D DecorView: semSetRoundedCorners: 5
11-21 20:34:50.707 4012 4012 D DecorView: semSetRoundedCorners: 5
11-21 20:34:50.725 4012 4012 D DecorView: semSetRoundedCorners: 5
11-21 20:34:50.740 4012 4012 D DecorView: semSetRoundedCorners: 5
11-21 20:34:50.759 4012 4012 D DecorView: semSetRoundedCorners: 5
11-21 20:34:50.775 4012 4012 D DecorView: semSetRoundedCorners: 5
11-21 20:34:50.792 4012 4012 D DecorView: semSetRoundedCorners: 5
11-21 20:34:50.809 4012 4012 D DecorView: semSetRoundedCorners: 5
11-21 20:34:50.825 4012 4012 D DecorView: semSetRoundedCorners: 5
11-21 20:34:50.843 4012 4012 D DecorView: semSetRoundedCorners: 5
11-21 20:34:50.860 4012 4012 D DecorView: semSetRoundedCorners: 5
11-21 20:34:50.875 4012 4012 D DecorView: semSetRoundedCorners: 5
11-21 20:34:50.891 4012 4012 D DecorView: semSetRoundedCorners: 5
11-21 20:34:50.907 4012 4012 D DecorView: semSetRoundedCorners: 5
11-21 20:34:50.925 4012 4012 D DecorView: semSetRoundedCorners: 5
11-21 20:34:50.941 4012 4012 D DecorView: semSetRoundedCorners: 5
11-21 20:34:50.947 4012 4012 I ViewRootImpl@fb83006[GTASA]: ViewPostIme pointer 1
11-21 20:34:50.956 4012 4012 D DecorView: semSetRoundedCorners: 5
11-21 20:34:50.973 4012 4012 D DecorView: semSetRoundedCorners: 5
11-21 20:34:50.980 4012 4012 I ViewRootImpl@fb83006[GTASA]: ViewPostIme pointer 0
11-21 20:34:50.990 4012 4012 D DecorView: semSetRoundedCorners: 5
11-21 20:34:51.007 4012 4012 D DecorView: semSetRoundedCorners: 5
11-21 20:34:51.043 4012 4012 D DecorView: semSetRoundedCorners: 5
11-21 20:34:51.063 4012 4012 D DecorView: semSetRoundedCorners: 5
11-21 20:34:51.075 4012 4012 D DecorView: semSetRoundedCorners: 5
11-21 20:34:51.093 4012 4012 D DecorView: semSetRoundedCorners: 5
11-21 20:34:51.108 4012 4012 D DecorView: semSetRoundedCorners: 5
11-21 20:34:51.125 4012 4012 D DecorView: semSetRoundedCorners: 5
11-21 20:34:51.143 4012 4012 D DecorView: semSetRoundedCorners: 5
11-21 20:34:51.158 4012 4012 D DecorView: semSetRoundedCorners: 5
11-21 20:34:51.177 4012 4012 D DecorView: semSetRoundedCorners: 5
11-21 20:34:51.193 4012 4012 D DecorView: semSetRoundedCorners: 5
11-21 20:34:51.208 4012 4012 D DecorView: semSetRoundedCorners: 5
11-21 20:34:51.225 4012 4012 D DecorView: semSetRoundedCorners: 5
11-21 20:34:51.243 4012 4012 D DecorView: semSetRoundedCorners: 5
11-21 20:34:51.258 4012 4012 D DecorView: semSetRoundedCorners: 5
11-21 20:34:51.276 4012 4012 D DecorView: semSetRoundedCorners: 5
11-21 20:34:51.291 4012 4012 D DecorView: semSetRoundedCorners: 5
11-21 20:34:51.308 4012 4012 D DecorView: semSetRoundedCorners: 5
11-21 20:34:51.325 4012 4012 D DecorView: semSetRoundedCorners: 5
11-21 20:34:51.344 4012 4012 D DecorView: semSetRoundedCorners: 5
11-21 20:34:51.358 4012 4012 D DecorView: semSetRoundedCorners: 5
11-21 20:34:51.375 4012 5465 I AXL : CreatePickup(1318, 23, 720, 1007, 12)
11-21 20:34:51.375 4012 5465 I AXL : [IsModelLoaded] iModelID: 1318
11-21 20:34:51.375 4012 5465 I AXL : IsModelLoaded true!
11-21 20:34:51.376 4012 4012 D DecorView: semSetRoundedCorners: 5
11-21 20:34:51.392 4012 4012 D DecorView: semSetRoundedCorners: 5
11-21 20:34:51.410 4012 4012 D DecorView: semSetRoundedCorners: 5
11-21 20:34:51.426 4012 4012 D DecorView: semSetRoundedCorners: 5
11-21 20:34:51.458 4012 4012 D DecorView: semSetRoundedCorners: 5
11-21 20:34:51.481 4012 4012 D DecorView: semSetRoundedCorners: 5
11-21 20:34:51.527 4012 4012 D DecorView: semSetRoundedCorners: 5
11-21 20:34:51.547 4012 4012 D DecorView: semSetRoundedCorners: 5
11-21 20:34:51.564 4012 4012 D DecorView: semSetRoundedCorners: 5
11-21 20:34:51.576 4012 4012 D DecorView: semSetRoundedCorners: 5
11-21 20:34:51.596 4012 4012 D DecorView: semSetRoundedCorners: 5
11-21 20:34:51.609 4012 4012 D DecorView: semSetRoundedCorners: 5
11-21 20:34:51.626 4012 4012 D DecorView: semSetRoundedCorners: 5
11-21 20:34:51.677 4012 4012 D DecorView: semSetRoundedCorners: 5
11-21 20:34:51.726 4012 4012 D DecorView: semSetRoundedCorners: 5
11-21 20:34:51.745 4012 4012 D DecorView: semSetRoundedCorners: 5
11-21 20:34:51.761 4012 4012 D DecorView: semSetRoundedCorners: 5
11-21 20:34:51.776 4012 4012 D DecorView: semSetRoundedCorners: 5
11-21 20:34:51.832 4012 4012 D DecorView: semSetRoundedCorners: 5
11-21 20:34:51.844 4012 4012 D DecorView: semSetRoundedCorners: 5
11-21 20:34:51.866 4012 4012 D DecorView: semSetRoundedCorners: 5
11-21 20:34:51.883 4012 4012 D DecorView: semSetRoundedCorners: 5
11-21 20:34:51.927 4012 4012 D DecorView: semSetRoundedCorners: 5
11-21 20:34:51.944 4012 4012 D DecorView: semSetRoundedCorners: 5
11-21 20:34:51.963 4012 4012 D DecorView: semSetRoundedCorners: 5
11-21 20:34:51.977 4012 4012 D DecorView: semSetRoundedCorners: 5
11-21 20:34:51.998 4012 4012 D DecorView: semSetRoundedCorners: 5
11-21 20:34:52.015 4012 4012 D DecorView: semSetRoundedCorners: 5
11-21 20:34:52.027 4012 4012 D DecorView: semSetRoundedCorners: 5
11-21 20:34:52.048 4012 4012 D DecorView: semSetRoundedCorners: 5
11-21 20:34:52.064 4012 4012 D DecorView: semSetRoundedCorners: 5
11-21 20:34:52.077 4012 4012 D DecorView: semSetRoundedCorners: 5
11-21 20:34:52.094 4012 4012 D DecorView: semSetRoundedCorners: 5
11-21 20:34:52.111 4012 4012 D DecorView: semSetRoundedCorners: 5
11-21 20:34:52.127 4012 4012 D DecorView: semSetRoundedCorners: 5
11-21 20:34:52.149 4012 4012 D DecorView: semSetRoundedCorners: 5
11-21 20:34:52.168 4012 4012 D DecorView: semSetRoundedCorners: 5
11-21 20:34:52.182 4012 4012 D DecorView: semSetRoundedCorners: 5
11-21 20:34:52.198 4012 4012 D DecorView: semSetRoundedCorners: 5
11-21 20:34:52.212 4012 4012 D DecorView: semSetRoundedCorners: 5
11-21 20:34:52.227 4012 4012 D DecorView: semSetRoundedCorners: 5
11-21 20:34:52.244 4012 4012 D DecorView: semSetRoundedCorners: 5
11-21 20:34:52.265 4012 4012 D DecorView: semSetRoundedCorners: 5
11-21 20:34:52.278 4012 4012 D DecorView: semSetRoundedCorners: 5
11-21 20:34:52.295 4012 4012 D DecorView: semSetRoundedCorners: 5
11-21 20:34:52.311 4012 4012 D DecorView: semSetRoundedCorners: 5
11-21 20:34:52.329 4012 4012 D DecorView: semSetRoundedCorners: 5
11-21 20:34:52.346 4012 4012 D DecorView: semSetRoundedCorners: 5
11-21 20:34:52.361 4012 4012 D DecorView: semSetRoundedCorners: 5
11-21 20:34:52.378 4012 4012 D DecorView: semSetRoundedCorners: 5
11-21 20:34:52.395 4012 4012 D DecorView: semSetRoundedCorners: 5
11-21 20:34:52.413 4012 4012 D DecorView: semSetRoundedCorners: 5
11-21 20:34:52.429 4012 4012 D DecorView: semSetRoundedCorners: 5
11-21 20:34:52.445 4012 4012 D DecorView: semSetRoundedCorners: 5
11-21 20:34:52.462 4012 4012 D DecorView: semSetRoundedCorners: 5
11-21 20:34:52.481 4012 4012 D DecorView: semSetRoundedCorners: 5
11-21 20:34:52.496 4012 4012 D DecorView: semSetRoundedCorners: 5
11-21 20:34:52.517 4012 4012 D DecorView: semSetRoundedCorners: 5
11-21 20:34:52.534 4012 4012 D DecorView: semSetRoundedCorners: 5
11-21 20:34:52.547 4012 4012 D DecorView: semSetRoundedCorners: 5
11-21 20:34:52.564 4012 4012 D DecorView: semSetRoundedCorners: 5
11-21 20:34:52.583 4012 4012 D DecorView: semSetRoundedCorners: 5
11-21 20:34:52.602 4012 4012 D DecorView: semSetRoundedCorners: 5
11-21 20:34:52.615 4012 4012 D DecorView: semSetRoundedCorners: 5
11-21 20:34:52.624 4012 5465 I AXL : [IsModelLoaded] iModelID: 3241
11-21 20:34:52.624 4012 5465 I AXL : IsModelLoaded true!
11-21 20:34:52.625 4012 5465 I AXL : [IsModelLoaded] iModelID: 410
11-21 20:34:52.625 4012 5465 I AXL : IsModelLoaded true!
11-21 20:34:52.626 4012 5465 I AXL : [IsModelLoaded] iModelID: 412
11-21 20:34:52.626 4012 5465 I AXL : IsModelLoaded true!
11-21 20:34:52.627 4012 5465 I AXL : [IsModelLoaded] iModelID: 540
11-21 20:34:52.627 4012 5465 I AXL : IsModelLoaded true!
11-21 20:34:52.628 4012 5465 I AXL : Removing from vehicle..
11-21 20:34:52.628 4012 5465 I AXL : Setting flag state..
11-21 20:34:52.628 4012 5465 I AXL : Calling destructor..
11-21 20:34:52.628 4012 5465 I AXL : PlayerPed Destroyed
