11-21 20:25:27.573 4012 4012 D DecorView: semSetRoundedCorners: 5
11-21 20:25:27.590 4012 4012 D DecorView: semSetRoundedCorners: 5
11-21 20:25:27.607 4012 4012 D DecorView: semSetRoundedCorners: 5
11-21 20:25:27.624 4012 4012 D DecorView: semSetRoundedCorners: 5
11-21 20:25:27.640 4012 4012 D DecorView: semSetRoundedCorners: 5
11-21 20:25:27.657 4012 4012 D DecorView: semSetRoundedCorners: 5
11-21 20:25:27.674 4012 4012 D DecorView: semSetRoundedCorners: 5
11-21 20:25:27.690 4012 4012 D DecorView: semSetRoundedCorners: 5
11-21 20:25:27.708 4012 4012 D DecorView: semSetRoundedCorners: 5
11-21 20:25:27.724 4012 4012 D DecorView: semSetRoundedCorners: 5
11-21 20:25:27.741 4012 4012 D DecorView: semSetRoundedCorners: 5
11-21 20:25:27.757 4012 4012 D DecorView: semSetRoundedCorners: 5
11-21 20:25:27.774 4012 4012 D DecorView: semSetRoundedCorners: 5
11-21 20:25:27.791 4012 4012 D DecorView: semSetRoundedCorners: 5
11-21 20:25:27.807 4012 4012 D DecorView: semSetRoundedCorners: 5
11-21 20:25:27.824 4012 4012 D DecorView: semSetRoundedCorners: 5
11-21 20:25:27.841 4012 4012 D DecorView: semSetRoundedCorners: 5
11-21 20:25:27.857 4012 4012 D DecorView: semSetRoundedCorners: 5
11-21 20:25:27.875 4012 4012 D DecorView: semSetRoundedCorners: 5
11-21 20:25:27.891 4012 4012 D DecorView: semSetRoundedCorners: 5
11-21 20:25:27.908 4012 4012 D DecorView: semSetRoundedCorners: 5
11-21 20:25:27.925 4012 4012 D DecorView: semSetRoundedCorners: 5
11-21 20:25:27.941 4012 4012 D DecorView: semSetRoundedCorners: 5
11-21 20:25:27.958 4012 4012 D DecorView: semSetRoundedCorners: 5
11-21 20:25:27.972 4012 5465 I AXL : [IsModelLoaded] iModelID: 3266
11-21 20:25:27.972 4012 5465 I AXL : IsModelLoaded true!
11-21 20:25:27.973 4012 5465 I AXL : Removing from vehicle..
11-21 20:25:27.973 4012 5465 I AXL : Setting flag state..
11-21 20:25:27.973 4012 5465 I AXL : Calling destructor..
11-21 20:25:27.973 4012 5465 I AXL : PlayerPed Destroyed
11-21 20:25:27.973 4012 5465 I AXL : Removing from vehicle..
11-21 20:25:27.973 4012 5465 I AXL : Setting flag state..
11-21 20:25:27.973 4012 5465 I AXL : Calling destructor..
11-21 20:25:27.973 4012 5465 I AXL : PlayerPed Destroyed
11-21 20:25:27.975 4012 4012 D DecorView: semSetRoundedCorners: 5
11-21 20:25:27.991 4012 4012 D DecorView: semSetRoundedCorners: 5
11-21 20:25:28.008 4012 4012 D DecorView: semSetRoundedCorners: 5
11-21 20:25:28.025 4012 4012 D DecorView: semSetRoundedCorners: 5
11-21 20:25:28.043 4012 4012 D DecorView: semSetRoundedCorners: 5
11-21 20:25:28.058 4012 4012 D DecorView: semSetRoundedCorners: 5
11-21 20:25:28.075 4012 4012 D DecorView: semSetRoundedCorners: 5
11-21 20:25:28.092 4012 4012 D DecorView: semSetRoundedCorners: 5
11-21 20:25:28.108 4012 4012 D DecorView: semSetRoundedCorners: 5
11-21 20:25:28.125 4012 4012 D DecorView: semSetRoundedCorners: 5
11-21 20:25:28.143 4012 4012 D DecorView: semSetRoundedCorners: 5
11-21 20:25:28.176 4012 4012 D DecorView: semSetRoundedCorners: 5
11-21 20:25:28.192 4012 4012 D DecorView: semSetRoundedCorners: 5
11-21 20:25:28.209 4012 4012 D DecorView: semSetRoundedCorners: 5
11-21 20:25:28.231 4012 4012 D DecorView: semSetRoundedCorners: 5
11-21 20:25:28.243 4012 4012 D DecorView: semSetRoundedCorners: 5
11-21 20:25:28.264 4012 4012 D DecorView: semSetRoundedCorners: 5
11-21 20:25:28.276 4012 4012 D DecorView: semSetRoundedCorners: 5
11-21 20:25:28.294 4012 4012 D DecorView: semSetRoundedCorners: 5
11-21 20:25:28.310 4012 4012 D DecorView: semSetRoundedCorners: 5
11-21 20:25:28.333 4012 4012 D DecorView: semSetRoundedCorners: 5
11-21 20:25:28.349 4012 4012 D DecorView: semSetRoundedCorners: 5
11-21 20:25:28.363 4012 4012 D DecorView: semSetRoundedCorners: 5
11-21 20:25:28.380 4012 4012 D DecorView: semSetRoundedCorners: 5
11-21 20:25:28.393 4012 4012 D DecorView: semSetRoundedCorners: 5
11-21 20:25:28.410 4012 4012 D DecorView: semSetRoundedCorners: 5
11-21 20:25:28.431 4012 4012 D DecorView: semSetRoundedCorners: 5
11-21 20:25:28.447 4012 4012 D DecorView: semSetRoundedCorners: 5
11-21 20:25:28.464 4012 4012 D DecorView: semSetRoundedCorners: 5
11-21 20:25:28.482 4012 4012 D DecorView: semSetRoundedCorners: 5
11-21 20:25:28.493 4012 4012 D DecorView: semSetRoundedCorners: 5
11-21 20:25:28.514 4012 4012 D DecorView: semSetRoundedCorners: 5
11-21 20:25:28.531 4012 4012 D DecorView: semSetRoundedCorners: 5
11-21 20:25:28.548 4012 4012 D DecorView: semSetRoundedCorners: 5
11-21 20:25:28.565 4012 4012 D DecorView: semSetRoundedCorners: 5
11-21 20:25:28.580 4012 4012 D DecorView: semSetRoundedCorners: 5
11-21 20:25:28.597 4012 4012 D DecorView: semSetRoundedCorners: 5
11-21 20:25:28.613 4012 4012 D DecorView: semSetRoundedCorners: 5
11-21 20:25:28.627 4012 4012 D DecorView: semSetRoundedCorners: 5
11-21 20:25:28.644 4012 4012 D DecorView: semSetRoundedCorners: 5
11-21 20:25:28.661 4012 4012 D DecorView: semSetRoundedCorners: 5
11-21 20:25:28.682 4012 4012 D DecorView: semSetRoundedCorners: 5
11-21 20:25:28.694 4012 4012 D DecorView: semSetRoundedCorners: 5
11-21 20:25:28.715 4012 4012 D DecorView: semSetRoundedCorners: 5
11-21 20:25:28.727 4012 4012 D DecorView: semSetRoundedCorners: 5
11-21 20:25:28.745 4012 4012 D DecorView: semSetRoundedCorners: 5
11-21 20:25:28.765 4012 4012 D DecorView: semSetRoundedCorners: 5
11-21 20:25:28.782 4012 4012 D DecorView: semSetRoundedCorners: 5
11-21 20:25:28.799 4012 4012 D DecorView: semSetRoundedCorners: 5
11-21 20:25:28.815 4012 4012 D DecorView: semSetRoundedCorners: 5
11-21 20:25:28.832 4012 4012 D DecorView: semSetRoundedCorners: 5
11-21 20:25:28.850 4012 4012 D DecorView: semSetRoundedCorners: 5
11-21 20:25:28.866 4012 4012 D DecorView: semSetRoundedCorners: 5
11-21 20:25:28.883 4012 4012 D DecorView: semSetRoundedCorners: 5
11-21 20:25:28.902 4012 4012 D DecorView: semSetRoundedCorners: 5
11-21 20:25:28.912 4012 4012 D DecorView: semSetRoundedCorners: 5
11-21 20:25:28.932 4012 4012 D DecorView: semSetRoundedCorners: 5
11-21 20:25:28.945 4012 4012 D DecorView: semSetRoundedCorners: 5
11-21 20:25:28.968 4012 4012 D DecorView: semSetRoundedCorners: 5
11-21 20:25:28.979 4012 4012 D DecorView: semSetRoundedCorners: 5
11-21 20:25:29.001 4012 4012 D DecorView: semSetRoundedCorners: 5
11-21 20:25:29.015 4012 4012 D DecorView: semSetRoundedCorners: 5
11-21 20:25:29.031 4012 4012 D DecorView: semSetRoundedCorners: 5
11-21 20:25:29.049 4012 4012 D DecorView: semSetRoundedCorners: 5
11-21 20:25:29.066 4012 4012 D DecorView: semSetRoundedCorners: 5
11-21 20:25:29.082 4012 4012 D DecorView: semSetRoundedCorners: 5
11-21 20:25:29.095 4012 4012 D DecorView: semSetRoundedCorners: 5
11-21 20:25:29.115 4012 4012 D DecorView: semSetRoundedCorners: 5
11-21 20:25:29.130 4012 4012 D DecorView: semSetRoundedCorners: 5
11-21 20:25:29.151 4012 4012 D DecorView: semSetRoundedCorners: 5
11-21 20:25:29.165 4012 4012 D DecorView: semSetRoundedCorners: 5
11-21 20:25:29.184 4012 4012 D DecorView: semSetRoundedCorners: 5
11-21 20:25:29.200 4012 4012 D DecorView: semSetRoundedCorners: 5
11-21 20:25:29.216 4012 4012 D DecorView: semSetRoundedCorners: 5
11-21 20:25:29.229 4012 4012 D DecorView: semSetRoundedCorners: 5
11-21 20:25:29.247 4012 4012 D DecorView: semSetRoundedCorners: 5
11-21 20:25:29.264 4012 4012 D DecorView: semSetRoundedCorners: 5
11-21 20:25:29.279 4012 4012 D DecorView: semSetRoundedCorners: 5
11-21 20:25:29.295 4012 4012 D DecorView: semSetRoundedCorners: 5
11-21 20:25:29.313 4012 4012 D DecorView: semSetRoundedCorners: 5
11-21 20:25:29.334 4012 4012 D DecorView: semSetRoundedCorners: 5
11-21 20:25:29.350 4012 4012 D DecorView: semSetRoundedCorners: 5
11-21 20:25:29.367 4012 4012 D DecorView: semSetRoundedCorners: 5
11-21 20:25:29.384 4012 4012 D DecorView: semSetRoundedCorners: 5
11-21 20:25:29.400 4012 4012 D DecorView: semSetRoundedCorners: 5
11-21 20:25:29.418 4012 4012 D DecorView: semSetRoundedCorners: 5
11-21 20:25:29.433 4012 4012 D DecorView: semSetRoundedCorners: 5
11-21 20:25:29.450 4012 4012 D DecorView: semSetRoundedCorners: 5
11-21 20:25:29.467 4012 4012 D DecorView: semSetRoundedCorners: 5
11-21 20:25:29.484 4012 4012 D DecorView: semSetRoundedCorners: 5
11-21 20:25:29.502 4012 4012 D DecorView: semSetRoundedCorners: 5
11-21 20:25:29.517 4012 4012 D DecorView: semSetRoundedCorners: 5
11-21 20:25:29.531 4012 4012 D DecorView: semSetRoundedCorners: 5
11-21 20:25:29.549 4012 4012 D DecorView: semSetRoundedCorners: 5
11-21 20:25:29.567 4012 4012 D DecorView: semSetRoundedCorners: 5
11-21 20:25:29.584 4012 4012 D DecorView: semSetRoundedCorners: 5
11-21 20:25:29.599 4012 4012 D DecorView: semSetRoundedCorners: 5
11-21 20:25:29.615 4012 4012 D DecorView: semSetRoundedCorners: 5
11-21 20:25:29.637 4012 4012 D DecorView: semSetRoundedCorners: 5
11-21 20:25:29.651 4012 4012 D DecorView: semSetRoundedCorners: 5
11-21 20:25:29.667 4012 4012 D DecorView: semSetRoundedCorners: 5
11-21 20:25:29.684 4012 4012 D DecorView: semSetRoundedCorners: 5
11-21 20:25:29.700 4012 4012 D DecorView: semSetRoundedCorners: 5
11-21 20:25:29.715 4012 4012 D DecorView: semSetRoundedCorners: 5
11-21 20:25:29.735 4012 4012 D DecorView: semSetRoundedCorners: 5
11-21 20:25:29.752 4012 4012 D DecorView: semSetRoundedCorners: 5
11-21 20:25:29.767 4012 4012 D DecorView: semSetRoundedCorners: 5
11-21 20:25:29.786 4012 4012 D DecorView: semSetRoundedCorners: 5
11-21 20:25:29.800 4012 4012 D DecorView: semSetRoundedCorners: 5
11-21 20:25:29.819 4012 4012 D DecorView: semSetRoundedCorners: 5
11-21 20:25:29.834 4012 4012 D DecorView: semSetRoundedCorners: 5
11-21 20:25:29.851 4012 4012 D DecorView: semSetRoundedCorners: 5
11-21 20:25:29.866 4012 4012 D DecorView: semSetRoundedCorners: 5
11-21 20:25:29.885 4012 4012 D DecorView: semSetRoundedCorners: 5
11-21 20:25:29.899 4012 4012 D DecorView: semSetRoundedCorners: 5
11-21 20:25:29.915 4012 4012 D DecorView: semSetRoundedCorners: 5
11-21 20:25:29.937 4012 4012 D DecorView: semSetRoundedCorners: 5
11-21 20:25:29.949 4012 4012 D DecorView: semSetRoundedCorners: 5
11-21 20:25:29.968 4012 4012 D DecorView: semSetRoundedCorners: 5
11-21 20:25:29.985 4012 4012 D DecorView: semSetRoundedCorners: 5
11-21 20:25:30.002 4012 4012 D DecorView: semSetRoundedCorners: 5
11-21 20:25:30.016 4012 4012 D DecorView: semSetRoundedCorners: 5
11-21 20:25:30.034 4012 4012 D DecorView: semSetRoundedCorners: 5
11-21 20:25:30.049 4012 4012 D DecorView: semSetRoundedCorners: 5
11-21 20:25:30.069 4012 4012 D DecorView: semSetRoundedCorners: 5
11-21 20:25:30.088 4012 4012 D DecorView: semSetRoundedCorners: 5
11-21 20:25:30.102 4012 4012 D DecorView: semSetRoundedCorners: 5
11-21 20:25:30.118 4012 4012 D DecorView: semSetRoundedCorners: 5
11-21 20:25:30.141 4012 4012 D DecorView: semSetRoundedCorners: 5
11-21 20:25:30.152 4012 4012 D DecorView: semSetRoundedCorners: 5
11-21 20:25:30.168 4012 4012 D DecorView: semSetRoundedCorners: 5
11-21 20:25:30.185 4012 4012 D DecorView: semSetRoundedCorners: 5
11-21 20:25:30.203 4012 4012 D DecorView: semSetRoundedCorners: 5
11-21 20:25:30.218 4012 4012 D DecorView: semSetRoundedCorners: 5
11-21 20:25:30.234 4012 4012 D DecorView: semSetRoundedCorners: 5
11-21 20:25:30.250 4012 4012 D DecorView: semSetRoundedCorners: 5
11-21 20:25:30.267 4012 4012 D DecorView: semSetRoundedCorners: 5
11-21 20:25:30.283 4012 4012 D DecorView: semSetRoundedCorners: 5
11-21 20:25:30.302 4012 4012 D DecorView: semSetRoundedCorners: 5
11-21 20:25:30.317 4012 4012 D DecorView: semSetRoundedCorners: 5
11-21 20:25:30.335 4012 4012 D DecorView: semSetRoundedCorners: 5
11-21 20:25:30.353 4012 4012 D DecorView: semSetRoundedCorners: 5
11-21 20:25:30.368 4012 4012 D DecorView: semSetRoundedCorners: 5
11-21 20:25:30.385 4012 4012 D DecorView: semSetRoundedCorners: 5
11-21 20:25:30.402 4012 4012 D DecorView: semSetRoundedCorners: 5
11-21 20:25:30.411 4012 5465 I AXL : RPC: WorldVehicleAdd
11-21 20:25:30.411 4012 5465 I AXL : [IsModelLoaded] iModelID: 3247
11-21 20:25:30.411 4012 5465 I AXL : IsModelLoaded false!
11-21 20:25:30.411 4012 5465 I AXL : Warning: car model not preloaded. 3247
11-21 20:25:30.411 4012 5465 I AXL : RequestModel
11-21 20:25:30.411 4012 5465 I AXL : RequestModel done!
11-21 20:25:30.411 4012 5465 I AXL : LoadRequestedModels
11-21 20:25:30.416 4012 4012 D DecorView: semSetRoundedCorners: 5
11-21 20:25:30.417 4012 5465 I AXL : LoadRequestedModels done!
11-21 20:25:30.417 4012 5465 I AXL : [IsModelLoaded] iModelID: 3247
11-21 20:25:30.417 4012 5465 I AXL : IsModelLoaded true!
11-21 20:25:30.417 4012 5465 I AXL : Car model was preloaded. 3247
11-21 20:25:30.417 4012 5465 I AXL : RPC: WorldVehicleAdd,
NewVehicle.iVehicleType: 3247
11-21 20:25:30.418 4012 5465 I AXL : [IsModelLoaded] iModelID: 1010
11-21 20:25:30.418 4012 5465 I AXL : IsModelLoaded true!
11-21 20:25:30.418 4012 5465 I AXL : [IsModelLoaded] iModelID: 1085
11-21 20:25:30.418 4012 5465 I AXL : IsModelLoaded true!
11-21 20:25:30.418 4012 5465 I AXL : RPC: ScrNumberPlate
11-21 20:25:30.418 4012 5465 I AXL : RPC: ScrVehicleParamsEx
11-21 20:25:30.418 4012 5465 I AXL : RPC_CUSTOM_HANDLING
11-21 20:25:30.418 4012 5465 I AXL : copy handling 11
11-21 20:25:30.418 4012 5465 I AXL : RPC_CUSTOM_VISUALS
11-21 20:25:30.418 4012 5465 I AXL : RPC_CUSTOM_BODYWORK
11-21 20:25:30.418 4012 5465 I AXL : [IsModelLoaded] iModelID: 183
11-21 20:25:30.418 4012 5465 I AXL : IsModelLoaded true!
11-21 20:25:30.418 4012 5465 I AXL : [CObject] InstantRotate
11-21 20:25:30.418 4012 5465 I AXL : [CObject] InstantRotate
11-21 20:25:30.418 4012 5465 I AXL : [CObject] InstantRotate
11-21 20:25:30.418 4012 5465 I AXL : [CObject] InstantRotate
11-21 20:25:30.450 4012 4012 D DecorView: semSetRoundedCorners: 5
11-21 20:25:30.466 4012 4012 D DecorView: semSetRoundedCorners: 5
11-21 20:25:30.483 4012 4012 D DecorView: semSetRoundedCorners: 5
11-21 20:25:30.499 4012 4012 D DecorView: semSetRoundedCorners: 5
11-21 20:25:30.516 4012 4012 D DecorView: semSetRoundedCorners: 5
11-21 20:25:30.534 4012 4012 D DecorView: semSetRoundedCorners: 5
11-21 20:25:30.550 4012 4012 D DecorView: semSetRoundedCorners: 5
11-21 20:25:30.566 4012 4012 D DecorView: semSetRoundedCorners: 5
11-21 20:25:30.583 4012 4012 D DecorView: semSetRoundedCorners: 5
11-21 20:25:30.600 4012 4012 D DecorView: semSetRoundedCorners: 5
11-21 20:25:30.616 4012 4012 D DecorView: semSetRoundedCorners: 5
11-21 20:25:30.633 4012 4012 D DecorView: semSetRoundedCorners: 5
11-21 20:25:30.651 4012 4012 D DecorView: semSetRoundedCorners: 5
11-21 20:25:30.667 4012 4012 D DecorView: semSetRoundedCorners: 5
11-21 20:25:30.683 4012 4012 D DecorView: semSetRoundedCorners: 5
11-21 20:25:30.700 4012 4012 D DecorView: semSetRoundedCorners: 5
11-21 20:25:30.717 4012 4012 D DecorView: semSetRoundedCorners: 5
11-21 20:25:30.734 4012 4012 D DecorView: semSetRoundedCorners: 5
11-21 20:25:30.751 4012 4012 D DecorView: semSetRoundedCorners: 5
11-21 20:25:30.767 4012 4012 D DecorView: semSetRoundedCorners: 5
11-21 20:25:30.784 4012 4012 D DecorView: semSetRoundedCorners: 5
11-21 20:25:30.801 4012 4012 D DecorView: semSetRoundedCorners: 5
11-21 20:25:30.818 4012 4012 D DecorView: semSetRoundedCorners: 5
11-21 20:25:30.834 4012 4012 D DecorView: semSetRoundedCorners: 5
11-21 20:25:30.851 4012 4012 D DecorView: semSetRoundedCorners: 5
11-21 20:25:30.868 4012 4012 D DecorView: semSetRoundedCorners: 5
11-21 20:25:30.885 4012 4012 D DecorView: semSetRoundedCorners: 5
11-21 20:25:30.903 4012 4012 D DecorView: semSetRoundedCorners: 5
11-21 20:25:30.919 4012 4012 D DecorView: semSetRoundedCorners: 5
11-21 20:25:30.935 4012 4012 D DecorView: semSetRoundedCorners: 5
11-21 20:25:30.952 4012 4012 D DecorView: semSetRoundedCorners: 5
11-21 20:25:30.968 4012 4012 D DecorView: semSetRoundedCorners: 5
11-21 20:25:30.985 4012 4012 D DecorView: semSetRoundedCorners: 5
11-21 20:25:31.002 4012 4012 D DecorView: semSetRoundedCorners: 5
11-21 20:25:31.019 4012 4012 D DecorView: semSetRoundedCorners: 5
11-21 20:25:31.036 4012 4012 D DecorView: semSetRoundedCorners: 5
11-21 20:25:31.051 4012 4012 D DecorView: semSetRoundedCorners: 5
11-21 20:25:31.068 4012 4012 D DecorView: semSetRoundedCorners: 5
11-21 20:25:31.085 4012 4012 D DecorView: semSetRoundedCorners: 5
11-21 20:25:31.102 4012 4012 D DecorView: semSetRoundedCorners: 5
11-21 20:25:31.119 4012 4012 D DecorView: semSetRoundedCorners: 5
11-21 20:25:31.136 4012 4012 D DecorView: semSetRoundedCorners: 5
11-21 20:25:31.152 4012 4012 D DecorView: semSetRoundedCorners: 5
11-21 20:25:31.169 4012 4012 D DecorView: semSetRoundedCorners: 5
11-21 20:25:31.186 4012 4012 D DecorView: semSetRoundedCorners: 5
11-21 20:25:31.204 4012 4012 D DecorView: semSetRoundedCorners: 5
11-21 20:25:31.219 4012 4012 D DecorView: semSetRoundedCorners: 5
11-21 20:25:31.236 4012 4012 D DecorView: semSetRoundedCorners: 5
11-21 20:25:31.253 4012 4012 D DecorView: semSetRoundedCorners: 5
11-21 20:25:31.269 4012 4012 D DecorView: semSetRoundedCorners: 5
11-21 20:25:31.286 4012 4012 D DecorView: semSetRoundedCorners: 5
11-21 20:25:31.309 4012 4012 D DecorView: semSetRoundedCorners: 5
11-21 20:25:31.325 4012 4012 D DecorView: semSetRoundedCorners: 5
11-21 20:25:31.336 4012 4012 D DecorView: semSetRoundedCorners: 5
11-21 20:25:31.354 4012 4012 D DecorView: semSetRoundedCorners: 5
11-21 20:25:31.370 4012 4012 D DecorView: semSetRoundedCorners: 5
11-21 20:25:31.386 4012 4012 D DecorView: semSetRoundedCorners: 5
11-21 20:25:31.407 4012 4012 D DecorView: semSetRoundedCorners: 5
11-21 20:25:31.425 4012 4012 D DecorView: semSetRoundedCorners: 5
11-21 20:25:31.441 4012 4012 D DecorView: semSetRoundedCorners: 5
11-21 20:25:31.454 4012 4012 D DecorView: semSetRoundedCorners: 5
11-21 20:25:31.471 4012 4012 D DecorView: semSetRoundedCorners: 5
11-21 20:25:31.487 4012 4012 D DecorView: semSetRoundedCorners: 5
11-21 20:25:31.504 4012 4012 D DecorView: semSetRoundedCorners: 5
11-21 20:25:31.524 4012 4012 D DecorView: semSetRoundedCorners: 5
11-21 20:25:31.537 4012 4012 D DecorView: semSetRoundedCorners: 5
11-21 20:25:31.554 4012 4012 D DecorView: semSetRoundedCorners: 5
11-21 20:25:31.573 4012 4012 D DecorView: semSetRoundedCorners: 5
11-21 20:25:31.590 4012 4012 D DecorView: semSetRoundedCorners: 5
11-21 20:25:31.607 4012 4012 D DecorView: semSetRoundedCorners: 5
11-21 20:25:31.624 4012 4012 D DecorView: semSetRoundedCorners: 5
11-21 20:25:31.634 4012 5465 I AXL : [IsModelLoaded] iModelID: 3274
11-21 20:25:31.634 4012 5465 I AXL : IsModelLoaded true!
11-21 20:25:31.634 4012 5465 I AXL : [IsModelLoaded] iModelID: 493
11-21 20:25:31.634 4012 5465 I AXL : IsModelLoaded true!
11-21 20:25:31.635 4012 5465 I AXL : [IsModelLoaded] iModelID: 3240
11-21 20:25:31.635 4012 5465 I AXL : IsModelLoaded true!
11-21 20:25:31.635 4012 5465 I AXL : [IsModelLoaded] iModelID: 560
11-21 20:25:31.635 4012 5465 I AXL : IsModelLoaded true!
11-21 20:25:31.636 4012 5465 I AXL : Removing from vehicle..
11-21 20:25:31.636 4012 5465 I AXL : Setting flag state..
11-21 20:25:31.636 4012 5465 I AXL : Calling destructor..
11-21 20:25:31.636 4012 5465 I AXL : PlayerPed Destroyed
11-21 20:25:31.636 4012 5465 I AXL : Removing from vehicle..
11-21 20:25:31.636 4012 5465 I AXL : Setting flag state..
11-21 20:25:31.636 4012 5465 I AXL : Calling destructor..
11-21 20:25:31.636 4012 5465 I AXL : PlayerPed Destroyed
11-21 20:25:31.636 4012 5465 I AXL : Removing from vehicle..
11-21 20:25:31.636 4012 5465 I AXL : Setting flag state..
11-21 20:25:31.636 4012 5465 I AXL : Calling destructor..
11-21 20:25:31.636 4012 5465 I AXL : PlayerPed Destroyed
11-21 20:25:31.636 4012 5465 I AXL : Removing from vehicle..
11-21 20:25:31.636 4012 5465 I AXL : Setting flag state..
11-21 20:25:31.636 4012 5465 I AXL : Calling destructor..
11-21 20:25:31.636 4012 5465 I AXL : PlayerPed Destroyed
11-21 20:25:31.636 4012 5465 I AXL : Removing from vehicle..
11-21 20:25:31.636 4012 5465 I AXL : Setting flag state..
11-21 20:25:31.636 4012 5465 I AXL : Calling destructor..
11-21 20:25:31.636 4012 5465 I AXL : PlayerPed Destroyed
11-21 20:25:31.637 4012 5465 I AXL : Removing from vehicle..
11-21 20:25:31.637 4012 5465 I AXL : Setting flag state..
11-21 20:25:31.637 4012 5465 I AXL : Calling destructor..
11-21 20:25:31.637 4012 5465 I AXL : PlayerPed Destroyed
11-21 20:25:31.637 4012 5465 I AXL : Removing from vehicle..
11-21 20:25:31.637 4012 5465 I AXL : Setting flag state..
11-21 20:25:31.637 4012 5465 I AXL : Calling destructor..
11-21 20:25:31.637 4012 5465 I AXL : PlayerPed Destroyed
11-21 20:25:31.637 4012 5465 I AXL : Removing from vehicle..
11-21 20:25:31.637 4012 5465 I AXL : Setting flag state..
11-21 20:25:31.637 4012 5465 I AXL : Calling destructor..
11-21 20:25:31.637 4012 5465 I AXL : PlayerPed Destroyed
11-21 20:25:31.638 4012 4012 D DecorView: semSetRoundedCorners: 5
11-21 20:25:31.654 4012 4012 D DecorView: semSetRoundedCorners: 5
11-21 20:25:31.704 4012 4012 D DecorView: semSetRoundedCorners: 5
11-21 20:25:31.723 4012 4012 D DecorView: semSetRoundedCorners: 5
11-21 20:25:31.739 4012 4012 D DecorView: semSetRoundedCorners: 5
11-21 20:25:31.754 4012 4012 D DecorView: semSetRoundedCorners: 5
11-21 20:25:31.770 4012 4012 D DecorView: semSetRoundedCorners: 5
11-21 20:25:31.787 4012 4012 D DecorView: semSetRoundedCorners: 5
11-21 20:25:31.804 4012 4012 D DecorView: semSetRoundedCorners: 5
11-21 20:25:31.821 4012 4012 D DecorView: semSetRoundedCorners: 5
11-21 20:25:31.837 4012 4012 D DecorView: semSetRoundedCorners: 5
11-21 20:25:31.854 4012 4012 D DecorView: semSetRoundedCorners: 5
11-21 20:25:31.872 4012 4012 D DecorView: semSetRoundedCorners: 5
11-21 20:25:31.887 4012 4012 D DecorView: semSetRoundedCorners: 5
11-21 20:25:31.904 4012 4012 D DecorView: semSetRoundedCorners: 5
11-21 20:25:31.922 4012 4012 D DecorView: semSetRoundedCorners: 5
11-21 20:25:31.939 4012 4012 D DecorView: semSetRoundedCorners: 5
11-21 20:25:31.954 4012 4012 D DecorView: semSetRoundedCorners: 5
11-21 20:25:31.971 4012 4012 D DecorView: semSetRoundedCorners: 5
11-21 20:25:31.987 4012 4012 D DecorView: semSetRoundedCorners: 5
11-21 20:25:32.005 4012 4012 D DecorView: semSetRoundedCorners: 5
11-21 20:25:32.023 4012 4012 D DecorView: semSetRoundedCorners: 5
11-21 20:25:32.038 4012 4012 D DecorView: semSetRoundedCorners: 5
11-21 20:25:32.055 4012 4012 D DecorView: semSetRoundedCorners: 5
11-21 20:25:32.071 4012 4012 D DecorView: semSetRoundedCorners: 5
11-21 20:25:32.088 4012 4012 D DecorView: semSetRoundedCorners: 5
11-21 20:25:32.105 4012 4012 D DecorView: semSetRoundedCorners: 5
11-21 20:25:32.123 4012 4012 D DecorView: semSetRoundedCorners: 5
11-21 20:25:32.139 4012 4012 D DecorView: semSetRoundedCorners: 5
11-21 20:25:32.155 4012 4012 D DecorView: semSetRoundedCorners: 5
11-21 20:25:32.172 4012 4012 D DecorView: semSetRoundedCorners: 5
11-21 20:25:32.189 4012 4012 D DecorView: semSetRoundedCorners: 5
11-21 20:25:32.205 4012 4012 D DecorView: semSetRoundedCorners: 5
11-21 20:25:32.223 4012 4012 D DecorView: semSetRoundedCorners: 5
11-21 20:25:32.239 4012 4012 D DecorView: semSetRoundedCorners: 5
11-21 20:25:32.255 4012 4012 D DecorView: semSetRoundedCorners: 5
11-21 20:25:32.274 4012 4012 D DecorView: semSetRoundedCorners: 5
11-21 20:25:32.289 4012 4012 D DecorView: semSetRoundedCorners: 5
11-21 20:25:32.306 4012 4012 D DecorView: semSetRoundedCorners: 5
11-21 20:25:32.324 4012 4012 D DecorView: semSetRoundedCorners: 5
11-21 20:25:32.341 4012 4012 D DecorView: semSetRoundedCorners: 5
11-21 20:25:32.357 4012 4012 D DecorView: semSetRoundedCorners: 5
11-21 20:25:32.373 4012 4012 D DecorView: semSetRoundedCorners: 5
11-21 20:25:32.394 4012 4012 D DecorView: semSetRoundedCorners: 5
11-21 20:25:32.410 4012 4012 D DecorView: semSetRoundedCorners: 5
11-21 20:25:32.424 4012 4012 D DecorView: semSetRoundedCorners: 5
11-21 20:25:32.440 4012 4012 D DecorView: semSetRoundedCorners: 5
11-21 20:25:32.457 4012 4012 D DecorView: semSetRoundedCorners: 5
11-21 20:25:32.474 4012 4012 D DecorView: semSetRoundedCorners: 5
11-21 20:25:32.493 4012 4012 D DecorView: semSetRoundedCorners: 5
11-21 20:25:32.511 4012 4012 D DecorView: semSetRoundedCorners: 5
11-21 20:25:32.525 4012 4012 D DecorView: semSetRoundedCorners: 5
11-21 20:25:32.541 4012 4012 D DecorView: semSetRoundedCorners: 5
11-21 20:25:32.558 4012 4012 D DecorView: semSetRoundedCorners: 5
11-21 20:25:32.573 4012 4012 D DecorView: semSetRoundedCorners: 5
11-21 20:25:32.591 4012 4012 D DecorView: semSetRoundedCorners: 5
11-21 20:25:32.607 4012 4012 D DecorView: semSetRoundedCorners: 5
11-21 20:25:32.623 4012 4012 D DecorView: semSetRoundedCorners: 5
11-21 20:25:32.643 4012 4012 D DecorView: semSetRoundedCorners: 5
11-21 20:25:32.657 4012 4012 D DecorView: semSetRoundedCorners: 5
11-21 20:25:32.674 4012 4012 D DecorView: semSetRoundedCorners: 5
11-21 20:25:32.691 4012 4012 D DecorView: semSetRoundedCorners: 5
11-21 20:25:32.708 4012 4012 D DecorView: semSetRoundedCorners: 5
11-21 20:25:32.725 4012 4012 D DecorView: semSetRoundedCorners: 5
11-21 20:25:32.742 4012 4012 D DecorView: semSetRoundedCorners: 5
11-21 20:25:32.762 4012 4012 D DecorView: semSetRoundedCorners: 5
11-21 20:25:32.774 4012 4012 D DecorView: semSetRoundedCorners: 5
11-21 20:25:32.812 4012 4012 D DecorView: semSetRoundedCorners: 5
11-21 20:25:32.815 4012 5465 I AXL : RPC: ScrSetVehicleHealth
11-21 20:25:32.815 4012 5465 I AXL : Removing from vehicle..
11-21 20:25:32.815 4012 5465 I AXL : Setting flag state..
11-21 20:25:32.815 4012 5465 I AXL : Calling destructor..
11-21 20:25:32.815 4012 5465 I AXL : PlayerPed Destroyed
11-21 20:25:32.827 4012 4012 D DecorView: semSetRoundedCorners: 5
11-21 20:25:32.831 4012 5465 I AXL : [IsModelLoaded] iModelID: 4531
11-21 20:25:32.831 4012 5465 I AXL : IsModelLoaded true!
11-21 20:25:32.832 4012 5465 I AXL : [CObject] InstantRotate
11-21 20:25:32.832 4012 5465 I AXL : [IsModelLoaded] iModelID: 223
11-21 20:25:32.832 4012 5465 I AXL : IsModelLoaded true!
11-21 20:25:32.832 4012 5465 I AXL : [CObject] InstantRotate
11-21 20:25:32.832 4012 5465 I AXL : [IsModelLoaded] iModelID: 33
11-21 20:25:32.832 4012 5465 I AXL : IsModelLoaded true!
11-21 20:25:32.832 4012 5465 I AXL : [CObject] InstantRotate
11-21 20:25:32.841 4012 4012 D DecorView: semSetRoundedCorners: 5
11-21 20:25:32.859 4012 4012 D DecorView: semSetRoundedCorners: 5
11-21 20:25:32.875 4012 4012 D DecorView: semSetRoundedCorners: 5
11-21 20:25:32.892 4012 4012 D DecorView: semSetRoundedCorners: 5
11-21 20:25:32.914 4012 4012 D DecorView: semSetRoundedCorners: 5
11-21 20:25:32.930 4012 4012 D DecorView: semSetRoundedCorners: 5
11-21 20:25:32.943 4012 4012 D DecorView: semSetRoundedCorners: 5
11-21 20:25:32.959 4012 4012 D DecorView: semSetRoundedCorners: 5
11-21 20:25:32.975 4012 4012 D DecorView: semSetRoundedCorners: 5
11-21 20:25:32.992 4012 4012 D DecorView: semSetRoundedCorners: 5
11-21 20:25:33.009 4012 4012 D DecorView: semSetRoundedCorners: 5
11-21 20:25:33.030 4012 4012 D DecorView: semSetRoundedCorners: 5
11-21 20:25:33.047 4012 4012 D DecorView: semSetRoundedCorners: 5
11-21 20:25:33.062 4012 4012 D DecorView: semSetRoundedCorners: 5
11-21 20:25:33.077 4012 4012 D DecorView: semSetRoundedCorners: 5
11-21 20:25:33.092 4012 4012 D DecorView: semSetRoundedCorners: 5
11-21 20:25:33.109 4012 4012 D DecorView: semSetRoundedCorners: 5
11-21 20:25:33.127 4012 4012 D DecorView: semSetRoundedCorners: 5
11-21 20:25:33.144 4012 4012 D DecorView: semSetRoundedCorners: 5
11-21 20:25:33.161 4012 4012 D DecorView: semSetRoundedCorners: 5
11-21 20:25:33.176 4012 4012 D DecorView: semSetRoundedCorners: 5
11-21 20:25:33.192 4012 4012 D DecorView: semSetRoundedCorners: 5
11-21 20:25:33.209 4012 4012 D DecorView: semSetRoundedCorners: 5
11-21 20:25:33.227 4012 4012 D DecorView: semSetRoundedCorners: 5
11-21 20:25:33.244 4012 4012 D DecorView: semSetRoundedCorners: 5
11-21 20:25:33.259 4012 4012 D DecorView: semSetRoundedCorners: 5
11-21 20:25:33.276 4012 4012 D DecorView: semSetRoundedCorners: 5
11-21 20:25:33.293 4012 4012 D DecorView: semSetRoundedCorners: 5
11-21 20:25:33.310 4012 4012 D DecorView: semSetRoundedCorners: 5
11-21 20:25:33.326 4012 4012 D DecorView: semSetRoundedCorners: 5
11-21 20:25:33.344 4012 4012 D DecorView: semSetRoundedCorners: 5
11-21 20:25:33.360 4012 4012 D DecorView: semSetRoundedCorners: 5
11-21 20:25:33.378 4012 4012 D DecorView: semSetRoundedCorners: 5
11-21 20:25:33.394 4012 4012 D DecorView: semSetRoundedCorners: 5
11-21 20:25:33.410 4012 4012 D DecorView: semSetRoundedCorners: 5
11-21 20:25:33.427 4012 4012 D DecorView: semSetRoundedCorners: 5
11-21 20:25:33.445 4012 4012 D DecorView: semSetRoundedCorners: 5
11-21 20:25:33.462 4012 4012 D DecorView: semSetRoundedCorners: 5
11-21 20:25:33.478 4012 4012 D DecorView: semSetRoundedCorners: 5
11-21 20:25:33.494 4012 4012 D DecorView: semSetRoundedCorners: 5
11-21 20:25:33.511 4012 4012 D DecorView: semSetRoundedCorners: 5
11-21 20:25:33.527 4012 4012 D DecorView: semSetRoundedCorners: 5
11-21 20:25:33.544 4012 4012 D DecorView: semSetRoundedCorners: 5
11-21 20:25:33.562 4012 4012 D DecorView: semSetRoundedCorners: 5
11-21 20:25:33.579 4012 4012 D DecorView: semSetRoundedCorners: 5
11-21 20:25:33.593 4012 4012 D DecorView: semSetRoundedCorners: 5
11-21 20:25:33.611 4012 4012 D DecorView: semSetRoundedCorners: 5
11-21 20:25:33.628 4012 4012 D DecorView: semSetRoundedCorners: 5
11-21 20:25:33.644 4012 4012 D DecorView: semSetRoundedCorners: 5
11-21 20:25:33.662 4012 4012 D DecorView: semSetRoundedCorners: 5
11-21 20:25:33.678 4012 4012 D DecorView: semSetRoundedCorners: 5
11-21 20:25:33.694 4012 4012 D DecorView: semSetRoundedCorners: 5
11-21 20:25:33.712 4012 4012 D DecorView: semSetRoundedCorners: 5
11-21 20:25:33.729 4012 4012 D DecorView: semSetRoundedCorners: 5
11-21 20:25:33.745 4012 4012 D DecorView: semSetRoundedCorners: 5
11-21 20:25:33.763 4012 4012 D DecorView: semSetRoundedCorners: 5
11-21 20:25:33.780 4012 4012 D DecorView: semSetRoundedCorners: 5
11-21 20:25:33.796 4012 4012 D DecorView: semSetRoundedCorners: 5
11-21 20:25:33.812 4012 4012 D DecorView: semSetRoundedCorners: 5
11-21 20:25:33.829 4012 4012 D DecorView: semSetRoundedCorners: 5
11-21 20:25:33.832 4012 5465 I AXL : RPC: ScrSetPlayerColor
11-21 20:25:33.844 4012 4012 D DecorView: semSetRoundedCorners: 5
11-21 20:25:33.863 4012 4012 D DecorView: semSetRoundedCorners: 5
11-21 20:25:33.878 4012 4012 D DecorView: semSetRoundedCorners: 5
11-21 20:25:33.895 4012 4012 D DecorView: semSetRoundedCorners: 5
11-21 20:25:33.912 4012 4012 D DecorView: semSetRoundedCorners: 5
11-21 20:25:33.928 4012 4012 D DecorView: semSetRoundedCorners: 5
11-21 20:25:33.945 4012 4012 D DecorView: semSetRoundedCorners: 5
11-21 20:25:33.964 4012 4012 D DecorView: semSetRoundedCorners: 5
11-21 20:25:33.979 4012 4012 D DecorView: semSetRoundedCorners: 5
11-21 20:25:33.996 4012 4012 D DecorView: semSetRoundedCorners: 5
11-21 20:25:34.012 4012 4012 D DecorView: semSetRoundedCorners: 5
11-21 20:25:34.029 4012 4012 D DecorView: semSetRoundedCorners: 5
11-21 20:25:34.032 4012 5465 I AXL : RPC: WorldVehicleAdd
11-21 20:25:34.032 4012 5465 I AXL : [IsModelLoaded] iModelID: 3274
11-21 20:25:34.032 4012 5465 I AXL : IsModelLoaded false!
11-21 20:25:34.032 4012 5465 I AXL : Warning: car model not preloaded. 3274
11-21 20:25:34.032 4012 5465 I AXL : RequestModel
11-21 20:25:34.032 4012 5465 I AXL : RequestModel done!
11-21 20:25:34.032 4012 5465 I AXL : LoadRequestedModels
11-21 20:25:34.036 4012 5465 I AXL : LoadRequestedModels done!
11-21 20:25:34.036 4012 5465 I AXL : [IsModelLoaded] iModelID: 3274
11-21 20:25:34.036 4012 5465 I AXL : IsModelLoaded true!
11-21 20:25:34.036 4012 5465 I AXL : Car model was preloaded. 3274
11-21 20:25:34.036 4012 5465 I AXL : RPC: WorldVehicleAdd,
NewVehicle.iVehicleType: 3274
11-21 20:25:34.036 4012 5465 I AXL : [IsModelLoaded] iModelID: 1010
11-21 20:25:34.036 4012 5465 I AXL : IsModelLoaded true!
11-21 20:25:34.037 4012 5465 I AXL : RPC: ScrNumberPlate
11-21 20:25:34.037 4012 5465 I AXL : RPC: ScrVehicleParamsEx
11-21 20:25:34.037 4012 5465 I AXL : RPC_CUSTOM_HANDLING
11-21 20:25:34.037 4012 5465 I AXL : copy handling 11
11-21 20:25:34.037 4012 5465 I AXL : RPC_CUSTOM_VISUALS
11-21 20:25:34.037 4012 5465 I AXL : RPC_CUSTOM_BODYWORK
11-21 20:25:34.037 4012 5465 I AXL : RPC: WorldVehicleAdd
11-21 20:25:34.037 4012 5465 I AXL : [IsModelLoaded] iModelID: 493
11-21 20:25:34.037 4012 5465 I AXL : IsModelLoaded false!
11-21 20:25:34.037 4012 5465 I AXL : Warning: car model not preloaded. 493
11-21 20:25:34.037 4012 5465 I AXL : RequestModel
11-21 20:25:34.037 4012 5465 I AXL : RequestModel done!
11-21 20:25:34.037 4012 5465 I AXL : LoadRequestedModels
11-21 20:25:34.038 4012 5465 I AXL : LoadRequestedModels done!
11-21 20:25:34.038 4012 5465 I AXL : [IsModelLoaded] iModelID: 493
11-21 20:25:34.038 4012 5465 I AXL : IsModelLoaded true!
11-21 20:25:34.038 4012 5465 I AXL : Car model was preloaded. 493
11-21 20:25:34.038 4012 5465 I AXL : RPC: WorldVehicleAdd,
NewVehicle.iVehicleType: 493
11-21 20:25:34.038 4012 5465 I AXL : RPC: ScrNumberPlate
11-21 20:25:34.038 4012 5465 I AXL : RPC: ScrVehicleParamsEx
11-21 20:25:34.038 4012 5465 I AXL : RPC: WorldVehicleAdd
11-21 20:25:34.038 4012 5465 I AXL : [IsModelLoaded] iModelID: 3240
11-21 20:25:34.038 4012 5465 I AXL : IsModelLoaded false!
11-21 20:25:34.038 4012 5465 I AXL : Warning: car model not preloaded. 3240
11-21 20:25:34.038 4012 5465 I AXL : RequestModel
11-21 20:25:34.038 4012 5465 I AXL : RequestModel done!
11-21 20:25:34.038 4012 5465 I AXL : LoadRequestedModels
11-21 20:25:34.041 4012 5465 I AXL : LoadRequestedModels done!
11-21 20:25:34.041 4012 5465 I AXL : [IsModelLoaded] iModelID: 3240
11-21 20:25:34.041 4012 5465 I AXL : IsModelLoaded true!
11-21 20:25:34.042 4012 5465 I AXL : Car model was preloaded. 3240
11-21 20:25:34.042 4012 5465 I AXL : RPC: WorldVehicleAdd,
NewVehicle.iVehicleType: 3240
11-21 20:25:34.042 4012 5465 I AXL : RPC: ScrNumberPlate
11-21 20:25:34.042 4012 5465 I AXL : RPC: ScrVehicleParamsEx
11-21 20:25:34.042 4012 5465 I AXL : RPC_CUSTOM_HANDLING
11-21 20:25:34.042 4012 5465 I AXL : copy handling 154
11-21 20:25:34.042 4012 5465 I AXL : RPC_CUSTOM_VISUALS
11-21 20:25:34.042 4012 5465 I AXL : RPC_CUSTOM_BODYWORK
11-21 20:25:34.042 4012 5465 I AXL : RPC: WorldVehicleAdd
11-21 20:25:34.042 4012 5465 I AXL : [IsModelLoaded] iModelID: 3266
11-21 20:25:34.042 4012 5465 I AXL : IsModelLoaded false!
11-21 20:25:34.042 4012 5465 I AXL : Warning: car model not preloaded. 3266
11-21 20:25:34.042 4012 5465 I AXL : RequestModel
11-21 20:25:34.042 4012 5465 I AXL : RequestModel done!
11-21 20:25:34.042 4012 5465 I AXL : LoadRequestedModels
11-21 20:25:34.045 4012 4012 D DecorView: semSetRoundedCorners: 5
11-21 20:25:34.049 4012 5465 I AXL : LoadRequestedModels done!
11-21 20:25:34.049 4012 5465 I AXL : [IsModelLoaded] iModelID: 3266
11-21 20:25:34.049 4012 5465 I AXL : IsModelLoaded true!
11-21 20:25:34.049 4012 5465 I AXL : Car model was preloaded. 3266
11-21 20:25:34.049 4012 5465 I AXL : RPC: WorldVehicleAdd,
NewVehicle.iVehicleType: 3266
11-21 20:25:34.050 4012 5465 I AXL : [IsModelLoaded] iModelID: 1010
11-21 20:25:34.050 4012 5465 I AXL : IsModelLoaded true!
11-21 20:25:34.050 4012 5465 I AXL : RPC: ScrNumberPlate
11-21 20:25:34.050 4012 5465 I AXL : RPC: ScrVehicleParamsEx
11-21 20:25:34.050 4012 5465 I AXL : RPC_CUSTOM_HANDLING
11-21 20:25:34.050 4012 5465 I AXL : copy handling 11
11-21 20:25:34.050 4012 5465 I AXL : RPC_CUSTOM_VISUALS
11-21 20:25:34.050 4012 5465 I AXL : RPC_CUSTOM_BODYWORK
11-21 20:25:34.050 4012 5465 I AXL : RPC: WorldVehicleAdd
11-21 20:25:34.050 4012 5465 I AXL : [IsModelLoaded] iModelID: 560
11-21 20:25:34.050 4012 5465 I AXL : IsModelLoaded false!
11-21 20:25:34.050 4012 5465 I AXL : Warning: car model not preloaded. 560
11-21 20:25:34.050 4012 5465 I AXL : RequestModel
11-21 20:25:34.050 4012 5465 I AXL : RequestModel done!
11-21 20:25:34.050 4012 5465 I AXL : LoadRequestedModels
11-21 20:25:34.054 4012 5465 I AXL : LoadRequestedModels done!
11-21 20:25:34.054 4012 5465 I AXL : [IsModelLoaded] iModelID: 560
11-21 20:25:34.054 4012 5465 I AXL : IsModelLoaded true!
11-21 20:25:34.054 4012 5465 I AXL : Car model was preloaded. 560
11-21 20:25:34.054 4012 5465 I AXL : RPC: WorldVehicleAdd,
NewVehicle.iVehicleType: 560
11-21 20:25:34.054 4012 5465 I AXL : RPC: ScrNumberPlate
11-21 20:25:34.054 4012 5465 I AXL : RPC: ScrVehicleParamsEx
11-21 20:25:34.054 4012 5465 I AXL : RPC_CUSTOM_HANDLING
11-21 20:25:34.054 4012 5465 I AXL : copy handling 118
11-21 20:25:34.054 4012 5465 I AXL : RPC_CUSTOM_VISUALS
11-21 20:25:34.054 4012 5465 I AXL : RPC_CUSTOM_BODYWORK
11-21 20:25:34.055 4012 5465 I AXL : [IsModelLoaded] iModelID: 283
11-21 20:25:34.055 4012 5465 I AXL : IsModelLoaded true!
11-21 20:25:34.055 4012 5465 I AXL : [CObject] InstantRotate
11-21 20:25:34.055 4012 5465 I AXL : [IsModelLoaded] iModelID: 106
11-21 20:25:34.055 4012 5465 I AXL : IsModelLoaded true!
11-21 20:25:34.055 4012 5465 I AXL : [CObject] InstantRotate
11-21 20:25:34.055 4012 5465 I AXL : [CObject] InstantRotate
11-21 20:25:34.055 4012 5465 I AXL : [IsModelLoaded] iModelID: 303
11-21 20:25:34.055 4012 5465 I AXL : IsModelLoaded true!
11-21 20:25:34.055 4012 5465 I AXL : [CObject] InstantRotate
11-21 20:25:34.055 4012 5465 I AXL : [CObject] InstantRotate
11-21 20:25:34.055 4012 5465 I AXL : [IsModelLoaded] iModelID: 4533
11-21 20:25:34.056 4012 5465 I AXL : IsModelLoaded true!
11-21 20:25:34.056 4012 5465 I AXL : [CObject] InstantRotate
11-21 20:25:34.056 4012 5465 I AXL : [IsModelLoaded] iModelID: 120
11-21 20:25:34.056 4012 5465 I AXL : IsModelLoaded true!
11-21 20:25:34.056 4012 5465 I AXL : [CObject] InstantRotate
11-21 20:25:34.056 4012 5465 I AXL : [CObject] InstantRotate
11-21 20:25:34.056 4012 5465 I AXL : [IsModelLoaded] iModelID: 4522
11-21 20:25:34.056 4012 5465 I AXL : IsModelLoaded true!
11-21 20:25:34.056 4012 5465 I AXL : [IsModelLoaded] iModelID: 317
11-21 20:25:34.056 4012 5465 I AXL : IsModelLoaded true!
11-21 20:25:34.056 4012 5465 I AXL : [CObject] InstantRotate
11-21 20:25:34.056 4012 5465 I AXL : [CObject] InstantRotate
11-21 20:25:34.056 4012 5465 I AXL : [CObject] InstantRotate
11-21 20:25:34.056 4012 5465 I AXL : CreatePickup(1318, 23, -231, 943, 12)
11-21 20:25:34.056 4012 5465 I AXL : [IsModelLoaded] iModelID: 1318
11-21 20:25:34.056 4012 5465 I AXL : IsModelLoaded true!
11-21 20:25:34.057 4012 5465 I AXL : CreatePickup(1318, 23, -318, 816, 13)
11-21 20:25:34.057 4012 5465 I AXL : [IsModelLoaded] iModelID: 1318
11-21 20:25:34.057 4012 5465 I AXL : IsModelLoaded true!
11-21 20:25:34.057 4012 5465 I AXL : CreatePickup(1318, 23, -245, 996, 12)
11-21 20:25:34.057 4012 5465 I AXL : [IsModelLoaded] iModelID: 1318
11-21 20:25:34.057 4012 5465 I AXL : IsModelLoaded true!
11-21 20:25:34.095 4012 4012 D DecorView: semSetRoundedCorners: 5
11-21 20:25:34.104 4012 5465 I AXL : [IsModelLoaded] iModelID: 356
11-21 20:25:34.104 4012 5465 I AXL : IsModelLoaded true!
11-21 20:25:34.112 4012 4012 D DecorView: semSetRoundedCorners: 5
11-21 20:25:34.128 4012 4012 D DecorView: semSetRoundedCorners: 5
11-21 20:25:34.149 4012 4012 D DecorView: semSetRoundedCorners: 5
11-21 20:25:34.166 4012 4012 D DecorView: semSetRoundedCorners: 5
11-21 20:25:34.179 4012 4012 D DecorView: semSetRoundedCorners: 5
11-21 20:25:34.202 4012 4012 D DecorView: semSetRoundedCorners: 5
11-21 20:25:34.216 4012 4012 D DecorView: semSetRoundedCorners: 5
11-21 20:25:34.231 4012 4012 D DecorView: semSetRoundedCorners: 5
11-21 20:25:34.248 4012 4012 D DecorView: semSetRoundedCorners: 5
11-21 20:25:34.265 4012 4012 D DecorView: semSetRoundedCorners: 5
11-21 20:25:34.284 4012 4012 D DecorView: semSetRoundedCorners: 5
11-21 20:25:34.301 4012 4012 D DecorView: semSetRoundedCorners: 5
11-21 20:25:34.317 4012 4012 D DecorView: semSetRoundedCorners: 5
11-21 20:25:34.332 4012 4012 D DecorView: semSetRoundedCorners: 5
11-21 20:25:34.349 4012 4012 D DecorView: semSetRoundedCorners: 5
11-21 20:25:34.364 4012 4012 D DecorView: semSetRoundedCorners: 5
11-21 20:25:34.381 4012 4012 D DecorView: semSetRoundedCorners: 5
11-21 20:25:34.397 4012 4012 D DecorView: semSetRoundedCorners: 5
11-21 20:25:34.415 4012 4012 D DecorView: semSetRoundedCorners: 5
11-21 20:25:34.431 4012 4012 D DecorView: semSetRoundedCorners: 5
11-21 20:25:34.449 4012 4012 D DecorView: semSetRoundedCorners: 5
11-21 20:25:34.466 4012 4012 D DecorView: semSetRoundedCorners: 5
11-21 20:25:34.471 4012 5465 I AXL : [IsModelLoaded] iModelID: 356
11-21 20:25:34.471 4012 5465 I AXL : IsModelLoaded true!
11-21 20:25:34.483 4012 4012 D DecorView: semSetRoundedCorners: 5
11-21 20:25:34.498 4012 4012 D DecorView: semSetRoundedCorners: 5
11-21 20:25:34.514 4012 4012 D DecorView: semSetRoundedCorners: 5
11-21 20:25:34.531 4012 4012 D DecorView: semSetRoundedCorners: 5
11-21 20:25:34.547 4012 4012 D DecorView: semSetRoundedCorners: 5
11-21 20:25:34.565 4012 4012 D DecorView: semSetRoundedCorners: 5
11-21 20:25:34.582 4012 4012 D DecorView: semSetRoundedCorners: 5
11-21 20:25:34.598 4012 4012 D DecorView: semSetRoundedCorners: 5
11-21 20:25:34.615 4012 4012 D DecorView: semSetRoundedCorners: 5
11-21 20:25:34.631 4012 4012 D DecorView: semSetRoundedCorners: 5
11-21 20:25:34.648 4012 4012 D DecorView: semSetRoundedCorners: 5
11-21 20:25:34.666 4012 4012 D DecorView: semSetRoundedCorners: 5
11-21 20:25:34.683 4012 4012 D DecorView: semSetRoundedCorners: 5
11-21 20:25:34.698 4012 4012 D DecorView: semSetRoundedCorners: 5
11-21 20:25:34.716 4012 4012 D DecorView: semSetRoundedCorners: 5
11-21 20:25:34.731 4012 4012 D DecorView: semSetRoundedCorners: 5
11-21 20:25:34.750 4012 4012 D DecorView: semSetRoundedCorners: 5
11-21 20:25:34.766 4012 4012 D DecorView: semSetRoundedCorners: 5
11-21 20:25:34.785 4012 4012 D DecorView: semSetRoundedCorners: 5
11-21 20:25:34.801 4012 4012 D DecorView: semSetRoundedCorners: 5
11-21 20:25:34.816 4012 4012 D DecorView: semSetRoundedCorners: 5
11-21 20:25:34.832 4012 4012 D DecorView: semSetRoundedCorners: 5
11-21 20:25:34.851 4012 4012 D DecorView: semSetRoundedCorners: 5
11-21 20:25:34.867 4012 4012 D DecorView: semSetRoundedCorners: 5
11-21 20:25:34.883 4012 4012 D DecorView: semSetRoundedCorners: 5
11-21 20:25:34.898 4012 4012 D DecorView: semSetRoundedCorners: 5
11-21 20:25:34.915 4012 4012 D DecorView: semSetRoundedCorners: 5
11-21 20:25:34.933 4012 4012 D DecorView: semSetRoundedCorners: 5
11-21 20:25:34.949 4012 4012 D DecorView: semSetRoundedCorners: 5
11-21 20:25:34.965 4012 4012 D DecorView: semSetRoundedCorners: 5
11-21 20:25:34.984 4012 4012 D DecorView: semSetRoundedCorners: 5
11-21 20:25:34.999 4012 4012 D DecorView: semSetRoundedCorners: 5
11-21 20:25:35.016 4012 4012 D DecorView: semSetRoundedCorners: 5
11-21 20:25:35.032 4012 4012 D DecorView: semSetRoundedCorners: 5
11-21 20:25:35.049 4012 4012 D DecorView: semSetRoundedCorners: 5
11-21 20:25:35.066 4012 4012 D DecorView: semSetRoundedCorners: 5
11-21 20:25:35.084 4012 4012 D DecorView: semSetRoundedCorners: 5
11-21 20:25:35.099 4012 4012 D DecorView: semSetRoundedCorners: 5
11-21 20:25:35.116 4012 4012 D DecorView: semSetRoundedCorners: 5
11-21 20:25:35.133 4012 4012 D DecorView: semSetRoundedCorners: 5
11-21 20:25:35.149 4012 4012 D DecorView: semSetRoundedCorners: 5
11-21 20:25:35.166 4012 4012 D DecorView: semSetRoundedCorners: 5
11-21 20:25:35.184 4012 4012 D DecorView: semSetRoundedCorners: 5
11-21 20:25:35.199 4012 4012 D DecorView: semSetRoundedCorners: 5
11-21 20:25:35.216 4012 4012 D DecorView: semSetRoundedCorners: 5
11-21 20:25:35.220 4012 5465 I AXL : RPC: ScrSetPlayerColor
11-21 20:25:35.232 4012 4012 D DecorView: semSetRoundedCorners: 5
11-21 20:25:35.254 4012 5465 I AXL : RPC: WorldVehicleAdd
11-21 20:25:35.254 4012 5465 I AXL : [IsModelLoaded] iModelID: 546
11-21 20:25:35.254 4012 5465 I AXL : IsModelLoaded false!
11-21 20:25:35.254 4012 5465 I AXL : Warning: car model not preloaded. 546
11-21 20:25:35.254 4012 5465 I AXL : RequestModel
11-21 20:25:35.254 4012 5465 I AXL : RequestModel done!
11-21 20:25:35.254 4012 5465 I AXL : LoadRequestedModels
11-21 20:25:35.254 4012 4012 D DecorView: semSetRoundedCorners: 5
11-21 20:25:35.266 4012 4012 D DecorView: semSetRoundedCorners: 5
11-21 20:25:35.270 4012 5465 I AXL : LoadRequestedModels done!
11-21 20:25:35.270 4012 5465 I AXL : [IsModelLoaded] iModelID: 546
11-21 20:25:35.270 4012 5465 I AXL : IsModelLoaded true!
11-21 20:25:35.270 4012 5465 I AXL : Car model was preloaded. 546
11-21 20:25:35.271 4012 5465 I AXL : RPC: WorldVehicleAdd,
NewVehicle.iVehicleType: 546
11-21 20:25:35.271 4012 5465 I AXL : [IsModelLoaded] iModelID: 1010
11-21 20:25:35.271 4012 5465 I AXL : IsModelLoaded true!
11-21 20:25:35.277 4012 5465 I AXL : [IsModelLoaded] iModelID: 1083
11-21 20:25:35.277 4012 5465 I AXL : IsModelLoaded true!
11-21 20:25:35.279 4012 5465 I AXL : [IsModelLoaded] iModelID: 1087
11-21 20:25:35.279 4012 5465 I AXL : IsModelLoaded true!
11-21 20:25:35.279 4012 5465 I AXL : RPC: ScrNumberPlate
11-21 20:25:35.279 4012 5465 I AXL : RPC: ScrVehicleParamsEx
11-21 20:25:35.279 4012 5465 I AXL : RPC_CUSTOM_HANDLING
11-21 20:25:35.279 4012 5465 I AXL : copy handling 106
11-21 20:25:35.279 4012 5465 I AXL : RPC_CUSTOM_VISUALS
11-21 20:25:35.279 4012 5465 I AXL : RPC_CUSTOM_BODYWORK
11-21 20:25:35.280 4012 5465 I AXL : RPC: WorldVehicleAdd
11-21 20:25:35.280 4012 5465 I AXL : [IsModelLoaded] iModelID: 409
11-21 20:25:35.280 4012 5465 I AXL : IsModelLoaded false!
11-21 20:25:35.280 4012 5465 I AXL : Warning: car model not preloaded. 409
11-21 20:25:35.280 4012 5465 I AXL : RequestModel
11-21 20:25:35.280 4012 5465 I AXL : RequestModel done!
11-21 20:25:35.280 4012 5465 I AXL : LoadRequestedModels
11-21 20:25:35.313 4012 5465 I AXL : LoadRequestedModels done!
11-21 20:25:35.313 4012 5465 I AXL : [IsModelLoaded] iModelID: 409
11-21 20:25:35.313 4012 5465 I AXL : IsModelLoaded true!
11-21 20:25:35.313 4012 5465 I AXL : Car model was preloaded. 409
11-21 20:25:35.314 4012 5465 I AXL : RPC: WorldVehicleAdd,
NewVehicle.iVehicleType: 409
11-21 20:25:35.314 4012 5465 I AXL : [IsModelLoaded] iModelID: 1010
11-21 20:25:35.314 4012 5465 I AXL : IsModelLoaded true!
11-21 20:25:35.314 4012 5465 I AXL : [IsModelLoaded] iModelID: 1085
11-21 20:25:35.314 4012 5465 I AXL : IsModelLoaded true!
11-21 20:25:35.314 4012 5465 I AXL : [IsModelLoaded] iModelID: 1087
11-21 20:25:35.314 4012 5465 I AXL : IsModelLoaded true!
11-21 20:25:35.314 4012 5465 I AXL : RPC: ScrNumberPlate
11-21 20:25:35.314 4012 5465 I AXL : RPC: ScrVehicleParamsEx
11-21 20:25:35.314 4012 5465 I AXL : RPC_CUSTOM_HANDLING
11-21 20:25:35.314 4012 5465 I AXL : copy handling 9
11-21 20:25:35.314 4012 5465 I AXL : RPC_CUSTOM_VISUALS
11-21 20:25:35.314 4012 5465 I AXL : RPC_CUSTOM_BODYWORK
11-21 20:25:35.317 4012 4012 I ViewRootImpl@fb83006[GTASA]: ViewPostIme pointer 1
11-21 20:25:35.332 4012 4012 D DecorView: semSetRoundedCorners: 5
11-21 20:25:35.351 4012 4012 D DecorView: semSetRoundedCorners: 5
11-21 20:25:35.356 4012 4012 I ViewRootImpl@fb83006[GTASA]: ViewPostIme pointer 0
11-21 20:25:35.367 4012 4012 D DecorView: semSetRoundedCorners: 5
11-21 20:25:35.383 4012 4012 D DecorView: semSetRoundedCorners: 5
11-21 20:25:35.399 4012 4012 D DecorView: semSetRoundedCorners: 5
11-21 20:25:35.416 4012 4012 D DecorView: semSetRoundedCorners: 5
11-21 20:25:35.433 4012 4012 D DecorView: semSetRoundedCorners: 5
11-21 20:25:35.450 4012 4012 D DecorView: semSetRoundedCorners: 5
11-21 20:25:35.466 4012 4012 D DecorView: semSetRoundedCorners: 5
11-21 20:25:35.484 4012 4012 D DecorView: semSetRoundedCorners: 5
11-21 20:25:35.500 4012 4012 D DecorView: semSetRoundedCorners: 5
11-21 20:25:35.514 4012 5465 I AXL : RPC: ScrSetPlayerColor
11-21 20:25:35.516 4012 4012 D DecorView: semSetRoundedCorners: 5
11-21 20:25:35.531 4012 5465 I AXL : RPC: ScrSetPlayerColor
11-21 20:25:35.533 4012 4012 D DecorView: semSetRoundedCorners: 5
11-21 20:25:35.550 4012 4012 D DecorView: semSetRoundedCorners: 5
11-21 20:25:35.567 4012 4012 D DecorView: semSetRoundedCorners: 5
11-21 20:25:35.584 4012 4012 D DecorView: semSetRoundedCorners: 5
11-21 20:25:35.600 4012 4012 D DecorView: semSetRoundedCorners: 5
11-21 20:25:35.619 4012 4012 D DecorView: semSetRoundedCorners: 5
11-21 20:25:35.631 4012 5465 I AXL : RPC: ScrSetPlayerColor
11-21 20:25:35.634 4012 4012 D DecorView: semSetRoundedCorners: 5
11-21 20:25:35.650 4012 4012 D DecorView: semSetRoundedCorners: 5
11-21 20:25:35.666 4012 4012 D DecorView: semSetRoundedCorners: 5
11-21 20:25:35.684 4012 4012 D DecorView: semSetRoundedCorners: 5
11-21 20:25:35.700 4012 4012 D DecorView: semSetRoundedCorners: 5
11-21 20:25:35.716 4012 5465 I AXL : RPC: ScrSetMapIcon
11-21 20:25:35.717 4012 4012 D DecorView: semSetRoundedCorners: 5
11-21 20:25:35.734 4012 4012 D DecorView: semSetRoundedCorners: 5
11-21 20:25:35.750 4012 4012 D DecorView: semSetRoundedCorners: 5
11-21 20:25:35.767 4012 4012 D DecorView: semSetRoundedCorners: 5
11-21 20:25:35.784 4012 4012 D DecorView: semSetRoundedCorners: 5
11-21 20:25:35.800 4012 4012 D DecorView: semSetRoundedCorners: 5
11-21 20:25:35.817 4012 4012 D DecorView: semSetRoundedCorners: 5
11-21 20:25:35.836 4012 4012 D DecorView: semSetRoundedCorners: 5
11-21 20:25:35.852 4012 4012 D DecorView: semSetRoundedCorners: 5
11-21 20:25:35.868 4012 4012 D DecorView: semSetRoundedCorners: 5
11-21 20:25:35.884 4012 4012 D DecorView: semSetRoundedCorners: 5
11-21 20:25:35.904 4012 4012 D DecorView: semSetRoundedCorners: 5
11-21 20:25:35.918 4012 4012 D DecorView: semSetRoundedCorners: 5
11-21 20:25:35.935 4012 4012 D DecorView: semSetRoundedCorners: 5
11-21 20:25:35.951 4012 4012 D DecorView: semSetRoundedCorners: 5
11-21 20:25:35.975 4012 4012 D DecorView: semSetRoundedCorners: 5
11-21 20:25:35.985 4012 4012 D DecorView: semSetRoundedCorners: 5
11-21 20:25:36.002 4012 4012 D DecorView: semSetRoundedCorners: 5
11-21 20:25:36.019 4012 4012 D DecorView: semSetRoundedCorners: 5
11-21 20:25:36.036 4012 4012 D DecorView: semSetRoundedCorners: 5
11-21 20:25:36.052 4012 4012 D DecorView: semSetRoundedCorners: 5
11-21 20:25:36.069 4012 4012 D DecorView: semSetRoundedCorners: 5
11-21 20:25:36.086 4012 4012 D DecorView: semSetRoundedCorners: 5
