11-21 20:25:16.238 4012 4012 D DecorView: semSetRoundedCorners: 5
11-21 20:25:16.246 4012 4012 D InsetsSourceConsumer: setRequestedVisible:
visible=false, type=13, host=ru.stepdev.crimemobile/com.rockstargames.gtagrp.GTASA,
from=android.view.InsetsSourceConsumer.hide:236
android.view.ImeInsetsSourceConsumer.hide:101
android.view.InsetsController.hideDirectly:1430
android.view.InsetsController.controlAnimationUnchecked:1112
android.view.InsetsController.applyAnimation:1417
android.view.InsetsController.hide:984
android.view.ViewRootImpl$ViewRootHandler.handleMessage:6150
android.os.Handler.dispatchMessage:106 android.os.Looper.loop:246
android.app.ActivityThread.main:8653
11-21 20:25:16.247 4012 4012 W IInputConnectionWrapper: requestCursorAnchorInfo
on inactive InputConnection
11-21 20:25:16.269 4012 5465 I AXL : RPC: ScrPlaySound
11-21 20:25:16.269 4012 5465 I AXL : RPC: ScrVehicleParamsEx
11-21 20:25:16.269 4012 5465 I AXL : RPC: ScrDisplayGameText
11-21 20:25:16.274 4012 4012 D DecorView: semSetRoundedCorners: 5
11-21 20:25:16.279 4012 4012 I ViewRootImpl@1f5c19f[PopupWindow:6510ac0]:
MSG_RESIZED: frame=(76,0,76,1080) ci=(0,0,0,0) vi=(0,0,0,0) or=2
11-21 20:25:16.279 4012 4012 I ViewRootImpl@1f5c19f[PopupWindow:6510ac0]: 1)
Force to draw a frame when frame become empty from non-empty
11-21 20:25:16.295 4012 4012 I SurfaceControl: nativeRelease nativeObject
s[2385298032]
11-21 20:25:16.295 4012 4012 I SurfaceControl: nativeRelease nativeObject
e[2385298032]
11-21 20:25:16.295 4012 4012 I SurfaceControl: assignNativeObject: nativeObject =
0 Surface(name=null)/@0x12bb816 / android.view.SurfaceControl.readFromParcel:1117
android.view.IWindowSession$Stub$Proxy.relayout:1820
android.view.ViewRootImpl.relayoutWindow:9005
android.view.ViewRootImpl.performTraversals:3360
android.view.ViewRootImpl.doTraversal:2618
android.view.ViewRootImpl$TraversalRunnable.run:9971
android.view.Choreographer$CallbackRecord.run:1010
android.view.Choreographer.doCallbacks:809 android.view.Choreographer.doFrame:744
android.view.Choreographer$FrameDisplayEventReceiver.run:995
11-21 20:25:16.296 4012 4012 I ViewRootImpl@1f5c19f[PopupWindow:6510ac0]:
Relayout returned: old=(76,0,76,1080) new=(76,0,76,1080) req=(0,1080)0 dur=6
res=0x21 s={true 3848448032} ch=false fn=13
11-21 20:25:16.297 4012 4012 I ViewRootImpl@1f5c19f[PopupWindow:6510ac0]: Force
to draw even when frame is empty
11-21 20:25:16.317 4012 4012 D DecorView: semSetRoundedCorners: 5
11-21 20:25:16.333 4012 4012 D DecorView: semSetRoundedCorners: 5
11-21 20:25:16.342 4012 4012 D DecorView: semSetRoundedCorners: 5
11-21 20:25:16.357 4012 4012 D DecorView: semSetRoundedCorners: 5
11-21 20:25:16.363 4012 5465 I AXL : Removing from vehicle..
11-21 20:25:16.363 4012 5465 I AXL : Setting flag state..
11-21 20:25:16.363 4012 5465 I AXL : Calling destructor..
11-21 20:25:16.363 4012 5465 I AXL : PlayerPed Destroyed
11-21 20:25:16.374 4012 4012 D DecorView: semSetRoundedCorners: 5
11-21 20:25:16.393 4012 4012 D DecorView: semSetRoundedCorners: 5
11-21 20:25:16.409 4012 4012 D DecorView: semSetRoundedCorners: 5
11-21 20:25:16.424 4012 4012 D DecorView: semSetRoundedCorners: 5
11-21 20:25:16.442 4012 4012 D DecorView: semSetRoundedCorners: 5
11-21 20:25:16.453 4012 5437 I SurfaceControl: nativeRelease nativeObject
s[2385312992]
11-21 20:25:16.453 4012 5437 I SurfaceControl: nativeRelease nativeObject
e[2385312992]
11-21 20:25:16.457 4012 4012 D DecorView: semSetRoundedCorners: 5
11-21 20:25:16.475 4012 4012 D DecorView: semSetRoundedCorners: 5
11-21 20:25:16.495 4012 4012 D DecorView: semSetRoundedCorners: 5
11-21 20:25:16.506 4012 4012 D DecorView: semSetRoundedCorners: 5
11-21 20:25:16.527 4012 4012 D DecorView: semSetRoundedCorners: 5
11-21 20:25:16.543 4012 4012 D DecorView: semSetRoundedCorners: 5
11-21 20:25:16.557 4012 4012 D DecorView: semSetRoundedCorners: 5
11-21 20:25:16.576 4012 4012 D DecorView: semSetRoundedCorners: 5
11-21 20:25:16.593 4012 4012 D DecorView: semSetRoundedCorners: 5
11-21 20:25:16.604 4012 4012 D DecorView: semSetRoundedCorners: 5
11-21 20:25:16.627 4012 4012 D DecorView: semSetRoundedCorners: 5
11-21 20:25:16.638 4012 4012 D DecorView: semSetRoundedCorners: 5
11-21 20:25:16.660 4012 4012 D DecorView: semSetRoundedCorners: 5
11-21 20:25:16.679 4012 4012 D DecorView: semSetRoundedCorners: 5
11-21 20:25:16.692 4012 4012 D DecorView: semSetRoundedCorners: 5
11-21 20:25:16.708 4012 4012 D DecorView: semSetRoundedCorners: 5
11-21 20:25:16.722 4012 4012 D DecorView: semSetRoundedCorners: 5
11-21 20:25:16.738 4012 4012 D DecorView: semSetRoundedCorners: 5
11-21 20:25:16.755 4012 4012 D DecorView: semSetRoundedCorners: 5
11-21 20:25:16.771 4012 4012 D DecorView: semSetRoundedCorners: 5
11-21 20:25:16.792 4012 4012 D DecorView: semSetRoundedCorners: 5
11-21 20:25:16.805 4012 4012 D DecorView: semSetRoundedCorners: 5
11-21 20:25:16.821 4012 4012 D DecorView: semSetRoundedCorners: 5
11-21 20:25:16.838 4012 4012 D DecorView: semSetRoundedCorners: 5
11-21 20:25:16.860 4012 4012 D DecorView: semSetRoundedCorners: 5
11-21 20:25:16.878 4012 4012 D DecorView: semSetRoundedCorners: 5
11-21 20:25:16.888 4012 4012 D DecorView: semSetRoundedCorners: 5
11-21 20:25:16.909 4012 4012 D DecorView: semSetRoundedCorners: 5
11-21 20:25:16.914 4012 4012 I ViewRootImpl@fb83006[GTASA]: ViewPostIme pointer 0
11-21 20:25:16.927 4012 4012 D DecorView: semSetRoundedCorners: 5
11-21 20:25:16.945 4012 4012 D DecorView: semSetRoundedCorners: 5
11-21 20:25:16.959 4012 4012 D DecorView: semSetRoundedCorners: 5
11-21 20:25:16.977 4012 4012 D DecorView: semSetRoundedCorners: 5
11-21 20:25:16.994 4012 4012 D DecorView: semSetRoundedCorners: 5
11-21 20:25:17.009 4012 4012 D DecorView: semSetRoundedCorners: 5
11-21 20:25:17.027 4012 4012 D DecorView: semSetRoundedCorners: 5
11-21 20:25:17.045 4012 4012 D DecorView: semSetRoundedCorners: 5
11-21 20:25:17.056 4012 4012 D DecorView: semSetRoundedCorners: 5
11-21 20:25:17.077 4012 4012 D DecorView: semSetRoundedCorners: 5
11-21 20:25:17.093 4012 4012 D DecorView: semSetRoundedCorners: 5
11-21 20:25:17.110 4012 4012 D DecorView: semSetRoundedCorners: 5
11-21 20:25:17.126 4012 4012 D DecorView: semSetRoundedCorners: 5
11-21 20:25:17.144 4012 4012 D DecorView: semSetRoundedCorners: 5
11-21 20:25:17.160 4012 4012 D DecorView: semSetRoundedCorners: 5
11-21 20:25:17.176 4012 4012 D DecorView: semSetRoundedCorners: 5
11-21 20:25:17.193 4012 4012 D DecorView: semSetRoundedCorners: 5
11-21 20:25:17.209 4012 4012 D DecorView: semSetRoundedCorners: 5
11-21 20:25:17.227 4012 4012 D DecorView: semSetRoundedCorners: 5
11-21 20:25:17.245 4012 4012 D DecorView: semSetRoundedCorners: 5
11-21 20:25:17.260 4012 4012 D DecorView: semSetRoundedCorners: 5
11-21 20:25:17.278 4012 4012 D DecorView: semSetRoundedCorners: 5
11-21 20:25:17.294 4012 4012 D DecorView: semSetRoundedCorners: 5
11-21 20:25:17.311 4012 4012 D DecorView: semSetRoundedCorners: 5
11-21 20:25:17.326 4012 4012 D DecorView: semSetRoundedCorners: 5
11-21 20:25:17.344 4012 4012 D DecorView: semSetRoundedCorners: 5
11-21 20:25:17.361 4012 4012 D DecorView: semSetRoundedCorners: 5
11-21 20:25:17.376 4012 4012 D DecorView: semSetRoundedCorners: 5
11-21 20:25:17.392 4012 4012 D DecorView: semSetRoundedCorners: 5
11-21 20:25:17.410 4012 4012 D DecorView: semSetRoundedCorners: 5
11-21 20:25:17.427 4012 4012 D DecorView: semSetRoundedCorners: 5
11-21 20:25:17.444 4012 4012 D DecorView: semSetRoundedCorners: 5
11-21 20:25:17.460 4012 4012 D DecorView: semSetRoundedCorners: 5
11-21 20:25:17.476 4012 4012 D DecorView: semSetRoundedCorners: 5
11-21 20:25:17.494 4012 4012 D DecorView: semSetRoundedCorners: 5
11-21 20:25:17.510 4012 4012 D DecorView: semSetRoundedCorners: 5
11-21 20:25:17.527 4012 4012 D DecorView: semSetRoundedCorners: 5
11-21 20:25:17.544 4012 4012 D DecorView: semSetRoundedCorners: 5
11-21 20:25:17.559 4012 4012 D DecorView: semSetRoundedCorners: 5
11-21 20:25:17.576 4012 4012 D DecorView: semSetRoundedCorners: 5
11-21 20:25:17.592 4012 4012 D DecorView: semSetRoundedCorners: 5
11-21 20:25:17.611 4012 4012 D DecorView: semSetRoundedCorners: 5
11-21 20:25:17.628 4012 4012 D DecorView: semSetRoundedCorners: 5
11-21 20:25:17.646 4012 4012 D DecorView: semSetRoundedCorners: 5
11-21 20:25:17.662 4012 4012 D DecorView: semSetRoundedCorners: 5
11-21 20:25:17.677 4012 4012 D DecorView: semSetRoundedCorners: 5
11-21 20:25:17.694 4012 4012 D DecorView: semSetRoundedCorners: 5
11-21 20:25:17.711 4012 4012 D DecorView: semSetRoundedCorners: 5
11-21 20:25:17.727 4012 4012 D DecorView: semSetRoundedCorners: 5
11-21 20:25:17.746 4012 4012 D DecorView: semSetRoundedCorners: 5
11-21 20:25:17.763 4012 4012 D DecorView: semSetRoundedCorners: 5
11-21 20:25:17.779 4012 4012 D DecorView: semSetRoundedCorners: 5
11-21 20:25:17.792 4012 4012 D DecorView: semSetRoundedCorners: 5
11-21 20:25:17.810 4012 4012 D DecorView: semSetRoundedCorners: 5
11-21 20:25:17.827 4012 4012 D DecorView: semSetRoundedCorners: 5
11-21 20:25:17.845 4012 4012 D DecorView: semSetRoundedCorners: 5
11-21 20:25:17.846 4012 4012 I ViewRootImpl@fb83006[GTASA]: ViewPostIme pointer 1
11-21 20:25:17.859 4012 4012 D DecorView: semSetRoundedCorners: 5
11-21 20:25:17.875 4012 4012 D DecorView: semSetRoundedCorners: 5
11-21 20:25:17.894 4012 4012 D DecorView: semSetRoundedCorners: 5
11-21 20:25:17.910 4012 4012 D DecorView: semSetRoundedCorners: 5
11-21 20:25:17.926 4012 4012 D DecorView: semSetRoundedCorners: 5
11-21 20:25:17.944 4012 4012 D DecorView: semSetRoundedCorners: 5
11-21 20:25:17.958 4012 4012 D DecorView: semSetRoundedCorners: 5
11-21 20:25:17.975 4012 4012 D DecorView: semSetRoundedCorners: 5
11-21 20:25:17.982 4012 5465 I AXL : RPC: ScrSetPlayerColor
11-21 20:25:17.993 4012 4012 D DecorView: semSetRoundedCorners: 5
11-21 20:25:18.010 4012 4012 D DecorView: semSetRoundedCorners: 5
11-21 20:25:18.027 4012 4012 D DecorView: semSetRoundedCorners: 5
11-21 20:25:18.044 4012 4012 D DecorView: semSetRoundedCorners: 5
11-21 20:25:18.060 4012 4012 D DecorView: semSetRoundedCorners: 5
11-21 20:25:18.075 4012 4012 D DecorView: semSetRoundedCorners: 5
11-21 20:25:18.093 4012 4012 D DecorView: semSetRoundedCorners: 5
11-21 20:25:18.110 4012 4012 D DecorView: semSetRoundedCorners: 5
11-21 20:25:18.126 4012 4012 D DecorView: semSetRoundedCorners: 5
11-21 20:25:18.143 4012 4012 D DecorView: semSetRoundedCorners: 5
11-21 20:25:18.159 4012 4012 D DecorView: semSetRoundedCorners: 5
11-21 20:25:18.176 4012 4012 D DecorView: semSetRoundedCorners: 5
11-21 20:25:18.192 4012 4012 D DecorView: semSetRoundedCorners: 5
11-21 20:25:18.209 4012 4012 D DecorView: semSetRoundedCorners: 5
11-21 20:25:18.226 4012 4012 D DecorView: semSetRoundedCorners: 5
11-21 20:25:18.244 4012 4012 D DecorView: semSetRoundedCorners: 5
11-21 20:25:18.259 4012 4012 D DecorView: semSetRoundedCorners: 5
11-21 20:25:18.276 4012 4012 D DecorView: semSetRoundedCorners: 5
11-21 20:25:18.293 4012 4012 D DecorView: semSetRoundedCorners: 5
11-21 20:25:18.309 4012 4012 D DecorView: semSetRoundedCorners: 5
11-21 20:25:18.329 4012 4012 D DecorView: semSetRoundedCorners: 5
11-21 20:25:18.344 4012 4012 D DecorView: semSetRoundedCorners: 5
11-21 20:25:18.359 4012 4012 D DecorView: semSetRoundedCorners: 5
11-21 20:25:18.376 4012 4012 D DecorView: semSetRoundedCorners: 5
11-21 20:25:18.393 4012 4012 D DecorView: semSetRoundedCorners: 5
11-21 20:25:18.410 4012 4012 D DecorView: semSetRoundedCorners: 5
11-21 20:25:18.426 4012 4012 D DecorView: semSetRoundedCorners: 5
11-21 20:25:18.443 4012 4012 D DecorView: semSetRoundedCorners: 5
11-21 20:25:18.460 4012 4012 D DecorView: semSetRoundedCorners: 5
11-21 20:25:18.476 4012 4012 D DecorView: semSetRoundedCorners: 5
11-21 20:25:18.493 4012 4012 D DecorView: semSetRoundedCorners: 5
11-21 20:25:18.510 4012 4012 D DecorView: semSetRoundedCorners: 5
11-21 20:25:18.527 4012 4012 D DecorView: semSetRoundedCorners: 5
11-21 20:25:18.543 4012 4012 D DecorView: semSetRoundedCorners: 5
11-21 20:25:18.560 4012 4012 D DecorView: semSetRoundedCorners: 5
11-21 20:25:18.577 4012 4012 D DecorView: semSetRoundedCorners: 5
11-21 20:25:18.594 4012 4012 D DecorView: semSetRoundedCorners: 5
11-21 20:25:18.610 4012 4012 D DecorView: semSetRoundedCorners: 5
11-21 20:25:18.627 4012 4012 D DecorView: semSetRoundedCorners: 5
11-21 20:25:18.644 4012 4012 D DecorView: semSetRoundedCorners: 5
11-21 20:25:18.661 4012 4012 D DecorView: semSetRoundedCorners: 5
11-21 20:25:18.677 4012 4012 D DecorView: semSetRoundedCorners: 5
11-21 20:25:18.694 4012 4012 D DecorView: semSetRoundedCorners: 5
11-21 20:25:18.711 4012 4012 D DecorView: semSetRoundedCorners: 5
11-21 20:25:18.727 4012 4012 D DecorView: semSetRoundedCorners: 5
11-21 20:25:18.744 4012 4012 D DecorView: semSetRoundedCorners: 5
11-21 20:25:18.761 4012 4012 D DecorView: semSetRoundedCorners: 5
11-21 20:25:18.778 4012 4012 D DecorView: semSetRoundedCorners: 5
11-21 20:25:18.794 4012 4012 D DecorView: semSetRoundedCorners: 5
11-21 20:25:18.811 4012 4012 D DecorView: semSetRoundedCorners: 5
11-21 20:25:18.828 4012 4012 D DecorView: semSetRoundedCorners: 5
11-21 20:25:18.844 4012 4012 D DecorView: semSetRoundedCorners: 5
11-21 20:25:18.861 4012 4012 D DecorView: semSetRoundedCorners: 5
11-21 20:25:18.878 4012 4012 D DecorView: semSetRoundedCorners: 5
11-21 20:25:18.895 4012 4012 D DecorView: semSetRoundedCorners: 5
11-21 20:25:18.911 4012 4012 D DecorView: semSetRoundedCorners: 5
11-21 20:25:18.928 4012 4012 D DecorView: semSetRoundedCorners: 5
11-21 20:25:18.945 4012 4012 D DecorView: semSetRoundedCorners: 5
11-21 20:25:18.961 4012 4012 D DecorView: semSetRoundedCorners: 5
11-21 20:25:18.978 4012 4012 D DecorView: semSetRoundedCorners: 5
11-21 20:25:18.995 4012 4012 D DecorView: semSetRoundedCorners: 5
11-21 20:25:19.012 4012 4012 D DecorView: semSetRoundedCorners: 5
11-21 20:25:19.028 4012 4012 D DecorView: semSetRoundedCorners: 5
11-21 20:25:19.045 4012 4012 D DecorView: semSetRoundedCorners: 5
11-21 20:25:19.062 4012 4012 D DecorView: semSetRoundedCorners: 5
11-21 20:25:19.079 4012 4012 D DecorView: semSetRoundedCorners: 5
11-21 20:25:19.095 4012 4012 D DecorView: semSetRoundedCorners: 5
11-21 20:25:19.112 4012 4012 D DecorView: semSetRoundedCorners: 5
11-21 20:25:19.129 4012 4012 D DecorView: semSetRoundedCorners: 5
11-21 20:25:19.145 4012 4012 D DecorView: semSetRoundedCorners: 5
11-21 20:25:19.162 4012 4012 D DecorView: semSetRoundedCorners: 5
11-21 20:25:19.179 4012 4012 D DecorView: semSetRoundedCorners: 5
11-21 20:25:19.195 4012 4012 D DecorView: semSetRoundedCorners: 5
11-21 20:25:19.212 4012 4012 D DecorView: semSetRoundedCorners: 5
11-21 20:25:19.229 4012 4012 D DecorView: semSetRoundedCorners: 5
11-21 20:25:19.246 4012 4012 D DecorView: semSetRoundedCorners: 5
11-21 20:25:19.263 4012 4012 D DecorView: semSetRoundedCorners: 5
11-21 20:25:19.279 4012 4012 D DecorView: semSetRoundedCorners: 5
11-21 20:25:19.296 4012 4012 D DecorView: semSetRoundedCorners: 5
11-21 20:25:19.313 4012 4012 D DecorView: semSetRoundedCorners: 5
11-21 20:25:19.329 4012 4012 D DecorView: semSetRoundedCorners: 5
11-21 20:25:19.346 4012 4012 D DecorView: semSetRoundedCorners: 5
11-21 20:25:19.363 4012 4012 D DecorView: semSetRoundedCorners: 5
11-21 20:25:19.379 4012 4012 D DecorView: semSetRoundedCorners: 5
11-21 20:25:19.396 4012 4012 D DecorView: semSetRoundedCorners: 5
11-21 20:25:19.413 4012 4012 D DecorView: semSetRoundedCorners: 5
11-21 20:25:19.430 4012 4012 D DecorView: semSetRoundedCorners: 5
11-21 20:25:19.446 4012 4012 D DecorView: semSetRoundedCorners: 5
11-21 20:25:19.469 4012 4012 D DecorView: semSetRoundedCorners: 5
11-21 20:25:19.480 4012 4012 D DecorView: semSetRoundedCorners: 5
11-21 20:25:19.497 4012 4012 D DecorView: semSetRoundedCorners: 5
11-21 20:25:19.513 4012 4012 D DecorView: semSetRoundedCorners: 5
11-21 20:25:19.530 4012 4012 D DecorView: semSetRoundedCorners: 5
11-21 20:25:19.547 4012 4012 D DecorView: semSetRoundedCorners: 5
11-21 20:25:19.563 4012 4012 D DecorView: semSetRoundedCorners: 5
11-21 20:25:19.580 4012 4012 D DecorView: semSetRoundedCorners: 5
11-21 20:25:19.597 4012 4012 D DecorView: semSetRoundedCorners: 5
11-21 20:25:19.614 4012 4012 D DecorView: semSetRoundedCorners: 5
11-21 20:25:19.630 4012 4012 D DecorView: semSetRoundedCorners: 5
11-21 20:25:19.647 4012 4012 D DecorView: semSetRoundedCorners: 5
11-21 20:25:19.664 4012 4012 D DecorView: semSetRoundedCorners: 5
11-21 20:25:19.680 4012 4012 D DecorView: semSetRoundedCorners: 5
11-21 20:25:19.697 4012 4012 D DecorView: semSetRoundedCorners: 5
11-21 20:25:19.714 4012 4012 D DecorView: semSetRoundedCorners: 5
11-21 20:25:19.731 4012 4012 D DecorView: semSetRoundedCorners: 5
11-21 20:25:19.747 4012 4012 D DecorView: semSetRoundedCorners: 5
11-21 20:25:19.764 4012 4012 D DecorView: semSetRoundedCorners: 5
11-21 20:25:19.781 4012 4012 D DecorView: semSetRoundedCorners: 5
11-21 20:25:19.797 4012 4012 D DecorView: semSetRoundedCorners: 5
11-21 20:25:19.814 4012 4012 D DecorView: semSetRoundedCorners: 5
11-21 20:25:19.831 4012 4012 D DecorView: semSetRoundedCorners: 5
11-21 20:25:19.833 4012 5465 I AXL : [CObject] InstantRotate
11-21 20:25:19.833 4012 5465 I AXL : [IsModelLoaded] iModelID: 283
11-21 20:25:19.833 4012 5465 I AXL : IsModelLoaded true!
11-21 20:25:19.833 4012 5465 I AXL : RPC: ScrSetPlayerColor
11-21 20:25:19.847 4012 4012 D DecorView: semSetRoundedCorners: 5
11-21 20:25:19.864 4012 4012 D DecorView: semSetRoundedCorners: 5
11-21 20:25:19.881 4012 4012 D DecorView: semSetRoundedCorners: 5
11-21 20:25:19.898 4012 4012 D DecorView: semSetRoundedCorners: 5
11-21 20:25:19.915 4012 4012 D DecorView: semSetRoundedCorners: 5
11-21 20:25:19.931 4012 4012 D DecorView: semSetRoundedCorners: 5
11-21 20:25:19.948 4012 4012 D DecorView: semSetRoundedCorners: 5
11-21 20:25:19.965 4012 4012 D DecorView: semSetRoundedCorners: 5
11-21 20:25:19.981 4012 4012 D DecorView: semSetRoundedCorners: 5
11-21 20:25:19.998 4012 4012 D DecorView: semSetRoundedCorners: 5
11-21 20:25:20.015 4012 4012 D DecorView: semSetRoundedCorners: 5
11-21 20:25:20.031 4012 4012 D DecorView: semSetRoundedCorners: 5
11-21 20:25:20.048 4012 4012 D DecorView: semSetRoundedCorners: 5
11-21 20:25:20.065 4012 4012 D DecorView: semSetRoundedCorners: 5
11-21 20:25:20.082 4012 4012 D DecorView: semSetRoundedCorners: 5
11-21 20:25:20.099 4012 4012 D DecorView: semSetRoundedCorners: 5
11-21 20:25:20.115 4012 4012 D DecorView: semSetRoundedCorners: 5
11-21 20:25:20.132 4012 4012 D DecorView: semSetRoundedCorners: 5
11-21 20:25:20.149 4012 4012 D DecorView: semSetRoundedCorners: 5
11-21 20:25:20.165 4012 4012 D DecorView: semSetRoundedCorners: 5
11-21 20:25:20.182 4012 4012 D DecorView: semSetRoundedCorners: 5
11-21 20:25:20.199 4012 4012 D DecorView: semSetRoundedCorners: 5
11-21 20:25:20.215 4012 4012 D DecorView: semSetRoundedCorners: 5
11-21 20:25:20.232 4012 4012 D DecorView: semSetRoundedCorners: 5
11-21 20:25:20.249 4012 4012 D DecorView: semSetRoundedCorners: 5
11-21 20:25:20.266 4012 4012 D DecorView: semSetRoundedCorners: 5
11-21 20:25:20.282 4012 4012 D DecorView: semSetRoundedCorners: 5
11-21 20:25:20.299 4012 4012 D DecorView: semSetRoundedCorners: 5
11-21 20:25:20.316 4012 4012 D DecorView: semSetRoundedCorners: 5
11-21 20:25:20.333 4012 4012 D DecorView: semSetRoundedCorners: 5
11-21 20:25:20.349 4012 4012 D DecorView: semSetRoundedCorners: 5
11-21 20:25:20.366 4012 4012 D DecorView: semSetRoundedCorners: 5
11-21 20:25:20.383 4012 4012 D DecorView: semSetRoundedCorners: 5
11-21 20:25:20.399 4012 4012 D DecorView: semSetRoundedCorners: 5
11-21 20:25:20.416 4012 4012 D DecorView: semSetRoundedCorners: 5
11-21 20:25:20.433 4012 4012 D DecorView: semSetRoundedCorners: 5
11-21 20:25:20.450 4012 4012 D DecorView: semSetRoundedCorners: 5
11-21 20:25:20.466 4012 4012 D DecorView: semSetRoundedCorners: 5
11-21 20:25:20.483 4012 4012 D DecorView: semSetRoundedCorners: 5
11-21 20:25:20.500 4012 4012 D DecorView: semSetRoundedCorners: 5
11-21 20:25:20.516 4012 4012 D DecorView: semSetRoundedCorners: 5
11-21 20:25:20.533 4012 4012 D DecorView: semSetRoundedCorners: 5
11-21 20:25:20.550 4012 4012 D DecorView: semSetRoundedCorners: 5
11-21 20:25:20.567 4012 4012 D DecorView: semSetRoundedCorners: 5
11-21 20:25:20.583 4012 4012 D DecorView: semSetRoundedCorners: 5
11-21 20:25:20.600 4012 4012 D DecorView: semSetRoundedCorners: 5
11-21 20:25:20.617 4012 4012 D DecorView: semSetRoundedCorners: 5
11-21 20:25:20.634 4012 4012 D DecorView: semSetRoundedCorners: 5
11-21 20:25:20.650 4012 4012 D DecorView: semSetRoundedCorners: 5
11-21 20:25:20.667 4012 4012 D DecorView: semSetRoundedCorners: 5
11-21 20:25:20.684 4012 4012 D DecorView: semSetRoundedCorners: 5
11-21 20:25:20.700 4012 4012 D DecorView: semSetRoundedCorners: 5
11-21 20:25:20.717 4012 4012 D DecorView: semSetRoundedCorners: 5
11-21 20:25:20.734 4012 4012 D DecorView: semSetRoundedCorners: 5
11-21 20:25:20.752 4012 4012 D DecorView: semSetRoundedCorners: 5
11-21 20:25:20.767 4012 4012 D DecorView: semSetRoundedCorners: 5
11-21 20:25:20.784 4012 4012 D DecorView: semSetRoundedCorners: 5
11-21 20:25:20.801 4012 4012 D DecorView: semSetRoundedCorners: 5
11-21 20:25:20.818 4012 4012 D DecorView: semSetRoundedCorners: 5
11-21 20:25:20.834 4012 4012 D DecorView: semSetRoundedCorners: 5
11-21 20:25:20.851 4012 4012 D DecorView: semSetRoundedCorners: 5
11-21 20:25:20.868 4012 4012 D DecorView: semSetRoundedCorners: 5
11-21 20:25:20.884 4012 4012 D DecorView: semSetRoundedCorners: 5
11-21 20:25:20.902 4012 4012 D DecorView: semSetRoundedCorners: 5
11-21 20:25:20.918 4012 4012 D DecorView: semSetRoundedCorners: 5
11-21 20:25:20.935 4012 4012 D DecorView: semSetRoundedCorners: 5
11-21 20:25:20.951 4012 4012 D DecorView: semSetRoundedCorners: 5
11-21 20:25:20.968 4012 4012 D DecorView: semSetRoundedCorners: 5
11-21 20:25:20.985 4012 4012 D DecorView: semSetRoundedCorners: 5
11-21 20:25:21.001 4012 4012 D DecorView: semSetRoundedCorners: 5
11-21 20:25:21.018 4012 4012 D DecorView: semSetRoundedCorners: 5
11-21 20:25:21.035 4012 4012 D DecorView: semSetRoundedCorners: 5
11-21 20:25:21.052 4012 4012 D DecorView: semSetRoundedCorners: 5
11-21 20:25:21.068 4012 4012 D DecorView: semSetRoundedCorners: 5
11-21 20:25:21.085 4012 4012 D DecorView: semSetRoundedCorners: 5
11-21 20:25:21.102 4012 4012 D DecorView: semSetRoundedCorners: 5
11-21 20:25:21.118 4012 4012 D DecorView: semSetRoundedCorners: 5
11-21 20:25:21.135 4012 4012 D DecorView: semSetRoundedCorners: 5
11-21 20:25:21.152 4012 4012 D DecorView: semSetRoundedCorners: 5
11-21 20:25:21.169 4012 4012 D DecorView: semSetRoundedCorners: 5
11-21 20:25:21.185 4012 4012 D DecorView: semSetRoundedCorners: 5
11-21 20:25:21.202 4012 4012 D DecorView: semSetRoundedCorners: 5
11-21 20:25:21.219 4012 4012 D DecorView: semSetRoundedCorners: 5
11-21 20:25:21.235 4012 4012 D DecorView: semSetRoundedCorners: 5
11-21 20:25:21.252 4012 4012 D DecorView: semSetRoundedCorners: 5
11-21 20:25:21.269 4012 4012 D DecorView: semSetRoundedCorners: 5
11-21 20:25:21.286 4012 4012 D DecorView: semSetRoundedCorners: 5
11-21 20:25:21.303 4012 4012 D DecorView: semSetRoundedCorners: 5
11-21 20:25:21.319 4012 4012 D DecorView: semSetRoundedCorners: 5
11-21 20:25:21.336 4012 4012 D DecorView: semSetRoundedCorners: 5
11-21 20:25:21.353 4012 4012 D DecorView: semSetRoundedCorners: 5
11-21 20:25:21.369 4012 4012 D DecorView: semSetRoundedCorners: 5
11-21 20:25:21.386 4012 4012 D DecorView: semSetRoundedCorners: 5
11-21 20:25:21.403 4012 4012 D DecorView: semSetRoundedCorners: 5
11-21 20:25:21.419 4012 4012 D DecorView: semSetRoundedCorners: 5
11-21 20:25:21.436 4012 4012 D DecorView: semSetRoundedCorners: 5
11-21 20:25:21.453 4012 4012 D DecorView: semSetRoundedCorners: 5
11-21 20:25:21.470 4012 4012 D DecorView: semSetRoundedCorners: 5
11-21 20:25:21.486 4012 4012 D DecorView: semSetRoundedCorners: 5
11-21 20:25:21.503 4012 4012 D DecorView: semSetRoundedCorners: 5
11-21 20:25:21.520 4012 4012 D DecorView: semSetRoundedCorners: 5
11-21 20:25:21.537 4012 4012 D DecorView: semSetRoundedCorners: 5
11-21 20:25:21.553 4012 4012 D DecorView: semSetRoundedCorners: 5
11-21 20:25:21.570 4012 4012 D DecorView: semSetRoundedCorners: 5
11-21 20:25:21.587 4012 4012 D DecorView: semSetRoundedCorners: 5
11-21 20:25:21.604 4012 4012 D DecorView: semSetRoundedCorners: 5
11-21 20:25:21.620 4012 4012 D DecorView: semSetRoundedCorners: 5
11-21 20:25:21.637 4012 4012 D DecorView: semSetRoundedCorners: 5
11-21 20:25:21.654 4012 4012 D DecorView: semSetRoundedCorners: 5
11-21 20:25:21.670 4012 4012 D DecorView: semSetRoundedCorners: 5
11-21 20:25:21.687 4012 4012 D DecorView: semSetRoundedCorners: 5
11-21 20:25:21.704 4012 4012 D DecorView: semSetRoundedCorners: 5
11-21 20:25:21.720 4012 4012 D DecorView: semSetRoundedCorners: 5
11-21 20:25:21.737 4012 4012 D DecorView: semSetRoundedCorners: 5
11-21 20:25:21.754 4012 4012 D DecorView: semSetRoundedCorners: 5
11-21 20:25:21.771 4012 4012 D DecorView: semSetRoundedCorners: 5
11-21 20:25:21.787 4012 4012 D DecorView: semSetRoundedCorners: 5
11-21 20:25:21.804 4012 4012 D DecorView: semSetRoundedCorners: 5
11-21 20:25:21.821 4012 4012 D DecorView: semSetRoundedCorners: 5
11-21 20:25:21.837 4012 4012 D DecorView: semSetRoundedCorners: 5
11-21 20:25:21.854 4012 4012 D DecorView: semSetRoundedCorners: 5
11-21 20:25:21.871 4012 4012 D DecorView: semSetRoundedCorners: 5
11-21 20:25:21.888 4012 4012 D DecorView: semSetRoundedCorners: 5
11-21 20:25:21.904 4012 4012 D DecorView: semSetRoundedCorners: 5
11-21 20:25:21.910 4012 4012 I ViewRootImpl@fb83006[GTASA]: ViewPostIme pointer 0
11-21 20:25:21.921 4012 4012 D DecorView: semSetRoundedCorners: 5
11-21 20:25:21.938 4012 4012 D DecorView: semSetRoundedCorners: 5
11-21 20:25:21.957 4012 4012 D DecorView: semSetRoundedCorners: 5
11-21 20:25:21.958 4012 5465 I AXL : [IsModelLoaded] iModelID: 353
11-21 20:25:21.958 4012 5465 I AXL : IsModelLoaded false!
11-21 20:25:21.958 4012 5465 I AXL : RequestModel
11-21 20:25:21.958 4012 5465 I AXL : RequestModel done!
11-21 20:25:21.958 4012 5465 I AXL : LoadRequestedModels
11-21 20:25:21.963 4012 5465 I AXL : LoadRequestedModels done!
11-21 20:25:21.963 4012 5465 I AXL : [IsModelLoaded] iModelID: 353
11-21 20:25:21.963 4012 5465 I AXL : IsModelLoaded true!
11-21 20:25:21.973 4012 4012 D DecorView: semSetRoundedCorners: 5
11-21 20:25:21.992 4012 4012 D DecorView: semSetRoundedCorners: 5
11-21 20:25:22.007 4012 4012 D DecorView: semSetRoundedCorners: 5
11-21 20:25:22.015 4012 4012 I ViewRootImpl@fb83006[GTASA]: ViewPostIme pointer 1
11-21 20:25:22.025 4012 4012 D DecorView: semSetRoundedCorners: 5
11-21 20:25:22.043 4012 4012 D DecorView: semSetRoundedCorners: 5
11-21 20:25:22.061 4012 4012 D DecorView: semSetRoundedCorners: 5
11-21 20:25:22.075 4012 4012 D DecorView: semSetRoundedCorners: 5
11-21 20:25:22.089 4012 4012 D DecorView: semSetRoundedCorners: 5
11-21 20:25:22.107 4012 4012 D DecorView: semSetRoundedCorners: 5
11-21 20:25:22.125 4012 4012 D DecorView: semSetRoundedCorners: 5
11-21 20:25:22.142 4012 4012 D DecorView: semSetRoundedCorners: 5
11-21 20:25:22.157 4012 4012 D DecorView: semSetRoundedCorners: 5
11-21 20:25:22.172 4012 4012 D DecorView: semSetRoundedCorners: 5
11-21 20:25:22.189 4012 4012 D DecorView: semSetRoundedCorners: 5
11-21 20:25:22.206 4012 4012 D DecorView: semSetRoundedCorners: 5
11-21 20:25:22.228 4012 4012 D DecorView: semSetRoundedCorners: 5
11-21 20:25:22.239 4012 4012 D DecorView: semSetRoundedCorners: 5
11-21 20:25:22.272 4012 4012 D DecorView: semSetRoundedCorners: 5
11-21 20:25:22.289 4012 4012 D DecorView: semSetRoundedCorners: 5
11-21 20:25:22.306 4012 4012 D DecorView: semSetRoundedCorners: 5
11-21 20:25:22.308 4012 5465 I AXL : RPC: ScrSetPlayerColor
11-21 20:25:22.323 4012 4012 D DecorView: semSetRoundedCorners: 5
11-21 20:25:22.339 4012 4012 D DecorView: semSetRoundedCorners: 5
11-21 20:25:22.356 4012 4012 D DecorView: semSetRoundedCorners: 5
11-21 20:25:22.377 4012 4012 D DecorView: semSetRoundedCorners: 5
11-21 20:25:22.393 4012 4012 D DecorView: semSetRoundedCorners: 5
11-21 20:25:22.411 4012 4012 D DecorView: semSetRoundedCorners: 5
11-21 20:25:22.427 4012 4012 D DecorView: semSetRoundedCorners: 5
11-21 20:25:22.445 4012 4012 D DecorView: semSetRoundedCorners: 5
11-21 20:25:22.454 4012 5031 I dev.crimemobil: Background concurrent copying GC
freed 282857(10MB) AllocSpace objects, 15(336KB) LOS objects, 49% free, 11MB/22MB,
paused 388us total 150.067ms
11-21 20:25:22.459 4012 4012 D DecorView: semSetRoundedCorners: 5
11-21 20:25:22.476 4012 4012 D DecorView: semSetRoundedCorners: 5
11-21 20:25:22.491 4012 4012 D DecorView: semSetRoundedCorners: 5
11-21 20:25:22.507 4012 4012 D DecorView: semSetRoundedCorners: 5
11-21 20:25:22.523 4012 4012 D DecorView: semSetRoundedCorners: 5
11-21 20:25:22.540 4012 4012 D DecorView: semSetRoundedCorners: 5
11-21 20:25:22.556 4012 4012 D DecorView: semSetRoundedCorners: 5
11-21 20:25:22.573 4012 4012 D DecorView: semSetRoundedCorners: 5
11-21 20:25:22.590 4012 4012 D DecorView: semSetRoundedCorners: 5
11-21 20:25:22.606 4012 4012 D DecorView: semSetRoundedCorners: 5
11-21 20:25:22.623 4012 4012 D DecorView: semSetRoundedCorners: 5
11-21 20:25:22.640 4012 4012 D DecorView: semSetRoundedCorners: 5
11-21 20:25:22.657 4012 4012 D DecorView: semSetRoundedCorners: 5
11-21 20:25:22.674 4012 4012 D DecorView: semSetRoundedCorners: 5
11-21 20:25:22.690 4012 4012 D DecorView: semSetRoundedCorners: 5
11-21 20:25:22.708 4012 4012 D DecorView: semSetRoundedCorners: 5
11-21 20:25:22.724 4012 4012 D DecorView: semSetRoundedCorners: 5
11-21 20:25:22.741 4012 4012 D DecorView: semSetRoundedCorners: 5
11-21 20:25:22.757 4012 4012 D DecorView: semSetRoundedCorners: 5
11-21 20:25:22.774 4012 4012 D DecorView: semSetRoundedCorners: 5
11-21 20:25:22.791 4012 4012 D DecorView: semSetRoundedCorners: 5
11-21 20:25:22.807 4012 4012 D DecorView: semSetRoundedCorners: 5
11-21 20:25:22.824 4012 4012 D DecorView: semSetRoundedCorners: 5
11-21 20:25:22.841 4012 4012 D DecorView: semSetRoundedCorners: 5
11-21 20:25:22.857 4012 4012 D DecorView: semSetRoundedCorners: 5
11-21 20:25:22.874 4012 4012 D DecorView: semSetRoundedCorners: 5
11-21 20:25:22.891 4012 4012 D DecorView: semSetRoundedCorners: 5
11-21 20:25:22.908 4012 4012 D DecorView: semSetRoundedCorners: 5
11-21 20:25:22.924 4012 4012 D DecorView: semSetRoundedCorners: 5
11-21 20:25:22.941 4012 4012 D DecorView: semSetRoundedCorners: 5
11-21 20:25:22.958 4012 4012 D DecorView: semSetRoundedCorners: 5
11-21 20:25:22.974 4012 4012 D DecorView: semSetRoundedCorners: 5
11-21 20:25:22.991 4012 4012 D DecorView: semSetRoundedCorners: 5
11-21 20:25:23.008 4012 4012 D DecorView: semSetRoundedCorners: 5
11-21 20:25:23.025 4012 4012 D DecorView: semSetRoundedCorners: 5
11-21 20:25:23.041 4012 4012 D DecorView: semSetRoundedCorners: 5
11-21 20:25:23.058 4012 4012 D DecorView: semSetRoundedCorners: 5
11-21 20:25:23.075 4012 4012 D DecorView: semSetRoundedCorners: 5
11-21 20:25:23.091 4012 4012 D DecorView: semSetRoundedCorners: 5
11-21 20:25:23.108 4012 4012 D DecorView: semSetRoundedCorners: 5
11-21 20:25:23.125 4012 4012 D DecorView: semSetRoundedCorners: 5
11-21 20:25:23.142 4012 4012 D DecorView: semSetRoundedCorners: 5
11-21 20:25:23.159 4012 4012 D DecorView: semSetRoundedCorners: 5
11-21 20:25:23.175 4012 4012 D DecorView: semSetRoundedCorners: 5
11-21 20:25:23.192 4012 4012 D DecorView: semSetRoundedCorners: 5
11-21 20:25:23.209 4012 4012 D DecorView: semSetRoundedCorners: 5
11-21 20:25:23.225 4012 4012 D DecorView: semSetRoundedCorners: 5
11-21 20:25:23.238 4012 4012 I ViewRootImpl@fb83006[GTASA]: ViewPostIme pointer 0
11-21 20:25:23.243 4012 4012 D DecorView: semSetRoundedCorners: 5
11-21 20:25:23.259 4012 4012 D DecorView: semSetRoundedCorners: 5
11-21 20:25:23.276 4012 4012 D DecorView: semSetRoundedCorners: 5
11-21 20:25:23.292 4012 4012 D DecorView: semSetRoundedCorners: 5
11-21 20:25:23.297 4012 4012 I ViewRootImpl@fb83006[GTASA]: ViewPostIme pointer 1
11-21 20:25:23.309 4012 4012 D DecorView: semSetRoundedCorners: 5
11-21 20:25:23.327 4012 4012 D DecorView: semSetRoundedCorners: 5
11-21 20:25:23.343 4012 4012 D DecorView: semSetRoundedCorners: 5
11-21 20:25:23.359 4012 4012 D DecorView: semSetRoundedCorners: 5
11-21 20:25:23.376 4012 4012 D DecorView: semSetRoundedCorners: 5
11-21 20:25:23.393 4012 4012 D DecorView: semSetRoundedCorners: 5
11-21 20:25:23.409 4012 4012 D DecorView: semSetRoundedCorners: 5
11-21 20:25:23.426 4012 4012 D DecorView: semSetRoundedCorners: 5
11-21 20:25:23.443 4012 4012 D DecorView: semSetRoundedCorners: 5
11-21 20:25:23.459 4012 4012 D DecorView: semSetRoundedCorners: 5
11-21 20:25:23.476 4012 4012 D DecorView: semSetRoundedCorners: 5
11-21 20:25:23.493 4012 4012 D DecorView: semSetRoundedCorners: 5
11-21 20:25:23.510 4012 4012 D DecorView: semSetRoundedCorners: 5
11-21 20:25:23.526 4012 4012 D DecorView: semSetRoundedCorners: 5
11-21 20:25:23.543 4012 4012 D DecorView: semSetRoundedCorners: 5
11-21 20:25:23.560 4012 4012 D DecorView: semSetRoundedCorners: 5
11-21 20:25:23.576 4012 4012 D DecorView: semSetRoundedCorners: 5
11-21 20:25:23.593 4012 4012 D DecorView: semSetRoundedCorners: 5
11-21 20:25:23.610 4012 4012 D DecorView: semSetRoundedCorners: 5
11-21 20:25:23.627 4012 4012 D DecorView: semSetRoundedCorners: 5
11-21 20:25:23.642 4012 5465 I AXL : RPC: ScrSetPlayerColor
11-21 20:25:23.643 4012 4012 D DecorView: semSetRoundedCorners: 5
11-21 20:25:23.660 4012 4012 D DecorView: semSetRoundedCorners: 5
11-21 20:25:23.677 4012 4012 D DecorView: semSetRoundedCorners: 5
11-21 20:25:23.694 4012 4012 D DecorView: semSetRoundedCorners: 5
11-21 20:25:23.700 4012 4012 I ViewRootImpl@fb83006[GTASA]: ViewPostIme pointer 0
11-21 20:25:23.710 4012 4012 D DecorView: semSetRoundedCorners: 5
11-21 20:25:23.727 4012 4012 D DecorView: semSetRoundedCorners: 5
11-21 20:25:23.742 4012 5465 I AXL : [IsModelLoaded] iModelID: 3247
11-21 20:25:23.742 4012 5465 I AXL : IsModelLoaded true!
11-21 20:25:23.743 4012 5465 I AXL : Removing from vehicle..
11-21 20:25:23.743 4012 5465 I AXL : Setting flag state..
11-21 20:25:23.743 4012 5465 I AXL : Calling destructor..
11-21 20:25:23.743 4012 5465 I AXL : PlayerPed Destroyed
11-21 20:25:23.746 4012 4012 D DecorView: semSetRoundedCorners: 5
11-21 20:25:23.759 4012 4012 I ViewRootImpl@fb83006[GTASA]: ViewPostIme pointer 1
11-21 20:25:23.762 4012 4012 D DecorView: semSetRoundedCorners: 5
11-21 20:25:23.777 4012 4012 D DecorView: semSetRoundedCorners: 5
11-21 20:25:23.794 4012 4012 D DecorView: semSetRoundedCorners: 5
11-21 20:25:23.817 4012 4012 D DecorView: semSetRoundedCorners: 5
11-21 20:25:23.827 4012 5465 I AXL : RPC: ScrSetPlayerColor
11-21 20:25:23.832 4012 4012 D DecorView: semSetRoundedCorners: 5
11-21 20:25:23.862 4012 4012 D DecorView: semSetRoundedCorners: 5
11-21 20:25:23.879 4012 4012 D DecorView: semSetRoundedCorners: 5
11-21 20:25:23.894 4012 4012 D DecorView: semSetRoundedCorners: 5
11-21 20:25:23.911 4012 4012 D DecorView: semSetRoundedCorners: 5
11-21 20:25:23.929 4012 4012 D DecorView: semSetRoundedCorners: 5
11-21 20:25:23.946 4012 4012 D DecorView: semSetRoundedCorners: 5
11-21 20:25:23.963 4012 4012 D DecorView: semSetRoundedCorners: 5
11-21 20:25:23.978 4012 4012 D DecorView: semSetRoundedCorners: 5
11-21 20:25:23.995 4012 4012 D DecorView: semSetRoundedCorners: 5
11-21 20:25:24.011 4012 4012 D DecorView: semSetRoundedCorners: 5
11-21 20:25:24.028 4012 4012 D DecorView: semSetRoundedCorners: 5
11-21 20:25:24.045 4012 4012 D DecorView: semSetRoundedCorners: 5
11-21 20:25:24.061 4012 4012 D DecorView: semSetRoundedCorners: 5
11-21 20:25:24.078 4012 4012 D DecorView: semSetRoundedCorners: 5
11-21 20:25:24.095 4012 4012 D DecorView: semSetRoundedCorners: 5
11-21 20:25:24.111 4012 4012 D DecorView: semSetRoundedCorners: 5
11-21 20:25:24.128 4012 4012 D DecorView: semSetRoundedCorners: 5
11-21 20:25:24.145 4012 4012 D DecorView: semSetRoundedCorners: 5
11-21 20:25:24.163 4012 4012 D DecorView: semSetRoundedCorners: 5
11-21 20:25:24.179 4012 4012 D DecorView: semSetRoundedCorners: 5
11-21 20:25:24.195 4012 4012 D DecorView: semSetRoundedCorners: 5
11-21 20:25:24.212 4012 4012 D DecorView: semSetRoundedCorners: 5
11-21 20:25:24.228 4012 4012 D DecorView: semSetRoundedCorners: 5
11-21 20:25:24.245 4012 4012 D DecorView: semSetRoundedCorners: 5
11-21 20:25:24.262 4012 4012 D DecorView: semSetRoundedCorners: 5
11-21 20:25:24.279 4012 4012 D DecorView: semSetRoundedCorners: 5
11-21 20:25:24.295 4012 4012 D DecorView: semSetRoundedCorners: 5
11-21 20:25:24.312 4012 4012 D DecorView: semSetRoundedCorners: 5
11-21 20:25:24.329 4012 4012 D DecorView: semSetRoundedCorners: 5
11-21 20:25:24.346 4012 4012 D DecorView: semSetRoundedCorners: 5
11-21 20:25:24.362 4012 4012 D DecorView: semSetRoundedCorners: 5
11-21 20:25:24.368 4012 4012 I ViewRootImpl@fb83006[GTASA]: ViewPostIme pointer 0
11-21 20:25:24.379 4012 4012 D DecorView: semSetRoundedCorners: 5
11-21 20:25:24.396 4012 4012 D DecorView: semSetRoundedCorners: 5
11-21 20:25:24.414 4012 4012 D DecorView: semSetRoundedCorners: 5
11-21 20:25:24.430 4012 4012 D DecorView: semSetRoundedCorners: 5
11-21 20:25:24.446 4012 4012 D DecorView: semSetRoundedCorners: 5
11-21 20:25:24.463 4012 4012 D DecorView: semSetRoundedCorners: 5
11-21 20:25:24.480 4012 4012 D DecorView: semSetRoundedCorners: 5
11-21 20:25:24.497 4012 4012 D DecorView: semSetRoundedCorners: 5
11-21 20:25:24.514 4012 4012 D DecorView: semSetRoundedCorners: 5
11-21 20:25:24.531 4012 4012 D DecorView: semSetRoundedCorners: 5
11-21 20:25:24.548 4012 4012 D DecorView: semSetRoundedCorners: 5
11-21 20:25:24.564 4012 4012 D DecorView: semSetRoundedCorners: 5
11-21 20:25:24.582 4012 4012 D DecorView: semSetRoundedCorners: 5
11-21 20:25:24.597 4012 4012 D DecorView: semSetRoundedCorners: 5
11-21 20:25:24.614 4012 4012 D DecorView: semSetRoundedCorners: 5
11-21 20:25:24.631 4012 4012 D DecorView: semSetRoundedCorners: 5
11-21 20:25:24.647 4012 4012 D DecorView: semSetRoundedCorners: 5
11-21 20:25:24.665 4012 4012 D DecorView: semSetRoundedCorners: 5
11-21 20:25:24.682 4012 4012 D DecorView: semSetRoundedCorners: 5
11-21 20:25:24.697 4012 4012 D DecorView: semSetRoundedCorners: 5
11-21 20:25:24.714 4012 4012 D DecorView: semSetRoundedCorners: 5
11-21 20:25:24.731 4012 4012 D DecorView: semSetRoundedCorners: 5
11-21 20:25:24.748 4012 4012 D DecorView: semSetRoundedCorners: 5
11-21 20:25:24.764 4012 4012 D DecorView: semSetRoundedCorners: 5
11-21 20:25:24.783 4012 4012 D DecorView: semSetRoundedCorners: 5
11-21 20:25:24.798 4012 4012 D DecorView: semSetRoundedCorners: 5
11-21 20:25:24.815 4012 4012 D DecorView: semSetRoundedCorners: 5
11-21 20:25:24.832 4012 4012 D DecorView: semSetRoundedCorners: 5
11-21 20:25:24.848 4012 4012 D DecorView: semSetRoundedCorners: 5
11-21 20:25:24.864 4012 4012 D DecorView: semSetRoundedCorners: 5
11-21 20:25:24.881 4012 4012 D DecorView: semSetRoundedCorners: 5
11-21 20:25:24.898 4012 4012 D DecorView: semSetRoundedCorners: 5
11-21 20:25:24.915 4012 4012 D DecorView: semSetRoundedCorners: 5
11-21 20:25:24.932 4012 4012 D DecorView: semSetRoundedCorners: 5
11-21 20:25:24.949 4012 4012 D DecorView: semSetRoundedCorners: 5
11-21 20:25:24.966 4012 4012 D DecorView: semSetRoundedCorners: 5
11-21 20:25:24.983 4012 4012 D DecorView: semSetRoundedCorners: 5
11-21 20:25:24.997 4012 4012 I ViewRootImpl@fb83006[GTASA]: ViewPostIme pointer 1
11-21 20:25:24.999 4012 4012 D DecorView: semSetRoundedCorners: 5
11-21 20:25:25.015 4012 4012 D DecorView: semSetRoundedCorners: 5
11-21 20:25:25.031 4012 4012 D DecorView: semSetRoundedCorners: 5
11-21 20:25:25.048 4012 4012 D DecorView: semSetRoundedCorners: 5
11-21 20:25:25.065 4012 4012 D DecorView: semSetRoundedCorners: 5
11-21 20:25:25.082 4012 4012 D DecorView: semSetRoundedCorners: 5
11-21 20:25:25.098 4012 4012 D DecorView: semSetRoundedCorners: 5
11-21 20:25:25.115 4012 4012 D DecorView: semSetRoundedCorners: 5
11-21 20:25:25.132 4012 4012 D DecorView: semSetRoundedCorners: 5
11-21 20:25:25.148 4012 4012 D DecorView: semSetRoundedCorners: 5
11-21 20:25:25.165 4012 4012 D DecorView: semSetRoundedCorners: 5
11-21 20:25:25.182 4012 4012 D DecorView: semSetRoundedCorners: 5
11-21 20:25:25.198 4012 4012 D DecorView: semSetRoundedCorners: 5
11-21 20:25:25.215 4012 4012 D DecorView: semSetRoundedCorners: 5
11-21 20:25:25.232 4012 4012 D DecorView: semSetRoundedCorners: 5
11-21 20:25:25.249 4012 4012 D DecorView: semSetRoundedCorners: 5
11-21 20:25:25.265 4012 4012 D DecorView: semSetRoundedCorners: 5
11-21 20:25:25.283 4012 4012 D DecorView: semSetRoundedCorners: 5
11-21 20:25:25.299 4012 4012 D DecorView: semSetRoundedCorners: 5
11-21 20:25:25.315 4012 4012 D DecorView: semSetRoundedCorners: 5
11-21 20:25:25.332 4012 4012 D DecorView: semSetRoundedCorners: 5
11-21 20:25:25.349 4012 4012 D DecorView: semSetRoundedCorners: 5
11-21 20:25:25.366 4012 4012 D DecorView: semSetRoundedCorners: 5
11-21 20:25:25.383 4012 4012 D DecorView: semSetRoundedCorners: 5
11-21 20:25:25.399 4012 4012 D DecorView: semSetRoundedCorners: 5
11-21 20:25:25.416 4012 4012 D DecorView: semSetRoundedCorners: 5
11-21 20:25:25.433 4012 4012 D DecorView: semSetRoundedCorners: 5
11-21 20:25:25.449 4012 4012 D DecorView: semSetRoundedCorners: 5
11-21 20:25:25.466 4012 4012 D DecorView: semSetRoundedCorners: 5
11-21 20:25:25.483 4012 4012 D DecorView: semSetRoundedCorners: 5
11-21 20:25:25.499 4012 4012 D DecorView: semSetRoundedCorners: 5
11-21 20:25:25.517 4012 4012 D DecorView: semSetRoundedCorners: 5
11-21 20:25:25.533 4012 4012 D DecorView: semSetRoundedCorners: 5
11-21 20:25:25.547 4012 5465 I AXL : RPC: ScrVehicleParamsEx
11-21 20:25:25.550 4012 4012 D DecorView: semSetRoundedCorners: 5
11-21 20:25:25.566 4012 4012 D DecorView: semSetRoundedCorners: 5
11-21 20:25:25.583 4012 4012 D DecorView: semSetRoundedCorners: 5
11-21 20:25:25.600 4012 4012 D DecorView: semSetRoundedCorners: 5
11-21 20:25:25.617 4012 4012 D DecorView: semSetRoundedCorners: 5
11-21 20:25:25.633 4012 4012 D DecorView: semSetRoundedCorners: 5
11-21 20:25:25.650 4012 4012 D DecorView: semSetRoundedCorners: 5
11-21 20:25:25.667 4012 4012 D DecorView: semSetRoundedCorners: 5
11-21 20:25:25.684 4012 4012 D DecorView: semSetRoundedCorners: 5
11-21 20:25:25.700 4012 4012 D DecorView: semSetRoundedCorners: 5
11-21 20:25:25.717 4012 4012 D DecorView: semSetRoundedCorners: 5
11-21 20:25:25.734 4012 4012 D DecorView: semSetRoundedCorners: 5
11-21 20:25:25.750 4012 4012 D DecorView: semSetRoundedCorners: 5
11-21 20:25:25.767 4012 4012 D DecorView: semSetRoundedCorners: 5
11-21 20:25:25.784 4012 4012 D DecorView: semSetRoundedCorners: 5
11-21 20:25:25.800 4012 4012 D DecorView: semSetRoundedCorners: 5
11-21 20:25:25.817 4012 4012 D DecorView: semSetRoundedCorners: 5
11-21 20:25:25.834 4012 4012 D DecorView: semSetRoundedCorners: 5
11-21 20:25:25.851 4012 4012 D DecorView: semSetRoundedCorners: 5
11-21 20:25:25.867 4012 4012 D DecorView: semSetRoundedCorners: 5
11-21 20:25:25.884 4012 4012 D DecorView: semSetRoundedCorners: 5
11-21 20:25:25.901 4012 4012 D DecorView: semSetRoundedCorners: 5
11-21 20:25:25.917 4012 4012 D DecorView: semSetRoundedCorners: 5
11-21 20:25:25.935 4012 4012 D DecorView: semSetRoundedCorners: 5
11-21 20:25:25.951 4012 4012 D DecorView: semSetRoundedCorners: 5
11-21 20:25:25.968 4012 4012 D DecorView: semSetRoundedCorners: 5
11-21 20:25:25.984 4012 4012 D DecorView: semSetRoundedCorners: 5
11-21 20:25:25.998 4012 5465 I AXL : RPC: ScrSetPlayerColor
11-21 20:25:25.998 4012 5465 I AXL : RPC: ScrSetPlayerColor
11-21 20:25:26.001 4012 4012 D DecorView: semSetRoundedCorners: 5
11-21 20:25:26.018 4012 4012 D DecorView: semSetRoundedCorners: 5
11-21 20:25:26.035 4012 4012 D DecorView: semSetRoundedCorners: 5
11-21 20:25:26.051 4012 4012 D DecorView: semSetRoundedCorners: 5
11-21 20:25:26.067 4012 5465 I AXL : RPC: ScrVehicleParamsEx
11-21 20:25:26.068 4012 4012 D DecorView: semSetRoundedCorners: 5
11-21 20:25:26.085 4012 4012 D DecorView: semSetRoundedCorners: 5
11-21 20:25:26.102 4012 4012 D DecorView: semSetRoundedCorners: 5
11-21 20:25:26.118 4012 4012 D DecorView: semSetRoundedCorners: 5
11-21 20:25:26.135 4012 4012 D DecorView: semSetRoundedCorners: 5
11-21 20:25:26.152 4012 4012 D DecorView: semSetRoundedCorners: 5
11-21 20:25:26.168 4012 4012 D DecorView: semSetRoundedCorners: 5
11-21 20:25:26.185 4012 4012 D DecorView: semSetRoundedCorners: 5
11-21 20:25:26.202 4012 4012 D DecorView: semSetRoundedCorners: 5
11-21 20:25:26.218 4012 4012 D DecorView: semSetRoundedCorners: 5
11-21 20:25:26.235 4012 4012 D DecorView: semSetRoundedCorners: 5
11-21 20:25:26.252 4012 4012 D DecorView: semSetRoundedCorners: 5
11-21 20:25:26.269 4012 4012 D DecorView: semSetRoundedCorners: 5
11-21 20:25:26.286 4012 4012 D DecorView: semSetRoundedCorners: 5
11-21 20:25:26.302 4012 4012 D DecorView: semSetRoundedCorners: 5
11-21 20:25:26.319 4012 4012 D DecorView: semSetRoundedCorners: 5
11-21 20:25:26.336 4012 4012 D DecorView: semSetRoundedCorners: 5
11-21 20:25:26.352 4012 4012 D DecorView: semSetRoundedCorners: 5
11-21 20:25:26.369 4012 4012 D DecorView: semSetRoundedCorners: 5
11-21 20:25:26.386 4012 4012 D DecorView: semSetRoundedCorners: 5
11-21 20:25:26.402 4012 4012 D DecorView: semSetRoundedCorners: 5
11-21 20:25:26.419 4012 4012 D DecorView: semSetRoundedCorners: 5
11-21 20:25:26.436 4012 4012 D DecorView: semSetRoundedCorners: 5
11-21 20:25:26.453 4012 4012 D DecorView: semSetRoundedCorners: 5
11-21 20:25:26.454 4012 4012 I ViewRootImpl@fb83006[GTASA]: ViewPostIme pointer 0
11-21 20:25:26.469 4012 4012 D DecorView: semSetRoundedCorners: 5
11-21 20:25:26.486 4012 4012 D DecorView: semSetRoundedCorners: 5
11-21 20:25:26.504 4012 4012 D DecorView: semSetRoundedCorners: 5
11-21 20:25:26.521 4012 4012 D DecorView: semSetRoundedCorners: 5
11-21 20:25:26.534 4012 4012 I ViewRootImpl@fb83006[GTASA]: ViewPostIme pointer 1
11-21 20:25:26.538 4012 4012 D DecorView: semSetRoundedCorners: 5
11-21 20:25:26.553 4012 4012 D DecorView: semSetRoundedCorners: 5
11-21 20:25:26.571 4012 4012 D DecorView: semSetRoundedCorners: 5
11-21 20:25:26.587 4012 4012 D DecorView: semSetRoundedCorners: 5
11-21 20:25:26.604 4012 4012 D DecorView: semSetRoundedCorners: 5
11-21 20:25:26.621 4012 4012 D DecorView: semSetRoundedCorners: 5
11-21 20:25:26.637 4012 4012 D DecorView: semSetRoundedCorners: 5
11-21 20:25:26.654 4012 4012 D DecorView: semSetRoundedCorners: 5
11-21 20:25:26.671 4012 4012 D DecorView: semSetRoundedCorners: 5
11-21 20:25:26.687 4012 4012 D DecorView: semSetRoundedCorners: 5
11-21 20:25:26.717 4012 5465 I AXL : RPC: ScrVehicleParamsEx
11-21 20:25:26.720 4012 4012 D DecorView: semSetRoundedCorners: 5
11-21 20:25:26.740 4012 4012 D DecorView: semSetRoundedCorners: 5
11-21 20:25:26.754 4012 4012 D DecorView: semSetRoundedCorners: 5
11-21 20:25:26.770 4012 4012 D DecorView: semSetRoundedCorners: 5
11-21 20:25:26.787 4012 4012 D DecorView: semSetRoundedCorners: 5
11-21 20:25:26.804 4012 4012 D DecorView: semSetRoundedCorners: 5
11-21 20:25:26.821 4012 4012 D DecorView: semSetRoundedCorners: 5
11-21 20:25:26.837 4012 4012 D DecorView: semSetRoundedCorners: 5
11-21 20:25:26.854 4012 4012 D DecorView: semSetRoundedCorners: 5
11-21 20:25:26.871 4012 4012 D DecorView: semSetRoundedCorners: 5
11-21 20:25:26.888 4012 4012 D DecorView: semSetRoundedCorners: 5
11-21 20:25:26.905 4012 4012 D DecorView: semSetRoundedCorners: 5
11-21 20:25:26.921 4012 4012 D DecorView: semSetRoundedCorners: 5
11-21 20:25:26.938 4012 4012 D DecorView: semSetRoundedCorners: 5
11-21 20:25:26.955 4012 4012 D DecorView: semSetRoundedCorners: 5
11-21 20:25:26.971 4012 4012 D DecorView: semSetRoundedCorners: 5
11-21 20:25:26.988 4012 4012 D DecorView: semSetRoundedCorners: 5
11-21 20:25:27.005 4012 4012 D DecorView: semSetRoundedCorners: 5
11-21 20:25:27.021 4012 4012 D DecorView: semSetRoundedCorners: 5
11-21 20:25:27.038 4012 4012 D DecorView: semSetRoundedCorners: 5
11-21 20:25:27.055 4012 4012 D DecorView: semSetRoundedCorners: 5
11-21 20:25:27.072 4012 4012 D DecorView: semSetRoundedCorners: 5
11-21 20:25:27.089 4012 4012 D DecorView: semSetRoundedCorners: 5
11-21 20:25:27.106 4012 4012 D DecorView: semSetRoundedCorners: 5
11-21 20:25:27.123 4012 4012 D DecorView: semSetRoundedCorners: 5
11-21 20:25:27.139 4012 4012 D DecorView: semSetRoundedCorners: 5
11-21 20:25:27.155 4012 4012 D DecorView: semSetRoundedCorners: 5
11-21 20:25:27.172 4012 4012 D DecorView: semSetRoundedCorners: 5
11-21 20:25:27.189 4012 4012 D DecorView: semSetRoundedCorners: 5
11-21 20:25:27.205 4012 4012 D DecorView: semSetRoundedCorners: 5
11-21 20:25:27.222 4012 4012 D DecorView: semSetRoundedCorners: 5
11-21 20:25:27.239 4012 4012 D DecorView: semSetRoundedCorners: 5
11-21 20:25:27.256 4012 4012 D DecorView: semSetRoundedCorners: 5
11-21 20:25:27.272 4012 4012 D DecorView: semSetRoundedCorners: 5
11-21 20:25:27.289 4012 4012 D DecorView: semSetRoundedCorners: 5
11-21 20:25:27.306 4012 4012 D DecorView: semSetRoundedCorners: 5
11-21 20:25:27.322 4012 4012 D DecorView: semSetRoundedCorners: 5
11-21 20:25:27.336 4012 4012 I ViewRootImpl@fb83006[GTASA]: ViewPostIme pointer 0
11-21 20:25:27.339 4012 4012 D DecorView: semSetRoundedCorners: 5
11-21 20:25:27.356 4012 4012 D DecorView: semSetRoundedCorners: 5
11-21 20:25:27.373 4012 4012 D DecorView: semSetRoundedCorners: 5
11-21 20:25:27.389 4012 4012 D DecorView: semSetRoundedCorners: 5
11-21 20:25:27.406 4012 4012 D DecorView: semSetRoundedCorners: 5
11-21 20:25:27.424 4012 4012 D DecorView: semSetRoundedCorners: 5
11-21 20:25:27.445 4012 4012 D DecorView: semSetRoundedCorners: 5
11-21 20:25:27.458 4012 4012 D DecorView: semSetRoundedCorners: 5
11-21 20:25:27.473 4012 4012 D DecorView: semSetRoundedCorners: 5
11-21 20:25:27.490 4012 4012 D DecorView: semSetRoundedCorners: 5
11-21 20:25:27.507 4012 4012 D DecorView: semSetRoundedCorners: 5
11-21 20:25:27.523 4012 4012 D DecorView: semSetRoundedCorners: 5
11-21 20:25:27.540 4012 4012 D DecorView: semSetRoundedCorners: 5
11-21 20:25:27.557 4012 4012 D DecorView: semSetRoundedCorners: 5
