1c5fb4, dts 87040, size 12074, distance 19, keyframe 0
02-02 17:16:49.835 31954 32239 V IJKMEDIA: AVIndex stream 0, sample 171, offset
1c8ede, dts 87552, size 11285, distance 20, keyframe 0
02-02 17:16:49.835 31954 32239 V IJKMEDIA: AVIndex stream 0, sample 172, offset
1cbaf3, dts 88064, size 11433, distance 21, keyframe 0
02-02 17:16:49.835 31954 32239 V IJKMEDIA: AVIndex stream 0, sample 173, offset
1ce79c, dts 88576, size 14597, distance 22, keyframe 0
02-02 17:16:49.835 31954 32239 V IJKMEDIA: AVIndex stream 0, sample 174, offset
1d20a1, dts 89088, size 12045, distance 23, keyframe 0
02-02 17:16:49.835 31954 32239 V IJKMEDIA: AVIndex stream 0, sample 175, offset
1d4fae, dts 89600, size 13693, distance 24, keyframe 0
02-02 17:16:49.835 31954 32239 V IJKMEDIA: AVIndex stream 0, sample 176, offset
1d852b, dts 90112, size 10970, distance 25, keyframe 0
02-02 17:16:49.835 31954 32239 V IJKMEDIA: AVIndex stream 0, sample 177, offset
1db005, dts 90624, size 20558, distance 26, keyframe 0
02-02 17:16:49.835 31954 32239 V IJKMEDIA: AVIndex stream 0, sample 178, offset
1e0053, dts 91136, size 5021, distance 27, keyframe 0
02-02 17:16:49.835 31954 32239 V IJKMEDIA: AVIndex stream 0, sample 179, offset
1e13f0, dts 91648, size 13475, distance 28, keyframe 0
02-02 17:16:49.835 31954 32239 V IJKMEDIA: AVIndex stream 0, sample 180, offset
1e6522, dts 92160, size 3408, distance 29, keyframe 0
02-02 17:16:49.835 31954 32239 V IJKMEDIA: AVIndex stream 0, sample 181, offset
1e7272, dts 92672, size 5730, distance 30, keyframe 0
02-02 17:16:49.835 31954 32239 V IJKMEDIA: AVIndex stream 0, sample 182, offset
1e88d4, dts 93184, size 8859, distance 31, keyframe 0
02-02 17:16:49.835 31954 32239 V IJKMEDIA: AVIndex stream 0, sample 183, offset
1eab6f, dts 93696, size 8850, distance 32, keyframe 0
02-02 17:16:49.835 31954 32239 V IJKMEDIA: AVIndex stream 0, sample 184, offset
1ece01, dts 94208, size 2344, distance 33, keyframe 0
02-02 17:16:49.835 31954 32239 V IJKMEDIA: AVIndex stream 0, sample 185, offset
1ed729, dts 94720, size 8945, distance 34, keyframe 0
02-02 17:16:49.835 31954 32239 V IJKMEDIA: AVIndex stream 0, sample 186, offset
1efa1a, dts 95232, size 2898, distance 35, keyframe 0
02-02 17:16:49.835 31954 32239 V IJKMEDIA: AVIndex stream 0, sample 187, offset
1f056c, dts 95744, size 16112, distance 36, keyframe 0
02-02 17:16:49.835 31954 32239 V IJKMEDIA: AVIndex stream 0, sample 188, offset
1f445c, dts 96256, size 2552, distance 37, keyframe 0
02-02 17:16:49.835 31954 32239 V IJKMEDIA: AVIndex stream 0, sample 189, offset
1f4e54, dts 96768, size 10474, distance 38, keyframe 0
02-02 17:16:49.835 31954 32239 V IJKMEDIA: AVIndex stream 0, sample 190, offset
1f773e, dts 97280, size 2221, distance 39, keyframe 0
02-02 17:16:49.835 31954 32239 V IJKMEDIA: AVIndex stream 0, sample 191, offset
1f7feb, dts 97792, size 8147, distance 40, keyframe 0
02-02 17:16:49.835 31954 32239 V IJKMEDIA: AVIndex stream 0, sample 192, offset
1fbcb6, dts 98304, size 1653, distance 41, keyframe 0
02-02 17:16:49.835 31954 32239 V IJKMEDIA: AVIndex stream 0, sample 193, offset
1fc32b, dts 98816, size 7219, distance 42, keyframe 0
02-02 17:16:49.835 31954 32239 V IJKMEDIA: AVIndex stream 0, sample 194, offset
1fdf5e, dts 99328, size 4199, distance 43, keyframe 0
02-02 17:16:49.835 31954 32239 V IJKMEDIA: AVIndex stream 0, sample 195, offset
1fefc5, dts 99840, size 9520, distance 44, keyframe 0
02-02 17:16:49.835 31954 32239 V IJKMEDIA: AVIndex stream 0, sample 196, offset
2014f5, dts 100352, size 3858, distance 45, keyframe 0
02-02 17:16:49.835 31954 32239 V IJKMEDIA: AVIndex stream 0, sample 197, offset
202407, dts 100864, size 95877, distance 0, keyframe 1
02-02 17:16:49.835 31954 32239 V IJKMEDIA: AVIndex stream 0, sample 198, offset
219a8c, dts 101376, size 25025, distance 1, keyframe 0
02-02 17:16:49.835 31954 32239 V IJKMEDIA: AVIndex stream 0, sample 199, offset
21fc4d, dts 101888, size 6248, distance 2, keyframe 0
02-02 17:16:49.835 31954 32239 V IJKMEDIA: AVIndex stream 0, sample 200, offset
2214b5, dts 102400, size 8693, distance 3, keyframe 0
02-02 17:16:49.835 31954 32239 V IJKMEDIA: AVIndex stream 0, sample 201, offset
2236aa, dts 102912, size 7031, distance 4, keyframe 0
02-02 17:16:49.835 31954 32239 V IJKMEDIA: AVIndex stream 0, sample 202, offset
225221, dts 103424, size 3390, distance 5, keyframe 0
02-02 17:16:49.835 31954 32239 V IJKMEDIA: AVIndex stream 0, sample 203, offset
225f5f, dts 103936, size 34801, distance 6, keyframe 0
02-02 17:16:49.835 31954 32239 V IJKMEDIA: AVIndex stream 0, sample 204, offset
230427, dts 104448, size 7546, distance 7, keyframe 0
02-02 17:16:49.835 31954 32239 V IJKMEDIA: AVIndex stream 0, sample 205, offset
2321a1, dts 104960, size 18963, distance 8, keyframe 0
02-02 17:16:49.835 31954 32239 V IJKMEDIA: AVIndex stream 0, sample 206, offset
236bb4, dts 105472, size 4481, distance 9, keyframe 0
02-02 17:16:49.835 31954 32239 V IJKMEDIA: AVIndex stream 0, sample 207, offset
237d35, dts 105984, size 21737, distance 10, keyframe 0
02-02 17:16:49.835 31954 32239 V IJKMEDIA: AVIndex stream 0, sample 208, offset
23d21e, dts 106496, size 5257, distance 11, keyframe 0
02-02 17:16:49.835 31954 32239 V IJKMEDIA: AVIndex stream 0, sample 209, offset
23e6a7, dts 107008, size 30648, distance 12, keyframe 0
02-02 17:16:49.835 31954 32239 V IJKMEDIA: AVIndex stream 0, sample 210, offset
245e5f, dts 107520, size 6689, distance 13, keyframe 0
02-02 17:16:49.835 31954 32239 V IJKMEDIA: AVIndex stream 0, sample 211, offset
247880, dts 108032, size 6748, distance 14, keyframe 0
02-02 17:16:49.835 31954 32239 V IJKMEDIA: AVIndex stream 0, sample 212, offset
2492dc, dts 108544, size 32589, distance 15, keyframe 0
02-02 17:16:49.835 31954 32239 V IJKMEDIA: AVIndex stream 0, sample 213, offset
251229, dts 109056, size 7060, distance 16, keyframe 0
02-02 17:16:49.835 31954 32239 V IJKMEDIA: AVIndex stream 0, sample 214, offset
252dbd, dts 109568, size 8358, distance 17, keyframe 0
02-02 17:16:49.835 31954 32239 V IJKMEDIA: AVIndex stream 0, sample 215, offset
254e63, dts 110080, size 5354, distance 18, keyframe 0
02-02 17:16:49.835 31954 32239 V IJKMEDIA: AVIndex stream 0, sample 216, offset
257ffd, dts 110592, size 19825, distance 0, keyframe 1
02-02 17:16:49.835 31954 32239 V IJKMEDIA: AVIndex stream 0, sample 217, offset
25cd6e, dts 111104, size 5287, distance 1, keyframe 0
02-02 17:16:49.835 31954 32239 V IJKMEDIA: AVIndex stream 0, sample 218, offset
25e215, dts 111616, size 301, distance 2, keyframe 0
02-02 17:16:49.835 31954 32239 V IJKMEDIA: AVIndex stream 0, sample 219, offset
25e342, dts 112128, size 728, distance 3, keyframe 0
02-02 17:16:49.835 31954 32239 V IJKMEDIA: AVIndex stream 0, sample 220, offset
25e61a, dts 112640, size 9177, distance 4, keyframe 0
02-02 17:16:49.835 31954 32239 V IJKMEDIA: AVIndex stream 0, sample 221, offset
2609f3, dts 113152, size 981, distance 5, keyframe 0
02-02 17:16:49.835 31954 32239 V IJKMEDIA: AVIndex stream 0, sample 222, offset
260dc8, dts 113664, size 10160, distance 6, keyframe 0
02-02 17:16:49.835 31954 32239 V IJKMEDIA: AVIndex stream 0, sample 224, offset
263b21, dts 114688, size 12738, distance 8, keyframe 0
02-02 17:16:49.837 31954 32239 V IJKMEDIA: AVIndex stream 0, sample 501, offset
531253, dts 256512, size 8189, distance 15, keyframe 0
02-02 17:16:49.837 31954 32239 V IJKMEDIA: AVIndex stream 0, sample 504, offset
535cdf, dts 258048, size 8058, distance 18, keyframe 0
02-02 17:16:49.837 31954 32239 V IJKMEDIA: AVIndex stream 0, sample 510, offset
54c96d, dts 261120, size 2623, distance 3, keyframe 0
02-02 17:16:49.837 31954 32239 V IJKMEDIA: AVIndex stream 0, sample 547, offset
5b5e84, dts 280064, size 10532, distance 1, keyframe 0
02-02 17:16:49.837 31954 32239 V IJKMEDIA: AVIndex stream 0, sample 568, offset
5e5da8, dts 290816, size 10937, distance 22, keyframe 0
02-02 17:16:49.837 31954 32239 V IJKMEDIA: AVIndex stream 0, sample 617, offset
68432d, dts 315904, size 4843, distance 30, keyframe 0
02-02 17:16:49.838 31954 32239 V IJKMEDIA: AVIndex stream 0, sample 657, offset
6ec12e, dts 336384, size 6118, distance 13, keyframe 0
02-02 17:16:49.838 31954 32239 V IJKMEDIA: AVIndex stream 0, sample 670, offset
6fa721, dts 343040, size 1529, distance 26, keyframe 0
02-02 17:16:49.838 31954 32239 D IJKMEDIA: stts: 0 ctts: 512, ctts_index: 0,
ctts_count: 756
02-02 17:16:49.838 31954 32239 D IJKMEDIA: stts: 512 ctts: 512, ctts_index: 1,
ctts_count: 756
02-02 17:16:49.838 31954 32239 D IJKMEDIA: stts: 2560 ctts: 1024, ctts_index: 5,
ctts_count: 756
02-02 17:16:49.838 31954 32239 D IJKMEDIA: stts: 14848 ctts: 512, ctts_index: 29,
ctts_count: 756
02-02 17:16:49.838 31954 32239 D IJKMEDIA: stts: 16384 ctts: 0, ctts_index: 32,
ctts_count: 756
02-02 17:16:49.839 31954 32239 D IJKMEDIA: stts: 36864 ctts: 2048, ctts_index: 72,
ctts_count: 756
02-02 17:16:49.839 31954 32239 D IJKMEDIA: stts: 37376 ctts: 0, ctts_index: 73,
ctts_count: 756
02-02 17:16:49.839 31954 32239 D IJKMEDIA: stts: 42496 ctts: 1024, ctts_index: 83,
ctts_count: 756
02-02 17:16:49.839 31954 32239 D IJKMEDIA: stts: 58368 ctts: 0, ctts_index: 114,
ctts_count: 756
02-02 17:16:49.839 31954 32239 D IJKMEDIA: stts: 77312 ctts: 512, ctts_index: 151,
ctts_count: 756
02-02 17:16:49.839 31954 32239 D IJKMEDIA: stts: 77824 ctts: 1024, ctts_index: 152,
ctts_count: 756
02-02 17:16:49.839 31954 32239 D IJKMEDIA: stts: 78336 ctts: 0, ctts_index: 153,
ctts_count: 756
02-02 17:16:49.839 31954 32239 D IJKMEDIA: stts: 78848 ctts: 1024, ctts_index: 154,
ctts_count: 756
02-02 17:16:49.839 31954 32239 D IJKMEDIA: stts: 79360 ctts: 0, ctts_index: 155,
ctts_count: 756
02-02 17:16:49.839 31954 32239 D IJKMEDIA: stts: 79872 ctts: 512, ctts_index: 156,
ctts_count: 756
02-02 17:16:49.839 31954 32239 D IJKMEDIA: stts: 80384 ctts: 512, ctts_index: 157,
ctts_count: 756
02-02 17:16:49.839 31954 32239 D IJKMEDIA: stts: 80896 ctts: 1024, ctts_index: 158,
ctts_count: 756
02-02 17:16:49.839 31954 32239 D IJKMEDIA: stts: 81408 ctts: 0, ctts_index: 159,
ctts_count: 756
02-02 17:16:49.839 31954 32239 D IJKMEDIA: stts: 81920 ctts: 1024, ctts_index: 160,
ctts_count: 756
02-02 17:16:49.840 31954 32239 D IJKMEDIA: stts: 120832 ctts: 512, ctts_index: 236,
ctts_count: 756
02-02 17:16:49.840 31954 32239 D IJKMEDIA: stts: 133632 ctts: 0, ctts_index: 261,
ctts_count: 756
02-02 17:16:49.840 31954 32239 D IJKMEDIA: stts: 136192 ctts: 0, ctts_index: 266,
ctts_count: 756
02-02 17:16:49.840 31954 32239 D IJKMEDIA: stts: 138752 ctts: 0, ctts_index: 271,
ctts_count: 756
02-02 17:16:49.840 31954 32239 D IJKMEDIA: stts: 142848 ctts: 0, ctts_index: 279,
ctts_count: 756
02-02 17:16:49.840 31954 32239 D IJKMEDIA: stts: 145408 ctts: 0, ctts_index: 284,
ctts_count: 756
02-02 17:16:49.840 31954 32239 D IJKMEDIA: stts: 163328 ctts: 512, ctts_index: 319,
ctts_count: 756
02-02 17:16:49.840 31954 32239 D IJKMEDIA: stts: 166912 ctts: 512, ctts_index: 326,
ctts_count: 756
02-02 17:16:49.840 31954 32239 D IJKMEDIA: stts: 167424 ctts: 512, ctts_index: 327,
ctts_count: 756
02-02 17:16:49.840 31954 32239 D IJKMEDIA: stts: 173056 ctts: 1024, ctts_index:
338, ctts_count: 756
02-02 17:16:49.840 31954 32239 D IJKMEDIA: stts: 190976 ctts: 0, ctts_index: 373,
ctts_count: 756
02-02 17:16:49.841 31954 32239 D IJKMEDIA: stts: 192512 ctts: 2560, ctts_index:
376, ctts_count: 756
02-02 17:16:49.841 31954 32239 D IJKMEDIA: stts: 193536 ctts: 0, ctts_index: 378,
ctts_count: 756
02-02 17:16:49.841 31954 32239 D IJKMEDIA: stts: 198144 ctts: 2560, ctts_index:
387, ctts_count: 756
02-02 17:16:49.841 31954 32239 D IJKMEDIA: stts: 202752 ctts: 1024, ctts_index:
396, ctts_count: 756
02-02 17:16:49.841 31954 32239 D IJKMEDIA: stts: 211456 ctts: 0, ctts_index: 413,
ctts_count: 756
02-02 17:16:49.841 31954 32239 D IJKMEDIA: stts: 241664 ctts: 0, ctts_index: 472,
ctts_count: 756
02-02 17:16:49.841 31954 32239 D IJKMEDIA: stts: 249344 ctts: 512, ctts_index: 487,
ctts_count: 756
02-02 17:16:49.841 31954 32239 D IJKMEDIA: stts: 263168 ctts: 1024, ctts_index:
514, ctts_count: 756
02-02 17:16:49.841 31954 32239 D IJKMEDIA: stts: 275968 ctts: 0, ctts_index: 539,
ctts_count: 756
02-02 17:16:49.841 31954 32239 D IJKMEDIA: stts: 284672 ctts: 512, ctts_index: 556,
ctts_count: 756
02-02 17:16:49.842 31954 32239 D IJKMEDIA: stts: 293376 ctts: 512, ctts_index: 573,
ctts_count: 756
02-02 17:16:49.842 31954 32239 D IJKMEDIA: stts: 294912 ctts: 512, ctts_index: 576,
ctts_count: 756
02-02 17:16:49.842 31954 32239 D IJKMEDIA: stts: 311296 ctts: 0, ctts_index: 608,
ctts_count: 756
02-02 17:16:49.842 31954 32239 D IJKMEDIA: stts: 324096 ctts: 512, ctts_index: 633,
ctts_count: 756
02-02 17:16:49.842 31954 32239 D IJKMEDIA: stts: 338432 ctts: 0, ctts_index: 661,
ctts_count: 756
02-02 17:16:49.842 31954 32239 D IJKMEDIA: stts: 345600 ctts: 0, ctts_index: 675,
ctts_count: 756
02-02 17:16:49.842 31954 32239 D IJKMEDIA: stts: 355328 ctts: 2560, ctts_index:
694, ctts_count: 756
02-02 17:16:49.842 31954 32239 D IJKMEDIA: stts: 355840 ctts: 0, ctts_index: 695,
ctts_count: 756
02-02 17:16:49.842 31954 32239 D IJKMEDIA: stts: 356352 ctts: 0, ctts_index: 696,
ctts_count: 756
02-02 17:16:49.842 31954 32239 D IJKMEDIA: stts: 363520 ctts: 0, ctts_index: 710,
ctts_count: 756
02-02 17:16:49.843 31954 32239 D IJKMEDIA: stts: 383488 ctts: 0, ctts_index: 749,
ctts_count: 756
02-02 17:16:49.843 31954 32239 D IJKMEDIA: Setting codecpar->delay to 1 for stream
st: 0
02-02 17:16:49.843 31954 32239 V IJKMEDIA: type:'trak' parent:'moov' sz: 5992 6832
12931
02-02 17:16:49.843 31954 32239 V IJKMEDIA: type:'tkhd' parent:'trak' sz: 92 8 5984
02-02 17:16:49.843 31954 32239 V IJKMEDIA: type:'mdia' parent:'trak' sz: 5892 100
5984
02-02 17:16:49.843 31954 32239 V IJKMEDIA: type:'mdhd' parent:'mdia' sz: 32 8 5884
02-02 17:16:49.843 31954 32239 V IJKMEDIA: type:'hdlr' parent:'mdia' sz: 95 40 5884
02-02 17:16:49.843 31954 32239 V IJKMEDIA: ctype=[0][0][0][0]
02-02 17:16:49.843 31954 32239 V IJKMEDIA: stype=soun
02-02 17:16:49.843 31954 32239 V IJKMEDIA: type:'minf' parent:'mdia' sz: 5757 135
5884
02-02 17:16:49.843 31954 32239 V IJKMEDIA: type:'dinf' parent:'minf' sz: 36 8 5749
02-02 17:16:49.843 31954 32239 V IJKMEDIA: type:'dref' parent:'dinf' sz: 28 8 28
02-02 17:16:49.843 31954 32239 D IJKMEDIA: Unknown dref type 0x206c7275 size 12
02-02 17:16:49.843 31954 32239 V IJKMEDIA: type:'stbl' parent:'minf' sz: 5697 44
5749
02-02 17:16:49.843 31954 32239 V IJKMEDIA: type:'stsd' parent:'stbl' sz: 105 8 5689
02-02 17:16:49.843 31954 32239 V IJKMEDIA: size=89 4CC=mp4a codec_type=1
02-02 17:16:49.843 31954 32239 V IJKMEDIA: audio channels 2
02-02 17:16:49.843 31954 32239 V IJKMEDIA: version =0, isom =1
02-02 17:16:49.843 31954 32239 V IJKMEDIA: type:'esds' parent:'stsd' sz: 53 8 53
02-02 17:16:49.843 31954 32239 V IJKMEDIA: MPEG-4 description: tag=0x03 len=39
02-02 17:16:49.843 31954 32239 V IJKMEDIA: MPEG-4 description: tag=0x04 len=31
02-02 17:16:49.843 31954 32239 V IJKMEDIA: esds object type id 0x40
02-02 17:16:49.843 31954 32239 V IJKMEDIA: MPEG-4 description: tag=0x05 len=16
02-02 17:16:49.843 31954 32239 V IJKMEDIA: Specific MPEG-4 header len=16
02-02 17:16:49.843 31954 32239 V IJKMEDIA: mp4a config channels 2 obj 2 ext obj 0
sample rate 44100 ext sample rate 0
02-02 17:16:49.843 31954 32239 V IJKMEDIA: type:'stts' parent:'stbl' sz: 24 113
5689
02-02 17:16:49.843 31954 32239 V IJKMEDIA: track[1].stsc.entries = 3
02-02 17:16:49.843 31954 32239 V IJKMEDIA: type:'smhd' parent:'minf' sz: 16 5741
5749
02-02 17:16:49.843 31954 32239 V IJKMEDIA: AVIndex stream 1, sample 0, offset
13570, dts 0, size 371, distance 0, keyframe 1
02-02 17:16:49.843 31954 32239 V IJKMEDIA: AVIndex stream 1, sample 1, offset
136e3, dts 1024, size 372, distance 0, keyframe 1
02-02 17:16:49.843 31954 32239 V IJKMEDIA: AVIndex stream 1, sample 2, offset
13857, dts 2048, size 371, distance 0, keyframe 1
02-02 17:16:49.843 31954 32239 V IJKMEDIA: AVIndex stream 1, sample 32, offset
2cc8d, dts 32768, size 369, distance 0, keyframe 1
02-02 17:16:49.844 31954 32239 V IJKMEDIA: AVIndex stream 1, sample 36, offset
2d273, dts 36864, size 394, distance 0, keyframe 1
02-02 17:16:49.844 31954 32239 V IJKMEDIA: AVIndex stream 1, sample 89, offset
5aaa9, dts 91136, size 366, distance 0, keyframe 1
02-02 17:16:49.844 31954 32239 V IJKMEDIA: AVIndex stream 1, sample 138, offset
dc899, dts 141312, size 378, distance 0, keyframe 1
02-02 17:16:49.844 31954 32239 V IJKMEDIA: AVIndex stream 1, sample 152, offset
edcfb, dts 155648, size 372, distance 0, keyframe 1
02-02 17:16:49.844 31954 32239 V IJKMEDIA: AVIndex stream 1, sample 158, offset
ee596, dts 161792, size 378, distance 0, keyframe 1
02-02 17:16:49.844 31954 32239 V IJKMEDIA: AVIndex stream 1, sample 180, offset
119885, dts 184320, size 360, distance 0, keyframe 1
02-02 17:16:49.844 31954 32239 V IJKMEDIA: AVIndex stream 1, sample 189, offset
12ce1a, dts 193536, size 349, distance 0, keyframe 1
02-02 17:16:49.845 31954 32239 V IJKMEDIA: AVIndex stream 1, sample 207, offset
12e77f, dts 211968, size 385, distance 0, keyframe 1
02-02 17:16:49.845 31954 32239 V IJKMEDIA: AVIndex stream 1, sample 212, offset
155d6e, dts 217088, size 358, distance 0, keyframe 1
02-02 17:16:49.845 31954 32239 V IJKMEDIA: AVIndex stream 1, sample 241, offset
179da0, dts 246784, size 371, distance 0, keyframe 1
02-02 17:16:49.845 31954 32239 V IJKMEDIA: AVIndex stream 1, sample 263, offset
19af81, dts 269312, size 372, distance 0, keyframe 1
02-02 17:16:49.845 31954 32239 V IJKMEDIA: AVIndex stream 1, sample 273, offset
1c0492, dts 279552, size 370, distance 0, keyframe 1
02-02 17:16:49.845 31954 32239 V IJKMEDIA: AVIndex stream 1, sample 291, offset
1e4b3d, dts 297984, size 352, distance 0, keyframe 1
02-02 17:16:49.845 31954 32239 V IJKMEDIA: AVIndex stream 1, sample 336, offset
22f133, dts 344064, size 353, distance 0, keyframe 1
02-02 17:16:49.845 31954 32239 V IJKMEDIA: AVIndex stream 1, sample 351, offset
256619, dts 359424, size 360, distance 0, keyframe 1
02-02 17:16:49.845 31954 32239 V IJKMEDIA: AVIndex stream 1, sample 354, offset
256a55, dts 362496, size 371, distance 0, keyframe 1
02-02 17:16:49.846 31954 32239 V IJKMEDIA: AVIndex stream 1, sample 416, offset
286a81, dts 425984, size 374, distance 0, keyframe 1
02-02 17:16:49.846 31954 32239 V IJKMEDIA: AVIndex stream 1, sample 437, offset
2eef8d, dts 447488, size 394, distance 0, keyframe 1
02-02 17:16:49.846 31954 32239 V IJKMEDIA: AVIndex stream 1, sample 471, offset
301228, dts 482304, size 502, distance 0, keyframe 1
02-02 17:16:49.846 31954 32239 V IJKMEDIA: AVIndex stream 1, sample 477, offset
301b29, dts 488448, size 353, distance 0, keyframe 1
02-02 17:16:49.846 31954 32239 V IJKMEDIA: AVIndex stream 1, sample 533, offset
32e100, dts 545792, size 359, distance 0, keyframe 1
02-02 17:16:49.847 31954 32239 V IJKMEDIA: AVIndex stream 1, sample 561, offset
33842a, dts 574464, size 373, distance 0, keyframe 1
02-02 17:16:49.847 31954 32239 V IJKMEDIA: AVIndex stream 1, sample 564, offset
33887e, dts 577536, size 377, distance 0, keyframe 1
02-02 17:16:49.848 31954 32239 V IJKMEDIA: AVIndex stream 1, sample 903, offset
582cb0, dts 924672, size 365, distance 0, keyframe 1
02-02 17:16:49.849 31954 32239 V IJKMEDIA: AVIndex stream 1, sample 950, offset
5db4ea, dts 972800, size 361, distance 0, keyframe 1
02-02 17:16:49.849 31954 32239 V IJKMEDIA: AVIndex stream 1, sample 959, offset
5dc1ba, dts 982016, size 368, distance 0, keyframe 1
02-02 17:16:49.849 31954 32239 V IJKMEDIA: AVIndex stream 1, sample 1011, offset
647918, dts 1035264, size 374, distance 0, keyframe 1
02-02 17:16:49.849 31954 32239 V IJKMEDIA: AVIndex stream 1, sample 1025, offset
648d34, dts 1049600, size 372, distance 0, keyframe 1
02-02 17:16:49.850 31954 32239 V IJKMEDIA: AVIndex stream 1, sample 1122, offset
6eb719, dts 1148928, size 380, distance 0, keyframe 1
02-02 17:16:49.850 31954 32239 V IJKMEDIA: AVIndex stream 1, sample 1127, offset
6ebe53, dts 1154048, size 363, distance 0, keyframe 1
02-02 17:16:49.850 31954 32239 V IJKMEDIA: AVIndex stream 1, sample 1198, offset
721c8c, dts 1226752, size 357, distance 0, keyframe 1
02-02 17:16:49.850 31954 32239 V IJKMEDIA: AVIndex stream 1, sample 1199, offset
721df1, dts 1227776, size 371, distance 0, keyframe 1
02-02 17:16:49.850 31954 32239 V IJKMEDIA: AVIndex stream 1, sample 1200, offset
721f64, dts 1228800, size 367, distance 0, keyframe 1
02-02 17:16:49.850 31954 32239 V IJKMEDIA: AVIndex stream 1, sample 1201, offset
7220d3, dts 1229824, size 365, distance 0, keyframe 1
02-02 17:16:49.850 31954 32239 V IJKMEDIA: AVIndex stream 1, sample 1226, offset
73f733, dts 1255424, size 442, distance 0, keyframe 1
02-02 17:16:49.850 31954 32239 V IJKMEDIA: AVIndex stream 1, sample 1229, offset
752e57, dts 1258496, size 361, distance 0, keyframe 1
02-02 17:16:49.851 31954 32239 V IJKMEDIA: AVIndex stream 1, sample 1261, offset
76d2ac, dts 1291264, size 363, distance 0, keyframe 1
02-02 17:16:49.851 31954 32239 V IJKMEDIA: AVIndex stream 1, sample 1276, offset
780cfc, dts 1306624, size 382, distance 0, keyframe 1
02-02 17:16:49.851 31954 32239 V IJKMEDIA: AVIndex stream 1, sample 1300, offset
78a48d, dts 1331200, size 366, distance 0, keyframe 1
02-02 17:16:49.851 31954 32237 D IJKMEDIA: FFP_MSG_OPEN_INPUT:
02-02 17:16:49.851 31954 32239 D IJKMEDIA: nal_unit_type: 7, nal_ref_idc: 3
02-02 17:16:49.851 31954 32239 D IJKMEDIA: nal_unit_type: 8, nal_ref_idc: 3
02-02 17:16:49.853 31954 32239 V IJKMEDIA: stream 0, sample 0, dts -40000
02-02 17:16:49.853 31954 32239 V IJKMEDIA: stream 1, sample 0, dts 0
02-02 17:16:49.854 31954 32239 D IJKMEDIA: nal_unit_type: 5, nal_ref_idc: 1
02-02 17:16:49.854 31954 32239 D IJKMEDIA: Format yuv420p chosen by get_format().
02-02 17:16:49.854 31954 32239 I IJKMEDIA: Reinit context to 1280x720, pix_fmt:
yuv420p
02-02 17:16:49.855 31954 32239 D IJKMEDIA: no picture
02-02 17:16:49.857 31954 32239 V IJKMEDIA: stream 0, sample 1, dts 0
02-02 17:16:49.857 31954 32239 V IJKMEDIA: stream 1, sample 0, dts 0
02-02 17:16:49.857 31954 32239 V IJKMEDIA: stream 0, sample 2, dts 40000
02-02 17:16:49.857 31954 32239 V IJKMEDIA: stream 1, sample 0, dts 0
02-02 17:16:49.857 31954 32239 V IJKMEDIA: stream 0, sample 3, dts 80000
02-02 17:16:49.857 31954 32239 V IJKMEDIA: stream 1, sample 0, dts 0
02-02 17:16:49.857 31954 32239 V IJKMEDIA: stream 0, sample 4, dts 120000
02-02 17:16:49.857 31954 32239 V IJKMEDIA: stream 1, sample 0, dts 0
02-02 17:16:49.857 31954 32239 V IJKMEDIA: stream 0, sample 5, dts 160000
02-02 17:16:49.857 31954 32239 V IJKMEDIA: stream 1, sample 0, dts 0
02-02 17:16:49.857 31954 32239 V IJKMEDIA: stream 0, sample 6, dts 200000
02-02 17:16:49.857 31954 32239 V IJKMEDIA: stream 1, sample 0, dts 0
02-02 17:16:49.857 31954 32239 V IJKMEDIA: stream 0, sample 7, dts 240000
02-02 17:16:49.857 31954 32239 V IJKMEDIA: stream 1, sample 0, dts 0
02-02 17:16:49.858 31954 32239 V IJKMEDIA: stream 0, sample 8, dts 280000
02-02 17:16:49.858 31954 32239 V IJKMEDIA: stream 1, sample 0, dts 0
02-02 17:16:49.858 31954 32239 V IJKMEDIA: stream 0, sample 9, dts 320000
02-02 17:16:49.858 31954 32239 V IJKMEDIA: stream 1, sample 0, dts 0
02-02 17:16:49.858 31954 32239 V IJKMEDIA: stream 0, sample 10, dts 360000
02-02 17:16:49.858 31954 32239 V IJKMEDIA: stream 1, sample 0, dts 0
02-02 17:16:49.858 31954 32239 V IJKMEDIA: stream 0, sample 11, dts 400000
02-02 17:16:49.858 31954 32239 V IJKMEDIA: stream 1, sample 0, dts 0
02-02 17:16:49.858 31954 32239 V IJKMEDIA: stream 0, sample 12, dts 440000
02-02 17:16:49.858 31954 32239 V IJKMEDIA: stream 1, sample 0, dts 0
02-02 17:16:49.859 31954 32239 D IJKMEDIA: All info found
02-02 17:16:49.859 31954 32239 V IJKMEDIA: stream 0: start_time: 0.000 duration:
30.240
02-02 17:16:49.859 31954 32239 V IJKMEDIA: stream 1: start_time: 0.000 duration:
30.256
02-02 17:16:49.859 31954 32239 V IJKMEDIA: format: start_time: 0.000 duration:
30.256 bitrate=2090 kb/s
02-02 17:16:49.859 31954 32239 D IJKMEDIA: After avformat_find_stream_info() pos:
79587 bytes read:98304 seeks:0 frames:13
02-02 17:16:49.859 31954 32239 I IJKMEDIA: max_frame_duration: 10.000
02-02 17:16:49.859 31954 32239 I IJKMEDIA: Input #0, mov,mp4,m4a,3gp,3g2,mj2, from
'/data/user/0/com.sosomod.freegame/cache/video-cache/bcd4456bb5da0686335bac329a8b5c
d7.mp4':
02-02 17:16:49.859 31954 32239 I IJKMEDIA: Metadata:
02-02 17:16:49.859 31954 32237 D IJKMEDIA: FFP_MSG_FIND_STREAM_INFO:
02-02 17:16:49.859 31954 32239 I IJKMEDIA: major_brand :
02-02 17:16:49.859 31954 32239 I IJKMEDIA: mp42
02-02 17:16:49.859 31954 32239 I IJKMEDIA:
02-02 17:16:49.859 31954 32239 I IJKMEDIA: minor_version :
02-02 17:16:49.859 31954 32239 I IJKMEDIA: 0
02-02 17:16:49.859 31954 32239 I IJKMEDIA:
02-02 17:16:49.859 31954 32239 I IJKMEDIA: compatible_brands:
02-02 17:16:49.859 31954 32239 I IJKMEDIA: isommp42
02-02 17:16:49.859 31954 32239 I IJKMEDIA:
02-02 17:16:49.859 31954 32239 I IJKMEDIA: creation_time :
02-02 17:16:49.859 31954 32239 I IJKMEDIA: 2021-12-30T19:50:33.000000Z
02-02 17:16:49.859 31954 32239 I IJKMEDIA:
02-02 17:16:49.859 31954 32239 I IJKMEDIA: Duration:
02-02 17:16:49.859 31954 32239 I IJKMEDIA: 00:00:30.26
02-02 17:16:49.859 31954 32239 I IJKMEDIA: , start:
02-02 17:16:49.859 31954 32239 I IJKMEDIA: 0.000000
02-02 17:16:49.859 31954 32239 I IJKMEDIA: , bitrate:
02-02 17:16:49.859 31954 32239 I IJKMEDIA: 2090 kb/s
02-02 17:16:49.859 31954 32239 I IJKMEDIA:
02-02 17:16:49.859 31954 32239 I IJKMEDIA: Stream #0:0
02-02 17:16:49.859 31954 32239 I IJKMEDIA: (und)
02-02 17:16:49.859 31954 32239 D IJKMEDIA: , 12, 1/12800
02-02 17:16:49.859 31954 32239 I IJKMEDIA: : Video: h264, 1 reference frame (avc1 /
0x31637661), yuv420p(tv, bt709, left), 1280x720 [SAR 1:1 DAR 16:9], 0/1, 1960 kb/s
02-02 17:16:49.859 31954 32239 I IJKMEDIA: ,
02-02 17:16:49.859 31954 32239 I IJKMEDIA: 25 fps,
02-02 17:16:49.859 31954 32239 I IJKMEDIA: 25 tbr,
02-02 17:16:49.859 31954 32239 I IJKMEDIA: 12800 tbn,
02-02 17:16:49.859 31954 32239 I IJKMEDIA: 50 tbc
02-02 17:16:49.859 31954 32239 I IJKMEDIA: (default)
02-02 17:16:49.859 31954 32239 I IJKMEDIA:
02-02 17:16:49.859 31954 32239 I IJKMEDIA: Metadata:
02-02 17:16:49.859 31954 32239 I IJKMEDIA: creation_time :
02-02 17:16:49.859 31954 32239 I IJKMEDIA: 2021-12-30T19:50:33.000000Z
02-02 17:16:49.859 31954 32239 I IJKMEDIA:
02-02 17:16:49.859 31954 32239 I IJKMEDIA: handler_name :
02-02 17:16:49.859 31954 32239 I IJKMEDIA: ISO Media file produced by Google Inc.
Created on: 12/30/2021.
02-02 17:16:49.859 31954 32239 I IJKMEDIA:
02-02 17:16:49.859 31954 32239 I IJKMEDIA: Stream #0:1
02-02 17:16:49.859 31954 32239 I IJKMEDIA: (eng)
02-02 17:16:49.859 31954 32239 D IJKMEDIA: , 1, 1/44100
02-02 17:16:49.859 31954 32239 I IJKMEDIA: : Audio: aac (mp4a / 0x6134706D), 44100
Hz, stereo, fltp, 128 kb/s
02-02 17:16:49.859 31954 32239 I IJKMEDIA: (default)
02-02 17:16:49.859 31954 32239 I IJKMEDIA:
02-02 17:16:49.859 31954 32239 I IJKMEDIA: Metadata:
02-02 17:16:49.859 31954 32239 I IJKMEDIA: creation_time :
02-02 17:16:49.859 31954 32239 I IJKMEDIA: 2021-12-30T19:50:33.000000Z
02-02 17:16:49.859 31954 32239 I IJKMEDIA:
02-02 17:16:49.859 31954 32239 I IJKMEDIA: handler_name :
02-02 17:16:49.859 31954 32239 I IJKMEDIA: ISO Media file produced by Google Inc.
Created on: 12/30/2021.
02-02 17:16:49.859 31954 32239 I IJKMEDIA:
02-02 17:16:49.860 31954 32239 I IJKMEDIA: SDL_Android_AudioTrack:
CHANNEL_OUT_STEREO
02-02 17:16:49.860 31954 32239 I IJKMEDIA: SDL_Android_AudioTrack:
ENCODING_PCM_16BIT
02-02 17:16:49.865 31954 32239 D AudioTrack: INSP:
type=audio,case=1,set=0x96b58700,stream_type=-
1,sample_rate=44100,format=0x1,channel_mask=0x3,frame_count=3776,flags=0x0,notifica
tion_frames=0,session_id=0,transfer_type=3,uid=-1,pid=-1
02-02 17:16:49.865 31954 32239 D AudioTrack: INSP:
type=audio,case=1,attributes=1,content_type=2,usage=1,source=0,flags=0x800
02-02 17:16:49.865 31954 32239 D AudioTrack: set(sessionID=0)
02-02 17:16:49.865 31954 32239 D AudioTrack: set(): Building AudioTrack with
attributes: usage = 1, content = 2, flags = 0x800, tags = []
02-02 17:16:49.866 31954 32239 D AudioTrack: set(): 0x96b58700, Create
AudioTrackThread, tid = 32241
02-02 17:16:49.878 31954 32239 D AudioTrack: createTrack_l(658): 0x96b58700, mCblk
= 0x93104000, mLatency = 127, mAfLatency = 42, frameCount = 3776, mSampleRate =
44100, mFlags = 0, mReqFrameCount = 3776, mNotificationFramesAct = 1888
02-02 17:16:49.880 31954 32239 W AudioTrack: Use of stream types is deprecated for
operations other than volume control
02-02 17:16:49.880 31954 32239 W AudioTrack: See the documentation of AudioTrack()
for what to use instead with android.media.AudioAttributes to qualify your playback
use case
02-02 17:16:49.880 31954 32239 I IJKMEDIA: SDL_Android_AudioTrack_new_from_spec:
init volume as 1.000000/(0.000000,1.000000)
02-02 17:16:49.880 31954 32239 D AudioTrack: setVolume(658): 0x96b58700, left =
1.000000, right = 1.000000
02-02 17:16:49.880 31954 32239 I IJKMEDIA: audio_session_id = 2233
02-02 17:16:49.881 31954 32239 I IJKMEDIA: AudioCodec: avcodec, aac
02-02 17:16:49.881 31954 32243 I IJKMEDIA: SDL_RunThread: [32243] ff_aout_android
02-02 17:16:49.882 31954 32243 D AudioTrack: pause(sessionID=2233)
02-02 17:16:49.882 31954 32243 D AudioTrack: pause(658): 0x96b58700, prior
state:STATE_STOPPED
02-02 17:16:49.882 31954 32244 I IJKMEDIA: SDL_RunThread: [32244] ff_audio_dec
02-02 17:16:49.882 31954 32239 D IJKMEDIA: detected 8 logical cores
02-02 17:16:49.882 31954 32239 D IJKMEDIA: nal_unit_type: 7, nal_ref_idc: 3
02-02 17:16:49.882 31954 32239 D IJKMEDIA: nal_unit_type: 8, nal_ref_idc: 3
02-02 17:16:49.883 31954 32239 I IJKMEDIA: VideoCodec: avcodec, h264
02-02 17:16:49.883 31954 32239 W IJKMEDIA: fps: 25.000000 (normal)
02-02 17:16:49.883 31954 32254 I IJKMEDIA: SDL_RunThread: [32254] ff_video_dec
02-02 17:16:49.883 31954 32237 D IJKMEDIA: FFP_MSG_VIDEO_ROTATION_CHANGED: 0
02-02 17:16:49.883 31954 32239 W IJKMEDIA: fps: 25.000000 (normal)
02-02 17:16:49.883 31954 32237 D IJKMEDIA: FFP_MSG_COMPONENT_OPEN:
02-02 17:16:49.883 31954 32237 D IJKMEDIA: FFP_MSG_VIDEO_SIZE_CHANGED: 1280, 720
02-02 17:16:49.883 31954 32237 D IJKMEDIA: FFP_MSG_SAR_CHANGED: 1, 1
02-02 17:16:49.883 31954 32237 D IJKMEDIA: ijkmp_get_msg: FFP_MSG_PREPARED
02-02 17:16:49.883 31954 32237 D IJKMEDIA: FFP_MSG_PREPARED:
02-02 17:16:49.883 31954 32245 D IJKMEDIA: nal_unit_type: 5, nal_ref_idc: 1
02-02 17:16:49.883 31954 32239 V IJKMEDIA: stream 0, sample 12, dts 440000
02-02 17:16:49.883 31954 32245 D IJKMEDIA: Format yuv420p chosen by get_format().
02-02 17:16:49.883 31954 32245 I IJKMEDIA: Reinit context to 1280x720, pix_fmt:
yuv420p
02-02 17:16:49.884 31954 32239 V IJKMEDIA: stream 1, sample 1, dts 23220
02-02 17:16:49.884 31954 32244 D IJKMEDIA: ffp_toggle_buffering_l: start
02-02 17:16:49.884 31954 32239 V IJKMEDIA: stream 0, sample 12, dts 440000
02-02 17:16:49.884 31954 32239 V IJKMEDIA: stream 1, sample 2, dts 46440
02-02 17:16:49.884 31954 32239 V IJKMEDIA: stream 0, sample 12, dts 440000
02-02 17:16:49.884 31954 32239 V IJKMEDIA: stream 1, sample 3, dts 69660
02-02 17:16:49.884 31954 32239 V IJKMEDIA: stream 0, sample 12, dts 440000
02-02 17:16:49.884 31954 32239 V IJKMEDIA: stream 1, sample 4, dts 92880
02-02 17:16:49.884 31954 32239 V IJKMEDIA: stream 0, sample 12, dts 440000
02-02 17:16:49.884 31954 32239 V IJKMEDIA: stream 1, sample 5, dts 116100
02-02 17:16:49.884 31954 32239 V IJKMEDIA: stream 0, sample 12, dts 440000
02-02 17:16:49.884 31954 32239 V IJKMEDIA: stream 1, sample 6, dts 139320
02-02 17:16:49.884 31954 32239 V IJKMEDIA: stream 0, sample 12, dts 440000
02-02 17:16:49.884 31954 32239 V IJKMEDIA: stream 1, sample 7, dts 162540
02-02 17:16:49.884 31954 32239 V IJKMEDIA: stream 0, sample 12, dts 440000
02-02 17:16:49.884 31954 32239 V IJKMEDIA: stream 1, sample 8, dts 185760
02-02 17:16:49.884 31954 32239 V IJKMEDIA: stream 0, sample 12, dts 440000
02-02 17:16:49.884 31954 32239 V IJKMEDIA: stream 1, sample 9, dts 208980
02-02 17:16:49.884 31954 32239 V IJKMEDIA: stream 0, sample 12, dts 440000
02-02 17:16:49.884 31954 32239 V IJKMEDIA: stream 1, sample 10, dts 232200
02-02 17:16:49.884 31954 32239 V IJKMEDIA: stream 0, sample 12, dts 440000
02-02 17:16:49.884 31954 32239 V IJKMEDIA: stream 1, sample 11, dts 255420
02-02 17:16:49.884 31954 32239 V IJKMEDIA: stream 0, sample 12, dts 440000
02-02 17:16:49.884 31954 32239 V IJKMEDIA: stream 1, sample 12, dts 278639
02-02 17:16:49.884 31954 32239 V IJKMEDIA: stream 0, sample 12, dts 440000
02-02 17:16:49.884 31954 32239 V IJKMEDIA: stream 1, sample 13, dts 301859
02-02 17:16:49.884 31954 32239 V IJKMEDIA: stream 0, sample 12, dts 440000
02-02 17:16:49.884 31954 32239 V IJKMEDIA: stream 1, sample 14, dts 325079
02-02 17:16:49.884 31954 32239 V IJKMEDIA: stream 0, sample 12, dts 440000
02-02 17:16:49.884 31954 32239 V IJKMEDIA: stream 1, sample 15, dts 348299
02-02 17:16:49.884 31954 32239 V IJKMEDIA: stream 0, sample 12, dts 440000
02-02 17:16:49.884 31954 32239 V IJKMEDIA: stream 1, sample 16, dts 371519
02-02 17:16:49.884 31954 32239 V IJKMEDIA: stream 0, sample 12, dts 440000
02-02 17:16:49.884 31954 32239 V IJKMEDIA: stream 1, sample 17, dts 394739
02-02 17:16:49.884 31954 32239 V IJKMEDIA: stream 0, sample 12, dts 440000
02-02 17:16:49.885 31954 32245 D IJKMEDIA: no picture
02-02 17:16:49.885 31954 32239 V IJKMEDIA: stream 1, sample 18, dts 417959
02-02 17:16:49.885 31954 32239 V IJKMEDIA: stream 0, sample 12, dts 440000
02-02 17:16:49.885 31954 32239 V IJKMEDIA: stream 1, sample 19, dts 441179
02-02 17:16:49.885 31954 32239 V IJKMEDIA: stream 0, sample 12, dts 440000
02-02 17:16:49.885 31954 32239 V IJKMEDIA: stream 1, sample 20, dts 464399
02-02 17:16:49.885 31954 32239 V IJKMEDIA: stream 0, sample 12, dts 440000
02-02 17:16:49.885 31954 32239 V IJKMEDIA: stream 1, sample 21, dts 487619
02-02 17:16:49.885 31954 32239 V IJKMEDIA: stream 0, sample 13, dts 480000
02-02 17:16:49.885 31954 32239 V IJKMEDIA: stream 1, sample 21, dts 487619
02-02 17:16:49.885 31954 32239 V IJKMEDIA: stream 0, sample 14, dts 520000
02-02 17:16:49.885 31954 32239 V IJKMEDIA: stream 1, sample 21, dts 487619
02-02 17:16:49.885 31954 32239 V IJKMEDIA: stream 0, sample 15, dts 560000
02-02 17:16:49.885 31954 32239 V IJKMEDIA: stream 1, sample 21, dts 487619
02-02 17:16:49.885 31954 32239 V IJKMEDIA: stream 0, sample 16, dts 600000
02-02 17:16:49.885 31954 32239 V IJKMEDIA: stream 1, sample 21, dts 487619
02-02 17:16:49.885 31954 32239 V IJKMEDIA: stream 0, sample 17, dts 640000
02-02 17:16:49.885 31954 32239 V IJKMEDIA: stream 1, sample 21, dts 487619
02-02 17:16:49.885 31954 32239 V IJKMEDIA: stream 0, sample 18, dts 680000
02-02 17:16:49.885 31954 32239 V IJKMEDIA: stream 1, sample 21, dts 487619
02-02 17:16:49.885 31954 32239 V IJKMEDIA: stream 0, sample 19, dts 720000
02-02 17:16:49.885 31954 32239 V IJKMEDIA: stream 1, sample 21, dts 487619
02-02 17:16:49.885 31954 32239 V IJKMEDIA: stream 0, sample 20, dts 760000
02-02 17:16:49.885 31954 32239 V IJKMEDIA: stream 1, sample 21, dts 487619
02-02 17:16:49.885 31954 32239 V IJKMEDIA: stream 0, sample 21, dts 800000
02-02 17:16:49.885 31954 32239 V IJKMEDIA: stream 1, sample 21, dts 487619
02-02 17:16:49.885 31954 32239 V IJKMEDIA: stream 0, sample 22, dts 840000
02-02 17:16:49.885 31954 32239 V IJKMEDIA: stream 1, sample 21, dts 487619
02-02 17:16:49.885 31954 32239 V IJKMEDIA: stream 0, sample 23, dts 880000
02-02 17:16:49.885 31954 32239 V IJKMEDIA: stream 1, sample 21, dts 487619
02-02 17:16:49.885 31954 32239 V IJKMEDIA: stream 0, sample 24, dts 920000
02-02 17:16:49.885 31954 32239 V IJKMEDIA: stream 1, sample 21, dts 487619
02-02 17:16:49.885 31954 32239 V IJKMEDIA: stream 0, sample 24, dts 920000
02-02 17:16:49.885 31954 32239 V IJKMEDIA: stream 1, sample 22, dts 510839
02-02 17:16:49.886 31954 32239 V IJKMEDIA: stream 0, sample 24, dts 920000
02-02 17:16:49.886 31954 32239 V IJKMEDIA: stream 1, sample 23, dts 534059
02-02 17:16:49.886 31954 32239 V IJKMEDIA: stream 0, sample 24, dts 920000
02-02 17:16:49.886 31954 32239 V IJKMEDIA: stream 1, sample 24, dts 557279
02-02 17:16:49.886 31954 32246 D IJKMEDIA: nal_unit_type: 1, nal_ref_idc: 1
02-02 17:16:49.886 31954 32239 V IJKMEDIA: stream 0, sample 24, dts 920000
02-02 17:16:49.886 31954 32239 V IJKMEDIA: stream 1, sample 25, dts 580499
02-02 17:16:49.886 31954 32239 V IJKMEDIA: stream 0, sample 24, dts 920000
02-02 17:16:49.886 31954 32239 V IJKMEDIA: stream 1, sample 26, dts 603719
02-02 17:16:49.886 31954 32239 V IJKMEDIA: stream 0, sample 24, dts 920000
02-02 17:16:49.886 31954 32239 V IJKMEDIA: stream 1, sample 27, dts 626939
02-02 17:16:49.886 31954 32239 V IJKMEDIA: stream 0, sample 24, dts 920000
02-02 17:16:49.886 31954 32239 V IJKMEDIA: stream 1, sample 28, dts 650159
02-02 17:16:49.886 31954 32239 V IJKMEDIA: stream 0, sample 24, dts 920000
02-02 17:16:49.886 31954 32239 V IJKMEDIA: stream 1, sample 29, dts 673379
02-02 17:16:49.886 31954 32239 V IJKMEDIA: stream 0, sample 24, dts 920000
02-02 17:16:49.886 31954 32239 V IJKMEDIA: stream 1, sample 30, dts 696599
02-02 17:16:49.886 31954 32239 V IJKMEDIA: stream 0, sample 24, dts 920000
02-02 17:16:49.886 31954 32239 V IJKMEDIA: stream 1, sample 31, dts 719819
02-02 17:16:49.886 31954 32239 V IJKMEDIA: stream 0, sample 24, dts 920000
02-02 17:16:49.886 31954 32239 V IJKMEDIA: stream 1, sample 32, dts 743039
02-02 17:16:49.886 31954 32239 V IJKMEDIA: stream 0, sample 24, dts 920000
02-02 17:16:49.886 31954 32239 V IJKMEDIA: stream 1, sample 33, dts 766259
02-02 17:16:49.886 31954 32239 V IJKMEDIA: stream 0, sample 24, dts 920000
02-02 17:16:49.886 31954 32239 V IJKMEDIA: stream 1, sample 34, dts 789478
02-02 17:16:49.886 31954 32239 V IJKMEDIA: stream 0, sample 24, dts 920000
02-02 17:16:49.886 31954 32239 V IJKMEDIA: stream 1, sample 35, dts 812698
02-02 17:16:49.886 31954 32239 V IJKMEDIA: stream 0, sample 24, dts 920000
02-02 17:16:49.886 31954 32239 V IJKMEDIA: stream 1, sample 36, dts 835918
02-02 17:16:49.886 31954 32239 V IJKMEDIA: stream 0, sample 24, dts 920000
02-02 17:16:49.886 31954 32239 V IJKMEDIA: stream 1, sample 37, dts 859138
02-02 17:16:49.886 31954 31954 D IJKMEDIA: IjkMediaPlayer_setVolume
02-02 17:16:49.886 31954 32239 V IJKMEDIA: stream 0, sample 24, dts 920000
02-02 17:16:49.886 31954 32239 V IJKMEDIA: stream 1, sample 38, dts 882358
02-02 17:16:49.886 31954 31954 D IJKMEDIA: ijkmp_android_set_volume(0.000000,
0.000000)
02-02 17:16:49.887 31954 31954 D IJKMEDIA: ffpipeline_set_volume
02-02 17:16:49.887 31954 32239 V IJKMEDIA: stream 0, sample 24, dts 920000
02-02 17:16:49.887 31954 32239 V IJKMEDIA: stream 1, sample 39, dts 905578
02-02 17:16:49.887 31954 32239 V IJKMEDIA: stream 0, sample 24, dts 920000
02-02 17:16:49.887 31954 32239 V IJKMEDIA: stream 1, sample 40, dts 928798
02-02 17:16:49.887 31954 32239 V IJKMEDIA: stream 0, sample 24, dts 920000
02-02 17:16:49.887 31954 32239 V IJKMEDIA: stream 1, sample 41, dts 952018
02-02 17:16:49.887 31954 32239 V IJKMEDIA: stream 0, sample 24, dts 920000
02-02 17:16:49.887 31954 32239 V IJKMEDIA: stream 1, sample 42, dts 975238
02-02 17:16:49.887 31954 32239 V IJKMEDIA: stream 0, sample 25, dts 960000
02-02 17:16:49.887 31954 32239 V IJKMEDIA: stream 1, sample 42, dts 975238
02-02 17:16:49.887 31954 32239 V IJKMEDIA: stream 0, sample 26, dts 1000000
02-02 17:16:49.887 31954 32239 V IJKMEDIA: stream 1, sample 42, dts 975238
02-02 17:16:49.887 31954 32239 V IJKMEDIA: stream 0, sample 27, dts 1040000
02-02 17:16:49.887 31954 32239 V IJKMEDIA: stream 1, sample 42, dts 975238
02-02 17:16:49.887 31954 32239 V IJKMEDIA: stream 0, sample 28, dts 1080000
02-02 17:16:49.887 31954 32239 V IJKMEDIA: stream 1, sample 42, dts 975238
02-02 17:16:49.887 31954 32239 V IJKMEDIA: stream 0, sample 29, dts 1120000
02-02 17:16:49.887 31954 32239 V IJKMEDIA: stream 1, sample 42, dts 975238
02-02 17:16:49.887 31954 32239 V IJKMEDIA: stream 0, sample 30, dts 1160000
02-02 17:16:49.887 31954 32239 V IJKMEDIA: stream 1, sample 42, dts 975238
02-02 17:16:49.887 31954 32239 V IJKMEDIA: stream 0, sample 31, dts 1200000
02-02 17:16:49.887 31954 32239 V IJKMEDIA: stream 1, sample 42, dts 975238
02-02 17:16:49.887 31954 32239 V IJKMEDIA: stream 0, sample 32, dts 1240000
02-02 17:16:49.887 31954 32239 V IJKMEDIA: stream 1, sample 42, dts 975238
02-02 17:16:49.887 31954 32239 V IJKMEDIA: stream 0, sample 33, dts 1280000
02-02 17:16:49.887 31954 32239 V IJKMEDIA: stream 1, sample 42, dts 975238
02-02 17:16:49.887 31954 32239 V IJKMEDIA: stream 0, sample 34, dts 1320000
02-02 17:16:49.887 31954 32239 V IJKMEDIA: stream 1, sample 42, dts 975238
02-02 17:16:49.887 31954 32239 V IJKMEDIA: stream 0, sample 35, dts 1360000
02-02 17:16:49.887 31954 32239 V IJKMEDIA: stream 1, sample 42, dts 975238
02-02 17:16:49.887 31954 32239 V IJKMEDIA: stream 0, sample 36, dts 1400000
02-02 17:16:49.887 31954 32239 V IJKMEDIA: stream 1, sample 42, dts 975238
02-02 17:16:49.887 31954 32239 V IJKMEDIA: stream 0, sample 36, dts 1400000
02-02 17:16:49.887 31954 32239 V IJKMEDIA: stream 1, sample 43, dts 998458
02-02 17:16:49.887 31954 32239 V IJKMEDIA: stream 0, sample 36, dts 1400000
02-02 17:16:49.887 31954 32239 V IJKMEDIA: stream 1, sample 44, dts 1021678
02-02 17:16:49.887 31954 32239 V IJKMEDIA: stream 0, sample 36, dts 1400000
02-02 17:16:49.887 31954 32239 V IJKMEDIA: stream 1, sample 45, dts 1044898
02-02 17:16:49.887 31954 32239 V IJKMEDIA: stream 0, sample 36, dts 1400000
02-02 17:16:49.887 31954 32239 V IJKMEDIA: stream 1, sample 46, dts 1068118
02-02 17:16:49.887 31954 32239 V IJKMEDIA: stream 0, sample 36, dts 1400000
02-02 17:16:49.887 31954 32239 V IJKMEDIA: stream 1, sample 47, dts 1091338
02-02 17:16:49.887 31954 32239 V IJKMEDIA: stream 0, sample 36, dts 1400000
02-02 17:16:49.887 31954 32239 V IJKMEDIA: stream 1, sample 48, dts 1114558
02-02 17:16:49.888 31954 32239 V IJKMEDIA: stream 0, sample 36, dts 1400000
02-02 17:16:49.888 31954 32239 V IJKMEDIA: stream 1, sample 49, dts 1137778
02-02 17:16:49.888 31954 32239 V IJKMEDIA: stream 0, sample 36, dts 1400000
02-02 17:16:49.888 31954 32239 V IJKMEDIA: stream 1, sample 50, dts 1160998
02-02 17:16:49.888 31954 32239 V IJKMEDIA: stream 0, sample 36, dts 1400000
02-02 17:16:49.888 31954 32239 V IJKMEDIA: stream 1, sample 51, dts 1184218
02-02 17:16:49.888 31954 32239 V IJKMEDIA: stream 0, sample 36, dts 1400000
02-02 17:16:49.888 31954 32239 V IJKMEDIA: stream 1, sample 52, dts 1207438
02-02 17:16:49.888 31954 32239 V IJKMEDIA: stream 0, sample 36, dts 1400000
02-02 17:16:49.888 31954 32239 V IJKMEDIA: stream 1, sample 53, dts 1230658
02-02 17:16:49.888 31954 32239 V IJKMEDIA: stream 0, sample 36, dts 1400000
02-02 17:16:49.888 31954 32239 V IJKMEDIA: stream 1, sample 54, dts 1253878
02-02 17:16:49.888 31954 32239 V IJKMEDIA: stream 0, sample 36, dts 1400000
02-02 17:16:49.888 31954 32239 V IJKMEDIA: stream 1, sample 55, dts 1277098
02-02 17:16:49.888 31954 32239 V IJKMEDIA: stream 0, sample 36, dts 1400000
02-02 17:16:49.888 31954 32239 V IJKMEDIA: stream 1, sample 56, dts 1300317
02-02 17:16:49.888 31954 32247 D IJKMEDIA: nal_unit_type: 5, nal_ref_idc: 1
02-02 17:16:49.888 31954 32239 V IJKMEDIA: stream 0, sample 36, dts 1400000
02-02 17:16:49.888 31954 32239 V IJKMEDIA: stream 1, sample 57, dts 1323537
02-02 17:16:49.888 31954 32239 V IJKMEDIA: stream 0, sample 36, dts 1400000
02-02 17:16:49.888 31954 32239 V IJKMEDIA: stream 1, sample 58, dts 1346757
02-02 17:16:49.888 31954 32239 V IJKMEDIA: stream 0, sample 36, dts 1400000
02-02 17:16:49.888 31954 32239 V IJKMEDIA: stream 1, sample 59, dts 1369977
02-02 17:16:49.888 31954 32239 V IJKMEDIA: stream 0, sample 36, dts 1400000
02-02 17:16:49.888 31954 32239 V IJKMEDIA: stream 1, sample 60, dts 1393197
02-02 17:16:49.888 31954 32239 V IJKMEDIA: stream 0, sample 36, dts 1400000
02-02 17:16:49.888 31954 32239 V IJKMEDIA: stream 1, sample 61, dts 1416417
02-02 17:16:49.888 31954 32239 V IJKMEDIA: stream 0, sample 36, dts 1400000
02-02 17:16:49.888 31954 32239 V IJKMEDIA: stream 1, sample 62, dts 1439637
02-02 17:16:49.888 31954 32239 V IJKMEDIA: stream 0, sample 36, dts 1400000
02-02 17:16:49.888 31954 32239 V IJKMEDIA: stream 1, sample 63, dts 1462857
02-02 17:16:49.888 31954 32239 V IJKMEDIA: stream 0, sample 37, dts 1440000
02-02 17:16:49.888 31954 32239 V IJKMEDIA: stream 1, sample 63, dts 1462857
02-02 17:16:49.888 31954 32239 V IJKMEDIA: stream 0, sample 38, dts 1480000
02-02 17:16:49.888 31954 32239 V IJKMEDIA: stream 1, sample 63, dts 1462857
02-02 17:16:49.888 31954 32239 V IJKMEDIA: stream 0, sample 39, dts 1520000
02-02 17:16:49.889 31954 32239 V IJKMEDIA: stream 1, sample 63, dts 1462857
02-02 17:16:49.889 31954 32239 V IJKMEDIA: stream 0, sample 40, dts 1560000
02-02 17:16:49.889 31954 32239 V IJKMEDIA: stream 1, sample 63, dts 1462857
02-02 17:16:49.889 31954 32239 V IJKMEDIA: stream 0, sample 41, dts 1600000
02-02 17:16:49.889 31954 32239 V IJKMEDIA: stream 1, sample 63, dts 1462857
02-02 17:16:49.889 31954 32239 V IJKMEDIA: stream 0, sample 42, dts 1640000
02-02 17:16:49.889 31954 32239 V IJKMEDIA: stream 1, sample 63, dts 1462857
02-02 17:16:49.889 31954 32239 V IJKMEDIA: stream 0, sample 43, dts 1680000
02-02 17:16:49.889 31954 32239 V IJKMEDIA: stream 1, sample 63, dts 1462857
02-02 17:16:49.889 31954 32239 V IJKMEDIA: stream 0, sample 44, dts 1720000
02-02 17:16:49.889 31954 32239 V IJKMEDIA: stream 1, sample 63, dts 1462857
02-02 17:16:49.889 31954 32239 V IJKMEDIA: stream 0, sample 45, dts 1760000
02-02 17:16:49.889 31954 32239 V IJKMEDIA: stream 1, sample 63, dts 1462857
02-02 17:16:49.889 31954 32239 V IJKMEDIA: stream 0, sample 46, dts 1800000
02-02 17:16:49.889 31954 32239 V IJKMEDIA: stream 1, sample 63, dts 1462857
02-02 17:16:49.889 31954 32239 V IJKMEDIA: stream 0, sample 47, dts 1840000
02-02 17:16:49.889 31954 32239 V IJKMEDIA: stream 1, sample 63, dts 1462857
02-02 17:16:49.889 31954 32239 V IJKMEDIA: stream 0, sample 48, dts 1880000
02-02 17:16:49.889 31954 32239 V IJKMEDIA: stream 1, sample 63, dts 1462857
02-02 17:16:49.889 31954 32239 V IJKMEDIA: stream 0, sample 48, dts 1880000
02-02 17:16:49.889 31954 32239 V IJKMEDIA: stream 1, sample 64, dts 1486077
02-02 17:16:49.889 31954 32239 V IJKMEDIA: stream 0, sample 48, dts 1880000
02-02 17:16:49.889 31954 32239 V IJKMEDIA: stream 1, sample 65, dts 1509297
02-02 17:16:49.889 31954 32239 V IJKMEDIA: stream 0, sample 48, dts 1880000
02-02 17:16:49.889 31954 32239 V IJKMEDIA: stream 1, sample 66, dts 1532517
02-02 17:16:49.889 31954 32239 V IJKMEDIA: stream 0, sample 48, dts 1880000
02-02 17:16:49.889 31954 32239 V IJKMEDIA: stream 1, sample 67, dts 1555737
02-02 17:16:49.889 31954 32239 V IJKMEDIA: stream 0, sample 48, dts 1880000
02-02 17:16:49.889 31954 32239 V IJKMEDIA: stream 1, sample 68, dts 1578957
02-02 17:16:49.889 31954 32239 V IJKMEDIA: stream 0, sample 48, dts 1880000
02-02 17:16:49.889 31954 32239 V IJKMEDIA: stream 1, sample 69, dts 1602177
02-02 17:16:49.889 31954 32239 V IJKMEDIA: stream 0, sample 48, dts 1880000
02-02 17:16:49.889 31954 32239 V IJKMEDIA: stream 1, sample 70, dts 1625397
02-02 17:16:49.889 31954 32239 V IJKMEDIA: stream 0, sample 48, dts 1880000
02-02 17:16:49.889 31954 32239 V IJKMEDIA: stream 1, sample 71, dts 1648617
02-02 17:16:49.889 31954 32239 V IJKMEDIA: stream 0, sample 48, dts 1880000
02-02 17:16:49.889 31954 32239 V IJKMEDIA: stream 1, sample 72, dts 1671837
02-02 17:16:49.889 31954 32239 V IJKMEDIA: stream 0, sample 48, dts 1880000
02-02 17:16:49.889 31954 32239 V IJKMEDIA: stream 1, sample 73, dts 1695057
02-02 17:16:49.889 31954 32239 V IJKMEDIA: stream 0, sample 48, dts 1880000
02-02 17:16:49.889 31954 32239 V IJKMEDIA: stream 1, sample 74, dts 1718277
02-02 17:16:49.889 31954 32239 V IJKMEDIA: stream 0, sample 48, dts 1880000
02-02 17:16:49.889 31954 32239 V IJKMEDIA: stream 1, sample 75, dts 1741497
02-02 17:16:49.889 31954 32239 V IJKMEDIA: stream 0, sample 48, dts 1880000
02-02 17:16:49.889 31954 32239 V IJKMEDIA: stream 1, sample 76, dts 1764717
02-02 17:16:49.889 31954 32239 V IJKMEDIA: stream 0, sample 48, dts 1880000
02-02 17:16:49.889 31954 32239 V IJKMEDIA: stream 1, sample 77, dts 1787937
02-02 17:16:49.889 31954 32239 V IJKMEDIA: stream 0, sample 48, dts 1880000
02-02 17:16:49.889 31954 32239 V IJKMEDIA: stream 1, sample 78, dts 1811156
02-02 17:16:49.889 31954 32239 V IJKMEDIA: stream 0, sample 48, dts 1880000
02-02 17:16:49.889 31954 32239 V IJKMEDIA: stream 1, sample 79, dts 1834376
02-02 17:16:49.889 31954 32239 V IJKMEDIA: stream 0, sample 48, dts 1880000
02-02 17:16:49.889 31954 32239 V IJKMEDIA: stream 1, sample 80, dts 1857596
02-02 17:16:49.889 31954 32239 V IJKMEDIA: stream 0, sample 48, dts 1880000
02-02 17:16:49.889 31954 32239 V IJKMEDIA: stream 1, sample 81, dts 1880816
02-02 17:16:49.889 31954 32239 V IJKMEDIA: stream 0, sample 48, dts 1880000
02-02 17:16:49.889 31954 32239 V IJKMEDIA: stream 1, sample 82, dts 1904036
02-02 17:16:49.889 31954 32239 V IJKMEDIA: stream 0, sample 48, dts 1880000
02-02 17:16:49.889 31954 32239 V IJKMEDIA: stream 1, sample 83, dts 1927256
02-02 17:16:49.889 31954 32239 V IJKMEDIA: stream 0, sample 48, dts 1880000
02-02 17:16:49.889 31954 32239 V IJKMEDIA: stream 1, sample 84, dts 1950476
02-02 17:16:49.889 31954 32239 V IJKMEDIA: stream 0, sample 49, dts 1920000
02-02 17:16:49.889 31954 32239 V IJKMEDIA: stream 1, sample 84, dts 1950476
02-02 17:16:49.889 31954 32239 V IJKMEDIA: stream 0, sample 50, dts 1960000
02-02 17:16:49.889 31954 32239 V IJKMEDIA: stream 1, sample 84, dts 1950476
02-02 17:16:49.889 31954 32239 V IJKMEDIA: stream 0, sample 51, dts 2000000
02-02 17:16:49.889 31954 32239 V IJKMEDIA: stream 1, sample 84, dts 1950476
02-02 17:16:49.889 31954 32239 V IJKMEDIA: stream 0, sample 52, dts 2040000
02-02 17:16:49.889 31954 32239 V IJKMEDIA: stream 1, sample 84, dts 1950476
02-02 17:16:49.889 31954 32239 V IJKMEDIA: stream 0, sample 53, dts 2080000
02-02 17:16:49.889 31954 32239 V IJKMEDIA: stream 1, sample 84, dts 1950476
02-02 17:16:49.889 31954 32239 V IJKMEDIA: stream 0, sample 54, dts 2120000
