02-02 17:16:49.911 31954 32239 V IJKMEDIA: stream 0, sample 169, dts 6720000
02-02 17:16:49.911 31954 32239 V IJKMEDIA: stream 1, sample 289, dts 6710567
02-02 17:16:49.911 31954 32239 V IJKMEDIA: stream 0, sample 170, dts 6760000
02-02 17:16:49.911 31954 32239 V IJKMEDIA: stream 1, sample 289, dts 6710567
02-02 17:16:49.911 31954 32239 V IJKMEDIA: stream 0, sample 171, dts 6800000
02-02 17:16:49.911 31954 32239 V IJKMEDIA: stream 1, sample 289, dts 6710567
02-02 17:16:49.911 31954 32239 V IJKMEDIA: stream 0, sample 172, dts 6840000
02-02 17:16:49.911 31954 32239 V IJKMEDIA: stream 1, sample 289, dts 6710567
02-02 17:16:49.911 31954 32239 V IJKMEDIA: stream 0, sample 173, dts 6880000
02-02 17:16:49.911 31954 32239 V IJKMEDIA: stream 1, sample 289, dts 6710567
02-02 17:16:49.911 31954 32239 V IJKMEDIA: stream 0, sample 174, dts 6920000
02-02 17:16:49.911 31954 32239 V IJKMEDIA: stream 1, sample 289, dts 6710567
02-02 17:16:49.911 31954 32239 V IJKMEDIA: stream 0, sample 175, dts 6960000
02-02 17:16:49.911 31954 32239 V IJKMEDIA: stream 1, sample 289, dts 6710567
02-02 17:16:49.911 31954 32239 V IJKMEDIA: stream 0, sample 176, dts 7000000
02-02 17:16:49.911 31954 32239 V IJKMEDIA: stream 1, sample 289, dts 6710567
02-02 17:16:49.911 31954 32239 V IJKMEDIA: stream 0, sample 177, dts 7040000
02-02 17:16:49.911 31954 32239 V IJKMEDIA: stream 1, sample 289, dts 6710567
02-02 17:16:49.911 31954 32239 V IJKMEDIA: stream 0, sample 178, dts 7080000
02-02 17:16:49.911 31954 32239 V IJKMEDIA: stream 1, sample 289, dts 6710567
02-02 17:16:49.911 31954 32239 V IJKMEDIA: stream 0, sample 179, dts 7120000
02-02 17:16:49.911 31954 32239 V IJKMEDIA: stream 1, sample 289, dts 6710567
02-02 17:16:49.911 31954 32239 V IJKMEDIA: stream 0, sample 180, dts 7160000
02-02 17:16:49.911 31954 32239 V IJKMEDIA: stream 1, sample 289, dts 6710567
02-02 17:16:49.911 31954 32239 V IJKMEDIA: stream 0, sample 180, dts 7160000
02-02 17:16:49.911 31954 32239 V IJKMEDIA: stream 1, sample 290, dts 6733787
02-02 17:16:49.911 31954 32239 V IJKMEDIA: stream 0, sample 180, dts 7160000
02-02 17:16:49.911 31954 32239 V IJKMEDIA: stream 1, sample 291, dts 6757007
02-02 17:16:49.911 31954 32239 V IJKMEDIA: stream 0, sample 180, dts 7160000
02-02 17:16:49.911 31954 32239 V IJKMEDIA: stream 1, sample 292, dts 6780227
02-02 17:16:49.911 31954 32239 V IJKMEDIA: stream 0, sample 180, dts 7160000
02-02 17:16:49.911 31954 32239 V IJKMEDIA: stream 1, sample 293, dts 6803447
02-02 17:16:49.911 31954 32239 V IJKMEDIA: stream 0, sample 180, dts 7160000
02-02 17:16:49.911 31954 32239 V IJKMEDIA: stream 1, sample 294, dts 6826667
02-02 17:16:49.911 31954 32239 V IJKMEDIA: stream 0, sample 180, dts 7160000
02-02 17:16:49.911 31954 32239 V IJKMEDIA: stream 1, sample 295, dts 6849887
02-02 17:16:49.911 31954 32239 V IJKMEDIA: stream 0, sample 180, dts 7160000
02-02 17:16:49.911 31954 32239 V IJKMEDIA: stream 1, sample 296, dts 6873107
02-02 17:16:49.911 31954 32239 V IJKMEDIA: stream 0, sample 180, dts 7160000
02-02 17:16:49.911 31954 32239 V IJKMEDIA: stream 1, sample 297, dts 6896327
02-02 17:16:49.911 31954 32239 V IJKMEDIA: stream 0, sample 180, dts 7160000
02-02 17:16:49.911 31954 32239 V IJKMEDIA: stream 1, sample 298, dts 6919546
02-02 17:16:49.911 31954 32239 V IJKMEDIA: stream 0, sample 180, dts 7160000
02-02 17:16:49.911 31954 32239 V IJKMEDIA: stream 1, sample 299, dts 6942766
02-02 17:16:49.911 31954 32239 V IJKMEDIA: stream 0, sample 180, dts 7160000
02-02 17:16:49.911 31954 32239 V IJKMEDIA: stream 1, sample 300, dts 6965986
02-02 17:16:49.911 31954 32239 V IJKMEDIA: stream 0, sample 180, dts 7160000
02-02 17:16:49.911 31954 32239 V IJKMEDIA: stream 1, sample 301, dts 6989206
02-02 17:16:49.911 31954 32239 V IJKMEDIA: stream 0, sample 180, dts 7160000
02-02 17:16:49.911 31954 32239 V IJKMEDIA: stream 1, sample 302, dts 7012426
02-02 17:16:49.911 31954 32239 V IJKMEDIA: stream 0, sample 180, dts 7160000
02-02 17:16:49.911 31954 32239 V IJKMEDIA: stream 1, sample 303, dts 7035646
02-02 17:16:49.911 31954 32239 V IJKMEDIA: stream 0, sample 180, dts 7160000
02-02 17:16:49.911 31954 32239 V IJKMEDIA: stream 1, sample 304, dts 7058866
02-02 17:16:49.911 31954 32239 V IJKMEDIA: stream 0, sample 180, dts 7160000
02-02 17:16:49.911 31954 32239 V IJKMEDIA: stream 1, sample 305, dts 7082086
02-02 17:16:49.911 31954 32239 V IJKMEDIA: stream 0, sample 180, dts 7160000
02-02 17:16:49.911 31954 32239 V IJKMEDIA: stream 1, sample 306, dts 7105306
02-02 17:16:49.911 31954 32239 V IJKMEDIA: stream 0, sample 180, dts 7160000
02-02 17:16:49.911 31954 32239 V IJKMEDIA: stream 1, sample 307, dts 7128526
02-02 17:16:49.911 31954 32239 V IJKMEDIA: stream 0, sample 180, dts 7160000
02-02 17:16:49.911 31954 32239 V IJKMEDIA: stream 1, sample 308, dts 7151746
02-02 17:16:49.912 31954 32239 V IJKMEDIA: stream 0, sample 180, dts 7160000
02-02 17:16:49.912 31954 32239 V IJKMEDIA: stream 1, sample 309, dts 7174966
02-02 17:16:49.912 31954 32239 V IJKMEDIA: stream 0, sample 181, dts 7200000
02-02 17:16:49.912 31954 32239 V IJKMEDIA: stream 1, sample 309, dts 7174966
02-02 17:16:49.912 31954 32239 V IJKMEDIA: stream 0, sample 182, dts 7240000
02-02 17:16:49.912 31954 32239 V IJKMEDIA: stream 1, sample 309, dts 7174966
02-02 17:16:49.912 31954 32239 V IJKMEDIA: stream 0, sample 183, dts 7280000
02-02 17:16:49.912 31954 32239 V IJKMEDIA: stream 1, sample 309, dts 7174966
02-02 17:16:49.912 31954 32239 V IJKMEDIA: stream 0, sample 184, dts 7320000
02-02 17:16:49.912 31954 32239 V IJKMEDIA: stream 1, sample 309, dts 7174966
02-02 17:16:49.912 31954 32239 V IJKMEDIA: stream 0, sample 185, dts 7360000
02-02 17:16:49.912 31954 32239 V IJKMEDIA: stream 1, sample 309, dts 7174966
02-02 17:16:49.912 31954 32239 V IJKMEDIA: stream 0, sample 186, dts 7400000
02-02 17:16:49.912 31954 32239 V IJKMEDIA: stream 1, sample 309, dts 7174966
02-02 17:16:49.912 31954 32239 V IJKMEDIA: stream 0, sample 187, dts 7440000
02-02 17:16:49.912 31954 32239 V IJKMEDIA: stream 1, sample 309, dts 7174966
02-02 17:16:49.912 31954 32239 V IJKMEDIA: stream 0, sample 188, dts 7480000
02-02 17:16:49.912 31954 32239 V IJKMEDIA: stream 1, sample 309, dts 7174966
02-02 17:16:49.912 31954 32239 V IJKMEDIA: stream 0, sample 189, dts 7520000
02-02 17:16:49.912 31954 32239 V IJKMEDIA: stream 1, sample 309, dts 7174966
02-02 17:16:49.912 31954 32239 V IJKMEDIA: stream 0, sample 190, dts 7560000
02-02 17:16:49.912 31954 32239 V IJKMEDIA: stream 1, sample 309, dts 7174966
02-02 17:16:49.912 31954 32239 V IJKMEDIA: stream 0, sample 191, dts 7600000
02-02 17:16:49.912 31954 32239 V IJKMEDIA: stream 1, sample 309, dts 7174966
02-02 17:16:49.912 31954 32239 V IJKMEDIA: stream 0, sample 192, dts 7640000
02-02 17:16:49.912 31954 32239 V IJKMEDIA: stream 1, sample 309, dts 7174966
02-02 17:16:49.912 31954 32239 V IJKMEDIA: stream 0, sample 192, dts 7640000
02-02 17:16:49.912 31954 32239 V IJKMEDIA: stream 1, sample 310, dts 7198186
02-02 17:16:49.912 31954 32239 V IJKMEDIA: stream 0, sample 192, dts 7640000
02-02 17:16:49.912 31954 32239 V IJKMEDIA: stream 1, sample 311, dts 7221406
02-02 17:16:49.912 31954 32239 V IJKMEDIA: stream 0, sample 192, dts 7640000
02-02 17:16:49.912 31954 32239 V IJKMEDIA: stream 1, sample 312, dts 7244626
02-02 17:16:49.912 31954 32239 V IJKMEDIA: stream 0, sample 192, dts 7640000
02-02 17:16:49.912 31954 32239 V IJKMEDIA: stream 1, sample 313, dts 7267846
02-02 17:16:49.912 31954 32239 V IJKMEDIA: stream 0, sample 192, dts 7640000
02-02 17:16:49.912 31954 32239 V IJKMEDIA: stream 1, sample 314, dts 7291066
02-02 17:16:49.912 31954 32239 V IJKMEDIA: stream 0, sample 192, dts 7640000
02-02 17:16:49.912 31954 32239 V IJKMEDIA: stream 1, sample 315, dts 7314286
02-02 17:16:49.912 31954 32239 V IJKMEDIA: stream 0, sample 192, dts 7640000
02-02 17:16:49.912 31954 32239 V IJKMEDIA: stream 1, sample 316, dts 7337506
02-02 17:16:49.912 31954 32239 V IJKMEDIA: stream 0, sample 192, dts 7640000
02-02 17:16:49.912 31954 32239 V IJKMEDIA: stream 1, sample 317, dts 7360726
02-02 17:16:49.912 31954 32239 V IJKMEDIA: stream 0, sample 192, dts 7640000
02-02 17:16:49.912 31954 32239 V IJKMEDIA: stream 1, sample 318, dts 7383946
02-02 17:16:49.912 31954 32239 V IJKMEDIA: stream 0, sample 192, dts 7640000
02-02 17:16:49.912 31954 32239 V IJKMEDIA: stream 1, sample 319, dts 7407166
02-02 17:16:49.912 31954 32239 V IJKMEDIA: stream 0, sample 192, dts 7640000
02-02 17:16:49.912 31954 32239 V IJKMEDIA: stream 1, sample 320, dts 7430385
02-02 17:16:49.912 31954 32239 V IJKMEDIA: stream 0, sample 192, dts 7640000
02-02 17:16:49.912 31954 32239 V IJKMEDIA: stream 1, sample 321, dts 7453605
02-02 17:16:49.912 31954 32239 V IJKMEDIA: stream 0, sample 192, dts 7640000
02-02 17:16:49.912 31954 32239 V IJKMEDIA: stream 1, sample 322, dts 7476825
02-02 17:16:49.912 31954 32239 V IJKMEDIA: stream 0, sample 192, dts 7640000
02-02 17:16:49.912 31954 32239 V IJKMEDIA: stream 1, sample 323, dts 7500045
02-02 17:16:49.912 31954 32239 V IJKMEDIA: stream 0, sample 192, dts 7640000
02-02 17:16:49.912 31954 32239 V IJKMEDIA: stream 1, sample 324, dts 7523265
02-02 17:16:49.912 31954 32239 V IJKMEDIA: stream 0, sample 192, dts 7640000
02-02 17:16:49.912 31954 32239 V IJKMEDIA: stream 1, sample 325, dts 7546485
02-02 17:16:49.912 31954 32239 V IJKMEDIA: stream 0, sample 192, dts 7640000
02-02 17:16:49.912 31954 32239 V IJKMEDIA: stream 1, sample 326, dts 7569705
02-02 17:16:49.912 31954 32239 V IJKMEDIA: stream 0, sample 192, dts 7640000
02-02 17:16:49.912 31954 32239 V IJKMEDIA: stream 1, sample 327, dts 7592925
02-02 17:16:49.912 31954 32239 V IJKMEDIA: stream 0, sample 192, dts 7640000
02-02 17:16:49.912 31954 32239 V IJKMEDIA: stream 1, sample 328, dts 7616145
02-02 17:16:49.912 31954 32239 V IJKMEDIA: stream 0, sample 192, dts 7640000
02-02 17:16:49.912 31954 32239 V IJKMEDIA: stream 1, sample 329, dts 7639365
02-02 17:16:49.912 31954 32239 V IJKMEDIA: stream 0, sample 193, dts 7680000
02-02 17:16:49.912 31954 32239 V IJKMEDIA: stream 1, sample 329, dts 7639365
02-02 17:16:49.912 31954 32239 V IJKMEDIA: stream 0, sample 194, dts 7720000
02-02 17:16:49.912 31954 32239 V IJKMEDIA: stream 1, sample 329, dts 7639365
02-02 17:16:49.912 31954 32239 V IJKMEDIA: stream 0, sample 195, dts 7760000
02-02 17:16:49.912 31954 32239 V IJKMEDIA: stream 1, sample 329, dts 7639365
02-02 17:16:49.912 31954 32239 V IJKMEDIA: stream 0, sample 196, dts 7800000
02-02 17:16:49.912 31954 32239 V IJKMEDIA: stream 1, sample 329, dts 7639365
02-02 17:16:49.912 31954 32239 V IJKMEDIA: stream 0, sample 197, dts 7840000
02-02 17:16:49.912 31954 32239 V IJKMEDIA: stream 1, sample 329, dts 7639365
02-02 17:16:49.918 31954 32251 D IJKMEDIA: nal_unit_type: 1, nal_ref_idc: 0
02-02 17:16:49.918 31954 32239 V IJKMEDIA: stream 0, sample 198, dts 7880000
02-02 17:16:49.918 31954 32239 V IJKMEDIA: stream 1, sample 329, dts 7639365
02-02 17:16:49.918 31954 32239 V IJKMEDIA: stream 0, sample 199, dts 7920000
02-02 17:16:49.918 31954 32239 V IJKMEDIA: stream 1, sample 329, dts 7639365
02-02 17:16:49.918 31954 32239 V IJKMEDIA: stream 0, sample 200, dts 7960000
02-02 17:16:49.918 31954 32239 V IJKMEDIA: stream 1, sample 329, dts 7639365
02-02 17:16:49.918 31954 32239 V IJKMEDIA: stream 0, sample 201, dts 8000000
02-02 17:16:49.918 31954 32239 V IJKMEDIA: stream 1, sample 329, dts 7639365
02-02 17:16:49.918 31954 32239 V IJKMEDIA: stream 0, sample 202, dts 8040000
02-02 17:16:49.918 31954 32239 V IJKMEDIA: stream 1, sample 329, dts 7639365
02-02 17:16:49.918 31954 32239 V IJKMEDIA: stream 0, sample 203, dts 8080000
02-02 17:16:49.918 31954 32239 V IJKMEDIA: stream 1, sample 329, dts 7639365
02-02 17:16:49.918 31954 32239 V IJKMEDIA: stream 0, sample 204, dts 8120000
02-02 17:16:49.918 31954 32239 V IJKMEDIA: stream 1, sample 329, dts 7639365
02-02 17:16:49.918 31954 32239 V IJKMEDIA: stream 0, sample 204, dts 8120000
02-02 17:16:49.918 31954 32239 V IJKMEDIA: stream 1, sample 330, dts 7662585
02-02 17:16:49.918 31954 32239 V IJKMEDIA: stream 0, sample 204, dts 8120000
02-02 17:16:49.918 31954 32239 V IJKMEDIA: stream 1, sample 331, dts 7685805
02-02 17:16:49.919 31954 32239 V IJKMEDIA: stream 0, sample 204, dts 8120000
02-02 17:16:49.919 31954 32239 V IJKMEDIA: stream 1, sample 332, dts 7709025
02-02 17:16:49.919 31954 32239 V IJKMEDIA: stream 0, sample 204, dts 8120000
02-02 17:16:49.919 31954 32239 V IJKMEDIA: stream 1, sample 333, dts 7732245
02-02 17:16:49.919 31954 32239 V IJKMEDIA: stream 0, sample 204, dts 8120000
02-02 17:16:49.919 31954 32239 V IJKMEDIA: stream 1, sample 334, dts 7755465
02-02 17:16:49.919 31954 32239 V IJKMEDIA: stream 0, sample 204, dts 8120000
02-02 17:16:49.919 31954 32239 V IJKMEDIA: stream 1, sample 335, dts 7778685
02-02 17:16:49.919 31954 32239 V IJKMEDIA: stream 0, sample 204, dts 8120000
02-02 17:16:49.919 31954 32239 V IJKMEDIA: stream 1, sample 336, dts 7801905
02-02 17:16:49.919 31954 32239 V IJKMEDIA: stream 0, sample 204, dts 8120000
02-02 17:16:49.919 31954 32239 V IJKMEDIA: stream 1, sample 337, dts 7825125
02-02 17:16:49.919 31954 32239 V IJKMEDIA: stream 0, sample 204, dts 8120000
02-02 17:16:49.919 31954 32239 V IJKMEDIA: stream 1, sample 338, dts 7848345
02-02 17:16:49.919 31954 32239 V IJKMEDIA: stream 0, sample 204, dts 8120000
02-02 17:16:49.919 31954 32239 V IJKMEDIA: stream 1, sample 339, dts 7871565
02-02 17:16:49.919 31954 32239 V IJKMEDIA: stream 0, sample 204, dts 8120000
02-02 17:16:49.919 31954 32239 V IJKMEDIA: stream 1, sample 340, dts 7894785
02-02 17:16:49.919 31954 32239 V IJKMEDIA: stream 0, sample 204, dts 8120000
02-02 17:16:49.919 31954 32239 V IJKMEDIA: stream 1, sample 341, dts 7918005
02-02 17:16:49.919 31954 32239 V IJKMEDIA: stream 0, sample 204, dts 8120000
02-02 17:16:49.919 31954 32239 V IJKMEDIA: stream 1, sample 342, dts 7941224
02-02 17:16:49.919 31954 32239 V IJKMEDIA: stream 0, sample 204, dts 8120000
02-02 17:16:49.919 31954 32239 V IJKMEDIA: stream 1, sample 343, dts 7964444
02-02 17:16:49.919 31954 32239 V IJKMEDIA: stream 0, sample 204, dts 8120000
02-02 17:16:49.919 31954 32239 V IJKMEDIA: stream 1, sample 344, dts 7987664
02-02 17:16:49.919 31954 32239 V IJKMEDIA: stream 0, sample 204, dts 8120000
02-02 17:16:49.919 31954 32239 V IJKMEDIA: stream 1, sample 345, dts 8010884
02-02 17:16:49.919 31954 32239 V IJKMEDIA: stream 0, sample 204, dts 8120000
02-02 17:16:49.919 31954 32239 V IJKMEDIA: stream 1, sample 346, dts 8034104
02-02 17:16:49.919 31954 32239 V IJKMEDIA: stream 0, sample 204, dts 8120000
02-02 17:16:49.919 31954 32239 V IJKMEDIA: stream 1, sample 347, dts 8057324
02-02 17:16:49.919 31954 32239 V IJKMEDIA: stream 0, sample 204, dts 8120000
02-02 17:16:49.919 31954 32239 V IJKMEDIA: stream 1, sample 348, dts 8080544
02-02 17:16:49.919 31954 32239 V IJKMEDIA: stream 0, sample 204, dts 8120000
02-02 17:16:49.919 31954 32239 V IJKMEDIA: stream 1, sample 349, dts 8103764
02-02 17:16:49.919 31954 32239 V IJKMEDIA: stream 0, sample 205, dts 8160000
02-02 17:16:49.920 31954 32239 V IJKMEDIA: stream 1, sample 349, dts 8103764
02-02 17:16:49.920 31954 32239 V IJKMEDIA: stream 0, sample 206, dts 8200000
02-02 17:16:49.920 31954 32239 V IJKMEDIA: stream 1, sample 349, dts 8103764
02-02 17:16:49.920 31954 32239 V IJKMEDIA: stream 0, sample 207, dts 8240000
02-02 17:16:49.920 31954 32239 V IJKMEDIA: stream 1, sample 349, dts 8103764
02-02 17:16:49.920 31954 32239 V IJKMEDIA: stream 0, sample 208, dts 8280000
02-02 17:16:49.920 31954 32239 V IJKMEDIA: stream 1, sample 349, dts 8103764
02-02 17:16:49.920 31954 32239 V IJKMEDIA: stream 0, sample 209, dts 8320000
02-02 17:16:49.920 31954 32239 V IJKMEDIA: stream 1, sample 349, dts 8103764
02-02 17:16:49.920 31954 32239 V IJKMEDIA: stream 0, sample 210, dts 8360000
02-02 17:16:49.920 31954 32239 V IJKMEDIA: stream 1, sample 349, dts 8103764
02-02 17:16:49.920 31954 32239 V IJKMEDIA: stream 0, sample 211, dts 8400000
02-02 17:16:49.920 31954 31954 E SensorManager: Qcd registerListenerImpl,
name :icm40607_acctype :1delayUs :200000use
byandroid.view.OrientationEventListener$SensorEventListenerImpl
02-02 17:16:49.920 31954 32239 V IJKMEDIA: stream 1, sample 349, dts 8103764
02-02 17:16:49.920 31954 32239 V IJKMEDIA: stream 0, sample 212, dts 8440000
02-02 17:16:49.920 31954 32239 V IJKMEDIA: stream 1, sample 349, dts 8103764
02-02 17:16:49.920 31954 32252 D IJKMEDIA: nal_unit_type: 1, nal_ref_idc: 1
02-02 17:16:49.923 31954 32253 D IJKMEDIA: nal_unit_type: 1, nal_ref_idc: 1
02-02 17:16:49.924 31954 32237 D IJKMEDIA: FFP_MSG_VIDEO_SIZE_CHANGED: 1280, 720
02-02 17:16:49.925 31954 32254 D IJKMEDIA: SDL_VoutFFmpeg_CreateOverlay(w=1280,
h=720, fmt=RV32(0x32335652, dp=0x9f5df620)
02-02 17:16:49.925 31954 32239 V IJKMEDIA: stream 0, sample 213, dts 8480000
02-02 17:16:49.925 31954 32239 V IJKMEDIA: stream 1, sample 349, dts 8103764
02-02 17:16:49.925 31954 32239 V IJKMEDIA: stream 0, sample 214, dts 8520000
02-02 17:16:49.925 31954 32245 D IJKMEDIA: nal_unit_type: 1, nal_ref_idc: 0
02-02 17:16:49.927 31954 32239 V IJKMEDIA: stream 1, sample 349, dts 8103764
02-02 17:16:49.927 31954 32239 V IJKMEDIA: stream 0, sample 215, dts 8560000
02-02 17:16:49.927 31954 31954 E SensorManager: Qcd unregisterListenerImpl,
by:android.view.OrientationEventListener$SensorEventListenerImpl
02-02 17:16:49.927 31954 32239 V IJKMEDIA: stream 1, sample 349, dts 8103764
02-02 17:16:49.927 31954 32239 V IJKMEDIA: stream 0, sample 216, dts 8600000
02-02 17:16:49.927 31954 32239 V IJKMEDIA: stream 1, sample 349, dts 8103764
02-02 17:16:49.927 31954 32239 V IJKMEDIA: stream 0, sample 216, dts 8600000
02-02 17:16:49.927 31954 32239 V IJKMEDIA: stream 1, sample 350, dts 8126984
02-02 17:16:49.927 31954 32239 V IJKMEDIA: stream 0, sample 216, dts 8600000
02-02 17:16:49.927 31954 32239 V IJKMEDIA: stream 1, sample 351, dts 8150204
02-02 17:16:49.927 31954 32239 V IJKMEDIA: stream 0, sample 216, dts 8600000
02-02 17:16:49.927 31954 32239 V IJKMEDIA: stream 1, sample 352, dts 8173424
02-02 17:16:49.927 31954 32239 V IJKMEDIA: stream 0, sample 216, dts 8600000
02-02 17:16:49.927 31954 32239 V IJKMEDIA: stream 1, sample 353, dts 8196644
02-02 17:16:49.927 31954 32239 V IJKMEDIA: stream 0, sample 216, dts 8600000
02-02 17:16:49.927 31954 32239 V IJKMEDIA: stream 1, sample 354, dts 8219864
02-02 17:16:49.927 31954 32239 V IJKMEDIA: stream 0, sample 216, dts 8600000
02-02 17:16:49.927 31954 32239 V IJKMEDIA: stream 1, sample 355, dts 8243084
02-02 17:16:49.927 31954 32239 V IJKMEDIA: stream 0, sample 216, dts 8600000
02-02 17:16:49.927 31954 32239 V IJKMEDIA: stream 1, sample 356, dts 8266304
02-02 17:16:49.927 31954 32239 V IJKMEDIA: stream 0, sample 216, dts 8600000
02-02 17:16:49.927 31954 32239 V IJKMEDIA: stream 1, sample 357, dts 8289524
02-02 17:16:49.927 31954 32239 V IJKMEDIA: stream 0, sample 216, dts 8600000
02-02 17:16:49.927 31954 32239 V IJKMEDIA: stream 1, sample 358, dts 8312744
02-02 17:16:49.927 31954 32239 V IJKMEDIA: stream 0, sample 216, dts 8600000
02-02 17:16:49.927 31954 32239 V IJKMEDIA: stream 1, sample 359, dts 8335964
02-02 17:16:49.927 31954 32239 V IJKMEDIA: stream 0, sample 216, dts 8600000
02-02 17:16:49.927 31954 32239 V IJKMEDIA: stream 1, sample 360, dts 8359184
02-02 17:16:49.927 31954 32239 V IJKMEDIA: stream 0, sample 216, dts 8600000
02-02 17:16:49.927 31954 32239 V IJKMEDIA: stream 1, sample 361, dts 8382404
02-02 17:16:49.927 31954 32239 V IJKMEDIA: stream 0, sample 216, dts 8600000
02-02 17:16:49.927 31954 32239 V IJKMEDIA: stream 1, sample 362, dts 8405624
02-02 17:16:49.927 31954 32239 V IJKMEDIA: stream 0, sample 216, dts 8600000
02-02 17:16:49.927 31954 32239 V IJKMEDIA: stream 1, sample 363, dts 8428844
02-02 17:16:49.927 31954 32239 V IJKMEDIA: stream 0, sample 216, dts 8600000
02-02 17:16:49.927 31954 32239 V IJKMEDIA: stream 1, sample 364, dts 8452063
02-02 17:16:49.927 31954 32239 V IJKMEDIA: stream 0, sample 216, dts 8600000
02-02 17:16:49.927 31954 32239 V IJKMEDIA: stream 1, sample 365, dts 8475283
02-02 17:16:49.927 31954 32239 V IJKMEDIA: stream 0, sample 216, dts 8600000
02-02 17:16:49.927 31954 32239 V IJKMEDIA: stream 1, sample 366, dts 8498503
02-02 17:16:49.927 31954 32239 V IJKMEDIA: stream 0, sample 216, dts 8600000
02-02 17:16:49.927 31954 32239 V IJKMEDIA: stream 1, sample 367, dts 8521723
02-02 17:16:49.927 31954 32239 V IJKMEDIA: stream 0, sample 216, dts 8600000
02-02 17:16:49.927 31954 32239 V IJKMEDIA: stream 1, sample 368, dts 8544943
02-02 17:16:49.927 31954 32239 V IJKMEDIA: stream 0, sample 216, dts 8600000
02-02 17:16:49.927 31954 32239 V IJKMEDIA: stream 1, sample 369, dts 8568163
02-02 17:16:49.928 31954 32239 V IJKMEDIA: stream 0, sample 217, dts 8640000
02-02 17:16:49.928 31954 32239 V IJKMEDIA: stream 1, sample 369, dts 8568163
02-02 17:16:49.928 31954 32239 V IJKMEDIA: stream 0, sample 218, dts 8680000
02-02 17:16:49.928 31954 32239 V IJKMEDIA: stream 1, sample 369, dts 8568163
02-02 17:16:49.928 31954 32239 V IJKMEDIA: stream 0, sample 219, dts 8720000
02-02 17:16:49.928 31954 32239 V IJKMEDIA: stream 1, sample 369, dts 8568163
02-02 17:16:49.928 31954 32239 V IJKMEDIA: stream 0, sample 220, dts 8760000
02-02 17:16:49.928 31954 32239 V IJKMEDIA: stream 1, sample 369, dts 8568163
02-02 17:16:49.928 31954 32239 V IJKMEDIA: stream 0, sample 221, dts 8800000
02-02 17:16:49.928 31954 32239 V IJKMEDIA: stream 1, sample 369, dts 8568163
02-02 17:16:49.928 31954 32239 V IJKMEDIA: stream 0, sample 222, dts 8840000
02-02 17:16:49.928 31954 32239 V IJKMEDIA: stream 1, sample 369, dts 8568163
02-02 17:16:49.929 31954 32239 V IJKMEDIA: stream 0, sample 223, dts 8880000
02-02 17:16:49.929 31954 32239 V IJKMEDIA: stream 1, sample 369, dts 8568163
02-02 17:16:49.929 31954 32239 V IJKMEDIA: stream 0, sample 224, dts 8920000
02-02 17:16:49.929 31954 32239 V IJKMEDIA: stream 1, sample 369, dts 8568163
02-02 17:16:49.929 31954 32239 V IJKMEDIA: stream 0, sample 225, dts 8960000
02-02 17:16:49.929 31954 32239 V IJKMEDIA: stream 1, sample 369, dts 8568163
02-02 17:16:49.929 31954 32239 V IJKMEDIA: stream 0, sample 226, dts 9000000
02-02 17:16:49.929 31954 32239 V IJKMEDIA: stream 1, sample 369, dts 8568163
02-02 17:16:49.929 31954 32239 V IJKMEDIA: stream 0, sample 227, dts 9040000
02-02 17:16:49.929 31954 32239 V IJKMEDIA: stream 1, sample 369, dts 8568163
02-02 17:16:49.929 31954 32239 V IJKMEDIA: stream 0, sample 227, dts 9040000
02-02 17:16:49.929 31954 32239 V IJKMEDIA: stream 1, sample 370, dts 8591383
02-02 17:16:49.929 31954 32239 V IJKMEDIA: stream 0, sample 227, dts 9040000
02-02 17:16:49.929 31954 32239 V IJKMEDIA: stream 1, sample 371, dts 8614603
02-02 17:16:49.929 31954 32239 V IJKMEDIA: stream 0, sample 227, dts 9040000
02-02 17:16:49.929 31954 32239 V IJKMEDIA: stream 1, sample 372, dts 8637823
02-02 17:16:49.929 31954 32239 V IJKMEDIA: stream 0, sample 227, dts 9040000
02-02 17:16:49.929 31954 32239 V IJKMEDIA: stream 1, sample 373, dts 8661043
02-02 17:16:49.929 31954 32239 V IJKMEDIA: stream 0, sample 227, dts 9040000
02-02 17:16:49.929 31954 32239 V IJKMEDIA: stream 1, sample 374, dts 8684263
02-02 17:16:49.929 31954 32239 V IJKMEDIA: stream 0, sample 227, dts 9040000
02-02 17:16:49.929 31954 32239 V IJKMEDIA: stream 1, sample 375, dts 8707483
02-02 17:16:49.929 31954 32239 V IJKMEDIA: stream 0, sample 227, dts 9040000
02-02 17:16:49.929 31954 32239 V IJKMEDIA: stream 1, sample 376, dts 8730703
02-02 17:16:49.929 31954 32239 V IJKMEDIA: stream 0, sample 227, dts 9040000
02-02 17:16:49.929 31954 32239 V IJKMEDIA: stream 1, sample 377, dts 8753923
02-02 17:16:49.929 31954 32239 V IJKMEDIA: stream 0, sample 227, dts 9040000
02-02 17:16:49.929 31954 32239 V IJKMEDIA: stream 1, sample 378, dts 8777143
02-02 17:16:49.929 31954 32239 V IJKMEDIA: stream 0, sample 227, dts 9040000
02-02 17:16:49.929 31954 32239 V IJKMEDIA: stream 1, sample 379, dts 8800363
02-02 17:16:49.929 31954 32239 V IJKMEDIA: stream 0, sample 227, dts 9040000
02-02 17:16:49.929 31954 32239 V IJKMEDIA: stream 1, sample 380, dts 8823583
02-02 17:16:49.929 31954 32239 V IJKMEDIA: stream 0, sample 227, dts 9040000
02-02 17:16:49.929 31954 32239 V IJKMEDIA: stream 1, sample 381, dts 8846803
02-02 17:16:49.929 31954 32239 V IJKMEDIA: stream 0, sample 227, dts 9040000
02-02 17:16:49.929 31954 32239 V IJKMEDIA: stream 1, sample 382, dts 8870023
02-02 17:16:49.929 31954 32239 V IJKMEDIA: stream 0, sample 227, dts 9040000
02-02 17:16:49.929 31954 32239 V IJKMEDIA: stream 1, sample 383, dts 8893243
02-02 17:16:49.929 31954 32239 V IJKMEDIA: stream 0, sample 227, dts 9040000
02-02 17:16:49.929 31954 32239 V IJKMEDIA: stream 1, sample 384, dts 8916463
02-02 17:16:49.929 31954 32239 V IJKMEDIA: stream 0, sample 227, dts 9040000
02-02 17:16:49.929 31954 32239 V IJKMEDIA: stream 1, sample 385, dts 8939683
02-02 17:16:49.929 31954 32239 V IJKMEDIA: stream 0, sample 227, dts 9040000
02-02 17:16:49.929 31954 32239 V IJKMEDIA: stream 1, sample 386, dts 8962902
02-02 17:16:49.929 31954 32239 V IJKMEDIA: stream 0, sample 227, dts 9040000
02-02 17:16:49.929 31954 32239 V IJKMEDIA: stream 1, sample 387, dts 8986122
02-02 17:16:49.929 31954 32239 V IJKMEDIA: stream 0, sample 227, dts 9040000
02-02 17:16:49.929 31954 32239 V IJKMEDIA: stream 1, sample 388, dts 9009342
02-02 17:16:49.929 31954 32239 V IJKMEDIA: stream 0, sample 227, dts 9040000
02-02 17:16:49.929 31954 32239 V IJKMEDIA: stream 1, sample 389, dts 9032562
02-02 17:16:49.929 31954 32239 V IJKMEDIA: stream 0, sample 228, dts 9080000
02-02 17:16:49.929 31954 32239 V IJKMEDIA: stream 1, sample 389, dts 9032562
02-02 17:16:49.929 31954 32239 V IJKMEDIA: stream 0, sample 229, dts 9120000
02-02 17:16:49.929 31954 32239 V IJKMEDIA: stream 1, sample 389, dts 9032562
02-02 17:16:49.929 31954 32239 V IJKMEDIA: stream 0, sample 230, dts 9160000
02-02 17:16:49.929 31954 32239 V IJKMEDIA: stream 1, sample 389, dts 9032562
02-02 17:16:49.929 31954 32239 V IJKMEDIA: stream 0, sample 231, dts 9200000
02-02 17:16:49.929 31954 32239 V IJKMEDIA: stream 1, sample 389, dts 9032562
02-02 17:16:49.929 31954 32239 V IJKMEDIA: stream 0, sample 232, dts 9240000
02-02 17:16:49.929 31954 32239 V IJKMEDIA: stream 1, sample 389, dts 9032562
02-02 17:16:49.930 31954 32239 V IJKMEDIA: stream 0, sample 233, dts 9280000
02-02 17:16:49.930 31954 32239 V IJKMEDIA: stream 1, sample 389, dts 9032562
02-02 17:16:49.930 31954 32239 V IJKMEDIA: stream 0, sample 234, dts 9320000
02-02 17:16:49.930 31954 32239 V IJKMEDIA: stream 1, sample 389, dts 9032562
02-02 17:16:49.930 31954 32239 V IJKMEDIA: stream 0, sample 235, dts 9360000
02-02 17:16:49.930 31954 32239 V IJKMEDIA: stream 1, sample 389, dts 9032562
02-02 17:16:49.930 31954 32239 V IJKMEDIA: stream 0, sample 236, dts 9400000
02-02 17:16:49.930 31954 32239 V IJKMEDIA: stream 1, sample 389, dts 9032562
02-02 17:16:49.930 31954 32239 V IJKMEDIA: stream 0, sample 237, dts 9440000
02-02 17:16:49.930 31954 32239 V IJKMEDIA: stream 1, sample 389, dts 9032562
02-02 17:16:49.930 31954 32239 V IJKMEDIA: stream 0, sample 238, dts 9480000
02-02 17:16:49.930 31954 32239 V IJKMEDIA: stream 1, sample 389, dts 9032562
02-02 17:16:49.930 31954 32239 V IJKMEDIA: stream 0, sample 238, dts 9480000
02-02 17:16:49.930 31954 32239 V IJKMEDIA: stream 1, sample 390, dts 9055782
02-02 17:16:49.930 31954 32239 V IJKMEDIA: stream 0, sample 238, dts 9480000
02-02 17:16:49.930 31954 32239 V IJKMEDIA: stream 1, sample 391, dts 9079002
02-02 17:16:49.930 31954 32239 V IJKMEDIA: stream 0, sample 238, dts 9480000
02-02 17:16:49.930 31954 32239 V IJKMEDIA: stream 1, sample 392, dts 9102222
02-02 17:16:49.930 31954 32239 V IJKMEDIA: stream 0, sample 238, dts 9480000
02-02 17:16:49.930 31954 32239 V IJKMEDIA: stream 1, sample 393, dts 9125442
02-02 17:16:49.930 31954 32239 V IJKMEDIA: stream 0, sample 238, dts 9480000
02-02 17:16:49.930 31954 32239 V IJKMEDIA: stream 1, sample 394, dts 9148662
02-02 17:16:49.930 31954 32239 V IJKMEDIA: stream 0, sample 238, dts 9480000
02-02 17:16:49.930 31954 32239 V IJKMEDIA: stream 1, sample 395, dts 9171882
02-02 17:16:49.930 31954 32239 V IJKMEDIA: stream 0, sample 238, dts 9480000
02-02 17:16:49.930 31954 32239 V IJKMEDIA: stream 1, sample 396, dts 9195102
02-02 17:16:49.930 31954 32239 V IJKMEDIA: stream 0, sample 238, dts 9480000
02-02 17:16:49.930 31954 32239 V IJKMEDIA: stream 1, sample 397, dts 9218322
02-02 17:16:49.930 31954 32239 V IJKMEDIA: stream 0, sample 238, dts 9480000
02-02 17:16:49.930 31954 32239 V IJKMEDIA: stream 1, sample 398, dts 9241542
02-02 17:16:49.930 31954 32239 V IJKMEDIA: stream 0, sample 238, dts 9480000
02-02 17:16:49.930 31954 32239 V IJKMEDIA: stream 1, sample 399, dts 9264762
02-02 17:16:49.930 31954 32239 V IJKMEDIA: stream 0, sample 238, dts 9480000
02-02 17:16:49.930 31954 32239 V IJKMEDIA: stream 1, sample 400, dts 9287982
02-02 17:16:49.930 31954 32239 V IJKMEDIA: stream 0, sample 238, dts 9480000
02-02 17:16:49.930 31954 32239 V IJKMEDIA: stream 1, sample 401, dts 9311202
02-02 17:16:49.930 31954 32239 V IJKMEDIA: stream 0, sample 238, dts 9480000
02-02 17:16:49.930 31954 32239 V IJKMEDIA: stream 1, sample 402, dts 9334422
02-02 17:16:49.930 31954 32239 V IJKMEDIA: stream 0, sample 238, dts 9480000
02-02 17:16:49.930 31954 32239 V IJKMEDIA: stream 1, sample 403, dts 9357642
02-02 17:16:49.930 31954 32239 V IJKMEDIA: stream 0, sample 238, dts 9480000
02-02 17:16:49.930 31954 32239 V IJKMEDIA: stream 1, sample 404, dts 9380862
02-02 17:16:49.930 31954 32239 V IJKMEDIA: stream 0, sample 238, dts 9480000
02-02 17:16:49.930 31954 32239 V IJKMEDIA: stream 1, sample 405, dts 9404082
02-02 17:16:49.930 31954 32239 V IJKMEDIA: stream 0, sample 238, dts 9480000
02-02 17:16:49.930 31954 32239 V IJKMEDIA: stream 1, sample 406, dts 9427302
02-02 17:16:49.930 31954 32239 V IJKMEDIA: stream 0, sample 238, dts 9480000
02-02 17:16:49.930 31954 32239 V IJKMEDIA: stream 1, sample 407, dts 9450522
02-02 17:16:49.930 31954 32239 V IJKMEDIA: stream 0, sample 238, dts 9480000
02-02 17:16:49.930 31954 32239 V IJKMEDIA: stream 1, sample 408, dts 9473741
02-02 17:16:49.930 31954 32239 V IJKMEDIA: stream 0, sample 238, dts 9480000
02-02 17:16:49.930 31954 32239 V IJKMEDIA: stream 1, sample 409, dts 9496961
02-02 17:16:49.930 31954 32239 V IJKMEDIA: stream 0, sample 239, dts 9520000
02-02 17:16:49.930 31954 32239 V IJKMEDIA: stream 1, sample 409, dts 9496961
02-02 17:16:49.930 31954 32239 V IJKMEDIA: stream 0, sample 240, dts 9560000
02-02 17:16:49.930 31954 32239 V IJKMEDIA: stream 1, sample 409, dts 9496961
02-02 17:16:49.930 31954 32239 V IJKMEDIA: stream 0, sample 241, dts 9600000
02-02 17:16:49.930 31954 32239 V IJKMEDIA: stream 1, sample 409, dts 9496961
02-02 17:16:49.930 31954 32239 V IJKMEDIA: stream 0, sample 242, dts 9640000
02-02 17:16:49.930 31954 32239 V IJKMEDIA: stream 1, sample 409, dts 9496961
02-02 17:16:49.930 31954 32239 V IJKMEDIA: stream 0, sample 243, dts 9680000
02-02 17:16:49.930 31954 32239 V IJKMEDIA: stream 1, sample 409, dts 9496961
02-02 17:16:49.930 31954 32239 V IJKMEDIA: stream 0, sample 244, dts 9720000
02-02 17:16:49.930 31954 32239 V IJKMEDIA: stream 1, sample 409, dts 9496961
02-02 17:16:49.930 31954 32239 V IJKMEDIA: stream 0, sample 245, dts 9760000
02-02 17:16:49.930 31954 32239 V IJKMEDIA: stream 1, sample 409, dts 9496961
02-02 17:16:49.930 31954 32239 V IJKMEDIA: stream 0, sample 246, dts 9800000
02-02 17:16:49.930 31954 32239 V IJKMEDIA: stream 1, sample 409, dts 9496961
02-02 17:16:49.930 31954 32239 V IJKMEDIA: stream 0, sample 247, dts 9840000
02-02 17:16:49.930 31954 32239 V IJKMEDIA: stream 1, sample 409, dts 9496961
02-02 17:16:49.930 31954 32239 V IJKMEDIA: stream 0, sample 248, dts 9880000
02-02 17:16:49.930 31954 32239 V IJKMEDIA: stream 1, sample 409, dts 9496961
02-02 17:16:49.930 31954 32239 V IJKMEDIA: stream 0, sample 249, dts 9920000
02-02 17:16:49.930 31954 32239 V IJKMEDIA: stream 1, sample 409, dts 9496961
02-02 17:16:49.930 31954 32239 V IJKMEDIA: stream 0, sample 249, dts 9920000
02-02 17:16:49.930 31954 32239 V IJKMEDIA: stream 1, sample 410, dts 9520181
02-02 17:16:49.930 31954 32239 V IJKMEDIA: stream 0, sample 249, dts 9920000
02-02 17:16:49.930 31954 32239 V IJKMEDIA: stream 1, sample 411, dts 9543401
02-02 17:16:49.930 31954 32239 V IJKMEDIA: stream 0, sample 249, dts 9920000
02-02 17:16:49.930 31954 32239 V IJKMEDIA: stream 1, sample 412, dts 9566621
02-02 17:16:49.930 31954 32239 V IJKMEDIA: stream 0, sample 249, dts 9920000
02-02 17:16:49.930 31954 32239 V IJKMEDIA: stream 1, sample 413, dts 9589841
02-02 17:16:49.931 31954 32239 V IJKMEDIA: stream 0, sample 249, dts 9920000
02-02 17:16:49.931 31954 32239 V IJKMEDIA: stream 1, sample 414, dts 9613061
02-02 17:16:49.931 31954 32239 V IJKMEDIA: stream 0, sample 249, dts 9920000
02-02 17:16:49.931 31954 32239 V IJKMEDIA: stream 1, sample 415, dts 9636281
02-02 17:16:49.931 31954 32239 V IJKMEDIA: stream 0, sample 249, dts 9920000
02-02 17:16:49.931 31954 32239 V IJKMEDIA: stream 1, sample 416, dts 9659501
02-02 17:16:49.931 31954 32239 V IJKMEDIA: stream 0, sample 249, dts 9920000
02-02 17:16:49.931 31954 32239 V IJKMEDIA: stream 1, sample 417, dts 9682721
02-02 17:16:49.931 31954 32239 V IJKMEDIA: stream 0, sample 249, dts 9920000
02-02 17:16:49.931 31954 32239 V IJKMEDIA: stream 1, sample 418, dts 9705941
02-02 17:16:49.931 31954 32239 V IJKMEDIA: stream 0, sample 249, dts 9920000
02-02 17:16:49.931 31954 32239 V IJKMEDIA: stream 1, sample 419, dts 9729161
02-02 17:16:49.931 31954 32239 V IJKMEDIA: stream 0, sample 249, dts 9920000
02-02 17:16:49.931 31954 32239 V IJKMEDIA: stream 1, sample 420, dts 9752381
02-02 17:16:49.931 31954 32239 V IJKMEDIA: stream 0, sample 249, dts 9920000
02-02 17:16:49.931 31954 32239 V IJKMEDIA: stream 1, sample 421, dts 9775601
02-02 17:16:49.931 31954 32239 V IJKMEDIA: stream 0, sample 249, dts 9920000
02-02 17:16:49.931 31954 32239 V IJKMEDIA: stream 1, sample 422, dts 9798821
02-02 17:16:49.931 31954 32239 V IJKMEDIA: stream 0, sample 249, dts 9920000
02-02 17:16:49.931 31954 32239 V IJKMEDIA: stream 1, sample 423, dts 9822041
02-02 17:16:49.931 31954 32239 V IJKMEDIA: stream 0, sample 249, dts 9920000
02-02 17:16:49.931 31954 32239 V IJKMEDIA: stream 1, sample 424, dts 9845261
02-02 17:16:49.931 31954 32239 V IJKMEDIA: stream 0, sample 249, dts 9920000
02-02 17:16:49.931 31954 32239 V IJKMEDIA: stream 1, sample 425, dts 9868481
02-02 17:16:49.931 31954 32239 V IJKMEDIA: stream 0, sample 249, dts 9920000
02-02 17:16:49.931 31954 32239 V IJKMEDIA: stream 1, sample 426, dts 9891701
02-02 17:16:49.931 31954 32239 V IJKMEDIA: stream 0, sample 249, dts 9920000
02-02 17:16:49.931 31954 32239 V IJKMEDIA: stream 1, sample 427, dts 9914921
02-02 17:16:49.931 31954 32239 V IJKMEDIA: stream 0, sample 249, dts 9920000
02-02 17:16:49.931 31954 32239 V IJKMEDIA: stream 1, sample 428, dts 9938141
02-02 17:16:49.931 31954 32239 V IJKMEDIA: stream 0, sample 249, dts 9920000
02-02 17:16:49.931 31954 32239 V IJKMEDIA: stream 1, sample 429, dts 9961361
02-02 17:16:49.931 31954 32239 V IJKMEDIA: stream 0, sample 250, dts 9960000
02-02 17:16:49.931 31954 32239 V IJKMEDIA: stream 1, sample 429, dts 9961361
02-02 17:16:49.931 31954 32254 D IJKMEDIA: Video: first frame decoded
02-02 17:16:49.931 31954 32239 V IJKMEDIA: stream 0, sample 251, dts 10000000
02-02 17:16:49.931 31954 32239 V IJKMEDIA: stream 1, sample 429, dts 9961361
02-02 17:16:49.931 31954 32237 D IJKMEDIA: FFP_MSG_VIDEO_DECODED_START:
02-02 17:16:49.931 31954 32239 V IJKMEDIA: stream 0, sample 252, dts 10040000
02-02 17:16:49.931 31954 32239 V IJKMEDIA: stream 1, sample 429, dts 9961361
02-02 17:16:49.931 31954 32239 V IJKMEDIA: stream 0, sample 253, dts 10080000
02-02 17:16:49.931 31954 32239 V IJKMEDIA: stream 1, sample 429, dts 9961361
02-02 17:16:49.931 31954 32239 V IJKMEDIA: stream 0, sample 254, dts 10120000
02-02 17:16:49.931 31954 32239 V IJKMEDIA: stream 1, sample 429, dts 9961361
02-02 17:16:49.931 31954 32239 V IJKMEDIA: stream 0, sample 255, dts 10160000
02-02 17:16:49.931 31954 32239 V IJKMEDIA: stream 1, sample 429, dts 9961361
02-02 17:16:49.931 31954 32237 D IJKMEDIA: FFP_MSG_VIDEO_SIZE_CHANGED: 1280, 720
02-02 17:16:49.931 31954 32246 D IJKMEDIA: nal_unit_type: 1, nal_ref_idc: 1
02-02 17:16:49.931 31954 32254 D IJKMEDIA: SDL_VoutFFmpeg_CreateOverlay(w=1280,
h=720, fmt=RV32(0x32335652, dp=0x9f5df620)
02-02 17:16:49.931 31954 31954 E SensorManager: Qcd registerListenerImpl,
name :icm40607_acctype :1delayUs :200000use
byandroid.view.OrientationEventListener$SensorEventListenerImpl
02-02 17:16:49.931 31954 32239 V IJKMEDIA: stream 0, sample 256, dts 10200000
02-02 17:16:49.931 31954 32239 V IJKMEDIA: stream 1, sample 429, dts 9961361
02-02 17:16:49.935 31954 32239 D IJKMEDIA: ffp_toggle_buffering_l: end
02-02 17:16:49.936 31954 32239 V IJKMEDIA: stream 0, sample 257, dts 10240000
02-02 17:16:49.936 31954 32237 D IJKMEDIA: FFP_MSG_BUFFERING_END:
02-02 17:16:49.936 31954 32243 D AudioTrack: start(658): 0x96b58700, prior
state:STATE_PAUSED
02-02 17:16:49.936 31954 32239 V IJKMEDIA: stream 1, sample 429, dts 9961361
02-02 17:16:49.936 31954 32239 V IJKMEDIA: stream 0, sample 258, dts 10280000
02-02 17:16:49.936 31954 32239 V IJKMEDIA: stream 1, sample 429, dts 9961361
02-02 17:16:49.936 31954 32239 V IJKMEDIA: stream 0, sample 259, dts 10320000
02-02 17:16:49.936 31954 32239 V IJKMEDIA: stream 1, sample 429, dts 9961361
02-02 17:16:49.936 31954 32239 V IJKMEDIA: stream 0, sample 260, dts 10360000
02-02 17:16:49.936 31954 32239 V IJKMEDIA: stream 1, sample 429, dts 9961361
02-02 17:16:49.936 31954 32239 V IJKMEDIA: stream 0, sample 261, dts 10400000
02-02 17:16:49.936 31954 32239 V IJKMEDIA: stream 1, sample 429, dts 9961361
02-02 17:16:49.936 31954 32239 V IJKMEDIA: stream 0, sample 261, dts 10400000
02-02 17:16:49.936 31954 32239 V IJKMEDIA: stream 1, sample 430, dts 9984580
02-02 17:16:49.936 31954 32239 V IJKMEDIA: stream 0, sample 261, dts 10400000
02-02 17:16:49.936 31954 32239 V IJKMEDIA: stream 1, sample 431, dts 10007800
02-02 17:16:49.936 31954 32239 V IJKMEDIA: stream 0, sample 261, dts 10400000
02-02 17:16:49.936 31954 32239 V IJKMEDIA: stream 1, sample 432, dts 10031020
02-02 17:16:49.936 31954 32239 V IJKMEDIA: stream 0, sample 261, dts 10400000
02-02 17:16:49.936 31954 32239 V IJKMEDIA: stream 1, sample 433, dts 10054240
02-02 17:16:49.936 31954 32239 V IJKMEDIA: stream 0, sample 261, dts 10400000
02-02 17:16:49.936 31954 32239 V IJKMEDIA: stream 1, sample 434, dts 10077460
02-02 17:16:49.936 31954 32239 V IJKMEDIA: stream 0, sample 261, dts 10400000
02-02 17:16:49.936 31954 32239 V IJKMEDIA: stream 1, sample 435, dts 10100680
02-02 17:16:49.936 31954 32239 V IJKMEDIA: stream 0, sample 261, dts 10400000
02-02 17:16:49.936 31954 32239 V IJKMEDIA: stream 1, sample 436, dts 10123900
02-02 17:16:49.936 31954 32239 V IJKMEDIA: stream 0, sample 261, dts 10400000
02-02 17:16:49.936 31954 32239 V IJKMEDIA: stream 1, sample 437, dts 10147120
02-02 17:16:49.936 31954 32239 V IJKMEDIA: stream 0, sample 261, dts 10400000
02-02 17:16:49.936 31954 32239 V IJKMEDIA: stream 1, sample 438, dts 10170340
02-02 17:16:49.936 31954 32239 V IJKMEDIA: stream 0, sample 261, dts 10400000
02-02 17:16:49.936 31954 32239 V IJKMEDIA: stream 1, sample 439, dts 10193560
02-02 17:16:49.937 31954 32239 V IJKMEDIA: stream 0, sample 261, dts 10400000
02-02 17:16:49.937 31954 32239 V IJKMEDIA: stream 1, sample 440, dts 10216780
02-02 17:16:49.937 31954 32239 V IJKMEDIA: stream 0, sample 261, dts 10400000
02-02 17:16:49.937 31954 32239 V IJKMEDIA: stream 1, sample 441, dts 10240000
02-02 17:16:49.937 31954 32239 V IJKMEDIA: stream 0, sample 261, dts 10400000
02-02 17:16:49.937 31954 32239 V IJKMEDIA: stream 1, sample 442, dts 10263220
02-02 17:16:49.937 31954 32239 V IJKMEDIA: stream 0, sample 261, dts 10400000
02-02 17:16:49.937 31954 32239 V IJKMEDIA: stream 1, sample 443, dts 10286440
02-02 17:16:49.937 31954 32239 V IJKMEDIA: stream 0, sample 261, dts 10400000
02-02 17:16:49.937 31954 32239 V IJKMEDIA: stream 1, sample 444, dts 10309660
02-02 17:16:49.937 31954 32239 V IJKMEDIA: stream 0, sample 261, dts 10400000
02-02 17:16:49.937 31954 32239 V IJKMEDIA: stream 1, sample 445, dts 10332880
02-02 17:16:49.937 31954 32239 V IJKMEDIA: stream 0, sample 261, dts 10400000
02-02 17:16:49.937 31954 32239 V IJKMEDIA: stream 1, sample 446, dts 10356100
02-02 17:16:49.937 31954 32239 V IJKMEDIA: stream 0, sample 261, dts 10400000
02-02 17:16:49.937 31954 32239 V IJKMEDIA: stream 1, sample 447, dts 10379320
02-02 17:16:49.937 31954 32239 V IJKMEDIA: stream 0, sample 261, dts 10400000
02-02 17:16:49.937 31954 32239 V IJKMEDIA: stream 1, sample 448, dts 10402540
02-02 17:16:49.937 31954 32239 V IJKMEDIA: stream 0, sample 261, dts 10400000
02-02 17:16:49.937 31954 32239 V IJKMEDIA: stream 1, sample 449, dts 10425760
02-02 17:16:49.937 31954 32239 V IJKMEDIA: stream 0, sample 262, dts 10440000
02-02 17:16:49.937 31954 32239 V IJKMEDIA: stream 1, sample 449, dts 10425760
02-02 17:16:49.937 31954 32239 V IJKMEDIA: stream 0, sample 263, dts 10480000
02-02 17:16:49.937 31954 32239 V IJKMEDIA: stream 1, sample 449, dts 10425760
02-02 17:16:49.937 31954 32239 V IJKMEDIA: stream 0, sample 264, dts 10520000
02-02 17:16:49.937 31954 32239 V IJKMEDIA: stream 1, sample 449, dts 10425760
02-02 17:16:49.937 31954 32239 V IJKMEDIA: stream 0, sample 265, dts 10560000
02-02 17:16:49.937 31954 32239 V IJKMEDIA: stream 1, sample 449, dts 10425760
02-02 17:16:49.937 31954 32239 V IJKMEDIA: stream 0, sample 266, dts 10600000
02-02 17:16:49.937 31954 32239 V IJKMEDIA: stream 1, sample 449, dts 10425760
02-02 17:16:49.937 31954 32239 V IJKMEDIA: stream 0, sample 267, dts 10640000
02-02 17:16:49.937 31954 32239 V IJKMEDIA: stream 1, sample 449, dts 10425760
02-02 17:16:49.937 31954 32239 V IJKMEDIA: stream 0, sample 268, dts 10680000
02-02 17:16:49.937 31954 32239 V IJKMEDIA: stream 1, sample 449, dts 10425760
02-02 17:16:49.937 31954 32239 V IJKMEDIA: stream 0, sample 269, dts 10720000
02-02 17:16:49.937 31954 32239 V IJKMEDIA: stream 1, sample 449, dts 10425760
02-02 17:16:49.937 31954 32239 V IJKMEDIA: stream 0, sample 270, dts 10760000
02-02 17:16:49.937 31954 32239 V IJKMEDIA: stream 1, sample 449, dts 10425760
02-02 17:16:49.937 31954 32239 V IJKMEDIA: stream 0, sample 271, dts 10800000
02-02 17:16:49.937 31954 32239 V IJKMEDIA: stream 1, sample 449, dts 10425760
02-02 17:16:49.937 31954 32239 V IJKMEDIA: stream 0, sample 272, dts 10840000
02-02 17:16:49.937 31954 32239 V IJKMEDIA: stream 1, sample 449, dts 10425760
02-02 17:16:49.937 31954 32239 V IJKMEDIA: stream 0, sample 273, dts 10880000
02-02 17:16:49.937 31954 32239 V IJKMEDIA: stream 1, sample 449, dts 10425760
02-02 17:16:49.937 31954 32239 V IJKMEDIA: stream 0, sample 273, dts 10880000
02-02 17:16:49.937 31954 32239 V IJKMEDIA: stream 1, sample 450, dts 10448980
02-02 17:16:49.937 31954 32239 V IJKMEDIA: stream 0, sample 273, dts 10880000
02-02 17:16:49.937 31954 32239 V IJKMEDIA: stream 1, sample 451, dts 10472200
02-02 17:16:49.937 31954 32239 V IJKMEDIA: stream 0, sample 273, dts 10880000
02-02 17:16:49.937 31954 32239 V IJKMEDIA: stream 1, sample 452, dts 10495420
02-02 17:16:49.937 31954 32239 V IJKMEDIA: stream 0, sample 273, dts 10880000
02-02 17:16:49.937 31954 32239 V IJKMEDIA: stream 1, sample 453, dts 10518639
02-02 17:16:49.937 31954 32239 V IJKMEDIA: stream 0, sample 273, dts 10880000
02-02 17:16:49.937 31954 32239 V IJKMEDIA: stream 1, sample 454, dts 10541859
02-02 17:16:49.937 31954 32239 V IJKMEDIA: stream 0, sample 273, dts 10880000
02-02 17:16:49.937 31954 32239 V IJKMEDIA: stream 1, sample 455, dts 10565079
02-02 17:16:49.937 31954 32239 V IJKMEDIA: stream 0, sample 273, dts 10880000
02-02 17:16:49.937 31954 32239 V IJKMEDIA: stream 1, sample 456, dts 10588299
02-02 17:16:49.937 31954 32239 V IJKMEDIA: stream 0, sample 273, dts 10880000
02-02 17:16:49.937 31954 32239 V IJKMEDIA: stream 1, sample 457, dts 10611519
02-02 17:16:49.937 31954 32239 V IJKMEDIA: stream 0, sample 273, dts 10880000
02-02 17:16:49.937 31954 32239 V IJKMEDIA: stream 1, sample 458, dts 10634739
02-02 17:16:49.937 31954 32239 V IJKMEDIA: stream 0, sample 273, dts 10880000
02-02 17:16:49.937 31954 32239 V IJKMEDIA: stream 1, sample 459, dts 10657959
02-02 17:16:49.937 31954 32239 V IJKMEDIA: stream 0, sample 273, dts 10880000
02-02 17:16:49.937 31954 32239 V IJKMEDIA: stream 1, sample 460, dts 10681179
02-02 17:16:49.937 31954 32239 V IJKMEDIA: stream 0, sample 273, dts 10880000
02-02 17:16:49.937 31954 32239 V IJKMEDIA: stream 1, sample 461, dts 10704399
02-02 17:16:49.937 31954 32239 V IJKMEDIA: stream 0, sample 273, dts 10880000
02-02 17:16:49.937 31954 32239 V IJKMEDIA: stream 1, sample 462, dts 10727619
02-02 17:16:49.937 31954 32239 V IJKMEDIA: stream 0, sample 273, dts 10880000
02-02 17:16:49.937 31954 32239 V IJKMEDIA: stream 1, sample 463, dts 10750839
02-02 17:16:49.937 31954 32239 V IJKMEDIA: stream 0, sample 273, dts 10880000
02-02 17:16:49.937 31954 32239 V IJKMEDIA: stream 1, sample 464, dts 10774059
02-02 17:16:49.937 31954 32239 V IJKMEDIA: stream 0, sample 273, dts 10880000
02-02 17:16:49.937 31954 32239 V IJKMEDIA: stream 1, sample 465, dts 10797279
02-02 17:16:49.937 31954 32239 V IJKMEDIA: stream 0, sample 273, dts 10880000
02-02 17:16:49.937 31954 32239 V IJKMEDIA: stream 1, sample 466, dts 10820499
02-02 17:16:49.937 31954 32239 V IJKMEDIA: stream 0, sample 273, dts 10880000
02-02 17:16:49.937 31954 32239 V IJKMEDIA: stream 1, sample 467, dts 10843719
02-02 17:16:49.937 31954 32239 V IJKMEDIA: stream 0, sample 273, dts 10880000
02-02 17:16:49.937 31954 32239 V IJKMEDIA: stream 1, sample 468, dts 10866939
02-02 17:16:49.937 31954 32239 V IJKMEDIA: stream 0, sample 273, dts 10880000
02-02 17:16:49.937 31954 32239 V IJKMEDIA: stream 1, sample 469, dts 10890159
02-02 17:16:49.937 31954 32239 V IJKMEDIA: stream 0, sample 274, dts 10920000
02-02 17:16:49.937 31954 32239 V IJKMEDIA: stream 1, sample 469, dts 10890159
02-02 17:16:49.937 31954 32239 V IJKMEDIA: stream 0, sample 275, dts 10960000
02-02 17:16:49.937 31954 32239 V IJKMEDIA: stream 1, sample 469, dts 10890159
02-02 17:16:49.937 31954 32239 V IJKMEDIA: stream 0, sample 276, dts 11000000
02-02 17:16:49.937 31954 32239 V IJKMEDIA: stream 1, sample 469, dts 10890159
02-02 17:16:49.937 31954 32239 V IJKMEDIA: stream 0, sample 277, dts 11040000
02-02 17:16:49.937 31954 32239 V IJKMEDIA: stream 1, sample 469, dts 10890159
02-02 17:16:49.937 31954 32239 V IJKMEDIA: stream 0, sample 278, dts 11080000
02-02 17:16:49.937 31954 32239 V IJKMEDIA: stream 1, sample 469, dts 10890159
02-02 17:16:49.937 31954 32239 V IJKMEDIA: stream 0, sample 279, dts 11120000
02-02 17:16:49.937 31954 32239 V IJKMEDIA: stream 1, sample 469, dts 10890159
02-02 17:16:49.937 31954 32239 V IJKMEDIA: stream 0, sample 280, dts 11160000
02-02 17:16:49.937 31954 32239 V IJKMEDIA: stream 1, sample 469, dts 10890159
02-02 17:16:49.938 31954 32239 V IJKMEDIA: stream 0, sample 281, dts 11200000
02-02 17:16:49.938 31954 32239 V IJKMEDIA: stream 1, sample 469, dts 10890159
02-02 17:16:49.938 31954 32239 V IJKMEDIA: stream 0, sample 282, dts 11240000
02-02 17:16:49.938 31954 32239 V IJKMEDIA: stream 1, sample 469, dts 10890159
02-02 17:16:49.938 31954 32239 V IJKMEDIA: stream 0, sample 283, dts 11280000
02-02 17:16:49.938 31954 32239 V IJKMEDIA: stream 1, sample 469, dts 10890159
02-02 17:16:49.938 31954 32239 V IJKMEDIA: stream 0, sample 284, dts 11320000
02-02 17:16:49.938 31954 32239 V IJKMEDIA: stream 1, sample 469, dts 10890159
02-02 17:16:49.938 31954 32239 V IJKMEDIA: stream 0, sample 285, dts 11360000
02-02 17:16:49.938 31954 32239 V IJKMEDIA: stream 1, sample 469, dts 10890159
02-02 17:16:49.938 31954 32243 D IJKMEDIA: Using fltp internally between filters
02-02 17:16:49.938 31954 32243 D IJKMEDIA: avcodec/Audio: first frame decoded
02-02 17:16:49.938 31954 32237 D IJKMEDIA: FFP_MSG_AUDIO_DECODED_START:
02-02 17:16:49.938 31954 32239 V IJKMEDIA: stream 0, sample 285, dts 11360000
02-02 17:16:49.938 31954 32239 V IJKMEDIA: stream 1, sample 470, dts 10913379
02-02 17:16:49.938 31954 32239 V IJKMEDIA: stream 0, sample 285, dts 11360000
02-02 17:16:49.938 31954 32239 V IJKMEDIA: stream 1, sample 471, dts 10936599
02-02 17:16:49.938 31954 32239 V IJKMEDIA: stream 0, sample 285, dts 11360000
02-02 17:16:49.938 31954 32239 V IJKMEDIA: stream 1, sample 472, dts 10959819
02-02 17:16:49.938 31954 32239 V IJKMEDIA: stream 0, sample 285, dts 11360000
02-02 17:16:49.938 31954 32239 V IJKMEDIA: stream 1, sample 473, dts 10983039
02-02 17:16:49.938 31954 32239 V IJKMEDIA: stream 0, sample 285, dts 11360000
02-02 17:16:49.938 31954 32239 V IJKMEDIA: stream 1, sample 474, dts 11006259
02-02 17:16:49.938 31954 32239 V IJKMEDIA: stream 0, sample 285, dts 11360000
02-02 17:16:49.938 31954 32239 V IJKMEDIA: stream 1, sample 475, dts 11029478
02-02 17:16:49.938 31954 32239 V IJKMEDIA: stream 0, sample 285, dts 11360000
02-02 17:16:49.938 31954 32239 V IJKMEDIA: stream 1, sample 476, dts 11052698
02-02 17:16:49.938 31954 32239 V IJKMEDIA: stream 0, sample 285, dts 11360000
02-02 17:16:49.938 31954 32239 V IJKMEDIA: stream 1, sample 477, dts 11075918
02-02 17:16:49.938 31954 32239 V IJKMEDIA: stream 0, sample 285, dts 11360000
02-02 17:16:49.938 31954 32239 V IJKMEDIA: stream 1, sample 478, dts 11099138
02-02 17:16:49.938 31954 32239 V IJKMEDIA: stream 0, sample 285, dts 11360000
02-02 17:16:49.938 31954 32239 V IJKMEDIA: stream 1, sample 479, dts 11122358
02-02 17:16:49.938 31954 32239 V IJKMEDIA: stream 0, sample 285, dts 11360000
02-02 17:16:49.938 31954 32239 V IJKMEDIA: stream 1, sample 480, dts 11145578
02-02 17:16:49.938 31954 32239 V IJKMEDIA: stream 0, sample 285, dts 11360000
02-02 17:16:49.938 31954 32239 V IJKMEDIA: stream 1, sample 481, dts 11168798
02-02 17:16:49.938 31954 32239 V IJKMEDIA: stream 0, sample 285, dts 11360000
02-02 17:16:49.938 31954 32239 V IJKMEDIA: stream 1, sample 482, dts 11192018
02-02 17:16:49.938 31954 32239 V IJKMEDIA: stream 0, sample 285, dts 11360000
02-02 17:16:49.938 31954 32239 V IJKMEDIA: stream 1, sample 483, dts 11215238
