02-25 21:53:56.200 W/SystemConfig( 1648): ro.product.name = a11qub
02-25 21:53:56.200 W/SystemConfig( 1648): fname = a52qnseea
02-25 21:53:56.200 W/SystemConfig( 1648): ro.product.name = a11qub
02-25 21:53:56.200 W/SystemConfig( 1648): fname = a52qnsxx
02-25 21:53:56.200 W/SystemConfig( 1648): ro.product.name = a11qub
02-25 21:53:56.200 W/SystemConfig( 1648): fname = a52qnsser
02-25 21:53:56.200 W/SystemConfig( 1648): ro.product.name = a11qub
02-25 21:53:56.200 W/SystemConfig( 1648): fname = a52qub
02-25 21:53:56.200 W/SystemConfig( 1648): ro.product.name = a11qub
02-25 21:53:56.200 W/SystemConfig( 1648): fname = a52xque
02-25 21:53:56.200 W/SystemConfig( 1648): ro.product.name = a11qub
02-25 21:53:56.200 W/SystemConfig( 1648): fname = a52xqcs
02-25 21:53:56.200 W/SystemConfig( 1648): ro.product.name = a11qub
02-25 21:53:56.200 W/SystemConfig( 1648): fname = a52xqnaeea
02-25 21:53:56.200 W/SystemConfig( 1648): ro.product.name = a11qub
02-25 21:53:56.200 W/SystemConfig( 1648): fname = a52xqsq
02-25 21:53:56.200 W/SystemConfig( 1648): ro.product.name = a11qub
02-25 21:53:56.200 W/SystemConfig( 1648): fname = a52xqzh
02-25 21:53:56.201 W/SystemConfig( 1648): ro.product.name = a11qub
02-25 21:53:56.201 W/SystemConfig( 1648): fname = a52xqks
02-25 21:53:56.201 W/SystemConfig( 1648): ro.product.name = a11qub
02-25 21:53:56.201 W/SystemConfig( 1648): fname = a52xqnaxx
02-25 21:53:56.201 W/SystemConfig( 1648): ro.product.name = a11qub
02-25 21:53:56.201 W/SystemConfig( 1648): fname = SC-53B
02-25 21:53:56.201 W/SystemConfig( 1648): ro.product.name = a11qub
02-25 21:53:56.201 W/SystemConfig( 1648): fname = a52sxqeea
02-25 21:53:56.201 W/SystemConfig( 1648): ro.product.name = a11qub
02-25 21:53:56.201 W/SystemConfig( 1648): fname = a52sxqtur
02-25 21:53:56.201 W/SystemConfig( 1648): ro.product.name = a11qub
02-25 21:53:56.201 D/cdfinger( 1359): device_waitForFinger ret = 0
02-25 21:53:56.201 D/cdfinger( 1359): EventProcessThread case status:13
02-25 21:53:56.201 W/SystemConfig( 1648): fname = a52sxqser
02-25 21:53:56.201 D/cdfinger( 1359): Enter Switch Status, mCurStatus = 13
02-25 21:53:56.201 D/cdfinger( 1359): mCurStatus = 13 , nextStatus = 14
02-25 21:53:56.201 W/SystemConfig( 1648): ro.product.name = a11qub
02-25 21:53:56.201 W/SystemConfig( 1648): fname = a52sxqzt
02-25 21:53:56.201 W/SystemConfig( 1648): ro.product.name = a11qub
02-25 21:53:56.201 W/SystemConfig( 1648): fname = a52sxqxx
02-25 21:53:56.201 W/SystemConfig( 1648): ro.product.name = a11qub
02-25 21:53:56.201 W/SystemConfig( 1648): fname = a52sxqks
02-25 21:53:56.201 W/SystemConfig( 1648): ro.product.name = a11qub
02-25 21:53:56.201 W/SystemConfig( 1648): fname = r9sxtur
02-25 21:53:56.201 W/SystemConfig( 1648): ro.product.name = a11qub
02-25 21:53:56.201 W/SystemConfig( 1648): fname = r9sxxx
02-25 21:53:56.201 W/SystemConfig( 1648): ro.product.name = a11qub
02-25 21:53:56.201 W/SystemConfig( 1648): fname = r9qksx
02-25 21:53:56.201 W/SystemConfig( 1648): ro.product.name = a11qub
02-25 21:53:56.201 W/SystemConfig( 1648): fname = r9qxeea
02-25 21:53:56.201 W/SystemConfig( 1648): ro.product.name = a11qub
02-25 21:53:56.201 W/SystemConfig( 1648): fname = r9qxtur
02-25 21:53:56.201 W/SystemConfig( 1648): ro.product.name = a11qub
02-25 21:53:56.201 W/SystemConfig( 1648): fname = r9qxser
02-25 21:53:56.201 W/SystemConfig( 1648): ro.product.name = a11qub
02-25 21:53:56.201 W/SystemConfig( 1648): fname = r9qzh
02-25 21:53:56.201 W/SystemConfig( 1648): ro.product.name = a11qub
02-25 21:53:56.201 W/SystemConfig( 1648): fname = r9quew
02-25 21:53:56.201 W/SystemConfig( 1648): ro.product.name = a11qub
02-25 21:53:56.201 W/SystemConfig( 1648): fname = r9qxxx
02-25 21:53:56.201 W/SystemConfig( 1648): ro.product.name = a11qub
02-25 21:53:56.201 W/SystemConfig( 1648): fname = r9qcsx
02-25 21:53:56.201 W/SystemConfig( 1648): ro.product.name = a11qub
02-25 21:53:56.201 W/SystemConfig( 1648): fname = r9qsqw
02-25 21:53:56.201 W/SystemConfig( 1648): ro.product.name = a11qub
02-25 21:53:56.201 W/SystemConfig( 1648): fname = r9q2xser
02-25 21:53:56.202 W/SystemConfig( 1648): ro.product.name = a11qub
02-25 21:53:56.202 W/SystemConfig( 1648): fname = r9q2xxx
02-25 21:53:56.202 W/SystemConfig( 1648): ro.product.name = a11qub
02-25 21:53:56.202 W/SystemConfig( 1648): fname = r9q2xeea
02-25 21:53:56.202 W/SystemConfig( 1648): ro.product.name = a11qub
02-25 21:53:56.202 W/SystemConfig( 1648): fname = r9q2sqw
02-25 21:53:56.202 W/SystemConfig( 1648): ro.product.name = a11qub
02-25 21:53:56.202 W/SystemConfig( 1648): fname = a32ub
02-25 21:53:56.202 W/SystemConfig( 1648): ro.product.name = a11qub
02-25 21:53:56.202 W/SystemConfig( 1648): fname = a32ks
02-25 21:53:56.202 W/SystemConfig( 1648): ro.product.name = a11qub
02-25 21:53:56.202 W/SystemConfig( 1648): fname = a32eea
02-25 21:53:56.202 W/SystemConfig( 1648): ro.product.name = a11qub
02-25 21:53:56.202 W/SystemConfig( 1648): fname = a32tur
02-25 21:53:56.202 W/SystemConfig( 1648): ro.product.name = a11qub
02-25 21:53:56.202 W/SystemConfig( 1648): fname = a32ser
02-25 21:53:56.202 W/SystemConfig( 1648): ro.product.name = a11qub
02-25 21:53:56.202 W/SystemConfig( 1648): fname = a32xx
02-25 21:53:56.202 W/SystemConfig( 1648): ro.product.name = a11qub
02-25 21:53:56.202 W/SystemConfig( 1648): fname = a32xxx
02-25 21:53:56.202 W/SystemConfig( 1648): ro.product.name = a11qub
02-25 21:53:56.202 W/SystemConfig( 1648): fname = a32xcs
02-25 21:53:56.202 W/SystemConfig( 1648): ro.product.name = a11qub
02-25 21:53:56.202 W/SystemConfig( 1648): fname = a32xeea
02-25 21:53:56.202 W/SystemConfig( 1648): ro.product.name = a11qub
02-25 21:53:56.202 W/SystemConfig( 1648): fname = a32xue
02-25 21:53:56.202 W/SystemConfig( 1648): ro.product.name = a11qub
02-25 21:53:56.202 W/SystemConfig( 1648): fname = a32xtfn
02-25 21:53:56.202 W/SystemConfig( 1648): ro.product.name = a11qub
02-25 21:53:56.202 W/SystemConfig( 1648): fname = a32xzh
02-25 21:53:56.202 W/SystemConfig( 1648): ro.product.name = a11qub
02-25 21:53:56.202 W/SystemConfig( 1648): fname = a32xsq
02-25 21:53:56.202 W/SystemConfig( 1648): ro.product.name = a11qub
02-25 21:53:56.202 W/SystemConfig( 1648): fname = SCG08_jp_kdi
02-25 21:53:56.202 W/SystemConfig( 1648): ro.product.name = a11qub
02-25 21:53:56.202 W/SystemConfig( 1648): fname = xcover5eea
02-25 21:53:56.202 W/SystemConfig( 1648): ro.product.name = a11qub
02-25 21:53:56.202 W/SystemConfig( 1648): fname = xcover5ser
02-25 21:53:56.202 W/SystemConfig( 1648): ro.product.name = a11qub
02-25 21:53:56.202 W/SystemConfig( 1648): fname = xcover5kx
02-25 21:53:56.202 W/SystemConfig( 1648): ro.product.name = a11qub
02-25 21:53:56.202 W/SystemConfig( 1648): fname = xcover5xx
02-25 21:53:56.202 I/ActivityManager( 1648): Memory class: 192
02-25 21:53:56.203 W/SystemConfig( 1648): ro.product.name = a11qub
02-25 21:53:56.203 W/SystemConfig( 1648): fname = gts7fewifixx
02-25 21:53:56.203 W/SystemConfig( 1648): ro.product.name = a11qub
02-25 21:53:56.203 W/SystemConfig( 1648): fname = gts7fewifitur
02-25 21:53:56.203 W/SystemConfig( 1648): ro.product.name = a11qub
02-25 21:53:56.203 W/SystemConfig( 1648): fname = gts7fewifieea
02-25 21:53:56.203 W/SystemConfig( 1648): ro.product.name = a11qub
02-25 21:53:56.203 W/SystemConfig( 1648): fname = gts7fewifiser
02-25 21:53:56.203 W/SystemConfig( 1648): ro.product.name = a11qub
02-25 21:53:56.203 W/SystemConfig( 1648): fname = gts7xllitexx
02-25 21:53:56.203 W/SystemConfig( 1648): ro.product.name = a11qub
02-25 21:53:56.203 W/SystemConfig( 1648): fname = gts7xlliteser
02-25 21:53:56.203 W/SystemConfig( 1648): ro.product.name = a11qub
02-25 21:53:56.203 W/SystemConfig( 1648): fname = gts7xllitexeea
02-25 21:53:56.203 W/SystemConfig( 1648): ro.product.name = a11qub
02-25 21:53:56.203 W/SystemConfig( 1648): fname = gts7xllitekx
02-25 21:53:56.203 W/SystemConfig( 1648): ro.product.name = a11qub
02-25 21:53:56.203 W/SystemConfig( 1648): fname = gts7xllitetur
02-25 21:53:56.203 W/SystemConfig( 1648): ro.product.name = a11qub
02-25 21:53:56.203 W/SystemConfig( 1648): fname = gts7xllitekxx
02-25 21:53:56.203 W/SystemConfig( 1648): ro.product.name = a11qub
02-25 21:53:56.203 W/SystemConfig( 1648): fname = gts7xllitesqwnc
02-25 21:53:56.203 W/SystemConfig( 1648): ro.product.name = a11qub
02-25 21:53:56.203 W/SystemConfig( 1648): fname = gts7xllitexxx
02-25 21:53:56.203 W/SystemConfig( 1648): ro.product.name = a11qub
02-25 21:53:56.203 W/SystemConfig( 1648): fname = gts7xllitesqw
02-25 21:53:56.203 W/SystemConfig( 1648): ro.product.name = a11qub
02-25 21:53:56.203 W/SystemConfig( 1648): fname = gts7xllitewifieea
02-25 21:53:56.203 W/SystemConfig( 1648): ro.product.name = a11qub
02-25 21:53:56.203 W/SystemConfig( 1648): fname = gts7xllitewifixx
02-25 21:53:56.203 W/SystemConfig( 1648): ro.product.name = a11qub
02-25 21:53:56.203 W/SystemConfig( 1648): fname = gts7xllitewifitur
02-25 21:53:56.203 W/SystemConfig( 1648): ro.product.name = a11qub
02-25 21:53:56.203 W/SystemConfig( 1648): fname = gts7xllitewifiser
02-25 21:53:56.203 W/SystemConfig( 1648): ro.product.name = a11qub
02-25 21:53:56.203 W/SystemConfig( 1648): fname = b0sxser
02-25 21:53:56.203 W/SystemConfig( 1648): ro.product.name = a11qub
02-25 21:53:56.203 W/SystemConfig( 1648): fname = b0sxtur
02-25 21:53:56.204 W/SystemConfig( 1648): ro.product.name = a11qub
02-25 21:53:56.204 W/SystemConfig( 1648): fname = b0sxxx
02-25 21:53:56.204 W/SystemConfig( 1648): ro.product.name = a11qub
02-25 21:53:56.204 W/SystemConfig( 1648): fname = b0sxeea
02-25 21:53:56.204 W/SystemConfig( 1648): ro.product.name = a11qub
02-25 21:53:56.204 W/SystemConfig( 1648): fname = b0sksx
02-25 21:53:56.204 W/SystemConfig( 1648): ro.product.name = a11qub
02-25 21:53:56.204 W/SystemConfig( 1648): fname = b0qksx
02-25 21:53:56.204 W/SystemConfig( 1648): ro.product.name = a11qub
02-25 21:53:56.204 W/SystemConfig( 1648): fname = b0quew
02-25 21:53:56.204 W/SystemConfig( 1648): ro.product.name = a11qub
02-25 21:53:56.204 W/SystemConfig( 1648): fname = b0qcsx
02-25 21:53:56.204 W/SystemConfig( 1648): ro.product.name = a11qub
02-25 21:53:56.204 W/SystemConfig( 1648): fname = b0qxxx
02-25 21:53:56.204 W/SystemConfig( 1648): ro.product.name = a11qub
02-25 21:53:56.204 W/SystemConfig( 1648): fname = b0qsqw
02-25 21:53:56.204 W/SystemConfig( 1648): ro.product.name = a11qub
02-25 21:53:56.204 W/SystemConfig( 1648): fname = b0qzhx
02-25 21:53:56.204 W/SystemConfig( 1648): ro.product.name = a11qub
02-25 21:53:56.204 W/SystemConfig( 1648): fname = b0qxtur
02-25 21:53:56.204 W/SystemConfig( 1648): ro.product.name = a11qub
02-25 21:53:56.204 W/SystemConfig( 1648): fname = SC-52C
02-25 21:53:56.204 W/SystemConfig( 1648): ro.product.name = a11qub
02-25 21:53:56.204 W/SystemConfig( 1648): fname = SCG14_jp_kdi
02-25 21:53:56.204 W/SystemConfig( 1648): ro.product.name = a11qub
02-25 21:53:56.204 W/SystemConfig( 1648): fname = r0sxxx
02-25 21:53:56.204 W/SystemConfig( 1648): ro.product.name = a11qub
02-25 21:53:56.204 W/SystemConfig( 1648): fname = r0sxeea
02-25 21:53:56.204 W/SystemConfig( 1648): ro.product.name = a11qub
02-25 21:53:56.204 W/SystemConfig( 1648): fname = r0sxtur
02-25 21:53:56.204 W/SystemConfig( 1648): ro.product.name = a11qub
02-25 21:53:56.204 W/SystemConfig( 1648): fname = r0sxser
02-25 21:53:56.204 W/SystemConfig( 1648): ro.product.name = a11qub
02-25 21:53:56.204 W/SystemConfig( 1648): fname = r0sksx
02-25 21:53:56.204 W/SystemConfig( 1648): ro.product.name = a11qub
02-25 21:53:56.204 W/SystemConfig( 1648): fname = r0qksx
02-25 21:53:56.204 W/SystemConfig( 1648): ro.product.name = a11qub
02-25 21:53:56.204 W/SystemConfig( 1648): fname = r0qxtur
02-25 21:53:56.204 W/SystemConfig( 1648): ro.product.name = a11qub
02-25 21:53:56.204 W/SystemConfig( 1648): fname = r0qcsx
02-25 21:53:56.204 W/SystemConfig( 1648): ro.product.name = a11qub
02-25 21:53:56.204 W/SystemConfig( 1648): fname = r0qzhx
02-25 21:53:56.204 W/SystemConfig( 1648): ro.product.name = a11qub
02-25 21:53:56.204 W/SystemConfig( 1648): fname = r0quew
02-25 21:53:56.204 W/SystemConfig( 1648): ro.product.name = a11qub
02-25 21:53:56.205 W/SystemConfig( 1648): fname = r0qsqw
02-25 21:53:56.205 W/SystemConfig( 1648): ro.product.name = a11qub
02-25 21:53:56.205 W/SystemConfig( 1648): fname = r0qxxx
02-25 21:53:56.205 W/SystemConfig( 1648): ro.product.name = a11qub
02-25 21:53:56.205 W/SystemConfig( 1648): fname = SC-51C
02-25 21:53:56.205 W/SystemConfig( 1648): ro.product.name = a11qub
02-25 21:53:56.205 W/SystemConfig( 1648): fname = SCG13_jp_kdi
02-25 21:53:56.205 W/SystemConfig( 1648): ro.product.name = a11qub
02-25 21:53:56.205 W/SystemConfig( 1648): fname = g0sxxx
02-25 21:53:56.205 W/SystemConfig( 1648): ro.product.name = a11qub
02-25 21:53:56.205 W/SystemConfig( 1648): fname = g0sxtur
02-25 21:53:56.205 W/SystemConfig( 1648): ro.product.name = a11qub
02-25 21:53:56.205 W/SystemConfig( 1648): fname = g0sxeea
02-25 21:53:56.205 W/SystemConfig( 1648): ro.product.name = a11qub
02-25 21:53:56.205 W/SystemConfig( 1648): fname = g0sxser
02-25 21:53:56.205 W/SystemConfig( 1648): ro.product.name = a11qub
02-25 21:53:56.205 W/SystemConfig( 1648): fname = g0sksx
02-25 21:53:56.205 W/SystemConfig( 1648): ro.product.name = a11qub
02-25 21:53:56.205 W/SystemConfig( 1648): fname = g0qksx
02-25 21:53:56.205 W/SystemConfig( 1648): ro.product.name = a11qub
02-25 21:53:56.205 W/SystemConfig( 1648): fname = g0quew
02-25 21:53:56.205 W/SystemConfig( 1648): ro.product.name = a11qub
02-25 21:53:56.205 W/SystemConfig( 1648): fname = g0qxtur
02-25 21:53:56.205 W/SystemConfig( 1648): ro.product.name = a11qub
02-25 21:53:56.205 W/SystemConfig( 1648): fname = g0qcsx
02-25 21:53:56.205 W/SystemConfig( 1648): ro.product.name = a11qub
02-25 21:53:56.205 W/SystemConfig( 1648): fname = g0qxxx
02-25 21:53:56.205 W/SystemConfig( 1648): ro.product.name = a11qub
02-25 21:53:56.205 W/SystemConfig( 1648): fname = g0qsqw
02-25 21:53:56.205 W/SystemConfig( 1648): ro.product.name = a11qub
02-25 21:53:56.205 W/SystemConfig( 1648): fname = g0qzhx
02-25 21:53:56.205 W/SystemConfig( 1648): ro.product.name = a11qub
02-25 21:53:56.205 W/SystemConfig( 1648): fname = gts8kxx
02-25 21:53:56.205 W/SystemConfig( 1648): ro.product.name = a11qub
02-25 21:53:56.205 W/SystemConfig( 1648): fname = gts8keea
02-25 21:53:56.205 W/SystemConfig( 1648): ro.product.name = a11qub
02-25 21:53:56.205 W/SystemConfig( 1648): fname = gts8xser
02-25 21:53:56.205 W/SystemConfig( 1648): ro.product.name = a11qub
02-25 21:53:56.205 W/SystemConfig( 1648): fname = gts8xeea
02-25 21:53:56.205 W/SystemConfig( 1648): ro.product.name = a11qub
02-25 21:53:56.205 W/SystemConfig( 1648): fname = gts8xxx
02-25 21:53:56.205 W/SystemConfig( 1648): ro.product.name = a11qub
02-25 21:53:56.205 W/SystemConfig( 1648): fname = gts8sq
02-25 21:53:56.205 W/SystemConfig( 1648): ro.product.name = a11qub
02-25 21:53:56.205 W/SystemConfig( 1648): fname = gts8wifiser
02-25 21:53:56.205 W/SystemConfig( 1648): ro.product.name = a11qub
02-25 21:53:56.206 W/SystemConfig( 1648): fname = gts8wifitur
02-25 21:53:56.206 W/SystemConfig( 1648): ro.product.name = a11qub
02-25 21:53:56.206 W/SystemConfig( 1648): fname = gts8wifixx
02-25 21:53:56.206 W/SystemConfig( 1648): ro.product.name = a11qub
02-25 21:53:56.206 W/SystemConfig( 1648): fname = gts8wifieea
02-25 21:53:56.206 W/SystemConfig( 1648): ro.product.name = a11qub
02-25 21:53:56.206 W/SystemConfig( 1648): fname = gts8pkxx
02-25 21:53:56.206 W/SystemConfig( 1648): ro.product.name = a11qub
02-25 21:53:56.206 W/SystemConfig( 1648): fname = gts8psqw
02-25 21:53:56.206 W/SystemConfig( 1648): ro.product.name = a11qub
02-25 21:53:56.206 W/SystemConfig( 1648): fname = gts8psqw
02-25 21:53:56.206 W/SystemConfig( 1648): ro.product.name = a11qub
02-25 21:53:56.206 W/SystemConfig( 1648): fname = gts8pxser
02-25 21:53:56.206 W/SystemConfig( 1648): ro.product.name = a11qub
02-25 21:53:56.206 W/SystemConfig( 1648): fname = gts8peea
02-25 21:53:56.206 W/SystemConfig( 1648): ro.product.name = a11qub
02-25 21:53:56.206 W/SystemConfig( 1648): fname = gts8pxx
02-25 21:53:56.206 W/SystemConfig( 1648): ro.product.name = a11qub
02-25 21:53:56.206 W/SystemConfig( 1648): fname = gts8pxeea
02-25 21:53:56.206 W/SystemConfig( 1648): ro.product.name = a11qub
02-25 21:53:56.206 W/SystemConfig( 1648): fname = gts8pxxx
02-25 21:53:56.206 W/SystemConfig( 1648): ro.product.name = a11qub
02-25 21:53:56.206 W/SystemConfig( 1648): fname = gts8psqwnc
02-25 21:53:56.206 W/SystemConfig( 1648): ro.product.name = a11qub
02-25 21:53:56.206 W/SystemConfig( 1648): fname = gts8pwifitur
02-25 21:53:56.206 W/SystemConfig( 1648): ro.product.name = a11qub
02-25 21:53:56.206 W/SystemConfig( 1648): fname = gts8pwifiser
02-25 21:53:56.206 W/SystemConfig( 1648): ro.product.name = a11qub
02-25 21:53:56.206 W/SystemConfig( 1648): fname = gts8pwifixx
02-25 21:53:56.206 W/SystemConfig( 1648): ro.product.name = a11qub
02-25 21:53:56.206 W/SystemConfig( 1648): fname = gts8pwifieea
02-25 21:53:56.206 W/SystemConfig( 1648): ro.product.name = a11qub
02-25 21:53:56.206 W/SystemConfig( 1648): fname = gts8ukxx
02-25 21:53:56.206 W/SystemConfig( 1648): ro.product.name = a11qub
02-25 21:53:56.206 W/SystemConfig( 1648): fname = gts8uxser
02-25 21:53:56.206 W/SystemConfig( 1648): ro.product.name = a11qub
02-25 21:53:56.206 W/SystemConfig( 1648): fname = gts8uxeea
02-25 21:53:56.206 W/SystemConfig( 1648): ro.product.name = a11qub
02-25 21:53:56.206 W/SystemConfig( 1648): fname = gts8uxxx
02-25 21:53:56.206 W/SystemConfig( 1648): ro.product.name = a11qub
02-25 21:53:56.206 W/SystemConfig( 1648): fname = gts8uwifiser
02-25 21:53:56.206 W/SystemConfig( 1648): ro.product.name = a11qub
02-25 21:53:56.206 W/SystemConfig( 1648): fname = gts8uwifitur
02-25 21:53:56.206 W/SystemConfig( 1648): ro.product.name = a11qub
02-25 21:53:56.207 W/SystemConfig( 1648): fname = gts8uwifieea
02-25 21:53:56.207 W/SystemConfig( 1648): ro.product.name = a11qub
02-25 21:53:56.207 W/SystemConfig( 1648): fname = gts8uwifixx
02-25 21:53:56.207 W/SystemConfig( 1648): ro.product.name = a11qub
02-25 21:53:56.207 W/SystemConfig( 1648): fname = a33xnndxx
02-25 21:53:56.207 W/SystemConfig( 1648): ro.product.name = a11qub
02-25 21:53:56.207 W/SystemConfig( 1648): fname = a33xnsdtur
02-25 21:53:56.207 W/SystemConfig( 1648): ro.product.name = a11qub
02-25 21:53:56.207 I/Binder ( 1648): Setting heavy hitter watcher config: false,
0, 0.0
02-25 21:53:56.207 W/SystemConfig( 1648): fname = a33xnsdxx
02-25 21:53:56.207 W/SystemConfig( 1648): ro.product.name = a11qub
02-25 21:53:56.207 W/SystemConfig( 1648): fname = a33xnndx
02-25 21:53:56.207 W/SystemConfig( 1648): ro.product.name = a11qub
02-25 21:53:56.207 W/SystemConfig( 1648): fname = a33xnsdx
02-25 21:53:56.207 W/SystemConfig( 1648): ro.product.name = a11qub
02-25 21:53:56.207 W/SystemConfig( 1648): fname = a33xub
02-25 21:53:56.207 W/SystemConfig( 1648): ro.product.name = a11qub
02-25 21:53:56.207 W/SystemConfig( 1648): fname = a33xks
02-25 21:53:56.207 W/SystemConfig( 1648): ro.product.name = a11qub
02-25 21:53:56.207 W/SystemConfig( 1648): fname = a33xzh
02-25 21:53:56.207 W/SystemConfig( 1648): ro.product.name = a11qub
02-25 21:53:56.207 W/SystemConfig( 1648): fname = a33xnsser
02-25 21:53:56.207 W/SystemConfig( 1648): ro.product.name = a11qub
02-25 21:53:56.207 W/SystemConfig( 1648): fname = a33xnsxx
02-25 21:53:56.207 W/SystemConfig( 1648): ro.product.name = a11qub
02-25 21:53:56.207 W/SystemConfig( 1648): fname = a33xnseea
02-25 21:53:56.207 W/SystemConfig( 1648): ro.product.name = a11qub
02-25 21:53:56.207 W/SystemConfig( 1648): fname = a53xtfn
02-25 21:53:56.207 W/SystemConfig( 1648): ro.product.name = a11qub
02-25 21:53:56.207 W/SystemConfig( 1648): fname = a53xzh
02-25 21:53:56.207 W/SystemConfig( 1648): ro.product.name = a11qub
02-25 21:53:56.207 W/SystemConfig( 1648): fname = a53xcsx
02-25 21:53:56.207 W/SystemConfig( 1648): ro.product.name = a11qub
02-25 21:53:56.207 W/SystemConfig( 1648): fname = a53xnaxx
02-25 21:53:56.207 W/SystemConfig( 1648): ro.product.name = a11qub
02-25 21:53:56.208 W/SystemConfig( 1648): fname = a53xksx
02-25 21:53:56.208 W/SystemConfig( 1648): ro.product.name = a11qub
02-25 21:53:56.208 W/SystemConfig( 1648): fname = a53xnsser
02-25 21:53:56.208 W/SystemConfig( 1648): ro.product.name = a11qub
02-25 21:53:56.208 W/SystemConfig( 1648): fname = a53xnstur
02-25 21:53:56.208 W/SystemConfig( 1648): ro.product.name = a11qub
02-25 21:53:56.208 W/SystemConfig( 1648): fname = a53xnsxx
02-25 21:53:56.208 W/SystemConfig( 1648): ro.product.name = a11qub
02-25 21:53:56.208 W/SystemConfig( 1648): fname = a53xsqx
02-25 21:53:56.208 W/SystemConfig( 1648): ro.product.name = a11qub
02-25 21:53:56.208 W/SystemConfig( 1648): fname = a53xsqw
02-25 21:53:56.208 W/SystemConfig( 1648): ro.product.name = a11qub
02-25 21:53:56.208 W/SystemConfig( 1648): fname = a53xnaeea
02-25 21:53:56.208 W/SystemConfig( 1648): ro.product.name = a11qub
02-25 21:53:56.208 W/SystemConfig( 1648): fname = a53xue
02-25 21:53:56.208 W/SystemConfig( 1648): ro.product.name = a11qub
02-25 21:53:56.208 W/SystemConfig( 1648): fname = SC-53C
02-25 21:53:56.208 W/SystemConfig( 1648): ro.product.name = a11qub
02-25 21:53:56.208 W/SystemConfig( 1648): fname = SCG15_jp_kdi
02-25 21:53:56.208 W/SystemConfig( 1648): ro.product.name = a11qub
02-25 21:53:56.208 W/SystemConfig( 1648): fname = xcoverpro2tur
02-25 21:53:56.208 W/SystemConfig( 1648): ro.product.name = a11qub
02-25 21:53:56.208 W/SystemConfig( 1648): fname = xcoverpro2eea
02-25 21:53:56.208 W/SystemConfig( 1648): ro.product.name = a11qub
02-25 21:53:56.208 W/SystemConfig( 1648): fname = xcoverpro2xx
02-25 21:53:56.208 W/SystemConfig( 1648): ro.product.name = a11qub
02-25 21:53:56.208 W/SystemConfig( 1648): fname = xcoverpro2sq
02-25 21:53:56.208 W/SystemConfig( 1648): ro.product.name = a11qub
02-25 21:53:56.208 W/SystemConfig( 1648): fname = q4qzhx
02-25 21:53:56.208 W/SystemConfig( 1648): ro.product.name = a11qub
02-25 21:53:56.208 W/SystemConfig( 1648): fname = q4qsqw
02-25 21:53:56.208 W/SystemConfig( 1648): ro.product.name = a11qub
02-25 21:53:56.208 W/SystemConfig( 1648): fname = b4qsqw
02-25 21:53:56.208 W/SystemConfig( 1648): ro.product.name = a11qub
02-25 21:53:56.209 I/SystemConfig( 1648): Reading permissions from
/product/etc/sysconfig/google-rollback-package-whitelist.xml
02-25 21:53:56.210 I/SystemConfig( 1648): Reading permissions from
/product/etc/sysconfig/google_turbo.xml
02-25 21:53:56.211 I/SystemConfig( 1648): Reading permissions from
/product/etc/sysconfig/google_duo.xml
02-25 21:53:56.211 I/SystemConfig( 1648): Reading permissions from
/product/etc/sysconfig/wellbeing.xml
02-25 21:53:56.212 I/SystemConfig( 1648): Reading permissions from
/product/etc/sysconfig/preinstalled-packages-platform-handheld-product.xml
02-25 21:53:56.213 I/SystemConfig( 1648): Reading permissions from
/product/etc/sysconfig/google.xml
02-25 21:53:56.214 I/SystemConfig( 1648): Adding association: com.google.android.as
<- com.android.bluetooth
02-25 21:53:56.214 I/SystemConfig( 1648): Adding association: com.google.android.as
<- com.android.providers.contacts
02-25 21:53:56.214 I/SystemConfig( 1648): Adding association: com.google.android.as
<- com.android.providers.media
02-25 21:53:56.214 I/SystemConfig( 1648): Adding association: com.google.android.as
<- com.android.providers.telephony
02-25 21:53:56.214 I/SystemConfig( 1648): Adding association: com.google.android.as
<- com.android.systemui
02-25 21:53:56.214 I/SystemConfig( 1648): Adding association: com.google.android.as
<- com.google.android.providers.media.module
02-25 21:53:56.214 I/SystemConfig( 1648): Adding association: com.google.android.as
<- com.google.android.as.oss
02-25 21:53:56.214 I/SystemConfig( 1648): Adding association:
com.google.android.as.oss <- com.google.android.as
02-25 21:53:56.214 I/SystemConfig( 1648): Reading permissions from
/product/etc/sysconfig/GoogleCellBroadcast_config.xml
02-25 21:53:56.215 I/SystemConfig( 1648): Reading permissions from
/product/etc/sysconfig/preinstalled-packages-platform-overlays.xml
02-25 21:53:56.218 I/SystemConfig( 1648): Reading permissions from
/product/etc/sysconfig/google-staged-installer-whitelist.xml
02-25 21:53:56.219 I/SystemConfig( 1648): Reading permissions from
/product/etc/sysconfig/carrierwifi-sysconfig.xml
02-25 21:53:56.219 E/SystemConfig( 1648): aer = false, f.getPath().contains = true
02-25 21:53:56.220 I/SystemConfig( 1648): Reading permissions from
/product/etc/permissions/turboapk-permissions.xml
02-25 21:53:56.221 I/SystemConfig( 1648): Reading permissions from
/product/etc/permissions/vendor.qti.hardware.data.connection-V1.0-java.xml
02-25 21:53:56.222 I/SystemConfig( 1648): Reading permissions from
/product/etc/permissions/privapp-permissions-google-product.xml
02-25 21:53:56.227 I/SystemConfig( 1648): Reading permissions from
/product/etc/permissions/carrierwifi.xml
02-25 21:53:56.228 I/SystemConfig( 1648): Reading permissions from
/product/etc/permissions/vendor.qti.hardware.data.connection-V1.1-java.xml
02-25 21:53:56.228 I/SystemConfig( 1648): Reading permissions from
/product/etc/permissions/split-permissions-google.xml
02-25 21:53:56.229 W/SystemConfig( 1648): No directory /system_ext/etc/sysconfig,
skipping
02-25 21:53:56.230 I/SystemConfig( 1648): Reading permissions from
/system_ext/etc/permissions/qti_telephony_utils.xml
02-25 21:53:56.232 I/SystemConfig( 1648): Reading permissions from
/system_ext/etc/permissions/qti_telephony_hidl_wrapper.xml
02-25 21:53:56.233 I/SystemConfig( 1648): Reading permissions from
/system_ext/etc/permissions/com.android.carrierconfig.xml
02-25 21:53:56.235 I/SystemConfig( 1648): Reading permissions from
/system_ext/etc/permissions/privapp-permissions-google-system-ext.xml
02-25 21:53:56.237 I/SystemConfig( 1648): Reading permissions from
/system_ext/etc/permissions/embms.xml
02-25 21:53:56.238 I/SystemConfig( 1648): Reading permissions from
/system_ext/etc/permissions/com.android.systemui.xml
02-25 21:53:56.239 D/cdfingerTA( 1359): CFP_NZ: FP_REQUEST_DETECT_FINGER [2]
02-25 21:53:56.239 D/cdfingerTA( 1359): configAGC agc = 0xe6, spend 8 ms, ret = 0
02-25 21:53:56.239 D/cdfingerTA( 1359): get image success 18554 20480
02-25 21:53:56.239 D/cdfingerTA( 1359): cfp_devCheckFinger nav down 0 138 138 0 82
0
02-25 21:53:56.239 D/cdfingerTA( 1359): cfp_calibrateKeyTrigger=0xd1 0
02-25 21:53:56.239 D/cdfingerTA( 1359): close move check, nConFlag 0, interFlag 0
02-25 21:53:56.239 D/cdfingerTA( 1359): CFP_NZ: FP_REQUEST_DETECT_FINGER, result =
128
02-25 21:53:56.240 E/libc ( 1359): Access denied finding property
"property.cdfinger.enablesave"
02-25 21:53:56.240 D/cdfinger( 1359): Enter Switch Status, mCurStatus = 14
02-25 21:53:56.240 D/cdfinger( 1359): mCurStatus = 14 , nextStatus = 13
02-25 21:53:56.240 D/cdfinger( 1359): REPORT_KEY: not finger or read image fail
02-25 21:53:56.240 D/cdfinger( 1359): EventProcessThread end,then check status 13
and global status 1
02-25 21:53:56.240 I/SystemConfig( 1648): Reading permissions from
/system_ext/etc/permissions/com.samsung.systemui.xml
02-25 21:53:56.241 D/cdfinger( 1359): EventProcessThread wait hal_Down! status:13
02-25 21:53:56.241 D/cdfinger( 1359): fingerprint wait for finger .
02-25 21:53:56.241 D/cdfinger( 1359): device_waitForFinger enter
02-25 21:53:56.242 I/SystemConfig( 1648): Reading permissions from
/system_ext/etc/permissions/qcrilhook.xml
02-25 21:53:56.243 I/SystemConfig( 1648): Reading permissions from
/system_ext/etc/permissions/privapp-permissions-qti-system-ext.xml
02-25 21:53:56.245 I/SystemConfig( 1648): Reading permissions from
/system_ext/etc/permissions/audiosphere.xml
02-25 21:53:56.246 I/SystemConfig( 1648): Reading permissions from
/system_ext/etc/permissions/izat.xt.srv.xml
02-25 21:53:56.248 I/SystemConfig( 1648): Reading permissions from
/system_ext/etc/permissions/com.android.storagemanager.xml
02-25 21:53:56.248 D/cdfinger( 1359): get screen status = 1, mode = 1
02-25 21:53:56.248 D/cdfinger( 1359): gotoCheckIrq no need check.
02-25 21:53:56.250 W/SystemConfig( 1648): No directory /system/carrier/sysconfig,
skipping
02-25 21:53:56.250 W/SystemConfig( 1648): No directory /system/carrier/permissions,
skipping
02-25 21:53:56.252 I/SystemConfig( 1648): Reading permissions from
/prism/etc/carriers/single/ZTO/sysconfig/whitelist_com.dti.samsung.xml
02-25 21:53:56.254 I/SystemConfig( 1648): Reading permissions from
/prism/etc/carriers/single/ZTO/permissions/privapp-permissions-com.dti.samsung.xml
02-25 21:53:56.264 D/cdfingerTA( 1359): CFP_NZ: FP_REQUEST_SETMODE, ChipID = 0X88
02-25 21:53:56.264 D/cdfingerTA( 1359): cdfinger_config_interrupt 0xd1, mode = [1]
02-25 21:53:56.264 D/cdfingerTA( 1359): CFP_NZ: FP_REQUEST_SETMODE [1] ret[0]
02-25 21:53:56.264 D/cdfinger( 1359): timeout_gap:3, check_gap:2
02-25 21:53:56.264 D/cdfinger( 1359): sem_wait : (0)
02-25 21:53:56.265 I/SystemConfig( 1648): Reading permissions from
/apex/com.android.permission/etc/permissions/privapp_allowlist_com.google.android.p
ermissioncontroller.xml
02-25 21:53:56.266 W/SystemConfig( 1648): <privapp-permissions> not allowed in
partition of
/apex/com.android.permission/etc/permissions/privapp_allowlist_com.google.android.p
ermissioncontroller.xml at START_TAG <privapp-permissions
package='com.google.android.permissioncontroller'>@18:76 in
java.io.FileReader@8f8e7d8
02-25 21:53:56.268 I/SystemConfig( 1648): Reading permissions from
/apex/com.android.tethering/etc/permissions/privapp_allowlist_com.google.android.ne
tworkstack.tethering.xml
02-25 21:53:56.269 W/SystemConfig( 1648): <privapp-permissions> not allowed in
partition of
/apex/com.android.tethering/etc/permissions/privapp_allowlist_com.google.android.ne
tworkstack.tethering.xml at START_TAG <privapp-permissions
package='com.google.android.networkstack.tethering'>@19:78 in
java.io.FileReader@41b1e16
02-25 21:53:56.271 I/SystemConfig( 1648): Reading permissions from
/apex/com.android.cellbroadcast/etc/permissions/privapp_allowlist_com.google.androi
d.cellbroadcastreceiver.xml
02-25 21:53:56.272 W/SystemConfig( 1648): <privapp-permissions> not allowed in
partition of
/apex/com.android.cellbroadcast/etc/permissions/privapp_allowlist_com.google.androi
d.cellbroadcastreceiver.xml at START_TAG <privapp-permissions
package='com.google.android.cellbroadcastreceiver'>@18:77 in
java.io.FileReader@900a984
02-25 21:53:56.272 D/RenderEngine( 1069): Shader cache generated 90 shaders in
6866.440918 ms
02-25 21:53:56.273 I/SystemConfig( 1648): Reading permissions from
/apex/com.android.cellbroadcast/etc/permissions/privapp_allowlist_com.google.androi
d.cellbroadcastservice.xml
02-25 21:53:56.274 W/SystemConfig( 1648): <privapp-permissions> not allowed in
partition of
/apex/com.android.cellbroadcast/etc/permissions/privapp_allowlist_com.google.androi
d.cellbroadcastservice.xml at START_TAG <privapp-permissions
package='com.google.android.cellbroadcastservice'>@18:76 in
java.io.FileReader@8a305a2
02-25 21:53:56.276 I/SystemConfig( 1648): Reading permissions from
/apex/com.android.mediaprovider/etc/permissions/privapp_allowlist_com.google.androi
d.providers.media.module.xml
02-25 21:53:56.277 W/SystemConfig( 1648): <privapp-permissions> not allowed in
partition of
/apex/com.android.mediaprovider/etc/permissions/privapp_allowlist_com.google.androi
d.providers.media.module.xml at START_TAG <privapp-permissions
package='com.google.android.providers.media.module'>@18:78 in
java.io.FileReader@4a0d9f0
02-25 21:53:56.280 I/SystemConfig( 1648): Reading permissions from
/apex/com.android.ipsec/etc/permissions/android.net.ipsec.ike.xml
02-25 21:53:56.283 I/SystemConfig( 1648): Reading permissions from
/apex/com.android.extservices/etc/permissions/privapp_allowlist_com.google.android.
ext.services.xml
02-25 21:53:56.285 W/SystemConfig( 1648): <privapp-permissions> not allowed in
partition of
/apex/com.android.extservices/etc/permissions/privapp_allowlist_com.google.android.
ext.services.xml at START_TAG <privapp-permissions
package='com.google.android.ext.services'>@18:68 in java.io.FileReader@6fa7e8f
02-25 21:53:56.290 D/SystemConfig( 1648): readAllPermissions took to complete:
329ms
02-25 21:53:56.290 D/SystemServerTimingAsync( 1648):
InitThreadPoolExec:ReadingSystemConfig took to complete: 330ms
02-25 21:53:56.303 I/PerProcessNandswap( 1648): Static Initialization of
PerProcessNandswap
02-25 21:53:56.303 I/PerProcessNandswap( 1648): createInstance start
02-25 21:53:56.306 I/ActivityManager( 1648): Connection with lmkd established
02-25 21:53:56.306 I/lmkd ( 569): lmkd data connection established
02-25 21:53:56.308 I/DHA_PROPERTY( 1648): highRes_MaxCached : 6 normalRes_MaxCached
: 10
02-25 21:53:56.308 I/DHA_PROPERTY( 1648): DHA STEP 2
02-25 21:53:56.308 I/DHA_PROPERTY( 1648): DHA TH RATE 2.0
02-25 21:53:56.308 I/DHA_PROPERTY( 1648): DHA mSzDHAThreshold 33554432
02-25 21:53:56.309 I/DHA_PROPERTY( 1648): DHA DHA_INCREASE_THRESHOLD 2097152
02-25 21:53:56.309 I/CameraManagerGlobal( 1648):
unregisterCameraDeviceStateCallback
02-25 21:53:56.309 I/CameraManagerGlobal( 1648): registerCameraDeviceStateCallback
02-25 21:53:56.309 I/CameraManagerGlobal( 1648): Connecting to camera service
02-25 21:53:56.319 I/PackageWatchdog( 1648): Updated health check state for package
com.google.android.ext.services: INACTIVE -> PASSED
02-25 21:53:56.319 I/PackageWatchdog( 1648): Updated health check state for package
com.google.android.cellbroadcastservice: INACTIVE -> PASSED
02-25 21:53:56.319 I/PackageWatchdog( 1648): Updated health check state for package
com.google.android.providers.media.module: INACTIVE -> PASSED
02-25 21:53:56.319 I/PackageWatchdog( 1648): Updated health check state for package
com.android.vending: INACTIVE -> PASSED
02-25 21:53:56.319 I/PackageWatchdog( 1648): Updated health check state for package
android: INACTIVE -> PASSED
02-25 21:53:56.319 I/PackageWatchdog( 1648): Updated health check state for package
com.google.android.permissioncontroller: INACTIVE -> PASSED
02-25 21:53:56.319 I/PackageWatchdog( 1648): Updated health check state for package
com.google.android.setupwizard: INACTIVE -> PASSED
02-25 21:53:56.319 I/PackageWatchdog( 1648): Updated health check state for package
com.samsung.accessibility: INACTIVE -> PASSED
02-25 21:53:56.319 I/PackageWatchdog( 1648): Updated health check state for package
com.sec.imsservice: INACTIVE -> PASSED
02-25 21:53:56.319 I/PackageWatchdog( 1648): Updated health check state for package
com.google.android.gms: INACTIVE -> PASSED
02-25 21:53:56.319 I/PackageWatchdog( 1648): Updated health check state for package
com.google.android.gsf: INACTIVE -> PASSED
02-25 21:53:56.319 I/PackageWatchdog( 1648): Updated health check state for package
com.sec.android.app.launcher: INACTIVE -> PASSED
02-25 21:53:56.319 I/PackageWatchdog( 1648): Updated health check state for package
com.samsung.android.fmm: INACTIVE -> PASSED
02-25 21:53:56.319 I/PackageWatchdog( 1648): Updated health check state for package
com.samsung.android.uds: INACTIVE -> PASSED
02-25 21:53:56.319 I/PackageWatchdog( 1648): Updated health check state for package
com.android.settings: INACTIVE -> PASSED
02-25 21:53:56.319 I/PackageWatchdog( 1648): Updated health check state for package
com.samsung.android.lool: INACTIVE -> PASSED
02-25 21:53:56.319 I/PackageWatchdog( 1648): Updated health check state for package
com.sec.android.app.bluetoothtest: INACTIVE -> PASSED
02-25 21:53:56.319 I/PackageWatchdog( 1648): Updated health check state for package
com.sec.android.sdhms: INACTIVE -> PASSED
02-25 21:53:56.319 I/PackageWatchdog( 1648): Updated health check state for package
com.android.phone: INACTIVE -> PASSED
02-25 21:53:56.319 I/PackageWatchdog( 1648): Updated health check state for package
com.wssyncmldm: INACTIVE -> PASSED
02-25 21:53:56.319 I/PackageWatchdog( 1648): Updated health check state for package
com.android.systemui: INACTIVE -> PASSED
02-25 21:53:56.319 I/PackageWatchdog( 1648): Updated health check state for package
com.android.bluetooth: INACTIVE -> PASSED
02-25 21:53:56.322 D/ActivityManager_KPM( 1648): Current Launcher:
com.sec.android.app.launcher
02-25 21:53:56.324 D/IAFDDBManager( 1648): mDBInitReTryCnt=1
02-25 21:53:56.324 I/ActivityManager( 1648): SwappinessController() - default
value: 160
02-25 21:53:56.324 I/ActivityManager_KPM( 1648): KillPolicyManager()
02-25 21:53:56.324 I/ActivityManager_KPM( 1648): initKillPolicyManager()
02-25 21:53:56.333 D/BatteryStatsImpl( 1648): Reading daily items from
/data/system/batterystats-daily.xml
02-25 21:53:56.375 I/hwservicemanager( 571): getTransport: Cannot find entry
android.hardware.power.stats@1.0::IPowerStats/default in either framework or device
VINTF manifest.
02-25 21:53:56.375 E/BatteryStatsService( 1648): Unable to load Power.Stats.HAL.
Setting rail availability to false
02-25 21:53:56.377 E/BluetoothAdapter( 1648): Bluetooth binder is null
02-25 21:53:56.377 D/BatteryExternalStatsWorker( 1648): update stats : write (63)
02-25 21:53:56.378 I/KernelCpuUidFreqTimeReader( 1648):
mPerClusterTimesAvailable=false
02-25 21:53:56.384 W/KernelCpuUidFreqTimeBpfMapReader( 1648): Failed to start
tracking
02-25 21:53:56.386 W/KernelCpuUidActiveTimeBpfMapReader( 1648): Failed to start
tracking
02-25 21:53:56.388 W/KernelCpuUidClusterTimeBpfMapReader( 1648): Failed to start
tracking
02-25 21:53:56.391 E/KernelCpuSpeedReader( 1648): Failed to read cpu-freq:
/sys/devices/system/cpu/cpu0/cpufreq/stats/time_in_state: open failed: ENOENT (No
such file or directory)
02-25 21:53:56.391 E/system_server( 1648): Cannot read thread CPU times for PID
1648
02-25 21:53:56.399 W/KernelMemoryBandwidthStats( 1648): No kernel memory bandwidth
stats available
02-25 21:53:56.399 D/BatteryExternalStatsWorker( 1648): done
updateExternalStatsLocked
02-25 21:53:56.585 E/QTI_SDM_INFO( 1441): [qti_rmnet_peripheral.c:768]
qti_file_open():Could not open device file. Errno 2 error msg=No such file or
directory
02-25 21:53:56.591 D/SemNativeCarrierFeature_vendor( 1306): getInstance
02-25 21:53:56.592 D/SemNativeCarrierFeature_vendor( 1306): getInstance
02-25 21:53:56.592 D/SemNativeCarrierFeature_vendor( 1306): getInstance
02-25 21:53:56.687 I/IntentFirewall( 1648): Read new rules (A:0 B:0 S:0)
02-25 21:53:56.706 D/CoreStateObserverController( 1648): CoreStateController()
02-25 21:53:56.714 V/ActivityManagerServiceExt( 1648): ActivityManagerServiceExt ::
created
02-25 21:53:56.718 E/FreecessController( 1648): recoverFreezerStateIfTHAWED error:
file doesn't exist or can't write
02-25 21:53:56.733 I/servicemanager( 570): Adding 'u:r:system_server:s0' service
(batterystats:1648)
02-25 21:53:56.735 I/servicemanager( 570): Adding 'u:r:system_server:s0' service
(appops:1648)
02-25 21:53:56.735 D/AppOps ( 1648): AppOpsService published
02-25 21:53:56.742 D/SystemServerTiming( 1648): StartActivityManager took to
complete: 575ms
02-25 21:53:56.742 D/SystemServerTiming( 1648): !@Boot_SystemServer: 575ms :
StartActivityManager
02-25 21:53:56.742 I/SystemServerTiming( 1648): !@Boot_EBS: Took 575ms by
'StartActivityManager'
02-25 21:53:56.742 I/SystemServerTiming( 1648): StartDataLoaderManagerService
02-25 21:53:56.742 I/SystemServiceManager( 1648): Starting
com.android.server.pm.DataLoaderManagerService
02-25 21:53:56.745 I/servicemanager( 570): Adding 'u:r:system_server:s0' service
(dataloader_manager:1648)
02-25 21:53:56.746 D/SystemServerTiming( 1648): StartDataLoaderManagerService took
to complete: 4ms
02-25 21:53:56.746 I/SystemServerTiming( 1648): StartIncrementalService
02-25 21:53:56.746 D/SystemServerTiming( 1648): StartIncrementalService took to
complete: 0ms
02-25 21:53:56.746 I/SystemServerTiming( 1648): StartPowerManager
02-25 21:53:56.746 I/SystemServiceManager( 1648): Starting
com.android.server.power.PowerManagerService
02-25 21:53:56.759 D/PowerManagerService( 1648): [PWL] sb acquire:
PowerManagerService.Display
02-25 21:53:56.761 D/PowerManagerService( 1648): Setting HAL interactive mode to
true
02-25 21:53:56.762 I/servicemanager( 570): Found
android.hardware.power.IPower/default in device VINTF manifest.
02-25 21:53:56.763 D/hw-ProcessState( 1006): Binder ioctl to enable oneway spam
detection failed: Invalid argument
02-25 21:53:56.765 I/PowerManagerService-JNI( 1648): Loaded misc power HAL service
02-25 21:53:56.765 I/Sec MiscPowerHAL( 1032): !@sysfs_write +:
/sys/class/sec/tsp/input/enabled: 1
02-25 21:53:56.765 I/Sec MiscPowerHAL( 1032): !@sysfs_write -:
/sys/class/sec/tsp/input/enabled: 1
02-25 21:53:56.767 I/hw-BpHwBinder( 571): onLastStrongRef automatically unlinking
death recipients
02-25 21:53:56.771 I/servicemanager( 570): Adding 'u:r:system_server:s0' service
(power:1648)
02-25 21:53:56.771 D/SystemServerTiming( 1648): StartPowerManager took to complete:
25ms
02-25 21:53:56.771 I/SystemServerTiming( 1648): StartThermalManager
02-25 21:53:56.772 I/SystemServiceManager( 1648): Starting
com.android.server.power.ThermalManagerService
02-25 21:53:56.774 I/servicemanager( 570): Adding 'u:r:system_server:s0' service
(thermalservice:1648)
02-25 21:53:56.774 D/SystemServerTiming( 1648): StartThermalManager took to
complete: 3ms
02-25 21:53:56.774 I/SystemServerTiming( 1648): StartHintManager
02-25 21:53:56.774 I/SystemServiceManager( 1648): Starting
com.android.server.power.hint.HintManagerService
02-25 21:53:56.775 E/PowerHalController( 1648): getHintSessionPreferredRate failed:
Status(-129, EX_TRANSACTION_FAILED): 'UNKNOWN_TRANSACTION: '
02-25 21:53:56.777 I/servicemanager( 570): Adding 'u:r:system_server:s0' service
(performance_hint:1648)
02-25 21:53:56.777 D/SystemServerTiming( 1648): StartHintManager took to complete:
3ms
02-25 21:53:56.777 I/SystemServerTiming( 1648): InitPowerManagement
02-25 21:53:56.778 D/PowerManagerService( 1648): [api]
registerLowPowerModeObserver: com.android.server.am.BatteryStatsService@3e7094f
(uid: 1000 pid: 1648)
02-25 21:53:56.779 D/SystemServerTiming( 1648): InitPowerManagement took to
complete: 2ms
02-25 21:53:56.779 I/SystemServerTiming( 1648): VaultKeeperService
02-25 21:53:56.779 I/SystemServiceManager( 1648): Starting
com.android.server.VaultKeeperService$LifeCycle
02-25 21:53:56.780 D/VaultKeeperService$Lifecycle( 1648): onStart()
02-25 21:53:56.791 I/servicemanager( 570): Adding 'u:r:system_server:s0' service
(VaultKeeperService:1648)
02-25 21:53:56.791 D/SystemServerTiming( 1648): VaultKeeperService took to
complete: 13ms
02-25 21:53:56.792 I/SystemServerTiming( 1648): PACMService
02-25 21:53:56.792 I/SystemServiceManager( 1648): Starting
com.android.server.PACMService
02-25 21:53:56.857 I/PACMService( 1648): Success to start PACM Service(S-ver :
10.6.0/ P-ver : 1)
02-25 21:53:56.859 D/PACMSOCKET( 1648): [v.1] Ready to connect.
02-25 21:53:56.859 D/PACMService( 1648): onStart()
02-25 21:53:56.859 D/SystemServerTiming( 1648): PACMService took to complete: 67ms
02-25 21:53:56.859 I/SystemServerTiming( 1648): StartRecoverySystemService
02-25 21:53:56.859 I/SystemServiceManager( 1648): Starting
com.android.server.recoverysystem.RecoverySystemService$Lifecycle
02-25 21:53:56.862 I/servicemanager( 570): Adding 'u:r:system_server:s0' service
(recovery:1648)
02-25 21:53:56.862 D/SystemServerTiming( 1648): StartRecoverySystemService took to
complete: 3ms
02-25 21:53:56.865 I/SystemServerTiming( 1648): StartLightsService
02-25 21:53:56.865 I/SystemServiceManager( 1648): Starting
com.android.server.lights.LightsService
02-25 21:53:56.868 I/servicemanager( 570): Found
android.hardware.light.ILights/default in device VINTF manifest.
02-25 21:53:56.870 I/servicemanager( 570): Found
android.hardware.light.ILights/default in device VINTF manifest.
02-25 21:53:56.872 W/Binder ( 1648): Outgoing transactions from this process must
be FLAG_ONEWAY
02-25 21:53:56.872 W/Binder ( 1648): java.lang.Throwable
02-25 21:53:56.872 W/Binder ( 1648): at
android.os.BinderProxy.transact(BinderProxy.java:545)
02-25 21:53:56.872 W/Binder ( 1648): at
vendor.samsung.hardware.light.ISehLights$Stub$Proxy.getLights(ISehLights.java:181)
02-25 21:53:56.872 W/Binder ( 1648): at
com.android.server.lights.LightsService.populateAvailableLightsFromAidl(LightsServi
ce.java:821)
02-25 21:53:56.872 W/Binder ( 1648): at
com.android.server.lights.LightsService.populateAvailableLights(LightsService.java:
801)
02-25 21:53:56.872 W/Binder ( 1648): at
com.android.server.lights.LightsService.<init>(LightsService.java:750)
02-25 21:53:56.872 W/Binder ( 1648): at
com.android.server.lights.LightsService.<init>(LightsService.java:738)
02-25 21:53:56.872 W/Binder ( 1648): at
java.lang.reflect.Constructor.newInstance0(Native Method)
02-25 21:53:56.872 W/Binder ( 1648): at
java.lang.reflect.Constructor.newInstance(Constructor.java:343)
02-25 21:53:56.872 W/Binder ( 1648): at
com.android.server.SystemServiceManager.startService(SystemServiceManager.java:194)
02-25 21:53:56.872 W/Binder ( 1648): at
com.android.server.SystemServer.startBootstrapServices(SystemServer.java:1518)
02-25 21:53:56.872 W/Binder ( 1648): at
com.android.server.SystemServer.run(SystemServer.java:1226)
02-25 21:53:56.872 W/Binder ( 1648): at
com.android.server.SystemServer.main(SystemServer.java:951)
02-25 21:53:56.872 W/Binder ( 1648): at java.lang.reflect.Method.invoke(Native
Method)
02-25 21:53:56.872 W/Binder ( 1648): at
com.android.internal.os.RuntimeInit$MethodAndArgsCaller.run(RuntimeInit.java:571)
02-25 21:53:56.872 W/Binder ( 1648): at
com.android.internal.os.ZygoteInit.main(ZygoteInit.java:1113)
02-25 21:53:56.872 I/vendor.samsung.hardware.light-service( 1003): sehGetLights
02-25 21:53:56.872 I/SehLight( 1003): getLightsInternal
02-25 21:53:56.872 I/SehLight( 1003): getLightsInternal : 0
02-25 21:53:56.874 D/PowerManagerUtil( 1648): fileExist
/sys/class/sec/led/led_lowpower: false
02-25 21:53:56.874 D/LightsService( 1648): [SvcLED] mUseSoftwareAutoBrightness:
true, mUseLEDAutoBrightness: false, mDelayForcedSvcLEDTask: 0, mUsePatternLED:
true
02-25 21:53:56.876 I/servicemanager( 570): Adding 'u:r:system_server:s0' service
(lights:1648)
02-25 21:53:56.876 D/SystemServerTiming( 1648): StartLightsService took to
complete: 10ms
02-25 21:53:56.876 I/SystemServerTiming( 1648): StartPdpService
02-25 21:53:56.876 I/SystemServiceManager( 1648): Starting
com.android.server.pdp.PdpService
02-25 21:53:56.877 D/PdpService( 1648): [PDP] onStart
02-25 21:53:56.877 D/SystemServerTiming( 1648): StartPdpService took to complete:
1ms
02-25 21:53:56.877 I/SystemServerTiming( 1648): StartSidekickService
02-25 21:53:56.877 D/SystemServerTiming( 1648): StartSidekickService took to
complete: 0ms
02-25 21:53:56.877 I/SystemServerTiming( 1648): StartDisplayManager
02-25 21:53:56.878 I/SystemServiceManager( 1648): Starting
com.android.server.display.DisplayManagerService
02-25 21:53:56.890 D/DisplayManager.PersistentDataStore( 1648):
loadRememberedActiveDisplayFitStatusFromXml activeDisplayFitStatus : false
02-25 21:53:56.892 I/servicemanager( 570): Adding 'u:r:system_server:s0' service
(display:1648)
02-25 21:53:56.893 D/SystemServerTiming( 1648): StartDisplayManager took to
complete: 16ms
02-25 21:53:56.893 I/SystemServerTiming( 1648): WaitForDisplay
02-25 21:53:56.893 I/SystemServer( 1648): !@Boot_EBS_D:
PHASE_WAIT_FOR_DEFAULT_DISPLAY
02-25 21:53:56.893 I/SDM ( 984): HWCDisplay::GetColorModeCount: Supported
color mode count = 1
02-25 21:53:56.894 I/SDM ( 984): HWCDisplay::GetColorModes: Supports color
mode[0] = 0
02-25 21:53:56.894 E/HWComposer( 1069): getSupportedContentTypes:
getSupportedContentTypes failed for display 0: Unsupported (8)
02-25 21:53:56.894 I/SystemServiceManager( 1648): Starting phase 100
02-25 21:53:56.894 I/SystemServerTiming( 1648): OnBootPhase_100
02-25 21:53:56.894 I/SystemServerTiming( 1648):
OnBootPhase_100_com.android.server.security.FileIntegrityService
02-25 21:53:56.894 D/SystemServerTiming( 1648):
OnBootPhase_100_com.android.server.security.FileIntegrityService took to complete:
0ms
02-25 21:53:56.894 I/SystemServerTiming( 1648):
OnBootPhase_100_com.android.server.pm.Installer
02-25 21:53:56.894 D/SystemServerTiming( 1648):
OnBootPhase_100_com.android.server.pm.Installer took to complete: 0ms
02-25 21:53:56.894 I/SystemServerTiming( 1648):
OnBootPhase_100_com.android.server.os.DeviceIdentifiersPolicyService
02-25 21:53:56.894 D/SystemServerTiming( 1648):
OnBootPhase_100_com.android.server.os.DeviceIdentifiersPolicyService took to
complete: 0ms
02-25 21:53:56.894 I/SystemServerTiming( 1648):
OnBootPhase_100_com.android.server.uri.UriGrantsManagerService$Lifecycle
02-25 21:53:56.894 D/SystemServerTiming( 1648):
OnBootPhase_100_com.android.server.uri.UriGrantsManagerService$Lifecycle took to
complete: 0ms
02-25 21:53:56.894 I/SystemServerTiming( 1648):
OnBootPhase_100_com.android.server.powerstats.PowerStatsService
02-25 21:53:56.894 D/SystemServerTiming( 1648):
OnBootPhase_100_com.android.server.powerstats.PowerStatsService took to complete:
0ms
02-25 21:53:56.894 I/SystemServerTiming( 1648):
OnBootPhase_100_com.android.server.wm.ActivityTaskManagerService$Lifecycle
02-25 21:53:56.894 D/SystemServerTiming( 1648):
OnBootPhase_100_com.android.server.wm.ActivityTaskManagerService$Lifecycle took to
complete: 0ms
02-25 21:53:56.894 I/SystemServerTiming( 1648):
OnBootPhase_100_com.android.server.am.ActivityManagerService$Lifecycle
02-25 21:53:56.894 D/SystemServerTiming( 1648):
OnBootPhase_100_com.android.server.am.ActivityManagerService$Lifecycle took to
complete: 0ms
02-25 21:53:56.894 I/SystemServerTiming( 1648):
OnBootPhase_100_com.android.server.pm.DataLoaderManagerService
02-25 21:53:56.894 D/SystemServerTiming( 1648):
OnBootPhase_100_com.android.server.pm.DataLoaderManagerService took to complete:
0ms
02-25 21:53:56.894 I/SystemServerTiming( 1648):
OnBootPhase_100_com.android.server.power.PowerManagerService
02-25 21:53:56.894 D/SystemServerTiming( 1648):
OnBootPhase_100_com.android.server.power.PowerManagerService took to complete: 0ms
02-25 21:53:56.894 I/SystemServerTiming( 1648):
OnBootPhase_100_com.android.server.power.ThermalManagerService
02-25 21:53:56.894 D/SystemServerTiming( 1648):
OnBootPhase_100_com.android.server.power.ThermalManagerService took to complete:
