11-28 21:50:58.901 I/vaultkeeper( 4103): There is no
property(ro.factory.factory_binary)
11-28 21:50:58.902 I/VaultKeeper_COMMON( 4103): VK 4.2.3 [Client]
/vendor/bin/vaultkeeperd. => [Vault] VK. [CMD NO.] 4076
11-28 21:50:58.902 I/VaultKeeper_COMMON( 4103): [CMD:INITIALIZE]
11-28 21:50:58.910 D/IptablesRestoreController( 4145): [iptables debug]iptables-
restore execute done, res : 0
11-28 21:50:58.910 D/IptablesRestoreController( 4145): [iptables debug]iptables-
restore execute *filter
11-28 21:50:58.910 D/IptablesRestoreController( 4145): :FORWARD -
11-28 21:50:58.910 D/IptablesRestoreController( 4145): -F FORWARD
11-28 21:50:58.910 D/IptablesRestoreController( 4145): :oem_fwd -
11-28 21:50:58.910 D/IptablesRestoreController( 4145): -A FORWARD -j oem_fwd
11-28 21:50:58.910 D/IptablesRestoreController( 4145): :fw_FORWARD -
11-28 21:50:58.910 D/IptablesRestoreController( 4145): -A FORWARD -j fw_FORWARD
11-28 21:50:58.910 D/IptablesRestoreController( 4145): :bw_FORWARD -
11-28 21:50:58.910 D/IptablesRestoreController( 4145): -A FORWARD -j bw_FORWARD
11-28 21:50:58.910 D/IptablesRestoreController( 4145): :tetherctrl_FORWARD -
11-28 21:50:58.910 D/IptablesRestoreController( 4145): -A FORWARD -j
tetherctrl_FORWARD
11-28 21:50:58.910 D/IptablesRestoreController( 4145): COMMIT
11-28 21:50:58.913 D/IptablesRestoreController( 4145): [iptables debug]iptables-
restore execute done, res : 0
11-28 21:50:58.913 D/IptablesRestoreController( 4145): [iptables debug]iptables-
restore execute *raw
11-28 21:50:58.913 D/IptablesRestoreController( 4145): :PREROUTING -
11-28 21:50:58.913 D/IptablesRestoreController( 4145): -F PREROUTING
11-28 21:50:58.913 D/IptablesRestoreController( 4145): :clat_raw_PREROUTING -
11-28 21:50:58.913 D/IptablesRestoreController( 4145): -A PREROUTING -j
clat_raw_PREROUTING
11-28 21:50:58.913 D/IptablesRestoreController( 4145): :bw_raw_PREROUTING -
11-28 21:50:58.913 D/IptablesRestoreController( 4145): -A PREROUTING -j
bw_raw_PREROUTING
11-28 21:50:58.913 D/IptablesRestoreController( 4145): :idletimer_raw_PREROUTING -
11-28 21:50:58.913 D/IptablesRestoreController( 4145): -A PREROUTING -j
idletimer_raw_PREROUTING
11-28 21:50:58.913 D/IptablesRestoreController( 4145): :tetherctrl_raw_PREROUTING -
11-28 21:50:58.913 D/IptablesRestoreController( 4145): -A PREROUTING -j
tetherctrl_raw_PREROUTING
11-28 21:50:58.913 D/IptablesRestoreController( 4145): COMMIT
11-28 21:50:58.915 D/IptablesRestoreController( 4145): [iptables debug]iptables-
restore execute done, res : 0
11-28 21:50:58.915 D/IptablesRestoreController( 4145): [iptables debug]iptables-
restore execute *mangle
11-28 21:50:58.915 D/IptablesRestoreController( 4145): :FORWARD -
11-28 21:50:58.915 D/IptablesRestoreController( 4145): -F FORWARD
11-28 21:50:58.915 D/IptablesRestoreController( 4145): :tetherctrl_mangle_FORWARD -
11-28 21:50:58.915 D/IptablesRestoreController( 4145): -A FORWARD -j
tetherctrl_mangle_FORWARD
11-28 21:50:58.915 D/IptablesRestoreController( 4145): COMMIT
11-28 21:50:58.916 D/IptablesRestoreController( 4145): [iptables debug]iptables-
restore execute done, res : 0
11-28 21:50:58.916 D/IptablesRestoreController( 4145): [iptables debug]iptables-
restore execute *mangle
11-28 21:50:58.916 D/IptablesRestoreController( 4145): :INPUT -
11-28 21:50:58.916 D/IptablesRestoreController( 4145): -F INPUT
11-28 21:50:58.916 D/IptablesRestoreController( 4145): :wakeupctrl_mangle_INPUT -
11-28 21:50:58.916 D/IptablesRestoreController( 4145): -A INPUT -j
wakeupctrl_mangle_INPUT
11-28 21:50:58.916 D/IptablesRestoreController( 4145): :routectrl_mangle_INPUT -
11-28 21:50:58.916 D/IptablesRestoreController( 4145): -A INPUT -j
routectrl_mangle_INPUT
11-28 21:50:58.916 D/IptablesRestoreController( 4145): COMMIT
11-28 21:50:58.918 I/ServiceManager( 4144): Waiting for service 'statscompanion' on
'/dev/binder'...
11-28 21:50:58.922 I/android.hardware.bluetooth@1.0-service( 4154): registering
IBluetoothHCI services
11-28 21:50:58.925 D/IptablesRestoreController( 4145): [iptables debug]iptables-
restore execute done, res : 0
11-28 21:50:58.925 D/IptablesRestoreController( 4145): [iptables debug]iptables-
restore execute *nat
11-28 21:50:58.925 D/IptablesRestoreController( 4145): :PREROUTING -
11-28 21:50:58.925 D/IptablesRestoreController( 4145): -F PREROUTING
11-28 21:50:58.925 D/IptablesRestoreController( 4145): :oem_nat_pre -
11-28 21:50:58.925 D/IptablesRestoreController( 4145): -A PREROUTING -j oem_nat_pre
11-28 21:50:58.925 D/IptablesRestoreController( 4145): :tetherctrl_nat_PREROUTING -
11-28 21:50:58.925 D/IptablesRestoreController( 4145): -A PREROUTING -j
tetherctrl_nat_PREROUTING
11-28 21:50:58.925 D/IptablesRestoreController( 4145): COMMIT
11-28 21:50:58.927 D/IptablesRestoreController( 4145): [iptables debug]iptables-
restore execute done, res : 0
11-28 21:50:58.927 D/IptablesRestoreController( 4145): [iptables debug]iptables-
restore execute *nat
11-28 21:50:58.927 D/IptablesRestoreController( 4145): :POSTROUTING -
11-28 21:50:58.927 D/IptablesRestoreController( 4145): -F POSTROUTING
11-28 21:50:58.927 D/IptablesRestoreController( 4145): :tetherctrl_nat_POSTROUTING
-
11-28 21:50:58.927 D/IptablesRestoreController( 4145): -A POSTROUTING -j
tetherctrl_nat_POSTROUTING
11-28 21:50:58.927 D/IptablesRestoreController( 4145): COMMIT
11-28 21:50:58.928 D/IptablesRestoreController( 4145): [iptables debug]iptables-
restore execute done, res : 0
11-28 21:50:58.928 D/IptablesRestoreController( 4145): [iptables debug]iptables-
restore execute *filter
11-28 21:50:58.928 D/IptablesRestoreController( 4145): -S OUTPUT
11-28 21:50:58.928 D/IptablesRestoreController( 4145): COMMIT
11-28 21:50:58.929 D/IptablesRestoreController( 4145): [iptables debug]iptables-
restore execute done, res : 0
11-28 21:50:58.929 D/IptablesRestoreController( 4145): [iptables debug]iptables-
restore execute *filter
11-28 21:50:58.929 D/IptablesRestoreController( 4145): :oem_out -
11-28 21:50:58.929 D/IptablesRestoreController( 4145): -A OUTPUT -j oem_out
11-28 21:50:58.929 D/IptablesRestoreController( 4145): :fw_OUTPUT -
11-28 21:50:58.929 D/IptablesRestoreController( 4145): -A OUTPUT -j fw_OUTPUT
11-28 21:50:58.929 D/IptablesRestoreController( 4145): :st_OUTPUT -
11-28 21:50:58.929 D/IptablesRestoreController( 4145): -A OUTPUT -j st_OUTPUT
11-28 21:50:58.929 D/IptablesRestoreController( 4145): :bw_OUTPUT -
11-28 21:50:58.929 D/IptablesRestoreController( 4145): -A OUTPUT -j bw_OUTPUT
11-28 21:50:58.929 D/IptablesRestoreController( 4145): COMMIT
11-28 21:50:58.933 I/HidlServiceManagement( 4154): Registered
android.hardware.bluetooth@1.0::IBluetoothHci/default
11-28 21:50:58.933 I/HidlServiceManagement( 4154): Removing namespace from process
name android.hardware.bluetooth@1.0-service to bluetooth@1.0-service.
11-28 21:50:58.933 I/LegacySupport( 4154): Registration complete for
android.hardware.bluetooth@1.0::IBluetoothHci/default.
11-28 21:50:58.933 I/android.hardware.bluetooth@1.0-service( 4154): First OS
version = 28
11-28 21:50:58.933 I/android.hardware.bluetooth@1.0-service( 4154): registering
Bluetooth Vendor HIDL services
11-28 21:50:58.935 I/HidlServiceManagement( 4154): Registered
vendor.samsung.hardware.bluetooth@2.0::ISehBluetooth/default
11-28 21:50:58.936 D/IptablesRestoreController( 4145): [iptables debug]iptables-
restore execute done, res : 0
11-28 21:50:58.936 D/IptablesRestoreController( 4145): [iptables debug]iptables-
restore execute *filter
11-28 21:50:58.936 D/IptablesRestoreController( 4145): -S OUTPUT
11-28 21:50:58.936 D/IptablesRestoreController( 4145): COMMIT
11-28 21:50:58.937 W/android.hardware.configstore@1.1-service( 4159):
libminijail[4159]: allowing syscall: connect
11-28 21:50:58.937 D/IptablesRestoreController( 4145): [iptables debug]iptables-
restore execute done, res : 0
11-28 21:50:58.937 D/IptablesRestoreController( 4145): [iptables debug]iptables-
restore execute *filter
11-28 21:50:58.937 D/IptablesRestoreController( 4145): :oem_out -
11-28 21:50:58.937 D/IptablesRestoreController( 4145): -A OUTPUT -j oem_out
11-28 21:50:58.937 D/IptablesRestoreController( 4145): :fw_OUTPUT -
11-28 21:50:58.937 D/IptablesRestoreController( 4145): -A OUTPUT -j fw_OUTPUT
11-28 21:50:58.937 D/IptablesRestoreController( 4145): :st_OUTPUT -
11-28 21:50:58.937 D/IptablesRestoreController( 4145): -A OUTPUT -j st_OUTPUT
11-28 21:50:58.937 D/IptablesRestoreController( 4145): :bw_OUTPUT -
11-28 21:50:58.937 D/IptablesRestoreController( 4145): -A OUTPUT -j bw_OUTPUT
11-28 21:50:58.937 D/IptablesRestoreController( 4145): COMMIT
11-28 21:50:58.937 W/android.hardware.configstore@1.1-service( 4159):
libminijail[4159]: allowing syscall: fcntl
11-28 21:50:58.937 W/android.hardware.configstore@1.1-service( 4159):
libminijail[4159]: allowing syscall: sendto
11-28 21:50:58.937 W/android.hardware.configstore@1.1-service( 4159):
libminijail[4159]: allowing syscall: socket
11-28 21:50:58.937 W/android.hardware.configstore@1.1-service( 4159):
libminijail[4159]: allowing syscall: writev
11-28 21:50:58.938 D/IptablesRestoreController( 4145): [iptables debug]iptables-
restore execute done, res : 0
11-28 21:50:58.938 D/IptablesRestoreController( 4145): [iptables debug]iptables-
restore execute *mangle
11-28 21:50:58.938 D/IptablesRestoreController( 4145): -S POSTROUTING
11-28 21:50:58.938 D/IptablesRestoreController( 4145): COMMIT
11-28 21:50:58.938 D/IptablesRestoreController( 4145): [iptables debug]iptables-
restore execute done, res : 0
11-28 21:50:58.939 D/IptablesRestoreController( 4145): [iptables debug]iptables-
restore execute *mangle
11-28 21:50:58.939 D/IptablesRestoreController( 4145): :oem_mangle_post -
11-28 21:50:58.939 D/IptablesRestoreController( 4145): -A POSTROUTING -j
oem_mangle_post
11-28 21:50:58.939 D/IptablesRestoreController( 4145): :bw_mangle_POSTROUTING -
11-28 21:50:58.939 D/IptablesRestoreController( 4145): -A POSTROUTING -j
bw_mangle_POSTROUTING
11-28 21:50:58.939
D/IptablesRestoreController( 4145): :idletimer_mangle_POSTROUTING -
11-28 21:50:58.939 D/IptablesRestoreController( 4145): -A POSTROUTING -j
idletimer_mangle_POSTROUTING
11-28 21:50:58.939 D/IptablesRestoreController( 4145): COMMIT
11-28 21:50:58.940 W/android.hardware.configstore@1.1-service( 4159):
libminijail[4159]: logging seccomp filter failures
11-28 21:50:58.941 D/IptablesRestoreController( 4145): [iptables debug]iptables-
restore execute done, res : 0
11-28 21:50:58.941 D/IptablesRestoreController( 4145): [iptables debug]iptables-
restore execute *mangle
11-28 21:50:58.941 D/IptablesRestoreController( 4145): -S POSTROUTING
11-28 21:50:58.941 D/IptablesRestoreController( 4145): COMMIT
11-28 21:50:58.942 D/IptablesRestoreController( 4145): [iptables debug]iptables-
restore execute done, res : 0
11-28 21:50:58.942 D/IptablesRestoreController( 4145): [iptables debug]iptables-
restore execute *mangle
11-28 21:50:58.942 D/IptablesRestoreController( 4145): :oem_mangle_post -
11-28 21:50:58.942 D/IptablesRestoreController( 4145): -A POSTROUTING -j
oem_mangle_post
11-28 21:50:58.942 D/IptablesRestoreController( 4145): :bw_mangle_POSTROUTING -
11-28 21:50:58.942 D/IptablesRestoreController( 4145): -A POSTROUTING -j
bw_mangle_POSTROUTING
11-28 21:50:58.942
D/IptablesRestoreController( 4145): :idletimer_mangle_POSTROUTING -
11-28 21:50:58.942 D/IptablesRestoreController( 4145): -A POSTROUTING -j
idletimer_mangle_POSTROUTING
11-28 21:50:58.942 D/IptablesRestoreController( 4145): COMMIT
11-28 21:50:58.943 D/IptablesRestoreController( 4145): [iptables debug]iptables-
restore execute done, res : 0
11-28 21:50:58.943 I/netd ( 4145): Creating child chains: 59694us
11-28 21:50:58.944 I/netd ( 4145): Setting up OEM hooks: 135us
11-28 21:50:58.944 D/IptablesRestoreController( 4145): [iptables debug]iptables-
restore execute *filter
11-28 21:50:58.944 D/IptablesRestoreController( 4145): :input_dos -
11-28 21:50:58.944 D/IptablesRestoreController( 4145): -A INPUT -j input_dos
11-28 21:50:58.944 D/IptablesRestoreController( 4145): COMMIT
11-28 21:50:58.946 I/HidlServiceManagement( 4159): Registered
android.hardware.configstore@1.1::ISurfaceFlingerConfigs/default
11-28 21:50:58.947 I/HidlServiceManagement( 4159): Removing namespace from process
name android.hardware.configstore@1.1-service to configstore@1.1-service.
11-28 21:50:58.947 D/IptablesRestoreController( 4145): [iptables debug]iptables-
restore execute done, res : 0
11-28 21:50:58.947 D/IptablesRestoreController( 4145): [iptables debug]iptables-
restore execute *filter
11-28 21:50:58.947 D/IptablesRestoreController( 4145): :input_dos -
11-28 21:50:58.947 D/IptablesRestoreController( 4145): -A input_dos -p tcp -m
conntrack --ctstate NEW -m limit --limit 50/sec --limit-burst 50 -j ACCEPT
11-28 21:50:58.947 D/IptablesRestoreController( 4145): -A input_dos -p tcp -m
conntrack --ctstate NEW -j DROP
11-28 21:50:58.947 D/IptablesRestoreController( 4145): COMMIT
11-28 21:50:58.961 I/audiohalservice( 4153): Start audio hidl service
11-28 21:50:58.966 I/hwservicemanager( 3933): getTransport: Cannot find entry
android.hardware.audio@6.0::IDevicesFactory/default in either framework or device
manifest.
11-28 21:50:58.968 E/LegacySupport( 4153): Could not get passthrough implementation
for android.hardware.audio@6.0::IDevicesFactory/default.
11-28 21:50:58.975 I/HidlServiceManagement( 4155): Registered
android.hardware.cas@1.2::IMediaCasService/default
11-28 21:50:58.979 I/HidlServiceManagement( 4155): Removing namespace from process
name android.hardware.cas@1.2-service to cas@1.2-service.
11-28 21:50:58.980 W/android.hardware.health@2.1-service-samsung( 4165): main
11-28 21:50:58.991 I/vaultkeeper( 4103): runCommand Success.(TA ret = 0)
11-28 21:50:58.995 I/vaultkeeper( 4103): VAULTKEEPER SERVICE READY!
11-28 21:50:58.998 I/HidlServiceManagement( 4160): Registered
android.hardware.drm@1.3::IDrmFactory/clearkey
11-28 21:50:58.999 I/HidlServiceManagement( 4160): Removing namespace from process
name android.hardware.drm@1.3-service.clearkey to drm@1.3-service.clearkey.
11-28 21:50:58.999 I/teecl ( 4162): NW> Starting log for teecl
11-28 21:50:59.000 D/gatekeeper( 4162): GATEKEEPER gk_device_open
11-28 21:50:59.000 D/gatekeeper( 4162): Gatekeeper checked vendor.tzts_daemon :
Ready property
11-28 21:50:59.003 I/HidlServiceManagement( 4160): Registered
android.hardware.drm@1.3::ICryptoFactory/clearkey
11-28 21:50:59.004 I/HidlServiceManagement( 4160): Removing namespace from process
name android.hardware.drm@1.3-service.clearkey to drm@1.3-service.clearkey.
11-28 21:50:59.009 W/android.hardware.health@2.1-service-samsung( 4165):
HIDL_FETCH_IHealth: default
11-28 21:50:59.012 D/gatekeeper( 4162): GATEKEEPER OpenSession is success
11-28 21:50:59.012 D/gatekeeper( 4162): GATEKEEPER open success
11-28 21:50:59.016 I/HidlServiceManagement( 4162): Registered
android.hardware.gatekeeper@1.0::IGatekeeper/default
11-28 21:50:59.016 I/HidlServiceManagement( 4162): Removing namespace from process
name android.hardware.gatekeeper@1.0-service to gatekeeper@1.0-service.
11-28 21:50:59.018 I/ServiceManager( 4144): Waiting for service 'statscompanion' on
'/dev/binder'...
11-28 21:50:59.037 I/HidlServiceManagement( 4171): Registered
android.hardware.usb@1.1::IUsb/default
11-28 21:50:59.037 I/android.hardware.health@2.1-service-samsung( 4165): default
instance initializing with healthd_config...
11-28 21:50:59.037 I/HidlServiceManagement( 4171): Removing namespace from process
name android.hardware.usb@1.1-service.exynos9610 to usb@1.1-service.exynos9610.
11-28 21:50:59.038 I/android.hardware.usb@1.1-service.exynos( 4171): USB HAL Ready.
11-28 21:50:59.039 I/SensorsHub( 4170): SensorList size 968 num 22 unitsize 44
11-28 21:50:59.040 I/SensorsHub( 4170): handle 1
11-28 21:50:59.040 I/SensorsHub( 4170): name ICM42605M
11-28 21:50:59.040 I/SensorsHub( 4170): vendor TDK Invensense
11-28 21:50:59.040 I/SensorsHub( 4170): version 1
11-28 21:50:59.040 I/SensorsHub( 4170): maxRage 78.453201
11-28 21:50:59.040 I/SensorsHub( 4170): resolution 0.002394
11-28 21:50:59.040 I/SensorsHub( 4170): Delay min 2000 Max 160000
11-28 21:50:59.040 I/SensorsHub( 4170): fifo 0 0
11-28 21:50:59.040 I/SensorsHub( 4170): wakeup 0 flags b
11-28 21:50:59.044 I/HidlServiceManagement( 4165): Registered
vendor.samsung.hardware.health@2.0::ISehHealth/default
11-28 21:50:59.044 I/android.hardware.health@2.1-service-samsung( 4165): default:
Hal init done
11-28 21:50:59.048 I/SensorsHub( 4170): AccSensor
11-28 21:50:59.048 I/HidlServiceManagement( 4167): Registered
android.hardware.memtrack@1.0::IMemtrack/default
11-28 21:50:59.048 I/SensorsHub( 4170): sensor_name ICM42605M Accelerometer
mSensorInfo.name ICM42605M Accelerometer
11-28 21:50:59.048 I/SensorsHub( 4170): injection path /dev/ssp_data_injection
11-28 21:50:59.049 I/SensorsHub( 4170): index 0, ICM42605M
11-28 21:50:59.049 I/SensorsHub( 4170): handle 2
11-28 21:50:59.049 I/SensorsHub( 4170): name AK09918C
11-28 21:50:59.049 I/SensorsHub( 4170): vendor Asahi Kasei Microdevices
11-28 21:50:59.049 I/SensorsHub( 4170): version 1
11-28 21:50:59.049 I/SensorsHub( 4170): maxRage 4900.000000
11-28 21:50:59.049 I/SensorsHub( 4170): resolution 0.060000
11-28 21:50:59.049 I/SensorsHub( 4170): Delay min 8000 Max 160000
11-28 21:50:59.049 I/SensorsHub( 4170): fifo 0 0
11-28 21:50:59.049 I/SensorsHub( 4170): wakeup 0 flags b
11-28 21:50:59.052 I/HidlServiceManagement( 4167): Removing namespace from process
name android.hardware.memtrack@1.0-service to memtrack@1.0-service.
11-28 21:50:59.052 I/LegacySupport( 4167): Registration complete for
android.hardware.memtrack@1.0::IMemtrack/default.
11-28 21:50:59.055 I/SensorsHub( 4170): MagneticSensor
11-28 21:50:59.055 I/SensorsHub( 4170): sensor_name AK09918C Magnetometer
mSensorInfo.name AK09918C Magnetometer
11-28 21:50:59.055 I/SensorsHub( 4170): injection path /dev/ssp_data_injection
11-28 21:50:59.055 I/SensorsHub( 4170): index 1, AK09918C
11-28 21:50:59.055 I/SensorsHub( 4170): handle 4
11-28 21:50:59.055 I/SensorsHub( 4170): name ICM42605M
11-28 21:50:59.055 I/SensorsHub( 4170): vendor TDK Invensense
11-28 21:50:59.055 I/SensorsHub( 4170): version 1
11-28 21:50:59.055 I/SensorsHub( 4170): maxRage 17.453293
11-28 21:50:59.055 I/SensorsHub( 4170): resolution 0.000533
11-28 21:50:59.055 I/SensorsHub( 4170): Delay min 2000 Max 160000
11-28 21:50:59.055 I/SensorsHub( 4170): fifo 0 0
11-28 21:50:59.055 I/SensorsHub( 4170): wakeup 0 flags b
11-28 21:50:59.057 I/SensorsHub( 4170): GyroSensor
11-28 21:50:59.057 I/SensorsHub( 4170): sensor_name ICM42605M Gyroscope
mSensorInfo.name ICM42605M Gyroscope
11-28 21:50:59.057 I/SensorsHub( 4170): injection path /dev/ssp_data_injection
11-28 21:50:59.057 I/SensorsHub( 4170): index 2, ICM42605M
11-28 21:50:59.057 I/SensorsHub( 4170): handle 5
11-28 21:50:59.057 I/SensorsHub( 4170): name TCS3701
11-28 21:50:59.057 I/SensorsHub( 4170): vendor AMS, Inc.
11-28 21:50:59.057 I/SensorsHub( 4170): version 1000
11-28 21:50:59.057 I/SensorsHub( 4170): maxRage 60000.000000
11-28 21:50:59.058 I/SensorsHub( 4170): resolution 1.000000
11-28 21:50:59.058 I/SensorsHub( 4170): Delay min 200000 Max 200000
11-28 21:50:59.058 I/SensorsHub( 4170): fifo 0 0
11-28 21:50:59.058 I/SensorsHub( 4170): wakeup 0 flags b
11-28 21:50:59.060 I/Ant Hidl( 4175): Starting ANT HIDL daemon
11-28 21:50:59.060 I/SensorsHub( 4170): LightSensor
11-28 21:50:59.061 I/SensorsHub( 4170): sensor_name TCS3701 Light mSensorInfo.name
TCS3701 Light
11-28 21:50:59.061 I/SensorsHub( 4170): injection path /dev/ssp_data_injection
11-28 21:50:59.061 I/SensorsHub( 4170): Support camera light
11-28 21:50:59.069 I/HidlServiceManagement( 4175): Registered
com.dsi.ant@1.0::IAnt/default
11-28 21:50:59.069 I/HidlServiceManagement( 4153): Registered
android.hardware.audio@5.0::IDevicesFactory/default
11-28 21:50:59.069 I/HidlServiceManagement( 4175): Removing namespace from process
name com.dsi.ant@1.0-service to ant@1.0-service.
11-28 21:50:59.069 I/HidlServiceManagement( 4153): Removing namespace from process
name android.hardware.audio.service to audio.service.
11-28 21:50:59.070 I/LegacySupport( 4153): Registration complete for
android.hardware.audio@5.0::IDevicesFactory/default.
11-28 21:50:59.070 I/hwservicemanager( 3933): getTransport: Cannot find entry
android.hardware.audio.effect@6.0::IEffectsFactory/default in either framework or
device manifest.
11-28 21:50:59.071 E/LegacySupport( 4153): Could not get passthrough implementation
for android.hardware.audio.effect@6.0::IEffectsFactory/default.
11-28 21:50:59.072 I/gralloc ( 4163): Arm Module v1.0
11-28 21:50:59.073 I/HidlServiceManagement( 4161): Registered
android.hardware.drm@1.3::IDrmFactory/widevine
11-28 21:50:59.074 I/HidlServiceManagement( 4161): Removing namespace from process
name android.hardware.drm@1.3-service.widevine to drm@1.3-service.widevine.
11-28 21:50:59.074 I/HidlServiceManagement( 4163): Registered
android.hardware.graphics.allocator@2.0::IAllocator/default
11-28 21:50:59.075 I/HidlServiceManagement( 4163): Removing namespace from process
name android.hardware.graphics.allocator@2.0-service to allocator@2.0-service.
11-28 21:50:59.075 I/LegacySupport( 4163): Registration complete for
android.hardware.graphics.allocator@2.0::IAllocator/default.
11-28 21:50:59.075 I/HidlServiceManagement( 4161): Registered
android.hardware.drm@1.3::ICryptoFactory/widevine
11-28 21:50:59.076 I/HidlServiceManagement( 4161): Removing namespace from process
name android.hardware.drm@1.3-service.widevine to drm@1.3-service.widevine.
11-28 21:50:59.077 I/servicemanager( 3932): getDeviceHalManifest: Reading VINTF
information.
11-28 21:50:59.083 I/servicemanager( 3932): getDeviceHalManifest: Successfully
processed VINTF information
11-28 21:50:59.083 I/servicemanager( 3932): getFrameworkHalManifest: Reading VINTF
information.
11-28 21:50:59.084 I/vendor.samsung.hardware.light-service( 4182): Start Lights
AIDL!
11-28 21:50:59.084 I/servicemanager( 3932): getFrameworkHalManifest: Successfully
processed VINTF information
11-28 21:50:59.084 I/servicemanager( 3932): Found
android.hardware.power.IPower/default in device VINTF manifest.
11-28 21:50:59.084 I/servicemanager( 3932): Adding 'u:r:hal_power_default:s0'
service (android.hardware.power.IPower/default:4183)
11-28 21:50:59.085 I/SehLight( 4182): Found sysfs :
/sys/class/backlight/panel/brightness
11-28 21:50:59.085 I/SehLight( 4182): updateSupportedLights : 0
11-28 21:50:59.086 I/servicemanager( 3932): Found
android.hardware.light.ILights/default in device VINTF manifest.
11-28 21:50:59.086 I/servicemanager( 3932): Adding 'u:r:hal_light_default:s0'
service (android.hardware.light.ILights/default:4182)
11-28 21:50:59.088 D/HYPER-HAL( 4178): sec-hyper-aidl start!
11-28 21:50:59.090 I/SensorsHub( 4170): index 3, TCS3701
11-28 21:50:59.090 I/SensorsHub( 4170): handle 8
11-28 21:50:59.090 I/SensorsHub( 4170): name STK3031
11-28 21:50:59.090 I/SensorsHub( 4170): vendor Sitronix
11-28 21:50:59.090 I/SensorsHub( 4170): version 1
11-28 21:50:59.090 I/SensorsHub( 4170): maxRage 8.000000
11-28 21:50:59.090 I/SensorsHub( 4170): resolution 1.000000
11-28 21:50:59.090 I/SensorsHub( 4170): Delay min 0 Max 0
11-28 21:50:59.090 I/SensorsHub( 4170): fifo 0 0
11-28 21:50:59.090 I/SensorsHub( 4170): wakeup 1 flags b
11-28 21:50:59.090 I/SensorsHub( 4170): ProximitySensor
11-28 21:50:59.091 I/SensorsHub( 4170): sensor_name STK3031 Proximity
mSensorInfo.name STK3031 Proximity
11-28 21:50:59.091 I/SensorsHub( 4170): injection path /dev/ssp_data_injection
11-28 21:50:59.091 I/SensorsHub( 4170): index 4, STK3031
11-28 21:50:59.091 I/SensorsHub( 4170): handle 14
11-28 21:50:59.091 I/SensorsHub( 4170): name AK09918C
11-28 21:50:59.091 I/SensorsHub( 4170): vendor Asahi Kasei Microdevices
11-28 21:50:59.091 I/SensorsHub( 4170): version 1
11-28 21:50:59.091 I/SensorsHub( 4170): maxRage 4900.000000
11-28 21:50:59.091 I/SensorsHub( 4170): resolution 0.060000
11-28 21:50:59.091 I/SensorsHub( 4170): Delay min 8000 Max 160000
11-28 21:50:59.091 I/SensorsHub( 4170): fifo 0 0
11-28 21:50:59.091 I/SensorsHub( 4170): wakeup 0 flags b
11-28 21:50:59.092 I/SensorsHub( 4170): UncalMagneticSensor
11-28 21:50:59.092 I/SensorsHub( 4170): sensor_name AK09918C Magnetometer
Uncalibrated mSensorInfo.name AK09918C Magnetometer Uncalibrated
11-28 21:50:59.092 I/SensorsHub( 4170): injection path /dev/ssp_data_injection
11-28 21:50:59.092 I/SensorsHub( 4170): index 5, AK09918C
11-28 21:50:59.092 I/SensorsHub( 4170): handle 16
11-28 21:50:59.092 I/SensorsHub( 4170): name ICM42605M
11-28 21:50:59.092 I/SensorsHub( 4170): vendor TDK Invensense
11-28 21:50:59.092 I/SensorsHub( 4170): version 1
11-28 21:50:59.092 I/SensorsHub( 4170): maxRage 17.453293
11-28 21:50:59.092 I/SensorsHub( 4170): resolution 0.000533
11-28 21:50:59.092 I/SensorsHub( 4170): Delay min 2000 Max 160000
11-28 21:50:59.092 I/SensorsHub( 4170): fifo 0 0
11-28 21:50:59.092 I/SensorsHub( 4170): wakeup 0 flags b
11-28 21:50:59.092 I/SensorsHub( 4170): UncalGyroSensor
11-28 21:50:59.093 I/SensorsHub( 4170): sensor_name ICM42605M Gyroscope
Uncalibrated mSensorInfo.name ICM42605M Gyroscope Uncalibrated
11-28 21:50:59.093 I/SensorsHub( 4170): injection path /dev/ssp_data_injection
11-28 21:50:59.093 I/SensorsHub( 4170): index 6, ICM42605M
11-28 21:50:59.093 I/SensorsHub( 4170): handle 17
11-28 21:50:59.093 I/SensorsHub( 4170): name
11-28 21:50:59.093 I/SensorsHub( 4170): vendor Samsung Inc.
11-28 21:50:59.093 I/SensorsHub( 4170): version 2
11-28 21:50:59.093 I/SensorsHub( 4170): maxRage 1.000000
11-28 21:50:59.093 I/SensorsHub( 4170): resolution 1.000000
11-28 21:50:59.093 I/SensorsHub( 4170): Delay min -1 Max 0
11-28 21:50:59.093 I/SensorsHub( 4170): fifo 0 0
11-28 21:50:59.093 I/SensorsHub( 4170): wakeup 1 flags b
11-28 21:50:59.094 I/HidlServiceManagement( 4153): Registered
android.hardware.audio.effect@5.0::IEffectsFactory/default
11-28 21:50:59.094 I/LegacySupport( 4153): Registration complete for
android.hardware.audio.effect@5.0::IEffectsFactory/default.
11-28 21:50:59.094 I/SensorsHub( 4170): SigMotionSensor
11-28 21:50:59.094 I/SensorsHub( 4170): sensor_name Significant Motion
mSensorInfo.name Significant Motion
11-28 21:50:59.094 I/SensorsHub( 4170): injection path /dev/ssp_data_injection
11-28 21:50:59.094 I/SensorsHub( 4170): index 7,
11-28 21:50:59.094 I/SensorsHub( 4170): handle 18
11-28 21:50:59.094 I/SensorsHub( 4170): name
11-28 21:50:59.094 I/SensorsHub( 4170): vendor Samsung Inc.
11-28 21:50:59.094 I/SensorsHub( 4170): version 1
11-28 21:50:59.094 I/SensorsHub( 4170): maxRage 1.000000
11-28 21:50:59.094 I/SensorsHub( 4170): resolution 1.000000
11-28 21:50:59.094 I/SensorsHub( 4170): Delay min 0 Max 0
11-28 21:50:59.094 I/SensorsHub( 4170): fifo 0 0
11-28 21:50:59.094 I/SensorsHub( 4170): wakeup 0 flags b
11-28 21:50:59.096 I/hwservicemanager( 3933): getTransport: Cannot find entry
android.hardware.soundtrigger@2.3::ISoundTriggerHw/default in either framework or
device manifest.
11-28 21:50:59.096 I/SensorsHub( 4170): StepDetectorSensor
11-28 21:50:59.096 I/SensorsHub( 4170): sensor_name Step Detector mSensorInfo.name
Step Detector
11-28 21:50:59.096 I/SensorsHub( 4170): injection path /dev/ssp_data_injection
11-28 21:50:59.096 I/SensorsHub( 4170): index 8,
11-28 21:50:59.096 I/SensorsHub( 4170): handle 19
11-28 21:50:59.096 I/SensorsHub( 4170): name
11-28 21:50:59.096 I/SensorsHub( 4170): vendor Samsung Inc.
11-28 21:50:59.096 I/SensorsHub( 4170): version 1
11-28 21:50:59.096 I/SensorsHub( 4170): maxRage 4294967296.000000
11-28 21:50:59.096 I/SensorsHub( 4170): resolution 1.000000
11-28 21:50:59.096 I/SensorsHub( 4170): Delay min 0 Max 0
11-28 21:50:59.096 I/SensorsHub( 4170): fifo 0 0
11-28 21:50:59.096 I/SensorsHub( 4170): wakeup 0 flags b
11-28 21:50:59.097 I/SensorsHub( 4170): StepCounterSensor
11-28 21:50:59.097 I/SensorsHub( 4170): sensor_name Step Counter mSensorInfo.name
Step Counter
11-28 21:50:59.097 I/SensorsHub( 4170): injection path /dev/ssp_data_injection
11-28 21:50:59.097 I/SensorsHub( 4170): index 9,
11-28 21:50:59.097 E/HYPER-HAL( 4178): [JsonParser.cpp]ParseHints(): targetResource
of LPMBias is null
11-28 21:50:59.097 I/SensorsHub( 4170): handle 22
11-28 21:50:59.097 I/SensorsHub( 4170): name
11-28 21:50:59.097 E/HYPER-HAL( 4178): [JsonParser.cpp]ParseHints(): targetResource
of LPMBias is null
11-28 21:50:59.097 I/SensorsHub( 4170): vendor Samsung Inc.
11-28 21:50:59.097 I/SensorsHub( 4170): version 1
11-28 21:50:59.097 I/SensorsHub( 4170): maxRage 1.000000
11-28 21:50:59.097 I/SensorsHub( 4170): resolution 1.000000
11-28 21:50:59.097 I/SensorsHub( 4170): Delay min 0 Max 0
11-28 21:50:59.097 I/SensorsHub( 4170): fifo 0 0
11-28 21:50:59.097 I/SensorsHub( 4170): wakeup 1 flags b
11-28 21:50:59.097 E/HYPER-HAL( 4178): [JsonParser.cpp]ParseHints(): targetResource
of DDRMinFreq is null
11-28 21:50:59.098 E/LegacySupport( 4153): Could not get passthrough implementation
for android.hardware.soundtrigger@2.3::ISoundTriggerHw/default.
11-28 21:50:59.098 I/SensorsHub( 4170): TiltDetector
11-28 21:50:59.098 I/SensorsHub( 4170): sensor_name Tilt Detector mSensorInfo.name
Tilt Detector
11-28 21:50:59.098 I/SensorsHub( 4170): injection path /dev/ssp_data_injection
11-28 21:50:59.098 I/SensorsHub( 4170): index 10,
11-28 21:50:59.099 I/SensorsHub( 4170): handle 25
11-28 21:50:59.099 I/SensorsHub( 4170): name
11-28 21:50:59.099 I/SensorsHub( 4170): vendor Samsung Inc.
11-28 21:50:59.099 I/SensorsHub( 4170): version 1
11-28 21:50:59.099 I/SensorsHub( 4170): maxRage 1.000000
11-28 21:50:59.099 I/SensorsHub( 4170): resolution 1.000000
11-28 21:50:59.099 I/SensorsHub( 4170): Delay min -1 Max 0
11-28 21:50:59.099 I/SensorsHub( 4170): fifo 0 0
11-28 21:50:59.099 I/SensorsHub( 4170): wakeup 1 flags b
11-28 21:50:59.099 I/SensorsHub( 4170): PickupGesture
11-28 21:50:59.099 I/hwservicemanager( 3933): getTransport: Cannot find entry
android.hardware.soundtrigger@2.2::ISoundTriggerHw/default in either framework or
device manifest.
11-28 21:50:59.099 I/SensorsHub( 4170): sensor_name Pick Up Gesture
mSensorInfo.name Pick Up Gesture
11-28 21:50:59.099 I/SensorsHub( 4170): injection path /dev/ssp_data_injection
11-28 21:50:59.099 I/SensorsHub( 4170): index 11,
11-28 21:50:59.099 I/SensorsHub( 4170): handle 29
11-28 21:50:59.099 I/SensorsHub( 4170): name STK3031
11-28 21:50:59.099 I/SensorsHub( 4170): vendor Sitronix
11-28 21:50:59.099 I/SensorsHub( 4170): version 1
11-28 21:50:59.099 I/SensorsHub( 4170): maxRage 8.000000
11-28 21:50:59.099 I/SensorsHub( 4170): resolution 1.000000
11-28 21:50:59.099 I/SensorsHub( 4170): Delay min 0 Max 0
11-28 21:50:59.099 I/SensorsHub( 4170): fifo 0 0
11-28 21:50:59.099 I/SensorsHub( 4170): wakeup 1 flags b
11-28 21:50:59.099 E/SensorsHub( 4170): pushSensorList invalid handle 29
11-28 21:50:59.099 I/SensorsHub( 4170): handle 31
11-28 21:50:59.099 I/SensorsHub( 4170): name
11-28 21:50:59.099 I/SensorsHub( 4170): vendor Samsung Inc.
11-28 21:50:59.099 I/SensorsHub( 4170): version 1
11-28 21:50:59.099 I/SensorsHub( 4170): maxRage 17.453293
11-28 21:50:59.099 I/SensorsHub( 4170): resolution 0.000533
11-28 21:50:59.100 I/SensorsHub( 4170): Delay min 20000 Max 20000
11-28 21:50:59.100 I/SensorsHub( 4170): fifo 0 0
11-28 21:50:59.100 I/SensorsHub( 4170): wakeup 0 flags b
11-28 21:50:59.100 E/LegacySupport( 4153): Could not get passthrough implementation
for android.hardware.soundtrigger@2.2::ISoundTriggerHw/default.
11-28 21:50:59.101 I/hwservicemanager( 3933): getTransport: Cannot find entry
android.hardware.soundtrigger@2.1::ISoundTriggerHw/default in either framework or
device manifest.
11-28 21:50:59.101 E/LegacySupport( 4153): Could not get passthrough implementation
for android.hardware.soundtrigger@2.1::ISoundTriggerHw/default.
11-28 21:50:59.103 I/SensorsHub( 4170): IntGyroSensor
11-28 21:50:59.103 I/SensorsHub( 4170): sensor_name Interrupt Gyroscope
mSensorInfo.name Interrupt Gyroscope
11-28 21:50:59.103 I/SensorsHub( 4170): injection path /dev/ssp_data_injection
11-28 21:50:59.103 I/SensorsHub( 4170): index 12,
11-28 21:50:59.103 I/SensorsHub( 4170): handle 34
11-28 21:50:59.103 I/SensorsHub( 4170): name TCS3701
11-28 21:50:59.103 I/SensorsHub( 4170): vendor AMS, Inc.
11-28 21:50:59.103 I/SensorsHub( 4170): version 1000
11-28 21:50:59.103 I/SensorsHub( 4170): maxRage 60000.000000
11-28 21:50:59.103 I/SensorsHub( 4170): resolution 1.000000
11-28 21:50:59.103 I/SensorsHub( 4170): Delay min 200000 Max 200000
11-28 21:50:59.103 I/SensorsHub( 4170): fifo 0 0
11-28 21:50:59.103 I/SensorsHub( 4170): wakeup 0 flags b
11-28 21:50:59.104 I/SensorsHub( 4170): LightCCT_Sensor
11-28 21:50:59.104 I/SensorsHub( 4170): sensor_name TCS3701 Light CCT
mSensorInfo.name TCS3701 Light CCT
11-28 21:50:59.104 I/SensorsHub( 4170): injection path /dev/ssp_data_injection
11-28 21:50:59.104 I/SensorsHub( 4170): index 13, TCS3701
11-28 21:50:59.104 I/SensorsHub( 4170): handle 35
11-28 21:50:59.104 I/SensorsHub( 4170): name
11-28 21:50:59.104 I/SensorsHub( 4170): vendor Samsung Inc.
11-28 21:50:59.104 I/SensorsHub( 4170): version 1
11-28 21:50:59.104 I/SensorsHub( 4170): maxRage 1.000000
11-28 21:50:59.104 I/SensorsHub( 4170): resolution 1.000000
11-28 21:50:59.104 I/SensorsHub( 4170): Delay min 0 Max 0
11-28 21:50:59.104 I/SensorsHub( 4170): fifo 0 0
11-28 21:50:59.104 I/SensorsHub( 4170): wakeup 1 flags b
11-28 21:50:59.105 I/SensorsHub( 4170): CallGesture
11-28 21:50:59.105 I/SensorsHub( 4170): sensor_name Call Gesture mSensorInfo.name
Call Gesture
11-28 21:50:59.105 I/SensorsHub( 4170): injection path /dev/ssp_data_injection
11-28 21:50:59.105 I/SensorsHub( 4170): index 14,
11-28 21:50:59.105 I/SensorsHub( 4170): handle 36
11-28 21:50:59.105 I/SensorsHub( 4170): name
11-28 21:50:59.105 I/SensorsHub( 4170): vendor Samsung Inc.
11-28 21:50:59.105 I/SensorsHub( 4170): version 2
11-28 21:50:59.105 I/SensorsHub( 4170): maxRage 1.000000
11-28 21:50:59.105 I/SensorsHub( 4170): resolution 1.000000
11-28 21:50:59.106 I/SensorsHub( 4170): Delay min 0 Max 0
11-28 21:50:59.106 I/SensorsHub( 4170): fifo 0 0
11-28 21:50:59.106 I/SensorsHub( 4170): wakeup 1 flags b
11-28 21:50:59.106 I/SensorsHub( 4170): WakeUpMotion
11-28 21:50:59.106 I/SensorsHub( 4170): sensor_name Wake Up Motion mSensorInfo.name
Wake Up Motion
11-28 21:50:59.106 I/SensorsHub( 4170): injection path /dev/ssp_data_injection
11-28 21:50:59.106 I/SensorsHub( 4170): index 15,
11-28 21:50:59.106 I/SensorsHub( 4170): handle 37
11-28 21:50:59.106 I/SensorsHub( 4170): name TCS3701
11-28 21:50:59.106 I/SensorsHub( 4170): vendor AMS, Inc.
11-28 21:50:59.106 I/SensorsHub( 4170): version 1000
11-28 21:50:59.106 I/SensorsHub( 4170): maxRage 60000.000000
11-28 21:50:59.106 I/SensorsHub( 4170): resolution 1.000000
11-28 21:50:59.106 I/SensorsHub( 4170): Delay min 200000 Max 200000
11-28 21:50:59.106 I/SensorsHub( 4170): fifo 0 0
11-28 21:50:59.106 I/SensorsHub( 4170): wakeup 0 flags b
11-28 21:50:59.107 I/hwservicemanager( 3933): getTransport: Cannot find entry
android.hardware.soundtrigger@2.0::ISoundTriggerHw/default in either framework or
device manifest.
11-28 21:50:59.109 I/SensorsHub( 4170): AutoBrightnessSensor
11-28 21:50:59.109 I/SensorsHub( 4170): sensor_name TCS3701 Auto Brightness (Cam
Lux Support) mSensorInfo.name TCS3701 Auto Brightness (Cam Lux Support)
11-28 21:50:59.109 I/SensorsHub( 4170): injection path /dev/ssp_data_injection
11-28 21:50:59.109 I/SensorsHub( 4170): index 16, TCS3701
11-28 21:50:59.109 I/SensorsHub( 4170): handle 38
11-28 21:50:59.109 I/SensorsHub( 4170): name
11-28 21:50:59.109 I/SensorsHub( 4170): vendor Samsung Inc.
11-28 21:50:59.109 I/SensorsHub( 4170): version 1
11-28 21:50:59.109 I/SensorsHub( 4170): maxRage 17.453293
11-28 21:50:59.109 I/SensorsHub( 4170): resolution 0.000533
11-28 21:50:59.109 I/SensorsHub( 4170): Delay min 10000 Max 10000
11-28 21:50:59.109 I/SensorsHub( 4170): fifo 0 0
11-28 21:50:59.109 I/SensorsHub( 4170): wakeup 0 flags b
11-28 21:50:59.110 I/SensorsHub( 4170): VdisGyroSensor
11-28 21:50:59.110 I/SensorsHub( 4170): sensor_name VDIS Gyroscope mSensorInfo.name
VDIS Gyroscope
11-28 21:50:59.110 I/SensorsHub( 4170): injection path /dev/ssp_data_injection
11-28 21:50:59.110 I/SensorsHub( 4170): index 17,
11-28 21:50:59.110 I/SensorsHub( 4170): handle 39
11-28 21:50:59.110 I/SensorsHub( 4170): name
11-28 21:50:59.110 I/SensorsHub( 4170): vendor Samsung Inc.
11-28 21:50:59.110 I/SensorsHub( 4170): version 1
11-28 21:50:59.110 I/SensorsHub( 4170): maxRage 1.000000
11-28 21:50:59.110 I/SensorsHub( 4170): resolution 1.000000
11-28 21:50:59.110 I/SensorsHub( 4170): Delay min 0 Max 0
11-28 21:50:59.110 I/SensorsHub( 4170): fifo 0 0
11-28 21:50:59.110 I/SensorsHub( 4170): wakeup 0 flags b
11-28 21:50:59.111 I/SensorsHub( 4170): PocketModeLiteSensor
11-28 21:50:59.111 I/SensorsHub( 4170): sensor_name Pocket Mode mSensorInfo.name
Pocket Mode
11-28 21:50:59.111 I/SensorsHub( 4170): injection path /dev/ssp_data_injection
11-28 21:50:59.111 I/SensorsHub( 4170): index 18,
11-28 21:50:59.111 I/SensorsHub( 4170): handle 40
11-28 21:50:59.111 I/SensorsHub( 4170): name STK3031
11-28 21:50:59.111 I/SensorsHub( 4170): vendor Sitronix
11-28 21:50:59.111 I/SensorsHub( 4170): version 1
11-28 21:50:59.111 I/SensorsHub( 4170): maxRage 8.000000
11-28 21:50:59.111 I/SensorsHub( 4170): resolution 1.000000
11-28 21:50:59.111 I/SensorsHub( 4170): Delay min 0 Max 0
11-28 21:50:59.111 I/SensorsHub( 4170): fifo 0 0
11-28 21:50:59.111 I/SensorsHub( 4170): wakeup 1 flags b
11-28 21:50:59.111 E/SensorsHub( 4170): pushSensorList invalid handle 40
11-28 21:50:59.112 I/SensorsHub( 4170): SContextSensor
11-28 21:50:59.112 I/SensorsHub( 4170): sensor_name Scontext mSensorInfo.name
Scontext
11-28 21:50:59.112 I/SensorsHub( 4170): injection path /dev/ssp_data_injection
11-28 21:50:59.112 I/SensorsHub( 4170): SensorHubDataWriter::SensorHubDataWriter()
11-28 21:50:59.112 E/SensorsHub( 4170): SensorHubDataWriter: open sensorhub device
success(27)
11-28 21:50:59.113 I/SensorsHub( 4170): SensorHubSensor
11-28 21:50:59.113 I/SensorsHub( 4170): sensor_name SensorHub mSensorInfo.name
SensorHub
11-28 21:50:59.113 I/SensorsHub( 4170): injection path /dev/ssp_data_injection
11-28 21:50:59.113 I/SensorsHub( 4170): (AccSensor)SensorBase::isShownSensorList()
11-28 21:50:59.113 I/SensorsHub( 4170): index 0, ishown 1
11-28 21:50:59.113 I/SensorsHub( 4170): (AccSensor)SensorBase::isShownSensorList()
11-28 21:50:59.113 I/SensorsHub( 4170):
(MagneticSensor)SensorBase::isShownSensorList()
11-28 21:50:59.113 I/SensorsHub( 4170): index 1, ishown 1
11-28 21:50:59.113 I/SensorsHub( 4170):
(MagneticSensor)SensorBase::isShownSensorList()
11-28 21:50:59.113 I/SensorsHub( 4170): (GyroSensor)SensorBase::isShownSensorList()
11-28 21:50:59.114 I/SensorsHub( 4170): index 2, ishown 1
11-28 21:50:59.114 I/SensorsHub( 4170): (GyroSensor)SensorBase::isShownSensorList()
11-28 21:50:59.114 I/SensorsHub( 4170):
(LightSensor)SensorBase::isShownSensorList()
11-28 21:50:59.114 E/HYPER-HAL( 4178): [JsonParser.cpp]parseConfigFile(): Json File
NO Exist : /vendor/etc/config_model.json
11-28 21:50:59.114 I/SensorsHub( 4170): index 3, ishown 1
11-28 21:50:59.114 I/SensorsHub( 4170):
(LightSensor)SensorBase::isShownSensorList()
11-28 21:50:59.114 E/HYPER-HAL( 4178): [JsonParser.cpp]JsonInit(): Skip Model
Config Parsing
11-28 21:50:59.114 I/SensorsHub( 4170):
(ProximitySensor)SensorBase::isShownSensorList()
11-28 21:50:59.114 I/SensorsHub( 4170): index 4, ishown 1
11-28 21:50:59.114 I/SensorsHub( 4170):
(ProximitySensor)SensorBase::isShownSensorList()
11-28 21:50:59.114 I/SensorsHub( 4170):
(UncalMagneticSensor)SensorBase::isShownSensorList()
11-28 21:50:59.114 I/SensorsHub( 4170): index 5, ishown 1
11-28 21:50:59.114 I/SensorsHub( 4170):
(UncalMagneticSensor)SensorBase::isShownSensorList()
11-28 21:50:59.114 I/SensorsHub( 4170):
(UncalGyroSensor)SensorBase::isShownSensorList()
11-28 21:50:59.114 I/SensorsHub( 4170): index 6, ishown 1
11-28 21:50:59.114 I/SensorsHub( 4170):
(UncalGyroSensor)SensorBase::isShownSensorList()
11-28 21:50:59.114 I/SensorsHub( 4170):
(SigMotionSensor)SensorBase::isShownSensorList()
11-28 21:50:59.114 I/SensorsHub( 4170): index 7, ishown 1
11-28 21:50:59.114 I/SensorsHub( 4170):
(SigMotionSensor)SensorBase::isShownSensorList()
11-28 21:50:59.114 I/SensorsHub( 4170):
(StepDetectorSensor)SensorBase::isShownSensorList()
11-28 21:50:59.114 I/SensorsHub( 4170): index 8, ishown 1
11-28 21:50:59.114 I/SensorsHub( 4170):
(StepDetectorSensor)SensorBase::isShownSensorList()
11-28 21:50:59.114 E/HYPER-HAL( 4178): [HandlerQC.cpp]HandlerQC(): unable to open
vendor/lib64/libqti-perfd-client.so: dlopen failed: library "libqti-perfd-
client.so" not found
11-28 21:50:59.114 I/SensorsHub( 4170):
(StepCounterSensor)SensorBase::isShownSensorList()
11-28 21:50:59.114 I/SensorsHub( 4170): index 9, ishown 1
11-28 21:50:59.114 I/SensorsHub( 4170):
(StepCounterSensor)SensorBase::isShownSensorList()
11-28 21:50:59.114 I/SensorsHub( 4170):
(TiltDetector)SensorBase::isShownSensorList()
11-28 21:50:59.114 I/SensorsHub( 4170): index 10, ishown 1
11-28 21:50:59.114 I/SensorsHub( 4170):
(TiltDetector)SensorBase::isShownSensorList()
11-28 21:50:59.114 I/SensorsHub( 4170):
(PickupGesture)SensorBase::isShownSensorList()
11-28 21:50:59.114 I/SensorsHub( 4170): index 11, ishown 1
11-28 21:50:59.114 E/HYPER-HAL( 4178): [HandlerMtk.cpp]HandlerMtk(): dlopen error:
dlopen failed: library "libmtkperf_client_vendor.so" not found
11-28 21:50:59.114 I/SensorsHub( 4170):
(PickupGesture)SensorBase::isShownSensorList()
11-28 21:50:59.114 I/SensorsHub( 4170):
(IntGyroSensor)SensorBase::isShownSensorList()
11-28 21:50:59.114 I/SensorsHub( 4170): index 12, ishown 1
11-28 21:50:59.114 I/SensorsHub( 4170):
(IntGyroSensor)SensorBase::isShownSensorList()
11-28 21:50:59.114 I/SensorsHub( 4170):
(LightCCT_Sensor)SensorBase::isShownSensorList()
11-28 21:50:59.114 I/SensorsHub( 4170): index 13, ishown 1
11-28 21:50:59.114 I/SensorsHub( 4170):
(LightCCT_Sensor)SensorBase::isShownSensorList()
11-28 21:50:59.115 I/SensorsHub( 4170):
(CallGesture)SensorBase::isShownSensorList()
11-28 21:50:59.115 I/SensorsHub( 4170): index 14, ishown 1
11-28 21:50:59.115 I/SensorsHub( 4170):
(CallGesture)SensorBase::isShownSensorList()
11-28 21:50:59.115 I/SensorsHub( 4170):
(WakeUpMotion)SensorBase::isShownSensorList()
11-28 21:50:59.115 I/SensorsHub( 4170): index 15, ishown 1
11-28 21:50:59.115 I/SensorsHub( 4170):
(WakeUpMotion)SensorBase::isShownSensorList()
11-28 21:50:59.115 I/SensorsHub( 4170):
(AutoBrightnessSensor)SensorBase::isShownSensorList()
11-28 21:50:59.115 I/SensorsHub( 4170): index 16, ishown 1
11-28 21:50:59.115 I/SensorsHub( 4170):
(AutoBrightnessSensor)SensorBase::isShownSensorList()
11-28 21:50:59.115 I/SensorsHub( 4170):
(VdisGyroSensor)SensorBase::isShownSensorList()
11-28 21:50:59.115 I/SensorsHub( 4170): index 17, ishown 1
11-28 21:50:59.115 I/SensorsHub( 4170):
(VdisGyroSensor)SensorBase::isShownSensorList()
11-28 21:50:59.115 I/SensorsHub( 4170):
(PocketModeLiteSensor)SensorBase::isShownSensorList()
11-28 21:50:59.115 I/SensorsHub( 4170): index 18, ishown 1
11-28 21:50:59.115 I/SensorsHub( 4170):
(PocketModeLiteSensor)SensorBase::isShownSensorList()
11-28 21:50:59.115 I/SensorsHub( 4170):
(SContextSensor)SensorBase::isShownSensorList()
11-28 21:50:59.115 I/SensorsHub( 4170): index 19, ishown 1
11-28 21:50:59.115 I/SensorsHub( 4170):
(SContextSensor)SensorBase::isShownSensorList()
11-28 21:50:59.115 I/SensorsHub( 4170): index 20, ishown 0
11-28 21:50:59.115 I/SensorsHub( 4170): Support camera light
11-28 21:50:59.116 E/HYPER-HAL( 4178): [ResourceManager.cpp]isValidResourceData():
resourceData basic data null or empty
11-28 21:50:59.116 E/HYPER-HAL( 4178): [ResourceManager.cpp]ResourceManager():
resourceData null
11-28 21:50:59.116 E/HYPER-HAL( 4178): [ResourceManager.cpp]isValidResourceData():
resourceData basic data null or empty
11-28 21:50:59.116 E/HYPER-HAL( 4178): [ResourceManager.cpp]ResourceManager():
resourceData null
11-28 21:50:59.116 E/HYPER-HAL( 4178): [HandlerSysfs.cpp]doResourceHandling():
Couldn't Open Sysfs - /sys/module/cpuidle/parameters/off
11-28 21:50:59.116 E/HYPER-HAL( 4178): [ResourceManager.cpp]isValidResourceData():
resourceData basic data null or empty
11-28 21:50:59.116 E/HYPER-HAL( 4178): [ResourceManager.cpp]ResourceManager():
resourceData null
11-28 21:50:59.116 E/HYPER-HAL( 4178): [HandlerSysfs.cpp]doResourceHandling():
Couldn't Open Sysfs - /sys/kernel/mm/vmscan/am_app_launch
11-28 21:50:59.116 E/HYPER-HAL( 4178): [HandlerSysfs.cpp]doResourceHandling():
Couldn't Open Sysfs - /proc/sys/vm/kswapd_perftune_cpumask
11-28 21:50:59.116 E/HYPER-HAL( 4178): [ResourceManager.cpp]ResourceManager():
Cannot read path : /sys/devices/platform/exynos-ufcc/ufc/cpufreq_table
11-28 21:50:59.116 I/HYPER-HAL( 4178): [RequestManager.cpp]initHintData(): Hint ::
Start Hint Initializing - AMS_RESUME (1)
11-28 21:50:59.116 I/HYPER-HAL( 4178): [RequestManager.cpp]initHintData(): Hint ::
Resource Id : 0x12001001 Value : 1664000
11-28 21:50:59.116 I/HYPER-HAL( 4178): [RequestManager.cpp]initHintData(): Hint ::
Resource Id : 0x20001001 Value : 455000
11-28 21:50:59.116 I/HYPER-HAL( 4178): [RequestManager.cpp]initHintData(): Hint ::
Resource Id : 0x30001001 Value : 419000
11-28 21:50:59.116 I/HYPER-HAL( 4178): [ResourceManager.cpp]getResourceManager():
Resouce not supported on this device - resourceID : 0x10002001
11-28 21:50:59.116 E/HYPER-HAL( 4178): [RequestManager.cpp]initHintData(): [Error]
Couldn't find Resource ID : 0x10002001
11-28 21:50:59.116 I/HYPER-HAL( 4178): [RequestManager.cpp]initHintData(): Hint ::
Resource Id : 0x10003000 Value : 1
11-28 21:50:59.116 I/HYPER-HAL( 4178): [RequestManager.cpp]initHintData(): Hint ::
Start Hint Initializing - AMS_RELAUNCH_RESUME (2)
11-28 21:50:59.116 I/HYPER-HAL( 4178): [RequestManager.cpp]initHintData(): Hint ::
Resource Id : 0x12001001 Value : 1768000
11-28 21:50:59.116 I/HYPER-HAL( 4178): [ResourceManager.cpp]getResourceManager():
Resouce not supported on this device - resourceID : 0x10002001
11-28 21:50:59.116 E/HYPER-HAL( 4178): [RequestManager.cpp]initHintData(): [Error]
Couldn't find Resource ID : 0x10002001
11-28 21:50:59.116 I/HYPER-HAL( 4178): [RequestManager.cpp]initHintData(): Hint ::
Resource Id : 0x10003000 Value : 1
11-28 21:50:59.116 I/HYPER-HAL( 4178): [RequestManager.cpp]initHintData(): Hint ::
Duration : 1000
11-28 21:50:59.116 I/HYPER-HAL( 4178): [RequestManager.cpp]initHintData(): Hint ::
Start Hint Initializing - AMS_ACT_RESUME (3)
11-28 21:50:59.116 I/HYPER-HAL( 4178): [RequestManager.cpp]initHintData(): Hint ::
Resource Id : 0x12001001 Value : 1664000
11-28 21:50:59.116 I/HYPER-HAL( 4178): [RequestManager.cpp]initHintData(): Hint ::
Resource Id : 0x20001001 Value : 455000
11-28 21:50:59.117 I/HYPER-HAL( 4178): [ResourceManager.cpp]getResourceManager():
Resouce not supported on this device - resourceID : 0x10002001
11-28 21:50:59.117 E/HYPER-HAL( 4178): [RequestManager.cpp]initHintData(): [Error]
Couldn't find Resource ID : 0x10002001
11-28 21:50:59.117 I/HYPER-HAL( 4178): [RequestManager.cpp]initHintData(): Hint ::
Resource Id : 0x10003000 Value : 1
11-28 21:50:59.117 I/HYPER-HAL( 4178): [RequestManager.cpp]initHintData(): Hint ::
Start Hint Initializing - AMS_ACT_START (4)
11-28 21:50:59.117 I/HYPER-HAL( 4178): [RequestManager.cpp]initHintData(): Hint ::
Resource Id : 0x12001001 Value : 2314000
11-28 21:50:59.117 I/HYPER-HAL( 4178): [RequestManager.cpp]initHintData(): Hint ::
Resource Id : 0x20001001 Value : 1053000
11-28 21:50:59.117 I/HYPER-HAL( 4178): [ResourceManager.cpp]getResourceManager():
Resouce not supported on this device - resourceID : 0x10002001
11-28 21:50:59.117 E/HYPER-HAL( 4178): [RequestManager.cpp]initHintData(): [Error]
Couldn't find Resource ID : 0x10002001
11-28 21:50:59.117 I/HYPER-HAL( 4178): [RequestManager.cpp]initHintData(): Hint ::
Resource Id : 0x10003000 Value : 1
11-28 21:50:59.117 I/HYPER-HAL( 4178): [RequestManager.cpp]initHintData(): Hint ::
Start Hint Initializing - AMS_RESUME_TAIL (5)
11-28 21:50:59.117 I/HYPER-HAL( 4178): [RequestManager.cpp]initHintData(): Hint ::
Resource Id : 0x12001001 Value : 1768000
11-28 21:50:59.117 I/HYPER-HAL( 4178): [ResourceManager.cpp]getResourceManager():
Resouce not supported on this device - resourceID : 0x10002001
11-28 21:50:59.117 E/HYPER-HAL( 4178): [RequestManager.cpp]initHintData(): [Error]
Couldn't find Resource ID : 0x10002001
11-28 21:50:59.117 I/HYPER-HAL( 4178): [RequestManager.cpp]initHintData(): Hint ::
Resource Id : 0x10003000 Value : 1
11-28 21:50:59.117 I/HYPER-HAL( 4178): [RequestManager.cpp]initHintData(): Hint ::
Duration : 800
11-28 21:50:59.117 I/HYPER-HAL( 4178): [RequestManager.cpp]initHintData(): Hint ::
Start Hint Initializing - AMS_APP_SWITCH (7)
11-28 21:50:59.117 I/HYPER-HAL( 4178): [RequestManager.cpp]initHintData(): Hint ::
Resource Id : 0x12001001 Value : 2314000
11-28 21:50:59.117 I/HYPER-HAL( 4178): [RequestManager.cpp]initHintData(): Hint ::
Resource Id : 0x20001001 Value : 1053000
11-28 21:50:59.117 I/HYPER-HAL( 4178): [ResourceManager.cpp]getResourceManager():
Resouce not supported on this device - resourceID : 0x10002001
11-28 21:50:59.117 E/HYPER-HAL( 4178): [RequestManager.cpp]initHintData(): [Error]
Couldn't find Resource ID : 0x10002001
11-28 21:50:59.117 I/HYPER-HAL( 4178): [RequestManager.cpp]initHintData(): Hint ::
Resource Id : 0x10003000 Value : 1
11-28 21:50:59.117 I/HYPER-HAL( 4178): [RequestManager.cpp]initHintData(): Hint ::
Start Hint Initializing - AMS_APP_HOME (8)
11-28 21:50:59.117 I/HYPER-HAL( 4178): [RequestManager.cpp]initHintData(): Hint ::
Resource Id : 0x12001001 Value : 2314000
11-28 21:50:59.117 I/HYPER-HAL( 4178): [RequestManager.cpp]initHintData(): Hint ::
Resource Id : 0x20001001 Value : 1053000
11-28 21:50:59.117 I/HYPER-HAL( 4178): [ResourceManager.cpp]getResourceManager():
Resouce not supported on this device - resourceID : 0x10002001
11-28 21:50:59.117 E/HYPER-HAL( 4178): [RequestManager.cpp]initHintData(): [Error]
Couldn't find Resource ID : 0x10002001
11-28 21:50:59.117 I/HYPER-HAL( 4178): [RequestManager.cpp]initHintData(): Hint ::
