11-17 09:00:28.155 16158 16236 D AudioTrack: setVolume(48532): 0x706d211100, left =
0.500000, right = 0.500000
11-17 09:00:28.155 16158 16236 D AudioTrack: start(48532): 0x706d211100, prior
state:STATE_STOPPED
11-17 09:00:28.164 16158 16657 D AudioTrack: stop(48527): 0x70a3477100, prior
state:STATE_ACTIVE
11-17 09:00:28.165 16158 16657 D AudioTrack: stop(48527): 0x70a3477100 stop done
11-17 09:00:28.820 16158 16657 D AudioTrack: stop(48532): 0x706d211100, prior
state:STATE_ACTIVE
11-17 09:00:28.821 16158 16657 D AudioTrack: stop(48532): 0x706d211100 stop done
11-17 09:00:29.121 16158 16236 D AudioTrack: INSP:
type=audio,case=1,set=0x70735fdb00,stream_type=3,sample_rate=44100,format=0x1,chann
el_mask=0x1,frame_count=0,flags=0x4,notification_frames=0,session_id=0,transfer_typ
e=0,uid=-1,pid=-1
11-17 09:00:29.121 16158 16236 D AudioTrack: INSP:
type=audio,case=1,attributes=1,content_type=2,usage=1,source=0,flags=0x800
11-17 09:00:29.121 16158 16236 D AudioTrack: set(): Building AudioTrack with
attributes: usage = 1, content = 2, flags = 0x800, tags = []
11-17 09:00:29.121 16158 16236 D AudioTrack: set(): 0x70735fdb00, Create
AudioTrackThread, tid = 16666
11-17 09:00:29.171 16158 16236 D AudioTrack: createTrack_l(113):
AUDIO_OUTPUT_FLAG_FAST denied by server; frameCount 0 -> 4608
11-17 09:00:29.171 16158 16236 D AudioTrack: createTrack_l(48533): 0x70735fdb00,
mCblk = 0x709af562a0, mLatency = 178, mAfLatency = 74, frameCount = 4608,
mSampleRate = 44100, mFlags = 0, mReqFrameCount = 4608, mNotificationFramesAct = 0
11-17 09:00:29.172 16158 16236 D AudioTrack: setVolume(48533): 0x70735fdb00, left =
0.500000, right = 0.500000
11-17 09:00:29.172 16158 16236 D AudioTrack: start(48533): 0x70735fdb00, prior
state:STATE_STOPPED
11-17 09:00:29.213 16158 16236 D AudioTrack: ~AudioTrack(48532): 0x706d211100
11-17 09:00:29.215 16158 16236 D AudioTrack: stop(48532): 0x706d211100, prior
state:STATE_STOPPED
11-17 09:00:29.335 16158 16657 D AudioTrack: stop(48533): 0x70735fdb00, prior
state:STATE_ACTIVE
11-17 09:00:29.336 16158 16657 D AudioTrack: stop(48533): 0x70735fdb00 stop done
11-17 09:00:29.487 16158 16236 D AudioTrack: INSP:
type=audio,case=1,set=0x71032d4e00,stream_type=3,sample_rate=44100,format=0x1,chann
el_mask=0x3,frame_count=0,flags=0x4,notification_frames=0,session_id=0,transfer_typ
e=0,uid=-1,pid=-1
11-17 09:00:29.487 16158 16236 D AudioTrack: INSP:
type=audio,case=1,attributes=1,content_type=2,usage=1,source=0,flags=0x800
11-17 09:00:29.487 16158 16236 D AudioTrack: set(): Building AudioTrack with
attributes: usage = 1, content = 2, flags = 0x800, tags = []
11-17 09:00:29.487 16158 16236 D AudioTrack: set(): 0x71032d4e00, Create
AudioTrackThread, tid = 16667
11-17 09:00:29.522 16158 16236 D AudioTrack: createTrack_l(113):
AUDIO_OUTPUT_FLAG_FAST denied by server; frameCount 0 -> 27648
11-17 09:00:29.522 16158 16236 D AudioTrack: createTrack_l(48534): 0x71032d4e00,
mCblk = 0x709af561c0, mLatency = 700, mAfLatency = 74, frameCount = 27648,
mSampleRate = 44100, mFlags = 0, mReqFrameCount = 27648, mNotificationFramesAct = 0
11-17 09:00:29.523 16158 16236 D AudioTrack: setVolume(48534): 0x71032d4e00, left =
0.500000, right = 0.500000
11-17 09:00:29.523 16158 16236 D AudioTrack: start(48534): 0x71032d4e00, prior
state:STATE_STOPPED
11-17 09:00:29.563 16158 16236 D AudioTrack: ~AudioTrack(48533): 0x70735fdb00
11-17 09:00:29.567 16158 16236 D AudioTrack: stop(48533): 0x70735fdb00, prior
state:STATE_STOPPED
11-17 09:00:30.193 16158 16657 D AudioTrack: stop(48534): 0x71032d4e00, prior
state:STATE_ACTIVE
11-17 09:00:30.194 16158 16657 D AudioTrack: stop(48534): 0x71032d4e00 stop done
11-17 09:00:30.432 16158 16236 D AudioTrack: INSP:
type=audio,case=1,set=0x70735fdb00,stream_type=3,sample_rate=44100,format=0x1,chann
el_mask=0x1,frame_count=0,flags=0x4,notification_frames=0,session_id=0,transfer_typ
e=0,uid=-1,pid=-1
11-17 09:00:30.432 16158 16236 D AudioTrack: INSP:
type=audio,case=1,attributes=1,content_type=2,usage=1,source=0,flags=0x800
11-17 09:00:30.432 16158 16236 D AudioTrack: set(): Building AudioTrack with
attributes: usage = 1, content = 2, flags = 0x800, tags = []
11-17 09:00:30.432 16158 16236 D AudioTrack: set(): 0x70735fdb00, Create
AudioTrackThread, tid = 16668
11-17 09:00:30.478 16158 16236 D AudioTrack: createTrack_l(113):
AUDIO_OUTPUT_FLAG_FAST denied by server; frameCount 0 -> 4608
11-17 09:00:30.478 16158 16236 D AudioTrack: createTrack_l(48535): 0x70735fdb00,
mCblk = 0x709af562a0, mLatency = 178, mAfLatency = 74, frameCount = 4608,
mSampleRate = 44100, mFlags = 0, mReqFrameCount = 4608, mNotificationFramesAct = 0
11-17 09:00:30.478 16158 16236 D AudioTrack: setVolume(48535): 0x70735fdb00, left =
0.500000, right = 0.500000
11-17 09:00:30.478 16158 16236 D AudioTrack: start(48535): 0x70735fdb00, prior
state:STATE_STOPPED
11-17 09:00:30.532 16158 16236 D AudioTrack: ~AudioTrack(48534): 0x71032d4e00
11-17 09:00:30.534 16158 16236 D AudioTrack: stop(48534): 0x71032d4e00, prior
state:STATE_STOPPED
11-17 09:00:30.537 16158 16236 D AudioTrack: setVolume(48527): 0x70a3477100, left =
0.500000, right = 0.500000
11-17 09:00:30.537 16158 16236 D AudioTrack: start(48527): 0x70a3477100, prior
state:STATE_STOPPED
11-17 09:00:30.640 16158 16657 D AudioTrack: stop(48535): 0x70735fdb00, prior
state:STATE_ACTIVE
11-17 09:00:30.640 16158 16657 D AudioTrack: stop(48535): 0x70735fdb00 stop done
11-17 09:00:31.033 16158 16236 D AudioTrack: setVolume(48535): 0x70735fdb00, left =
0.500000, right = 0.500000
11-17 09:00:31.033 16158 16236 D AudioTrack: start(48535): 0x70735fdb00, prior
state:STATE_STOPPED
11-17 09:00:31.180 16158 16657 D AudioTrack: stop(48535): 0x70735fdb00, prior
state:STATE_ACTIVE
11-17 09:00:31.181 16158 16657 D AudioTrack: stop(48535): 0x70735fdb00 stop done
11-17 09:00:31.205 16158 16657 D AudioTrack: stop(48527): 0x70a3477100, prior
state:STATE_ACTIVE
11-17 09:00:31.205 16158 16657 D AudioTrack: stop(48527): 0x70a3477100 stop done
11-17 09:00:31.420 16158 16236 D AudioTrack: setVolume(48535): 0x70735fdb00, left =
0.500000, right = 0.500000
11-17 09:00:31.420 16158 16236 D AudioTrack: start(48535): 0x70735fdb00, prior
state:STATE_STOPPED
11-17 09:00:31.568 16158 16657 D AudioTrack: stop(48535): 0x70735fdb00, prior
state:STATE_ACTIVE
11-17 09:00:31.568 16158 16657 D AudioTrack: stop(48535): 0x70735fdb00 stop done
11-17 09:00:32.152 16158 16236 D AudioTrack: setVolume(48527): 0x70a3477100, left =
0.500000, right = 0.500000
11-17 09:00:32.152 16158 16236 D AudioTrack: start(48527): 0x70a3477100, prior
state:STATE_STOPPED
11-17 09:00:32.209 16158 16236 D cocos2d-x debug info: ~~~~~eventId=加载点统计
step=6_主场景界面
11-17 09:00:32.209 16158 16236 D cocos2d-x debug info: ~~~~~eventId=加载点统计
11-17 09:00:32.209 16158 16236 D cocos2d-x debug info: ~~~~~11111
11-17 09:00:32.209 16158 16236 D cocos2d-x debug info: ~~~~~2
11-17 09:00:32.209 16158 16236 D cocos2d-x debug info: ~~~~~3
11-17 09:00:32.210 16158 16236 D cocos2d-x debug info: ~~~~~4
11-17 09:00:32.211 16158 16158 I TDLog : onEvent being called! eventId: 加载点统计,
eventMap: {加载点=6_主场景界面}
11-17 09:00:32.391 16158 16236 D cocos2d-x debug info: cocos2d: CCSpriteBatchNode:
resizing TextureAtlas capacity from [1] to [2].
11-17 09:00:32.391 16158 16236 D cocos2d-x debug info: cocos2d: CCSpriteBatchNode:
resizing TextureAtlas capacity from [2] to [4].
11-17 09:00:32.391 16158 16236 D cocos2d-x debug info: cocos2d: CCSpriteBatchNode:
resizing TextureAtlas capacity from [1] to [2].
11-17 09:00:32.391 16158 16236 D cocos2d-x debug info: cocos2d: CCSpriteBatchNode:
resizing TextureAtlas capacity from [4] to [6].
11-17 09:00:32.391 16158 16236 D cocos2d-x debug info: cocos2d: CCSpriteBatchNode:
resizing TextureAtlas capacity from [6] to [9].
11-17 09:00:32.391 16158 16236 D cocos2d-x debug info: cocos2d: CCSpriteBatchNode:
resizing TextureAtlas capacity from [2] to [4].
11-17 09:00:32.391 16158 16236 D cocos2d-x debug info: cocos2d: CCSpriteBatchNode:
resizing TextureAtlas capacity from [9] to [13].
11-17 09:00:32.392 16158 16236 D cocos2d-x debug info: cocos2d: CCSpriteBatchNode:
resizing TextureAtlas capacity from [13] to [18].
11-17 09:00:32.392 16158 16236 D cocos2d-x debug info: cocos2d: CCSpriteBatchNode:
resizing TextureAtlas capacity from [4] to [6].
11-17 09:00:32.392 16158 16236 D cocos2d-x debug info: cocos2d: CCSpriteBatchNode:
resizing TextureAtlas capacity from [18] to [25].
11-17 09:00:32.392 16158 16236 D cocos2d-x debug info: cocos2d: CCSpriteBatchNode:
resizing TextureAtlas capacity from [6] to [9].
11-17 09:00:32.452 16158 16236 D cocos2d-x debug info: ERROR: SpriteFrame NULL
11-17 09:00:32.528 16158 16236 D cocos2d-x debug info: cocos2d: "cc_fps_images"
rc=4 id=2 256 x 32 @ 16 bpp => 16 KB
11-17 09:00:32.528 16158 16236 D cocos2d-x debug info: cocos2d:
"cc_2x2_white_image" rc=9 id=4 2 x 2 @ 32 bpp => 0 KB
11-17 09:00:32.528 16158 16236 D cocos2d-x debug info: cocos2d:
"assets/UI/image/ibg/bt_adclick.png" rc=1 id=9 111 x 77 @ 32 bpp => 33 KB
11-17 09:00:32.528 16158 16236 D cocos2d-x debug info: cocos2d:
"/data/user/0/io.va.exposed64/virtual/data/user/0/com.nextgen.nh/files/tmpdirhy/
UI/image/resources-large/iicon.png" rc=197 id=17 2048 x 2048 @ 32 bpp => 16384 KB
11-17 09:00:32.528 16158 16236 D cocos2d-x debug info: cocos2d:
"/data/user/0/io.va.exposed64/virtual/data/user/0/com.nextgen.nh/files/tmpdirhy/
UI/image/resources-large/ibutton.png" rc=206 id=1 2048 x 2048 @ 32 bpp => 16384 KB
11-17 09:00:32.528 16158 16236 D cocos2d-x debug info: cocos2d:
"assets/UI/image/resources-large/iRGB32.png" rc=184 id=5 1024 x 1024 @ 32 bpp =>
4096 KB
11-17 09:00:32.528 16158 16236 D cocos2d-x debug info: cocos2d:
"assets/UI/image/ibg/bg_loginscene_ne.png" rc=3 id=8 1440 x 720 @ 32 bpp => 4050 KB
11-17 09:00:32.528 16158 16236 D cocos2d-x debug info: cocos2d:
"assets/UI/image/ibg/img_login_bg.png" rc=3 id=23 573 x 572 @ 32 bpp => 1280 KB
11-17 09:00:32.528 16158 16236 D cocos2d-x debug info: cocos2d:
"/data/user/0/io.va.exposed64/virtual/data/user/0/com.nextgen.nh/files/tmpdirhy/
UI/image/ibg/bg_login_nhr.png" rc=3 id=24 433 x 184 @ 32 bpp => 311 KB
11-17 09:00:32.528 16158 16236 D cocos2d-x debug info: cocos2d:
"/data/user/0/io.va.exposed64/virtual/data/user/0/com.nextgen.nh/files/tmpdirhy/
UI/image/ibg/btn_facebook.png" rc=2 id=25 382 x 76 @ 32 bpp => 113 KB
11-17 09:00:32.528 16158 16236 D cocos2d-x debug info: cocos2d:
"assets/UI/image/ibg/btn_google.png" rc=2 id=26 382 x 76 @ 32 bpp => 113 KB
11-17 09:00:32.528 16158 16236 D cocos2d-x debug info: cocos2d:
"/data/user/0/io.va.exposed64/virtual/data/user/0/com.nextgen.nh/files/tmpdirhy/
UI/image/ibg/btn_login.png" rc=2 id=27 382 x 76 @ 32 bpp => 113 KB
11-17 09:00:32.528 16158 16236 D cocos2d-x debug info: cocos2d:
"/data/user/0/io.va.exposed64/virtual/data/user/0/com.nextgen.nh/files/tmpdirhy/
UI/image/ibg/btn_signup.png" rc=2 id=28 382 x 76 @ 32 bpp => 113 KB
11-17 09:00:32.528 16158 16236 D cocos2d-x debug info: cocos2d:
"assets/UI/image/ibg/img_login_input.png" rc=6 id=29 375 x 51 @ 32 bpp => 74 KB
11-17 09:00:32.528 16158 16236 D cocos2d-x debug info: cocos2d:
"assets/UI/image/ibg/btn_create.png" rc=2 id=32 190 x 77 @ 32 bpp => 57 KB
11-17 09:00:32.528 16158 16236 D cocos2d-x debug info: cocos2d:
"assets/UI/image/ibg/btn_login_back.png" rc=2 id=33 190 x 77 @ 32 bpp => 57 KB
11-17 09:00:32.528 16158 16236 D cocos2d-x debug info: cocos2d:
"assets/armatures/Export/yun/yun0.png" rc=7 id=37 1024 x 1024 @ 32 bpp => 4096 KB
11-17 09:00:32.528 16158 16236 D cocos2d-x debug info: cocos2d:
"assets/armatures/Export/building/building0.png" rc=8 id=38 512 x 256 @ 32 bpp =>
512 KB
11-17 09:00:32.528 16158 16236 D cocos2d-x debug info: cocos2d:
"/data/user/0/io.va.exposed64/virtual/data/user/0/com.nextgen.nh/files/tmpdirhy/
armatures/Export/mainAction/mainAction0.png" rc=12 id=39 1024 x 128 @ 32 bpp => 512
KB
11-17 09:00:32.528 16158 16236 D cocos2d-x debug info: cocos2d:
"/data/user/0/io.va.exposed64/virtual/data/user/0/com.nextgen.nh/files/tmpdirhy/
armatures/resXML-iphonehd/weapon.png" rc=18 id=40 512 x 512 @ 32 bpp => 1024 KB
11-17 09:00:32.528 16158 16236 D cocos2d-x debug info: cocos2d:
"assets/UI/image/ibg/facebook-like.png" rc=2 id=98 75 x 60 @ 32 bpp => 17 KB
11-17 09:00:32.528 16158 16236 D cocos2d-x debug info: cocos2d:
"assets/UI/image/ibg/loading_icon.png" rc=1 id=95 90 x 90 @ 32 bpp => 31 KB
11-17 09:00:32.528 16158 16236 D cocos2d-x debug info: cocos2d:
"assets/UI/image/ibg/titlebg.png" rc=1 id=112 577 x 123 @ 32 bpp => 277 KB
11-17 09:00:32.528 16158 16236 D cocos2d-x debug info: cocos2d:
"/data/user/0/io.va.exposed64/virtual/data/user/0/com.nextgen.nh/files/tmpdirhy/
UI/image/resources-large/ibgicon.png" rc=79 id=91 1024 x 1024 @ 32 bpp => 4096 KB
11-17 09:00:32.528 16158 16236 D cocos2d-x debug info: cocos2d:
"/data/user/0/io.va.exposed64/virtual/data/user/0/com.nextgen.nh/files/tmpdirhy/
UI/image/resources-large/ibuilding.png" rc=53 id=149 1024 x 1024 @ 32 bpp => 4096
KB
11-17 09:00:32.528 16158 16236 D cocos2d-x debug info: cocos2d:
"assets/UI/image/ibg/dimian2.png" rc=24 id=131 199 x 162 @ 32 bpp => 125 KB
11-17 09:00:32.528 16158 16236 D cocos2d-x debug info: cocos2d:
"assets/UI/image/ibg/cao.png" rc=9 id=117 114 x 30 @ 32 bpp => 13 KB
11-17 09:00:32.528 16158 16236 D cocos2d-x debug info: cocos2d:
"assets/UI/image/ibg/h_paihang.png" rc=3 id=158 108 x 81 @ 32 bpp => 34 KB
11-17 09:00:32.528 16158 16236 D cocos2d-x debug info: cocos2d:
"assets/UI/image/iroleHead/jue_h.png" rc=2 id=82 70 x 70 @ 32 bpp => 19 KB
11-17 09:00:32.528 16158 16236 D cocos2d-x debug info: cocos2d:
"assets/armatures/Export/npc/npc0.png" rc=15 id=74 512 x 256 @ 32 bpp => 512 KB
11-17 09:00:32.528 16158 16236 D cocos2d-x debug info: cocos2d: CCTextureCache
dumpDebugInfo: 30 textures, for 58564 KB (57.19 MB)
11-17 09:00:32.646 16158 16236 D TAG : queryPurchase
11-17 09:00:32.848 16158 16657 D AudioTrack: stop(48527): 0x70a3477100, prior
state:STATE_ACTIVE
11-17 09:00:32.850 16158 16657 D AudioTrack: stop(48527): 0x70a3477100 stop done
11-17 09:00:34.892 12041 12041 I ViewRootImpl: setProcessHaveFloating
11-17 09:00:34.894 12041 12041 E AndroidService: ServiceProxy showDialog: null
11-17 09:00:34.924 12041 12041 E AndroidService: Use 10 io.va.exposed64 instead of
null
11-17 09:00:34.959 12041 12041 I InputTransport: Create ARC handle: 0x70a4665940
11-17 09:00:34.974 12041 12041 E AndroidService: dbg2:
android.ext.Tools$ViewWrapper{6059d0a V.E...... ......I. 0,0-0,0} {(10000,10000)
(165x55) gr=TOP LEFT CENTER blurScale=false blurRatio=1.0 blurMode=0
ty=APPLICATION_OVERLAY fmt=TRANSPARENT
11-17 09:00:34.974 12041 12041 E AndroidService: fl=NOT_FOCUSABLE
LAYOUT_IN_SCREEN
11-17 09:00:34.974 12041 12041 E AndroidService: fitTypes=STATUS_BARS
NAVIGATION_BARS CAPTION_BAR}
11-17 09:00:34.975 12041 12041 E AndroidService: Use 10 io.va.exposed64 instead of
io.va.exposed64
11-17 09:00:34.994 12041 12041 I InputTransport: Create ARC handle: 0x70a4665b40
11-17 09:00:34.994 12041 12041 E AndroidService: FloatPanel pos hide: false true -1
0
11-17 09:00:34.995 12041 12041 D View : [Warning] assignParent to null: this =
android.ext.Tools$ViewWrapper{12c01aa V.E...... ......I. 0,0-132,132}
11-17 09:00:34.995 12041 12041 E AndroidService: add notification
11-17 09:00:35.047 12041 12041 E AndroidService: Use 1 io.va.exposed64 instead of
com.sfcyqglphujxgetwm
11-17 09:00:35.067 12041 12041 E AndroidService: Failed startForeground 3
11-17 09:00:35.067 12041 12041 E AndroidService: java.lang.NullPointerException:
Attempt to read from field 'java.lang.String
android.content.pm.ApplicationInfo.sourceDir' on a null object reference
11-17 09:00:35.067 12041 12041 E AndroidService: at
com.lody.virtual.server.notification.NotificationCompatCompatV21.resolveRemoteViews
(NotificationCompatCompatV21.java:45)
11-17 09:00:35.067 12041 12041 E AndroidService: at
com.lody.virtual.server.notification.NotificationCompatCompatV21.dealNotification(N
otificationCompatCompatV21.java:33)
11-17 09:00:35.067 12041 12041 E AndroidService: at
com.lody.virtual.client.ipc.VNotificationManager.dealNotification(VNotificationMana
ger.java:41)
11-17 09:00:35.067 12041 12041 E AndroidService: at
com.lody.virtual.client.hook.proxies.notification.MethodProxies$EnqueueNotification
WithTag.call(MethodProxies.java:75)
11-17 09:00:35.067 12041 12041 E AndroidService: at
com.lody.virtual.client.hook.base.MethodInvocationStub$HookInvocationHandler.invoke
(MethodInvocationStub.java:186)
11-17 09:00:35.067 12041 12041 E AndroidService: at
java.lang.reflect.Proxy.invoke(Proxy.java:1006)
11-17 09:00:35.067 12041 12041 E AndroidService: at
$Proxy9.enqueueNotificationWithTag(Unknown Source)
11-17 09:00:35.067 12041 12041 E AndroidService: at
android.app.NotificationManager.notifyAsUser(NotificationManager.java:584)
11-17 09:00:35.067 12041 12041 E AndroidService: at
android.app.NotificationManager.notify(NotificationManager.java:534)
11-17 09:00:35.067 12041 12041 E AndroidService: at
android.app.NotificationManager.notify(NotificationManager.java:510)
11-17 09:00:35.067 12041 12041 E AndroidService: at
android.ext.MainService.g(src:2492)
11-17 09:00:35.067 12041 12041 E AndroidService: at
android.ext.MainService.u(src:2409)
11-17 09:00:35.067 12041 12041 E AndroidService: at
android.ext.MainService.f(src:437)
11-17 09:00:35.067 12041 12041 E AndroidService: at
android.ext.MainService.M(src:3156)
11-17 09:00:35.067 12041 12041 E AndroidService: at
android.ext.MainService.onClick(src:2673)
11-17 09:00:35.067 12041 12041 E AndroidService: at
android.view.View.performClick(View.java:7735)
11-17 09:00:35.067 12041 12041 E AndroidService: at
android.view.View.performClickInternal(View.java:7708)
11-17 09:00:35.067 12041 12041 E AndroidService: at
android.view.View.access$3600(View.java:848)
11-17 09:00:35.067 12041 12041 E AndroidService: at
android.view.View$PerformClick.run(View.java:29117)
11-17 09:00:35.067 12041 12041 E AndroidService: at
android.os.Handler.handleCallback(Handler.java:938)
11-17 09:00:35.067 12041 12041 E AndroidService: at
android.os.Handler.dispatchMessage(Handler.java:99)
11-17 09:00:35.067 12041 12041 E AndroidService: at
android.os.Looper.loop(Looper.java:236)
11-17 09:00:35.067 12041 12041 E AndroidService: at
android.app.ActivityThread.main(ActivityThread.java:8096)
11-17 09:00:35.067 12041 12041 E AndroidService: at
java.lang.reflect.Method.invoke(Native Method)
11-17 09:00:35.067 12041 12041 E AndroidService: at
com.android.internal.os.RuntimeInit$MethodAndArgsCaller.run(RuntimeInit.java:620)
11-17 09:00:35.067 12041 12041 E AndroidService: at
com.android.internal.os.ZygoteInit.main(ZygoteInit.java:1011)
11-17 09:00:35.067 12041 12041 E AndroidService: Suppressed:
java.lang.NullPointerException: Attempt to read from field 'java.lang.String
android.content.pm.ApplicationInfo.sourceDir' on a null object reference
11-17 09:00:35.067 12041 12041 E AndroidService: ... 26 more
11-17 09:00:35.067 12041 12041 E AndroidService: Suppressed:
java.lang.NullPointerException: Attempt to read from field 'java.lang.String
android.content.pm.ApplicationInfo.sourceDir' on a null object reference
11-17 09:00:35.067 12041 12041 E AndroidService: ... 26 more
11-17 09:00:35.067 12041 12041 E AndroidService: Suppressed:
java.lang.NullPointerException: Attempt to read from field 'java.lang.String
android.content.pm.ApplicationInfo.sourceDir' on a null object reference
11-17 09:00:35.067 12041 12041 E AndroidService: ... 26 more

Thu Nov 17 09:03:04 GMT+07:00 2022


/storage/emulated/0/logcat.txt
101.1 (16142) 1-8-1616349458000-java.lang.NullPointerException: Attempt to invoke
virtual method 'int java.lang.String.length()' on a null object reference-8996 2-0-
315514800000-604F4A9A0F99D53A-6613244 0-8-1616349458000-124215800CB67E00-1574320
56173257 817 1957ff0435b on Android(ACTIVE_CODENAMES: []; BASE_OS: ; CODENAME:
REL; FIRST_SDK_INT: 30; INCREMENTAL: V13.0.2.0.RKEIDXM;
MIN_SUPPORTED_TARGET_SDK_INT: 23; PREVIEW_SDK_FINGERPRINT: REL; PREVIEW_SDK_INT: 0;
RELEASE: 11; RELEASE_OR_CODENAME: 11; RESOURCES_SDK_INT: 30; SDK: 30; SDK_INT: 30;
SECURITY_PATCH: 2022-02-01; BOARD: fleur; BOOTLOADER: unknown; BRAND: POCO;
BUILDDATE: Thu Mar 3 02:35:59 WIB 2022; CPU_ABI: arm64-v8a; CPU_ABI2: ;
CUSTOM_INTERNAL: unknown; CUSTOM_NAME: unknown; DEVICE: fleur; DISPLAY:
RP1A.200720.011; DISPLAY_HARDWARE: unknown; EXTERNAL: unknown; FINGERPRINT:
POCO/fleur_p_id/fleur:11/RP1A.200720.011/V13.0.2.0.RKEIDXM:user/release-keys;
HARDWARE: mt6781; HOST: m1-xm-ota-bd292.bj.idc.xiaomi.com; ID: RP1A.200720.011;
IDEAFRIEND_NEED: unknown; INTERNAL: unknown; IS_CONTAINER: false; IS_DEBUGGABLE:
false; IS_EMULATOR: false; IS_ENG: false; IS_LCT_FACTORY: false; IS_TREBLE_ENABLED:
true; IS_USER: true; IS_USERDEBUG: false; LCT_ACCELERATOR_BRAND: unknown;
LCT_AUTOREGISTER_NAME: unknown; LCT_BLUETOOTH_BRAND: unknown; LCT_BSP_VERSION:
unknown; LCT_BUILD_TYPE: unknown; LCT_DEVICE_BLACK_UI: unknown; LCT_DEVICE_NAME:
unknown; LCT_EXTSTORAGE_TYPE: unknown; LCT_HARDWARE_PLATFORM: unknown;
LCT_NETWORK_TYPE: unknown; LCT_OPERATOR_NAME: unknown; LCT_PHONENUMBER_MINMATCH:
unknown; LCT_PROJECT_NAME: fleur_p_id; LCT_SINGALCARD_DULEMODE: unknown;
LCT_WATER_MARK: unknown; LCT_WIFI_BRAND: unknown; LQI_PRODUCT_DEVICE: unknown;
MANUFACTURER: Xiaomi; MODEL: 2201117PG; PERMISSIONS_REVIEW_REQUIRED: true; PRODUCT:
fleur_p_id; RADIO: unknown; SERIAL: uoknnwn; SUPPORTED_32_BIT_ABIS: [armeabi-v7a,
armeabi]; SUPPORTED_64_BIT_ABIS: [arm64-v8a]; SUPPORTED_ABIS: [arm64-v8a, armeabi-
v7a, armeabi]; TAGS: release-keys; TIME: 1646249759000; TYPE: user; UNKNOWN:
unknown; USER: builder; VERSION_TYPE: unknown; )
io.va.exposed64
/data/user/0/io.va.exposed64/virtual/data/user/0/com.sfcyqglphujxgetwm/files

--------- beginning of system


11-17 09:00:36.486 12041 12041 W Looper : PerfMonitor longMsg : seq=35594
plan=09:00:34.892 late=0ms wall=1590ms running=109ms runnable=21ms
h=android.view.ViewRootImpl$ViewRootHandler c=android.view.View$PerformClick
procState=6
11-17 09:00:36.657 12041 12041 W Looper : PerfMonitor doFrame : time=163ms
vsyncFrame=0 latency=1554ms procState=6 historyMsgCount=4 (msgIndex=1 wall=1590ms
seq=35594 running=109ms runnable=21ms h=android.view.ViewRootImpl$ViewRootHandler
c=android.view.View$PerformClick)
11-17 09:00:36.674 12041 12041 I ViewRootImpl: clearProcessHaveFloating_handler
11-17 09:00:38.073 12041 12041 I ViewRootImpl: setProcessHaveFloating
11-17 09:00:38.483 12041 12041 I ViewRootImpl: clearProcessHaveFloating_handler
11-17 09:00:39.339 12041 12041 I ViewRootImpl: setProcessHaveFloating
11-17 09:00:39.640 12041 12041 I ViewRootImpl: clearProcessHaveFloating_handler
11-17 09:00:41.190 12041 12041 I ViewRootImpl: setProcessHaveFloating
11-17 09:00:41.490 12041 12041 I ViewRootImpl: clearProcessHaveFloating_handler
11-17 09:00:41.929 12041 12041 I ViewRootImpl: setProcessHaveFloating
11-17 09:00:42.230 12041 12041 I ViewRootImpl: clearProcessHaveFloating_handler
11-17 09:00:43.148 12041 12041 I ViewRootImpl: setProcessHaveFloating
11-17 09:00:43.462 12041 12041 I ViewRootImpl: clearProcessHaveFloating_handler
11-17 09:00:44.014 12041 12041 I ViewRootImpl: setProcessHaveFloating
11-17 09:00:44.313 12041 12041 I ViewRootImpl: clearProcessHaveFloating_handler
11-17 09:00:44.962 12041 12041 I ViewRootImpl: setProcessHaveFloating
11-17 09:00:45.269 12041 12041 I ViewRootImpl: clearProcessHaveFloating_handler
11-17 09:00:45.329 12041 12041 I ViewRootImpl: setProcessHaveFloating
11-17 09:00:45.592 12041 12041 I ViewRootImpl: setProcessHaveFloating
11-17 09:00:45.824 12041 12041 I ViewRootImpl: setProcessHaveFloating
11-17 09:00:46.060 12041 12041 I ViewRootImpl: setProcessHaveFloating
11-17 09:00:46.295 12041 12041 I ViewRootImpl: setProcessHaveFloating
11-17 09:00:46.533 12041 12041 I ViewRootImpl: setProcessHaveFloating
11-17 09:00:46.825 12041 12041 I ViewRootImpl: setProcessHaveFloating
11-17 09:00:47.135 12041 12041 I ViewRootImpl: clearProcessHaveFloating_handler
11-17 09:00:48.094 12041 12041 I ViewRootImpl: setProcessHaveFloating
11-17 09:00:48.401 12041 12041 I ViewRootImpl: clearProcessHaveFloating_handler
11-17 09:00:48.438 12041 12041 I ViewRootImpl: setProcessHaveFloating
11-17 09:00:48.746 12041 12041 I ViewRootImpl: clearProcessHaveFloating_handler
11-17 09:00:48.965 12041 12041 I ViewRootImpl: setProcessHaveFloating
11-17 09:00:49.268 12041 12041 I ViewRootImpl: clearProcessHaveFloating_handler
11-17 09:00:49.290 12041 12041 I ViewRootImpl: setProcessHaveFloating
11-17 09:00:49.590 12041 12041 I ViewRootImpl: clearProcessHaveFloating_handler
11-17 09:00:49.646 12041 12041 I ViewRootImpl: setProcessHaveFloating
11-17 09:00:49.956 12041 12041 I ViewRootImpl: clearProcessHaveFloating_handler
11-17 09:00:49.979 12041 12041 I ViewRootImpl: setProcessHaveFloating
11-17 09:00:50.278 12041 12041 I ViewRootImpl: setProcessHaveFloating
11-17 09:00:50.578 12041 12041 I ViewRootImpl: clearProcessHaveFloating_handler
11-17 09:00:50.645 12041 12041 I ViewRootImpl: setProcessHaveFloating
11-17 09:00:50.936 12041 12041 I ViewRootImpl: setProcessHaveFloating
11-17 09:00:51.244 12041 12041 I ViewRootImpl: clearProcessHaveFloating_handler
11-17 09:00:51.245 12041 12041 I ViewRootImpl: setProcessHaveFloating
11-17 09:00:51.545 12041 12041 I ViewRootImpl: clearProcessHaveFloating_handler
11-17 09:00:52.512 12041 12041 I ViewRootImpl: setProcessHaveFloating
11-17 09:00:52.822 12041 12041 I ViewRootImpl: clearProcessHaveFloating_handler
11-17 09:00:52.844 12041 12041 I ViewRootImpl: setProcessHaveFloating
11-17 09:00:53.145 12041 12041 I ViewRootImpl: clearProcessHaveFloating_handler
11-17 09:00:53.159 12041 12041 I ViewRootImpl: setProcessHaveFloating
11-17 09:00:53.466 12041 12041 I ViewRootImpl: clearProcessHaveFloating_handler
11-17 09:00:53.478 12041 12041 I ViewRootImpl: setProcessHaveFloating
11-17 09:00:53.785 12041 12041 I ViewRootImpl: setProcessHaveFloating
11-17 09:00:54.077 12041 12041 I ViewRootImpl: setProcessHaveFloating
11-17 09:00:54.367 12041 12041 I ViewRootImpl: setProcessHaveFloating
11-17 09:00:54.611 12041 12041 I ViewRootImpl: setProcessHaveFloating
11-17 09:00:54.888 12041 12041 I ViewRootImpl: setProcessHaveFloating
11-17 09:00:55.155 12041 12041 I ViewRootImpl: setProcessHaveFloating
11-17 09:00:55.455 12041 12041 I ViewRootImpl: clearProcessHaveFloating_handler
11-17 09:00:55.488 12041 12041 I ViewRootImpl: setProcessHaveFloating
11-17 09:00:55.788 12041 12041 I ViewRootImpl: clearProcessHaveFloating_handler
11-17 09:00:55.799 12041 12041 I ViewRootImpl: setProcessHaveFloating
11-17 09:00:56.100 12041 12041 I ViewRootImpl: setProcessHaveFloating
11-17 09:00:56.389 12041 12041 I ViewRootImpl: setProcessHaveFloating
11-17 09:00:56.702 12041 12041 I ViewRootImpl: setProcessHaveFloating
11-17 09:00:57.010 12041 12041 I ViewRootImpl: setProcessHaveFloating
11-17 09:00:57.309 12041 12041 I ViewRootImpl: clearProcessHaveFloating_handler
11-17 09:00:57.354 12041 12041 I ViewRootImpl: setProcessHaveFloating
11-17 09:00:57.609 12041 12041 I ViewRootImpl: setProcessHaveFloating
11-17 09:00:57.898 12041 12041 I ViewRootImpl: setProcessHaveFloating
11-17 09:00:58.199 12041 12041 I ViewRootImpl: clearProcessHaveFloating_handler
11-17 09:00:58.221 12041 12041 I ViewRootImpl: setProcessHaveFloating
11-17 09:00:58.529 12041 12041 I ViewRootImpl: clearProcessHaveFloating_handler
11-17 09:00:58.909 12041 12041 I ViewRootImpl: setProcessHaveFloating
11-17 09:00:59.210 12041 12041 I ViewRootImpl: clearProcessHaveFloating_handler
11-17 09:00:59.443 12041 12041 I ViewRootImpl: setProcessHaveFloating
11-17 09:00:59.732 12041 12041 I ViewRootImpl: setProcessHaveFloating
11-17 09:01:00.031 12041 12041 I ViewRootImpl: clearProcessHaveFloating_handler
11-17 09:01:01.099 12041 12041 I ViewRootImpl: setProcessHaveFloating
11-17 09:01:01.364 12041 12041 I ViewRootImpl: setProcessHaveFloating
11-17 09:01:01.664 12041 12041 I ViewRootImpl: clearProcessHaveFloating_handler
11-17 09:01:01.726 12041 12041 I ViewRootImpl: setProcessHaveFloating
11-17 09:01:02.030 12041 12041 I ViewRootImpl: clearProcessHaveFloating_handler
11-17 09:01:02.075 12041 12041 I ViewRootImpl: setProcessHaveFloating
11-17 09:01:02.373 12041 12041 I ViewRootImpl: setProcessHaveFloating
11-17 09:01:02.675 12041 12041 I ViewRootImpl: setProcessHaveFloating
11-17 09:01:02.953 12041 12041 I ViewRootImpl: setProcessHaveFloating
11-17 09:01:03.252 12041 12041 I ViewRootImpl: setProcessHaveFloating
11-17 09:01:03.530 12041 12041 I ViewRootImpl: setProcessHaveFloating
11-17 09:01:03.774 12041 12041 I ViewRootImpl: setProcessHaveFloating
11-17 09:01:04.075 12041 12041 I ViewRootImpl: clearProcessHaveFloating_handler
11-17 09:01:04.541 12041 12041 I ViewRootImpl: setProcessHaveFloating
11-17 09:01:04.841 12041 12041 I ViewRootImpl: clearProcessHaveFloating_handler
11-17 09:01:04.918 12041 12041 I ViewRootImpl: setProcessHaveFloating
11-17 09:01:05.221 12041 12041 I ViewRootImpl: clearProcessHaveFloating_handler
11-17 09:01:05.241 12041 12041 I ViewRootImpl: setProcessHaveFloating
11-17 09:01:05.541 12041 12041 I ViewRootImpl: clearProcessHaveFloating_handler
11-17 09:01:05.652 12041 12041 I ViewRootImpl: setProcessHaveFloating
11-17 09:01:05.965 12041 12041 I ViewRootImpl: clearProcessHaveFloating_handler
11-17 09:01:05.985 12041 12041 I ViewRootImpl: setProcessHaveFloating
11-17 09:01:06.254 12041 12041 I ViewRootImpl: setProcessHaveFloating
11-17 09:01:06.562 12041 12041 I ViewRootImpl: setProcessHaveFloating
11-17 09:01:06.851 12041 12041 I ViewRootImpl: setProcessHaveFloating
11-17 09:01:07.130 12041 12041 I ViewRootImpl: setProcessHaveFloating
11-17 09:01:07.440 12041 12041 I ViewRootImpl: clearProcessHaveFloating_handler
11-17 09:01:07.573 12041 12041 I ViewRootImpl: setProcessHaveFloating
11-17 09:01:07.873 12041 12041 I ViewRootImpl: clearProcessHaveFloating_handler
11-17 09:01:08.052 12041 12041 I ViewRootImpl: setProcessHaveFloating
11-17 09:01:08.351 12041 12041 I ViewRootImpl: clearProcessHaveFloating_handler
11-17 09:01:08.440 12041 12041 I ViewRootImpl: setProcessHaveFloating
11-17 09:01:08.740 12041 12041 I ViewRootImpl: clearProcessHaveFloating_handler
11-17 09:01:08.752 12041 12041 I ViewRootImpl: setProcessHaveFloating
11-17 09:01:09.060 12041 12041 I ViewRootImpl: clearProcessHaveFloating_handler
11-17 09:01:09.142 12041 12041 I ViewRootImpl: setProcessHaveFloating
11-17 09:01:09.448 12041 12041 I ViewRootImpl: clearProcessHaveFloating_handler
11-17 09:01:09.640 12041 12041 I ViewRootImpl: setProcessHaveFloating
11-17 09:01:09.952 12041 12041 I ViewRootImpl: clearProcessHaveFloating_handler
11-17 09:01:10.017 12041 12041 I ViewRootImpl: setProcessHaveFloating
11-17 09:01:10.317 12041 12041 I ViewRootImpl: clearProcessHaveFloating_handler
11-17 09:01:10.338 12041 12041 I ViewRootImpl: setProcessHaveFloating
11-17 09:01:10.639 12041 12041 I ViewRootImpl: setProcessHaveFloating
11-17 09:01:10.942 12041 12041 I ViewRootImpl: setProcessHaveFloating
11-17 09:01:11.228 12041 12041 I ViewRootImpl: setProcessHaveFloating
11-17 09:01:11.528 12041 12041 I ViewRootImpl: setProcessHaveFloating
11-17 09:01:11.827 12041 12041 I ViewRootImpl: clearProcessHaveFloating_handler
11-17 09:01:12.460 12041 12041 I ViewRootImpl: setProcessHaveFloating
11-17 09:01:12.762 12041 12041 I ViewRootImpl: clearProcessHaveFloating_handler
11-17 09:01:12.838 12041 12041 I ViewRootImpl: setProcessHaveFloating
11-17 09:01:13.139 12041 12041 I ViewRootImpl: clearProcessHaveFloating_handler
11-17 09:01:13.560 12041 12041 I ViewRootImpl: setProcessHaveFloating
11-17 09:01:13.860 12041 12041 I ViewRootImpl: clearProcessHaveFloating_handler
11-17 09:01:13.871 12041 12041 I ViewRootImpl: setProcessHaveFloating
11-17 09:01:14.175 12041 12041 I ViewRootImpl: clearProcessHaveFloating_handler
11-17 09:01:14.216 12041 12041 I ViewRootImpl: setProcessHaveFloating
11-17 09:01:14.526 12041 12041 I ViewRootImpl: setProcessHaveFloating
11-17 09:01:14.827 12041 12041 I ViewRootImpl: clearProcessHaveFloating_handler
11-17 09:01:14.871 12041 12041 I ViewRootImpl: setProcessHaveFloating
11-17 09:01:15.160 12041 12041 I ViewRootImpl: setProcessHaveFloating
11-17 09:01:15.460 12041 12041 I ViewRootImpl: clearProcessHaveFloating_handler
11-17 09:01:16.229 12041 12041 I ViewRootImpl: setProcessHaveFloating
11-17 09:01:16.536 12041 12041 I ViewRootImpl: clearProcessHaveFloating_handler
11-17 09:01:16.569 12041 12041 I ViewRootImpl: setProcessHaveFloating
11-17 09:01:16.870 12041 12041 I ViewRootImpl: clearProcessHaveFloating_handler
11-17 09:01:16.882 12041 12041 I ViewRootImpl: setProcessHaveFloating
11-17 09:01:17.163 12041 12041 I ViewRootImpl: setProcessHaveFloating
11-17 09:01:17.468 12041 12041 I ViewRootImpl: clearProcessHaveFloating_handler
11-17 09:01:17.480 12041 12041 I ViewRootImpl: setProcessHaveFloating
11-17 09:01:17.752 12041 12041 I ViewRootImpl: setProcessHaveFloating
11-17 09:01:18.037 12041 12041 I ViewRootImpl: setProcessHaveFloating
11-17 09:01:18.314 12041 12041 I ViewRootImpl: setProcessHaveFloating
11-17 09:01:18.604 12041 12041 I ViewRootImpl: setProcessHaveFloating
11-17 09:01:18.851 12041 12041 I ViewRootImpl: setProcessHaveFloating
11-17 09:01:19.092 12041 12041 I ViewRootImpl: setProcessHaveFloating
11-17 09:01:19.381 12041 12041 I ViewRootImpl: setProcessHaveFloating
11-17 09:01:19.625 12041 12041 I ViewRootImpl: setProcessHaveFloating
11-17 09:01:19.891 12041 12041 I ViewRootImpl: setProcessHaveFloating
11-17 09:01:20.150 12041 12041 I ViewRootImpl: setProcessHaveFloating
11-17 09:01:20.457 12041 12041 I ViewRootImpl: clearProcessHaveFloating_handler
11-17 09:01:20.714 12041 12041 I ViewRootImpl: setProcessHaveFloating
11-17 09:01:21.025 12041 12041 I ViewRootImpl: clearProcessHaveFloating_handler
11-17 09:01:21.047 12041 12041 I ViewRootImpl: setProcessHaveFloating
11-17 09:01:21.324 12041 12041 I ViewRootImpl: setProcessHaveFloating
11-17 09:01:21.627 12041 12041 I ViewRootImpl: clearProcessHaveFloating_handler
11-17 09:01:21.712 12041 12041 I ViewRootImpl: setProcessHaveFloating
11-17 09:01:21.992 12041 12041 I ViewRootImpl: setProcessHaveFloating
11-17 09:01:22.295 12041 12041 I ViewRootImpl: setProcessHaveFloating
11-17 09:01:22.605 12041 12041 I ViewRootImpl: clearProcessHaveFloating_handler
11-17 09:01:22.636 12041 12041 I ViewRootImpl: setProcessHaveFloating
11-17 09:01:22.935 12041 12041 I ViewRootImpl: clearProcessHaveFloating_handler
11-17 09:01:23.151 12041 12041 I ViewRootImpl: setProcessHaveFloating
11-17 09:01:23.458 12041 12041 I ViewRootImpl: clearProcessHaveFloating_handler
11-17 09:01:23.497 12041 12041 I ViewRootImpl: setProcessHaveFloating
11-17 09:01:23.795 12041 12041 I ViewRootImpl: setProcessHaveFloating
11-17 09:01:24.102 12041 12041 I ViewRootImpl: clearProcessHaveFloating_handler
11-17 09:01:24.302 12041 12041 I ViewRootImpl: setProcessHaveFloating
11-17 09:01:24.612 12041 12041 I ViewRootImpl: clearProcessHaveFloating_handler
11-17 09:01:24.657 12041 12041 I ViewRootImpl: setProcessHaveFloating
11-17 09:01:24.958 12041 12041 I ViewRootImpl: clearProcessHaveFloating_handler
11-17 09:01:24.969 12041 12041 I ViewRootImpl: setProcessHaveFloating
11-17 09:01:25.279 12041 12041 I ViewRootImpl: clearProcessHaveFloating_handler
11-17 09:01:25.536 12041 12041 I ViewRootImpl: setProcessHaveFloating
11-17 09:01:25.835 12041 12041 I ViewRootImpl: clearProcessHaveFloating_handler
11-17 09:01:26.016 12041 12041 I ViewRootImpl: setProcessHaveFloating
11-17 09:01:26.332 12041 12041 I ViewRootImpl: clearProcessHaveFloating_handler
11-17 09:01:26.426 12041 12041 I ViewRootImpl: setProcessHaveFloating
11-17 09:01:26.736 12041 12041 I ViewRootImpl: clearProcessHaveFloating_handler
11-17 09:01:26.825 12041 12041 I ViewRootImpl: setProcessHaveFloating
11-17 09:01:27.141 12041 12041 I ViewRootImpl: clearProcessHaveFloating_handler
11-17 09:01:27.197 12041 12041 I ViewRootImpl: setProcessHaveFloating
11-17 09:01:27.509 12041 12041 I ViewRootImpl: clearProcessHaveFloating_handler
11-17 09:01:27.628 12041 12041 I ViewRootImpl: setProcessHaveFloating
11-17 09:01:27.939 12041 12041 I ViewRootImpl: clearProcessHaveFloating_handler
11-17 09:01:28.005 12041 12041 I ViewRootImpl: setProcessHaveFloating
11-17 09:01:28.311 12041 12041 I ViewRootImpl: clearProcessHaveFloating_handler
11-17 09:01:28.428 12041 12041 I ViewRootImpl: setProcessHaveFloating
11-17 09:01:28.738 12041 12041 I ViewRootImpl: clearProcessHaveFloating_handler
11-17 09:01:28.791 12041 12041 I ViewRootImpl: setProcessHaveFloating
11-17 09:01:29.106 12041 12041 I ViewRootImpl: clearProcessHaveFloating_handler
11-17 09:01:29.139 12041 12041 I ViewRootImpl: setProcessHaveFloating
11-17 09:01:29.444 12041 12041 I ViewRootImpl: clearProcessHaveFloating_handler
11-17 09:01:29.560 12041 12041 I ViewRootImpl: setProcessHaveFloating
11-17 09:01:29.870 12041 12041 I ViewRootImpl: clearProcessHaveFloating_handler
11-17 09:01:29.890 12041 12041 I ViewRootImpl: setProcessHaveFloating
11-17 09:01:30.200 12041 12041 I ViewRootImpl: clearProcessHaveFloating_handler
11-17 09:01:30.266 12041 12041 I ViewRootImpl: setProcessHaveFloating
11-17 09:01:30.567 12041 12041 I ViewRootImpl: setProcessHaveFloating
11-17 09:01:30.867 12041 12041 I ViewRootImpl: clearProcessHaveFloating_handler
11-17 09:01:30.944 12041 12041 I ViewRootImpl: setProcessHaveFloating
11-17 09:01:31.248 12041 12041 I ViewRootImpl: clearProcessHaveFloating_handler
11-17 09:01:31.400 12041 12041 I ViewRootImpl: setProcessHaveFloating
11-17 09:01:31.709 12041 12041 I ViewRootImpl: clearProcessHaveFloating_handler
11-17 09:01:31.736 12041 12041 I ViewRootImpl: setProcessHaveFloating
11-17 09:01:32.032 12041 12041 I ViewRootImpl: setProcessHaveFloating
11-17 09:01:32.324 12041 12041 I ViewRootImpl: setProcessHaveFloating
11-17 09:01:32.610 12041 12041 I ViewRootImpl: setProcessHaveFloating
11-17 09:01:32.912 12041 12041 I ViewRootImpl: clearProcessHaveFloating_handler
11-17 09:01:32.943 12041 12041 I ViewRootImpl: setProcessHaveFloating
11-17 09:01:33.243 12041 12041 I ViewRootImpl: setProcessHaveFloating
11-17 09:01:33.543 12041 12041 I ViewRootImpl: setProcessHaveFloating
11-17 09:01:33.843 12041 12041 I ViewRootImpl: clearProcessHaveFloating_handler
11-17 09:01:33.853 12041 12041 I ViewRootImpl: setProcessHaveFloating
11-17 09:01:34.143 12041 12041 I ViewRootImpl: setProcessHaveFloating
11-17 09:01:34.443 12041 12041 I ViewRootImpl: clearProcessHaveFloating_handler
11-17 09:01:34.464 12041 12041 I ViewRootImpl: setProcessHaveFloating
11-17 09:01:34.752 12041 12041 I ViewRootImpl: setProcessHaveFloating
11-17 09:01:35.052 12041 12041 I ViewRootImpl: clearProcessHaveFloating_handler
11-17 09:01:35.352 12041 12041 I ViewRootImpl: setProcessHaveFloating
11-17 09:01:35.653 12041 12041 I ViewRootImpl: clearProcessHaveFloating_handler
11-17 09:01:35.849 12041 12041 I ViewRootImpl: setProcessHaveFloating
11-17 09:01:36.157 12041 12041 I ViewRootImpl: clearProcessHaveFloating_handler
11-17 09:01:36.560 12041 12041 I ViewRootImpl: setProcessHaveFloating
11-17 09:01:36.861 12041 12041 I ViewRootImpl: clearProcessHaveFloating_handler
11-17 09:01:36.878 12041 12041 I ViewRootImpl: setProcessHaveFloating
11-17 09:01:37.190 12041 12041 I ViewRootImpl: clearProcessHaveFloating_handler
11-17 09:01:37.494 12041 12041 I ViewRootImpl: setProcessHaveFloating
11-17 09:01:37.804 12041 12041 I ViewRootImpl: clearProcessHaveFloating_handler
11-17 09:01:37.827 12041 12041 I ViewRootImpl: setProcessHaveFloating
11-17 09:01:38.141 12041 12041 I ViewRootImpl: clearProcessHaveFloating_handler
11-17 09:01:38.171 12041 12041 I ViewRootImpl: setProcessHaveFloating
11-17 09:01:38.473 12041 12041 I ViewRootImpl: clearProcessHaveFloating_handler
11-17 09:01:38.511 12041 12041 I ViewRootImpl: setProcessHaveFloating
11-17 09:01:38.820 12041 12041 I ViewRootImpl: clearProcessHaveFloating_handler
11-17 09:01:38.870 12041 12041 I ViewRootImpl: setProcessHaveFloating
11-17 09:01:39.177 12041 12041 I ViewRootImpl: clearProcessHaveFloating_handler
11-17 09:01:39.397 12041 12041 I ViewRootImpl: setProcessHaveFloating
11-17 09:01:39.706 12041 12041 I ViewRootImpl: clearProcessHaveFloating_handler
11-17 09:01:40.911 12041 12041 I ViewRootImpl: setProcessHaveFloating
11-17 09:01:41.221 12041 12041 I ViewRootImpl: clearProcessHaveFloating_handler
11-17 09:01:41.352 12041 12041 I ViewRootImpl: setProcessHaveFloating
11-17 09:01:41.663 12041 12041 I ViewRootImpl: clearProcessHaveFloating_handler
11-17 09:01:41.807 12041 12041 I ViewRootImpl: setProcessHaveFloating
11-17 09:01:42.107 12041 12041 I ViewRootImpl: clearProcessHaveFloating_handler
11-17 09:01:42.129 12041 12041 I ViewRootImpl: setProcessHaveFloating
11-17 09:01:42.429 12041 12041 I ViewRootImpl: clearProcessHaveFloating_handler
11-17 09:01:42.440 12041 12041 I ViewRootImpl: setProcessHaveFloating
11-17 09:01:42.707 12041 12041 I ViewRootImpl: setProcessHaveFloating
11-17 09:01:43.011 12041 12041 I ViewRootImpl: clearProcessHaveFloating_handler
11-17 09:01:43.118 12041 12041 I ViewRootImpl: setProcessHaveFloating
11-17 09:01:43.428 12041 12041 I ViewRootImpl: clearProcessHaveFloating_handler
11-17 09:01:44.188 12041 12041 I ViewRootImpl: setProcessHaveFloating
11-17 09:01:44.494 12041 12041 I ViewRootImpl: clearProcessHaveFloating_handler
11-17 09:01:44.517 12041 12041 I ViewRootImpl: setProcessHaveFloating
11-17 09:01:44.817 12041 12041 I ViewRootImpl: clearProcessHaveFloating_handler
11-17 09:01:44.907 12041 12041 I ViewRootImpl: setProcessHaveFloating
11-17 09:01:45.217 12041 12041 I ViewRootImpl: clearProcessHaveFloating_handler
11-17 09:01:45.273 12041 12041 I ViewRootImpl: setProcessHaveFloating
11-17 09:01:45.572 12041 12041 I ViewRootImpl: clearProcessHaveFloating_handler
11-17 09:01:45.650 12041 12041 I ViewRootImpl: setProcessHaveFloating
11-17 09:01:45.954 12041 12041 I ViewRootImpl: clearProcessHaveFloating_handler
11-17 09:01:46.195 12041 12041 I ViewRootImpl: setProcessHaveFloating
11-17 09:01:46.495 12041 12041 I ViewRootImpl: clearProcessHaveFloating_handler
11-17 09:01:46.806 12041 12041 I ViewRootImpl: setProcessHaveFloating
11-17 09:01:47.115 12041 12041 I ViewRootImpl: clearProcessHaveFloating_handler
11-17 09:01:47.161 12041 12041 I ViewRootImpl: setProcessHaveFloating
11-17 09:01:47.461 12041 12041 I ViewRootImpl: setProcessHaveFloating
11-17 09:01:47.728 12041 12041 I ViewRootImpl: setProcessHaveFloating
11-17 09:01:47.996 12041 12041 I ViewRootImpl: setProcessHaveFloating
11-17 09:01:48.283 12041 12041 I ViewRootImpl: setProcessHaveFloating
11-17 09:01:48.571 12041 12041 I ViewRootImpl: setProcessHaveFloating
11-17 09:01:48.816 12041 12041 I ViewRootImpl: setProcessHaveFloating
11-17 09:01:49.116 12041 12041 I ViewRootImpl: clearProcessHaveFloating_handler
11-17 09:01:49.126 12041 12041 I ViewRootImpl: setProcessHaveFloating
11-17 09:01:49.408 12041 12041 I ViewRootImpl: setProcessHaveFloating
11-17 09:01:49.672 12041 12041 I ViewRootImpl: setProcessHaveFloating
11-17 09:01:49.938 12041 12041 I ViewRootImpl: setProcessHaveFloating
11-17 09:01:50.205 12041 12041 I ViewRootImpl: setProcessHaveFloating
11-17 09:01:50.460 12041 12041 I ViewRootImpl: setProcessHaveFloating
11-17 09:01:50.705 12041 12041 I ViewRootImpl: setProcessHaveFloating
11-17 09:01:50.949 12041 12041 I ViewRootImpl: setProcessHaveFloating
11-17 09:01:51.205 12041 12041 I ViewRootImpl: setProcessHaveFloating
11-17 09:01:51.452 12041 12041 I ViewRootImpl: setProcessHaveFloating
11-17 09:01:51.674 12041 12041 I ViewRootImpl: setProcessHaveFloating
11-17 09:01:51.918 12041 12041 I ViewRootImpl: setProcessHaveFloating
11-17 09:01:52.162 12041 12041 I ViewRootImpl: setProcessHaveFloating
11-17 09:01:52.396 12041 12041 I ViewRootImpl: setProcessHaveFloating
11-17 09:01:52.641 12041 12041 I ViewRootImpl: setProcessHaveFloating
11-17 09:01:52.880 12041 12041 I ViewRootImpl: setProcessHaveFloating
11-17 09:01:53.181 12041 12041 I ViewRootImpl: clearProcessHaveFloating_handler
11-17 09:01:53.314 12041 12041 I ViewRootImpl: setProcessHaveFloating
11-17 09:01:53.626 12041 12041 I ViewRootImpl: clearProcessHaveFloating_handler
11-17 09:01:53.728 12041 12041 I ViewRootImpl: setProcessHaveFloating
11-17 09:01:53.970 12041 12041 I ViewRootImpl: setProcessHaveFloating
11-17 09:01:54.270 12041 12041 I ViewRootImpl: clearProcessHaveFloating_handler
11-17 09:01:54.286 12041 12041 I ViewRootImpl: setProcessHaveFloating
11-17 09:01:54.573 12041 12041 I ViewRootImpl: setProcessHaveFloating
11-17 09:01:54.881 12041 12041 I ViewRootImpl: clearProcessHaveFloating_handler
11-17 09:01:54.893 12041 12041 I ViewRootImpl: setProcessHaveFloating
11-17 09:01:55.160 12041 12041 I ViewRootImpl: setProcessHaveFloating
11-17 09:01:55.470 12041 12041 I ViewRootImpl: setProcessHaveFloating
11-17 09:01:55.782 12041 12041 I ViewRootImpl: clearProcessHaveFloating_handler
11-17 09:01:56.259 12041 12041 I ViewRootImpl: setProcessHaveFloating
11-17 09:01:56.570 12041 12041 I ViewRootImpl: clearProcessHaveFloating_handler
11-17 09:01:56.719 12041 12041 I ViewRootImpl: setProcessHaveFloating
11-17 09:01:57.002 12041 12041 I ViewRootImpl: setProcessHaveFloating
11-17 09:01:57.255 12041 12041 I ViewRootImpl: setProcessHaveFloating
11-17 09:01:57.581 12041 12041 I ViewRootImpl: setProcessHaveFloating
11-17 09:01:57.919 12041 12041 I ViewRootImpl: setProcessHaveFloating
11-17 09:01:58.236 12041 12041 I ViewRootImpl: clearProcessHaveFloating_handler
11-17 09:01:58.791 12041 12041 I ViewRootImpl: setProcessHaveFloating
11-17 09:01:59.104 12041 12041 I ViewRootImpl: clearProcessHaveFloating_handler
11-17 09:01:59.349 12041 12041 I ViewRootImpl: setProcessHaveFloating
11-17 09:01:59.643 12041 12041 I ViewRootImpl: setProcessHaveFloating
11-17 09:01:59.927 12041 12041 I ViewRootImpl: setProcessHaveFloating
11-17 09:02:00.244 12041 12041 I ViewRootImpl: clearProcessHaveFloating_handler
11-17 09:02:00.326 12041 12041 I ViewRootImpl: setProcessHaveFloating
11-17 09:02:00.613 12041 12041 I ViewRootImpl: setProcessHaveFloating
11-17 09:02:00.916 12041 12041 I ViewRootImpl: setProcessHaveFloating
11-17 09:02:01.225 12041 12041 I ViewRootImpl: clearProcessHaveFloating_handler
11-17 09:02:01.527 12041 12041 I ViewRootImpl: setProcessHaveFloating
11-17 09:02:01.802 12041 12041 I ViewRootImpl: setProcessHaveFloating
11-17 09:02:02.042 12041 12041 I ViewRootImpl: setProcessHaveFloating
11-17 09:02:02.288 12041 12041 I ViewRootImpl: setProcessHaveFloating
11-17 09:02:02.527 12041 12041 I ViewRootImpl: setProcessHaveFloating
11-17 09:02:02.767 12041 12041 I ViewRootImpl: setProcessHaveFloating
11-17 09:02:03.008 12041 12041 I ViewRootImpl: setProcessHaveFloating
11-17 09:02:03.249 12041 12041 I ViewRootImpl: setProcessHaveFloating
11-17 09:02:03.495 12041 12041 I ViewRootImpl: setProcessHaveFloating
11-17 09:02:03.727 12041 12041 I ViewRootImpl: setProcessHaveFloating
11-17 09:02:03.997 12041 12041 I ViewRootImpl: setProcessHaveFloating
11-17 09:02:04.276 12041 12041 I ViewRootImpl: setProcessHaveFloating
11-17 09:02:04.530 12041 12041 I ViewRootImpl: setProcessHaveFloating
11-17 09:02:04.802 12041 12041 I ViewRootImpl: setProcessHaveFloating
11-17 09:02:05.064 12041 12041 I ViewRootImpl: setProcessHaveFloating
11-17 09:02:05.320 12041 12041 I ViewRootImpl: setProcessHaveFloating
11-17 09:02:05.599 12041 12041 I ViewRootImpl: setProcessHaveFloating
11-17 09:02:05.848 12041 12041 I ViewRootImpl: setProcessHaveFloating
11-17 09:02:06.117 12041 12041 I ViewRootImpl: setProcessHaveFloating
11-17 09:02:06.419 12041 12041 I ViewRootImpl: setProcessHaveFloating
11-17 09:02:06.698 12041 12041 I ViewRootImpl: setProcessHaveFloating
11-17 09:02:07.003 12041 12041 I ViewRootImpl: clearProcessHaveFloating_handler
11-17 09:02:07.037 12041 12041 I ViewRootImpl: setProcessHaveFloating
11-17 09:02:07.352 12041 12041 I ViewRootImpl: clearProcessHaveFloating_handler
11-17 09:02:07.386 12041 12041 I ViewRootImpl: setProcessHaveFloating
11-17 09:02:07.692 12041 12041 I ViewRootImpl: setProcessHaveFloating
11-17 09:02:08.008 12041 12041 I ViewRootImpl: setProcessHaveFloating
11-17 09:02:08.312 12041 12041 I ViewRootImpl: clearProcessHaveFloating_handler
11-17 09:02:08.364 12041 12041 I ViewRootImpl: setProcessHaveFloating
11-17 09:02:08.673 12041 12041 I ViewRootImpl: setProcessHaveFloating
11-17 09:02:08.978 12041 12041 I ViewRootImpl: clearProcessHaveFloating_handler
11-17 09:02:09.096 12041 12041 I ViewRootImpl: setProcessHaveFloating
11-17 09:02:09.406 12041 12041 I ViewRootImpl: clearProcessHaveFloating_handler
11-17 09:02:09.462 12041 12041 I ViewRootImpl: setProcessHaveFloating
11-17 09:02:09.768 12041 12041 I ViewRootImpl: setProcessHaveFloating
11-17 09:02:10.053 12041 12041 I ViewRootImpl: setProcessHaveFloating
11-17 09:02:10.324 12041 12041 I ViewRootImpl: setProcessHaveFloating
11-17 09:02:10.633 12041 12041 I ViewRootImpl: clearProcessHaveFloating_handler
11-17 09:02:11.302 12041 12041 I ViewRootImpl: setProcessHaveFloating
11-17 09:02:11.611 12041 12041 I ViewRootImpl: clearProcessHaveFloating_handler
11-17 09:02:11.790 12041 12041 I ViewRootImpl: setProcessHaveFloating
11-17 09:02:12.112 12041 12041 I ViewRootImpl: setProcessHaveFloating
11-17 09:02:12.426 12041 12041 I ViewRootImpl: clearProcessHaveFloating_handler
11-17 09:02:12.529 12041 12041 I ViewRootImpl: setProcessHaveFloating
11-17 09:02:12.840 12041 12041 I ViewRootImpl: clearProcessHaveFloating_handler
11-17 09:02:12.863 12041 12041 I ViewRootImpl: setProcessHaveFloating
11-17 09:02:13.166 12041 12041 I ViewRootImpl: clearProcessHaveFloating_handler
11-17 09:02:13.252 12041 12041 I ViewRootImpl: setProcessHaveFloating
11-17 09:02:13.554 12041 12041 I ViewRootImpl: clearProcessHaveFloating_handler
11-17 09:02:13.639 12041 12041 I ViewRootImpl: setProcessHaveFloating
11-17 09:02:13.948 12041 12041 I ViewRootImpl: setProcessHaveFloating
11-17 09:02:14.253 12041 12041 I ViewRootImpl: clearProcessHaveFloating_handler
11-17 09:02:14.369 12041 12041 I ViewRootImpl: setProcessHaveFloating
11-17 09:02:14.686 12041 12041 I ViewRootImpl: setProcessHaveFloating
11-17 09:02:15.009 12041 12041 I ViewRootImpl: clearProcessHaveFloating_handler
