(media.audio_flinger:931)
10-19 15:04:40.966 I/WLBTD ( 1091): Setting slot 0 to null in sableq
10-19 15:04:40.966 I/WLBTD ( 1091): Setting slot 1 to null in sableq
10-19 15:04:40.966 I/WLBTD ( 1091): Creating Sable thread
10-19 15:04:40.967 I/WLBTD ( 1091): add membership to group 9 family 30
10-19 15:04:40.968 I/audioserver( 931): Add AudioFlinger on audioserver
10-19 15:04:40.969 I/WLBTD ( 1091): Successfully set Max Sable files per trigger
value to 2
10-19 15:04:40.969 I/WLBTD ( 1091): memdump_file_contents -3 Auto-recovery: off
10-19 15:04:40.969 E/WLBTD ( 1091): open board_id file /sys/devices/system/chip-
id/board_id failed
10-19 15:04:40.969 I/WLBTD ( 1091): Registering termination signal handler
10-19 15:04:40.969 I/WLBTD ( 1091): calling nl_recvmsgs_default
10-19 15:04:40.971 I/engmode_vendor_client( 1072): Successfully got it, pass
waiting
10-19 15:04:40.971 E/engmode_vendor_client( 1072): Failed to proceed command
10-19 15:04:40.971 E/engmode_vendor_client( 1072): Got signal 10, tid: 526742785280
10-19 15:04:40.971 I/engmode_vendor_client( 1072): thr_cleanup_handler
10-19 15:04:40.971 I/engmode_binder_client( 1072): engmode client destructor
10-19 15:04:40.972 I/engmode_vendor_client( 1072): get status result 0xd0270010
10-19 15:04:40.978 I/WLBTD ( 1091): In sable msg consumer thread
10-19 15:04:40.978 I/WLBTD ( 1091): Waiting on message in queue
10-19 15:04:40.981 I/zygote ( 857): option[0]=-Xzygote
10-19 15:04:40.981 I/zygote ( 857): option[1]=exit
10-19 15:04:40.981 I/zygote ( 857): option[2]=vfprintf
10-19 15:04:40.981 I/zygote ( 857): option[3]=sensitiveThread
10-19 15:04:40.981 I/zygote ( 857): option[4]=-verbose:gc
10-19 15:04:40.981 I/zygote ( 857): option[5]=-XX:PerfettoHprof=true
10-19 15:04:40.981 I/zygote ( 857): option[6]=-XX:PerfettoJavaHeapStackProf=true
10-19 15:04:40.981 I/zygote ( 857): option[7]=-Xms8m
10-19 15:04:40.981 I/zygote ( 857): option[8]=-Xmx512m
10-19 15:04:40.981 I/zygote ( 857): option[9]=-XX:HeapGrowthLimit=256m
10-19 15:04:40.981 I/macloader( 1090): Check wifiver info file..
10-19 15:04:40.981 I/zygote ( 857): option[10]=-XX:HeapMinFree=2m
10-19 15:04:40.981 I/zygote ( 857): option[11]=-XX:HeapMaxFree=8m
10-19 15:04:40.981 I/zygote ( 857): option[12]=-XX:HeapTargetUtilization=0.75
10-19 15:04:40.981 I/zygote ( 857): option[13]=-XX:FinalizerTimeoutMs=60000
10-19 15:04:40.981 I/zygote ( 857): option[14]=-Xusejit:true
10-19 15:04:40.981 I/zygote ( 857): option[15]=-Xjitsaveprofilinginfo
10-19 15:04:40.981 I/zygote ( 857): option[16]=-
XMadviseWillNeedVdexFileSize:104857600
10-19 15:04:40.981 I/zygote ( 857): option[17]=-
XMadviseWillNeedOdexFileSize:104857600
10-19 15:04:40.981 I/zygote ( 857): option[18]=-
XMadviseWillNeedArtFileSize:4294967295
10-19 15:04:40.981 I/zygote ( 857): option[19]=-Xgc:nogenerational_cc
10-19 15:04:40.981 I/zygote ( 857): option[20]=-XjdwpOptions:suspend=n,server=y
10-19 15:04:40.981 I/zygote ( 857): option[21]=-XjdwpProvider:default
10-19 15:04:40.981 I/zygote ( 857): option[22]=-Xopaque-jni-ids:swapable
10-19 15:04:40.981 I/zygote ( 857): option[23]=-Xlockprofthreshold:500
10-19 15:04:40.981 I/zygote ( 857): option[24]=-Xcompiler-option
10-19 15:04:40.981 I/zygote ( 857): option[25]=--instruction-set-variant=cortex-
a53
10-19 15:04:40.981 I/zygote ( 857): option[26]=-Xcompiler-option
10-19 15:04:40.981 I/zygote ( 857): option[27]=--instruction-set-features=default
10-19 15:04:40.981 I/zygote ( 857): option[28]=-Xcompiler-option
10-19 15:04:40.981 I/zygote ( 857): option[29]=--generate-mini-debug-info
10-19 15:04:40.981 I/zygote ( 857): option[30]=-Ximage-compiler-option
10-19 15:04:40.981 I/zygote ( 857): option[31]=--runtime-arg
10-19 15:04:40.981 I/zygote ( 857): option[32]=-Ximage-compiler-option
10-19 15:04:40.981 I/zygote ( 857): option[33]=-Xms64m
10-19 15:04:40.981 I/zygote ( 857): option[34]=-Ximage-compiler-option
10-19 15:04:40.981 I/zygote ( 857): option[35]=--runtime-arg
10-19 15:04:40.981 I/zygote ( 857): option[36]=-Ximage-compiler-option
10-19 15:04:40.981 I/zygote ( 857): option[37]=-Xmx64m
10-19 15:04:40.981 I/zygote ( 857): option[38]=-Ximage-compiler-option
10-19 15:04:40.981 I/zygote ( 857):
option[39]=--dirty-image-objects=/system/etc/dirty-image-objects
10-19 15:04:40.981 I/zygote ( 857): option[40]=-Ximage-compiler-option
10-19 15:04:40.981 I/zygote ( 857): option[41]=--instruction-set-variant=cortex-
a53
10-19 15:04:40.981 I/zygote ( 857): option[42]=-Ximage-compiler-option
10-19 15:04:40.981 I/zygote ( 857): option[43]=--instruction-set-features=default
10-19 15:04:40.981 I/zygote ( 857): option[44]=-Ximage-compiler-option
10-19 15:04:40.981 I/zygote ( 857): option[45]=--generate-mini-debug-info
10-19 15:04:40.981 I/zygote ( 857): option[46]=-Duser.locale=ro-RO
10-19 15:04:40.981 I/zygote ( 857): option[47]=--cpu-abilist=armeabi-v7a,armeabi
10-19 15:04:40.981 I/zygote ( 857):
option[48]=-Xfingerprint:samsung/a53xnaeea/a53x:12/SP1A.210812.016/
A536BXXS4AVJ1:user/release-keys
10-19 15:04:40.983 D/APM::MultiSoundManager( 931): MultiSoundManager created
10-19 15:04:40.989 I/macloader( 1090): Entry setWifiSharingProperty
10-19 15:04:40.990 E/macloader( 1090): feature WiFiSharing supported
10-19 15:04:40.990 E/macloader( 1090): WiFiSharing supported
10-19 15:04:40.991 I/macloader( 1090): Exit setWifiSharingProperty
10-19 15:04:40.992 D/MEMLOGGER( 1085): failed to dlopen for libmemlogservice.so.
error dlopen failed: library "libmemlogservice.so" not found
10-19 15:04:40.992 I/memlogd ( 1085): EventMonitor: start
10-19 15:04:40.993 I/ServiceManager( 1057): Waiting for service 'package_native' on
'/dev/binder'...
10-19 15:04:40.995 I/ServiceManager( 1067): Waiting for service 'package_native' on
'/dev/binder'...
10-19 15:04:41.007 I/bootchecker( 1116): Leave bootchecker log
10-19 15:04:41.021 I/zygote64( 856): Using memfd for future sealing
10-19 15:04:41.078 E/engmode_cp_watcher( 841): Failed to Connect_RILD, ret : 4
10-19 15:04:41.079 I/gatekeeperd( 1120): !@Starting gatekeeperd...
10-19 15:04:41.080 I/vendor.samsung.hardware.gnss@2.1-service( 1086): main
10-19 15:04:41.087 I/gatekeeperd( 1120): !@gatekeeper deathRecipient linked success
10-19 15:04:41.088 I/servicemanager( 477): Adding 'u:r:gatekeeperd:s0' service
(android.service.gatekeeper.IGateKeeperService:1120)
10-19 15:04:41.095 I/GNSS_2_1( 1086): HIDL_FETCH_IGnss: Entry
10-19 15:04:41.095 I/GNSS_2_1( 1086): Gnss: CTR tid=1086 init=0
10-19 15:04:41.097 D/AT_Distributor( 1121): setProdCode sales code BTB
10-19 15:04:41.098 D/AT_Distributor( 1121): gUartPath = /dev/ttySAC0
10-19 15:04:41.098 D/AT_Distributor( 1121): UART ttySAC0 is not used by console
10-19 15:04:41.098 D/AT_Distributor( 1121): MakeLocalServer(): AirCmdService
Communication: Server_socket 5
10-19 15:04:41.098 D/AT_Distributor( 1121): InitSocketAcceptHandler():
AirCmdService, id(6), fd(5)
10-19 15:04:41.098 D/AT_Distributor( 1121): MakeLocalServer(): FactoryClientRecv
Communication: Server_socket 6
10-19 15:04:41.098 D/AT_Distributor( 1121): InitSocketAcceptHandler():
FactoryClientRecv, id(0), fd(6)
10-19 15:04:41.098 D/AT_Distributor( 1121): MakeLocalServer(): FactoryClientSend
Communication: Server_socket 7
10-19 15:04:41.099 D/AT_Distributor( 1121): InitSocketAcceptHandler():
FactoryClientSend, id(1), fd(7)
10-19 15:04:41.099 D/AT_Distributor( 1121): MakeLocalServer(): ATDMultiClient
Communication: Server_socket 8
10-19 15:04:41.099 D/AT_Distributor( 1121): InitSocketAcceptHandler():
ATDMultiClient, id(5), fd(8)
10-19 15:04:41.099 D/AT_Distributor( 1121): MakeLocalServer(): SatsService
Communication: Server_socket 9
10-19 15:04:41.099 D/AT_Distributor( 1121): InitSocketAcceptHandler(): SatsService,
id(8), fd(9)
10-19 15:04:41.101 I/GNSS_2_1( 1086): HIDL_FETCH_IGnss: Exit
10-19 15:04:41.102 D/APM_EngineLoader( 931): Loaded engine from
libaudiopolicyenginedefault.so
10-19 15:04:41.109 I/HidlServiceManagement( 1086): Registered
android.hardware.gnss@2.1::IGnss/default
10-19 15:04:41.109 I/LegacySupport( 1086): Registration complete for
android.hardware.gnss@2.1::IGnss/default.
10-19 15:04:41.109 I/hwservicemanager( 478): getTransport: Cannot find entry
android.hardware.usb.gadget@1.0::IUsbGadget/default in either framework or device
VINTF manifest.
10-19 15:04:41.110 I/usbd ( 1123): Usb HAL not found
10-19 15:04:41.110 D/APM::AudioPolicyEngine/Base( 931):
loadAudioPolicyEngineConfig: No configuration found, using default matching phone
experience.
10-19 15:04:41.112 W/libc ( 1): Unable to set property
"ro.telephony.default_network" to "26": error code: 0xb, try count : 1
10-19 15:04:41.113 W/libc ( 1): Unable to set property
"ro.telephony.default_network" to "26": error code: 0xb, try count : 2
10-19 15:04:41.113 W/libc ( 1): Unable to set property
"ro.telephony.default_network" to "26": error code: 0xb, try count : 3
10-19 15:04:41.115 I/SehGNSS_2_1( 1086): SehGnss: CTR tid=1086 init=0
10-19 15:04:41.135 I/EPIC ( 1074): Couldn't find /vendor/etc/epic_sub.json, but
could be ignored!
10-19 15:04:41.135 I/EPIC ( 1074): Couldn't find /vendor/etc/epic_tc.json, but
could be ignored!
10-19 15:04:41.135 I/EPIC ( 1074): Starting Module ems_service
10-19 15:04:41.135 I/EPIC ( 1074): Starting Module gmc
10-19 15:04:41.136 I/EPIC ( 1074): Starting Module migov
10-19 15:04:41.143 I/vendor.samsung.hardware.biometrics.face@2.0-service( 1131):
SehBiometricsFace starts
10-19 15:04:41.144 I/vendor.samsung.hardware.biometrics.face@2.0-service( 1131):
SehBiometricsFace::SehBiometricsFace
10-19 15:04:41.146 I/MIGOV ( 1074): complete to probe migov
10-19 15:04:41.146 I/GMC ( 1074): GMC service start
10-19 15:04:41.157 I/main_extractorservice( 1051): enable media.extractor memory
limits
10-19 15:04:41.157 V/MediaUtils( 1051): physMem: 5644083200
10-19 15:04:41.157 V/MediaUtils( 1051): requested limit: 3386449920
10-19 15:04:41.157 I/libc ( 1051): malloc_limit: Allocation limit enabled, max
size 3386449920 bytes
10-19 15:04:41.159 I/EMS ( 1074): EMS service start
10-19 15:04:41.161 I/HidlServiceManagement( 1086): Registered
vendor.samsung.hardware.gnss@2.1::ISehGnss/default
10-19 15:04:41.161 I/HidlServiceManagement( 1086): Removing namespace from process
name vendor.samsung.hardware.gnss@2.1-service to gnss@2.1-service.
10-19 15:04:41.161 I/LegacySupport( 1086): Registration complete for
vendor.samsung.hardware.gnss@2.1::ISehGnss/default.
10-19 15:04:41.166 I/EMS ( 1074): EMS load complete
10-19 15:04:41.167 D/vendor.samsung.hardware.biometrics.fingerprint@3.0-
service( 1132): seh_fps_hal starts
10-19 15:04:41.167 I/HidlServiceManagement( 1131): Registered
vendor.samsung.hardware.biometrics.face@2.0::ISehBiometricsFace/default
10-19 15:04:41.168 I/vendor.samsung.hardware.biometrics.fingerprint@3.0-
service( 1132): BiometricsFingerprint()
10-19 15:04:41.168 I/HidlServiceManagement( 1131): Removing namespace from process
name vendor.samsung.hardware.biometrics.face@2.0-service to face@2.0-service.
10-19 15:04:41.170 I/EMS ( 1074): MAIN MODE : 5
10-19 15:04:41.171 I/EMS ( 1074): SUB MODE : 0
10-19 15:04:41.171 I/EMS ( 1074): PARAM : 0,5,0,1 0
10-19 15:04:41.171 I/EMS ( 1074): PARAM : 0,5,0,3 0
10-19 15:04:41.171 I/EMS ( 1074): PARAM : 0,5,0,8 0
10-19 15:04:41.171 I/EMS ( 1074): PARAM : 1,5,0,0,0 100
10-19 15:04:41.171 I/EMS ( 1074): PARAM : 1,5,0,6,0 100
10-19 15:04:41.171 I/EMS ( 1074): PARAM : 1,5,0,0,1 100
10-19 15:04:41.171 I/EMS ( 1074): PARAM : 1,5,0,6,1 100
10-19 15:04:41.171 I/EMS ( 1074): PARAM : 1,5,0,0,2 100
10-19 15:04:41.171 I/EMS ( 1074): PARAM : 1,5,0,6,2 100
10-19 15:04:41.171 I/EMS ( 1074): PARAM : 1,5,0,0,3 100
10-19 15:04:41.171 I/EMS ( 1074): PARAM : 1,5,0,6,3 100
10-19 15:04:41.171 I/EMS ( 1074): PARAM : 1,5,0,0,4 100
10-19 15:04:41.171 I/EMS ( 1074): PARAM : 1,5,0,6,4 100
10-19 15:04:41.171 I/EMS ( 1074): PARAM : 1,5,0,0,5 100
10-19 15:04:41.171 I/EMS ( 1074): PARAM : 1,5,0,6,5 100
10-19 15:04:41.171 I/EMS ( 1074): PARAM : 1,5,0,0,6 100
10-19 15:04:41.171 I/EMS ( 1074): PARAM : 1,5,0,6,6 100
10-19 15:04:41.171 I/EMS ( 1074): PARAM : 1,5,0,0,7 100
10-19 15:04:41.171 I/EMS ( 1074): PARAM : 1,5,0,6,7 100
10-19 15:04:41.171 I/EMS ( 1074): PARAM : 1,5,0,0,8 100
10-19 15:04:41.171 I/EMS ( 1074): PARAM : 1,5,0,6,8 100
10-19 15:04:41.171 I/EMS ( 1074): PARAM : 2,5,0,0,0 100
10-19 15:04:41.171 I/EMS ( 1074): PARAM : 2,5,0,6,0 100
10-19 15:04:41.171 I/EMS ( 1074): PARAM : 2,5,0,0,1 100
10-19 15:04:41.171 I/EMS ( 1074): PARAM : 2,5,0,6,1 100
10-19 15:04:41.171 I/EMS ( 1074): PARAM : 2,5,0,0,2 100
10-19 15:04:41.171 I/EMS ( 1074): PARAM : 2,5,0,6,2 100
10-19 15:04:41.171 I/EMS ( 1074): PARAM : 2,5,0,0,3 100
10-19 15:04:41.171 I/EMS ( 1074): PARAM : 2,5,0,6,3 100
10-19 15:04:41.171 I/EMS ( 1074): PARAM : 2,5,0,0,4 100
10-19 15:04:41.171 I/EMS ( 1074): PARAM : 2,5,0,6,4 100
10-19 15:04:41.171 I/EMS ( 1074): PARAM : 2,5,0,0,5 100
10-19 15:04:41.171 I/EMS ( 1074): PARAM : 2,5,0,6,5 100
10-19 15:04:41.171 I/EMS ( 1074): PARAM : 2,5,0,0,6 100
10-19 15:04:41.171 I/EMS ( 1074): PARAM : 2,5,0,6,6 100
10-19 15:04:41.171 I/EMS ( 1074): PARAM : 2,5,0,0,7 100
10-19 15:04:41.171 I/EMS ( 1074): PARAM : 2,5,0,6,7 100
10-19 15:04:41.171 I/EMS ( 1074): PARAM : 2,5,0,0,8 100
10-19 15:04:41.171 I/EMS ( 1074): PARAM : 2,5,0,6,8 100
10-19 15:04:41.171 I/EMS ( 1074): PARAM : 3,5,0,0,0 0
10-19 15:04:41.171 I/EMS ( 1074): PARAM : 3,5,0,6,0 0
10-19 15:04:41.171 I/EMS ( 1074): PARAM : 3,5,0,0,1 0
10-19 15:04:41.172 I/EMS ( 1074): PARAM : 3,5,0,6,1 0
10-19 15:04:41.172 I/EMS ( 1074): PARAM : 3,5,0,0,2 0
10-19 15:04:41.172 I/EMS ( 1074): PARAM : 3,5,0,6,2 0
10-19 15:04:41.172 I/EMS ( 1074): PARAM : 3,5,0,0,3 0
10-19 15:04:41.172 I/EMS ( 1074): PARAM : 3,5,0,6,3 0
10-19 15:04:41.172 I/EMS ( 1074): PARAM : 3,5,0,0,4 0
10-19 15:04:41.172 I/EMS ( 1074): PARAM : 3,5,0,6,4 0
10-19 15:04:41.172 I/EMS ( 1074): PARAM : 3,5,0,0,5 0
10-19 15:04:41.172 I/EMS ( 1074): PARAM : 3,5,0,6,5 0
10-19 15:04:41.172 I/EMS ( 1074): PARAM : 3,5,0,0,6 0
10-19 15:04:41.172 I/EMS ( 1074): PARAM : 3,5,0,6,6 0
10-19 15:04:41.172 I/EMS ( 1074): PARAM : 3,5,0,0,7 0
10-19 15:04:41.172 I/EMS ( 1074): PARAM : 3,5,0,6,7 0
10-19 15:04:41.172 I/EMS ( 1074): PARAM : 3,5,0,0,8 0
10-19 15:04:41.172 I/EMS ( 1074): PARAM : 3,5,0,6,8 0
10-19 15:04:41.172 I/EMS ( 1074): PARAM : 6,5,0,0 25
10-19 15:04:41.172 I/EMS ( 1074): PARAM : 6,5,0,6 25
10-19 15:04:41.172 I/EMS ( 1074): PARAM : 21,5,0,3 0xFF
10-19 15:04:41.172 I/EMS ( 1074): PARAM : 25,5,0 20
10-19 15:04:41.172 I/EMS ( 1074): MAIN MODE : 5
10-19 15:04:41.172 I/EMS ( 1074): SUB MODE : 1
10-19 15:04:41.172 I/EMS ( 1074): PARAM : 0,5,0,1 4
10-19 15:04:41.172 I/EMS ( 1074): PARAM : 0,5,0,3 4
10-19 15:04:41.172 I/EMS ( 1074): PARAM : 0,5,0,8 4
10-19 15:04:41.172 I/EMS ( 1074): PARAM : 1,5,0,0,0 100
10-19 15:04:41.172 I/EMS ( 1074): PARAM : 1,5,0,6,0 100
10-19 15:04:41.172 I/EMS ( 1074): PARAM : 1,5,0,0,1 100
10-19 15:04:41.172 I/EMS ( 1074): PARAM : 1,5,0,6,1 100
10-19 15:04:41.172 I/EMS ( 1074): PARAM : 1,5,0,0,2 100
10-19 15:04:41.172 I/EMS ( 1074): PARAM : 1,5,0,6,2 100
10-19 15:04:41.172 I/EMS ( 1074): PARAM : 1,5,0,0,3 100
10-19 15:04:41.172 I/EMS ( 1074): PARAM : 1,5,0,6,3 100
10-19 15:04:41.172 I/EMS ( 1074): PARAM : 1,5,0,0,4 100
10-19 15:04:41.172 I/EMS ( 1074): PARAM : 1,5,0,6,4 100
10-19 15:04:41.172 I/EMS ( 1074): PARAM : 1,5,0,0,5 100
10-19 15:04:41.172 I/EMS ( 1074): PARAM : 1,5,0,6,5 100
10-19 15:04:41.172 I/EMS ( 1074): PARAM : 1,5,0,0,6 100
10-19 15:04:41.172 I/EMS ( 1074): PARAM : 1,5,0,6,6 100
10-19 15:04:41.172 I/EMS ( 1074): PARAM : 1,5,0,0,7 100
10-19 15:04:41.172 I/EMS ( 1074): PARAM : 1,5,0,6,7 100
10-19 15:04:41.172 I/EMS ( 1074): PARAM : 1,5,0,0,8 100
10-19 15:04:41.172 I/EMS ( 1074): PARAM : 1,5,0,6,8 100
10-19 15:04:41.172 I/EMS ( 1074): PARAM : 2,5,0,0,0 200
10-19 15:04:41.172 I/EMS ( 1074): PARAM : 2,5,0,6,0 200
10-19 15:04:41.172 I/EMS ( 1074): PARAM : 2,5,0,0,1 200
10-19 15:04:41.172 I/EMS ( 1074): PARAM : 2,5,0,6,1 200
10-19 15:04:41.172 I/EMS ( 1074): PARAM : 2,5,0,0,2 200
10-19 15:04:41.172 I/EMS ( 1074): PARAM : 2,5,0,6,2 200
10-19 15:04:41.172 I/EMS ( 1074): PARAM : 2,5,0,0,3 200
10-19 15:04:41.172 I/EMS ( 1074): PARAM : 2,5,0,6,3 200
10-19 15:04:41.172 I/EMS ( 1074): PARAM : 2,5,0,0,4 200
10-19 15:04:41.172 I/EMS ( 1074): PARAM : 2,5,0,6,4 200
10-19 15:04:41.172 I/EMS ( 1074): PARAM : 2,5,0,0,5 200
10-19 15:04:41.172 I/EMS ( 1074): PARAM : 2,5,0,6,5 200
10-19 15:04:41.172 I/EMS ( 1074): PARAM : 2,5,0,0,6 200
10-19 15:04:41.172 I/EMS ( 1074): PARAM : 2,5,0,6,6 200
10-19 15:04:41.172 I/EMS ( 1074): PARAM : 2,5,0,0,7 200
10-19 15:04:41.172 I/EMS ( 1074): PARAM : 2,5,0,6,7 200
10-19 15:04:41.172 I/EMS ( 1074): PARAM : 2,5,0,0,8 200
10-19 15:04:41.172 I/EMS ( 1074): PARAM : 2,5,0,6,8 200
10-19 15:04:41.172 I/HidlServiceManagement( 1132): Registered
vendor.samsung.hardware.biometrics.fingerprint@3.0::ISehBiometricsFingerprint/
default
10-19 15:04:41.172 I/EMS ( 1074): PARAM : 3,5,0,0,0 0
10-19 15:04:41.172 I/EMS ( 1074): PARAM : 3,5,0,6,0 0
10-19 15:04:41.172 I/EMS ( 1074): PARAM : 3,5,0,0,1 0
10-19 15:04:41.172 I/EMS ( 1074): PARAM : 3,5,0,6,1 0
10-19 15:04:41.172 I/EMS ( 1074): PARAM : 3,5,0,0,2 0
10-19 15:04:41.172 I/EMS ( 1074): PARAM : 3,5,0,6,2 0
10-19 15:04:41.172 I/EMS ( 1074): PARAM : 3,5,0,0,3 0
10-19 15:04:41.172 I/EMS ( 1074): PARAM : 3,5,0,6,3 0
10-19 15:04:41.172 I/EMS ( 1074): PARAM : 3,5,0,0,4 0
10-19 15:04:41.172 I/EMS ( 1074): PARAM : 3,5,0,6,4 0
10-19 15:04:41.172 I/EMS ( 1074): PARAM : 3,5,0,0,5 0
10-19 15:04:41.173 I/EMS ( 1074): PARAM : 3,5,0,6,5 0
10-19 15:04:41.173 I/EMS ( 1074): PARAM : 3,5,0,0,6 0
10-19 15:04:41.173 I/EMS ( 1074): PARAM : 3,5,0,6,6 0
10-19 15:04:41.173 I/EMS ( 1074): PARAM : 3,5,0,0,7 0
10-19 15:04:41.173 I/EMS ( 1074): PARAM : 3,5,0,6,7 0
10-19 15:04:41.173 I/EMS ( 1074): PARAM : 3,5,0,0,8 0
10-19 15:04:41.173 I/EMS ( 1074): PARAM : 3,5,0,6,8 0
10-19 15:04:41.173 I/EMS ( 1074): PARAM : 6,5,0,0 5
10-19 15:04:41.173 I/EMS ( 1074): PARAM : 6,5,0,6 25
10-19 15:04:41.173 I/EMS ( 1074): PARAM : 21,5,0,3 0xFF
10-19 15:04:41.173 I/EMS ( 1074): PARAM : 25,5,0 10
10-19 15:04:41.173 I/EMS ( 1074): MAIN MODE : 5
10-19 15:04:41.173 I/HidlServiceManagement( 1132): Removing namespace from process
name vendor.samsung.hardware.biometrics.fingerprint@3.0-service to fingerprint@3.0-
service.
10-19 15:04:41.173 I/EMS ( 1074): SUB MODE : 2
10-19 15:04:41.173 I/EMS ( 1074): PARAM : 0,5,0,1 4
10-19 15:04:41.173 I/EMS ( 1074): PARAM : 0,5,0,3 4
10-19 15:04:41.173 I/EMS ( 1074): PARAM : 0,5,0,8 4
10-19 15:04:41.173 I/EMS ( 1074): PARAM : 1,5,0,0,0 100
10-19 15:04:41.173 I/EMS ( 1074): PARAM : 1,5,0,6,0 100
10-19 15:04:41.173 I/EMS ( 1074): PARAM : 1,5,0,0,1 100
10-19 15:04:41.173 I/EMS ( 1074): PARAM : 1,5,0,6,1 100
10-19 15:04:41.173 I/EMS ( 1074): PARAM : 1,5,0,0,2 100
10-19 15:04:41.173 I/EMS ( 1074): PARAM : 1,5,0,6,2 100
10-19 15:04:41.173 I/EMS ( 1074): PARAM : 1,5,0,0,3 100
10-19 15:04:41.173 I/EMS ( 1074): PARAM : 1,5,0,6,3 100
10-19 15:04:41.173 I/EMS ( 1074): PARAM : 1,5,0,0,4 100
10-19 15:04:41.173 I/EMS ( 1074): PARAM : 1,5,0,6,4 100
10-19 15:04:41.173 I/EMS ( 1074): PARAM : 1,5,0,0,5 100
10-19 15:04:41.173 I/EMS ( 1074): PARAM : 1,5,0,6,5 100
10-19 15:04:41.173 I/EMS ( 1074): PARAM : 1,5,0,0,6 100
10-19 15:04:41.173 I/EMS ( 1074): PARAM : 1,5,0,6,6 100
10-19 15:04:41.173 I/EMS ( 1074): PARAM : 1,5,0,0,7 100
10-19 15:04:41.173 I/EMS ( 1074): PARAM : 1,5,0,6,7 100
10-19 15:04:41.173 I/EMS ( 1074): PARAM : 1,5,0,0,8 100
10-19 15:04:41.173 I/EMS ( 1074): PARAM : 1,5,0,6,8 100
10-19 15:04:41.173 I/EMS ( 1074): PARAM : 2,5,0,0,0 100
10-19 15:04:41.173 I/EMS ( 1074): PARAM : 2,5,0,6,0 100
10-19 15:04:41.173 I/EMS ( 1074): PARAM : 2,5,0,0,1 100
10-19 15:04:41.173 I/EMS ( 1074): PARAM : 2,5,0,6,1 100
10-19 15:04:41.173 I/EMS ( 1074): PARAM : 2,5,0,0,2 100
10-19 15:04:41.173 I/EMS ( 1074): PARAM : 2,5,0,6,2 100
10-19 15:04:41.173 I/EMS ( 1074): PARAM : 2,5,0,0,3 100
10-19 15:04:41.173 I/EMS ( 1074): PARAM : 2,5,0,6,3 100
10-19 15:04:41.173 I/EMS ( 1074): PARAM : 2,5,0,0,4 100
10-19 15:04:41.173 I/EMS ( 1074): PARAM : 2,5,0,6,4 100
10-19 15:04:41.173 I/EMS ( 1074): PARAM : 2,5,0,0,5 100
10-19 15:04:41.173 I/EMS ( 1074): PARAM : 2,5,0,6,5 100
10-19 15:04:41.173 I/EMS ( 1074): PARAM : 2,5,0,0,6 100
10-19 15:04:41.173 I/EMS ( 1074): PARAM : 2,5,0,6,6 100
10-19 15:04:41.173 I/EMS ( 1074): PARAM : 2,5,0,0,7 100
10-19 15:04:41.173 I/EMS ( 1074): PARAM : 2,5,0,6,7 100
10-19 15:04:41.173 I/EMS ( 1074): PARAM : 2,5,0,0,8 100
10-19 15:04:41.173 I/EMS ( 1074): PARAM : 2,5,0,6,8 100
10-19 15:04:41.173 I/EMS ( 1074): PARAM : 3,5,0,0,0 0
10-19 15:04:41.173 I/EMS ( 1074): PARAM : 3,5,0,6,0 0
10-19 15:04:41.173 I/EMS ( 1074): PARAM : 3,5,0,0,1 0
10-19 15:04:41.173 I/EMS ( 1074): PARAM : 3,5,0,6,1 0
10-19 15:04:41.173 I/EMS ( 1074): PARAM : 3,5,0,0,2 0
10-19 15:04:41.173 I/EMS ( 1074): PARAM : 3,5,0,6,2 0
10-19 15:04:41.173 I/EMS ( 1074): PARAM : 3,5,0,0,3 0
10-19 15:04:41.173 I/EMS ( 1074): PARAM : 3,5,0,6,3 0
10-19 15:04:41.173 I/EMS ( 1074): PARAM : 3,5,0,0,4 0
10-19 15:04:41.173 I/EMS ( 1074): PARAM : 3,5,0,6,4 0
10-19 15:04:41.175 I/EMS ( 1074): PARAM : 3,5,0,0,5 0
10-19 15:04:41.175 I/EMS ( 1074): PARAM : 3,5,0,6,5 0
10-19 15:04:41.176 I/EMS ( 1074): PARAM : 3,5,0,0,6 0
10-19 15:04:41.176 I/EMS ( 1074): PARAM : 3,5,0,6,6 0
10-19 15:04:41.176 I/EMS ( 1074): PARAM : 3,5,0,0,7 0
10-19 15:04:41.176 I/EMS ( 1074): PARAM : 3,5,0,6,7 0
10-19 15:04:41.176 I/EMS ( 1074): PARAM : 3,5,0,0,8 0
10-19 15:04:41.176 I/EMS ( 1074): PARAM : 3,5,0,6,8 0
10-19 15:04:41.176 I/EMS ( 1074): PARAM : 6,5,0,0 5
10-19 15:04:41.176 I/EMS ( 1074): PARAM : 6,5,0,6 25
10-19 15:04:41.176 I/EMS ( 1074): PARAM : 21,5,0,3 0xFF
10-19 15:04:41.176 I/EMS ( 1074): PARAM : 25,5,0 10
10-19 15:04:41.176 I/EMS ( 1074): MAIN MODE : 5
10-19 15:04:41.176 I/EMS ( 1074): SUB MODE : 3
10-19 15:04:41.176 I/EMS ( 1074): PARAM : 0,5,0,1 5
10-19 15:04:41.176 I/EMS ( 1074): PARAM : 0,5,0,3 5
10-19 15:04:41.176 I/EMS ( 1074): PARAM : 0,5,0,8 5
10-19 15:04:41.176 I/EMS ( 1074): PARAM : 1,5,0,0,0 400
10-19 15:04:41.176 I/EMS ( 1074): PARAM : 1,5,0,6,0 400
10-19 15:04:41.176 I/EMS ( 1074): PARAM : 1,5,0,0,1 400
10-19 15:04:41.176 I/EMS ( 1074): PARAM : 1,5,0,6,1 400
10-19 15:04:41.176 I/EMS ( 1074): PARAM : 1,5,0,0,2 400
10-19 15:04:41.176 I/EMS ( 1074): PARAM : 1,5,0,6,2 400
10-19 15:04:41.176 I/EMS ( 1074): PARAM : 1,5,0,0,3 400
10-19 15:04:41.176 I/EMS ( 1074): PARAM : 1,5,0,6,3 400
10-19 15:04:41.176 I/EMS ( 1074): PARAM : 1,5,0,0,4 400
10-19 15:04:41.176 I/EMS ( 1074): PARAM : 1,5,0,6,4 400
10-19 15:04:41.176 I/EMS ( 1074): PARAM : 1,5,0,0,5 400
10-19 15:04:41.176 I/EMS ( 1074): PARAM : 1,5,0,6,5 400
10-19 15:04:41.176 I/EMS ( 1074): PARAM : 1,5,0,0,6 400
10-19 15:04:41.176 I/EMS ( 1074): PARAM : 1,5,0,6,6 400
10-19 15:04:41.176 I/EMS ( 1074): PARAM : 1,5,0,0,7 400
10-19 15:04:41.176 I/EMS ( 1074): PARAM : 1,5,0,6,7 400
10-19 15:04:41.176 I/EMS ( 1074): PARAM : 1,5,0,0,8 400
10-19 15:04:41.176 I/EMS ( 1074): PARAM : 1,5,0,6,8 400
10-19 15:04:41.176 I/EMS ( 1074): PARAM : 2,5,0,0,0 800
10-19 15:04:41.176 I/EMS ( 1074): PARAM : 2,5,0,6,0 800
10-19 15:04:41.176 I/EMS ( 1074): PARAM : 2,5,0,0,1 800
10-19 15:04:41.176 I/EMS ( 1074): PARAM : 2,5,0,6,1 800
10-19 15:04:41.176 I/EMS ( 1074): PARAM : 2,5,0,0,2 800
10-19 15:04:41.176 I/EMS ( 1074): PARAM : 2,5,0,6,2 800
10-19 15:04:41.176 I/EMS ( 1074): PARAM : 2,5,0,0,3 800
10-19 15:04:41.176 I/EMS ( 1074): PARAM : 2,5,0,6,3 800
10-19 15:04:41.176 I/EMS ( 1074): PARAM : 2,5,0,0,4 800
10-19 15:04:41.176 I/EMS ( 1074): PARAM : 2,5,0,6,4 800
10-19 15:04:41.176 I/EMS ( 1074): PARAM : 2,5,0,0,5 800
10-19 15:04:41.176 I/EMS ( 1074): PARAM : 2,5,0,6,5 800
10-19 15:04:41.176 I/EMS ( 1074): PARAM : 2,5,0,0,6 800
10-19 15:04:41.176 I/EMS ( 1074): PARAM : 2,5,0,6,6 800
10-19 15:04:41.176 I/EMS ( 1074): PARAM : 2,5,0,0,7 800
10-19 15:04:41.176 I/EMS ( 1074): PARAM : 2,5,0,6,7 800
10-19 15:04:41.176 I/EMS ( 1074): PARAM : 2,5,0,0,8 800
10-19 15:04:41.176 I/EMS ( 1074): PARAM : 2,5,0,6,8 800
10-19 15:04:41.176 I/EMS ( 1074): PARAM : 3,5,0,0,0 5
10-19 15:04:41.176 I/EMS ( 1074): PARAM : 3,5,0,6,0 5
10-19 15:04:41.176 I/EMS ( 1074): PARAM : 3,5,0,0,1 5
10-19 15:04:41.176 I/EMS ( 1074): PARAM : 3,5,0,6,1 5
10-19 15:04:41.176 I/EMS ( 1074): PARAM : 3,5,0,0,2 5
10-19 15:04:41.177 I/EMS ( 1074): PARAM : 3,5,0,6,2 5
10-19 15:04:41.177 I/EMS ( 1074): PARAM : 3,5,0,0,3 5
10-19 15:04:41.177 I/EMS ( 1074): PARAM : 3,5,0,6,3 5
10-19 15:04:41.177 I/EMS ( 1074): PARAM : 3,5,0,0,4 5
10-19 15:04:41.177 I/EMS ( 1074): PARAM : 3,5,0,6,4 5
10-19 15:04:41.177 I/EMS ( 1074): PARAM : 3,5,0,0,5 5
10-19 15:04:41.177 I/EMS ( 1074): PARAM : 3,5,0,6,5 5
10-19 15:04:41.177 I/EMS ( 1074): PARAM : 3,5,0,0,6 5
10-19 15:04:41.177 I/EMS ( 1074): PARAM : 3,5,0,6,6 5
10-19 15:04:41.177 I/EMS ( 1074): PARAM : 3,5,0,0,7 5
10-19 15:04:41.177 I/EMS ( 1074): PARAM : 3,5,0,6,7 5
10-19 15:04:41.177 I/EMS ( 1074): PARAM : 3,5,0,0,8 5
10-19 15:04:41.177 I/EMS ( 1074): PARAM : 3,5,0,6,8 5
10-19 15:04:41.177 I/EMS ( 1074): PARAM : 6,5,0,0 5
10-19 15:04:41.177 I/EMS ( 1074): PARAM : 6,5,0,6 25
10-19 15:04:41.177 I/android.hardware.media.omx@1.0-service( 1070):
mediacodecservice starting
10-19 15:04:41.177 I/EMS ( 1074): PARAM : 21,5,0,3 0xFF
10-19 15:04:41.177 I/EMS ( 1074): PARAM : 25,5,0 10
10-19 15:04:41.177 I/EMS ( 1074): MAIN MODE : 5
10-19 15:04:41.177 I/EMS ( 1074): SUB MODE : 4
10-19 15:04:41.177 I/EMS ( 1074): PARAM : 0,5,0,1 5
10-19 15:04:41.177 I/EMS ( 1074): PARAM : 0,5,0,3 5
10-19 15:04:41.177 I/EMS ( 1074): PARAM : 0,5,0,8 5
10-19 15:04:41.177 I/EMS ( 1074): PARAM : 1,5,0,0,0 400
10-19 15:04:41.177 I/EMS ( 1074): PARAM : 1,5,0,6,0 400
10-19 15:04:41.177 I/EMS ( 1074): PARAM : 1,5,0,0,1 400
10-19 15:04:41.177 I/EMS ( 1074): PARAM : 1,5,0,6,1 400
10-19 15:04:41.177 I/EMS ( 1074): PARAM : 1,5,0,0,2 400
10-19 15:04:41.177 I/EMS ( 1074): PARAM : 1,5,0,6,2 400
10-19 15:04:41.177 I/EMS ( 1074): PARAM : 1,5,0,0,3 400
10-19 15:04:41.177 I/EMS ( 1074): PARAM : 1,5,0,6,3 400
10-19 15:04:41.177 I/EMS ( 1074): PARAM : 1,5,0,0,4 400
10-19 15:04:41.177 I/EMS ( 1074): PARAM : 1,5,0,6,4 400
10-19 15:04:41.177 I/EMS ( 1074): PARAM : 1,5,0,0,5 400
10-19 15:04:41.177 I/EMS ( 1074): PARAM : 1,5,0,6,5 400
10-19 15:04:41.177 I/EMS ( 1074): PARAM : 1,5,0,0,6 400
10-19 15:04:41.177 I/EMS ( 1074): PARAM : 1,5,0,6,6 400
10-19 15:04:41.177 I/EMS ( 1074): PARAM : 1,5,0,0,7 400
10-19 15:04:41.177 I/EMS ( 1074): PARAM : 1,5,0,6,7 400
10-19 15:04:41.177 I/EMS ( 1074): PARAM : 1,5,0,0,8 400
10-19 15:04:41.177 I/EMS ( 1074): PARAM : 1,5,0,6,8 400
10-19 15:04:41.177 I/EMS ( 1074): PARAM : 2,5,0,0,0 800
10-19 15:04:41.177 I/EMS ( 1074): PARAM : 2,5,0,6,0 800
10-19 15:04:41.177 I/EMS ( 1074): PARAM : 2,5,0,0,1 800
10-19 15:04:41.177 I/EMS ( 1074): PARAM : 2,5,0,6,1 800
10-19 15:04:41.177 I/EMS ( 1074): PARAM : 2,5,0,0,2 800
10-19 15:04:41.177 I/EMS ( 1074): PARAM : 2,5,0,6,2 800
10-19 15:04:41.177 I/EMS ( 1074): PARAM : 2,5,0,0,3 800
10-19 15:04:41.177 I/EMS ( 1074): PARAM : 2,5,0,6,3 800
10-19 15:04:41.177 I/EMS ( 1074): PARAM : 2,5,0,0,4 800
10-19 15:04:41.177 I/EMS ( 1074): PARAM : 2,5,0,6,4 800
10-19 15:04:41.177 I/EMS ( 1074): PARAM : 2,5,0,0,5 800
10-19 15:04:41.177 I/EMS ( 1074): PARAM : 2,5,0,6,5 800
10-19 15:04:41.177 I/EMS ( 1074): PARAM : 2,5,0,0,6 800
10-19 15:04:41.177 I/EMS ( 1074): PARAM : 2,5,0,6,6 800
10-19 15:04:41.177 I/EMS ( 1074): PARAM : 2,5,0,0,7 800
10-19 15:04:41.177 I/EMS ( 1074): PARAM : 2,5,0,6,7 800
10-19 15:04:41.178 I/EMS ( 1074): PARAM : 2,5,0,0,8 800
10-19 15:04:41.178 I/EMS ( 1074): PARAM : 2,5,0,6,8 800
10-19 15:04:41.178 I/EMS ( 1074): PARAM : 3,5,0,0,0 5
10-19 15:04:41.178 I/EMS ( 1074): PARAM : 3,5,0,6,0 5
10-19 15:04:41.178 I/EMS ( 1074): PARAM : 3,5,0,0,1 5
10-19 15:04:41.178 I/EMS ( 1074): PARAM : 3,5,0,6,1 5
10-19 15:04:41.178 I/EMS ( 1074): PARAM : 3,5,0,0,2 5
10-19 15:04:41.178 I/EMS ( 1074): PARAM : 3,5,0,6,2 5
10-19 15:04:41.178 I/EMS ( 1074): PARAM : 3,5,0,0,3 5
10-19 15:04:41.178 I/EMS ( 1074): PARAM : 3,5,0,6,3 5
10-19 15:04:41.178 I/EMS ( 1074): PARAM : 3,5,0,0,4 5
10-19 15:04:41.178 I/EMS ( 1074): PARAM : 3,5,0,6,4 5
10-19 15:04:41.178 I/EMS ( 1074): PARAM : 3,5,0,0,5 5
10-19 15:04:41.178 I/EMS ( 1074): PARAM : 3,5,0,6,5 5
10-19 15:04:41.178 I/EMS ( 1074): PARAM : 3,5,0,0,6 5
10-19 15:04:41.178 I/EMS ( 1074): PARAM : 3,5,0,6,6 5
10-19 15:04:41.178 I/EMS ( 1074): PARAM : 3,5,0,0,7 5
10-19 15:04:41.178 I/EMS ( 1074): PARAM : 3,5,0,6,7 5
10-19 15:04:41.178 I/EMS ( 1074): PARAM : 3,5,0,0,8 5
10-19 15:04:41.178 I/EMS ( 1074): PARAM : 3,5,0,6,8 5
10-19 15:04:41.178 I/EMS ( 1074): PARAM : 6,5,0,0 5
10-19 15:04:41.178 I/EMS ( 1074): PARAM : 6,5,0,6 25
10-19 15:04:41.178 I/EMS ( 1074): PARAM : 21,5,0,3 0xC0
10-19 15:04:41.178 I/EMS ( 1074): PARAM : 25,5,0 10
10-19 15:04:41.178 I/EMS ( 1074): MAIN MODE : 5
10-19 15:04:41.178 I/EMS ( 1074): SUB MODE : 5
10-19 15:04:41.178 I/EMS ( 1074): PARAM : 0,5,2,1 5
10-19 15:04:41.178 I/EMS ( 1074): PARAM : 0,5,2,3 5
10-19 15:04:41.178 I/EMS ( 1074): PARAM : 0,5,2,8 5
10-19 15:04:41.178 I/EMS ( 1074): PARAM : 1,5,2,0,0 400
10-19 15:04:41.178 I/EMS ( 1074): PARAM : 1,5,2,6,0 400
10-19 15:04:41.178 I/EMS ( 1074): PARAM : 1,5,2,0,1 400
10-19 15:04:41.178 I/EMS ( 1074): PARAM : 1,5,2,6,1 400
10-19 15:04:41.178 I/EMS ( 1074): PARAM : 1,5,2,0,2 400
10-19 15:04:41.178 I/EMS ( 1074): PARAM : 1,5,2,6,2 400
10-19 15:04:41.178 I/EMS ( 1074): PARAM : 1,5,2,0,3 400
10-19 15:04:41.178 I/EMS ( 1074): PARAM : 1,5,2,6,3 400
10-19 15:04:41.178 I/EMS ( 1074): PARAM : 1,5,2,0,4 400
10-19 15:04:41.178 I/EMS ( 1074): PARAM : 1,5,2,6,4 400
10-19 15:04:41.178 I/EMS ( 1074): PARAM : 1,5,2,0,5 400
10-19 15:04:41.178 I/EMS ( 1074): PARAM : 1,5,2,6,5 400
10-19 15:04:41.178 I/EMS ( 1074): PARAM : 1,5,2,0,6 400
10-19 15:04:41.178 I/EMS ( 1074): PARAM : 1,5,2,6,6 400
10-19 15:04:41.178 I/EMS ( 1074): PARAM : 1,5,2,0,7 400
10-19 15:04:41.178 I/EMS ( 1074): PARAM : 1,5,2,6,7 400
10-19 15:04:41.178 I/EMS ( 1074): PARAM : 1,5,2,0,8 400
10-19 15:04:41.178 I/EMS ( 1074): PARAM : 1,5,2,6,8 400
10-19 15:04:41.178 I/EMS ( 1074): PARAM : 2,5,2,0,0 800
10-19 15:04:41.178 I/EMS ( 1074): PARAM : 2,5,2,6,0 800
10-19 15:04:41.178 I/EMS ( 1074): PARAM : 2,5,2,0,1 800
10-19 15:04:41.178 I/EMS ( 1074): PARAM : 2,5,2,6,1 800
10-19 15:04:41.179 I/EMS ( 1074): PARAM : 2,5,2,0,2 800
10-19 15:04:41.179 I/EMS ( 1074): PARAM : 2,5,2,6,2 800
10-19 15:04:41.179 I/EMS ( 1074): PARAM : 2,5,2,0,3 800
10-19 15:04:41.179 I/EMS ( 1074): PARAM : 2,5,2,6,3 800
10-19 15:04:41.179 I/EMS ( 1074): PARAM : 2,5,2,0,4 800
10-19 15:04:41.179 I/EMS ( 1074): PARAM : 2,5,2,6,4 800
10-19 15:04:41.179 I/EMS ( 1074): PARAM : 2,5,2,0,5 800
10-19 15:04:41.179 I/EMS ( 1074): PARAM : 2,5,2,6,5 800
10-19 15:04:41.179 I/EMS ( 1074): PARAM : 2,5,2,0,6 800
10-19 15:04:41.179 I/EMS ( 1074): PARAM : 2,5,2,6,6 800
10-19 15:04:41.179 I/EMS ( 1074): PARAM : 2,5,2,0,7 800
10-19 15:04:41.179 I/EMS ( 1074): PARAM : 2,5,2,6,7 800
10-19 15:04:41.179 I/EMS ( 1074): PARAM : 2,5,2,0,8 800
10-19 15:04:41.179 I/EMS ( 1074): PARAM : 2,5,2,6,8 800
10-19 15:04:41.179 I/EMS ( 1074): PARAM : 3,5,2,0,0 5
10-19 15:04:41.179 I/EMS ( 1074): PARAM : 3,5,2,6,0 5
10-19 15:04:41.179 I/EMS ( 1074): PARAM : 3,5,2,0,1 5
10-19 15:04:41.179 I/EMS ( 1074): PARAM : 3,5,2,6,1 5
10-19 15:04:41.179 I/EMS ( 1074): PARAM : 3,5,2,0,2 5
10-19 15:04:41.179 I/EMS ( 1074): PARAM : 3,5,2,6,2 5
10-19 15:04:41.179 W/android.hardware.media.omx@1.0-service( 1070):
libminijail[1070]: failed to get path of fd 5: No such file or directory
10-19 15:04:41.180 W/android.hardware.media.omx@1.0-service( 1070):
libminijail[1070]: allowing syscall: clock_gettime
10-19 15:04:41.180 W/android.hardware.media.omx@1.0-service( 1070):
libminijail[1070]: allowing syscall: connect
10-19 15:04:41.180 W/android.hardware.media.omx@1.0-service( 1070):
libminijail[1070]: allowing syscall: fcntl64
10-19 15:04:41.180 W/android.hardware.media.omx@1.0-service( 1070):
libminijail[1070]: allowing syscall: socket
10-19 15:04:41.180 W/android.hardware.media.omx@1.0-service( 1070):
libminijail[1070]: allowing syscall: writev
10-19 15:04:41.180 W/android.hardware.media.omx@1.0-service( 1070):
libminijail[1070]: compile_file: <fd>(59): syscall getrandom redefined here
10-19 15:04:41.180 W/android.hardware.media.omx@1.0-service( 1070):
libminijail[1070]: compile_file: <fd>(15): previous definition here
10-19 15:04:41.181 W/android.hardware.media.omx@1.0-service( 1070):
libminijail[1070]: compile_file:
/system/etc/seccomp_policy/crash_dump.arm.policy(1): syscall read redefined here
10-19 15:04:41.181 W/android.hardware.media.omx@1.0-service( 1070):
libminijail[1070]: compile_file: <fd>(9): previous definition here
10-19 15:04:41.181 W/android.hardware.media.omx@1.0-service( 1070):
libminijail[1070]: compile_file:
/system/etc/seccomp_policy/crash_dump.arm.policy(2): syscall write redefined here
10-19 15:04:41.181 W/android.hardware.media.omx@1.0-service( 1070):
libminijail[1070]: compile_file: <fd>(5): previous definition here
10-19 15:04:41.181 W/android.hardware.media.omx@1.0-service( 1070):
libminijail[1070]: compile_file:
/system/etc/seccomp_policy/crash_dump.arm.policy(3): syscall exit redefined here
10-19 15:04:41.181 W/android.hardware.media.omx@1.0-service( 1070):
libminijail[1070]: compile_file: <fd>(40): previous definition here
10-19 15:04:41.181 W/android.hardware.media.omx@1.0-service( 1070):
libminijail[1070]: compile_file:
/system/etc/seccomp_policy/crash_dump.arm.policy(4): syscall rt_sigreturn redefined
here
10-19 15:04:41.181 W/android.hardware.media.omx@1.0-service( 1070):
libminijail[1070]: compile_file: <fd>(45): previous definition here
10-19 15:04:41.181 W/android.hardware.media.omx@1.0-service( 1070):
libminijail[1070]: compile_file:
/system/etc/seccomp_policy/crash_dump.arm.policy(6): syscall exit_group redefined
here
10-19 15:04:41.181 W/android.hardware.media.omx@1.0-service( 1070):
libminijail[1070]: compile_file: <fd>(44): previous definition here
10-19 15:04:41.181 W/android.hardware.media.omx@1.0-service( 1070):
libminijail[1070]: compile_file:
/system/etc/seccomp_policy/crash_dump.arm.policy(7): syscall clock_gettime
redefined here
10-19 15:04:41.181 W/android.hardware.media.omx@1.0-service( 1070):
libminijail[1070]: compile_file: <fd>(7): previous definition here
10-19 15:04:41.181 W/android.hardware.media.omx@1.0-service( 1070):
libminijail[1070]: compile_file:
/system/etc/seccomp_policy/crash_dump.arm.policy(8): syscall gettimeofday redefined
here
10-19 15:04:41.181 W/android.hardware.media.omx@1.0-service( 1070):
libminijail[1070]: compile_file: <fd>(47): previous definition here
10-19 15:04:41.181 W/android.hardware.media.omx@1.0-service( 1070):
libminijail[1070]: compile_file:
/system/etc/seccomp_policy/crash_dump.arm.policy(9): syscall futex redefined here
10-19 15:04:41.181 W/android.hardware.media.omx@1.0-service( 1070):
libminijail[1070]: compile_file: <fd>(3): previous definition here
10-19 15:04:41.179 I/EMS ( 1074): PARAM : 3,5,2,0,3 5
10-19 15:04:41.181 W/android.hardware.media.omx@1.0-service( 1070):
libminijail[1070]: compile_file:
/system/etc/seccomp_policy/crash_dump.arm.policy(10): syscall getrandom redefined
here
10-19 15:04:41.181 W/android.hardware.media.omx@1.0-service( 1070):
libminijail[1070]: compile_file: <fd>(15): previous definition here
10-19 15:04:41.182 W/android.hardware.media.omx@1.0-service( 1070):
libminijail[1070]: compile_file:
/system/etc/seccomp_policy/crash_dump.arm.policy(13): syscall ppoll redefined here
10-19 15:04:41.182 W/android.hardware.media.omx@1.0-service( 1070):
libminijail[1070]: compile_file: <fd>(13): previous definition here
10-19 15:04:41.182 W/android.hardware.media.omx@1.0-service( 1070):
libminijail[1070]: compile_file:
/system/etc/seccomp_policy/crash_dump.arm.policy(14): syscall pipe2 redefined here
10-19 15:04:41.182 W/android.hardware.media.omx@1.0-service( 1070):
libminijail[1070]: compile_file: <fd>(46): previous definition here
10-19 15:04:41.182 W/android.hardware.media.omx@1.0-service( 1070):
libminijail[1070]: compile_file:
/system/etc/seccomp_policy/crash_dump.arm.policy(15): syscall openat redefined here
10-19 15:04:41.182 W/mediaextractor( 1051): libminijail[1051]: failed to get path
of fd 5: No such file or directory
10-19 15:04:41.182 W/mediaextractor( 1051): libminijail[1051]: allowing syscall:
connect
10-19 15:04:41.182 W/android.hardware.media.omx@1.0-service( 1070):
libminijail[1070]: compile_file: <fd>(30): previous definition here
10-19 15:04:41.182 W/mediaextractor( 1051): libminijail[1051]: allowing syscall:
fcntl
10-19 15:04:41.182 W/mediaextractor( 1051): libminijail[1051]: allowing syscall:
sendto
10-19 15:04:41.182 W/mediaextractor( 1051): libminijail[1051]: allowing syscall:
socket
10-19 15:04:41.182 W/mediaextractor( 1051): libminijail[1051]: allowing syscall:
writev
10-19 15:04:41.182 W/android.hardware.media.omx@1.0-service( 1070):
libminijail[1070]: compile_file:
/system/etc/seccomp_policy/crash_dump.arm.policy(16): syscall dup redefined here
10-19 15:04:41.182 W/android.hardware.media.omx@1.0-service( 1070):
libminijail[1070]: compile_file: <fd>(12): previous definition here
10-19 15:04:41.182 W/mediaextractor( 1051): libminijail[1051]: compile_file:
<fd>(42): syscall readlinkat redefined here
10-19 15:04:41.182 W/mediaextractor( 1051): libminijail[1051]: compile_file:
<fd>(38): previous definition here
10-19 15:04:41.182 W/android.hardware.media.omx@1.0-service( 1070):
libminijail[1070]: compile_file:
/system/etc/seccomp_policy/crash_dump.arm.policy(17): syscall close redefined here
10-19 15:04:41.182 W/android.hardware.media.omx@1.0-service( 1070):
libminijail[1070]: compile_file: <fd>(10): previous definition here
10-19 15:04:41.182 W/android.hardware.media.omx@1.0-service( 1070):
libminijail[1070]: compile_file:
/system/etc/seccomp_policy/crash_dump.arm.policy(18): syscall lseek redefined here
10-19 15:04:41.182 W/android.hardware.media.omx@1.0-service( 1070):
libminijail[1070]: compile_file: <fd>(50): previous definition here
10-19 15:04:41.182 I/EMS ( 1074): PARAM : 3,5,2,6,3 5
10-19 15:04:41.182 W/android.hardware.media.omx@1.0-service( 1070):
libminijail[1070]: compile_file:
/system/etc/seccomp_policy/crash_dump.arm.policy(19): syscall getdents64 redefined
here
10-19 15:04:41.182 W/android.hardware.media.omx@1.0-service( 1070):
libminijail[1070]: compile_file: <fd>(58): previous definition here
10-19 15:04:41.182 W/android.hardware.media.omx@1.0-service( 1070):
libminijail[1070]: compile_file:
/system/etc/seccomp_policy/crash_dump.arm.policy(20): syscall faccessat redefined
here
10-19 15:04:41.182 I/EMS ( 1074): PARAM : 3,5,2,0,4 5
10-19 15:04:41.182 W/android.hardware.media.omx@1.0-service( 1070):
libminijail[1070]: compile_file: <fd>(38): previous definition here
10-19 15:04:41.183 W/android.hardware.media.omx@1.0-service( 1070):
libminijail[1070]: compile_file:
/system/etc/seccomp_policy/crash_dump.arm.policy(23): syscall sysinfo redefined
here
10-19 15:04:41.183 I/EMS ( 1074): PARAM : 3,5,2,6,4 5
10-19 15:04:41.183 I/EMS ( 1074): PARAM : 3,5,2,0,5 5
10-19 15:04:41.183 I/EMS ( 1074): PARAM : 3,5,2,6,5 5
10-19 15:04:41.183 W/android.hardware.media.omx@1.0-service( 1070):
libminijail[1070]: compile_file: <fd>(64): previous definition here
10-19 15:04:41.183 I/EMS ( 1074): PARAM : 3,5,2,0,6 5
10-19 15:04:41.183 I/EMS ( 1074): PARAM : 3,5,2,6,6 5
10-19 15:04:41.183 I/EMS ( 1074): PARAM : 3,5,2,0,7 5
10-19 15:04:41.183 I/EMS ( 1074): PARAM : 3,5,2,6,7 5
10-19 15:04:41.183 W/android.hardware.media.omx@1.0-service( 1070):
libminijail[1070]: compile_file:
/system/etc/seccomp_policy/crash_dump.arm.policy(26): syscall rt_sigprocmask
redefined here
10-19 15:04:41.183 W/android.hardware.media.omx@1.0-service( 1070):
libminijail[1070]: compile_file: <fd>(41): previous definition here
10-19 15:04:41.183 W/android.hardware.media.omx@1.0-service( 1070):
libminijail[1070]: compile_file:
/system/etc/seccomp_policy/crash_dump.arm.policy(29): syscall prctl redefined here
10-19 15:04:41.183 W/android.hardware.media.omx@1.0-service( 1070):
libminijail[1070]: compile_file: <fd>(6): previous definition here
10-19 15:04:41.183 I/EMS ( 1074): PARAM : 3,5,2,0,8 5
10-19 15:04:41.183 W/android.hardware.media.omx@1.0-service( 1070):
libminijail[1070]: compile_file:
/system/etc/seccomp_policy/crash_dump.arm.policy(30): syscall madvise redefined
here
10-19 15:04:41.183 W/android.hardware.media.omx@1.0-service( 1070):
libminijail[1070]: compile_file: <fd>(29): previous definition here
10-19 15:04:41.183 W/android.hardware.media.omx@1.0-service( 1070):
libminijail[1070]: compile_file:
/system/etc/seccomp_policy/crash_dump.arm.policy(31): syscall mprotect redefined
here
10-19 15:04:41.183 W/android.hardware.media.omx@1.0-service( 1070):
libminijail[1070]: compile_file: <fd>(28): previous definition here
10-19 15:04:41.183 I/EMS ( 1074): PARAM : 3,5,2,6,8 5
10-19 15:04:41.183 I/EMS ( 1074): PARAM : 6,5,2,0 5
10-19 15:04:41.183 W/android.hardware.media.omx@1.0-service( 1070):
libminijail[1070]: compile_file:
/system/etc/seccomp_policy/crash_dump.arm.policy(32): syscall munmap redefined here
10-19 15:04:41.183 I/EMS ( 1074): PARAM : 6,5,2,6 25
10-19 15:04:41.184 I/EMS ( 1074): PARAM : 21,5,2,3 0xC0
10-19 15:04:41.184 I/EMS ( 1074): PARAM : 25,5,2 10
10-19 15:04:41.184 W/android.hardware.media.omx@1.0-service( 1070):
libminijail[1070]: compile_file: <fd>(27): previous definition here
10-19 15:04:41.184 I/EMS ( 1074): EMS Param load complete
10-19 15:04:41.184 W/android.hardware.media.omx@1.0-service( 1070):
libminijail[1070]: compile_file:
/system/etc/seccomp_policy/crash_dump.arm.policy(33): syscall getuid32 redefined
here
10-19 15:04:41.184 W/android.hardware.media.omx@1.0-service( 1070):
libminijail[1070]: compile_file: <fd>(34): previous definition here
10-19 15:04:41.184 W/android.hardware.media.omx@1.0-service( 1070):
libminijail[1070]: compile_file:
/system/etc/seccomp_policy/crash_dump.arm.policy(34): syscall fstat64 redefined
here
10-19 15:04:41.184 W/android.hardware.media.omx@1.0-service( 1070):
libminijail[1070]: compile_file: <fd>(35): previous definition here
10-19 15:04:41.184 W/android.hardware.media.omx@1.0-service( 1070):
libminijail[1070]: compile_file:
/system/etc/seccomp_policy/crash_dump.arm.policy(35): syscall mmap2 redefined here
10-19 15:04:41.184 W/android.hardware.media.omx@1.0-service( 1070):
libminijail[1070]: compile_file: <fd>(14): previous definition here
10-19 15:04:41.185 W/android.hardware.media.omx@1.0-service( 1070):
libminijail[1070]: compile_file: <fd>(80): nonexistent syscall 'mmap'
10-19 15:04:41.185 W/android.hardware.media.omx@1.0-service( 1070):
libminijail[1070]: compile_file: <fd>(83): nonexistent syscall 'newfstatat'
10-19 15:04:41.185 W/android.hardware.media.omx@1.0-service( 1070):
libminijail[1070]: compile_file: <fd>(85): nonexistent syscall 'getrlimit'
10-19 15:04:41.185 W/android.hardware.media.omx@1.0-service( 1070):
libminijail[1070]: compile_file: <fd>(88): syscall getdents64 redefined here
10-19 15:04:41.185 W/android.hardware.media.omx@1.0-service( 1070):
libminijail[1070]: compile_file: <fd>(58): previous definition here
10-19 15:04:41.186 W/mediaextractor( 1051): libminijail[1051]: compile_file:
/apex/com.android.media/etc/seccomp_policy/crash_dump.arm64.policy(1): syscall read
redefined here
10-19 15:04:41.186 W/mediaextractor( 1051): libminijail[1051]: compile_file:
<fd>(18): previous definition here
10-19 15:04:41.186 W/mediaextractor( 1051): libminijail[1051]: compile_file:
/apex/com.android.media/etc/seccomp_policy/crash_dump.arm64.policy(2): syscall
write redefined here
10-19 15:04:41.186 W/mediaextractor( 1051): libminijail[1051]: compile_file:
<fd>(6): previous definition here
10-19 15:04:41.186 W/mediaextractor( 1051): libminijail[1051]: compile_file:
/apex/com.android.media/etc/seccomp_policy/crash_dump.arm64.policy(3): syscall exit
redefined here
10-19 15:04:41.186 W/mediaextractor( 1051): libminijail[1051]: compile_file:
<fd>(27): previous definition here
10-19 15:04:41.186 W/mediaextractor( 1051): libminijail[1051]: compile_file:
/apex/com.android.media/etc/seccomp_policy/crash_dump.arm64.policy(4): syscall
rt_sigreturn redefined here
10-19 15:04:41.186 W/mediaextractor( 1051): libminijail[1051]: compile_file:
<fd>(29): previous definition here
10-19 15:04:41.186 W/mediaextractor( 1051): libminijail[1051]: compile_file:
/apex/com.android.media/etc/seccomp_policy/crash_dump.arm64.policy(5): syscall
exit_group redefined here
10-19 15:04:41.186 W/mediaextractor( 1051): libminijail[1051]: compile_file:
<fd>(28): previous definition here
10-19 15:04:41.186 W/mediaextractor( 1051): libminijail[1051]: compile_file:
/apex/com.android.media/etc/seccomp_policy/crash_dump.arm64.policy(8): syscall
futex redefined here
10-19 15:04:41.186 W/mediaextractor( 1051): libminijail[1051]: compile_file:
<fd>(4): previous definition here
10-19 15:04:41.186 W/mediaextractor( 1051): libminijail[1051]: compile_file:
/apex/com.android.media/etc/seccomp_policy/crash_dump.arm64.policy(9): syscall
getrandom redefined here
10-19 15:04:41.186 W/mediaextractor( 1051): libminijail[1051]: compile_file:
<fd>(32): previous definition here
10-19 15:04:41.186 W/mediaextractor( 1051): libminijail[1051]: compile_file:
/apex/com.android.media/etc/seccomp_policy/crash_dump.arm64.policy(14): syscall
openat redefined here
10-19 15:04:41.186 W/mediaextractor( 1051): libminijail[1051]: compile_file:
<fd>(12): previous definition here
10-19 15:04:41.186 W/mediaextractor( 1051): libminijail[1051]: compile_file:
/apex/com.android.media/etc/seccomp_policy/crash_dump.arm64.policy(15): syscall dup
redefined here
10-19 15:04:41.186 W/android.hardware.media.omx@1.0-service( 1070):
libminijail[1070]: logging seccomp filter failures
10-19 15:04:41.186 W/mediaextractor( 1051): libminijail[1051]: compile_file:
<fd>(9): previous definition here
10-19 15:04:41.186 W/mediaextractor( 1051): libminijail[1051]: compile_file:
/apex/com.android.media/etc/seccomp_policy/crash_dump.arm64.policy(16): syscall
close redefined here
10-19 15:04:41.186 W/mediaextractor( 1051): libminijail[1051]: compile_file:
<fd>(8): previous definition here
10-19 15:04:41.186 W/mediaextractor( 1051): libminijail[1051]: compile_file:
/apex/com.android.media/etc/seccomp_policy/crash_dump.arm64.policy(17): syscall
lseek redefined here
10-19 15:04:41.186 W/mediaextractor( 1051): libminijail[1051]: compile_file:
<fd>(23): previous definition here
10-19 15:04:41.186 W/mediaextractor( 1051): libminijail[1051]: compile_file:
/apex/com.android.media/etc/seccomp_policy/crash_dump.arm64.policy(18): syscall
getdents64 redefined here
10-19 15:04:41.186 W/mediaextractor( 1051): libminijail[1051]: compile_file:
<fd>(41): previous definition here
10-19 15:04:41.186 W/mediaextractor( 1051): libminijail[1051]: compile_file:
/apex/com.android.media/etc/seccomp_policy/crash_dump.arm64.policy(19): syscall
faccessat redefined here
10-19 15:04:41.186 W/mediaextractor( 1051): libminijail[1051]: compile_file:
<fd>(25): previous definition here
10-19 15:04:41.186 W/mediaextractor( 1051): libminijail[1051]: compile_file:
/apex/com.android.media/etc/seccomp_policy/crash_dump.arm64.policy(28): syscall
prctl redefined here
10-19 15:04:41.186 W/mediaextractor( 1051): libminijail[1051]: compile_file:
<fd>(5): previous definition here
10-19 15:04:41.186 W/mediaextractor( 1051): libminijail[1051]: compile_file:
/apex/com.android.media/etc/seccomp_policy/crash_dump.arm64.policy(29): syscall
madvise redefined here
10-19 15:04:41.186 W/mediaextractor( 1051): libminijail[1051]: compile_file:
<fd>(14): previous definition here
10-19 15:04:41.186 W/mediaextractor( 1051): libminijail[1051]: compile_file:
/apex/com.android.media/etc/seccomp_policy/crash_dump.arm64.policy(30): syscall
mprotect redefined here
10-19 15:04:41.186 W/mediaextractor( 1051): libminijail[1051]: compile_file:
<fd>(13): previous definition here
10-19 15:04:41.186 W/mediaextractor( 1051): libminijail[1051]: compile_file:
/apex/com.android.media/etc/seccomp_policy/crash_dump.arm64.policy(31): syscall
munmap redefined here
10-19 15:04:41.186 W/mediaextractor( 1051): libminijail[1051]: compile_file:
<fd>(11): previous definition here
10-19 15:04:41.186 W/mediaextractor( 1051): libminijail[1051]: compile_file:
/apex/com.android.media/etc/seccomp_policy/crash_dump.arm64.policy(32): syscall
getuid redefined here
10-19 15:04:41.186 W/mediaextractor( 1051): libminijail[1051]: compile_file:
<fd>(15): previous definition here
10-19 15:04:41.186 W/mediaextractor( 1051): libminijail[1051]: compile_file:
/apex/com.android.media/etc/seccomp_policy/crash_dump.arm64.policy(33): syscall
fstat redefined here
10-19 15:04:41.186 W/mediaextractor( 1051): libminijail[1051]: compile_file:
<fd>(16): previous definition here
10-19 15:04:41.186 W/mediaextractor( 1051): libminijail[1051]: compile_file:
/apex/com.android.media/etc/seccomp_policy/crash_dump.arm64.policy(34): syscall
mmap redefined here
10-19 15:04:41.186 W/mediaextractor( 1051): libminijail[1051]: compile_file:
<fd>(10): previous definition here
10-19 15:04:41.187 W/mediaextractor( 1051): libminijail[1051]: compile_file:
<fd>(64): syscall set_tid_address redefined here
10-19 15:04:41.187 W/mediaextractor( 1051): libminijail[1051]: compile_file:
<fd>(58): previous definition here
10-19 15:04:41.187 W/mediaextractor( 1051): libminijail[1051]: logging seccomp
filter failures
10-19 15:04:41.188 I/MediaCodecsXmlParser( 1070): >>>OMX SEC codec
10-19 15:04:41.189 D/MediaCodecsXmlParser( 1070): parsing
/vendor/etc/media_codecs.xml...
10-19 15:04:41.192 D/MediaCodecsXmlParser( 1070): parsing
/vendor/etc/media_codecs_performance.xml...
10-19 15:04:41.192 I/MediaCodecsXmlParser( 1070): Did not find
media_codecs_shaping.xml in search path
10-19 15:04:41.192 I/mediaswcodec( 1112): media swcodec service starting
10-19 15:04:41.194 W/mediaswcodec( 1112): Could not read additional policy file
'/vendor/etc/seccomp_policy/mediaswcodec.policy'
10-19 15:04:41.194 W/mediaswcodec( 1112): libminijail[1112]: failed to get path of
fd 5: No such file or directory
10-19 15:04:41.194 W/mediaswcodec( 1112): libminijail[1112]: allowing syscall:
connect
