10-19 15:04:45.109 W/SystemConfig( 1291): fname = SC-53B
10-19 15:04:45.109 W/SystemConfig( 1291): ro.product.name = a53xnaeea
10-19 15:04:45.109 W/SystemConfig( 1291): fname = a52sxqeea
10-19 15:04:45.109 W/SystemConfig( 1291): ro.product.name = a53xnaeea
10-19 15:04:45.109 W/SystemConfig( 1291): fname = a52sxqtur
10-19 15:04:45.109 W/SystemConfig( 1291): ro.product.name = a53xnaeea
10-19 15:04:45.109 W/SystemConfig( 1291): fname = a52sxqser
10-19 15:04:45.109 W/SystemConfig( 1291): ro.product.name = a53xnaeea
10-19 15:04:45.109 W/SystemConfig( 1291): fname = a52sxqzt
10-19 15:04:45.109 W/SystemConfig( 1291): ro.product.name = a53xnaeea
10-19 15:04:45.109 W/SystemConfig( 1291): fname = a52sxqxx
10-19 15:04:45.109 W/SystemConfig( 1291): ro.product.name = a53xnaeea
10-19 15:04:45.109 W/SystemConfig( 1291): fname = a52sxqks
10-19 15:04:45.109 W/SystemConfig( 1291): ro.product.name = a53xnaeea
10-19 15:04:45.109 W/SystemConfig( 1291): fname = r9sxtur
10-19 15:04:45.109 W/SystemConfig( 1291): ro.product.name = a53xnaeea
10-19 15:04:45.109 W/SystemConfig( 1291): fname = r9sxxx
10-19 15:04:45.109 W/SystemConfig( 1291): ro.product.name = a53xnaeea
10-19 15:04:45.109 W/SystemConfig( 1291): fname = r9qksx
10-19 15:04:45.109 W/SystemConfig( 1291): ro.product.name = a53xnaeea
10-19 15:04:45.109 W/SystemConfig( 1291): fname = r9qxeea
10-19 15:04:45.109 W/SystemConfig( 1291): ro.product.name = a53xnaeea
10-19 15:04:45.109 W/SystemConfig( 1291): fname = r9qxtur
10-19 15:04:45.109 W/SystemConfig( 1291): ro.product.name = a53xnaeea
10-19 15:04:45.109 W/SystemConfig( 1291): fname = r9qxser
10-19 15:04:45.109 W/SystemConfig( 1291): ro.product.name = a53xnaeea
10-19 15:04:45.109 W/SystemConfig( 1291): fname = r9qzh
10-19 15:04:45.109 W/SystemConfig( 1291): ro.product.name = a53xnaeea
10-19 15:04:45.109 W/SystemConfig( 1291): fname = r9quew
10-19 15:04:45.109 W/SystemConfig( 1291): ro.product.name = a53xnaeea
10-19 15:04:45.109 W/SystemConfig( 1291): fname = r9qxxx
10-19 15:04:45.109 W/SystemConfig( 1291): ro.product.name = a53xnaeea
10-19 15:04:45.109 W/SystemConfig( 1291): fname = r9qcsx
10-19 15:04:45.109 W/SystemConfig( 1291): ro.product.name = a53xnaeea
10-19 15:04:45.109 W/SystemConfig( 1291): fname = r9qsqw
10-19 15:04:45.109 W/SystemConfig( 1291): ro.product.name = a53xnaeea
10-19 15:04:45.109 W/SystemConfig( 1291): fname = r9q2xser
10-19 15:04:45.109 W/SystemConfig( 1291): ro.product.name = a53xnaeea
10-19 15:04:45.109 W/SystemConfig( 1291): fname = r9q2xxx
10-19 15:04:45.109 W/SystemConfig( 1291): ro.product.name = a53xnaeea
10-19 15:04:45.109 W/SystemConfig( 1291): fname = r9q2xeea
10-19 15:04:45.109 W/SystemConfig( 1291): ro.product.name = a53xnaeea
10-19 15:04:45.109 W/SystemConfig( 1291): fname = r9q2sqw
10-19 15:04:45.109 W/SystemConfig( 1291): ro.product.name = a53xnaeea
10-19 15:04:45.109 W/SystemConfig( 1291): fname = a32ub
10-19 15:04:45.109 W/SystemConfig( 1291): ro.product.name = a53xnaeea
10-19 15:04:45.109 W/SystemConfig( 1291): fname = a32ks
10-19 15:04:45.109 W/SystemConfig( 1291): ro.product.name = a53xnaeea
10-19 15:04:45.109 W/SystemConfig( 1291): fname = a32eea
10-19 15:04:45.109 I/hwservicemanager( 478): getTransport: Cannot find entry
android.hardware.power.stats@1.0::IPowerStats/default in either framework or device
VINTF manifest.
10-19 15:04:45.109 W/SystemConfig( 1291): ro.product.name = a53xnaeea
10-19 15:04:45.109 W/SystemConfig( 1291): fname = a32tur
10-19 15:04:45.109 W/SystemConfig( 1291): ro.product.name = a53xnaeea
10-19 15:04:45.109 W/SystemConfig( 1291): fname = a32ser
10-19 15:04:45.109 W/SystemConfig( 1291): ro.product.name = a53xnaeea
10-19 15:04:45.109 W/SystemConfig( 1291): fname = a32xx
10-19 15:04:45.109 W/SystemConfig( 1291): ro.product.name = a53xnaeea
10-19 15:04:45.109 E/PowerStatsService( 1291): Unable to get power.stats HAL
service.
10-19 15:04:45.109 E/PowerStatsService( 1291): nativeInit failed to connect to
power.stats HAL
10-19 15:04:45.109 W/SystemConfig( 1291): fname = a32xxx
10-19 15:04:45.109 W/SystemConfig( 1291): ro.product.name = a53xnaeea
10-19 15:04:45.109 W/SystemConfig( 1291): fname = a32xcs
10-19 15:04:45.109 W/SystemConfig( 1291): ro.product.name = a53xnaeea
10-19 15:04:45.109 W/SystemConfig( 1291): fname = a32xeea
10-19 15:04:45.109 W/SystemConfig( 1291): ro.product.name = a53xnaeea
10-19 15:04:45.109 W/SystemConfig( 1291): fname = a32xue
10-19 15:04:45.109 W/SystemConfig( 1291): ro.product.name = a53xnaeea
10-19 15:04:45.109 W/SystemConfig( 1291): fname = a32xtfn
10-19 15:04:45.109 W/SystemConfig( 1291): ro.product.name = a53xnaeea
10-19 15:04:45.109 W/SystemConfig( 1291): fname = a32xzh
10-19 15:04:45.109 W/SystemConfig( 1291): ro.product.name = a53xnaeea
10-19 15:04:45.109 W/SystemConfig( 1291): fname = a32xsq
10-19 15:04:45.109 W/SystemConfig( 1291): ro.product.name = a53xnaeea
10-19 15:04:45.109 W/SystemConfig( 1291): fname = SCG08_jp_kdi
10-19 15:04:45.109 W/SystemConfig( 1291): ro.product.name = a53xnaeea
10-19 15:04:45.109 W/SystemConfig( 1291): fname = xcover5eea
10-19 15:04:45.109 W/SystemConfig( 1291): ro.product.name = a53xnaeea
10-19 15:04:45.110 W/SystemConfig( 1291): fname = xcover5ser
10-19 15:04:45.110 W/SystemConfig( 1291): ro.product.name = a53xnaeea
10-19 15:04:45.110 W/SystemConfig( 1291): fname = xcover5kx
10-19 15:04:45.110 W/SystemConfig( 1291): ro.product.name = a53xnaeea
10-19 15:04:45.110 W/SystemConfig( 1291): fname = xcover5xx
10-19 15:04:45.110 W/SystemConfig( 1291): ro.product.name = a53xnaeea
10-19 15:04:45.110 W/SystemConfig( 1291): fname = gts7fewifixx
10-19 15:04:45.110 W/SystemConfig( 1291): ro.product.name = a53xnaeea
10-19 15:04:45.110 W/SystemConfig( 1291): fname = gts7fewifitur
10-19 15:04:45.110 W/SystemConfig( 1291): ro.product.name = a53xnaeea
10-19 15:04:45.110 W/SystemConfig( 1291): fname = gts7fewifieea
10-19 15:04:45.110 W/SystemConfig( 1291): ro.product.name = a53xnaeea
10-19 15:04:45.110 W/SystemConfig( 1291): fname = gts7fewifiser
10-19 15:04:45.110 W/SystemConfig( 1291): ro.product.name = a53xnaeea
10-19 15:04:45.110 W/SystemConfig( 1291): fname = gts7xllitexx
10-19 15:04:45.110 W/SystemConfig( 1291): ro.product.name = a53xnaeea
10-19 15:04:45.110 W/SystemConfig( 1291): fname = gts7xlliteser
10-19 15:04:45.110 W/SystemConfig( 1291): ro.product.name = a53xnaeea
10-19 15:04:45.110 W/SystemConfig( 1291): fname = gts7xllitexeea
10-19 15:04:45.110 W/SystemConfig( 1291): ro.product.name = a53xnaeea
10-19 15:04:45.110 W/SystemConfig( 1291): fname = gts7xllitekx
10-19 15:04:45.110 W/SystemConfig( 1291): ro.product.name = a53xnaeea
10-19 15:04:45.110 W/SystemConfig( 1291): fname = gts7xllitetur
10-19 15:04:45.110 W/SystemConfig( 1291): ro.product.name = a53xnaeea
10-19 15:04:45.110 W/SystemConfig( 1291): fname = gts7xllitekxx
10-19 15:04:45.110 W/SystemConfig( 1291): ro.product.name = a53xnaeea
10-19 15:04:45.110 W/SystemConfig( 1291): fname = gts7xllitesqwnc
10-19 15:04:45.110 W/SystemConfig( 1291): ro.product.name = a53xnaeea
10-19 15:04:45.110 W/SystemConfig( 1291): fname = gts7xllitexxx
10-19 15:04:45.110 W/SystemConfig( 1291): ro.product.name = a53xnaeea
10-19 15:04:45.110 W/SystemConfig( 1291): fname = gts7xllitesqw
10-19 15:04:45.110 W/SystemConfig( 1291): ro.product.name = a53xnaeea
10-19 15:04:45.110 W/SystemConfig( 1291): fname = gts7xllitewifieea
10-19 15:04:45.110 W/SystemConfig( 1291): ro.product.name = a53xnaeea
10-19 15:04:45.110 W/SystemConfig( 1291): fname = gts7xllitewifixx
10-19 15:04:45.110 W/SystemConfig( 1291): ro.product.name = a53xnaeea
10-19 15:04:45.110 W/SystemConfig( 1291): fname = gts7xllitewifitur
10-19 15:04:45.110 W/SystemConfig( 1291): ro.product.name = a53xnaeea
10-19 15:04:45.110 W/SystemConfig( 1291): fname = gts7xllitewifiser
10-19 15:04:45.110 W/SystemConfig( 1291): ro.product.name = a53xnaeea
10-19 15:04:45.110 W/SystemConfig( 1291): fname = b0sxser
10-19 15:04:45.110 W/SystemConfig( 1291): ro.product.name = a53xnaeea
10-19 15:04:45.110 W/SystemConfig( 1291): fname = b0sxtur
10-19 15:04:45.110 W/SystemConfig( 1291): ro.product.name = a53xnaeea
10-19 15:04:45.110 W/SystemConfig( 1291): fname = b0sxxx
10-19 15:04:45.110 W/SystemConfig( 1291): ro.product.name = a53xnaeea
10-19 15:04:45.110 W/SystemConfig( 1291): fname = b0sxeea
10-19 15:04:45.110 W/SystemConfig( 1291): ro.product.name = a53xnaeea
10-19 15:04:45.110 W/SystemConfig( 1291): fname = b0sksx
10-19 15:04:45.110 W/SystemConfig( 1291): ro.product.name = a53xnaeea
10-19 15:04:45.110 W/SystemConfig( 1291): fname = b0qksx
10-19 15:04:45.110 W/SystemConfig( 1291): ro.product.name = a53xnaeea
10-19 15:04:45.110 W/SystemConfig( 1291): fname = b0quew
10-19 15:04:45.110 W/SystemConfig( 1291): ro.product.name = a53xnaeea
10-19 15:04:45.110 W/SystemConfig( 1291): fname = b0qcsx
10-19 15:04:45.110 W/SystemConfig( 1291): ro.product.name = a53xnaeea
10-19 15:04:45.110 W/SystemConfig( 1291): fname = b0qxxx
10-19 15:04:45.110 W/SystemConfig( 1291): ro.product.name = a53xnaeea
10-19 15:04:45.110 W/SystemConfig( 1291): fname = b0qsqw
10-19 15:04:45.110 W/SystemConfig( 1291): ro.product.name = a53xnaeea
10-19 15:04:45.110 W/SystemConfig( 1291): fname = b0qzhx
10-19 15:04:45.110 I/servicemanager( 477): Adding 'u:r:system_server:s0' service
(powerstats:1291)
10-19 15:04:45.110 W/SystemConfig( 1291): ro.product.name = a53xnaeea
10-19 15:04:45.110 W/SystemConfig( 1291): fname = b0qxtur
10-19 15:04:45.110 W/SystemConfig( 1291): ro.product.name = a53xnaeea
10-19 15:04:45.110 W/SystemConfig( 1291): fname = SC-52C
10-19 15:04:45.110 W/SystemConfig( 1291): ro.product.name = a53xnaeea
10-19 15:04:45.110 W/SystemConfig( 1291): fname = SCG14_jp_kdi
10-19 15:04:45.110 D/SystemServerTiming( 1291): StartPowerStatsService took to
complete: 3ms
10-19 15:04:45.110 I/SystemServerTiming( 1291): StartIStatsService
10-19 15:04:45.110 W/SystemConfig( 1291): ro.product.name = a53xnaeea
10-19 15:04:45.110 W/SystemConfig( 1291): fname = r0sxxx
10-19 15:04:45.110 W/SystemConfig( 1291): ro.product.name = a53xnaeea
10-19 15:04:45.110 W/SystemConfig( 1291): fname = r0sxeea
10-19 15:04:45.110 W/SystemConfig( 1291): ro.product.name = a53xnaeea
10-19 15:04:45.110 W/SystemConfig( 1291): fname = r0sxtur
10-19 15:04:45.110 W/SystemConfig( 1291): ro.product.name = a53xnaeea
10-19 15:04:45.110 W/SystemConfig( 1291): fname = r0sxser
10-19 15:04:45.110 W/SystemConfig( 1291): ro.product.name = a53xnaeea
10-19 15:04:45.110 W/SystemConfig( 1291): fname = r0sksx
10-19 15:04:45.110 W/SystemConfig( 1291): ro.product.name = a53xnaeea
10-19 15:04:45.111 W/SystemConfig( 1291): fname = r0qksx
10-19 15:04:45.111 W/SystemConfig( 1291): ro.product.name = a53xnaeea
10-19 15:04:45.111 W/SystemConfig( 1291): fname = r0qxtur
10-19 15:04:45.111 W/SystemConfig( 1291): ro.product.name = a53xnaeea
10-19 15:04:45.111 W/SystemConfig( 1291): fname = r0qcsx
10-19 15:04:45.111 W/SystemConfig( 1291): ro.product.name = a53xnaeea
10-19 15:04:45.111 W/SystemConfig( 1291): fname = r0qzhx
10-19 15:04:45.111 W/SystemConfig( 1291): ro.product.name = a53xnaeea
10-19 15:04:45.111 W/SystemConfig( 1291): fname = r0quew
10-19 15:04:45.111 W/SystemConfig( 1291): ro.product.name = a53xnaeea
10-19 15:04:45.111 W/SystemConfig( 1291): fname = r0qsqw
10-19 15:04:45.111 W/SystemConfig( 1291): ro.product.name = a53xnaeea
10-19 15:04:45.111 W/SystemConfig( 1291): fname = r0qxxx
10-19 15:04:45.111 W/SystemConfig( 1291): ro.product.name = a53xnaeea
10-19 15:04:45.111 W/SystemConfig( 1291): fname = SC-51C
10-19 15:04:45.111 W/SystemConfig( 1291): ro.product.name = a53xnaeea
10-19 15:04:45.111 W/SystemConfig( 1291): fname = SCG13_jp_kdi
10-19 15:04:45.111 W/SystemConfig( 1291): ro.product.name = a53xnaeea
10-19 15:04:45.111 W/SystemConfig( 1291): fname = g0sxxx
10-19 15:04:45.111 W/SystemConfig( 1291): ro.product.name = a53xnaeea
10-19 15:04:45.111 W/SystemConfig( 1291): fname = g0sxtur
10-19 15:04:45.111 W/SystemConfig( 1291): ro.product.name = a53xnaeea
10-19 15:04:45.111 W/SystemConfig( 1291): fname = g0sxeea
10-19 15:04:45.111 W/SystemConfig( 1291): ro.product.name = a53xnaeea
10-19 15:04:45.111 W/SystemConfig( 1291): fname = g0sxser
10-19 15:04:45.111 W/SystemConfig( 1291): ro.product.name = a53xnaeea
10-19 15:04:45.111 W/SystemConfig( 1291): fname = g0sksx
10-19 15:04:45.111 W/SystemConfig( 1291): ro.product.name = a53xnaeea
10-19 15:04:45.111 W/SystemConfig( 1291): fname = g0qksx
10-19 15:04:45.111 W/SystemConfig( 1291): ro.product.name = a53xnaeea
10-19 15:04:45.111 W/SystemConfig( 1291): fname = g0quew
10-19 15:04:45.111 W/SystemConfig( 1291): ro.product.name = a53xnaeea
10-19 15:04:45.111 W/SystemConfig( 1291): fname = g0qxtur
10-19 15:04:45.111 W/SystemConfig( 1291): ro.product.name = a53xnaeea
10-19 15:04:45.111 W/SystemConfig( 1291): fname = g0qcsx
10-19 15:04:45.111 W/SystemConfig( 1291): ro.product.name = a53xnaeea
10-19 15:04:45.111 W/SystemConfig( 1291): fname = g0qxxx
10-19 15:04:45.111 W/SystemConfig( 1291): ro.product.name = a53xnaeea
10-19 15:04:45.111 W/SystemConfig( 1291): fname = g0qsqw
10-19 15:04:45.111 W/SystemConfig( 1291): ro.product.name = a53xnaeea
10-19 15:04:45.111 W/SystemConfig( 1291): fname = g0qzhx
10-19 15:04:45.111 W/SystemConfig( 1291): ro.product.name = a53xnaeea
10-19 15:04:45.111 W/SystemConfig( 1291): fname = gts8kxx
10-19 15:04:45.111 W/SystemConfig( 1291): ro.product.name = a53xnaeea
10-19 15:04:45.111 W/SystemConfig( 1291): fname = gts8keea
10-19 15:04:45.111 W/SystemConfig( 1291): ro.product.name = a53xnaeea
10-19 15:04:45.111 W/SystemConfig( 1291): fname = gts8xser
10-19 15:04:45.111 W/SystemConfig( 1291): ro.product.name = a53xnaeea
10-19 15:04:45.111 W/SystemConfig( 1291): fname = gts8xeea
10-19 15:04:45.111 W/SystemConfig( 1291): ro.product.name = a53xnaeea
10-19 15:04:45.111 W/SystemConfig( 1291): fname = gts8xxx
10-19 15:04:45.111 W/SystemConfig( 1291): ro.product.name = a53xnaeea
10-19 15:04:45.111 W/SystemConfig( 1291): fname = gts8sq
10-19 15:04:45.111 W/SystemConfig( 1291): ro.product.name = a53xnaeea
10-19 15:04:45.111 W/SystemConfig( 1291): fname = gts8wifiser
10-19 15:04:45.111 I/hwservicemanager( 478): getTransport: Cannot find entry
android.frameworks.stats@1.0::IStats/default in either framework or device VINTF
manifest.
10-19 15:04:45.111 W/SystemConfig( 1291): ro.product.name = a53xnaeea
10-19 15:04:45.111 W/SystemConfig( 1291): fname = gts8wifitur
10-19 15:04:45.111 W/SystemConfig( 1291): ro.product.name = a53xnaeea
10-19 15:04:45.111 W/SystemConfig( 1291): fname = gts8wifixx
10-19 15:04:45.111 W/SystemConfig( 1291): ro.product.name = a53xnaeea
10-19 15:04:45.111 E/HidlServiceManagement( 1291): Service
android.frameworks.stats@1.0::IStats/default must be in VINTF manifest in order to
register/get.
10-19 15:04:45.111 W/system_server( 1291): Cannot register HIDL
android.frameworks.stats@1.0::IStats: -2147483648
10-19 15:04:45.111 W/SystemConfig( 1291): fname = gts8wifieea
10-19 15:04:45.111 W/SystemConfig( 1291): ro.product.name = a53xnaeea
10-19 15:04:45.111 W/SystemConfig( 1291): fname = gts8pkxx
10-19 15:04:45.111 W/SystemConfig( 1291): ro.product.name = a53xnaeea
10-19 15:04:45.111 W/SystemConfig( 1291): fname = gts8psqw
10-19 15:04:45.111 W/SystemConfig( 1291): ro.product.name = a53xnaeea
10-19 15:04:45.111 W/SystemConfig( 1291): fname = gts8psqw
10-19 15:04:45.111 W/SystemConfig( 1291): ro.product.name = a53xnaeea
10-19 15:04:45.111 W/SystemConfig( 1291): fname = gts8pxser
10-19 15:04:45.111 W/SystemConfig( 1291): ro.product.name = a53xnaeea
10-19 15:04:45.111 W/SystemConfig( 1291): fname = gts8peea
10-19 15:04:45.111 W/SystemConfig( 1291): ro.product.name = a53xnaeea
10-19 15:04:45.111 W/SystemConfig( 1291): fname = gts8pxx
10-19 15:04:45.111 W/SystemConfig( 1291): ro.product.name = a53xnaeea
10-19 15:04:45.111 W/SystemConfig( 1291): fname = gts8pxeea
10-19 15:04:45.111 W/SystemConfig( 1291): ro.product.name = a53xnaeea
10-19 15:04:45.111 W/SystemConfig( 1291): fname = gts8pxxx
10-19 15:04:45.111 W/SystemConfig( 1291): ro.product.name = a53xnaeea
10-19 15:04:45.111 W/SystemConfig( 1291): fname = gts8psqwnc
10-19 15:04:45.111 W/SystemConfig( 1291): ro.product.name = a53xnaeea
10-19 15:04:45.111 W/SystemConfig( 1291): fname = gts8pwifitur
10-19 15:04:45.112 W/SystemConfig( 1291): ro.product.name = a53xnaeea
10-19 15:04:45.112 W/SystemConfig( 1291): fname = gts8pwifiser
10-19 15:04:45.112 W/SystemConfig( 1291): ro.product.name = a53xnaeea
10-19 15:04:45.112 W/SystemConfig( 1291): fname = gts8pwifixx
10-19 15:04:45.112 W/SystemConfig( 1291): ro.product.name = a53xnaeea
10-19 15:04:45.112 W/SystemConfig( 1291): fname = gts8pwifieea
10-19 15:04:45.112 W/SystemConfig( 1291): ro.product.name = a53xnaeea
10-19 15:04:45.112 W/SystemConfig( 1291): fname = gts8pwifijpn
10-19 15:04:45.112 W/SystemConfig( 1291): ro.product.name = a53xnaeea
10-19 15:04:45.112 W/SystemConfig( 1291): fname = gts8ukxx
10-19 15:04:45.112 W/SystemConfig( 1291): ro.product.name = a53xnaeea
10-19 15:04:45.112 W/SystemConfig( 1291): fname = gts8uxser
10-19 15:04:45.112 W/SystemConfig( 1291): ro.product.name = a53xnaeea
10-19 15:04:45.112 W/SystemConfig( 1291): fname = gts8uxeea
10-19 15:04:45.112 W/SystemConfig( 1291): ro.product.name = a53xnaeea
10-19 15:04:45.112 W/SystemConfig( 1291): fname = gts8uxxx
10-19 15:04:45.112 W/SystemConfig( 1291): ro.product.name = a53xnaeea
10-19 15:04:45.112 W/SystemConfig( 1291): fname = gts8uwifiser
10-19 15:04:45.112 W/SystemConfig( 1291): ro.product.name = a53xnaeea
10-19 15:04:45.112 W/SystemConfig( 1291): fname = gts8uwifitur
10-19 15:04:45.112 W/SystemConfig( 1291): ro.product.name = a53xnaeea
10-19 15:04:45.112 W/SystemConfig( 1291): fname = gts8uwifieea
10-19 15:04:45.112 W/SystemConfig( 1291): ro.product.name = a53xnaeea
10-19 15:04:45.112 W/SystemConfig( 1291): fname = gts8uwifixx
10-19 15:04:45.112 W/SystemConfig( 1291): ro.product.name = a53xnaeea
10-19 15:04:45.112 W/SystemConfig( 1291): fname = a33xnndxx
10-19 15:04:45.112 W/SystemConfig( 1291): ro.product.name = a53xnaeea
10-19 15:04:45.112 W/SystemConfig( 1291): fname = a33xnsdtur
10-19 15:04:45.112 W/SystemConfig( 1291): ro.product.name = a53xnaeea
10-19 15:04:45.112 I/servicemanager( 477): Found
android.frameworks.stats.IStats/default in framework VINTF manifest.
10-19 15:04:45.112 W/SystemConfig( 1291): fname = a33xnsdxx
10-19 15:04:45.112 W/SystemConfig( 1291): ro.product.name = a53xnaeea
10-19 15:04:45.112 W/SystemConfig( 1291): fname = a33xnndx
10-19 15:04:45.112 W/SystemConfig( 1291): ro.product.name = a53xnaeea
10-19 15:04:45.112 W/SystemConfig( 1291): fname = a33xnsdx
10-19 15:04:45.112 I/servicemanager( 477): Adding 'u:r:system_server:s0' service
(android.frameworks.stats.IStats/default:1291)
10-19 15:04:45.112 W/SystemConfig( 1291): ro.product.name = a53xnaeea
10-19 15:04:45.112 W/SystemConfig( 1291): fname = a33xub
10-19 15:04:45.112 W/SystemConfig( 1291): ro.product.name = a53xnaeea
10-19 15:04:45.112 W/SystemConfig( 1291): fname = a33xks
10-19 15:04:45.112 W/SystemConfig( 1291): ro.product.name = a53xnaeea
10-19 15:04:45.112 D/SystemServerTiming( 1291): StartIStatsService took to
complete: 2ms
10-19 15:04:45.112 I/SystemServerTiming( 1291): MemtrackProxyService
10-19 15:04:45.112 W/SystemConfig( 1291): fname = a33xzh
10-19 15:04:45.112 W/SystemConfig( 1291): ro.product.name = a53xnaeea
10-19 15:04:45.112 W/SystemConfig( 1291): fname = a33xnsser
10-19 15:04:45.112 W/SystemConfig( 1291): ro.product.name = a53xnaeea
10-19 15:04:45.112 W/SystemConfig( 1291): fname = a33xnsxx
10-19 15:04:45.112 W/SystemConfig( 1291): ro.product.name = a53xnaeea
10-19 15:04:45.112 W/SystemConfig( 1291): fname = a33xnseea
10-19 15:04:45.112 W/SystemConfig( 1291): ro.product.name = a53xnaeea
10-19 15:04:45.112 W/SystemConfig( 1291): fname = a53xtfn
10-19 15:04:45.112 W/SystemConfig( 1291): ro.product.name = a53xnaeea
10-19 15:04:45.112 W/SystemConfig( 1291): fname = a53xzh
10-19 15:04:45.112 W/SystemConfig( 1291): ro.product.name = a53xnaeea
10-19 15:04:45.112 W/SystemConfig( 1291): fname = a53xcsx
10-19 15:04:45.112 W/SystemConfig( 1291): ro.product.name = a53xnaeea
10-19 15:04:45.112 W/SystemConfig( 1291): fname = a53xnaxx
10-19 15:04:45.112 W/SystemConfig( 1291): ro.product.name = a53xnaeea
10-19 15:04:45.112 W/SystemConfig( 1291): fname = a53xksx
10-19 15:04:45.112 W/SystemConfig( 1291): ro.product.name = a53xnaeea
10-19 15:04:45.112 W/SystemConfig( 1291): fname = a53xnsser
10-19 15:04:45.112 W/SystemConfig( 1291): ro.product.name = a53xnaeea
10-19 15:04:45.112 W/SystemConfig( 1291): fname = a53xnstur
10-19 15:04:45.112 W/SystemConfig( 1291): ro.product.name = a53xnaeea
10-19 15:04:45.112 W/SystemConfig( 1291): fname = a53xnsxx
10-19 15:04:45.112 W/SystemConfig( 1291): ro.product.name = a53xnaeea
10-19 15:04:45.112 W/SystemConfig( 1291): fname = a53xsqx
10-19 15:04:45.112 W/SystemConfig( 1291): ro.product.name = a53xnaeea
10-19 15:04:45.112 W/SystemConfig( 1291): fname = a53xsqw
10-19 15:04:45.112 W/SystemConfig( 1291): ro.product.name = a53xnaeea
10-19 15:04:45.112 W/SystemConfig( 1291): fname = a53xnaeea
10-19 15:04:45.112 W/SystemConfig( 1291): ro.product.name = a53xnaeea
10-19 15:04:45.112 W/SystemConfig( 1291): fname = a53xue
10-19 15:04:45.112 W/SystemConfig( 1291): ro.product.name = a53xnaeea
10-19 15:04:45.112 W/SystemConfig( 1291): fname = SC-53C
10-19 15:04:45.112 W/SystemConfig( 1291): ro.product.name = a53xnaeea
10-19 15:04:45.112 W/SystemConfig( 1291): fname = SCG15_jp_kdi
10-19 15:04:45.112 W/SystemConfig( 1291): ro.product.name = a53xnaeea
10-19 15:04:45.113 W/SystemConfig( 1291): fname = xcoverpro2cs
10-19 15:04:45.113 W/SystemConfig( 1291): ro.product.name = a53xnaeea
10-19 15:04:45.113 W/SystemConfig( 1291): fname = xcoverpro2ue
10-19 15:04:45.113 W/SystemConfig( 1291): ro.product.name = a53xnaeea
10-19 15:04:45.113 W/SystemConfig( 1291): fname = xcoverpro2tur
10-19 15:04:45.113 W/SystemConfig( 1291): ro.product.name = a53xnaeea
10-19 15:04:45.113 W/SystemConfig( 1291): fname = xcoverpro2eea
10-19 15:04:45.113 W/SystemConfig( 1291): ro.product.name = a53xnaeea
10-19 15:04:45.113 W/SystemConfig( 1291): fname = xcoverpro2xx
10-19 15:04:45.113 W/SystemConfig( 1291): ro.product.name = a53xnaeea
10-19 15:04:45.113 W/SystemConfig( 1291): fname = xcoverpro2sq
10-19 15:04:45.113 W/SystemConfig( 1291): ro.product.name = a53xnaeea
10-19 15:04:45.113 W/SystemConfig( 1291): fname = q4qsqw
10-19 15:04:45.113 W/SystemConfig( 1291): ro.product.name = a53xnaeea
10-19 15:04:45.113 W/SystemConfig( 1291): fname = q4qzhx
10-19 15:04:45.113 W/SystemConfig( 1291): ro.product.name = a53xnaeea
10-19 15:04:45.113 W/SystemConfig( 1291): fname = q4qksx
10-19 15:04:45.113 W/SystemConfig( 1291): ro.product.name = a53xnaeea
10-19 15:04:45.113 W/SystemConfig( 1291): fname = q4quew
10-19 15:04:45.113 W/SystemConfig( 1291): ro.product.name = a53xnaeea
10-19 15:04:45.113 W/SystemConfig( 1291): fname = q4qcsx
10-19 15:04:45.113 W/SystemConfig( 1291): ro.product.name = a53xnaeea
10-19 15:04:45.113 W/SystemConfig( 1291): fname = q4qxser
10-19 15:04:45.113 W/SystemConfig( 1291): ro.product.name = a53xnaeea
10-19 15:04:45.113 W/SystemConfig( 1291): fname = q4qxtur
10-19 15:04:45.113 W/SystemConfig( 1291): ro.product.name = a53xnaeea
10-19 15:04:45.113 W/SystemConfig( 1291): fname = q4qxxx
10-19 15:04:45.113 W/SystemConfig( 1291): ro.product.name = a53xnaeea
10-19 15:04:45.113 W/SystemConfig( 1291): fname = q4qxeea
10-19 15:04:45.113 W/SystemConfig( 1291): ro.product.name = a53xnaeea
10-19 15:04:45.113 I/hwservicemanager( 478): getTransport: Cannot find entry
android.hardware.memtrack@1.0::IMemtrack/default in either framework or device
VINTF manifest.
10-19 15:04:45.113 W/SystemConfig( 1291): fname = SC-55C
10-19 15:04:45.113 W/SystemConfig( 1291): ro.product.name = a53xnaeea
10-19 15:04:45.113 W/SystemConfig( 1291): fname = SCG16_jp_kdi
10-19 15:04:45.113 W/SystemConfig( 1291): ro.product.name = a53xnaeea
10-19 15:04:45.113 W/SystemConfig( 1291): fname = b4qsqw
10-19 15:04:45.113 W/SystemConfig( 1291): ro.product.name = a53xnaeea
10-19 15:04:45.113 W/SystemConfig( 1291): fname = b4qzhx
10-19 15:04:45.113 W/SystemConfig( 1291): ro.product.name = a53xnaeea
10-19 15:04:45.113 W/SystemConfig( 1291): fname = b4qxeea
10-19 15:04:45.113 W/SystemConfig( 1291): ro.product.name = a53xnaeea
10-19 15:04:45.113 W/SystemConfig( 1291): fname = b4qksx
10-19 15:04:45.113 W/SystemConfig( 1291): ro.product.name = a53xnaeea
10-19 15:04:45.113 W/SystemConfig( 1291): fname = b4quew
10-19 15:04:45.113 W/SystemConfig( 1291): ro.product.name = a53xnaeea
10-19 15:04:45.113 W/SystemConfig( 1291): fname = b4qrktw
10-19 15:04:45.113 W/SystemConfig( 1291): ro.product.name = a53xnaeea
10-19 15:04:45.113 W/SystemConfig( 1291): fname = b4qcsx
10-19 15:04:45.113 W/SystemConfig( 1291): ro.product.name = a53xnaeea
10-19 15:04:45.113 W/SystemConfig( 1291): fname = b4qxser
10-19 15:04:45.113 W/SystemConfig( 1291): ro.product.name = a53xnaeea
10-19 15:04:45.113 W/SystemConfig( 1291): fname = b4qxtur
10-19 15:04:45.113 W/SystemConfig( 1291): ro.product.name = a53xnaeea
10-19 15:04:45.113 W/SystemConfig( 1291): fname = b4qxxx
10-19 15:04:45.113 W/SystemConfig( 1291): ro.product.name = a53xnaeea
10-19 15:04:45.113 W/SystemConfig( 1291): fname = SC-54C
10-19 15:04:45.113 W/SystemConfig( 1291): ro.product.name = a53xnaeea
10-19 15:04:45.113 W/SystemConfig( 1291): fname = SCG17_jp_kdi
10-19 15:04:45.113 W/SystemConfig( 1291): ro.product.name = a53xnaeea
10-19 15:04:45.113 W/SystemConfig( 1291): fname = gtact4prokxx
10-19 15:04:45.113 W/SystemConfig( 1291): ro.product.name = a53xnaeea
10-19 15:04:45.113 W/SystemConfig( 1291): fname = gtact4proxser
10-19 15:04:45.113 W/SystemConfig( 1291): ro.product.name = a53xnaeea
10-19 15:04:45.113 W/SystemConfig( 1291): fname = gtact4proxeea
10-19 15:04:45.113 W/SystemConfig( 1291): ro.product.name = a53xnaeea
10-19 15:04:45.113 W/SystemConfig( 1291): fname = gtact4proxxx
10-19 15:04:45.113 W/SystemConfig( 1291): ro.product.name = a53xnaeea
10-19 15:04:45.113 W/SystemConfig( 1291): fname = gtact4proue
10-19 15:04:45.113 W/SystemConfig( 1291): ro.product.name = a53xnaeea
10-19 15:04:45.113 W/SystemConfig( 1291): fname = gtact4protur
10-19 15:04:45.113 W/SystemConfig( 1291): ro.product.name = a53xnaeea
10-19 15:04:45.113 W/SystemConfig( 1291): fname = gtact4procs
10-19 15:04:45.114 W/SystemConfig( 1291): ro.product.name = a53xnaeea
10-19 15:04:45.114 W/SystemConfig( 1291): fname = gtact4prowifieea
10-19 15:04:45.114 W/SystemConfig( 1291): ro.product.name = a53xnaeea
10-19 15:04:45.114 W/SystemConfig( 1291): fname = gtact4prowifixx
10-19 15:04:45.114 W/SystemConfig( 1291): ro.product.name = a53xnaeea
10-19 15:04:45.114 W/SystemConfig( 1291): fname = gtact4prowifiser
10-19 15:04:45.114 W/SystemConfig( 1291): ro.product.name = a53xnaeea
10-19 15:04:45.114 W/SystemConfig( 1291): fname = SC-56C
10-19 15:04:45.114 W/SystemConfig( 1291): ro.product.name = a53xnaeea
10-19 15:04:45.114 I/servicemanager( 477): Found
android.hardware.memtrack.IMemtrack/default in device VINTF manifest.
10-19 15:04:45.114 I/SystemConfig( 1291): Reading permissions from
/product/etc/sysconfig/GoogleCellBroadcast_config.xml
10-19 15:04:45.115 I/SystemConfig( 1291): Reading permissions from
/product/etc/sysconfig/aer.xml
10-19 15:04:45.115 I/Stability( 1291): Interface set with vintf stability wire
protocol version 1 downgraded to system stability wire protocol version 1 stability
10-19 15:04:45.115 I/SystemConfig( 1291): Reading permissions from
/product/etc/sysconfig/carrierwifi-sysconfig.xml
10-19 15:04:45.115 I/SystemConfig( 1291): Reading permissions from
/product/etc/sysconfig/google-rollback-package-whitelist.xml
10-19 15:04:45.116 I/SystemConfig( 1291): Reading permissions from
/product/etc/sysconfig/google-staged-installer-whitelist.xml
10-19 15:04:45.116 I/SystemConfig( 1291): Reading permissions from
/product/etc/sysconfig/google.xml
10-19 15:04:45.116 I/SystemConfig( 1291): Adding association: com.google.android.as
<- com.android.bluetooth
10-19 15:04:45.116 I/servicemanager( 477): Adding 'u:r:system_server:s0' service
(memtrack.proxy:1291)
10-19 15:04:45.116 I/SystemConfig( 1291): Adding association: com.google.android.as
<- com.android.providers.contacts
10-19 15:04:45.116 I/SystemConfig( 1291): Adding association: com.google.android.as
<- com.android.providers.media
10-19 15:04:45.116 I/SystemConfig( 1291): Adding association: com.google.android.as
<- com.android.providers.telephony
10-19 15:04:45.116 I/SystemConfig( 1291): Adding association: com.google.android.as
<- com.android.systemui
10-19 15:04:45.116 I/SystemConfig( 1291): Adding association: com.google.android.as
<- com.google.android.providers.media.module
10-19 15:04:45.116 I/SystemConfig( 1291): Adding association: com.google.android.as
<- com.google.android.as.oss
10-19 15:04:45.116 D/SystemServerTiming( 1291): MemtrackProxyService took to
complete: 4ms
10-19 15:04:45.116 I/SystemServerTiming( 1291): StartActivityManager
10-19 15:04:45.117 I/SystemServiceManager( 1291): Starting
com.android.server.wm.ActivityTaskManagerService$Lifecycle
10-19 15:04:45.118 I/SystemConfig( 1291): Adding association:
com.google.android.as.oss <- com.google.android.as
10-19 15:04:45.119 I/SystemConfig( 1291): Reading permissions from
/product/etc/sysconfig/google_am.xml
10-19 15:04:45.120 I/SystemConfig( 1291): Reading permissions from
/product/etc/sysconfig/google_dps.xml
10-19 15:04:45.120 I/SystemConfig( 1291): Adding association: com.google.android.as
<- com.android.bluetooth
10-19 15:04:45.120 I/SystemConfig( 1291): Adding association: com.google.android.as
<- com.android.providers.contacts
10-19 15:04:45.120 I/SystemConfig( 1291): Adding association: com.google.android.as
<- com.android.providers.media
10-19 15:04:45.120 I/SystemConfig( 1291): Adding association: com.google.android.as
<- com.android.providers.telephony
10-19 15:04:45.121 I/SystemConfig( 1291): Adding association: com.google.android.as
<- com.android.systemui
10-19 15:04:45.121 I/SystemConfig( 1291): Adding association: com.google.android.as
<- com.google.android.providers.media.module
10-19 15:04:45.121 I/SystemConfig( 1291): Adding association: com.google.android.as
<- com.google.android.as.oss
10-19 15:04:45.121 I/SystemConfig( 1291): Adding association:
com.google.android.as.oss <- com.google.android.as
10-19 15:04:45.121 I/SystemConfig( 1291): Reading permissions from
/product/etc/sysconfig/google_duo.xml
10-19 15:04:45.122 I/SystemConfig( 1291): Reading permissions from
/product/etc/sysconfig/google_turbo.xml
10-19 15:04:45.123 D/CoreStateController( 1291): CoreStateController()
10-19 15:04:45.123 I/SystemConfig( 1291): Reading permissions from
/product/etc/sysconfig/preinstalled-packages-platform-handheld-product.xml
10-19 15:04:45.123 I/SystemConfig( 1291): Reading permissions from
/product/etc/sysconfig/preinstalled-packages-platform-overlays.xml
10-19 15:04:45.125 I/servicemanager( 477): Adding 'u:r:system_server:s0' service
(activity_task:1291)
10-19 15:04:45.126 I/SystemConfig( 1291): Reading permissions from
/product/etc/sysconfig/wellbeing.xml
10-19 15:04:45.126 I/SystemConfig( 1291): Reading permissions from
/product/etc/permissions/carrierwifi.xml
10-19 15:04:45.126 I/SystemServiceManager( 1291): Starting
com.android.server.am.ActivityManagerService$Lifecycle
10-19 15:04:45.127 I/SystemConfig( 1291): Reading permissions from
/product/etc/permissions/privapp-permissions-google-comms-suite.xml
10-19 15:04:45.127 I/SystemConfig( 1291): Reading permissions from
/product/etc/permissions/privapp-permissions-google-product.xml
10-19 15:04:45.128 I/SystemConfig( 1291): Reading permissions from
/product/etc/permissions/split-permissions-google.xml
10-19 15:04:45.128 I/SystemConfig( 1291): Reading permissions from
/product/etc/permissions/turboapk-permissions.xml
10-19 15:04:45.128 W/SystemConfig( 1291): No directory /system_ext/etc/sysconfig,
skipping
10-19 15:04:45.130 I/SystemConfig( 1291): Reading permissions from
/system_ext/etc/permissions/com.android.carrierconfig.xml
10-19 15:04:45.130 I/SystemConfig( 1291): Reading permissions from
/system_ext/etc/permissions/com.android.hotwordenrollment.common.util.xml
10-19 15:04:45.130 I/SystemConfig( 1291): Reading permissions from
/system_ext/etc/permissions/com.android.storagemanager.xml
10-19 15:04:45.131 I/SystemConfig( 1291): Reading permissions from
/system_ext/etc/permissions/com.android.systemui.xml
10-19 15:04:45.131 I/SystemConfig( 1291): Reading permissions from
/system_ext/etc/permissions/com.samsung.systemui.xml
10-19 15:04:45.132 I/SystemConfig( 1291): Reading permissions from
/system_ext/etc/permissions/privapp-permissions-google-system-ext.xml
10-19 15:04:45.133 W/SystemConfig( 1291): No directory /system/carrier/sysconfig,
skipping
10-19 15:04:45.133 W/SystemConfig( 1291): No directory /system/carrier/permissions,
skipping
10-19 15:04:45.133 W/SystemConfig( 1291): No directory
/prism/etc/carriers/BTB/sysconfig, skipping
10-19 15:04:45.133 W/SystemConfig( 1291): No directory
/prism/etc/carriers/BTB/permissions, skipping
10-19 15:04:45.133 I/SystemConfig( 1291): omcEtcPathCid
/prism/etc/carriers/single/EUX
10-19 15:04:45.133 I/ActivityManager( 1291): Memory class: 256
10-19 15:04:45.134 I/SystemConfig( 1291): Reading permissions from
/prism/etc/carriers/single/EUX/cid/sysconfig/eea_v2_search_chrome.xml
10-19 15:04:45.134 W/SystemConfig( 1291): No directory
/prism/etc/carriers/single/EUX/cid/permissions, skipping
10-19 15:04:45.136 I/SystemConfig( 1291): Reading permissions from
/apex/com.android.tethering/etc/permissions/privapp_allowlist_com.google.android.ne
tworkstack.tethering.xml
10-19 15:04:45.136 W/SystemConfig( 1291): <privapp-permissions> not allowed in
partition of
/apex/com.android.tethering/etc/permissions/privapp_allowlist_com.google.android.ne
tworkstack.tethering.xml at START_TAG <privapp-permissions
package='com.google.android.networkstack.tethering'>@19:78 in
java.io.FileReader@e512a01
10-19 15:04:45.137 I/Binder ( 1291): Setting heavy hitter watcher config: false,
0, 0.0
10-19 15:04:45.137 I/SystemConfig( 1291): Reading permissions from
/apex/com.android.cellbroadcast/etc/permissions/privapp_allowlist_com.google.androi
d.cellbroadcastreceiver.xml
10-19 15:04:45.138 W/SystemConfig( 1291): <privapp-permissions> not allowed in
partition of
/apex/com.android.cellbroadcast/etc/permissions/privapp_allowlist_com.google.androi
d.cellbroadcastreceiver.xml at START_TAG <privapp-permissions
package='com.google.android.cellbroadcastreceiver'>@18:77 in
java.io.FileReader@d0ceae7
10-19 15:04:45.139 I/SystemConfig( 1291): Reading permissions from
/apex/com.android.cellbroadcast/etc/permissions/privapp_allowlist_com.google.androi
d.cellbroadcastservice.xml
10-19 15:04:45.139 W/SystemConfig( 1291): <privapp-permissions> not allowed in
partition of
/apex/com.android.cellbroadcast/etc/permissions/privapp_allowlist_com.google.androi
d.cellbroadcastservice.xml at START_TAG <privapp-permissions
package='com.google.android.cellbroadcastservice'>@18:76 in
java.io.FileReader@7a5653d
10-19 15:04:45.140 I/SystemConfig( 1291): Reading permissions from
/apex/com.android.mediaprovider/etc/permissions/privapp_allowlist_com.google.androi
d.providers.media.module.xml
10-19 15:04:45.141 W/SystemConfig( 1291): <privapp-permissions> not allowed in
partition of
/apex/com.android.mediaprovider/etc/permissions/privapp_allowlist_com.google.androi
d.providers.media.module.xml at START_TAG <privapp-permissions
package='com.google.android.providers.media.module'>@18:78 in
java.io.FileReader@334e83
10-19 15:04:45.141 I/SystemConfig( 1291): Reading permissions from
/apex/com.android.ipsec/etc/permissions/android.net.ipsec.ike.xml
10-19 15:04:45.142 I/SystemConfig( 1291): Reading permissions from
/apex/com.android.permission/etc/permissions/privapp_allowlist_com.google.android.p
ermissioncontroller.xml
10-19 15:04:45.143 W/SystemConfig( 1291): <privapp-permissions> not allowed in
partition of
/apex/com.android.permission/etc/permissions/privapp_allowlist_com.google.android.p
ermissioncontroller.xml at START_TAG <privapp-permissions
package='com.google.android.permissioncontroller'>@18:76 in
java.io.FileReader@ee9de7e
10-19 15:04:45.143 I/SystemConfig( 1291): Reading permissions from
/apex/com.android.extservices/etc/permissions/privapp_allowlist_com.google.android.
ext.services.xml
10-19 15:04:45.144 W/SystemConfig( 1291): <privapp-permissions> not allowed in
partition of
/apex/com.android.extservices/etc/permissions/privapp_allowlist_com.google.android.
ext.services.xml at START_TAG <privapp-permissions
package='com.google.android.ext.services'>@18:68 in java.io.FileReader@95c242c
10-19 15:04:45.146 D/SystemConfig( 1291): readAllPermissions took to complete:
152ms
10-19 15:04:45.146 D/SystemServerTimingAsync( 1291):
InitThreadPoolExec:ReadingSystemConfig took to complete: 152ms
10-19 15:04:45.150 D/BatteryDump( 878): wait_for_battery_event : occurred :
add@/devices/virtual/wakeup/wakeup113
10-19 15:04:45.150 D/BatteryDump( 878): wait_for_battery_event : occurred :
add@/devices/virtual/wakeup/wakeup114
10-19 15:04:45.150 D/BatteryDump( 878): wait_for_battery_event : occurred :
add@/devices/virtual/wakeup/wakeup115
10-19 15:04:45.151 D/BatteryDump( 878): wait_for_battery_event : occurred :
add@/devices/virtual/wakeup/wakeup116
10-19 15:04:45.152 I/PerProcessNandswap( 1291): Static Initialization of
PerProcessNandswap
10-19 15:04:45.152 I/PerProcessNandswap( 1291): createInstance start
10-19 15:04:45.154 I/ActivityManager( 1291): Connection with lmkd established
10-19 15:04:45.154 I/lmkd ( 476): lmkd data connection established
10-19 15:04:45.156 I/DHA_PROPERTY( 1291): highRes_MaxCached : 12
normalRes_MaxCached : 16
10-19 15:04:45.156 I/DHA_PROPERTY( 1291): DHA STEP 2
10-19 15:04:45.156 I/DHA_PROPERTY( 1291): DHA TH RATE 2.0
10-19 15:04:45.156 I/DHA_PROPERTY( 1291): DHA mSzDHAThreshold 33554432
10-19 15:04:45.156 I/DHA_PROPERTY( 1291): DHA DHA_INCREASE_THRESHOLD 2097152
10-19 15:04:45.156 I/CameraManagerGlobal( 1291):
unregisterCameraDeviceStateCallback
10-19 15:04:45.156 I/CameraManagerGlobal( 1291): registerCameraDeviceStateCallback
10-19 15:04:45.156 I/CameraManagerGlobal( 1291): Connecting to camera service
10-19 15:04:45.161 I/PackageWatchdog( 1291): Updated health check state for package
com.samsung.android.provider.filterprovider: INACTIVE -> PASSED
10-19 15:04:45.161 I/PackageWatchdog( 1291): Updated health check state for package
com.samsung.android.app.aodservice: INACTIVE -> PASSED
10-19 15:04:45.161 I/PackageWatchdog( 1291): Updated health check state for package
com.google.android.ext.services: INACTIVE -> PASSED
10-19 15:04:45.161 I/PackageWatchdog( 1291): Updated health check state for package
com.google.android.cellbroadcastservice: INACTIVE -> PASSED
10-19 15:04:45.162 I/PackageWatchdog( 1291): Updated health check state for package
com.samsung.android.incallui: INACTIVE -> PASSED
10-19 15:04:45.162 I/PackageWatchdog( 1291): Updated health check state for package
com.samsung.android.vtcamerasettings: INACTIVE -> PASSED
10-19 15:04:45.162 I/PackageWatchdog( 1291): Updated health check state for package
com.samsung.android.knox.pushmanager: INACTIVE -> PASSED
10-19 15:04:45.162 I/PackageWatchdog( 1291): Updated health check state for package
com.google.android.providers.media.module: INACTIVE -> PASSED
10-19 15:04:45.162 I/PackageWatchdog( 1291): Updated health check state for package
com.android.vending: INACTIVE -> PASSED
10-19 15:04:45.162 I/PackageWatchdog( 1291): Updated health check state for package
com.samsung.SMT: INACTIVE -> PASSED
10-19 15:04:45.162 I/PackageWatchdog( 1291): Updated health check state for package
android: INACTIVE -> PASSED
10-19 15:04:45.162 I/PackageWatchdog( 1291): Updated health check state for package
com.samsung.android.app.telephonyui: INACTIVE -> PASSED
10-19 15:04:45.162 I/PackageWatchdog( 1291): Updated health check state for package
com.google.android.as: INACTIVE -> PASSED
10-19 15:04:45.162 I/PackageWatchdog( 1291): Updated health check state for package
com.google.android.permissioncontroller: INACTIVE -> PASSED
10-19 15:04:45.162 I/PackageWatchdog( 1291): Updated health check state for package
com.samsung.android.tadownloader: INACTIVE -> PASSED
10-19 15:04:45.162 I/PackageWatchdog( 1291): Updated health check state for package
com.sec.imsservice: INACTIVE -> PASSED
10-19 15:04:45.162 I/PackageWatchdog( 1291): Updated health check state for package
com.google.android.networkstack: INACTIVE -> PASSED
10-19 15:04:45.162 I/PackageWatchdog( 1291): Updated health check state for package
com.samsung.crane: INACTIVE -> PASSED
10-19 15:04:45.162 I/PackageWatchdog( 1291): Updated health check state for package
com.samsung.android.themecenter: INACTIVE -> PASSED
10-19 15:04:45.162 I/PackageWatchdog( 1291): Updated health check state for package
com.google.android.gms: INACTIVE -> PASSED
10-19 15:04:45.162 I/PackageWatchdog( 1291): Updated health check state for package
com.google.android.gsf: INACTIVE -> PASSED
10-19 15:04:45.162 I/PackageWatchdog( 1291): Updated health check state for package
com.sec.android.diagmonagent: INACTIVE -> PASSED
10-19 15:04:45.162 I/PackageWatchdog( 1291): Updated health check state for package
com.samsung.android.app.routines: INACTIVE -> PASSED
10-19 15:04:45.162 I/PackageWatchdog( 1291): Updated health check state for package
com.sec.android.app.launcher: INACTIVE -> PASSED
10-19 15:04:45.162 I/PackageWatchdog( 1291): Updated health check state for package
com.samsung.android.dqagent: INACTIVE -> PASSED
10-19 15:04:45.162 I/PackageWatchdog( 1291): Updated health check state for package
com.sec.android.soagent: INACTIVE -> PASSED
10-19 15:04:45.162 I/PackageWatchdog( 1291): Updated health check state for package
com.samsung.android.fmm: INACTIVE -> PASSED
10-19 15:04:45.162 I/PackageWatchdog( 1291): Updated health check state for package
com.samsung.android.bixby.wakeup: INACTIVE -> PASSED
10-19 15:04:45.162 I/PackageWatchdog( 1291): Updated health check state for package
com.android.settings: INACTIVE -> PASSED
10-19 15:04:45.162 I/PackageWatchdog( 1291): Updated health check state for package
com.samsung.android.lool: INACTIVE -> PASSED
10-19 15:04:45.162 I/PackageWatchdog( 1291): Updated health check state for package
com.sec.android.app.bluetoothtest: INACTIVE -> PASSED
10-19 15:04:45.162 I/PackageWatchdog( 1291): Updated health check state for package
com.sec.android.sdhms: INACTIVE -> PASSED
10-19 15:04:45.162 I/PackageWatchdog( 1291): Updated health check state for package
com.samsung.android.bbc.bbcagent: INACTIVE -> PASSED
10-19 15:04:45.162 I/PackageWatchdog( 1291): Updated health check state for package
com.android.phone: INACTIVE -> PASSED
10-19 15:04:45.162 I/PackageWatchdog( 1291): Updated health check state for package
com.wssyncmldm: INACTIVE -> PASSED
10-19 15:04:45.162 I/PackageWatchdog( 1291): Updated health check state for package
com.android.systemui: INACTIVE -> PASSED
10-19 15:04:45.162 I/PackageWatchdog( 1291): Updated health check state for package
com.android.bluetooth: INACTIVE -> PASSED
10-19 15:04:45.162 I/PackageWatchdog( 1291): Updated health check state for package
com.samsung.android.app.dressroom: INACTIVE -> PASSED
10-19 15:04:45.162 I/PackageWatchdog( 1291): Updated health check state for package
com.google.android.networkstack.tethering: INACTIVE -> PASSED
10-19 15:04:45.162 I/PackageWatchdog( 1291): Updated health check state for package
com.google.android.ext.services: INACTIVE -> PASSED
10-19 15:04:45.162 I/PackageWatchdog( 1291): Updated health check state for package
com.google.android.cellbroadcastservice: INACTIVE -> PASSED
10-19 15:04:45.162 I/PackageWatchdog( 1291): Updated health check state for package
com.google.android.tzdata3: INACTIVE -> PASSED
10-19 15:04:45.162 I/PackageWatchdog( 1291): Updated health check state for package
com.google.android.media.swcodec: INACTIVE -> PASSED
10-19 15:04:45.162 I/PackageWatchdog( 1291): Updated health check state for package
com.google.android.providers.media.module: INACTIVE -> PASSED
10-19 15:04:45.162 I/PackageWatchdog( 1291): Updated health check state for package
com.google.mainline.primary.libs: INACTIVE -> PASSED
10-19 15:04:45.162 I/PackageWatchdog( 1291): Updated health check state for package
com.android.vending: INACTIVE -> PASSED
10-19 15:04:45.162 I/PackageWatchdog( 1291): Updated health check state for package
com.google.android.extservices: INACTIVE -> PASSED
10-19 15:04:45.162 I/PackageWatchdog( 1291): Updated health check state for package
com.google.android.permissioncontroller: INACTIVE -> PASSED
10-19 15:04:45.162 I/PackageWatchdog( 1291): Updated health check state for package
com.google.android.ipsec: INACTIVE -> PASSED
10-19 15:04:45.162 I/PackageWatchdog( 1291): Updated health check state for package
com.google.android.media: INACTIVE -> PASSED
10-19 15:04:45.162 I/PackageWatchdog( 1291): Updated health check state for package
com.google.android.captiveportallogin: INACTIVE -> PASSED
10-19 15:04:45.162 I/PackageWatchdog( 1291): Updated health check state for package
com.google.android.modulemetadata: INACTIVE -> PASSED
10-19 15:04:45.162 I/PackageWatchdog( 1291): Updated health check state for package
com.google.android.networkstack: INACTIVE -> PASSED
10-19 15:04:45.162 I/PackageWatchdog( 1291): Updated health check state for package
com.google.android.cellbroadcast: INACTIVE -> PASSED
10-19 15:04:45.162 I/PackageWatchdog( 1291): Updated health check state for package
com.google.android.resolv: INACTIVE -> PASSED
10-19 15:04:45.162 I/PackageWatchdog( 1291): Updated health check state for package
com.google.android.sdkext: INACTIVE -> PASSED
10-19 15:04:45.162 I/PackageWatchdog( 1291): Updated health check state for package
com.google.android.art: INACTIVE -> PASSED
10-19 15:04:45.162 I/PackageWatchdog( 1291): Updated health check state for package
com.google.android.safetycenter.resources: INACTIVE -> PASSED
10-19 15:04:45.162 I/PackageWatchdog( 1291): Updated health check state for package
com.google.android.connectivity.resources: INACTIVE -> PASSED
10-19 15:04:45.162 I/PackageWatchdog( 1291): Updated health check state for package
com.google.android.documentsui: INACTIVE -> PASSED
10-19 15:04:45.162 I/PackageWatchdog( 1291): Updated health check state for package
com.google.android.scheduling: INACTIVE -> PASSED
10-19 15:04:45.162 I/PackageWatchdog( 1291): Updated health check state for package
com.google.android.mediaprovider: INACTIVE -> PASSED
10-19 15:04:45.162 I/PackageWatchdog( 1291): Updated health check state for package
com.google.android.permission: INACTIVE -> PASSED
10-19 15:04:45.162 I/PackageWatchdog( 1291): Updated health check state for package
com.google.android.neuralnetworks: INACTIVE -> PASSED
10-19 15:04:45.162 I/PackageWatchdog( 1291): Updated health check state for package
com.google.android.tethering: INACTIVE -> PASSED
10-19 15:04:45.162 I/PackageWatchdog( 1291): Updated health check state for package
com.google.android.adbd: INACTIVE -> PASSED
10-19 15:04:45.162 I/PackageWatchdog( 1291): Updated health check state for package
com.google.android.conscrypt: INACTIVE -> PASSED
10-19 15:04:45.162 I/PackageWatchdog( 1291): Updated health check state for package
com.google.android.cellbroadcastreceiver: INACTIVE -> PASSED
10-19 15:04:45.163 D/ActivityManager_KPM( 1291): Current Launcher:
com.sec.android.app.launcher
10-19 15:04:45.164 I/ActivityManager( 1291): SwappinessController() - default
value: 130
10-19 15:04:45.164 I/ActivityManager_KPM( 1291): KillPolicyManager()
10-19 15:04:45.164 I/ActivityManager_KPM( 1291): initKillPolicyManager()
10-19 15:04:45.165 D/IAFDDBManager( 1291): mDBInitReTryCnt=1
10-19 15:04:45.167 D/BatteryStatsImpl( 1291): Reading daily items from
/data/system/batterystats-daily.xml
10-19 15:04:45.181 I/hwservicemanager( 478): getTransport: Cannot find entry
android.hardware.power.stats@1.0::IPowerStats/default in either framework or device
VINTF manifest.
10-19 15:04:45.182 E/BatteryStatsService( 1291): Unable to load Power.Stats.HAL.
Setting rail availability to false
10-19 15:04:45.183 E/BluetoothAdapter( 1291): Bluetooth binder is null
10-19 15:04:45.183 D/BatteryExternalStatsWorker( 1291): update stats : write (63)
10-19 15:04:45.183 I/KernelCpuUidFreqTimeReader( 1291):
mPerClusterTimesAvailable=true
10-19 15:04:45.198 E/android.system.suspend@1.0-service( 529): Error opening
event_count for wakeup76: Original kwl
[Path]=../../devices/platform/13860000.hsi2c/i2c-2/2-0049/sm5714-charger/
power_supply/sm5714-charger/wakeup76: Permission denied
10-19 15:04:45.198 E/audit ( 834): type=1400 audit(1666181085.195:52): avc:
denied { read } for pid=529 comm="Binder:529_2" name="event_count" dev="sysfs"
ino=73784 scontext=u:r:system_suspend:s0 tcontext=u:object_r:sysfs:s0 tclass=file
permissive=0 SEPF_SM-A536B_12_0001 audit_filtered
10-19 15:04:45.199 E/audit ( 834): type=1400 audit(1666181085.195:53): avc:
denied { read } for pid=529 comm="Binder:529_2" name="max_time_ms" dev="sysfs"
ino=73789 scontext=u:r:system_suspend:s0 tcontext=u:object_r:sysfs:s0 tclass=file
permissive=0 SEPF_SM-A536B_12_0001 audit_filtered
10-19 15:04:45.199 E/audit ( 834): type=1400 audit(1666181085.195:54): avc:
denied { read } for pid=529 comm="Binder:529_2" name="wakeup_count" dev="sysfs"
ino=73785 scontext=u:r:system_suspend:s0 tcontext=u:object_r:sysfs:s0 tclass=file
permissive=0 SEPF_SM-A536B_12_0001 audit_filtered
10-19 15:04:45.199 E/audit ( 834): type=1400 audit(1666181085.195:55): avc:
denied { read } for pid=529 comm="Binder:529_2" name="total_time_ms" dev="sysfs"
ino=73788 scontext=u:r:system_suspend:s0 tcontext=u:object_r:sysfs:s0 tclass=file
permissive=0 SEPF_SM-A536B_12_0001 audit_filtered
10-19 15:04:45.199 E/audit ( 834): type=1400 audit(1666181085.195:56): avc:
denied { read } for pid=529 comm="Binder:529_2" name="expire_count" dev="sysfs"
ino=73786 scontext=u:r:system_suspend:s0 tcontext=u:object_r:sysfs:s0 tclass=file
permissive=0 SEPF_SM-A536B_12_0001 audit_filtered
10-19 15:04:45.199 E/audit ( 834): type=1400 audit(1666181085.195:57): avc:
