android.view.ViewRootImpl.lambda$createSyncIfNeeded$4$android-view-
ViewRootImpl:3920 android.view.ViewRootImpl$$ExternalSyntheticLambda1.run:6
android.os.Handler.handleCallback:942 android.os.Handler.dispatchMessage:99
android.os.Looper.loopOnce:211
01-11 10:45:15.195 31755 31821 W CAM_A : PHOTO > rel Δ(result sensor timestamp) =
0.50 > 0.25
01-11 10:45:15.196 31755 31755 D DecorView[]: onWindowFocusChanged hasWindowFocus
false
01-11 10:45:15.197 31755 31963 I OpenGLRenderer: Davey! duration=1481ms; Flags=1,
FrameTimelineVsyncId=25403749, IntendedVsync=122229808286328,
Vsync=122231207443752, InputEventId=0, HandleInputStart=122231218270823,
AnimationStart=122231218272361, PerformTraversalsStart=122231218526746,
DrawStart=122231267809284, FrameDeadline=122229825286328,
FrameInterval=122231218159438, FrameStartTime=16656636, SyncQueued=122231270609515,
SyncStart=122231270907438, IssueDrawCommandsStart=122231271363361,
SwapBuffers=122231286692977, FrameCompleted=122231289871131,
DequeueBufferDuration=32308, QueueBufferDuration=622769,
GpuCompleted=122231289871131, SwapBuffersCompleted=122231289827977,
DisplayPresentTime=0, CommandSubmissionCompleted=122231286692977,
01-11 10:45:15.206 31755 31777 E gralloc4: Empty SMPTE 2094-40 data
01-11 10:45:15.209 31755 31755 E RippleDrawable: The RippleDrawable.STYLE_PATTERNED
animation is not supported for a non-hardware accelerated Canvas. Skipping
animation.
01-11 10:45:15.216 31755 31777 E gralloc4: Empty SMPTE 2094-40 data
01-11 10:45:15.223 31755 31755 E RippleDrawable: The RippleDrawable.STYLE_PATTERNED
animation is not supported for a non-hardware accelerated Canvas. Skipping
animation.
01-11 10:45:15.230 31755 31777 E gralloc4: Empty SMPTE 2094-40 data
01-11 10:45:15.231 31755 31755 D DecorView[]: onWindowFocusChanged hasWindowFocus
true
01-11 10:45:15.232 31755 31755 I HandWritingStubImpl: refreshLastKeyboardType: 1
01-11 10:45:15.232 31755 31755 I HandWritingStubImpl: getCurrentKeyboardType: 1
01-11 10:45:15.234 31755 31777 E gralloc4: Empty SMPTE 2094-40 data
01-11 10:45:15.240 31755 31777 E gralloc4: Empty SMPTE 2094-40 data
01-11 10:45:15.241 31755 31755 E RippleDrawable: The RippleDrawable.STYLE_PATTERNED
animation is not supported for a non-hardware accelerated Canvas. Skipping
animation.
01-11 10:45:15.249 31755 31777 E gralloc4: Empty SMPTE 2094-40 data
01-11 10:45:15.252 31755 31777 E gralloc4: Empty SMPTE 2094-40 data
01-11 10:45:15.255 31755 31755 E RippleDrawable: The RippleDrawable.STYLE_PATTERNED
animation is not supported for a non-hardware accelerated Canvas. Skipping
animation.
01-11 10:45:15.260 31755 31777 E gralloc4: Empty SMPTE 2094-40 data
01-11 10:45:15.264 31755 31755 E RippleDrawable: The RippleDrawable.STYLE_PATTERNED
animation is not supported for a non-hardware accelerated Canvas. Skipping
animation.
01-11 10:45:15.274 31755 31777 E gralloc4: Empty SMPTE 2094-40 data
01-11 10:45:15.276 31755 31777 E gralloc4: Empty SMPTE 2094-40 data
01-11 10:45:15.281 31755 31755 E RippleDrawable: The RippleDrawable.STYLE_PATTERNED
animation is not supported for a non-hardware accelerated Canvas. Skipping
animation.
01-11 10:45:15.287 31755 31777 E gralloc4: Empty SMPTE 2094-40 data
01-11 10:45:15.293 31755 31777 E gralloc4: Empty SMPTE 2094-40 data
01-11 10:45:15.298 31755 31755 E RippleDrawable: The RippleDrawable.STYLE_PATTERNED
animation is not supported for a non-hardware accelerated Canvas. Skipping
animation.
01-11 10:45:15.306 31755 31777 E gralloc4: Empty SMPTE 2094-40 data
01-11 10:45:15.309 31755 31777 E gralloc4: Empty SMPTE 2094-40 data
01-11 10:45:15.314 31755 31755 E RippleDrawable: The RippleDrawable.STYLE_PATTERNED
animation is not supported for a non-hardware accelerated Canvas. Skipping
animation.
01-11 10:45:15.325 31755 31777 E gralloc4: Empty SMPTE 2094-40 data
01-11 10:45:15.331 31755 31755 E RippleDrawable: The RippleDrawable.STYLE_PATTERNED
animation is not supported for a non-hardware accelerated Canvas. Skipping
animation.
01-11 10:45:15.331 31755 31777 E gralloc4: Empty SMPTE 2094-40 data
01-11 10:45:15.339 31755 31777 E gralloc4: Empty SMPTE 2094-40 data
01-11 10:45:15.341 31755 31821 W CAM_A : PHOTO > abs Δ(result sensor timestamp) =
136.98 ms > 70.00 ms
01-11 10:45:15.341 31755 31821 W CAM_A : PHOTO > rel Δ(result sensor timestamp) =
1.00 > 0.25
01-11 10:45:15.341 31755 31777 E gralloc4: Empty SMPTE 2094-40 data
01-11 10:45:15.341 31755 31821 W CAM_A : PHOTO > result sensor delay = 2.05 >
1.10
01-11 10:45:15.347 31755 31755 E RippleDrawable: The RippleDrawable.STYLE_PATTERNED
animation is not supported for a non-hardware accelerated Canvas. Skipping
animation.
01-11 10:45:15.354 31755 31777 E gralloc4: Empty SMPTE 2094-40 data
01-11 10:45:15.363 31755 31755 E RippleDrawable: The RippleDrawable.STYLE_PATTERNED
animation is not supported for a non-hardware accelerated Canvas. Skipping
animation.
01-11 10:45:15.371 31755 31777 E gralloc4: Empty SMPTE 2094-40 data
01-11 10:45:15.383 31755 31755 E RippleDrawable: The RippleDrawable.STYLE_PATTERNED
animation is not supported for a non-hardware accelerated Canvas. Skipping
animation.
01-11 10:45:15.393 31755 31777 E gralloc4: Empty SMPTE 2094-40 data
01-11 10:45:15.397 31755 31755 E RippleDrawable: The RippleDrawable.STYLE_PATTERNED
animation is not supported for a non-hardware accelerated Canvas. Skipping
animation.
01-11 10:45:15.406 31755 31777 E gralloc4: Empty SMPTE 2094-40 data
01-11 10:45:15.408 31755 31821 W CAM_A : PHOTO > rel Δ(result sensor timestamp) =
0.50 > 0.25
01-11 10:45:15.410 31755 31776 W gralloc4: Could not find component description for
FourCC value 20363152
01-11 10:45:15.417 31755 31755 E RippleDrawable: The RippleDrawable.STYLE_PATTERNED
animation is not supported for a non-hardware accelerated Canvas. Skipping
animation.
01-11 10:45:15.424 31755 31777 E gralloc4: Empty SMPTE 2094-40 data
01-11 10:45:15.430 31755 31755 E RippleDrawable: The RippleDrawable.STYLE_PATTERNED
animation is not supported for a non-hardware accelerated Canvas. Skipping
animation.
01-11 10:45:15.438 31755 31777 E gralloc4: Empty SMPTE 2094-40 data
01-11 10:45:15.451 31755 31755 E RippleDrawable: The RippleDrawable.STYLE_PATTERNED
animation is not supported for a non-hardware accelerated Canvas. Skipping
animation.
01-11 10:45:15.458 31755 31777 E gralloc4: Empty SMPTE 2094-40 data
01-11 10:45:15.463 31755 31755 E RippleDrawable: The RippleDrawable.STYLE_PATTERNED
animation is not supported for a non-hardware accelerated Canvas. Skipping
animation.
01-11 10:45:15.472 31755 31777 E gralloc4: Empty SMPTE 2094-40 data
01-11 10:45:15.481 31755 31755 E RippleDrawable: The RippleDrawable.STYLE_PATTERNED
animation is not supported for a non-hardware accelerated Canvas. Skipping
animation.
01-11 10:45:15.489 31755 31777 E gralloc4: Empty SMPTE 2094-40 data
01-11 10:45:15.498 31755 31755 E RippleDrawable: The RippleDrawable.STYLE_PATTERNED
animation is not supported for a non-hardware accelerated Canvas. Skipping
animation.
01-11 10:45:15.507 31755 31777 E gralloc4: Empty SMPTE 2094-40 data
01-11 10:45:15.514 31755 31755 E RippleDrawable: The RippleDrawable.STYLE_PATTERNED
animation is not supported for a non-hardware accelerated Canvas. Skipping
animation.
01-11 10:45:15.525 31755 31777 E gralloc4: Empty SMPTE 2094-40 data
01-11 10:45:15.533 31755 31755 E RippleDrawable: The RippleDrawable.STYLE_PATTERNED
animation is not supported for a non-hardware accelerated Canvas. Skipping
animation.
01-11 10:45:15.541 31755 31777 E gralloc4: Empty SMPTE 2094-40 data
01-11 10:45:15.544 31755 31821 W CAM_A : PHOTO > abs Δ(result sensor timestamp) =
136.98 ms > 70.00 ms
01-11 10:45:15.544 31755 31821 W CAM_A : PHOTO > rel Δ(result sensor timestamp) =
1.00 > 0.25
01-11 10:45:15.544 31755 31821 W CAM_A : PHOTO > result sensor delay = 2.05 >
1.10
01-11 10:45:15.546 31755 31755 E RippleDrawable: The RippleDrawable.STYLE_PATTERNED
animation is not supported for a non-hardware accelerated Canvas. Skipping
animation.
01-11 10:45:15.557 31755 31777 E gralloc4: Empty SMPTE 2094-40 data
01-11 10:45:15.565 31755 31755 E RippleDrawable: The RippleDrawable.STYLE_PATTERNED
animation is not supported for a non-hardware accelerated Canvas. Skipping
animation.
01-11 10:45:15.574 31755 31777 E gralloc4: Empty SMPTE 2094-40 data
01-11 10:45:15.581 31755 31755 E RippleDrawable: The RippleDrawable.STYLE_PATTERNED
animation is not supported for a non-hardware accelerated Canvas. Skipping
animation.
01-11 10:45:15.590 31755 31777 E gralloc4: Empty SMPTE 2094-40 data
01-11 10:45:15.599 31755 31755 E RippleDrawable: The RippleDrawable.STYLE_PATTERNED
animation is not supported for a non-hardware accelerated Canvas. Skipping
animation.
01-11 10:45:15.608 31755 31777 E gralloc4: Empty SMPTE 2094-40 data
01-11 10:45:15.611 31755 31821 W CAM_A : PHOTO > rel Δ(result sensor timestamp) =
0.50 > 0.25
01-11 10:45:15.614 31755 31755 E RippleDrawable: The RippleDrawable.STYLE_PATTERNED
animation is not supported for a non-hardware accelerated Canvas. Skipping
animation.
01-11 10:45:15.620 31755 31777 E gralloc4: Empty SMPTE 2094-40 data
01-11 10:45:15.633 31755 31755 E RippleDrawable: The RippleDrawable.STYLE_PATTERNED
animation is not supported for a non-hardware accelerated Canvas. Skipping
animation.
01-11 10:45:15.640 31755 31777 E gralloc4: Empty SMPTE 2094-40 data
01-11 10:45:15.648 31755 31755 E RippleDrawable: The RippleDrawable.STYLE_PATTERNED
animation is not supported for a non-hardware accelerated Canvas. Skipping
animation.
01-11 10:45:15.657 31755 31777 E gralloc4: Empty SMPTE 2094-40 data
01-11 10:45:15.665 31755 31755 E RippleDrawable: The RippleDrawable.STYLE_PATTERNED
animation is not supported for a non-hardware accelerated Canvas. Skipping
animation.
01-11 10:45:15.673 31755 31777 E gralloc4: Empty SMPTE 2094-40 data
01-11 10:45:15.681 31755 31755 E RippleDrawable: The RippleDrawable.STYLE_PATTERNED
animation is not supported for a non-hardware accelerated Canvas. Skipping
animation.
01-11 10:45:15.689 31755 31777 E gralloc4: Empty SMPTE 2094-40 data
01-11 10:45:15.697 31755 31755 E RippleDrawable: The RippleDrawable.STYLE_PATTERNED
animation is not supported for a non-hardware accelerated Canvas. Skipping
animation.
01-11 10:45:15.704 31755 31777 E gralloc4: Empty SMPTE 2094-40 data
01-11 10:45:15.713 31755 31755 E RippleDrawable: The RippleDrawable.STYLE_PATTERNED
animation is not supported for a non-hardware accelerated Canvas. Skipping
animation.
01-11 10:45:15.722 31755 31777 E gralloc4: Empty SMPTE 2094-40 data
01-11 10:45:15.732 31755 31755 D BLASTBufferQueue:
[SurfaceView[com.google.android.GoogleCameraEngR18F1/com.google.android.apps.camera
.legacy.app.activity.main.CameraActivity]#1](f:0,a:1) destructor()
01-11 10:45:15.732 31755 31823 D CameraDevice-JV-0: flush: E. id = 0
01-11 10:45:15.732 31755 31755 D BufferQueueConsumer:
[SurfaceView[com.google.android.GoogleCameraEngR18F1/com.google.android.apps.camera
.legacy.app.activity.main.CameraActivity]#1(BLAST Consumer)1]
(id:7c0b00000003,api:4,p:973,c:31755) disconnect
01-11 10:45:15.740 31755 31963 E BufferQueueProducer:
[SurfaceView[com.google.android.GoogleCameraEngR18F1/com.google.android.apps.camera
.legacy.app.activity.main.CameraActivity]#1(BLAST Consumer)1]
(id:7c0b00000003,api:4,p:973,c:31755) queueBuffer: BufferQueue has been abandoned
01-11 10:45:15.741 31755 31755 D DecorView[]: getWindowModeFromSystem windowmode
is 1
01-11 10:45:15.742 31755 31755 D DecorView[]: updateDecorCaptionStatus windowMode
is 1
01-11 10:45:15.743 31755 31922 D libMEOW : meow delete tls: 0x704cfcd380
01-11 10:45:15.744 31755 31918 D libMEOW : meow delete tls: 0x704cd63c40
01-11 10:45:15.745 31755 31924 D libMEOW : meow delete tls: 0x7044b98300
01-11 10:45:15.747 31755 31755 D BLASTBufferQueue: [VRI[CameraActivity]#0](f:0,a:1)
destructor()
01-11 10:45:15.747 31755 31755 D BufferQueueConsumer: [VRI[CameraActivity]#0(BLAST
Consumer)0](id:7c0b00000002,api:0,p:-1,c:31755) disconnect
01-11 10:45:15.751 31755 31799 D CameraExtImplXiaoMi: releaseCameraDevice: 0
01-11 10:45:15.760 31755 31755 W CAM_A : Duplicate call to stopModule; skipping
stop.
01-11 10:45:15.760 31755 31963 E BufferQueueProducer:
[SurfaceView[com.google.android.GoogleCameraEngR18F1/com.google.android.apps.camera
.legacy.app.activity.main.CameraActivity]#1(BLAST Consumer)1]
(id:7c0b00000003,api:4,p:973,c:31755) cancelBuffer: BufferQueue has been abandoned
01-11 10:45:15.761 31755 31963 E BufferQueueProducer:
[SurfaceView[com.google.android.GoogleCameraEngR18F1/com.google.android.apps.camera
.legacy.app.activity.main.CameraActivity]#1(BLAST Consumer)1]
(id:7c0b00000003,api:4,p:973,c:31755) dequeueBuffer: BufferQueue has been abandoned
01-11 10:45:15.762 31755 31769 E BufferQueueProducer:
[SurfaceView[com.google.android.GoogleCameraEngR18F1/com.google.android.apps.camera
.legacy.app.activity.main.CameraActivity]#1(BLAST Consumer)1]
(id:7c0b00000003,api:4,p:973,c:31755) cancelBuffer: BufferQueue has been abandoned
01-11 10:45:15.767 31755 31823 D CameraDevice-JV-0: flush: X
01-11 10:45:15.767 31755 31799 D CameraDevice-JV-0: close: E. id = 0
01-11 10:45:15.767 31755 31915 W CameraDevice-JV-0: Device error received, code 4,
frame number 111, request ID 12, subseq ID 0
01-11 10:45:15.849 31755 31799 D CameraDevice-JV-0: close: X
01-11 10:45:15.849 31755 31915 W CameraDevice-JV-0: Device error received, code 3,
frame number 112, request ID 12, subseq ID 0
01-11 10:45:15.849 31755 31915 W CameraDevice-JV-0: Device error received, code 3,
frame number 114, request ID 12, subseq ID 0
01-11 10:45:15.850 31755 31915 W CameraDevice-JV-0: Device error received, code 3,
frame number 113, request ID 12, subseq ID 0
01-11 10:45:16.163 31755 31777 E gralloc4: Empty SMPTE 2094-40 data
01-11 10:45:16.190 31755 31777 E gralloc4: Empty SMPTE 2094-40 data
01-11 10:45:16.198 31755 31777 E gralloc4: Empty SMPTE 2094-40 data
01-11 10:45:16.213 31755 31777 E gralloc4: Empty SMPTE 2094-40 data
01-11 10:45:16.230 31755 31777 E gralloc4: Empty SMPTE 2094-40 data
01-11 10:45:16.246 31755 31777 E gralloc4: Empty SMPTE 2094-40 data
01-11 10:45:16.263 31755 31777 E gralloc4: Empty SMPTE 2094-40 data
01-11 10:45:16.281 31755 31777 E gralloc4: Empty SMPTE 2094-40 data
01-11 10:45:16.299 31755 31777 E gralloc4: Empty SMPTE 2094-40 data
01-11 10:45:16.313 31755 31777 E gralloc4: Empty SMPTE 2094-40 data
01-11 10:45:16.329 31755 31777 E gralloc4: Empty SMPTE 2094-40 data
01-11 10:45:16.714 31755 31777 E gralloc4: Empty SMPTE 2094-40 data
01-11 10:45:16.730 31755 31777 E gralloc4: Empty SMPTE 2094-40 data
01-11 10:45:16.746 31755 31777 E gralloc4: Empty SMPTE 2094-40 data
01-11 10:45:16.762 31755 31777 E gralloc4: Empty SMPTE 2094-40 data
01-11 10:45:16.779 31755 31777 E gralloc4: Empty SMPTE 2094-40 data
01-11 10:45:16.795 31755 31777 E gralloc4: Empty SMPTE 2094-40 data
01-11 10:45:16.812 31755 31777 E gralloc4: Empty SMPTE 2094-40 data
01-11 10:45:16.830 31755 31777 E gralloc4: Empty SMPTE 2094-40 data
01-11 10:45:16.848 31755 31777 E gralloc4: Empty SMPTE 2094-40 data
01-11 10:45:16.865 31755 31777 E gralloc4: Empty SMPTE 2094-40 data
01-11 10:45:16.882 31755 31777 E gralloc4: Empty SMPTE 2094-40 data
01-11 10:45:16.898 31755 31777 E gralloc4: Empty SMPTE 2094-40 data
01-11 10:45:16.915 31755 31777 E gralloc4: Empty SMPTE 2094-40 data
01-11 10:45:16.932 31755 31777 E gralloc4: Empty SMPTE 2094-40 data
01-11 10:45:16.949 31755 31777 E gralloc4: Empty SMPTE 2094-40 data
01-11 10:45:16.965 31755 31777 E gralloc4: Empty SMPTE 2094-40 data
01-11 10:45:16.981 31755 31777 E gralloc4: Empty SMPTE 2094-40 data
01-11 10:45:16.999 31755 31777 E gralloc4: Empty SMPTE 2094-40 data
01-11 10:45:17.279 31755 31777 E gralloc4: Empty SMPTE 2094-40 data
01-11 10:45:17.300 31755 31777 E gralloc4: Empty SMPTE 2094-40 data
01-11 10:45:17.313 31755 31777 E gralloc4: Empty SMPTE 2094-40 data
01-11 10:45:17.329 31755 31777 E gralloc4: Empty SMPTE 2094-40 data
01-11 10:45:17.346 31755 31777 E gralloc4: Empty SMPTE 2094-40 data
01-11 10:45:17.363 31755 31777 E gralloc4: Empty SMPTE 2094-40 data
01-11 10:45:17.381 31755 31777 E gralloc4: Empty SMPTE 2094-40 data
01-11 10:45:17.397 31755 31777 E gralloc4: Empty SMPTE 2094-40 data
01-11 10:45:17.430 31755 31777 E gralloc4: Empty SMPTE 2094-40 data
01-11 10:45:17.447 31755 31777 E gralloc4: Empty SMPTE 2094-40 data
01-11 10:45:17.462 31755 31777 E gralloc4: Empty SMPTE 2094-40 data
01-11 10:45:17.479 31755 31777 E gralloc4: Empty SMPTE 2094-40 data
01-11 10:45:17.515 31755 31777 E gralloc4: Empty SMPTE 2094-40 data
01-11 10:45:17.731 31755 31801 D BufferQueueConsumer: [ImageReader-4080x3072f20m42-
31755-1](id:7c0b00000001,api:0,p:-1,c:31755) disconnect
01-11 10:45:17.769 31755 31777 E gralloc4: Empty SMPTE 2094-40 data
01-11 10:45:17.781 31755 31777 E gralloc4: Empty SMPTE 2094-40 data
01-11 10:45:17.788 31755 31755 D IS_CTS_MODE: false
01-11 10:45:17.788 31755 31755 D MULTI_WINDOW_ENABLED: false
01-11 10:45:17.795 31755 31755 D VRI[Processing functions]: hardware acceleration =
true, forceHwAccelerated = false
01-11 10:45:17.795 31755 31755 D DecorView[Processing functions]:
updateDecorCaptionStatus windowMode is 1
01-11 10:45:17.801 31755 31777 E gralloc4: Empty SMPTE 2094-40 data
01-11 10:45:17.817 31755 31777 E gralloc4: Empty SMPTE 2094-40 data
01-11 10:45:17.833 31755 31777 E gralloc4: Empty SMPTE 2094-40 data
01-11 10:45:17.834 31755 31755 D BufferQueueConsumer: [](id:7c0b00000005,api:0,p:-
1,c:31755) connect: controlledByApp=false
01-11 10:45:17.850 31755 31777 E gralloc4: Empty SMPTE 2094-40 data
01-11 10:45:17.867 31755 31777 E gralloc4: Empty SMPTE 2094-40 data
01-11 10:45:17.881 31755 31755 D VRI[Processing functions]: vri.reportNextDraw
android.view.ViewRootImpl.performTraversals:3852
android.view.ViewRootImpl.doTraversal:2587
android.view.ViewRootImpl$TraversalRunnable.run:9716
android.view.Choreographer$CallbackRecord.run:1386
android.view.Choreographer$CallbackRecord.run:1394
01-11 10:45:17.882 31755 31755 D VRI[Processing functions]: vri.Setup new sync id=0
syncSeqId=0
01-11 10:45:17.883 31755 31777 E gralloc4: Empty SMPTE 2094-40 data
01-11 10:45:17.899 31755 31777 E gralloc4: Empty SMPTE 2094-40 data
01-11 10:45:17.900 31755 31777 D BLASTBufferQueue: [VRI[Processing functions]#3]
(f:0,a:1) acquireNextBufferLocked size=720x1601 mFrameNumber=1
applyTransaction=true mTimestamp=122233996572669(auto) mPendingTransactions.size=0
graphicBufferId=136386686484523 transform=0
01-11 10:45:17.901 31755 31777 W Parcel : Expecting binder but got null!
01-11 10:45:17.902 31755 31755 D VRI[Processing functions]: vri.reportDrawFinished
syncSeqId=0 android.view.ViewRootImpl.lambda$createSyncIfNeeded$4$android-view-
ViewRootImpl:3920 android.view.ViewRootImpl$$ExternalSyntheticLambda1.run:6
android.os.Handler.handleCallback:942 android.os.Handler.dispatchMessage:99
android.os.Looper.loopOnce:211
01-11 10:45:17.907 31755 31777 E gralloc4: Empty SMPTE 2094-40 data
01-11 10:45:17.914 31755 31777 E gralloc4: Empty SMPTE 2094-40 data
01-11 10:45:17.917 31755 31755 D DecorView[]: onWindowFocusChanged hasWindowFocus
false
01-11 10:45:17.921 31755 31777 E gralloc4: Empty SMPTE 2094-40 data
01-11 10:45:17.932 31755 31777 E gralloc4: Empty SMPTE 2094-40 data
01-11 10:45:17.944 31755 31755 D DecorView[Processing functions]:
onWindowFocusChanged hasWindowFocus true
01-11 10:45:17.944 31755 31755 I HandWritingStubImpl: refreshLastKeyboardType: 1
01-11 10:45:17.944 31755 31755 I HandWritingStubImpl: getCurrentKeyboardType: 1
01-11 10:45:17.948 31755 31777 E gralloc4: Empty SMPTE 2094-40 data
01-11 10:45:17.964 31755 31777 E gralloc4: Empty SMPTE 2094-40 data
01-11 10:45:17.970 31755 31777 E gralloc4: Empty SMPTE 2094-40 data
01-11 10:45:17.983 31755 31777 E gralloc4: Empty SMPTE 2094-40 data
01-11 10:45:17.998 31755 31777 E gralloc4: Empty SMPTE 2094-40 data
01-11 10:45:18.015 31755 31777 E gralloc4: Empty SMPTE 2094-40 data
01-11 10:45:18.031 31755 31777 E gralloc4: Empty SMPTE 2094-40 data
01-11 10:45:18.050 31755 31777 E gralloc4: Empty SMPTE 2094-40 data
01-11 10:45:18.067 31755 31777 E gralloc4: Empty SMPTE 2094-40 data
01-11 10:45:18.084 31755 31777 E gralloc4: Empty SMPTE 2094-40 data
01-11 10:45:18.100 31755 31777 E gralloc4: Empty SMPTE 2094-40 data
01-11 10:45:18.116 31755 31777 E gralloc4: Empty SMPTE 2094-40 data
01-11 10:45:18.133 31755 31777 E gralloc4: Empty SMPTE 2094-40 data
01-11 10:45:18.150 31755 31777 E gralloc4: Empty SMPTE 2094-40 data
01-11 10:45:18.166 31755 31777 E gralloc4: Empty SMPTE 2094-40 data
01-11 10:45:18.184 31755 31777 E gralloc4: Empty SMPTE 2094-40 data
01-11 10:45:18.200 31755 31777 E gralloc4: Empty SMPTE 2094-40 data
01-11 10:45:18.217 31755 31777 E gralloc4: Empty SMPTE 2094-40 data
01-11 10:45:18.233 31755 31777 E gralloc4: Empty SMPTE 2094-40 data
01-11 10:45:18.248 31755 31777 E gralloc4: Empty SMPTE 2094-40 data
01-11 10:45:18.267 31755 31777 E gralloc4: Empty SMPTE 2094-40 data
01-11 10:45:18.284 31755 31777 E gralloc4: Empty SMPTE 2094-40 data
01-11 10:45:18.301 31755 31777 E gralloc4: Empty SMPTE 2094-40 data
01-11 10:45:18.317 31755 31777 E gralloc4: Empty SMPTE 2094-40 data
01-11 10:45:18.333 31755 31777 E gralloc4: Empty SMPTE 2094-40 data
01-11 10:45:18.351 31755 31777 E gralloc4: Empty SMPTE 2094-40 data
01-11 10:45:18.367 31755 31777 E gralloc4: Empty SMPTE 2094-40 data
01-11 10:45:18.383 31755 31777 E gralloc4: Empty SMPTE 2094-40 data
01-11 10:45:18.401 31755 31777 E gralloc4: Empty SMPTE 2094-40 data
01-11 10:45:18.416 31755 31777 E gralloc4: Empty SMPTE 2094-40 data
01-11 10:45:18.433 31755 31777 E gralloc4: Empty SMPTE 2094-40 data
01-11 10:45:18.451 31755 31777 E gralloc4: Empty SMPTE 2094-40 data
01-11 10:45:18.467 31755 31777 E gralloc4: Empty SMPTE 2094-40 data
01-11 10:45:18.485 31755 31777 E gralloc4: Empty SMPTE 2094-40 data
01-11 10:45:18.501 31755 31777 E gralloc4: Empty SMPTE 2094-40 data
01-11 10:45:18.517 31755 31777 E gralloc4: Empty SMPTE 2094-40 data
01-11 10:45:18.533 31755 31777 E gralloc4: Empty SMPTE 2094-40 data
01-11 10:45:18.550 31755 31777 E gralloc4: Empty SMPTE 2094-40 data
01-11 10:45:18.566 31755 31777 E gralloc4: Empty SMPTE 2094-40 data
01-11 10:45:18.585 31755 31777 E gralloc4: Empty SMPTE 2094-40 data
01-11 10:45:18.600 31755 31777 E gralloc4: Empty SMPTE 2094-40 data
01-11 10:45:18.614 31755 31777 E gralloc4: Empty SMPTE 2094-40 data
01-11 10:45:18.631 31755 31777 E gralloc4: Empty SMPTE 2094-40 data
01-11 10:45:19.381 31755 31777 E gralloc4: Empty SMPTE 2094-40 data
01-11 10:45:19.399 31755 31777 E gralloc4: Empty SMPTE 2094-40 data
01-11 10:45:19.414 31755 31777 E gralloc4: Empty SMPTE 2094-40 data
01-11 10:45:19.430 31755 31777 E gralloc4: Empty SMPTE 2094-40 data
01-11 10:45:19.435 31755 31777 E gralloc4: Empty SMPTE 2094-40 data
01-11 10:45:19.447 31755 31777 E gralloc4: Empty SMPTE 2094-40 data
01-11 10:45:19.452 31755 31777 E gralloc4: Empty SMPTE 2094-40 data
01-11 10:45:19.465 31755 31777 E gralloc4: Empty SMPTE 2094-40 data
01-11 10:45:19.470 31755 31777 E gralloc4: Empty SMPTE 2094-40 data
01-11 10:45:19.480 31755 31777 E gralloc4: Empty SMPTE 2094-40 data
01-11 10:45:19.485 31755 31777 E gralloc4: Empty SMPTE 2094-40 data
01-11 10:45:19.496 31755 31777 E gralloc4: Empty SMPTE 2094-40 data
01-11 10:45:19.501 31755 31777 E gralloc4: Empty SMPTE 2094-40 data
01-11 10:45:19.512 31755 31777 E gralloc4: Empty SMPTE 2094-40 data
01-11 10:45:19.517 31755 31777 E gralloc4: Empty SMPTE 2094-40 data
01-11 10:45:19.530 31755 31777 E gralloc4: Empty SMPTE 2094-40 data
01-11 10:45:19.535 31755 31777 E gralloc4: Empty SMPTE 2094-40 data
01-11 10:45:19.546 31755 31777 E gralloc4: Empty SMPTE 2094-40 data
01-11 10:45:19.551 31755 31777 E gralloc4: Empty SMPTE 2094-40 data
01-11 10:45:19.564 31755 31777 E gralloc4: Empty SMPTE 2094-40 data
01-11 10:45:19.568 31755 31777 E gralloc4: Empty SMPTE 2094-40 data
01-11 10:45:19.580 31755 31777 E gralloc4: Empty SMPTE 2094-40 data
01-11 10:45:19.585 31755 31777 E gralloc4: Empty SMPTE 2094-40 data
01-11 10:45:19.596 31755 31777 E gralloc4: Empty SMPTE 2094-40 data
01-11 10:45:19.598 31755 31777 E gralloc4: Empty SMPTE 2094-40 data
01-11 10:45:19.611 31755 31777 E gralloc4: Empty SMPTE 2094-40 data
01-11 10:45:19.613 31755 31777 E gralloc4: Empty SMPTE 2094-40 data
01-11 10:45:19.627 31755 31777 E gralloc4: Empty SMPTE 2094-40 data
01-11 10:45:19.629 31755 31777 E gralloc4: Empty SMPTE 2094-40 data
01-11 10:45:19.644 31755 31777 E gralloc4: Empty SMPTE 2094-40 data
01-11 10:45:19.647 31755 31777 E gralloc4: Empty SMPTE 2094-40 data
01-11 10:45:19.661 31755 31777 E gralloc4: Empty SMPTE 2094-40 data
01-11 10:45:19.682 31755 31777 E gralloc4: Empty SMPTE 2094-40 data
01-11 10:45:19.695 31755 31777 E gralloc4: Empty SMPTE 2094-40 data
01-11 10:45:19.711 31755 31777 E gralloc4: Empty SMPTE 2094-40 data
01-11 10:45:19.733 31755 31777 E gralloc4: Empty SMPTE 2094-40 data
01-11 10:45:19.745 31755 31777 E gralloc4: Empty SMPTE 2094-40 data
01-11 10:45:19.762 31755 31777 E gralloc4: Empty SMPTE 2094-40 data
01-11 10:45:19.779 31755 31777 E gralloc4: Empty SMPTE 2094-40 data
01-11 10:45:19.796 31755 31777 E gralloc4: Empty SMPTE 2094-40 data
01-11 10:45:19.811 31755 31777 E gralloc4: Empty SMPTE 2094-40 data
01-11 10:45:19.829 31755 31777 E gralloc4: Empty SMPTE 2094-40 data
01-11 10:45:19.846 31755 31777 E gralloc4: Empty SMPTE 2094-40 data
01-11 10:45:19.861 31755 31777 E gralloc4: Empty SMPTE 2094-40 data
01-11 10:45:19.879 31755 31777 E gralloc4: Empty SMPTE 2094-40 data
01-11 10:45:19.895 31755 31777 E gralloc4: Empty SMPTE 2094-40 data
01-11 10:45:19.913 31755 31777 E gralloc4: Empty SMPTE 2094-40 data
01-11 10:45:19.929 31755 31777 E gralloc4: Empty SMPTE 2094-40 data
01-11 10:45:19.944 31755 31777 E gralloc4: Empty SMPTE 2094-40 data
01-11 10:45:19.963 31755 31777 E gralloc4: Empty SMPTE 2094-40 data
01-11 10:45:19.978 31755 31777 E gralloc4: Empty SMPTE 2094-40 data
01-11 10:45:19.995 31755 31777 E gralloc4: Empty SMPTE 2094-40 data
01-11 10:45:20.390 31755 31777 E gralloc4: Empty SMPTE 2094-40 data
01-11 10:45:20.399 31755 31777 E gralloc4: Empty SMPTE 2094-40 data
01-11 10:45:20.416 31755 31777 E gralloc4: Empty SMPTE 2094-40 data
01-11 10:45:20.432 31755 31777 E gralloc4: Empty SMPTE 2094-40 data
01-11 10:45:20.449 31755 31777 E gralloc4: Empty SMPTE 2094-40 data
01-11 10:45:20.464 31755 31777 E gralloc4: Empty SMPTE 2094-40 data
01-11 10:45:20.483 31755 31777 E gralloc4: Empty SMPTE 2094-40 data
01-11 10:45:20.498 31755 31777 E gralloc4: Empty SMPTE 2094-40 data
01-11 10:45:20.515 31755 31777 E gralloc4: Empty SMPTE 2094-40 data
01-11 10:45:20.533 31755 31777 E gralloc4: Empty SMPTE 2094-40 data
01-11 10:45:20.549 31755 31777 E gralloc4: Empty SMPTE 2094-40 data
01-11 10:45:20.566 31755 31777 E gralloc4: Empty SMPTE 2094-40 data
01-11 10:45:20.581 31755 31777 E gralloc4: Empty SMPTE 2094-40 data
01-11 10:45:20.598 31755 31777 E gralloc4: Empty SMPTE 2094-40 data
01-11 10:45:20.617 31755 31777 E gralloc4: Empty SMPTE 2094-40 data
01-11 10:45:20.633 31755 31777 E gralloc4: Empty SMPTE 2094-40 data
01-11 10:45:20.648 31755 31777 E gralloc4: Empty SMPTE 2094-40 data
01-11 10:45:21.012 31755 31777 E gralloc4: Empty SMPTE 2094-40 data
01-11 10:45:21.027 31755 31777 E gralloc4: Empty SMPTE 2094-40 data
01-11 10:45:21.048 31755 31777 E gralloc4: Empty SMPTE 2094-40 data
01-11 10:45:21.060 31755 31777 E gralloc4: Empty SMPTE 2094-40 data
01-11 10:45:21.079 31755 31777 E gralloc4: Empty SMPTE 2094-40 data
01-11 10:45:21.095 31755 31777 E gralloc4: Empty SMPTE 2094-40 data
01-11 10:45:21.113 31755 31777 E gralloc4: Empty SMPTE 2094-40 data
01-11 10:45:21.127 31755 31777 E gralloc4: Empty SMPTE 2094-40 data
01-11 10:45:21.146 31755 31777 E gralloc4: Empty SMPTE 2094-40 data
01-11 10:45:21.160 31755 31777 E gralloc4: Empty SMPTE 2094-40 data
01-11 10:45:21.196 31755 31777 E gralloc4: Empty SMPTE 2094-40 data
01-11 10:45:21.210 31755 31777 E gralloc4: Empty SMPTE 2094-40 data
01-11 10:45:21.229 31755 31777 E gralloc4: Empty SMPTE 2094-40 data
01-11 10:45:21.245 31755 31777 E gralloc4: Empty SMPTE 2094-40 data
01-11 10:45:21.261 31755 31777 E gralloc4: Empty SMPTE 2094-40 data
01-11 10:45:21.278 31755 31777 E gralloc4: Empty SMPTE 2094-40 data
01-11 10:45:21.294 31755 31777 E gralloc4: Empty SMPTE 2094-40 data
01-11 10:45:21.312 31755 31777 E gralloc4: Empty SMPTE 2094-40 data
01-11 10:45:21.327 31755 31777 E gralloc4: Empty SMPTE 2094-40 data
01-11 10:45:21.345 31755 31777 E gralloc4: Empty SMPTE 2094-40 data
01-11 10:45:21.361 31755 31777 E gralloc4: Empty SMPTE 2094-40 data
01-11 10:45:21.378 31755 31777 E gralloc4: Empty SMPTE 2094-40 data
01-11 10:45:21.396 31755 31777 E gralloc4: Empty SMPTE 2094-40 data
01-11 10:45:21.412 31755 31777 E gralloc4: Empty SMPTE 2094-40 data
01-11 10:45:21.429 31755 31777 E gralloc4: Empty SMPTE 2094-40 data
01-11 10:45:21.837 31755 31777 E gralloc4: Empty SMPTE 2094-40 data
01-11 10:45:21.852 31755 31777 E gralloc4: Empty SMPTE 2094-40 data
01-11 10:45:21.869 31755 31777 E gralloc4: Empty SMPTE 2094-40 data
01-11 10:45:21.886 31755 31777 E gralloc4: Empty SMPTE 2094-40 data
01-11 10:45:21.903 31755 31777 E gralloc4: Empty SMPTE 2094-40 data
01-11 10:45:21.920 31755 31777 E gralloc4: Empty SMPTE 2094-40 data
01-11 10:45:21.936 31755 31777 E gralloc4: Empty SMPTE 2094-40 data
01-11 10:45:21.953 31755 31777 E gralloc4: Empty SMPTE 2094-40 data
01-11 10:45:21.970 31755 31777 E gralloc4: Empty SMPTE 2094-40 data
01-11 10:45:21.987 31755 31777 E gralloc4: Empty SMPTE 2094-40 data
01-11 10:45:22.003 31755 31777 E gralloc4: Empty SMPTE 2094-40 data
01-11 10:45:22.019 31755 31777 E gralloc4: Empty SMPTE 2094-40 data
01-11 10:45:22.036 31755 31777 E gralloc4: Empty SMPTE 2094-40 data
01-11 10:45:22.053 31755 31777 E gralloc4: Empty SMPTE 2094-40 data
01-11 10:45:22.067 31755 31777 E gralloc4: Empty SMPTE 2094-40 data
01-11 10:45:22.076 31755 31777 E gralloc4: Empty SMPTE 2094-40 data
01-11 10:45:22.093 31755 31777 E gralloc4: Empty SMPTE 2094-40 data
01-11 10:45:22.126 31755 31777 E gralloc4: Empty SMPTE 2094-40 data
01-11 10:45:22.149 31755 31777 E gralloc4: Empty SMPTE 2094-40 data
01-11 10:45:22.160 31755 31777 E gralloc4: Empty SMPTE 2094-40 data
01-11 10:45:22.176 31755 31777 E gralloc4: Empty SMPTE 2094-40 data
01-11 10:45:22.196 31755 31777 E gralloc4: Empty SMPTE 2094-40 data
01-11 10:45:22.216 31755 31777 E gralloc4: Empty SMPTE 2094-40 data
01-11 10:45:22.228 31755 31777 E gralloc4: Empty SMPTE 2094-40 data
01-11 10:45:22.246 31755 31777 E gralloc4: Empty SMPTE 2094-40 data
01-11 10:45:22.259 31755 31777 E gralloc4: Empty SMPTE 2094-40 data
01-11 10:45:22.278 31755 31777 E gralloc4: Empty SMPTE 2094-40 data
01-11 10:45:22.292 31755 31777 E gralloc4: Empty SMPTE 2094-40 data
01-11 10:45:22.314 31755 31777 E gralloc4: Empty SMPTE 2094-40 data
01-11 10:45:22.325 31755 31777 E gralloc4: Empty SMPTE 2094-40 data
01-11 10:45:22.345 31755 31777 E gralloc4: Empty SMPTE 2094-40 data
01-11 10:45:22.359 31755 31777 E gralloc4: Empty SMPTE 2094-40 data
01-11 10:45:22.380 31755 31777 E gralloc4: Empty SMPTE 2094-40 data
01-11 10:45:22.392 31755 31777 E gralloc4: Empty SMPTE 2094-40 data
01-11 10:45:22.411 31755 31777 E gralloc4: Empty SMPTE 2094-40 data
01-11 10:45:22.428 31755 31777 E gralloc4: Empty SMPTE 2094-40 data
01-11 10:45:22.445 31755 31777 E gralloc4: Empty SMPTE 2094-40 data
01-11 10:45:22.459 31755 31777 E gralloc4: Empty SMPTE 2094-40 data
01-11 10:45:22.484 31755 31777 E gralloc4: Empty SMPTE 2094-40 data
01-11 10:45:22.493 31755 31777 E gralloc4: Empty SMPTE 2094-40 data
01-11 10:45:22.511 31755 31777 E gralloc4: Empty SMPTE 2094-40 data
01-11 10:45:22.527 31755 31777 E gralloc4: Empty SMPTE 2094-40 data
01-11 10:45:22.544 31755 31777 E gralloc4: Empty SMPTE 2094-40 data
01-11 10:45:22.561 31755 31777 E gralloc4: Empty SMPTE 2094-40 data
01-11 10:45:22.577 31755 31777 E gralloc4: Empty SMPTE 2094-40 data
01-11 10:45:22.594 31755 31777 E gralloc4: Empty SMPTE 2094-40 data
01-11 10:45:22.609 31755 31777 E gralloc4: Empty SMPTE 2094-40 data
01-11 10:45:22.626 31755 31777 E gralloc4: Empty SMPTE 2094-40 data
01-11 10:45:22.644 31755 31777 E gralloc4: Empty SMPTE 2094-40 data
01-11 10:45:22.660 31755 31777 E gralloc4: Empty SMPTE 2094-40 data
01-11 10:45:22.677 31755 31777 E gralloc4: Empty SMPTE 2094-40 data
01-11 10:45:22.694 31755 31777 E gralloc4: Empty SMPTE 2094-40 data
01-11 10:45:22.710 31755 31777 E gralloc4: Empty SMPTE 2094-40 data
01-11 10:45:22.727 31755 31777 E gralloc4: Empty SMPTE 2094-40 data
01-11 10:45:22.744 31755 31777 E gralloc4: Empty SMPTE 2094-40 data
01-11 10:45:22.760 31755 31777 E gralloc4: Empty SMPTE 2094-40 data
01-11 10:45:22.777 31755 31777 E gralloc4: Empty SMPTE 2094-40 data
01-11 10:45:22.979 31755 31777 E gralloc4: Empty SMPTE 2094-40 data
01-11 10:45:22.993 31755 31777 E gralloc4: Empty SMPTE 2094-40 data
01-11 10:45:23.011 31755 31777 E gralloc4: Empty SMPTE 2094-40 data
01-11 10:45:23.027 31755 31777 E gralloc4: Empty SMPTE 2094-40 data
01-11 10:45:23.044 31755 31777 E gralloc4: Empty SMPTE 2094-40 data
01-11 10:45:23.061 31755 31777 E gralloc4: Empty SMPTE 2094-40 data
01-11 10:45:23.077 31755 31777 E gralloc4: Empty SMPTE 2094-40 data
01-11 10:45:23.094 31755 31777 E gralloc4: Empty SMPTE 2094-40 data
01-11 10:45:23.111 31755 31777 E gralloc4: Empty SMPTE 2094-40 data
01-11 10:45:23.127 31755 31777 E gralloc4: Empty SMPTE 2094-40 data
01-11 10:45:23.144 31755 31777 E gralloc4: Empty SMPTE 2094-40 data
01-11 10:45:23.160 31755 31777 E gralloc4: Empty SMPTE 2094-40 data
01-11 10:45:23.182 31755 31777 E gralloc4: Empty SMPTE 2094-40 data
01-11 10:45:23.200 31755 31777 E gralloc4: Empty SMPTE 2094-40 data
01-11 10:45:23.219 31755 31777 E gralloc4: Empty SMPTE 2094-40 data
01-11 10:45:23.235 31755 31777 E gralloc4: Empty SMPTE 2094-40 data
01-11 10:45:23.251 31755 31777 E gralloc4: Empty SMPTE 2094-40 data
01-11 10:45:24.112 31755 31777 E gralloc4: Empty SMPTE 2094-40 data
01-11 10:45:24.127 31755 31777 E gralloc4: Empty SMPTE 2094-40 data
01-11 10:45:24.144 31755 31777 E gralloc4: Empty SMPTE 2094-40 data
01-11 10:45:24.160 31755 31777 E gralloc4: Empty SMPTE 2094-40 data
01-11 10:45:24.177 31755 31777 E gralloc4: Empty SMPTE 2094-40 data
01-11 10:45:24.194 31755 31777 E gralloc4: Empty SMPTE 2094-40 data
01-11 10:45:24.211 31755 31777 E gralloc4: Empty SMPTE 2094-40 data
01-11 10:45:24.227 31755 31777 E gralloc4: Empty SMPTE 2094-40 data
01-11 10:45:24.244 31755 31777 E gralloc4: Empty SMPTE 2094-40 data
01-11 10:45:24.261 31755 31777 E gralloc4: Empty SMPTE 2094-40 data
01-11 10:45:24.277 31755 31777 E gralloc4: Empty SMPTE 2094-40 data
01-11 10:45:24.294 31755 31777 E gralloc4: Empty SMPTE 2094-40 data
01-11 10:45:24.311 31755 31777 E gralloc4: Empty SMPTE 2094-40 data
01-11 10:45:24.327 31755 31777 E gralloc4: Empty SMPTE 2094-40 data
01-11 10:45:24.344 31755 31777 E gralloc4: Empty SMPTE 2094-40 data
01-11 10:45:24.361 31755 31777 E gralloc4: Empty SMPTE 2094-40 data
01-11 10:45:24.377 31755 31777 E gralloc4: Empty SMPTE 2094-40 data
01-11 10:45:24.394 31755 31777 E gralloc4: Empty SMPTE 2094-40 data
01-11 10:45:24.410 31755 31777 E gralloc4: Empty SMPTE 2094-40 data
01-11 10:45:24.426 31755 31777 E gralloc4: Empty SMPTE 2094-40 data
01-11 10:45:24.445 31755 31777 E gralloc4: Empty SMPTE 2094-40 data
01-11 10:45:24.460 31755 31777 E gralloc4: Empty SMPTE 2094-40 data
01-11 10:45:24.477 31755 31777 E gralloc4: Empty SMPTE 2094-40 data
01-11 10:45:24.494 31755 31777 E gralloc4: Empty SMPTE 2094-40 data
01-11 10:45:24.510 31755 31777 E gralloc4: Empty SMPTE 2094-40 data
01-11 10:45:24.525 31755 31777 E gralloc4: Empty SMPTE 2094-40 data
01-11 10:45:24.542 31755 31777 E gralloc4: Empty SMPTE 2094-40 data
01-11 10:45:24.560 31755 31777 E gralloc4: Empty SMPTE 2094-40 data
01-11 10:45:24.577 31755 31777 E gralloc4: Empty SMPTE 2094-40 data
01-11 10:45:24.593 31755 31777 E gralloc4: Empty SMPTE 2094-40 data
01-11 10:45:24.610 31755 31777 E gralloc4: Empty SMPTE 2094-40 data
01-11 10:45:24.628 31755 31777 E gralloc4: Empty SMPTE 2094-40 data
01-11 10:45:24.649 31755 31777 E gralloc4: Empty SMPTE 2094-40 data
01-11 10:45:24.666 31755 31777 E gralloc4: Empty SMPTE 2094-40 data
01-11 10:45:24.680 31755 31777 E gralloc4: Empty SMPTE 2094-40 data
01-11 10:45:24.700 31755 31777 E gralloc4: Empty SMPTE 2094-40 data
01-11 10:45:24.717 31755 31777 E gralloc4: Empty SMPTE 2094-40 data
01-11 10:45:24.734 31755 31777 E gralloc4: Empty SMPTE 2094-40 data
01-11 10:45:24.750 31755 31777 E gralloc4: Empty SMPTE 2094-40 data
01-11 10:45:24.767 31755 31777 E gralloc4: Empty SMPTE 2094-40 data
01-11 10:45:24.784 31755 31777 E gralloc4: Empty SMPTE 2094-40 data
01-11 10:45:24.801 31755 31777 E gralloc4: Empty SMPTE 2094-40 data
01-11 10:45:24.817 31755 31777 E gralloc4: Empty SMPTE 2094-40 data
01-11 10:45:24.833 31755 31777 E gralloc4: Empty SMPTE 2094-40 data
01-11 10:45:24.852 31755 31777 E gralloc4: Empty SMPTE 2094-40 data
01-11 10:45:24.868 31755 31777 E gralloc4: Empty SMPTE 2094-40 data
01-11 10:45:24.880 31755 31777 E gralloc4: Empty SMPTE 2094-40 data
01-11 10:45:24.900 31755 31777 E gralloc4: Empty SMPTE 2094-40 data
01-11 10:45:24.914 31755 31777 E gralloc4: Empty SMPTE 2094-40 data
01-11 10:45:24.930 31755 31777 E gralloc4: Empty SMPTE 2094-40 data
01-11 10:45:24.947 31755 31777 E gralloc4: Empty SMPTE 2094-40 data
01-11 10:45:24.960 31755 31777 E gralloc4: Empty SMPTE 2094-40 data
01-11 10:45:24.978 31755 31777 E gralloc4: Empty SMPTE 2094-40 data
01-11 10:45:25.258 31755 31777 E gralloc4: Empty SMPTE 2094-40 data
01-11 10:45:25.274 31755 31777 E gralloc4: Empty SMPTE 2094-40 data
01-11 10:45:25.291 31755 31777 E gralloc4: Empty SMPTE 2094-40 data
01-11 10:45:25.308 31755 31777 E gralloc4: Empty SMPTE 2094-40 data
01-11 10:45:25.325 31755 31777 E gralloc4: Empty SMPTE 2094-40 data
01-11 10:45:25.342 31755 31777 E gralloc4: Empty SMPTE 2094-40 data
01-11 10:45:25.357 31755 31777 E gralloc4: Empty SMPTE 2094-40 data
01-11 10:45:25.374 31755 31777 E gralloc4: Empty SMPTE 2094-40 data
01-11 10:45:25.392 31755 31777 E gralloc4: Empty SMPTE 2094-40 data
01-11 10:45:25.407 31755 31777 E gralloc4: Empty SMPTE 2094-40 data
01-11 10:45:25.425 31755 31777 E gralloc4: Empty SMPTE 2094-40 data
01-11 10:45:25.440 31755 31777 E gralloc4: Empty SMPTE 2094-40 data
01-11 10:45:25.459 31755 31777 E gralloc4: Empty SMPTE 2094-40 data
01-11 10:45:25.475 31755 31777 E gralloc4: Empty SMPTE 2094-40 data
01-11 10:45:25.490 31755 31777 E gralloc4: Empty SMPTE 2094-40 data
01-11 10:45:25.507 31755 31777 E gralloc4: Empty SMPTE 2094-40 data
01-11 10:45:25.526 31755 31777 E gralloc4: Empty SMPTE 2094-40 data
01-11 10:45:25.540 31755 31777 E gralloc4: Empty SMPTE 2094-40 data
01-11 10:45:25.559 31755 31777 E gralloc4: Empty SMPTE 2094-40 data
01-11 10:45:25.573 31755 31777 E gralloc4: Empty SMPTE 2094-40 data
01-11 10:45:25.592 31755 31777 E gralloc4: Empty SMPTE 2094-40 data
01-11 10:45:25.607 31755 31777 E gralloc4: Empty SMPTE 2094-40 data
01-11 10:45:25.625 31755 31777 E gralloc4: Empty SMPTE 2094-40 data
01-11 10:45:25.639 31755 31777 E gralloc4: Empty SMPTE 2094-40 data
01-11 10:45:25.659 31755 31777 E gralloc4: Empty SMPTE 2094-40 data
01-11 10:45:25.674 31755 31777 E gralloc4: Empty SMPTE 2094-40 data
01-11 10:45:25.691 31755 31777 E gralloc4: Empty SMPTE 2094-40 data
01-11 10:45:25.707 31755 31777 E gralloc4: Empty SMPTE 2094-40 data
01-11 10:45:25.725 31755 31777 E gralloc4: Empty SMPTE 2094-40 data
01-11 10:45:25.742 31755 31777 E gralloc4: Empty SMPTE 2094-40 data
01-11 10:45:25.758 31755 31777 E gralloc4: Empty SMPTE 2094-40 data
01-11 10:45:25.775 31755 31777 E gralloc4: Empty SMPTE 2094-40 data
01-11 10:45:25.792 31755 31777 E gralloc4: Empty SMPTE 2094-40 data
01-11 10:45:25.809 31755 31777 E gralloc4: Empty SMPTE 2094-40 data
01-11 10:45:25.825 31755 31777 E gralloc4: Empty SMPTE 2094-40 data
01-11 10:45:25.842 31755 31777 E gralloc4: Empty SMPTE 2094-40 data
01-11 10:45:25.858 31755 31777 E gralloc4: Empty SMPTE 2094-40 data
01-11 10:45:25.875 31755 31777 E gralloc4: Empty SMPTE 2094-40 data
01-11 10:45:25.892 31755 31777 E gralloc4: Empty SMPTE 2094-40 data
01-11 10:45:25.908 31755 31777 E gralloc4: Empty SMPTE 2094-40 data
01-11 10:45:25.925 31755 31777 E gralloc4: Empty SMPTE 2094-40 data
01-11 10:45:25.941 31755 31777 E gralloc4: Empty SMPTE 2094-40 data
01-11 10:45:25.958 31755 31777 E gralloc4: Empty SMPTE 2094-40 data
01-11 10:45:26.114 31755 31777 E gralloc4: Empty SMPTE 2094-40 data
01-11 10:45:26.131 31755 31777 E gralloc4: Empty SMPTE 2094-40 data
01-11 10:45:26.150 31755 31777 E gralloc4: Empty SMPTE 2094-40 data
01-11 10:45:26.169 31755 31777 E gralloc4: Empty SMPTE 2094-40 data
01-11 10:45:26.188 31755 31777 E gralloc4: Empty SMPTE 2094-40 data
01-11 10:45:26.208 31755 31777 E gralloc4: Empty SMPTE 2094-40 data
01-11 10:45:26.227 31755 31777 E gralloc4: Empty SMPTE 2094-40 data
01-11 10:45:26.244 31755 31777 E gralloc4: Empty SMPTE 2094-40 data
01-11 10:45:26.261 31755 31777 E gralloc4: Empty SMPTE 2094-40 data
01-11 10:45:26.276 31755 31777 E gralloc4: Empty SMPTE 2094-40 data
01-11 10:45:26.292 31755 31777 E gralloc4: Empty SMPTE 2094-40 data
01-11 10:45:26.308 31755 31777 E gralloc4: Empty SMPTE 2094-40 data
01-11 10:45:26.326 31755 31777 E gralloc4: Empty SMPTE 2094-40 data
01-11 10:45:26.341 31755 31777 E gralloc4: Empty SMPTE 2094-40 data
01-11 10:45:26.358 31755 31777 E gralloc4: Empty SMPTE 2094-40 data
01-11 10:45:26.375 31755 31777 E gralloc4: Empty SMPTE 2094-40 data
01-11 10:45:26.391 31755 31777 E gralloc4: Empty SMPTE 2094-40 data
01-11 10:45:27.508 31755 31755 V VRI[Processing functions]: [ANR Warning]Input
routeing takes more than 6000ms since 1969-12-31 18:00:00.000, this =
com.mediatek.view.impl.ViewDebugManagerImpl@e4e4f14
01-11 10:45:27.508 31755 31755 V VRI[Processing functions]: Input event delivered
to android.view.ViewRootImpl$ViewPostImeInputStage@bbee59b at 2024-01-11
10:45:27.507
01-11 10:45:27.508 31755 31755 V VRI[Processing functions]: Input event delivered
to android.view.ViewRootImpl$SyntheticInputStage@b1f2d38 at 2024-01-11 10:45:27.507
01-11 10:45:27.508 31755 31755 V VRI[Processing functions]: Input event delivered
to android.view.ViewRootImpl$NativePostImeInputStage@29085aa at 2024-01-11
10:45:27.507
01-11 10:45:27.508 31755 31755 V VRI[Processing functions]: Input event delivered
to android.view.ViewRootImpl$EarlyPostImeInputStage@e097095 at 2024-01-11
10:45:27.507
01-11 10:45:27.509 31755 31755 V VRI[Processing functions]: Input event delivered
to android.view.ViewRootImpl$NativePreImeInputStage@fd081 at 2024-01-11
10:45:27.506
01-11 10:45:27.509 31755 31755 V VRI[Processing functions]: Input event delivered
to android.view.ViewRootImpl$ViewPreImeInputStage@d094526 at 2024-01-11
10:45:27.506
01-11 10:45:27.509 31755 31755 V VRI[Processing functions]: Input event delivered
to android.view.ViewRootImpl$ImeInputStage@1683567 at 2024-01-11 10:45:27.506
01-11 10:45:27.512 31755 31755 D View : [Warning] assignParent to null: this =
DecorView@e7f3bd[Processing functions]
01-11 10:45:27.513 31755 31755 D BLASTBufferQueue: [VRI[Processing functions]#3]
(f:0,a:1) destructor()
01-11 10:45:27.513 31755 31755 D BufferQueueConsumer: [VRI[Processing
functions]#3(BLAST Consumer)3](id:7c0b00000005,api:0,p:-1,c:31755) disconnect
01-11 10:45:27.524 31755 31755 V VRI[Processing functions]: [ANR Warning]Input
routeing takes more than 6000ms since 1969-12-31 18:00:00.000, this =
com.mediatek.view.impl.ViewDebugManagerImpl@e4e4f14
01-11 10:45:27.524 31755 31755 V VRI[Processing functions]: Input event delivered
to android.view.ViewRootImpl$ViewPostImeInputStage@bbee59b at 2024-01-11
10:45:27.509
01-11 10:45:27.524 31755 31755 V VRI[Processing functions]: Input event delivered
to android.view.ViewRootImpl$SyntheticInputStage@b1f2d38 at 2024-01-11 10:45:27.524
01-11 10:45:27.524 31755 31755 V VRI[Processing functions]: Input event delivered
to android.view.ViewRootImpl$NativePostImeInputStage@29085aa at 2024-01-11
10:45:27.509
01-11 10:45:27.524 31755 31755 V VRI[Processing functions]: Input event delivered
to android.view.ViewRootImpl$EarlyPostImeInputStage@e097095 at 2024-01-11
10:45:27.509
01-11 10:45:27.554 31755 31755 D DecorView[]: onWindowFocusChanged hasWindowFocus
true
01-11 10:45:27.555 31755 31755 I HandWritingStubImpl: refreshLastKeyboardType: 1
01-11 10:45:27.555 31755 31755 I HandWritingStubImpl: getCurrentKeyboardType: 1
01-11 10:45:27.573 31755 31777 E gralloc4: Empty SMPTE 2094-40 data
01-11 10:45:27.592 31755 31777 E gralloc4: Empty SMPTE 2094-40 data
01-11 10:45:27.605 31755 31777 E gralloc4: Empty SMPTE 2094-40 data
01-11 10:45:27.624 31755 31777 E gralloc4: Empty SMPTE 2094-40 data
01-11 10:45:27.640 31755 31777 E gralloc4: Empty SMPTE 2094-40 data
01-11 10:45:27.656 31755 31777 E gralloc4: Empty SMPTE 2094-40 data
01-11 10:45:27.673 31755 31777 E gralloc4: Empty SMPTE 2094-40 data
01-11 10:45:28.893 31755 31777 E gralloc4: Empty SMPTE 2094-40 data
01-11 10:45:28.906 31755 31777 E gralloc4: Empty SMPTE 2094-40 data
01-11 10:45:28.915 31755 31755 D IS_CTS_MODE: false
01-11 10:45:28.915 31755 31755 D MULTI_WINDOW_ENABLED: false
01-11 10:45:28.922 31755 31755 D VRI[Config Settings]: hardware acceleration =
true, forceHwAccelerated = false
01-11 10:45:28.922 31755 31755 D DecorView[Config Settings]:
updateDecorCaptionStatus windowMode is 1
01-11 10:45:28.928 31755 31777 E gralloc4: Empty SMPTE 2094-40 data
01-11 10:45:28.943 31755 31777 E gralloc4: Empty SMPTE 2094-40 data
01-11 10:45:28.954 31755 31755 D BufferQueueConsumer: [](id:7c0b00000006,api:0,p:-
1,c:31755) connect: controlledByApp=false
01-11 10:45:28.959 31755 31777 E gralloc4: Empty SMPTE 2094-40 data
01-11 10:45:28.976 31755 31777 E gralloc4: Empty SMPTE 2094-40 data
01-11 10:45:28.993 31755 31777 E gralloc4: Empty SMPTE 2094-40 data
01-11 10:45:29.010 31755 31777 E gralloc4: Empty SMPTE 2094-40 data
01-11 10:45:29.026 31755 31755 D VRI[Config Settings]: vri.reportNextDraw
android.view.ViewRootImpl.performTraversals:3852
android.view.ViewRootImpl.doTraversal:2587
android.view.ViewRootImpl$TraversalRunnable.run:9716
android.view.Choreographer$CallbackRecord.run:1386
android.view.Choreographer$CallbackRecord.run:1394
01-11 10:45:29.026 31755 31755 D VRI[Config Settings]: vri.Setup new sync id=0
syncSeqId=0
01-11 10:45:29.028 31755 31777 E gralloc4: Empty SMPTE 2094-40 data
01-11 10:45:29.049 31755 31777 E gralloc4: Empty SMPTE 2094-40 data
01-11 10:45:29.050 31755 31777 D BLASTBufferQueue: [VRI[Config Settings]#4]
(f:0,a:1) acquireNextBufferLocked size=720x1601 mFrameNumber=1
applyTransaction=true mTimestamp=122245146526824(auto) mPendingTransactions.size=0
graphicBufferId=136386686484527 transform=0
01-11 10:45:29.052 31755 31777 W Parcel : Expecting binder but got null!
01-11 10:45:29.053 31755 31755 D VRI[Config Settings]: vri.reportDrawFinished
syncSeqId=0 android.view.ViewRootImpl.lambda$createSyncIfNeeded$4$android-view-
ViewRootImpl:3920 android.view.ViewRootImpl$$ExternalSyntheticLambda1.run:6
android.os.Handler.handleCallback:942 android.os.Handler.dispatchMessage:99
android.os.Looper.loopOnce:211
01-11 10:45:29.058 31755 31777 E gralloc4: Empty SMPTE 2094-40 data
01-11 10:45:29.063 31755 31755 D DecorView[]: onWindowFocusChanged hasWindowFocus
false
01-11 10:45:29.068 31755 31777 E gralloc4: Empty SMPTE 2094-40 data
01-11 10:45:29.074 31755 31777 E gralloc4: Empty SMPTE 2094-40 data
01-11 10:45:29.087 31755 31755 D DecorView[Config Settings]: onWindowFocusChanged
hasWindowFocus true
01-11 10:45:29.087 31755 31755 I HandWritingStubImpl: refreshLastKeyboardType: 1
01-11 10:45:29.087 31755 31755 I HandWritingStubImpl: getCurrentKeyboardType: 1
01-11 10:45:29.091 31755 31777 E gralloc4: Empty SMPTE 2094-40 data
01-11 10:45:29.108 31755 31777 E gralloc4: Empty SMPTE 2094-40 data
01-11 10:45:29.112 31755 31777 E gralloc4: Empty SMPTE 2094-40 data
01-11 10:45:29.123 31755 31777 E gralloc4: Empty SMPTE 2094-40 data
01-11 10:45:29.139 31755 31777 E gralloc4: Empty SMPTE 2094-40 data
01-11 10:45:29.156 31755 31777 E gralloc4: Empty SMPTE 2094-40 data
01-11 10:45:29.172 31755 31777 E gralloc4: Empty SMPTE 2094-40 data
01-11 10:45:29.192 31755 31777 E gralloc4: Empty SMPTE 2094-40 data
01-11 10:45:29.209 31755 31777 E gralloc4: Empty SMPTE 2094-40 data
01-11 10:45:29.225 31755 31777 E gralloc4: Empty SMPTE 2094-40 data
01-11 10:45:29.243 31755 31777 E gralloc4: Empty SMPTE 2094-40 data
01-11 10:45:29.258 31755 31777 E gralloc4: Empty SMPTE 2094-40 data
01-11 10:45:29.275 31755 31777 E gralloc4: Empty SMPTE 2094-40 data
01-11 10:45:29.292 31755 31777 E gralloc4: Empty SMPTE 2094-40 data
01-11 10:45:29.308 31755 31777 E gralloc4: Empty SMPTE 2094-40 data
01-11 10:45:29.325 31755 31777 E gralloc4: Empty SMPTE 2094-40 data
01-11 10:45:29.342 31755 31777 E gralloc4: Empty SMPTE 2094-40 data
01-11 10:45:29.358 31755 31777 E gralloc4: Empty SMPTE 2094-40 data
01-11 10:45:29.372 31755 31777 E gralloc4: Empty SMPTE 2094-40 data
01-11 10:45:29.391 31755 31777 E gralloc4: Empty SMPTE 2094-40 data
01-11 10:45:29.408 31755 31777 E gralloc4: Empty SMPTE 2094-40 data
01-11 10:45:29.425 31755 31777 E gralloc4: Empty SMPTE 2094-40 data
01-11 10:45:29.442 31755 31777 E gralloc4: Empty SMPTE 2094-40 data
01-11 10:45:29.458 31755 31777 E gralloc4: Empty SMPTE 2094-40 data
01-11 10:45:29.475 31755 31777 E gralloc4: Empty SMPTE 2094-40 data
01-11 10:45:29.492 31755 31777 E gralloc4: Empty SMPTE 2094-40 data
01-11 10:45:29.509 31755 31777 E gralloc4: Empty SMPTE 2094-40 data
01-11 10:45:29.526 31755 31777 E gralloc4: Empty SMPTE 2094-40 data
01-11 10:45:29.542 31755 31777 E gralloc4: Empty SMPTE 2094-40 data
01-11 10:45:29.559 31755 31777 E gralloc4: Empty SMPTE 2094-40 data
01-11 10:45:29.576 31755 31777 E gralloc4: Empty SMPTE 2094-40 data
01-11 10:45:29.591 31755 31777 E gralloc4: Empty SMPTE 2094-40 data
01-11 10:45:29.608 31755 31777 E gralloc4: Empty SMPTE 2094-40 data
01-11 10:45:29.625 31755 31777 E gralloc4: Empty SMPTE 2094-40 data
01-11 10:45:29.641 31755 31777 E gralloc4: Empty SMPTE 2094-40 data
