denied { search } for name="ppm" dev="proc" ino=4026531935
scontext=u:r:untrusted_app:s0:c154,c258,c512,c768 tcontext=u:object_r:proc_ppm:s0
tclass=dir permissive=0 app=com.whatsapp
01-23 15:49:27.803 9796 9796 W PhotoLoader: type=1400 audit(0.0:339229): avc:
denied { search } for name="ppm" dev="proc" ino=4026531935
scontext=u:r:untrusted_app:s0:c154,c258,c512,c768 tcontext=u:object_r:proc_ppm:s0
tclass=dir permissive=0 app=com.whatsapp
01-23 15:49:28.632 9796 9796 E ArmVmp : Match on catch block at 0xc3 in for 0xa9
01-23 15:49:28.636 9796 9796 E ArmVmp : Match on catch block at 0xc3 in for 0xa1
01-23 15:49:28.637 9796 9796 E ArmVmp : Match on catch block at 0xc3 in for 0xa1
01-23 15:49:28.649 9796 9796 E ArmVmp : Match on catch block at 0xc3 in for 0xa5
01-23 15:49:28.651 9796 9796 E ArmVmp : Match on catch block at 0xc3 in for 0xa9
01-23 15:49:28.653 9796 9796 E ArmVmp : Match on catch block at 0xc3 in for 0xa9
01-23 15:49:28.665 9796 9796 E ArmVmp : Match on catch block at 0xc3 in for 0xa1
01-23 15:49:28.669 9796 9796 E ArmVmp : Match on catch block at 0xc3 in for 0xa5
01-23 15:49:28.671 9796 9796 E ArmVmp : Match on catch block at 0xc3 in for 0xa5
01-23 15:49:28.682 9796 9796 E ArmVmp : Match on catch block at 0xc3 in for 0xa9
01-23 15:49:28.684 9796 9796 E ArmVmp : Match on catch block at 0xc3 in for 0xa1
01-23 15:49:28.687 9796 9796 E ArmVmp : Match on catch block at 0xc3 in for 0xa1
01-23 15:49:28.699 9796 9796 E ArmVmp : Match on catch block at 0xc3 in for 0xa5
01-23 15:49:28.702 9796 9796 E ArmVmp : Match on catch block at 0xc3 in for 0xa9
01-23 15:49:28.704 9796 9796 E ArmVmp : Match on catch block at 0xc3 in for 0xa9
01-23 15:49:28.715 9796 9796 E ArmVmp : Match on catch block at 0xc3 in for 0xa1
01-23 15:49:28.718 9796 9796 E ArmVmp : Match on catch block at 0xc3 in for 0xa5
01-23 15:49:28.719 9796 9796 E ArmVmp : Match on catch block at 0xc3 in for 0xa5
01-23 15:49:28.732 9796 9796 E ArmVmp : Match on catch block at 0xc3 in for 0xa9
01-23 15:49:28.735 9796 9796 E ArmVmp : Match on catch block at 0xc3 in for 0xa1
01-23 15:49:28.737 9796 9796 E ArmVmp : Match on catch block at 0xc3 in for 0xa1
01-23 15:49:28.749 9796 9796 E ArmVmp : Match on catch block at 0xc3 in for 0xa5
01-23 15:49:28.752 9796 9796 E ArmVmp : Match on catch block at 0xc3 in for 0xa9
01-23 15:49:28.754 9796 9796 E ArmVmp : Match on catch block at 0xc3 in for 0xa9
01-23 15:49:28.765 9796 9796 E ArmVmp : Match on catch block at 0xc3 in for 0xa1
01-23 15:49:28.770 9796 9796 E ArmVmp : Match on catch block at 0xc3 in for 0xa5
01-23 15:49:28.772 9796 9796 E ArmVmp : Match on catch block at 0xc3 in for 0xa5
01-23 15:49:28.783 9796 9796 E ArmVmp : Match on catch block at 0xc3 in for 0xa9
01-23 15:49:28.786 9796 9796 E ArmVmp : Match on catch block at 0xc3 in for 0xa1
01-23 15:49:28.787 9796 9796 E ArmVmp : Match on catch block at 0xc3 in for 0xa1
01-23 15:49:28.798 9796 9796 E ArmVmp : Match on catch block at 0xc3 in for 0xa5
01-23 15:49:28.803 9796 9796 E ArmVmp : Match on catch block at 0xc3 in for 0xa9
01-23 15:49:28.805 9796 9796 E ArmVmp : Match on catch block at 0xc3 in for 0xa9
01-23 15:49:28.815 9796 9796 E ArmVmp : Match on catch block at 0xc3 in for 0xa1
01-23 15:49:28.818 9796 9796 E ArmVmp : Match on catch block at 0xc3 in for 0xa5
01-23 15:49:28.820 9796 9796 E ArmVmp : Match on catch block at 0xc3 in for 0xa5
01-23 15:49:28.832 9796 9796 E ArmVmp : Match on catch block at 0xc3 in for 0xa9
01-23 15:49:28.836 9796 9796 E ArmVmp : Match on catch block at 0xc3 in for 0xa1
01-23 15:49:28.838 9796 9796 E ArmVmp : Match on catch block at 0xc3 in for 0xa1
01-23 15:49:28.849 9796 9796 E ArmVmp : Match on catch block at 0xc3 in for 0xa5
01-23 15:49:28.852 9796 9796 E ArmVmp : Match on catch block at 0xc3 in for 0xa9
01-23 15:49:28.854 9796 9796 E ArmVmp : Match on catch block at 0xc3 in for 0xa9
01-23 15:49:28.866 9796 9796 E ArmVmp : Match on catch block at 0xc3 in for 0xa1
01-23 15:49:28.870 9796 9796 E ArmVmp : Match on catch block at 0xc3 in for 0xa5
01-23 15:49:28.871 9796 9796 E ArmVmp : Match on catch block at 0xc3 in for 0xa5
01-23 15:49:28.882 9796 9796 E ArmVmp : Match on catch block at 0xc3 in for 0xa9
01-23 15:49:28.884 9796 9796 E ArmVmp : Match on catch block at 0xc3 in for 0xa1
01-23 15:49:28.886 9796 9796 E ArmVmp : Match on catch block at 0xc3 in for 0xa1
01-23 15:49:31.770 9796 9796 E ArmVmp : Match on catch block at 0xc3 in for 0xa1
01-23 15:49:31.774 9796 9796 E ArmVmp : Match on catch block at 0xc3 in for 0xa5
01-23 15:49:31.777 9796 9796 E ArmVmp : Match on catch block at 0xc3 in for 0xa5
01-23 15:49:31.784 9796 9796 E ArmVmp : Match on catch block at 0xc3 in for 0xa9
01-23 15:49:31.789 9796 9796 E ArmVmp : Match on catch block at 0xc3 in for 0xa1
01-23 15:49:31.791 9796 9796 E ArmVmp : Match on catch block at 0xc3 in for 0xa1
01-23 15:49:33.384 9796 9796 E ArmVmp : Match on catch block at 0xc3 in for 0xa5
01-23 15:49:33.387 9796 9796 E ArmVmp : Match on catch block at 0xc3 in for 0xa9
01-23 15:49:33.389 9796 9796 E ArmVmp : Match on catch block at 0xc3 in for 0xa9
01-23 15:49:33.401 9796 9796 E ArmVmp : Match on catch block at 0xc3 in for 0xa1
01-23 15:49:33.405 9796 9796 E ArmVmp : Match on catch block at 0xc3 in for 0xa5
01-23 15:49:33.407 9796 9796 E ArmVmp : Match on catch block at 0xc3 in for 0xa5
01-23 15:49:33.417 9796 9796 E ArmVmp : Match on catch block at 0xc3 in for 0xa9
01-23 15:49:33.420 9796 9796 E ArmVmp : Match on catch block at 0xc3 in for 0xa1
01-23 15:49:33.422 9796 9796 E ArmVmp : Match on catch block at 0xc3 in for 0xa1
01-23 15:49:33.434 9796 9796 E ArmVmp : Match on catch block at 0xc3 in for 0xa5
01-23 15:49:33.437 9796 9796 E ArmVmp : Match on catch block at 0xc3 in for 0xa9
01-23 15:49:33.439 9796 9796 E ArmVmp : Match on catch block at 0xc3 in for 0xa9
01-23 15:49:33.450 9796 9796 E ArmVmp : Match on catch block at 0xc3 in for 0xa1
01-23 15:49:33.454 9796 9796 E ArmVmp : Match on catch block at 0xc3 in for 0xa5
01-23 15:49:33.456 9796 9796 E ArmVmp : Match on catch block at 0xc3 in for 0xa5
01-23 15:49:33.467 9796 9796 E ArmVmp : Match on catch block at 0xc3 in for 0xa9
01-23 15:49:33.470 9796 9796 E ArmVmp : Match on catch block at 0xc3 in for 0xa1
01-23 15:49:33.472 9796 9796 E ArmVmp : Match on catch block at 0xc3 in for 0xa1
01-23 15:49:33.484 9796 9796 E ArmVmp : Match on catch block at 0xc3 in for 0xa5
01-23 15:49:33.487 9796 9796 E ArmVmp : Match on catch block at 0xc3 in for 0xa9
01-23 15:49:33.489 9796 9796 E ArmVmp : Match on catch block at 0xc3 in for 0xa9
01-23 15:49:33.500 9796 9796 E ArmVmp : Match on catch block at 0xc3 in for 0xa1
01-23 15:49:33.503 9796 9796 E ArmVmp : Match on catch block at 0xc3 in for 0xa5
01-23 15:49:33.505 9796 9796 E ArmVmp : Match on catch block at 0xc3 in for 0xa5
01-23 15:49:33.517 9796 9796 E ArmVmp : Match on catch block at 0xc3 in for 0xa9
01-23 15:49:33.520 9796 9796 E ArmVmp : Match on catch block at 0xc3 in for 0xa1
01-23 15:49:33.522 9796 9796 E ArmVmp : Match on catch block at 0xc3 in for 0xa1
01-23 15:49:33.533 9796 9796 E ArmVmp : Match on catch block at 0xc3 in for 0xa5
01-23 15:49:33.536 9796 9796 E ArmVmp : Match on catch block at 0xc3 in for 0xa9
01-23 15:49:33.538 9796 9796 E ArmVmp : Match on catch block at 0xc3 in for 0xa9
01-23 15:49:33.550 9796 9796 E ArmVmp : Match on catch block at 0xc3 in for 0xa1
01-23 15:49:33.553 9796 9796 E ArmVmp : Match on catch block at 0xc3 in for 0xa5
01-23 15:49:33.555 9796 9796 E ArmVmp : Match on catch block at 0xc3 in for 0xa5
01-23 15:49:33.567 9796 9796 E ArmVmp : Match on catch block at 0xc3 in for 0xa9
01-23 15:49:33.570 9796 9796 E ArmVmp : Match on catch block at 0xc3 in for 0xa1
01-23 15:49:33.572 9796 9796 E ArmVmp : Match on catch block at 0xc3 in for 0xa1
01-23 15:49:33.583 9796 9796 E ArmVmp : Match on catch block at 0xc3 in for 0xa5
01-23 15:49:33.586 9796 9796 E ArmVmp : Match on catch block at 0xc3 in for 0xa9
01-23 15:49:33.588 9796 9796 E ArmVmp : Match on catch block at 0xc3 in for 0xa9
01-23 15:49:33.600 9796 9796 E ArmVmp : Match on catch block at 0xc3 in for 0xa1
01-23 15:49:33.603 9796 9796 E ArmVmp : Match on catch block at 0xc3 in for 0xa5
01-23 15:49:33.604 9796 9796 E ArmVmp : Match on catch block at 0xc3 in for 0xa5
01-23 15:49:33.618 9796 9796 E ArmVmp : Match on catch block at 0xc3 in for 0xa9
01-23 15:49:33.622 9796 9796 E ArmVmp : Match on catch block at 0xc3 in for 0xa1
01-23 15:49:33.623 9796 9796 E ArmVmp : Match on catch block at 0xc3 in for 0xa1
01-23 15:49:33.634 9796 9796 E ArmVmp : Match on catch block at 0xc3 in for 0xa5
01-23 15:49:33.637 9796 9796 E ArmVmp : Match on catch block at 0xc3 in for 0xa9
01-23 15:49:33.639 9796 9796 E ArmVmp : Match on catch block at 0xc3 in for 0xa9
01-23 15:49:34.001 9796 9796 E ArmVmp : Match on catch block at 0xc3 in for 0xa9
01-23 15:49:34.004 9796 9796 E ArmVmp : Match on catch block at 0xc3 in for 0xa1
01-23 15:49:34.007 9796 9796 E ArmVmp : Match on catch block at 0xc3 in for 0xa1
01-23 15:49:34.017 9796 9796 E ArmVmp : Match on catch block at 0xc3 in for 0xa5
01-23 15:49:34.019 9796 9796 E ArmVmp : Match on catch block at 0xc3 in for 0xa9
01-23 15:49:34.021 9796 9796 E ArmVmp : Match on catch block at 0xc3 in for 0xa9
01-23 15:49:34.050 9796 9796 E ArmVmp : Match on catch block at 0xc3 in for 0xa1
01-23 15:49:34.053 9796 9796 E ArmVmp : Match on catch block at 0xc3 in for 0xa5
01-23 15:49:34.070 9796 9796 E ArmVmp : Match on catch block at 0xc3 in for 0xa5
01-23 15:49:34.072 9796 9796 E ArmVmp : Match on catch block at 0xc3 in for 0xa9
01-23 15:49:34.074 9796 9796 E ArmVmp : Match on catch block at 0xc3 in for 0xa9
01-23 15:49:34.084 9796 9796 E ArmVmp : Match on catch block at 0xc3 in for 0xa1
01-23 15:49:34.086 9796 9796 E ArmVmp : Match on catch block at 0xc3 in for 0xa5
01-23 15:49:34.087 9796 9796 E ArmVmp : Match on catch block at 0xc3 in for 0xa5
01-23 15:49:34.259 9796 9796 E ArmVmp : Match on catch block at 0xc3 in for 0xa1
01-23 15:49:34.261 9796 9796 E ArmVmp : Match on catch block at 0xc3 in for 0xa5
01-23 15:49:34.263 9796 9796 E ArmVmp : Match on catch block at 0xc3 in for 0xa5
01-23 15:49:34.285 9796 9796 E ArmVmp : Match on catch block at 0xc3 in for 0xa9
01-23 15:49:34.288 9796 9796 E ArmVmp : Match on catch block at 0xc3 in for 0xa1
01-23 15:49:34.289 9796 9796 E ArmVmp : Match on catch block at 0xc3 in for 0xa1
01-23 15:49:34.297 9796 9796 E ArmVmp : Match on catch block at 0xc3 in for 0xa1
01-23 15:49:34.301 9796 9796 E ArmVmp : Match on catch block at 0xc3 in for 0xa5
01-23 15:49:34.302 9796 9796 E ArmVmp : Match on catch block at 0xc3 in for 0xa5
01-23 15:49:34.308 9796 9796 E ArmVmp : Match on catch block at 0xc3 in for 0xa9
01-23 15:49:34.311 9796 9796 E ArmVmp : Match on catch block at 0xc3 in for 0xa1
01-23 15:49:34.312 9796 9796 E ArmVmp : Match on catch block at 0xc3 in for 0xa1
01-23 15:49:34.383 9796 9796 E ArmVmp : Match on catch block at 0xc3 in for 0xa9
01-23 15:49:34.387 9796 9796 E ArmVmp : Match on catch block at 0xc3 in for 0xa1
01-23 15:49:34.389 9796 9796 E ArmVmp : Match on catch block at 0xc3 in for 0xa1
01-23 15:49:34.483 9796 9796 E ArmVmp : Match on catch block at 0xc3 in for 0xa5
01-23 15:49:34.485 9796 9796 E ArmVmp : Match on catch block at 0xc3 in for 0xa9
01-23 15:49:34.486 9796 9796 E ArmVmp : Match on catch block at 0xc3 in for 0xa9
01-23 15:49:35.585 9796 9796 E ArmVmp : Match on catch block at 0x0a in for 0xc1
01-23 15:49:35.590 9796 9796 E ArmVmp : Match on catch block at 0x0a in for 0xc9
01-23 15:49:35.826 9796 9810 W System : A resource failed to call release.
01-23 15:49:35.844 9796 9796 E ArmVmp : Match on catch block at 0xc3 in for 0xb5
01-23 15:49:35.849 9796 9796 E ArmVmp : Match on catch block at 0xc3 in for 0xb5
01-23 15:49:35.890 9796 9796 E ArmVmp : Match on catch block at 0xc3 in for 0xa5
01-23 15:49:35.892 9796 9796 E ArmVmp : Match on catch block at 0xc3 in for 0xa9
01-23 15:49:35.904 9796 9796 E ArmVmp : Match on catch block at 0xc3 in for 0xa5
01-23 15:49:35.906 9796 9796 E ArmVmp : Match on catch block at 0xc3 in for 0xa9
01-23 15:49:35.937 9796 9796 E ArmVmp : Match on catch block at 0xc3 in for 0xa5
01-23 15:49:35.939 9796 9796 E ArmVmp : Match on catch block at 0xc3 in for 0xa9
01-23 15:49:36.058 9796 9796 E ArmVmp : Match on catch block at 0xc3 in for 0xa1
01-23 15:49:36.060 9796 9796 E ArmVmp : Match on catch block at 0xc3 in for 0xa5
01-23 15:49:36.067 9796 9796 E ArmVmp : Match on catch block at 0xc3 in for 0xa5
01-23 15:49:36.070 9796 9796 E ArmVmp : Match on catch block at 0xc3 in for 0xa9
01-23 15:49:36.221 9796 9796 E ArmVmp : Match on catch block at 0xc3 in for 0xa9
01-23 15:49:36.224 9796 9796 E ArmVmp : Match on catch block at 0xc3 in for 0xa1
01-23 15:49:36.236 9796 9796 E ArmVmp : Match on catch block at 0xc3 in for 0xa1
01-23 15:49:36.239 9796 9796 E ArmVmp : Match on catch block at 0xc3 in for 0xa5
01-23 15:49:36.360 9796 9796 E ArmVmp : Match on catch block at 0xc3 in for 0xa9
01-23 15:49:36.365 9796 9796 E ArmVmp : Match on catch block at 0xc3 in for 0xa1
01-23 15:49:36.382 9796 9796 E ArmVmp : Match on catch block at 0xc3 in for 0xa1
01-23 15:49:36.386 9796 9796 E ArmVmp : Match on catch block at 0xc3 in for 0xa5
01-23 15:49:36.434 9796 9796 E ArmVmp : Match on catch block at 0xc3 in for 0xa5
01-23 15:49:36.436 9796 9796 E ArmVmp : Match on catch block at 0xc3 in for 0xa9
01-23 15:49:36.451 9796 9796 E ArmVmp : Match on catch block at 0xc3 in for 0xa9
01-23 15:49:36.453 9796 9796 E ArmVmp : Match on catch block at 0xc3 in for 0xa1
01-23 15:49:36.467 9796 9796 E ArmVmp : Match on catch block at 0xc3 in for 0xa1
01-23 15:49:36.469 9796 9796 E ArmVmp : Match on catch block at 0xc3 in for 0xa5
01-23 15:49:36.484 9796 9796 E ArmVmp : Match on catch block at 0xc3 in for 0xa5
01-23 15:49:36.486 9796 9796 E ArmVmp : Match on catch block at 0xc3 in for 0xa9
01-23 15:49:36.501 9796 9796 E ArmVmp : Match on catch block at 0xc3 in for 0xa9
01-23 15:49:36.503 9796 9796 E ArmVmp : Match on catch block at 0xc3 in for 0xa1
01-23 15:49:36.517 9796 9796 E ArmVmp : Match on catch block at 0xc3 in for 0xa1
01-23 15:49:36.519 9796 9796 E ArmVmp : Match on catch block at 0xc3 in for 0xa5
01-23 15:49:36.534 9796 9796 E ArmVmp : Match on catch block at 0xc3 in for 0xa5
01-23 15:49:36.536 9796 9796 E ArmVmp : Match on catch block at 0xc3 in for 0xa9
01-23 15:49:36.551 9796 9796 E ArmVmp : Match on catch block at 0xc3 in for 0xa9
01-23 15:49:36.554 9796 9796 E ArmVmp : Match on catch block at 0xc3 in for 0xa1
01-23 15:49:36.568 9796 9796 E ArmVmp : Match on catch block at 0xc3 in for 0xa1
01-23 15:49:36.572 9796 9796 E ArmVmp : Match on catch block at 0xc3 in for 0xa5
01-23 15:49:36.585 9796 9796 E ArmVmp : Match on catch block at 0xc3 in for 0xa5
01-23 15:49:36.588 9796 9796 E ArmVmp : Match on catch block at 0xc3 in for 0xa9
01-23 15:49:36.602 9796 9796 E ArmVmp : Match on catch block at 0xc3 in for 0xa9
01-23 15:49:36.605 9796 9796 E ArmVmp : Match on catch block at 0xc3 in for 0xa1
01-23 15:49:36.618 9796 9796 E ArmVmp : Match on catch block at 0xc3 in for 0xa1
01-23 15:49:36.622 9796 9796 E ArmVmp : Match on catch block at 0xc3 in for 0xa5
01-23 15:49:36.635 9796 9796 E ArmVmp : Match on catch block at 0xc3 in for 0xa5
01-23 15:49:36.638 9796 9796 E ArmVmp : Match on catch block at 0xc3 in for 0xa9
01-23 15:49:36.652 9796 9796 E ArmVmp : Match on catch block at 0xc3 in for 0xa9
01-23 15:49:36.655 9796 9796 E ArmVmp : Match on catch block at 0xc3 in for 0xa1
01-23 15:49:36.668 9796 9796 E ArmVmp : Match on catch block at 0xc3 in for 0xa1
01-23 15:49:36.672 9796 9796 E ArmVmp : Match on catch block at 0xc3 in for 0xa5
01-23 15:49:36.685 9796 9796 E ArmVmp : Match on catch block at 0xc3 in for 0xa5
01-23 15:49:36.689 9796 9796 E ArmVmp : Match on catch block at 0xc3 in for 0xa9
01-23 15:49:36.701 9796 9796 E ArmVmp : Match on catch block at 0xc3 in for 0xa9
01-23 15:49:36.703 9796 9796 E ArmVmp : Match on catch block at 0xc3 in for 0xa1
01-23 15:49:36.719 9796 9796 E ArmVmp : Match on catch block at 0xc3 in for 0xa1
01-23 15:49:36.722 9796 9796 E ArmVmp : Match on catch block at 0xc3 in for 0xa5
01-23 15:49:36.735 9796 9796 E ArmVmp : Match on catch block at 0xc3 in for 0xa5
01-23 15:49:36.737 9796 9796 E ArmVmp : Match on catch block at 0xc3 in for 0xa9
01-23 15:49:36.751 9796 9796 E ArmVmp : Match on catch block at 0xc3 in for 0xa9
01-23 15:49:36.753 9796 9796 E ArmVmp : Match on catch block at 0xc3 in for 0xa1
01-23 15:49:36.768 9796 9796 E ArmVmp : Match on catch block at 0xc3 in for 0xa1
01-23 15:49:36.771 9796 9796 E ArmVmp : Match on catch block at 0xc3 in for 0xa5
01-23 15:49:36.827 9796 9796 E ArmVmp : Match on catch block at 0xc3 in for 0xa9
01-23 15:49:36.830 9796 9796 E ArmVmp : Match on catch block at 0xc3 in for 0xa1
01-23 15:49:36.844 9796 9796 E ArmVmp : Match on catch block at 0xc3 in for 0xa9
01-23 15:49:36.846 9796 9796 E ArmVmp : Match on catch block at 0xc3 in for 0xa1
01-23 15:49:36.851 9796 9796 E ArmVmp : Match on catch block at 0xc3 in for 0xa1
01-23 15:49:36.854 9796 9796 E ArmVmp : Match on catch block at 0xc3 in for 0xa5
01-23 15:49:36.868 9796 9796 E ArmVmp : Match on catch block at 0xc3 in for 0xa5
01-23 15:49:36.870 9796 9796 E ArmVmp : Match on catch block at 0xc3 in for 0xa9
01-23 15:49:36.885 9796 9796 E ArmVmp : Match on catch block at 0xc3 in for 0xa9
01-23 15:49:36.888 9796 9796 E ArmVmp : Match on catch block at 0xc3 in for 0xa1
01-23 15:49:36.901 9796 9796 E ArmVmp : Match on catch block at 0xc3 in for 0xa1
01-23 15:49:36.903 9796 9796 E ArmVmp : Match on catch block at 0xc3 in for 0xa5
01-23 15:49:36.918 9796 9796 E ArmVmp : Match on catch block at 0xc3 in for 0xa5
01-23 15:49:36.921 9796 9796 E ArmVmp : Match on catch block at 0xc3 in for 0xa9
01-23 15:49:36.938 9796 9796 E ArmVmp : Match on catch block at 0xc3 in for 0xa9
01-23 15:49:36.940 9796 9796 E ArmVmp : Match on catch block at 0xc3 in for 0xa1
01-23 15:49:36.951 9796 9796 E ArmVmp : Match on catch block at 0xc3 in for 0xa1
01-23 15:49:36.954 9796 9796 E ArmVmp : Match on catch block at 0xc3 in for 0xa5
01-23 15:49:36.968 9796 9796 E ArmVmp : Match on catch block at 0xc3 in for 0xa5
01-23 15:49:36.970 9796 9796 E ArmVmp : Match on catch block at 0xc3 in for 0xa9
01-23 15:49:36.985 9796 9796 E ArmVmp : Match on catch block at 0xc3 in for 0xa9
01-23 15:49:36.988 9796 9796 E ArmVmp : Match on catch block at 0xc3 in for 0xa1
01-23 15:49:37.001 9796 9796 E ArmVmp : Match on catch block at 0xc3 in for 0xa1
01-23 15:49:37.003 9796 9796 E ArmVmp : Match on catch block at 0xc3 in for 0xa5
01-23 15:49:37.018 9796 9796 E ArmVmp : Match on catch block at 0xc3 in for 0xa5
01-23 15:49:37.021 9796 9796 E ArmVmp : Match on catch block at 0xc3 in for 0xa9
01-23 15:49:37.301 9796 9796 E ArmVmp : Match on catch block at 0xc3 in for 0xa9
01-23 15:49:37.303 9796 9796 E ArmVmp : Match on catch block at 0xc3 in for 0xa1
01-23 15:49:37.751 9796 9796 E ArmVmp : Match on catch block at 0xc3 in for 0xa1
01-23 15:49:37.753 9796 9796 E ArmVmp : Match on catch block at 0xc3 in for 0xa5
01-23 15:49:37.951 9796 9796 E ArmVmp : Match on catch block at 0xc3 in for 0xa5
01-23 15:49:37.953 9796 9796 E ArmVmp : Match on catch block at 0xc3 in for 0xa9
01-23 15:49:37.968 9796 9796 E ArmVmp : Match on catch block at 0xc3 in for 0xa9
01-23 15:49:37.970 9796 9796 E ArmVmp : Match on catch block at 0xc3 in for 0xa1
01-23 15:49:37.985 9796 9796 E ArmVmp : Match on catch block at 0xc3 in for 0xa1
01-23 15:49:37.987 9796 9796 E ArmVmp : Match on catch block at 0xc3 in for 0xa5
01-23 15:49:38.001 9796 9796 E ArmVmp : Match on catch block at 0xc3 in for 0xa5
01-23 15:49:38.003 9796 9796 E ArmVmp : Match on catch block at 0xc3 in for 0xa9
01-23 15:49:38.018 9796 9796 E ArmVmp : Match on catch block at 0xc3 in for 0xa9
01-23 15:49:38.020 9796 9796 E ArmVmp : Match on catch block at 0xc3 in for 0xa1
01-23 15:49:38.034 9796 9796 E ArmVmp : Match on catch block at 0xc3 in for 0xa9
01-23 15:49:38.036 9796 9796 E ArmVmp : Match on catch block at 0xc3 in for 0xa1
01-23 15:49:38.051 9796 9796 E ArmVmp : Match on catch block at 0xc3 in for 0xa1
01-23 15:49:38.053 9796 9796 E ArmVmp : Match on catch block at 0xc3 in for 0xa5
01-23 15:49:38.068 9796 9796 E ArmVmp : Match on catch block at 0xc3 in for 0xa5
01-23 15:49:38.070 9796 9796 E ArmVmp : Match on catch block at 0xc3 in for 0xa9
01-23 15:49:38.084 9796 9796 E ArmVmp : Match on catch block at 0xc3 in for 0xa9
01-23 15:49:38.087 9796 9796 E ArmVmp : Match on catch block at 0xc3 in for 0xa1
01-23 15:49:38.101 9796 9796 E ArmVmp : Match on catch block at 0xc3 in for 0xa1
01-23 15:49:38.103 9796 9796 E ArmVmp : Match on catch block at 0xc3 in for 0xa5
01-23 15:49:38.118 9796 9796 E ArmVmp : Match on catch block at 0xc3 in for 0xa5
01-23 15:49:38.120 9796 9796 E ArmVmp : Match on catch block at 0xc3 in for 0xa9
01-23 15:49:38.135 9796 9796 E ArmVmp : Match on catch block at 0xc3 in for 0xa1
01-23 15:49:38.137 9796 9796 E ArmVmp : Match on catch block at 0xc3 in for 0xa5
01-23 15:49:38.158 9796 9796 E ArmVmp : Match on catch block at 0xc3 in for 0xa9
01-23 15:49:38.161 9796 9796 E ArmVmp : Match on catch block at 0xc3 in for 0xa1
01-23 15:49:38.174 9796 9796 E ArmVmp : Match on catch block at 0xc3 in for 0xa5
01-23 15:49:38.176 9796 9796 E ArmVmp : Match on catch block at 0xc3 in for 0xa9
01-23 15:49:38.185 9796 9796 E ArmVmp : Match on catch block at 0xc3 in for 0xa9
01-23 15:49:38.187 9796 9796 E ArmVmp : Match on catch block at 0xc3 in for 0xa1
01-23 15:49:38.201 9796 9796 E ArmVmp : Match on catch block at 0xc3 in for 0xa1
01-23 15:49:38.203 9796 9796 E ArmVmp : Match on catch block at 0xc3 in for 0xa5
01-23 15:49:38.236 9796 9796 E ArmVmp : Match on catch block at 0xc3 in for 0xa5
01-23 15:49:38.238 9796 9796 E ArmVmp : Match on catch block at 0xc3 in for 0xa9
01-23 15:49:38.252 9796 9796 E ArmVmp : Match on catch block at 0xc3 in for 0xa5
01-23 15:49:38.254 9796 9796 E ArmVmp : Match on catch block at 0xc3 in for 0xa9
01-23 15:49:38.265 9796 9796 E ArmVmp : Match on catch block at 0xc3 in for 0xa5
01-23 15:49:38.267 9796 9796 E ArmVmp : Match on catch block at 0xc3 in for 0xa9
01-23 15:49:38.285 9796 9796 E ArmVmp : Match on catch block at 0xc3 in for 0xa9
01-23 15:49:38.287 9796 9796 E ArmVmp : Match on catch block at 0xc3 in for 0xa1
01-23 15:49:38.301 9796 9796 E ArmVmp : Match on catch block at 0xc3 in for 0xa1
01-23 15:49:38.303 9796 9796 E ArmVmp : Match on catch block at 0xc3 in for 0xa5
01-23 15:49:38.318 9796 9796 E ArmVmp : Match on catch block at 0xc3 in for 0xa5
01-23 15:49:38.320 9796 9796 E ArmVmp : Match on catch block at 0xc3 in for 0xa9
01-23 15:49:38.335 9796 9796 E ArmVmp : Match on catch block at 0xc3 in for 0xa9
01-23 15:49:38.337 9796 9796 E ArmVmp : Match on catch block at 0xc3 in for 0xa1
01-23 15:49:38.351 9796 9796 E ArmVmp : Match on catch block at 0xc3 in for 0xa1
01-23 15:49:38.353 9796 9796 E ArmVmp : Match on catch block at 0xc3 in for 0xa5
01-23 15:49:38.520 9796 9796 E ArmVmp : Match on catch block at 0xc3 in for 0xa5
01-23 15:49:38.522 9796 9796 E ArmVmp : Match on catch block at 0xc3 in for 0xa9
01-23 15:49:38.535 9796 9796 E ArmVmp : Match on catch block at 0xc3 in for 0xa1
01-23 15:49:38.537 9796 9796 E ArmVmp : Match on catch block at 0xc3 in for 0xa5
01-23 15:49:38.547 9796 10110 W MediaPlayer: Use of stream types is deprecated for
operations other than volume control
01-23 15:49:38.547 9796 10110 W MediaPlayer: See the documentation of
setAudioStreamType() for what to use instead with android.media.AudioAttributes to
qualify your playback use case
01-23 15:49:38.652 9796 9796 E ArmVmp : Match on catch block at 0xc3 in for 0xa1
01-23 15:49:38.655 9796 9796 E ArmVmp : Match on catch block at 0xc3 in for 0xa5
01-23 15:49:38.839 9796 9796 E ArmVmp : Match on catch block at 0xc3 in for 0xa1
01-23 15:49:38.842 9796 9796 E ArmVmp : Match on catch block at 0xc3 in for 0xa5
01-23 15:49:38.860 9796 9796 E ArmVmp : Match on catch block at 0xc3 in for 0xa9
01-23 15:49:38.862 9796 9796 E ArmVmp : Match on catch block at 0xc3 in for 0xa1
01-23 15:49:38.872 9796 9796 E ArmVmp : Match on catch block at 0xc3 in for 0xa5
01-23 15:49:38.875 9796 9796 E ArmVmp : Match on catch block at 0xc3 in for 0xa9
01-23 15:49:39.152 9796 9796 E ArmVmp : Match on catch block at 0xc3 in for 0xa5
01-23 15:49:39.156 9796 9796 E ArmVmp : Match on catch block at 0xc3 in for 0xa9
01-23 15:49:39.653 9796 9796 E ArmVmp : Match on catch block at 0xc3 in for 0xa9
01-23 15:49:39.656 9796 9796 E ArmVmp : Match on catch block at 0xc3 in for 0xa1
01-23 15:49:40.153 9796 9796 E ArmVmp : Match on catch block at 0xc3 in for 0xa1
01-23 15:49:40.156 9796 9796 E ArmVmp : Match on catch block at 0xc3 in for 0xa5
01-23 15:49:40.438 9796 9796 E ArmVmp : Match on catch block at 0xc3 in for 0xa9
01-23 15:49:40.441 9796 9796 E ArmVmp : Match on catch block at 0xc3 in for 0xa1
01-23 15:49:40.452 9796 9796 E ArmVmp : Match on catch block at 0xc3 in for 0xa9
01-23 15:49:40.456 9796 9796 E ArmVmp : Match on catch block at 0xc3 in for 0xa1
01-23 15:49:40.469 9796 9796 E ArmVmp : Match on catch block at 0xc3 in for 0xa1
01-23 15:49:40.472 9796 9796 E ArmVmp : Match on catch block at 0xc3 in for 0xa5
01-23 15:49:40.486 9796 9796 E ArmVmp : Match on catch block at 0xc3 in for 0xa5
01-23 15:49:40.488 9796 9796 E ArmVmp : Match on catch block at 0xc3 in for 0xa9
01-23 15:49:40.502 9796 9796 E ArmVmp : Match on catch block at 0xc3 in for 0xa9
01-23 15:49:40.505 9796 9796 E ArmVmp : Match on catch block at 0xc3 in for 0xa1
01-23 15:49:40.519 9796 9796 E ArmVmp : Match on catch block at 0xc3 in for 0xa1
01-23 15:49:40.522 9796 9796 E ArmVmp : Match on catch block at 0xc3 in for 0xa5
01-23 15:49:40.536 9796 9796 E ArmVmp : Match on catch block at 0xc3 in for 0xa5
01-23 15:49:40.538 9796 9796 E ArmVmp : Match on catch block at 0xc3 in for 0xa9
01-23 15:49:40.555 9796 9796 E ArmVmp : Match on catch block at 0xc3 in for 0xa9
01-23 15:49:40.557 9796 9796 E ArmVmp : Match on catch block at 0xc3 in for 0xa1
01-23 15:49:40.569 9796 9796 E ArmVmp : Match on catch block at 0xc3 in for 0xa1
01-23 15:49:40.571 9796 9796 E ArmVmp : Match on catch block at 0xc3 in for 0xa5
01-23 15:49:40.585 9796 9796 E ArmVmp : Match on catch block at 0xc3 in for 0xa5
01-23 15:49:40.588 9796 9796 E ArmVmp : Match on catch block at 0xc3 in for 0xa9
01-23 15:49:40.602 9796 9796 E ArmVmp : Match on catch block at 0xc3 in for 0xa9
01-23 15:49:40.604 9796 9796 E ArmVmp : Match on catch block at 0xc3 in for 0xa1
01-23 15:49:40.619 9796 9796 E ArmVmp : Match on catch block at 0xc3 in for 0xa1
01-23 15:49:40.621 9796 9796 E ArmVmp : Match on catch block at 0xc3 in for 0xa5
01-23 15:49:40.635 9796 9796 E ArmVmp : Match on catch block at 0xc3 in for 0xa5
01-23 15:49:40.638 9796 9796 E ArmVmp : Match on catch block at 0xc3 in for 0xa9
01-23 15:49:40.652 9796 9796 E ArmVmp : Match on catch block at 0xc3 in for 0xa9
01-23 15:49:40.655 9796 9796 E ArmVmp : Match on catch block at 0xc3 in for 0xa1
01-23 15:49:40.669 9796 9796 E ArmVmp : Match on catch block at 0xc3 in for 0xa1
01-23 15:49:40.671 9796 9796 E ArmVmp : Match on catch block at 0xc3 in for 0xa5
01-23 15:49:40.685 9796 9796 E ArmVmp : Match on catch block at 0xc3 in for 0xa5
01-23 15:49:40.688 9796 9796 E ArmVmp : Match on catch block at 0xc3 in for 0xa9
01-23 15:49:40.702 9796 9796 E ArmVmp : Match on catch block at 0xc3 in for 0xa9
01-23 15:49:40.704 9796 9796 E ArmVmp : Match on catch block at 0xc3 in for 0xa1
01-23 15:49:40.719 9796 9796 E ArmVmp : Match on catch block at 0xc3 in for 0xa1
01-23 15:49:40.721 9796 9796 E ArmVmp : Match on catch block at 0xc3 in for 0xa5
01-23 15:49:40.735 9796 9796 E ArmVmp : Match on catch block at 0xc3 in for 0xa5
01-23 15:49:40.738 9796 9796 E ArmVmp : Match on catch block at 0xc3 in for 0xa9
01-23 15:49:41.019 9796 9796 E ArmVmp : Match on catch block at 0xc3 in for 0xa9
01-23 15:49:41.023 9796 9796 E ArmVmp : Match on catch block at 0xc3 in for 0xa1
01-23 15:49:41.319 9796 9796 E ArmVmp : Match on catch block at 0xc3 in for 0xa1
01-23 15:49:41.322 9796 9796 E ArmVmp : Match on catch block at 0xc3 in for 0xa5
01-23 15:49:41.504 9796 9796 E ArmVmp : Match on catch block at 0xc3 in for 0xa5
01-23 15:49:41.507 9796 9796 E ArmVmp : Match on catch block at 0xc3 in for 0xa9
01-23 15:49:41.586 9796 9796 E ArmVmp : Match on catch block at 0xc3 in for 0xa9
01-23 15:49:41.590 9796 9796 E ArmVmp : Match on catch block at 0xc3 in for 0xa1
01-23 15:49:41.836 9796 9796 E ArmVmp : Match on catch block at 0xc3 in for 0xa1
01-23 15:49:41.840 9796 9796 E ArmVmp : Match on catch block at 0xc3 in for 0xa5
01-23 15:49:42.053 9796 9796 E ArmVmp : Match on catch block at 0xc3 in for 0xa5
01-23 15:49:42.057 9796 9796 E ArmVmp : Match on catch block at 0xc3 in for 0xa9
01-23 15:49:42.153 9796 9796 E ArmVmp : Match on catch block at 0xc3 in for 0xa9
01-23 15:49:42.157 9796 9796 E ArmVmp : Match on catch block at 0xc3 in for 0xa1
01-23 15:49:42.320 9796 9796 E ArmVmp : Match on catch block at 0xc3 in for 0xa1
01-23 15:49:42.324 9796 9796 E ArmVmp : Match on catch block at 0xc3 in for 0xa5
01-23 15:49:42.503 9796 9796 E ArmVmp : Match on catch block at 0xc3 in for 0xa5
01-23 15:49:42.507 9796 9796 E ArmVmp : Match on catch block at 0xc3 in for 0xa9
01-23 15:49:42.904 9796 9796 E ArmVmp : Match on catch block at 0xc3 in for 0xa9
01-23 15:49:42.908 9796 9796 E ArmVmp : Match on catch block at 0xc3 in for 0xa1
01-23 15:49:43.087 9796 9796 E ArmVmp : Match on catch block at 0xc3 in for 0xa1
01-23 15:49:43.090 9796 9796 E ArmVmp : Match on catch block at 0xc3 in for 0xa5
01-23 15:49:43.588 9796 9796 E ArmVmp : Match on catch block at 0xc3 in for 0xa5
01-23 15:49:43.592 9796 9796 E ArmVmp : Match on catch block at 0xc3 in for 0xa9
01-23 15:49:44.091 9796 9796 E ArmVmp : Match on catch block at 0xc3 in for 0xa9
01-23 15:49:44.100 9796 9796 E ArmVmp : Match on catch block at 0xc3 in for 0xa1
01-23 15:49:44.371 9796 9796 E ArmVmp : Match on catch block at 0xc3 in for 0xa1
01-23 15:49:44.373 9796 9796 E ArmVmp : Match on catch block at 0xc3 in for 0xa5
01-23 15:49:44.871 9796 9796 E ArmVmp : Match on catch block at 0xc3 in for 0xa5
01-23 15:49:44.875 9796 9796 E ArmVmp : Match on catch block at 0xc3 in for 0xa9
01-23 15:49:45.373 9796 9796 E ArmVmp : Match on catch block at 0xc3 in for 0xa9
01-23 15:49:45.380 9796 9796 E ArmVmp : Match on catch block at 0xc3 in for 0xa1
01-23 15:49:45.730 9796 9796 E ArmVmp : Match on catch block at 0xc3 in for 0xa5
01-23 15:49:45.732 9796 9796 E ArmVmp : Match on catch block at 0xc3 in for 0xa9
01-23 15:49:45.739 9796 9796 E ArmVmp : Match on catch block at 0xc3 in for 0xa9
01-23 15:49:45.742 9796 9796 E ArmVmp : Match on catch block at 0xc3 in for 0xa1
01-23 15:49:45.938 9796 9796 E ArmVmp : Match on catch block at 0xc3 in for 0xa1
01-23 15:49:45.940 9796 9796 E ArmVmp : Match on catch block at 0xc3 in for 0xa5
01-23 15:49:46.172 9796 9796 E ArmVmp : Match on catch block at 0xc3 in for 0xa5
01-23 15:49:46.175 9796 9796 E ArmVmp : Match on catch block at 0xc3 in for 0xa9
01-23 15:49:46.305 9796 9796 E ArmVmp : Match on catch block at 0xc3 in for 0xa9
01-23 15:49:46.308 9796 9796 E ArmVmp : Match on catch block at 0xc3 in for 0xa1
01-23 15:49:46.438 9796 9796 E ArmVmp : Match on catch block at 0xc3 in for 0xa1
01-23 15:49:46.442 9796 9796 E ArmVmp : Match on catch block at 0xc3 in for 0xa5
01-23 15:49:46.671 9796 9796 E ArmVmp : Match on catch block at 0xc3 in for 0xa5
01-23 15:49:46.675 9796 9796 E ArmVmp : Match on catch block at 0xc3 in for 0xa9
01-23 15:49:46.938 9796 9796 E ArmVmp : Match on catch block at 0xc3 in for 0xa9
01-23 15:49:46.940 9796 9796 E ArmVmp : Match on catch block at 0xc3 in for 0xa1
01-23 15:49:47.271 9796 9796 E ArmVmp : Match on catch block at 0xc3 in for 0xa1
01-23 15:49:47.274 9796 9796 E ArmVmp : Match on catch block at 0xc3 in for 0xa5
01-23 15:49:47.339 9796 9796 E ArmVmp : Match on catch block at 0xc3 in for 0xa1
01-23 15:49:47.342 9796 9796 E ArmVmp : Match on catch block at 0xc3 in for 0xa5
01-23 15:49:47.356 9796 9796 E ArmVmp : Match on catch block at 0xc3 in for 0xa9
01-23 15:49:47.359 9796 9796 E ArmVmp : Match on catch block at 0xc3 in for 0xa1
01-23 15:49:47.372 9796 9796 E ArmVmp : Match on catch block at 0xc3 in for 0xa1
01-23 15:49:47.375 9796 9796 E ArmVmp : Match on catch block at 0xc3 in for 0xa5
01-23 15:49:47.389 9796 9796 E ArmVmp : Match on catch block at 0xc3 in for 0xa9
01-23 15:49:47.392 9796 9796 E ArmVmp : Match on catch block at 0xc3 in for 0xa1
01-23 15:49:47.405 9796 9796 E ArmVmp : Match on catch block at 0xc3 in for 0xa5
01-23 15:49:47.409 9796 9796 E ArmVmp : Match on catch block at 0xc3 in for 0xa9
01-23 15:49:47.439 9796 9796 E ArmVmp : Match on catch block at 0xc3 in for 0xa5
01-23 15:49:47.441 9796 9796 E ArmVmp : Match on catch block at 0xc3 in for 0xa9
01-23 15:49:47.453 9796 9796 E ArmVmp : Match on catch block at 0xc3 in for 0xa1
01-23 15:49:47.455 9796 9796 E ArmVmp : Match on catch block at 0xc3 in for 0xa5
01-23 15:49:47.460 9796 9796 E ArmVmp : Match on catch block at 0xc3 in for 0xa5
01-23 15:49:47.462 9796 9796 E ArmVmp : Match on catch block at 0xc3 in for 0xa9
01-23 15:49:47.471 9796 9796 E ArmVmp : Match on catch block at 0xc3 in for 0xa9
01-23 15:49:47.473 9796 9796 E ArmVmp : Match on catch block at 0xc3 in for 0xa1
01-23 15:49:47.504 9796 9796 E ArmVmp : Match on catch block at 0xc3 in for 0xa1
01-23 15:49:47.506 9796 9796 E ArmVmp : Match on catch block at 0xc3 in for 0xa5
01-23 15:49:47.517 9796 9796 E ArmVmp : Match on catch block at 0xc3 in for 0xa9
01-23 15:49:47.519 9796 9796 E ArmVmp : Match on catch block at 0xc3 in for 0xa1
01-23 15:49:47.527 9796 9796 E ArmVmp : Match on catch block at 0xc3 in for 0xa5
01-23 15:49:47.529 9796 9796 E ArmVmp : Match on catch block at 0xc3 in for 0xa9
01-23 15:49:47.537 9796 9796 E ArmVmp : Match on catch block at 0xc3 in for 0xa9
01-23 15:49:47.539 9796 9796 E ArmVmp : Match on catch block at 0xc3 in for 0xa1
01-23 15:49:47.554 9796 9796 E ArmVmp : Match on catch block at 0xc3 in for 0xa1
01-23 15:49:47.557 9796 9796 E ArmVmp : Match on catch block at 0xc3 in for 0xa5
01-23 15:49:47.571 9796 9796 E ArmVmp : Match on catch block at 0xc3 in for 0xa5
01-23 15:49:47.573 9796 9796 E ArmVmp : Match on catch block at 0xc3 in for 0xa9
01-23 15:49:47.587 9796 9796 E ArmVmp : Match on catch block at 0xc3 in for 0xa9
01-23 15:49:47.589 9796 9796 E ArmVmp : Match on catch block at 0xc3 in for 0xa1
01-23 15:49:47.604 9796 9796 E ArmVmp : Match on catch block at 0xc3 in for 0xa1
01-23 15:49:47.607 9796 9796 E ArmVmp : Match on catch block at 0xc3 in for 0xa5
01-23 15:49:47.621 9796 9796 E ArmVmp : Match on catch block at 0xc3 in for 0xa5
01-23 15:49:47.623 9796 9796 E ArmVmp : Match on catch block at 0xc3 in for 0xa9
01-23 15:49:47.743 9796 9796 E ArmVmp : Match on catch block at 0xc3 in for 0xa9
01-23 15:49:47.747 9796 9796 E ArmVmp : Match on catch block at 0xc3 in for 0xa1
01-23 15:49:47.753 9796 10110 W MediaPlayer: Use of stream types is deprecated for
operations other than volume control
01-23 15:49:47.753 9796 10110 W MediaPlayer: See the documentation of
setAudioStreamType() for what to use instead with android.media.AudioAttributes to
qualify your playback use case
01-23 15:49:47.757 9796 9796 E ArmVmp : Match on catch block at 0xc3 in for 0xa5
01-23 15:49:47.759 9796 9796 E ArmVmp : Match on catch block at 0xc3 in for 0xa9
01-23 15:49:47.809 9796 9796 E ArmVmp : Match on catch block at 0xc3 in for 0xa9
01-23 15:49:47.813 9796 9796 E ArmVmp : Match on catch block at 0xc3 in for 0xa1
01-23 15:49:47.823 9796 9796 E ArmVmp : Match on catch block at 0xc3 in for 0xa1
01-23 15:49:47.828 9796 9796 E ArmVmp : Match on catch block at 0xc3 in for 0xa5
01-23 15:49:47.910 9796 9796 E ArmVmp : Match on catch block at 0xc3 in for 0xa1
01-23 15:49:47.912 9796 9796 E ArmVmp : Match on catch block at 0xc3 in for 0xa5
01-23 15:49:47.921 9796 9796 E ArmVmp : Match on catch block at 0xc3 in for 0xa5
01-23 15:49:47.924 9796 9796 E ArmVmp : Match on catch block at 0xc3 in for 0xa9
01-23 15:49:47.971 9796 9796 E ArmVmp : Match on catch block at 0xc3 in for 0xa1
01-23 15:49:47.973 9796 9796 E ArmVmp : Match on catch block at 0xc3 in for 0xa5
01-23 15:49:48.105 9796 9796 E ArmVmp : Match on catch block at 0xc3 in for 0xa1
01-23 15:49:48.107 9796 9796 E ArmVmp : Match on catch block at 0xc3 in for 0xa5
01-23 15:49:48.126 9796 9796 E ArmVmp : Match on catch block at 0xc3 in for 0xa1
01-23 15:49:48.128 9796 9796 E ArmVmp : Match on catch block at 0xc3 in for 0xa5
--------- beginning of system
--------- beginning of main
01-23 15:54:35.630 11403 11403 E com.whatsapp: Not starting debugger since process
cannot load the jdwp agent.
01-23 15:54:35.736 11403 11403 W System.err: java.lang.ClassNotFoundException:
mbmodsd.mbmodsw.ui.views.btn.BtnBK
01-23 15:54:35.737 11403 11403 W System.err: at
java.lang.Runtime.nativeLoad(Native Method)
01-23 15:54:35.737 11403 11403 W System.err: at
java.lang.Runtime.nativeLoad(Runtime.java:1131)
01-23 15:54:35.737 11403 11403 W System.err: at
java.lang.Runtime.loadLibrary0(Runtime.java:1085)
01-23 15:54:35.737 11403 11403 W System.err: at
java.lang.Runtime.loadLibrary0(Runtime.java:1008)
01-23 15:54:35.737 11403 11403 W System.err: at
java.lang.System.loadLibrary(System.java:1664)
01-23 15:54:35.737 11403 11403 W System.err: at arm.EpicVm.<clinit>(Unknown
Source:2)
01-23 15:54:35.737 11403 11403 W System.err: at
java.lang.Class.newInstance(Native Method)
01-23 15:54:35.737 11403 11403 W System.err: at
android.app.AppComponentFactory.instantiateApplication(AppComponentFactory.java:76)
01-23 15:54:35.737 11403 11403 W System.err: at
androidx.core.app.CoreComponentFactory.instantiateApplication(Unknown Source:0)
01-23 15:54:35.737 11403 11403 W System.err: at
android.app.Instrumentation.newApplication(Instrumentation.java:1164)
01-23 15:54:35.737 11403 11403 W System.err: at
android.app.LoadedApk.makeApplication(LoadedApk.java:1244)
01-23 15:54:35.737 11403 11403 W System.err: at
android.app.ActivityThread.handleBindApplication(ActivityThread.java:7000)
01-23 15:54:35.737 11403 11403 W System.err: at
android.app.ActivityThread.access$1500(ActivityThread.java:257)
01-23 15:54:35.737 11403 11403 W System.err: at
android.app.ActivityThread$H.handleMessage(ActivityThread.java:2025)
01-23 15:54:35.737 11403 11403 W System.err: at
android.os.Handler.dispatchMessage(Handler.java:106)
01-23 15:54:35.737 11403 11403 W System.err: at
android.os.Looper.loop(Looper.java:268)
01-23 15:54:35.737 11403 11403 W System.err: at
android.app.ActivityThread.main(ActivityThread.java:8004)
01-23 15:54:35.737 11403 11403 W System.err: at
java.lang.reflect.Method.invoke(Native Method)
01-23 15:54:35.737 11403 11403 W System.err: at
com.android.internal.os.RuntimeInit$MethodAndArgsCaller.run(RuntimeInit.java:627)
01-23 15:54:35.737 11403 11403 W System.err: at
com.android.internal.os.ZygoteInit.main(ZygoteInit.java:997)
01-23 15:54:35.749 11403 11403 E libc : Access denied finding property
"ro.vendor.pref_scale_resolution"
01-23 15:54:35.755 11403 11403 E CustomActivityOnCrash: IMPORTANT WARNING! You
already have an UncaughtExceptionHandler, are you sure this is correct? If you use
a custom UncaughtExceptionHandler, you must initialize it AFTER
CustomActivityOnCrash! Installing anyway, but your original handler will not be
called.
01-23 15:54:35.771 11403 11448 W AsyncDrawableCache: can not found res: 2131233001,
maybe dynamic res id.
01-23 15:54:36.086 11403 11403 W com.whatsapp: Accessing hidden method
Lcom/android/org/conscrypt/OpenSSLSocketImpl;->setUseSessionTickets(Z)V (greylist-
max-q,test-api, reflection, denied)
01-23 15:54:36.086 11403 11403 W com.whatsapp: Accessing hidden method
Lcom/android/org/conscrypt/AbstractConscryptSocket;->setUseSessionTickets(Z)V
(greylist-max-q, reflection, denied)
01-23 15:54:36.160 11403 11403 W linker : Warning:
"/data/data/com.whatsapp/files/decompressed/libs.spk.zst/libc++_shared.so" unused
DT entry: unknown processor-specific (type 0x70000001 arg 0x0) (ignoring)
01-23 15:54:36.168 11403 11403 W com.whatsapp: type=1400 audit(0.0:339415): avc:
granted { execute } for
path="/data/data/com.whatsapp/files/decompressed/libs.spk.zst/libvlc.so" dev="dm-
11" ino=718158 scontext=u:r:untrusted_app:s0:c154,c258,c512,c768
tcontext=u:object_r:app_data_file:s0:c154,c258,c512,c768 tclass=file
app=com.whatsapp
01-23 15:54:36.180 11403 11403 W com.whatsapp: type=1400 audit(0.0:339416): avc:
granted { execute } for
path="/data/data/com.whatsapp/files/decompressed/libs.spk.zst/libwhatsapp.so"
dev="dm-11" ino=716707 scontext=u:r:untrusted_app:s0:c154,c258,c512,c768
tcontext=u:object_r:app_data_file:s0:c154,c258,c512,c768 tclass=file
app=com.whatsapp
01-23 15:54:36.260 11403 11403 W com.whatsapp: type=1400 audit(0.0:339417): avc:
granted { execute } for
path="/data/data/com.whatsapp/files/decompressed/libs.spk.zst/libcurve25519.so"
dev="dm-11" ino=722534 scontext=u:r:untrusted_app:s0:c154,c258,c512,c768
tcontext=u:object_r:app_data_file:s0:c154,c258,c512,c768 tclass=file
app=com.whatsapp
01-23 15:54:36.272 11403 11403 W com.whatsapp: type=1400 audit(0.0:339418): avc:
granted { execute } for
path="/data/data/com.whatsapp/files/decompressed/libs.spk.zst/libwhatsapp.so"
dev="dm-11" ino=716707 scontext=u:r:untrusted_app:s0:c154,c258,c512,c768
tcontext=u:object_r:app_data_file:s0:c154,c258,c512,c768 tclass=file
app=com.whatsapp
01-23 15:54:36.272 11403 11403 W com.whatsapp: type=1400 audit(0.0:339419): avc:
granted { execute } for
path="/data/data/com.whatsapp/files/decompressed/libs.spk.zst/libwhatsapp.so"
dev="dm-11" ino=716707 scontext=u:r:untrusted_app:s0:c154,c258,c512,c768
tcontext=u:object_r:app_data_file:s0:c154,c258,c512,c768 tclass=file
app=com.whatsapp
01-23 15:54:36.411 11403 11403 W com.whatsapp: Class X.0eU failed lock verification
and will run slower.
01-23 15:54:36.411 11403 11403 W com.whatsapp: Common causes for lock verification
issues are non-optimized dex code
01-23 15:54:36.411 11403 11403 W com.whatsapp: and incorrect proguard
optimizations.
01-23 15:54:36.415 11403 11611 W com.whatsapp: Class X.2rL failed lock verification
and will run slower.
01-23 15:54:36.600 11403 11403 W com.whatsapp: Class com.whatsapp.HomeActivity
failed lock verification and will run slower.
01-23 15:54:36.854 11403 11403 E ion : ioctl c0044901 failed with code -1:
Invalid argument
01-23 15:54:36.923 11403 11403 E ArmVmp : Match on catch block at 0x0a in for 0xc5
01-23 15:54:36.951 11403 11403 E ArmVmp : Match on catch block at 0x0a in for
0x139
01-23 15:54:37.105 11403 11448 W System : ClassLoader referenced unknown path:
system/framework/mediatek-cta.jar
01-23 15:54:37.123 11403 11448 E ArmVmp : No matching catch block at 0x07
01-23 15:54:37.125 11403 11448 E ArmVmp : Match on catch block at 0x02 in for 0x29
01-23 15:54:37.143 11403 11448 W System.err: java.net.UnknownHostException: Unable
to resolve host "pastebin.com": No address associated with hostname
01-23 15:54:37.143 11403 11448 W System.err:
01-23 15:54:37.150 11403 11448 W System.err: at
java.net.Inet6AddressImpl.lookupHostByName(Inet6AddressImpl.java:156)
01-23 15:54:37.150 11403 11448 W System.err:
01-23 15:54:37.150 11403 11448 W System.err: at
java.net.Inet6AddressImpl.lookupAllHostAddr(Inet6AddressImpl.java:103)
01-23 15:54:37.150 11403 11448 W System.err:
01-23 15:54:37.151 11403 11448 W System.err: at
java.net.InetAddress.getAllByName(InetAddress.java:1152)
01-23 15:54:37.151 11403 11448 W System.err:
01-23 15:54:37.151 11403 11448 W System.err: at
com.android.okhttp.Dns$1.lookup(Dns.java:41)
01-23 15:54:37.151 11403 11448 W System.err:
01-23 15:54:37.152 11403 11448 W System.err: at
com.android.okhttp.internal.http.RouteSelector.resetNextInetSocketAddress(RouteSele
ctor.java:178)
01-23 15:54:37.152 11403 11448 W System.err:
01-23 15:54:37.152 11403 11448 W System.err: at
com.android.okhttp.internal.http.RouteSelector.nextProxy(RouteSelector.java:144)
01-23 15:54:37.153 11403 11448 W System.err:
01-23 15:54:37.153 11403 11448 W System.err: at
com.android.okhttp.internal.http.RouteSelector.next(RouteSelector.java:86)
01-23 15:54:37.156 11403 11448 W System.err:
01-23 15:54:37.157 11403 11448 W System.err: at
com.android.okhttp.internal.http.StreamAllocation.findConnection(StreamAllocation.j
ava:176)
01-23 15:54:37.161 11403 11448 W System.err:
01-23 15:54:37.162 11403 11448 W System.err: at
com.android.okhttp.internal.http.StreamAllocation.findHealthyConnection(StreamAlloc
ation.java:128)
01-23 15:54:37.162 11403 11448 W System.err:
01-23 15:54:37.164 11403 11448 W System.err: at
com.android.okhttp.internal.http.StreamAllocation.newStream(StreamAllocation.java:9
7)
01-23 15:54:37.164 11403 11448 W System.err:
01-23 15:54:37.165 11403 11448 W System.err: at
com.android.okhttp.internal.http.HttpEngine.connect(HttpEngine.java:302)
01-23 15:54:37.169 11403 11448 W System.err:
01-23 15:54:37.169 11403 11448 W System.err: at
com.android.okhttp.internal.http.HttpEngine.sendRequest(HttpEngine.java:245)
01-23 15:54:37.170 11403 11448 W System.err:
01-23 15:54:37.171 11403 11448 W System.err: at
com.android.okhttp.internal.huc.HttpURLConnectionImpl.execute(HttpURLConnectionImpl
.java:465)
01-23 15:54:37.174 11403 11448 W System.err:
01-23 15:54:37.175 11403 11448 W System.err: at
com.android.okhttp.internal.huc.HttpURLConnectionImpl.getResponse(HttpURLConnection
Impl.java:411)
01-23 15:54:37.176 11403 11448 W System.err:
01-23 15:54:37.177 11403 11448 W System.err: at
com.android.okhttp.internal.huc.HttpURLConnectionImpl.getInputStream(HttpURLConnect
ionImpl.java:248)
01-23 15:54:37.181 11403 11448 W System.err:
01-23 15:54:37.182 11403 11448 W System.err: at
com.android.okhttp.internal.huc.DelegatingHttpsURLConnection.getInputStream(Delegat
ingHttpsURLConnection.java:211)
01-23 15:54:37.186 11403 11448 W System.err:
01-23 15:54:37.187 11403 11448 W System.err: at
com.android.okhttp.internal.huc.HttpsURLConnectionImpl.getInputStream(HttpsURLConne
ctionImpl.java:30)
01-23 15:54:37.189 11403 11448 W System.err:
01-23 15:54:37.189 11403 11448 W System.err: at
java.net.URL.openStream(URL.java:1072)
01-23 15:54:37.190 11403 11448 W System.err:
01-23 15:54:37.190 11403 11448 W System.err: at
mbmodsd.mbmodsw.mbdialog.MBDialogMan.loadJsonFromUrl(Native Method)
01-23 15:54:37.190 11403 11448 W System.err:
01-23 15:54:37.191 11403 11448 W System.err: at
mbmodsd.mbmodsw.mbdialog.MBDialogMan.access$000(Native Method)
01-23 15:54:37.191 11403 11448 W System.err:
01-23 15:54:37.196 11403 11448 W System.err: at
mbmodsd.mbmodsw.mbdialog.MBDialogMan$FetchJsonTask.doInBackground(Native Method)
01-23 15:54:37.196 11403 11448 W System.err:
01-23 15:54:37.197 11403 11448 W System.err: at
mbmodsd.mbmodsw.mbdialog.MBDialogMan$FetchJsonTask.doInBackground(Native Method)
01-23 15:54:37.197 11403 11448 W System.err:
01-23 15:54:37.206 11403 11448 W System.err: at
android.os.AsyncTask$3.call(AsyncTask.java:394)
01-23 15:54:37.206 11403 11448 W System.err:
01-23 15:54:37.207 11403 11448 W System.err: at
java.util.concurrent.FutureTask.run(FutureTask.java:266)
01-23 15:54:37.207 11403 11448 W System.err:
01-23 15:54:37.208 11403 11448 W System.err: at
android.os.AsyncTask$SerialExecutor$1.run(AsyncTask.java:305)
01-23 15:54:37.208 11403 11448 W System.err:
01-23 15:54:37.209 11403 11448 W System.err: at
java.util.concurrent.ThreadPoolExecutor.runWorker(ThreadPoolExecutor.java:1167)
01-23 15:54:37.211 11403 11448 W System.err:
01-23 15:54:37.212 11403 11448 W System.err: at
java.util.concurrent.ThreadPoolExecutor$Worker.run(ThreadPoolExecutor.java:641)
01-23 15:54:37.212 11403 11448 W System.err:
01-23 15:54:37.212 11403 11448 W System.err: at
java.lang.Thread.run(Thread.java:923)
01-23 15:54:37.212 11403 11448 W System.err:
01-23 15:54:37.215 11403 11448 W System.err: Caused by:
android.system.GaiException: android_getaddrinfo failed: EAI_NODATA (No address
associated with hostname)
01-23 15:54:37.215 11403 11448 W System.err:
01-23 15:54:37.216 11403 11448 W System.err: at
libcore.io.Linux.android_getaddrinfo(Native Method)
01-23 15:54:37.217 11403 11448 W System.err:
01-23 15:54:37.221 11403 11448 W System.err: at
libcore.io.ForwardingOs.android_getaddrinfo(ForwardingOs.java:73)
01-23 15:54:37.221 11403 11448 W System.err:
01-23 15:54:37.221 11403 11448 W System.err: at
libcore.io.BlockGuardOs.android_getaddrinfo(BlockGuardOs.java:202)
01-23 15:54:37.221 11403 11448 W System.err:
01-23 15:54:37.222 11403 11448 W System.err: at
libcore.io.ForwardingOs.android_getaddrinfo(ForwardingOs.java:73)
01-23 15:54:37.222 11403 11448 W System.err:
01-23 15:54:37.223 11403 11448 W System.err: at
java.net.Inet6AddressImpl.lookupHostByName(Inet6AddressImpl.java:135)
01-23 15:54:37.223 11403 11448 W System.err:
01-23 15:54:37.224 11403 11448 W System.err: ... 27 more
01-23 15:54:37.224 11403 11448 W System.err:
01-23 15:54:37.241 11403 11403 E libc : Access denied finding property
"ro.vendor.tgpa_resolution_tuner"
01-23 15:54:37.247 11403 11403 E libc : Access denied finding property
"ro.vendor.scaler_version"
01-23 15:54:37.248 11403 11403 E libc : Access denied finding property
"ro.vendor.scaler_version"
01-23 15:54:37.347 11403 11747 W System : ClassLoader referenced unknown path:
system/framework/mediatek-cta.jar
01-23 15:54:37.780 11403 11803 E libc : Access denied finding property
"vendor.debug.drm.logv"
01-23 15:54:37.781 11403 11803 E libc : Access denied finding property
"vendor.debug.drm.logv"
01-23 15:54:37.782 11403 11803 E libc : Access denied finding property
"vendor.debug.drm.logd"
01-23 15:54:37.782 11403 11803 E libc : Access denied finding property
"vendor.debug.drm.logv"
01-23 15:54:38.720 11403 11403 E RecyclerView: No adapter attached; skipping layout
01-23 15:54:38.935 11403 11651 E ion : ioctl c0044901 failed with code -1:
Invalid argument
01-23 15:54:39.049 11403 11448 W System.err: java.lang.NullPointerException:
Attempt to invoke interface method 'void
com.transsion.log.sub.ITranLogSubManager.compulateSkipperFrame(android.os.Bundle)'
on a null object reference
