01-22 22:38:58.254 3995 3995 E libc : Access denied finding property
"ro.vendor.scaler_version"
01-22 22:38:58.255 3995 3995 E libc : Access denied finding property
"ro.vendor.scaler_version"
01-22 22:38:58.395 3995 4263 E ion : ioctl c0044901 failed with code -1:
Invalid argument
01-22 22:38:58.656 3995 3995 W FingerprintManager: sendAcquiredResult acquireInfo
= 6vendorCode = 2
01-22 22:38:58.656 3995 3995 W FingerprintManager: Invalid acquired message: 6, 2
01-22 22:38:58.657 3995 3995 W FingerprintManager: sendAcquiredResult acquireInfo
= 0vendorCode = 0
01-22 22:38:58.772 3995 3995 E ArmVmp : Match on catch block at 0x0a in for 0xd5
01-22 22:38:58.879 3995 4058 W LibraryVersion: Failed to get app version for
libraryName: firebase-iid
01-22 22:38:59.802 3995 4487 W LOTTIE : Animation contains merge paths. Merge
paths are only supported on KitKat+ and must be manually enabled by calling
enableMergePathsForKitKatAndAbove().
01-22 22:39:00.116 3995 4498 E libc : Access denied finding property
"vendor.debug.drm.logv"
01-22 22:39:00.116 3995 4498 E libc : Access denied finding property
"vendor.debug.drm.logv"
01-22 22:39:00.117 3995 4498 E libc : Access denied finding property
"vendor.debug.drm.logd"
01-22 22:39:00.117 3995 4498 E libc : Access denied finding property
"vendor.debug.drm.logv"
01-22 22:39:00.573 3995 3995 E RecyclerView: No adapter attached; skipping layout
01-22 22:39:00.675 3995 4436 W System.err: java.lang.NullPointerException:
Attempt to invoke interface method 'void
com.transsion.log.sub.ITranLogSubManager.compulateSkipperFrame(android.os.Bundle)'
on a null object reference
01-22 22:39:00.676 3995 4436 W System.err:
01-22 22:39:00.676 3995 4436 W System.err: at
android.app.ActivityThread$3.run(ActivityThread.java:8063)
01-22 22:39:00.676 3995 4436 W System.err:
01-22 22:39:00.677 3995 4436 W System.err: at
java.util.concurrent.ThreadPoolExecutor.runWorker(ThreadPoolExecutor.java:1167)
01-22 22:39:00.677 3995 4436 W System.err:
01-22 22:39:00.680 3995 4436 W System.err: at
java.util.concurrent.ThreadPoolExecutor$Worker.run(ThreadPoolExecutor.java:641)
01-22 22:39:00.680 3995 4436 W System.err:
01-22 22:39:00.680 3995 4436 W System.err: at
java.lang.Thread.run(Thread.java:923)
01-22 22:39:00.680 3995 4436 W System.err:
01-22 22:39:00.712 3995 3995 E RecyclerView: No adapter attached; skipping layout
01-22 22:39:00.756 3995 3995 W LOTTIE : Animation contains merge paths but they
are disabled.
--------- beginning of system
--------- beginning of main
01-22 22:44:25.183 6070 6070 E com.whatsapp: Not starting debugger since process
cannot load the jdwp agent.
01-22 22:44:25.352 6070 6070 W System.err: java.lang.ClassNotFoundException:
mbmodsd.mbmodsw.ui.views.btn.BtnBK
01-22 22:44:25.352 6070 6070 W System.err: at
java.lang.Runtime.nativeLoad(Native Method)
01-22 22:44:25.352 6070 6070 W System.err: at
java.lang.Runtime.nativeLoad(Runtime.java:1131)
01-22 22:44:25.352 6070 6070 W System.err: at
java.lang.Runtime.loadLibrary0(Runtime.java:1085)
01-22 22:44:25.352 6070 6070 W System.err: at
java.lang.Runtime.loadLibrary0(Runtime.java:1008)
01-22 22:44:25.352 6070 6070 W System.err: at
java.lang.System.loadLibrary(System.java:1664)
01-22 22:44:25.352 6070 6070 W System.err: at arm.EpicVm.<clinit>(Unknown
Source:2)
01-22 22:44:25.352 6070 6070 W System.err: at
java.lang.Class.newInstance(Native Method)
01-22 22:44:25.352 6070 6070 W System.err: at
android.app.AppComponentFactory.instantiateApplication(AppComponentFactory.java:76)
01-22 22:44:25.352 6070 6070 W System.err: at
androidx.core.app.CoreComponentFactory.instantiateApplication(Unknown Source:0)
01-22 22:44:25.352 6070 6070 W System.err: at
android.app.Instrumentation.newApplication(Instrumentation.java:1164)
01-22 22:44:25.352 6070 6070 W System.err: at
android.app.LoadedApk.makeApplication(LoadedApk.java:1244)
01-22 22:44:25.352 6070 6070 W System.err: at
android.app.ActivityThread.handleBindApplication(ActivityThread.java:7000)
01-22 22:44:25.352 6070 6070 W System.err: at
android.app.ActivityThread.access$1500(ActivityThread.java:257)
01-22 22:44:25.352 6070 6070 W System.err: at
android.app.ActivityThread$H.handleMessage(ActivityThread.java:2025)
01-22 22:44:25.352 6070 6070 W System.err: at
android.os.Handler.dispatchMessage(Handler.java:106)
01-22 22:44:25.352 6070 6070 W System.err: at
android.os.Looper.loop(Looper.java:268)
01-22 22:44:25.352 6070 6070 W System.err: at
android.app.ActivityThread.main(ActivityThread.java:8004)
01-22 22:44:25.353 6070 6070 W System.err: at
java.lang.reflect.Method.invoke(Native Method)
01-22 22:44:25.353 6070 6070 W System.err: at
com.android.internal.os.RuntimeInit$MethodAndArgsCaller.run(RuntimeInit.java:627)
01-22 22:44:25.353 6070 6070 W System.err: at
com.android.internal.os.ZygoteInit.main(ZygoteInit.java:997)
01-22 22:44:25.402 6070 6070 E libc : Access denied finding property
"ro.vendor.pref_scale_resolution"
01-22 22:44:25.409 6070 6070 E CustomActivityOnCrash: IMPORTANT WARNING! You
already have an UncaughtExceptionHandler, are you sure this is correct? If you use
a custom UncaughtExceptionHandler, you must initialize it AFTER
CustomActivityOnCrash! Installing anyway, but your original handler will not be
called.
01-22 22:44:25.414 6070 6094 W AsyncDrawableCache: can not found res: 2131233001,
maybe dynamic res id.
01-22 22:44:25.610 6070 6070 W com.whatsapp: Accessing hidden method
Lcom/android/org/conscrypt/OpenSSLSocketImpl;->setUseSessionTickets(Z)V (greylist-
max-q,test-api, reflection, denied)
01-22 22:44:25.610 6070 6070 W com.whatsapp: Accessing hidden method
Lcom/android/org/conscrypt/AbstractConscryptSocket;->setUseSessionTickets(Z)V
(greylist-max-q, reflection, denied)
01-22 22:44:25.665 6070 6070 W linker : Warning:
"/data/data/com.whatsapp/files/decompressed/libs.spk.zst/libc++_shared.so" unused
DT entry: unknown processor-specific (type 0x70000001 arg 0x0) (ignoring)
01-22 22:44:25.664 6070 6070 W com.whatsapp: type=1400 audit(0.0:312931): avc:
granted { execute } for
path="/data/data/com.whatsapp/files/decompressed/libs.spk.zst/libc++_shared.so"
dev="dm-11" ino=1554316 scontext=u:r:untrusted_app:s0:c154,c258,c512,c768
tcontext=u:object_r:app_data_file:s0:c154,c258,c512,c768 tclass=file
app=com.whatsapp
01-22 22:44:25.668 6070 6070 W com.whatsapp: type=1400 audit(0.0:312932): avc:
granted { execute } for
path="/data/data/com.whatsapp/files/decompressed/libs.spk.zst/libvlc.so" dev="dm-
11" ino=718158 scontext=u:r:untrusted_app:s0:c154,c258,c512,c768
tcontext=u:object_r:app_data_file:s0:c154,c258,c512,c768 tclass=file
app=com.whatsapp
01-22 22:44:25.676 6070 6070 W com.whatsapp: type=1400 audit(0.0:312933): avc:
granted { execute } for
path="/data/data/com.whatsapp/files/decompressed/libs.spk.zst/libwhatsapp.so"
dev="dm-11" ino=716707 scontext=u:r:untrusted_app:s0:c154,c258,c512,c768
tcontext=u:object_r:app_data_file:s0:c154,c258,c512,c768 tclass=file
app=com.whatsapp
01-22 22:44:25.720 6070 6070 W com.whatsapp: type=1400 audit(0.0:312934): avc:
granted { execute } for
path="/data/data/com.whatsapp/files/decompressed/libs.spk.zst/libcurve25519.so"
dev="dm-11" ino=722534 scontext=u:r:untrusted_app:s0:c154,c258,c512,c768
tcontext=u:object_r:app_data_file:s0:c154,c258,c512,c768 tclass=file
app=com.whatsapp
01-22 22:44:25.728 6070 6070 W com.whatsapp: type=1400 audit(0.0:312935): avc:
granted { execute } for
path="/data/data/com.whatsapp/files/decompressed/libs.spk.zst/libwhatsapp.so"
dev="dm-11" ino=716707 scontext=u:r:untrusted_app:s0:c154,c258,c512,c768
tcontext=u:object_r:app_data_file:s0:c154,c258,c512,c768 tclass=file
app=com.whatsapp
01-22 22:44:25.849 6070 6123 W com.whatsapp: Class X.2rL failed lock verification
and will run slower.
01-22 22:44:25.849 6070 6123 W com.whatsapp: Common causes for lock verification
issues are non-optimized dex code
01-22 22:44:25.849 6070 6123 W com.whatsapp: and incorrect proguard
optimizations.
01-22 22:44:25.850 6070 6070 W com.whatsapp: Class X.0eU failed lock verification
and will run slower.
01-22 22:44:26.061 6070 6070 W com.whatsapp: Class com.whatsapp.HomeActivity
failed lock verification and will run slower.
01-22 22:44:26.271 6070 6070 E ion : ioctl c0044901 failed with code -1:
Invalid argument
01-22 22:44:26.312 6070 6070 E ArmVmp : Match on catch block at 0x0a in for 0xc5
01-22 22:44:26.328 6070 6070 E ArmVmp : Match on catch block at 0x0a in for
0x139
01-22 22:44:26.375 6070 6138 W System : ClassLoader referenced unknown path:
system/framework/mediatek-cta.jar
01-22 22:44:26.404 6070 6094 W System : ClassLoader referenced unknown path:
system/framework/mediatek-cta.jar
01-22 22:44:26.412 6070 6138 W com.whatsapp: Accessing hidden method
Lcom/android/org/conscrypt/ConscryptEngineSocket;->setUseSessionTickets(Z)V
(greylist-max-q,test-api, reflection, denied)
01-22 22:44:26.412 6070 6138 W com.whatsapp: Accessing hidden method
Lcom/android/org/conscrypt/OpenSSLSocketImpl;->setUseSessionTickets(Z)V (greylist-
max-q,test-api, reflection, denied)
01-22 22:44:26.412 6070 6138 W com.whatsapp: Accessing hidden method
Lcom/android/org/conscrypt/AbstractConscryptSocket;->setUseSessionTickets(Z)V
(greylist-max-q, reflection, denied)
01-22 22:44:26.412 6070 6138 W com.whatsapp: Accessing hidden method
Lcom/android/org/conscrypt/ConscryptEngineSocket;->setHostname(Ljava/lang/String;)V
(greylist-max-q,test-api, reflection, denied)
01-22 22:44:26.412 6070 6138 W com.whatsapp: Accessing hidden method
Lcom/android/org/conscrypt/OpenSSLSocketImpl;->setHostname(Ljava/lang/String;)V
(greylist-max-q,test-api, reflection, denied)
01-22 22:44:26.412 6070 6138 W com.whatsapp: Accessing hidden method
Lcom/android/org/conscrypt/AbstractConscryptSocket;->setHostname(Ljava/lang/
String;)V (greylist-max-q, reflection, denied)
01-22 22:44:26.412 6070 6138 W com.whatsapp: Accessing hidden method
Lcom/android/org/conscrypt/OpenSSLSocketImpl;->setAlpnProtocols([B)V (greylist-max-
q,test-api, reflection, denied)
01-22 22:44:26.412 6070 6138 W com.whatsapp: Accessing hidden method
Lcom/android/org/conscrypt/AbstractConscryptSocket;->setAlpnProtocols([B)V
(greylist-max-q, reflection, denied)
01-22 22:44:26.485 6070 6138 W com.whatsapp: Accessing hidden method
Lcom/android/org/conscrypt/OpenSSLSocketImpl;->getAlpnSelectedProtocol()[B
(greylist-max-q,test-api, reflection, denied)
01-22 22:44:26.485 6070 6138 W com.whatsapp: Accessing hidden method
Lcom/android/org/conscrypt/AbstractConscryptSocket;->getAlpnSelectedProtocol()[B
(greylist-max-q, reflection, denied)
01-22 22:44:26.595 6070 6070 E libc : Access denied finding property
"ro.vendor.tgpa_resolution_tuner"
01-22 22:44:26.598 6070 6070 E libc : Access denied finding property
"ro.vendor.scaler_version"
01-22 22:44:26.598 6070 6070 E libc : Access denied finding property
"ro.vendor.scaler_version"
01-22 22:44:26.648 6070 6135 E ion : ioctl c0044901 failed with code -1:
Invalid argument
01-22 22:44:26.974 6070 6097 W LibraryVersion: Failed to get app version for
libraryName: firebase-iid
01-22 22:44:27.126 6070 6191 E SQLiteDatabase: Error inserting dirty_version=-1
version=0 lt_hash=null collection_name=critical_block
01-22 22:44:27.126 6070 6191 E SQLiteDatabase:
android.database.sqlite.SQLiteConstraintException: UNIQUE constraint failed:
collection_versions.collection_name (code 1555 SQLITE_CONSTRAINT_PRIMARYKEY)
01-22 22:44:27.126 6070 6191 E SQLiteDatabase: at
android.database.sqlite.SQLiteConnection.nativeExecuteForLastInsertedRowId(Native
Method)
01-22 22:44:27.126 6070 6191 E SQLiteDatabase: at
android.database.sqlite.SQLiteConnection.executeForLastInsertedRowId(SQLiteConnecti
on.java:938)
01-22 22:44:27.126 6070 6191 E SQLiteDatabase: at
android.database.sqlite.SQLiteSession.executeForLastInsertedRowId(SQLiteSession.jav
a:790)
01-22 22:44:27.126 6070 6191 E SQLiteDatabase: at
android.database.sqlite.SQLiteStatement.executeInsert(SQLiteStatement.java:88)
01-22 22:44:27.126 6070 6191 E SQLiteDatabase: at
android.database.sqlite.SQLiteDatabase.insertWithOnConflict(SQLiteDatabase.java:170
1)
01-22 22:44:27.126 6070 6191 E SQLiteDatabase: at
android.database.sqlite.SQLiteDatabase.insert(SQLiteDatabase.java:1570)
01-22 22:44:27.126 6070 6191 E SQLiteDatabase: at X.2tm.A08(Unknown
Source:6)
01-22 22:44:27.126 6070 6191 E SQLiteDatabase: at X.2sR.A03(Unknown
Source:39)
01-22 22:44:27.126 6070 6191 E SQLiteDatabase: at X.2sR.A05(Unknown
Source:14)
01-22 22:44:27.126 6070 6191 E SQLiteDatabase: at X.3eA.run(Unknown
Source:2101)
01-22 22:44:27.126 6070 6191 E SQLiteDatabase: at
java.util.concurrent.ThreadPoolExecutor.runWorker(ThreadPoolExecutor.java:1167)
01-22 22:44:27.126 6070 6191 E SQLiteDatabase: at
java.util.concurrent.ThreadPoolExecutor$Worker.run(ThreadPoolExecutor.java:641)
01-22 22:44:27.126 6070 6191 E SQLiteDatabase: at X.3gH.run(Unknown
Source:1548)
01-22 22:44:27.126 6070 6191 E SQLiteDatabase: at
java.lang.Thread.run(Thread.java:923)
01-22 22:44:27.137 6070 6070 W FingerprintManager: sendAcquiredResult acquireInfo
= 6vendorCode = 2
01-22 22:44:27.137 6070 6070 W FingerprintManager: Invalid acquired message: 6, 2
01-22 22:44:27.149 6070 6070 W FingerprintManager: sendAcquiredResult acquireInfo
= 0vendorCode = 0
01-22 22:44:27.257 6070 6070 E ArmVmp : Match on catch block at 0x0a in for 0xd5
01-22 22:44:27.352 6070 6211 E libc : Access denied finding property
"vendor.debug.drm.logv"
01-22 22:44:27.353 6070 6211 E libc : Access denied finding property
"vendor.debug.drm.logv"
01-22 22:44:27.353 6070 6211 E libc : Access denied finding property
"vendor.debug.drm.logd"
01-22 22:44:27.353 6070 6211 E libc : Access denied finding property
"vendor.debug.drm.logv"
01-22 22:44:28.034 6070 6254 W LOTTIE : Animation contains merge paths. Merge
paths are only supported on KitKat+ and must be manually enabled by calling
enableMergePathsForKitKatAndAbove().
01-22 22:44:28.514 6070 6070 E RecyclerView: No adapter attached; skipping layout
01-22 22:44:28.593 6070 6178 W System.err: java.lang.NullPointerException:
Attempt to invoke interface method 'void
com.transsion.log.sub.ITranLogSubManager.compulateSkipperFrame(android.os.Bundle)'
on a null object reference
01-22 22:44:28.593 6070 6178 W System.err:
01-22 22:44:28.593 6070 6178 W System.err: at
android.app.ActivityThread$3.run(ActivityThread.java:8063)
01-22 22:44:28.593 6070 6178 W System.err:
01-22 22:44:28.593 6070 6178 W System.err: at
java.util.concurrent.ThreadPoolExecutor.runWorker(ThreadPoolExecutor.java:1167)
01-22 22:44:28.593 6070 6178 W System.err:
01-22 22:44:28.593 6070 6178 W System.err: at
java.util.concurrent.ThreadPoolExecutor$Worker.run(ThreadPoolExecutor.java:641)
01-22 22:44:28.593 6070 6178 W System.err:
01-22 22:44:28.593 6070 6178 W System.err: at
java.lang.Thread.run(Thread.java:923)
01-22 22:44:28.593 6070 6178 W System.err:
01-22 22:44:28.626 6070 6070 E RecyclerView: No adapter attached; skipping layout
01-22 22:44:28.647 6070 6070 W LOTTIE : Animation contains merge paths but they
are disabled.
01-22 22:44:30.535 6070 6268 E RenderScript: Failed loading RS driver: dlopen
failed: library "libRSDriver_mtk.so" not found
01-22 22:44:30.535 6070 6268 E RenderScript: Failed to load runtime
libRSDriver_mtk.so, loading default
01-22 22:44:30.647 6070 6254 W LOTTIE : Unknown shape type rd
01-22 22:44:30.723 6070 6070 E ArmVmp : Match on catch block at 0x0a in for 0xc5
01-22 22:44:30.726 6070 6070 E ArmVmp : Match on catch block at 0x0a in for 0xc5
01-22 22:44:31.040 6070 6070 E ArmVmp : Match on catch block at 0xc3 in for 0xb9
01-22 22:44:31.046 6070 6070 E ArmVmp : Match on catch block at 0xc3 in for 0xb5
01-22 22:44:31.049 6070 6070 E ArmVmp : Match on catch block at 0xc3 in for 0xb5
01-22 22:44:31.099 6070 6070 E ArmVmp : Match on catch block at 0xc3 in for 0xa5
01-22 22:44:31.101 6070 6070 E ArmVmp : Match on catch block at 0xc3 in for 0xa1
01-22 22:44:31.103 6070 6070 E ArmVmp : Match on catch block at 0xc3 in for 0xa1
01-22 22:44:31.134 6070 6070 E ArmVmp : Match on catch block at 0xc3 in for 0xa9
01-22 22:44:31.136 6070 6070 E ArmVmp : Match on catch block at 0xc3 in for 0xa1
01-22 22:44:31.137 6070 6070 E ArmVmp : Match on catch block at 0xc3 in for 0xa1
01-22 22:44:31.175 6070 6070 E ArmVmp : Match on catch block at 0xc3 in for 0xa1
01-22 22:44:31.177 6070 6070 E ArmVmp : Match on catch block at 0xc3 in for 0xa5
01-22 22:44:31.178 6070 6070 E ArmVmp : Match on catch block at 0xc3 in for 0xa5
01-22 22:44:31.583 6070 6070 E ArmVmp : Match on catch block at 0xc3 in for 0xa5
01-22 22:44:31.587 6070 6070 E ArmVmp : Match on catch block at 0xc3 in for 0xa9
01-22 22:44:31.589 6070 6070 E ArmVmp : Match on catch block at 0xc3 in for 0xa9
01-22 22:44:31.600 6070 6070 E ArmVmp : Match on catch block at 0xc3 in for 0xa1
01-22 22:44:31.604 6070 6070 E ArmVmp : Match on catch block at 0xc3 in for 0xa5
01-22 22:44:31.606 6070 6070 E ArmVmp : Match on catch block at 0xc3 in for 0xa5
01-22 22:44:31.616 6070 6070 E ArmVmp : Match on catch block at 0xc3 in for 0xa9
01-22 22:44:31.620 6070 6070 E ArmVmp : Match on catch block at 0xc3 in for 0xa1
01-22 22:44:31.623 6070 6070 E ArmVmp : Match on catch block at 0xc3 in for 0xa1
01-22 22:44:31.633 6070 6070 E ArmVmp : Match on catch block at 0xc3 in for 0xa5
01-22 22:44:31.637 6070 6070 E ArmVmp : Match on catch block at 0xc3 in for 0xa9
01-22 22:44:31.639 6070 6070 E ArmVmp : Match on catch block at 0xc3 in for 0xa9
01-22 22:44:31.650 6070 6070 E ArmVmp : Match on catch block at 0xc3 in for 0xa1
01-22 22:44:31.653 6070 6070 E ArmVmp : Match on catch block at 0xc3 in for 0xa5
01-22 22:44:31.655 6070 6070 E ArmVmp : Match on catch block at 0xc3 in for 0xa5
01-22 22:44:31.666 6070 6070 E ArmVmp : Match on catch block at 0xc3 in for 0xa9
01-22 22:44:31.669 6070 6070 E ArmVmp : Match on catch block at 0xc3 in for 0xa1
01-22 22:44:31.671 6070 6070 E ArmVmp : Match on catch block at 0xc3 in for 0xa1
01-22 22:44:31.683 6070 6070 E ArmVmp : Match on catch block at 0xc3 in for 0xa5
01-22 22:44:31.686 6070 6070 E ArmVmp : Match on catch block at 0xc3 in for 0xa9
01-22 22:44:31.688 6070 6070 E ArmVmp : Match on catch block at 0xc3 in for 0xa9
01-22 22:44:31.700 6070 6070 E ArmVmp : Match on catch block at 0xc3 in for 0xa1
01-22 22:44:31.703 6070 6070 E ArmVmp : Match on catch block at 0xc3 in for 0xa5
01-22 22:44:31.705 6070 6070 E ArmVmp : Match on catch block at 0xc3 in for 0xa5
01-22 22:44:31.716 6070 6070 E ArmVmp : Match on catch block at 0xc3 in for 0xa9
01-22 22:44:31.720 6070 6070 E ArmVmp : Match on catch block at 0xc3 in for 0xa1
01-22 22:44:31.722 6070 6070 E ArmVmp : Match on catch block at 0xc3 in for 0xa1
01-22 22:44:31.733 6070 6070 E ArmVmp : Match on catch block at 0xc3 in for 0xa5
01-22 22:44:31.736 6070 6070 E ArmVmp : Match on catch block at 0xc3 in for 0xa9
01-22 22:44:31.750 6070 6070 E ArmVmp : Match on catch block at 0xc3 in for 0xa9
01-22 22:44:31.753 6070 6070 E ArmVmp : Match on catch block at 0xc3 in for 0xa1
01-22 22:44:31.755 6070 6070 E ArmVmp : Match on catch block at 0xc3 in for 0xa1
01-22 22:44:31.767 6070 6070 E ArmVmp : Match on catch block at 0xc3 in for 0xa5
01-22 22:44:31.770 6070 6070 E ArmVmp : Match on catch block at 0xc3 in for 0xa9
01-22 22:44:31.773 6070 6070 E ArmVmp : Match on catch block at 0xc3 in for 0xa9
01-22 22:44:31.783 6070 6070 E ArmVmp : Match on catch block at 0xc3 in for 0xa1
01-22 22:44:31.786 6070 6070 E ArmVmp : Match on catch block at 0xc3 in for 0xa5
01-22 22:44:31.788 6070 6070 E ArmVmp : Match on catch block at 0xc3 in for 0xa5
01-22 22:44:31.800 6070 6070 E ArmVmp : Match on catch block at 0xc3 in for 0xa9
01-22 22:44:31.803 6070 6070 E ArmVmp : Match on catch block at 0xc3 in for 0xa1
01-22 22:44:31.805 6070 6070 E ArmVmp : Match on catch block at 0xc3 in for 0xa1
01-22 22:44:31.817 6070 6070 E ArmVmp : Match on catch block at 0xc3 in for 0xa5
01-22 22:44:31.820 6070 6070 E ArmVmp : Match on catch block at 0xc3 in for 0xa9
01-22 22:44:31.822 6070 6070 E ArmVmp : Match on catch block at 0xc3 in for 0xa9
01-22 22:44:31.833 6070 6070 E ArmVmp : Match on catch block at 0xc3 in for 0xa1
01-22 22:44:31.837 6070 6070 E ArmVmp : Match on catch block at 0xc3 in for 0xa5
01-22 22:44:31.839 6070 6070 E ArmVmp : Match on catch block at 0xc3 in for 0xa5
01-22 22:44:31.850 6070 6070 E ArmVmp : Match on catch block at 0xc3 in for 0xa9
01-22 22:44:31.854 6070 6070 E ArmVmp : Match on catch block at 0xc3 in for 0xa1
01-22 22:44:31.855 6070 6070 E ArmVmp : Match on catch block at 0xc3 in for 0xa1
01-22 22:44:31.866 6070 6070 E ArmVmp : Match on catch block at 0xc3 in for 0xa5
01-22 22:44:31.870 6070 6070 E ArmVmp : Match on catch block at 0xc3 in for 0xa9
01-22 22:44:31.872 6070 6070 E ArmVmp : Match on catch block at 0xc3 in for 0xa9
01-22 22:44:31.883 6070 6070 E ArmVmp : Match on catch block at 0xc3 in for 0xa1
01-22 22:44:31.887 6070 6070 E ArmVmp : Match on catch block at 0xc3 in for 0xa5
01-22 22:44:31.889 6070 6070 E ArmVmp : Match on catch block at 0xc3 in for 0xa5
01-22 22:44:32.185 6070 6070 E ArmVmp : Match on catch block at 0xc3 in for 0xa9
01-22 22:44:32.188 6070 6070 E ArmVmp : Match on catch block at 0xc3 in for 0xa1
01-22 22:44:32.191 6070 6070 E ArmVmp : Match on catch block at 0xc3 in for 0xa1
01-22 22:44:32.685 6070 6070 E ArmVmp : Match on catch block at 0xc3 in for 0xa5
01-22 22:44:32.688 6070 6070 E ArmVmp : Match on catch block at 0xc3 in for 0xa9
01-22 22:44:32.691 6070 6070 E ArmVmp : Match on catch block at 0xc3 in for 0xa9
01-22 22:44:32.735 6070 6070 E ArmVmp : Match on catch block at 0xc3 in for 0xa1
01-22 22:44:32.738 6070 6070 E ArmVmp : Match on catch block at 0xc3 in for 0xa5
01-22 22:44:32.741 6070 6070 E ArmVmp : Match on catch block at 0xc3 in for 0xa5
01-22 22:44:32.752 6070 6070 E ArmVmp : Match on catch block at 0xc3 in for 0xa9
01-22 22:44:32.755 6070 6070 E ArmVmp : Match on catch block at 0xc3 in for 0xa1
01-22 22:44:32.757 6070 6070 E ArmVmp : Match on catch block at 0xc3 in for 0xa1
01-22 22:44:32.767 6070 6070 E ArmVmp : Match on catch block at 0xc3 in for 0xa5
01-22 22:44:32.771 6070 6070 E ArmVmp : Match on catch block at 0xc3 in for 0xa9
01-22 22:44:32.773 6070 6070 E ArmVmp : Match on catch block at 0xc3 in for 0xa9
01-22 22:44:32.784 6070 6070 E ArmVmp : Match on catch block at 0xc3 in for 0xa1
01-22 22:44:32.787 6070 6070 E ArmVmp : Match on catch block at 0xc3 in for 0xa5
01-22 22:44:32.789 6070 6070 E ArmVmp : Match on catch block at 0xc3 in for 0xa5
01-22 22:44:32.806 6070 6070 E ArmVmp : Match on catch block at 0xc3 in for 0xa9
01-22 22:44:32.809 6070 6070 E ArmVmp : Match on catch block at 0xc3 in for 0xa1
01-22 22:44:32.811 6070 6070 E ArmVmp : Match on catch block at 0xc3 in for 0xa1
01-22 22:44:32.817 6070 6070 E ArmVmp : Match on catch block at 0xc3 in for 0xa5
01-22 22:44:32.821 6070 6070 E ArmVmp : Match on catch block at 0xc3 in for 0xa9
01-22 22:44:32.823 6070 6070 E ArmVmp : Match on catch block at 0xc3 in for 0xa9
01-22 22:44:32.834 6070 6070 E ArmVmp : Match on catch block at 0xc3 in for 0xa1
01-22 22:44:32.837 6070 6070 E ArmVmp : Match on catch block at 0xc3 in for 0xa5
01-22 22:44:32.839 6070 6070 E ArmVmp : Match on catch block at 0xc3 in for 0xa5
01-22 22:44:32.851 6070 6070 E ArmVmp : Match on catch block at 0xc3 in for 0xa9
01-22 22:44:32.855 6070 6070 E ArmVmp : Match on catch block at 0xc3 in for 0xa1
01-22 22:44:32.857 6070 6070 E ArmVmp : Match on catch block at 0xc3 in for 0xa1
01-22 22:44:32.867 6070 6070 E ArmVmp : Match on catch block at 0xc3 in for 0xa5
01-22 22:44:32.871 6070 6070 E ArmVmp : Match on catch block at 0xc3 in for 0xa9
01-22 22:44:32.873 6070 6070 E ArmVmp : Match on catch block at 0xc3 in for 0xa9
01-22 22:44:32.884 6070 6070 E ArmVmp : Match on catch block at 0xc3 in for 0xa1
01-22 22:44:32.887 6070 6070 E ArmVmp : Match on catch block at 0xc3 in for 0xa5
01-22 22:44:32.889 6070 6070 E ArmVmp : Match on catch block at 0xc3 in for 0xa5
01-22 22:44:32.900 6070 6070 E ArmVmp : Match on catch block at 0xc3 in for 0xa9
01-22 22:44:32.905 6070 6070 E ArmVmp : Match on catch block at 0xc3 in for 0xa1
01-22 22:44:32.907 6070 6070 E ArmVmp : Match on catch block at 0xc3 in for 0xa1
01-22 22:44:32.917 6070 6070 E ArmVmp : Match on catch block at 0xc3 in for 0xa5
01-22 22:44:32.921 6070 6070 E ArmVmp : Match on catch block at 0xc3 in for 0xa9
01-22 22:44:32.923 6070 6070 E ArmVmp : Match on catch block at 0xc3 in for 0xa9
01-22 22:44:32.934 6070 6070 E ArmVmp : Match on catch block at 0xc3 in for 0xa1
01-22 22:44:32.937 6070 6070 E ArmVmp : Match on catch block at 0xc3 in for 0xa5
01-22 22:44:32.939 6070 6070 E ArmVmp : Match on catch block at 0xc3 in for 0xa5
01-22 22:44:32.951 6070 6070 E ArmVmp : Match on catch block at 0xc3 in for 0xa9
01-22 22:44:32.954 6070 6070 E ArmVmp : Match on catch block at 0xc3 in for 0xa1
01-22 22:44:32.957 6070 6070 E ArmVmp : Match on catch block at 0xc3 in for 0xa1
01-22 22:44:32.967 6070 6070 E ArmVmp : Match on catch block at 0xc3 in for 0xa5
01-22 22:44:32.971 6070 6070 E ArmVmp : Match on catch block at 0xc3 in for 0xa9
01-22 22:44:32.973 6070 6070 E ArmVmp : Match on catch block at 0xc3 in for 0xa9
01-22 22:44:32.984 6070 6070 E ArmVmp : Match on catch block at 0xc3 in for 0xa1
01-22 22:44:32.988 6070 6070 E ArmVmp : Match on catch block at 0xc3 in for 0xa5
01-22 22:44:32.991 6070 6070 E ArmVmp : Match on catch block at 0xc3 in for 0xa5
01-22 22:44:33.184 6070 6070 E ArmVmp : Match on catch block at 0xc3 in for 0xa9
01-22 22:44:33.187 6070 6070 E ArmVmp : Match on catch block at 0xc3 in for 0xa1
01-22 22:44:33.189 6070 6070 E ArmVmp : Match on catch block at 0xc3 in for 0xa1
01-22 22:44:33.684 6070 6070 E ArmVmp : Match on catch block at 0xc3 in for 0xa5
01-22 22:44:33.688 6070 6070 E ArmVmp : Match on catch block at 0xc3 in for 0xa9
01-22 22:44:33.690 6070 6070 E ArmVmp : Match on catch block at 0xc3 in for 0xa9
01-22 22:44:33.832 6070 6070 E ArmVmp : Match on catch block at 0xc3 in for 0xa9
01-22 22:44:33.836 6070 6070 E ArmVmp : Match on catch block at 0xc3 in for 0xa1
01-22 22:44:33.839 6070 6070 E ArmVmp : Match on catch block at 0xc3 in for 0xa1
01-22 22:44:33.845 6070 6070 E ArmVmp : Match on catch block at 0xc3 in for 0xa5
01-22 22:44:33.848 6070 6070 E ArmVmp : Match on catch block at 0xc3 in for 0xa9
01-22 22:44:33.850 6070 6070 E ArmVmp : Match on catch block at 0xc3 in for 0xa9
01-22 22:44:34.024 6070 6070 E ArmVmp : Match on catch block at 0xc3 in for 0xa1
01-22 22:44:34.027 6070 6070 E ArmVmp : Match on catch block at 0xc3 in for 0xa5
01-22 22:44:34.028 6070 6070 E ArmVmp : Match on catch block at 0xc3 in for 0xa5
01-22 22:44:34.044 6070 6070 E ArmVmp : Match on catch block at 0xc3 in for 0xa9
01-22 22:44:34.046 6070 6070 E ArmVmp : Match on catch block at 0xc3 in for 0xa1
01-22 22:44:34.047 6070 6070 E ArmVmp : Match on catch block at 0xc3 in for 0xa1
01-22 22:44:34.183 6070 6070 E ArmVmp : Match on catch block at 0xc3 in for 0xa5
01-22 22:44:34.186 6070 6070 E ArmVmp : Match on catch block at 0xc3 in for 0xa9
01-22 22:44:34.187 6070 6070 E ArmVmp : Match on catch block at 0xc3 in for 0xa9
01-22 22:44:34.685 6070 6070 E ArmVmp : Match on catch block at 0xc3 in for 0xa1
01-22 22:44:34.688 6070 6070 E ArmVmp : Match on catch block at 0xc3 in for 0xa5
01-22 22:44:34.690 6070 6070 E ArmVmp : Match on catch block at 0xc3 in for 0xa5
01-22 22:44:34.839 6070 6070 E ArmVmp : Match on catch block at 0xc3 in for 0xa5
01-22 22:44:34.842 6070 6070 E ArmVmp : Match on catch block at 0xc3 in for 0xa9
01-22 22:44:34.845 6070 6070 E ArmVmp : Match on catch block at 0xc3 in for 0xa9
01-22 22:44:34.866 6070 6070 E ArmVmp : Match on catch block at 0xc3 in for 0xa9
01-22 22:44:34.869 6070 6070 E ArmVmp : Match on catch block at 0xc3 in for 0xa1
01-22 22:44:34.872 6070 6070 E ArmVmp : Match on catch block at 0xc3 in for 0xa1
01-22 22:44:34.885 6070 6070 E ArmVmp : Match on catch block at 0xc3 in for 0xa5
01-22 22:44:34.889 6070 6070 E ArmVmp : Match on catch block at 0xc3 in for 0xa9
01-22 22:44:34.892 6070 6070 E ArmVmp : Match on catch block at 0xc3 in for 0xa9
01-22 22:44:34.902 6070 6070 E ArmVmp : Match on catch block at 0xc3 in for 0xa1
01-22 22:44:34.906 6070 6070 E ArmVmp : Match on catch block at 0xc3 in for 0xa5
01-22 22:44:34.910 6070 6070 E ArmVmp : Match on catch block at 0xc3 in for 0xa5
01-22 22:44:34.921 6070 6070 E ArmVmp : Match on catch block at 0xc3 in for 0xa9
01-22 22:44:34.925 6070 6070 E ArmVmp : Match on catch block at 0xc3 in for 0xa1
01-22 22:44:34.927 6070 6070 E ArmVmp : Match on catch block at 0xc3 in for 0xa1
01-22 22:44:34.935 6070 6070 E ArmVmp : Match on catch block at 0xc3 in for 0xa5
01-22 22:44:34.938 6070 6070 E ArmVmp : Match on catch block at 0xc3 in for 0xa9
01-22 22:44:34.941 6070 6070 E ArmVmp : Match on catch block at 0xc3 in for 0xa9
01-22 22:44:34.953 6070 6070 E ArmVmp : Match on catch block at 0xc3 in for 0xa1
01-22 22:44:34.956 6070 6070 E ArmVmp : Match on catch block at 0xc3 in for 0xa5
01-22 22:44:34.959 6070 6070 E ArmVmp : Match on catch block at 0xc3 in for 0xa5
01-22 22:44:34.967 6070 6070 E ArmVmp : Match on catch block at 0xc3 in for 0xa9
01-22 22:44:34.970 6070 6070 E ArmVmp : Match on catch block at 0xc3 in for 0xa1
01-22 22:44:34.972 6070 6070 E ArmVmp : Match on catch block at 0xc3 in for 0xa1
01-22 22:44:34.984 6070 6070 E ArmVmp : Match on catch block at 0xc3 in for 0xa5
01-22 22:44:34.986 6070 6070 E ArmVmp : Match on catch block at 0xc3 in for 0xa9
01-22 22:44:34.988 6070 6070 E ArmVmp : Match on catch block at 0xc3 in for 0xa9
01-22 22:44:35.000 6070 6070 E ArmVmp : Match on catch block at 0xc3 in for 0xa1
01-22 22:44:35.004 6070 6070 E ArmVmp : Match on catch block at 0xc3 in for 0xa5
01-22 22:44:35.006 6070 6070 E ArmVmp : Match on catch block at 0xc3 in for 0xa5
01-22 22:44:35.017 6070 6070 E ArmVmp : Match on catch block at 0xc3 in for 0xa9
01-22 22:44:35.020 6070 6070 E ArmVmp : Match on catch block at 0xc3 in for 0xa1
01-22 22:44:35.022 6070 6070 E ArmVmp : Match on catch block at 0xc3 in for 0xa1
01-22 22:44:35.034 6070 6070 E ArmVmp : Match on catch block at 0xc3 in for 0xa5
01-22 22:44:35.037 6070 6070 E ArmVmp : Match on catch block at 0xc3 in for 0xa9
01-22 22:44:35.038 6070 6070 E ArmVmp : Match on catch block at 0xc3 in for 0xa9
01-22 22:44:35.454 6070 6070 E ArmVmp : Match on catch block at 0xc3 in for 0xa5
01-22 22:44:35.458 6070 6070 E ArmVmp : Match on catch block at 0xc3 in for 0xa9
01-22 22:44:35.459 6070 6070 E ArmVmp : Match on catch block at 0xc3 in for 0xa9
01-22 22:44:35.473 6070 6070 E ArmVmp : Match on catch block at 0xc3 in for 0xa5
01-22 22:44:35.476 6070 6070 E ArmVmp : Match on catch block at 0xc3 in for 0xa9
01-22 22:44:35.477 6070 6070 E ArmVmp : Match on catch block at 0xc3 in for 0xa9
01-22 22:44:35.484 6070 6070 E ArmVmp : Match on catch block at 0xc3 in for 0xa1
01-22 22:44:35.487 6070 6070 E ArmVmp : Match on catch block at 0xc3 in for 0xa5
01-22 22:44:35.488 6070 6070 E ArmVmp : Match on catch block at 0xc3 in for 0xa5
01-22 22:44:35.500 6070 6070 E ArmVmp : Match on catch block at 0xc3 in for 0xa9
01-22 22:44:35.502 6070 6070 E ArmVmp : Match on catch block at 0xc3 in for 0xa1
01-22 22:44:35.505 6070 6070 E ArmVmp : Match on catch block at 0xc3 in for 0xa1
01-22 22:44:35.517 6070 6070 E ArmVmp : Match on catch block at 0xc3 in for 0xa5
01-22 22:44:35.519 6070 6070 E ArmVmp : Match on catch block at 0xc3 in for 0xa9
01-22 22:44:35.520 6070 6070 E ArmVmp : Match on catch block at 0xc3 in for 0xa9
01-22 22:44:35.532 6070 6070 W Choreographer: Frame time is 0.147485 now =
376096596018229 timestampNanos = 376096596165714 ms in the future! Check that
graphics HAL is generating vsync timestamps using the correct timebase.
01-22 22:44:35.533 6070 6070 E ArmVmp : Match on catch block at 0xc3 in for 0xa1
01-22 22:44:35.536 6070 6070 E ArmVmp : Match on catch block at 0xc3 in for 0xa5
01-22 22:44:35.537 6070 6070 E ArmVmp : Match on catch block at 0xc3 in for 0xa5
01-22 22:44:35.550 6070 6070 E ArmVmp : Match on catch block at 0xc3 in for 0xa9
01-22 22:44:35.553 6070 6070 E ArmVmp : Match on catch block at 0xc3 in for 0xa1
01-22 22:44:35.554 6070 6070 E ArmVmp : Match on catch block at 0xc3 in for 0xa1
01-22 22:44:35.567 6070 6070 E ArmVmp : Match on catch block at 0xc3 in for 0xa5
01-22 22:44:35.569 6070 6070 E ArmVmp : Match on catch block at 0xc3 in for 0xa9
01-22 22:44:35.571 6070 6070 E ArmVmp : Match on catch block at 0xc3 in for 0xa9
01-22 22:44:35.586 6070 6070 E ArmVmp : Match on catch block at 0xc3 in for 0xa1
01-22 22:44:35.589 6070 6070 E ArmVmp : Match on catch block at 0xc3 in for 0xa5
01-22 22:44:35.591 6070 6070 E ArmVmp : Match on catch block at 0xc3 in for 0xa5
01-22 22:44:35.601 6070 6070 E ArmVmp : Match on catch block at 0xc3 in for 0xa9
01-22 22:44:35.603 6070 6070 E ArmVmp : Match on catch block at 0xc3 in for 0xa1
01-22 22:44:35.604 6070 6070 E ArmVmp : Match on catch block at 0xc3 in for 0xa1
01-22 22:44:35.617 6070 6070 E ArmVmp : Match on catch block at 0xc3 in for 0xa5
01-22 22:44:35.620 6070 6070 E ArmVmp : Match on catch block at 0xc3 in for 0xa9
01-22 22:44:35.621 6070 6070 E ArmVmp : Match on catch block at 0xc3 in for 0xa9
01-22 22:44:35.634 6070 6070 E ArmVmp : Match on catch block at 0xc3 in for 0xa1
01-22 22:44:35.636 6070 6070 E ArmVmp : Match on catch block at 0xc3 in for 0xa5
01-22 22:44:35.638 6070 6070 E ArmVmp : Match on catch block at 0xc3 in for 0xa5
01-22 22:44:35.651 6070 6070 E ArmVmp : Match on catch block at 0xc3 in for 0xa9
01-22 22:44:35.653 6070 6070 E ArmVmp : Match on catch block at 0xc3 in for 0xa1
01-22 22:44:35.654 6070 6070 E ArmVmp : Match on catch block at 0xc3 in for 0xa1
01-22 22:44:35.667 6070 6070 E ArmVmp : Match on catch block at 0xc3 in for 0xa5
01-22 22:44:35.669 6070 6070 E ArmVmp : Match on catch block at 0xc3 in for 0xa9
01-22 22:44:35.671 6070 6070 E ArmVmp : Match on catch block at 0xc3 in for 0xa9
01-22 22:44:35.684 6070 6070 E ArmVmp : Match on catch block at 0xc3 in for 0xa1
01-22 22:44:35.686 6070 6070 E ArmVmp : Match on catch block at 0xc3 in for 0xa5
01-22 22:44:35.688 6070 6070 E ArmVmp : Match on catch block at 0xc3 in for 0xa5
01-22 22:44:35.701 6070 6070 E ArmVmp : Match on catch block at 0xc3 in for 0xa9
01-22 22:44:35.703 6070 6070 E ArmVmp : Match on catch block at 0xc3 in for 0xa1
01-22 22:44:35.704 6070 6070 E ArmVmp : Match on catch block at 0xc3 in for 0xa1
01-22 22:44:35.717 6070 6070 E ArmVmp : Match on catch block at 0xc3 in for 0xa5
01-22 22:44:35.719 6070 6070 E ArmVmp : Match on catch block at 0xc3 in for 0xa9
01-22 22:44:35.721 6070 6070 E ArmVmp : Match on catch block at 0xc3 in for 0xa9
01-22 22:44:35.734 6070 6070 E ArmVmp : Match on catch block at 0xc3 in for 0xa1
01-22 22:44:35.736 6070 6070 E ArmVmp : Match on catch block at 0xc3 in for 0xa5
01-22 22:44:35.738 6070 6070 E ArmVmp : Match on catch block at 0xc3 in for 0xa5
01-22 22:44:35.751 6070 6070 E ArmVmp : Match on catch block at 0xc3 in for 0xa9
01-22 22:44:35.753 6070 6070 E ArmVmp : Match on catch block at 0xc3 in for 0xa1
01-22 22:44:35.754 6070 6070 E ArmVmp : Match on catch block at 0xc3 in for 0xa1
01-22 22:44:35.767 6070 6070 E ArmVmp : Match on catch block at 0xc3 in for 0xa5
01-22 22:44:35.769 6070 6070 E ArmVmp : Match on catch block at 0xc3 in for 0xa9
01-22 22:44:35.771 6070 6070 E ArmVmp : Match on catch block at 0xc3 in for 0xa9
01-22 22:44:35.784 6070 6070 E ArmVmp : Match on catch block at 0xc3 in for 0xa1
01-22 22:44:35.788 6070 6070 E ArmVmp : Match on catch block at 0xc3 in for 0xa5
01-22 22:44:35.789 6070 6070 E ArmVmp : Match on catch block at 0xc3 in for 0xa5
01-22 22:44:35.801 6070 6070 E ArmVmp : Match on catch block at 0xc3 in for 0xa9
01-22 22:44:35.803 6070 6070 E ArmVmp : Match on catch block at 0xc3 in for 0xa1
01-22 22:44:35.804 6070 6070 E ArmVmp : Match on catch block at 0xc3 in for 0xa1
01-22 22:44:35.817 6070 6070 E ArmVmp : Match on catch block at 0xc3 in for 0xa5
01-22 22:44:35.820 6070 6070 E ArmVmp : Match on catch block at 0xc3 in for 0xa9
01-22 22:44:35.821 6070 6070 E ArmVmp : Match on catch block at 0xc3 in for 0xa9
01-22 22:44:35.834 6070 6070 E ArmVmp : Match on catch block at 0xc3 in for 0xa1
01-22 22:44:35.836 6070 6070 E ArmVmp : Match on catch block at 0xc3 in for 0xa5
01-22 22:44:35.838 6070 6070 E ArmVmp : Match on catch block at 0xc3 in for 0xa5
01-22 22:44:35.851 6070 6070 E ArmVmp : Match on catch block at 0xc3 in for 0xa9
01-22 22:44:35.853 6070 6070 E ArmVmp : Match on catch block at 0xc3 in for 0xa1
01-22 22:44:35.854 6070 6070 E ArmVmp : Match on catch block at 0xc3 in for 0xa1
01-22 22:44:35.867 6070 6070 E ArmVmp : Match on catch block at 0xc3 in for 0xa5
01-22 22:44:35.870 6070 6070 E ArmVmp : Match on catch block at 0xc3 in for 0xa9
01-22 22:44:35.871 6070 6070 E ArmVmp : Match on catch block at 0xc3 in for 0xa9
01-22 22:44:35.884 6070 6070 E ArmVmp : Match on catch block at 0xc3 in for 0xa1
01-22 22:44:35.886 6070 6070 E ArmVmp : Match on catch block at 0xc3 in for 0xa5
01-22 22:44:35.888 6070 6070 E ArmVmp : Match on catch block at 0xc3 in for 0xa5
01-22 22:44:35.985 6070 6070 E ArmVmp : Match on catch block at 0xc3 in for 0xa9
01-22 22:44:35.988 6070 6070 E ArmVmp : Match on catch block at 0xc3 in for 0xa1
01-22 22:44:35.990 6070 6070 E ArmVmp : Match on catch block at 0xc3 in for 0xa1
01-22 22:44:36.234 6070 6070 E ArmVmp : Match on catch block at 0xc3 in for 0xa5
01-22 22:44:36.236 6070 6070 E ArmVmp : Match on catch block at 0xc3 in for 0xa9
01-22 22:44:36.239 6070 6070 E ArmVmp : Match on catch block at 0xc3 in for 0xa9
01-22 22:44:36.736 6070 6070 E ArmVmp : Match on catch block at 0xc3 in for 0xa1
01-22 22:44:36.738 6070 6070 E ArmVmp : Match on catch block at 0xc3 in for 0xa5
01-22 22:44:36.739 6070 6070 E ArmVmp : Match on catch block at 0xc3 in for 0xa5
01-22 22:44:36.806 6070 6070 E ArmVmp : Match on catch block at 0xc3 in for 0xa5
01-22 22:44:36.810 6070 6070 E ArmVmp : Match on catch block at 0xc3 in for 0xa9
01-22 22:44:36.812 6070 6070 E ArmVmp : Match on catch block at 0xc3 in for 0xa9
01-22 22:44:36.819 6070 6070 E ArmVmp : Match on catch block at 0xc3 in for 0xa1
01-22 22:44:36.822 6070 6070 E ArmVmp : Match on catch block at 0xc3 in for 0xa5
01-22 22:44:36.825 6070 6070 E ArmVmp : Match on catch block at 0xc3 in for 0xa5
01-22 22:44:36.835 6070 6070 E ArmVmp : Match on catch block at 0xc3 in for 0xa9
01-22 22:44:36.837 6070 6070 E ArmVmp : Match on catch block at 0xc3 in for 0xa1
01-22 22:44:36.838 6070 6070 E ArmVmp : Match on catch block at 0xc3 in for 0xa1
01-22 22:44:36.851 6070 6070 E ArmVmp : Match on catch block at 0xc3 in for 0xa5
01-22 22:44:36.854 6070 6070 E ArmVmp : Match on catch block at 0xc3 in for 0xa9
01-22 22:44:36.855 6070 6070 E ArmVmp : Match on catch block at 0xc3 in for 0xa9
01-22 22:44:36.869 6070 6070 E ArmVmp : Match on catch block at 0xc3 in for 0xa1
01-22 22:44:36.872 6070 6070 E ArmVmp : Match on catch block at 0xc3 in for 0xa5
01-22 22:44:36.874 6070 6070 E ArmVmp : Match on catch block at 0xc3 in for 0xa5
01-22 22:44:36.886 6070 6070 E ArmVmp : Match on catch block at 0xc3 in for 0xa9
01-22 22:44:36.889 6070 6070 E ArmVmp : Match on catch block at 0xc3 in for 0xa1
01-22 22:44:36.891 6070 6070 E ArmVmp : Match on catch block at 0xc3 in for 0xa1
01-22 22:44:36.902 6070 6070 E ArmVmp : Match on catch block at 0xc3 in for 0xa5
01-22 22:44:36.905 6070 6070 E ArmVmp : Match on catch block at 0xc3 in for 0xa9
01-22 22:44:36.908 6070 6070 E ArmVmp : Match on catch block at 0xc3 in for 0xa9
01-22 22:44:36.921 6070 6070 E ArmVmp : Match on catch block at 0xc3 in for 0xa1
01-22 22:44:36.925 6070 6070 E ArmVmp : Match on catch block at 0xc3 in for 0xa5
01-22 22:44:36.927 6070 6070 E ArmVmp : Match on catch block at 0xc3 in for 0xa5
01-22 22:44:36.935 6070 6070 E ArmVmp : Match on catch block at 0xc3 in for 0xa9
01-22 22:44:36.938 6070 6070 E ArmVmp : Match on catch block at 0xc3 in for 0xa1
01-22 22:44:36.941 6070 6070 E ArmVmp : Match on catch block at 0xc3 in for 0xa1
01-22 22:44:36.952 6070 6070 E ArmVmp : Match on catch block at 0xc3 in for 0xa5
01-22 22:44:36.955 6070 6070 E ArmVmp : Match on catch block at 0xc3 in for 0xa9
01-22 22:44:36.968 6070 6070 E ArmVmp : Match on catch block at 0xc3 in for 0xa9
01-22 22:44:36.970 6070 6070 E ArmVmp : Match on catch block at 0xc3 in for 0xa1
01-22 22:44:36.971 6070 6070 E ArmVmp : Match on catch block at 0xc3 in for 0xa1
01-22 22:44:36.985 6070 6070 E ArmVmp : Match on catch block at 0xc3 in for 0xa9
01-22 22:44:36.988 6070 6070 E ArmVmp : Match on catch block at 0xc3 in for 0xa1
01-22 22:44:36.990 6070 6070 E ArmVmp : Match on catch block at 0xc3 in for 0xa1
01-22 22:44:37.001 6070 6070 E ArmVmp : Match on catch block at 0xc3 in for 0xa5
01-22 22:44:37.004 6070 6070 E ArmVmp : Match on catch block at 0xc3 in for 0xa9
01-22 22:44:37.006 6070 6070 E ArmVmp : Match on catch block at 0xc3 in for 0xa9
01-22 22:44:37.302 6070 6070 E ArmVmp : Match on catch block at 0xc3 in for 0xa1
01-22 22:44:37.305 6070 6070 E ArmVmp : Match on catch block at 0xc3 in for 0xa5
01-22 22:44:37.308 6070 6070 E ArmVmp : Match on catch block at 0xc3 in for 0xa5
01-22 22:44:37.496 6070 6070 E ArmVmp : Match on catch block at 0xc3 in for 0xa9
01-22 22:44:37.499 6070 6070 E ArmVmp : Match on catch block at 0xc3 in for 0xa1
01-22 22:44:37.502 6070 6070 E ArmVmp : Match on catch block at 0xc3 in for 0xa1
01-22 22:44:37.513 6070 6070 E ArmVmp : Match on catch block at 0xc3 in for 0xa5
01-22 22:44:37.515 6070 6070 E ArmVmp : Match on catch block at 0xc3 in for 0xa9
01-22 22:44:37.516 6070 6070 E ArmVmp : Match on catch block at 0xc3 in for 0xa9
01-22 22:44:37.802 6070 6070 E ArmVmp : Match on catch block at 0xc3 in for 0xa1
01-22 22:44:37.805 6070 6070 E ArmVmp : Match on catch block at 0xc3 in for 0xa5
01-22 22:44:37.807 6070 6070 E ArmVmp : Match on catch block at 0xc3 in for 0xa5
01-22 22:44:38.102 6070 6070 E ArmVmp : Match on catch block at 0xc3 in for 0xa9
01-22 22:44:38.104 6070 6070 E ArmVmp : Match on catch block at 0xc3 in for 0xa1
01-22 22:44:38.106 6070 6070 E ArmVmp : Match on catch block at 0xc3 in for 0xa1
01-22 22:44:38.138 6070 6070 E ArmVmp : Match on catch block at 0xc3 in for 0xa5
01-22 22:44:38.140 6070 6070 E ArmVmp : Match on catch block at 0xc3 in for 0xa9
01-22 22:44:38.141 6070 6070 E ArmVmp : Match on catch block at 0xc3 in for 0xa9
01-22 22:44:38.185 6070 6070 E ArmVmp : Match on catch block at 0xc3 in for 0xa5
01-22 22:44:38.188 6070 6070 E ArmVmp : Match on catch block at 0xc3 in for 0xa9
01-22 22:44:38.254 6070 6070 E ArmVmp : Match on catch block at 0xc3 in for 0xa9
01-22 22:44:38.256 6070 6070 E ArmVmp : Match on catch block at 0xc3 in for 0xa1
01-22 22:44:38.273 6070 6070 E ArmVmp : Match on catch block at 0xc3 in for 0xa1
01-22 22:44:38.275 6070 6070 E ArmVmp : Match on catch block at 0xc3 in for 0xa5
01-22 22:44:38.287 6070 6070 E ArmVmp : Match on catch block at 0xc3 in for 0xa9
01-22 22:44:38.289 6070 6070 E ArmVmp : Match on catch block at 0xc3 in for 0xa1
01-22 22:44:38.302 6070 6070 E ArmVmp : Match on catch block at 0xc3 in for 0xa9
01-22 22:44:38.304 6070 6070 E ArmVmp : Match on catch block at 0xc3 in for 0xa1
01-22 22:44:38.318 6070 6070 E ArmVmp : Match on catch block at 0xc3 in for 0xa9
01-22 22:44:38.321 6070 6070 E ArmVmp : Match on catch block at 0xc3 in for 0xa1
01-22 22:44:38.335 6070 6070 E ArmVmp : Match on catch block at 0xc3 in for 0xa9
01-22 22:44:38.337 6070 6070 E ArmVmp : Match on catch block at 0xc3 in for 0xa1
01-22 22:44:38.455 6070 6070 E ArmVmp : Match on catch block at 0xc3 in for 0xa1
01-22 22:44:38.457 6070 6070 E ArmVmp : Match on catch block at 0xc3 in for 0xa5
01-22 22:44:38.468 6070 6070 E ArmVmp : Match on catch block at 0xc3 in for 0xa9
01-22 22:44:38.470 6070 6070 E ArmVmp : Match on catch block at 0xc3 in for 0xa1
01-22 22:44:38.471 6070 6145 W MediaPlayer: Use of stream types is deprecated for
operations other than volume control
01-22 22:44:38.471 6070 6145 W MediaPlayer: See the documentation of
setAudioStreamType() for what to use instead with android.media.AudioAttributes to
qualify your playback use case
01-22 22:44:38.489 6070 6070 E ArmVmp : Match on catch block at 0xc3 in for 0xa1
01-22 22:44:38.490 6070 6070 E ArmVmp : Match on catch block at 0xc3 in for 0xa5
01-22 22:44:38.502 6070 6070 E ArmVmp : Match on catch block at 0xc3 in for 0xa1
01-22 22:44:38.503 6070 6070 E ArmVmp : Match on catch block at 0xc3 in for 0xa5
01-22 22:44:38.568 6070 6070 E ArmVmp : Match on catch block at 0xc3 in for 0xa1
01-22 22:44:38.570 6070 6070 E ArmVmp : Match on catch block at 0xc3 in for 0xa5
01-22 22:44:38.678 6070 6070 E ArmVmp : Match on catch block at 0xc3 in for 0xa1
01-22 22:44:38.681 6070 6070 E ArmVmp : Match on catch block at 0xc3 in for 0xa5
01-22 22:44:38.707 6070 6085 W System : A resource failed to call release.
01-22 22:44:38.750 6070 6070 W Choreographer: Frame time is 0.17248599 now =
376099813644998 timestampNanos = 376099813817484 ms in the future! Check that
graphics HAL is generating vsync timestamps using the correct timebase.
01-22 22:44:43.807 6070 6070 E ArmVmp : Match on catch block at 0x0a in for 0xc1
01-22 22:44:43.809 6070 6070 E ArmVmp : Match on catch block at 0x0a in for 0xc9
01-22 22:44:43.940 6070 6070 W MessageThumbsTh: type=1400 audit(0.0:312948): avc:
denied { search } for name="ppm" dev="proc" ino=4026531935
scontext=u:r:untrusted_app:s0:c154,c258,c512,c768 tcontext=u:object_r:proc_ppm:s0
tclass=dir permissive=0 app=com.whatsapp
01-22 22:44:43.944 6070 6070 W MessageThumbsTh: type=1400 audit(0.0:312949): avc:
denied { search } for name="ppm" dev="proc" ino=4026531935
scontext=u:r:untrusted_app:s0:c154,c258,c512,c768 tcontext=u:object_r:proc_ppm:s0
tclass=dir permissive=0 app=com.whatsapp
01-22 22:44:43.989 6070 6070 W View : requestLayout() improperly called by
X.4rg{f48ffe V.E....L. ......ID 0,599-720,1323} during layout: running second
layout pass
01-22 22:44:43.989 6070 6070 W View : requestLayout() improperly called by
android.widget.LinearLayout{874e35f V.E...... ......ID 223,10-691,714 #7f0b0e50
app:id/main_layout} during layout: running second layout pass
01-22 22:44:43.989 6070 6070 W View : requestLayout() improperly called by
com.whatsapp.conversation.conversationrow.ConversationRowImage$RowImageView{185f1ac
VFED..CL. ......ID 8,8-460,641 #7f0b0c84 app:id/image} during layout: running
second layout pass
01-22 22:44:43.995 6070 6070 E ArmVmp : Match on catch block at 0xc3 in for 0xb5
01-22 22:44:43.999 6070 6070 E ArmVmp : Match on catch block at 0xc3 in for 0xb5
01-22 22:44:44.079 6070 6070 E ArmVmp : Match on catch block at 0xc3 in for 0xa1
01-22 22:44:44.082 6070 6070 E ArmVmp : Match on catch block at 0xc3 in for 0xa5
01-22 22:44:44.095 6070 6070 W View : requestLayout() improperly called by
X.4rg{f48ffe V.E....L. ........ 0,599-720,1323} during second layout pass: posting
in next frame
01-22 22:44:44.096 6070 6070 W View : requestLayout() improperly called by
android.widget.LinearLayout{874e35f V.E...... ........ 223,10-691,714 #7f0b0e50
app:id/main_layout} during second layout pass: posting in next frame
01-22 22:44:44.108 6070 6070 E ArmVmp : Match on catch block at 0xc3 in for 0xa9
01-22 22:44:44.110 6070 6070 E ArmVmp : Match on catch block at 0xc3 in for 0xa1
01-22 22:44:44.141 6070 6070 E ArmVmp : Match on catch block at 0xc3 in for 0xa5
01-22 22:44:44.143 6070 6070 E ArmVmp : Match on catch block at 0xc3 in for 0xa9
01-22 22:44:44.637 6070 6070 E ArmVmp : Match on catch block at 0xc3 in for 0xa9
01-22 22:44:44.641 6070 6070 E ArmVmp : Match on catch block at 0xc3 in for 0xa1
01-22 22:44:44.654 6070 6070 E ArmVmp : Match on catch block at 0xc3 in for 0xa1
01-22 22:44:44.657 6070 6070 E ArmVmp : Match on catch block at 0xc3 in for 0xa5
01-22 22:44:44.671 6070 6070 E ArmVmp : Match on catch block at 0xc3 in for 0xa5
01-22 22:44:44.674 6070 6070 E ArmVmp : Match on catch block at 0xc3 in for 0xa9
01-22 22:44:44.687 6070 6070 E ArmVmp : Match on catch block at 0xc3 in for 0xa9
01-22 22:44:44.690 6070 6070 E ArmVmp : Match on catch block at 0xc3 in for 0xa1
01-22 22:44:44.704 6070 6070 E ArmVmp : Match on catch block at 0xc3 in for 0xa1
01-22 22:44:44.708 6070 6070 E ArmVmp : Match on catch block at 0xc3 in for 0xa5
01-22 22:44:44.721 6070 6070 E ArmVmp : Match on catch block at 0xc3 in for 0xa5
01-22 22:44:44.724 6070 6070 E ArmVmp : Match on catch block at 0xc3 in for 0xa9
01-22 22:44:44.738 6070 6070 E ArmVmp : Match on catch block at 0xc3 in for 0xa9
01-22 22:44:44.741 6070 6070 E ArmVmp : Match on catch block at 0xc3 in for 0xa1
01-22 22:44:44.754 6070 6070 E ArmVmp : Match on catch block at 0xc3 in for 0xa1
01-22 22:44:44.758 6070 6070 E ArmVmp : Match on catch block at 0xc3 in for 0xa5
01-22 22:44:44.771 6070 6070 E ArmVmp : Match on catch block at 0xc3 in for 0xa5
01-22 22:44:44.775 6070 6070 E ArmVmp : Match on catch block at 0xc3 in for 0xa9
01-22 22:44:44.788 6070 6070 E ArmVmp : Match on catch block at 0xc3 in for 0xa9
01-22 22:44:44.791 6070 6070 E ArmVmp : Match on catch block at 0xc3 in for 0xa1
01-22 22:44:44.804 6070 6070 E ArmVmp : Match on catch block at 0xc3 in for 0xa1
01-22 22:44:44.807 6070 6070 E ArmVmp : Match on catch block at 0xc3 in for 0xa5
01-22 22:44:44.821 6070 6070 E ArmVmp : Match on catch block at 0xc3 in for 0xa5
01-22 22:44:44.824 6070 6070 E ArmVmp : Match on catch block at 0xc3 in for 0xa9
01-22 22:44:44.837 6070 6070 E ArmVmp : Match on catch block at 0xc3 in for 0xa9
01-22 22:44:44.841 6070 6070 E ArmVmp : Match on catch block at 0xc3 in for 0xa1
01-22 22:44:44.854 6070 6070 E ArmVmp : Match on catch block at 0xc3 in for 0xa1
01-22 22:44:44.857 6070 6070 E ArmVmp : Match on catch block at 0xc3 in for 0xa5
01-22 22:44:44.871 6070 6070 E ArmVmp : Match on catch block at 0xc3 in for 0xa5
01-22 22:44:44.874 6070 6070 E ArmVmp : Match on catch block at 0xc3 in for 0xa9
01-22 22:44:44.888 6070 6070 E ArmVmp : Match on catch block at 0xc3 in for 0xa9
01-22 22:44:44.891 6070 6070 E ArmVmp : Match on catch block at 0xc3 in for 0xa1
01-22 22:44:44.904 6070 6070 E ArmVmp : Match on catch block at 0xc3 in for 0xa1
