01-23 14:24:31.925 7206 7206 W FingerprintManager: sendAcquiredResult acquireInfo
= 0vendorCode = 0
01-23 14:25:05.656 7206 7206 W FingerprintManager: sendAcquiredResult acquireInfo
= 6vendorCode = 2
01-23 14:25:05.656 7206 7206 W FingerprintManager: Invalid acquired message: 6, 2
01-23 14:25:05.684 7206 7206 W FingerprintManager: sendAcquiredResult acquireInfo
= 0vendorCode = 0
01-23 14:26:13.952 7206 7206 W FingerprintManager: sendAcquiredResult acquireInfo
= 6vendorCode = 2
01-23 14:26:13.952 7206 7206 W FingerprintManager: Invalid acquired message: 6, 2
01-23 14:26:13.969 7206 7206 W FingerprintManager: sendAcquiredResult acquireInfo
= 0vendorCode = 0
01-23 14:27:02.302 7206 7206 W FingerprintManager: sendAcquiredResult acquireInfo
= 6vendorCode = 2
01-23 14:27:02.302 7206 7206 W FingerprintManager: Invalid acquired message: 6, 2
01-23 14:27:02.318 7206 7206 W FingerprintManager: sendAcquiredResult acquireInfo
= 0vendorCode = 0
01-23 14:27:34.924 7206 7206 W FingerprintManager: sendAcquiredResult acquireInfo
= 6vendorCode = 2
01-23 14:27:34.924 7206 7206 W FingerprintManager: Invalid acquired message: 6, 2
01-23 14:27:34.940 7206 7206 W FingerprintManager: sendAcquiredResult acquireInfo
= 0vendorCode = 0
--------- beginning of main
01-23 14:29:57.229 12652 12652 E com.whatsapp: Not starting debugger since process
cannot load the jdwp agent.
01-23 14:29:57.372 12652 12652 W System.err: java.lang.ClassNotFoundException:
mbmodsd.mbmodsw.ui.views.btn.BtnBK
01-23 14:29:57.374 12652 12652 W System.err: at
java.lang.Runtime.nativeLoad(Native Method)
01-23 14:29:57.374 12652 12652 W System.err: at
java.lang.Runtime.nativeLoad(Runtime.java:1131)
01-23 14:29:57.374 12652 12652 W System.err: at
java.lang.Runtime.loadLibrary0(Runtime.java:1085)
01-23 14:29:57.374 12652 12652 W System.err: at
java.lang.Runtime.loadLibrary0(Runtime.java:1008)
01-23 14:29:57.374 12652 12652 W System.err: at
java.lang.System.loadLibrary(System.java:1664)
01-23 14:29:57.374 12652 12652 W System.err: at arm.EpicVm.<clinit>(Unknown
Source:2)
01-23 14:29:57.374 12652 12652 W System.err: at
java.lang.Class.newInstance(Native Method)
01-23 14:29:57.374 12652 12652 W System.err: at
android.app.AppComponentFactory.instantiateApplication(AppComponentFactory.java:76)
01-23 14:29:57.374 12652 12652 W System.err: at
androidx.core.app.CoreComponentFactory.instantiateApplication(Unknown Source:0)
01-23 14:29:57.374 12652 12652 W System.err: at
android.app.Instrumentation.newApplication(Instrumentation.java:1164)
01-23 14:29:57.374 12652 12652 W System.err: at
android.app.LoadedApk.makeApplication(LoadedApk.java:1244)
01-23 14:29:57.374 12652 12652 W System.err: at
android.app.ActivityThread.handleBindApplication(ActivityThread.java:7000)
01-23 14:29:57.374 12652 12652 W System.err: at
android.app.ActivityThread.access$1500(ActivityThread.java:257)
01-23 14:29:57.374 12652 12652 W System.err: at
android.app.ActivityThread$H.handleMessage(ActivityThread.java:2025)
01-23 14:29:57.374 12652 12652 W System.err: at
android.os.Handler.dispatchMessage(Handler.java:106)
01-23 14:29:57.374 12652 12652 W System.err: at
android.os.Looper.loop(Looper.java:268)
01-23 14:29:57.374 12652 12652 W System.err: at
android.app.ActivityThread.main(ActivityThread.java:8004)
01-23 14:29:57.374 12652 12652 W System.err: at
java.lang.reflect.Method.invoke(Native Method)
01-23 14:29:57.374 12652 12652 W System.err: at
com.android.internal.os.RuntimeInit$MethodAndArgsCaller.run(RuntimeInit.java:627)
01-23 14:29:57.374 12652 12652 W System.err: at
com.android.internal.os.ZygoteInit.main(ZygoteInit.java:997)
01-23 14:29:57.402 12652 12652 E libc : Access denied finding property
"ro.vendor.pref_scale_resolution"
01-23 14:29:57.414 12652 12652 E CustomActivityOnCrash: IMPORTANT WARNING! You
already have an UncaughtExceptionHandler, are you sure this is correct? If you use
a custom UncaughtExceptionHandler, you must initialize it AFTER
CustomActivityOnCrash! Installing anyway, but your original handler will not be
called.
01-23 14:29:57.434 12652 12677 W AsyncDrawableCache: can not found res: 2131233001,
maybe dynamic res id.
01-23 14:29:57.732 12652 12652 W com.whatsapp: Accessing hidden method
Lcom/android/org/conscrypt/OpenSSLSocketImpl;->setUseSessionTickets(Z)V (greylist-
max-q,test-api, reflection, denied)
01-23 14:29:57.732 12652 12652 W com.whatsapp: Accessing hidden method
Lcom/android/org/conscrypt/AbstractConscryptSocket;->setUseSessionTickets(Z)V
(greylist-max-q, reflection, denied)
01-23 14:29:57.767 12652 12652 W com.whatsapp: type=1400 audit(0.0:332864): avc:
granted { execute } for
path="/data/data/com.whatsapp/files/decompressed/libs.spk.zst/libc++_shared.so"
dev="dm-11" ino=1554316 scontext=u:r:untrusted_app:s0:c154,c258,c512,c768
tcontext=u:object_r:app_data_file:s0:c154,c258,c512,c768 tclass=file
app=com.whatsapp
01-23 14:29:57.774 12652 12652 W linker : Warning:
"/data/data/com.whatsapp/files/decompressed/libs.spk.zst/libc++_shared.so" unused
DT entry: unknown processor-specific (type 0x70000001 arg 0x0) (ignoring)
01-23 14:29:57.775 12652 12652 W com.whatsapp: type=1400 audit(0.0:332865): avc:
granted { execute } for
path="/data/data/com.whatsapp/files/decompressed/libs.spk.zst/libvlc.so" dev="dm-
11" ino=718158 scontext=u:r:untrusted_app:s0:c154,c258,c512,c768
tcontext=u:object_r:app_data_file:s0:c154,c258,c512,c768 tclass=file
app=com.whatsapp
01-23 14:29:57.779 12652 12652 W com.whatsapp: type=1400 audit(0.0:332866): avc:
granted { execute } for
path="/data/data/com.whatsapp/files/decompressed/libs.spk.zst/libwhatsapp.so"
dev="dm-11" ino=716707 scontext=u:r:untrusted_app:s0:c154,c258,c512,c768
tcontext=u:object_r:app_data_file:s0:c154,c258,c512,c768 tclass=file
app=com.whatsapp
01-23 14:29:57.819 12652 12652 W com.whatsapp: type=1400 audit(0.0:332867): avc:
granted { execute } for
path="/data/data/com.whatsapp/files/decompressed/libs.spk.zst/libcurve25519.so"
dev="dm-11" ino=722534 scontext=u:r:untrusted_app:s0:c154,c258,c512,c768
tcontext=u:object_r:app_data_file:s0:c154,c258,c512,c768 tclass=file
app=com.whatsapp
01-23 14:29:57.827 12652 12652 W com.whatsapp: type=1400 audit(0.0:332868): avc:
granted { execute } for
path="/data/data/com.whatsapp/files/decompressed/libs.spk.zst/libwhatsapp.so"
dev="dm-11" ino=716707 scontext=u:r:untrusted_app:s0:c154,c258,c512,c768
tcontext=u:object_r:app_data_file:s0:c154,c258,c512,c768 tclass=file
app=com.whatsapp
01-23 14:29:57.911 12652 12652 W com.whatsapp: Class X.0eU failed lock verification
and will run slower.
01-23 14:29:57.911 12652 12652 W com.whatsapp: Common causes for lock verification
issues are non-optimized dex code
01-23 14:29:57.911 12652 12652 W com.whatsapp: and incorrect proguard
optimizations.
01-23 14:29:57.918 12652 12706 W com.whatsapp: Class X.2rL failed lock verification
and will run slower.
01-23 14:29:58.066 12652 12652 W com.whatsapp: Class com.whatsapp.HomeActivity
failed lock verification and will run slower.
01-23 14:29:58.242 12652 12652 E ion : ioctl c0044901 failed with code -1:
Invalid argument
01-23 14:29:58.273 12652 12652 E ArmVmp : Match on catch block at 0x0a in for 0xc9
01-23 14:29:58.288 12652 12652 E ArmVmp : Match on catch block at 0x0a in for
0x139
01-23 14:29:58.314 12652 12720 W System : ClassLoader referenced unknown path:
system/framework/mediatek-cta.jar
01-23 14:29:58.346 12652 12720 W com.whatsapp: Accessing hidden method
Lcom/android/org/conscrypt/ConscryptEngineSocket;->setUseSessionTickets(Z)V
(greylist-max-q,test-api, reflection, denied)
01-23 14:29:58.346 12652 12720 W com.whatsapp: Accessing hidden method
Lcom/android/org/conscrypt/OpenSSLSocketImpl;->setUseSessionTickets(Z)V (greylist-
max-q,test-api, reflection, denied)
01-23 14:29:58.346 12652 12720 W com.whatsapp: Accessing hidden method
Lcom/android/org/conscrypt/AbstractConscryptSocket;->setUseSessionTickets(Z)V
(greylist-max-q, reflection, denied)
01-23 14:29:58.346 12652 12720 W com.whatsapp: Accessing hidden method
Lcom/android/org/conscrypt/ConscryptEngineSocket;->setHostname(Ljava/lang/String;)V
(greylist-max-q,test-api, reflection, denied)
01-23 14:29:58.346 12652 12720 W com.whatsapp: Accessing hidden method
Lcom/android/org/conscrypt/OpenSSLSocketImpl;->setHostname(Ljava/lang/String;)V
(greylist-max-q,test-api, reflection, denied)
01-23 14:29:58.346 12652 12720 W com.whatsapp: Accessing hidden method
Lcom/android/org/conscrypt/AbstractConscryptSocket;->setHostname(Ljava/lang/
String;)V (greylist-max-q, reflection, denied)
01-23 14:29:58.346 12652 12720 W com.whatsapp: Accessing hidden method
Lcom/android/org/conscrypt/OpenSSLSocketImpl;->setAlpnProtocols([B)V (greylist-max-
q,test-api, reflection, denied)
01-23 14:29:58.346 12652 12720 W com.whatsapp: Accessing hidden method
Lcom/android/org/conscrypt/AbstractConscryptSocket;->setAlpnProtocols([B)V
(greylist-max-q, reflection, denied)
01-23 14:29:58.370 12652 12677 W System : ClassLoader referenced unknown path:
system/framework/mediatek-cta.jar
01-23 14:29:58.413 12652 12720 W com.whatsapp: Accessing hidden method
Lcom/android/org/conscrypt/OpenSSLSocketImpl;->getAlpnSelectedProtocol()[B
(greylist-max-q,test-api, reflection, denied)
01-23 14:29:58.413 12652 12720 W com.whatsapp: Accessing hidden method
Lcom/android/org/conscrypt/AbstractConscryptSocket;->getAlpnSelectedProtocol()[B
(greylist-max-q, reflection, denied)
01-23 14:29:58.430 12652 12652 E libc : Access denied finding property
"ro.vendor.tgpa_resolution_tuner"
01-23 14:29:58.432 12652 12652 E libc : Access denied finding property
"ro.vendor.scaler_version"
01-23 14:29:58.433 12652 12652 E libc : Access denied finding property
"ro.vendor.scaler_version"
01-23 14:29:58.731 12652 12775 E libc : Access denied finding property
"vendor.debug.drm.logv"
01-23 14:29:58.731 12652 12775 E libc : Access denied finding property
"vendor.debug.drm.logv"
01-23 14:29:58.732 12652 12775 E libc : Access denied finding property
"vendor.debug.drm.logd"
01-23 14:29:58.732 12652 12775 E libc : Access denied finding property
"vendor.debug.drm.logv"
01-23 14:29:58.992 12652 12652 E RecyclerView: No adapter attached; skipping layout
01-23 14:29:59.045 12652 12717 E ion : ioctl c0044901 failed with code -1:
Invalid argument
01-23 14:29:59.088 12652 12677 W System.err: java.lang.NullPointerException:
Attempt to invoke interface method 'void
com.transsion.log.sub.ITranLogSubManager.compulateSkipperFrame(android.os.Bundle)'
on a null object reference
01-23 14:29:59.088 12652 12677 W System.err:
01-23 14:29:59.088 12652 12677 W System.err: at
android.app.ActivityThread$3.run(ActivityThread.java:8063)
01-23 14:29:59.088 12652 12677 W System.err:
01-23 14:29:59.088 12652 12677 W System.err: at
java.util.concurrent.ThreadPoolExecutor.runWorker(ThreadPoolExecutor.java:1167)
01-23 14:29:59.088 12652 12677 W System.err:
01-23 14:29:59.088 12652 12677 W System.err: at
java.util.concurrent.ThreadPoolExecutor$Worker.run(ThreadPoolExecutor.java:641)
01-23 14:29:59.088 12652 12677 W System.err:
01-23 14:29:59.088 12652 12677 W System.err: at
java.lang.Thread.run(Thread.java:923)
01-23 14:29:59.088 12652 12677 W System.err:
01-23 14:29:59.115 12652 12652 E RecyclerView: No adapter attached; skipping layout
01-23 14:29:59.142 12652 12652 E ArmVmp : Match on catch block at 0x0a in for 0xd5
01-23 14:29:59.292 12652 12806 W LOTTIE : Animation contains merge paths. Merge
paths are only supported on KitKat+ and must be manually enabled by calling
enableMergePathsForKitKatAndAbove().
01-23 14:29:59.461 12652 12652 W LOTTIE : Animation contains merge paths but they
are disabled.
01-23 14:29:59.676 12652 12680 W LibraryVersion: Failed to get app version for
libraryName: firebase-iid
01-23 14:30:00.223 12652 12702 E SQLiteDatabase: Error inserting transferred=0
media_job_uuid=8ea9dae9-e1ec-463c-bf7d-23e2826031fc transcoded=0 gif_attribution=0
first_scan_length=0 direct_path=/v/t62.7161-
24/18963677_916261893481071_6399483563475523627_n.enc?ccb=11-
4&oh=01_AdTjmC6jY0o1JUNvE9yCakrXjpfWkuqDsXuhzSBI34Zcgw&oe=65D78634&_nc_sid=5e03e0
thumbnail_height_width_ratio=1.0 is_animated_sticker=0
file_hash=6Mk9aHMwqRllCYrmBBc4938wQH9/j6uo8JbbrGW4AWM= file_path=null file_size=0
partial_media_hash=null face_x=0 face_y=0 height=576 trim_to=0
media_key_timestamp=1706038141000 message_url=https://mmg.whatsapp.net/v/t62.7161-
24/18963677_916261893481071_6399483563475523627_n.enc?ccb=11-
4&oh=01_AdTjmC6jY0o1JUNvE9yCakrXjpfWkuqDsXuhzSBI34Zcgw&oe=65D78634&_nc_sid=5e03e0&m
ms3=true media_caption=null trim_from=0 mime_type=video/mp4
partial_media_enc_hash=null width=576 original_file_hash=null
has_streaming_sidecar=1 autotransfer_retry_enabled=1 media_upload_handle=null
message_row_id=77278 multicast_id=null
enc_file_hash=6EF3pyNzbO9qQhxLQgwgyG3En2OYzgzidPDq9BOiREE= mute_video=0
page_count=0 first_scan_sidecar=null suspicious_content=0 file_length=1631256
media_name=null media_duration=14 chat_row_id=32 media_key=[B@2a094b0
01-23 14:30:00.223 12652 12702 E SQLiteDatabase:
android.database.sqlite.SQLiteConstraintException: UNIQUE constraint failed:
message_media.message_row_id (code 1555 SQLITE_CONSTRAINT_PRIMARYKEY)
01-23 14:30:00.223 12652 12702 E SQLiteDatabase: at
android.database.sqlite.SQLiteConnection.nativeExecuteForLastInsertedRowId(Native
Method)
01-23 14:30:00.223 12652 12702 E SQLiteDatabase: at
android.database.sqlite.SQLiteConnection.executeForLastInsertedRowId(SQLiteConnecti
on.java:938)
01-23 14:30:00.223 12652 12702 E SQLiteDatabase: at
android.database.sqlite.SQLiteSession.executeForLastInsertedRowId(SQLiteSession.jav
a:790)
01-23 14:30:00.223 12652 12702 E SQLiteDatabase: at
android.database.sqlite.SQLiteStatement.executeInsert(SQLiteStatement.java:88)
01-23 14:30:00.223 12652 12702 E SQLiteDatabase: at
android.database.sqlite.SQLiteDatabase.insertWithOnConflict(SQLiteDatabase.java:170
1)
01-23 14:30:00.223 12652 12702 E SQLiteDatabase: at
android.database.sqlite.SQLiteDatabase.insert(SQLiteDatabase.java:1570)
01-23 14:30:00.223 12652 12702 E SQLiteDatabase: at X.2tm.A08(Unknown
Source:6)
01-23 14:30:00.223 12652 12702 E SQLiteDatabase: at X.35Y.A07(Unknown
Source:212)
01-23 14:30:00.223 12652 12702 E SQLiteDatabase: at X.3QF.A14(Unknown
Source:470)
01-23 14:30:00.223 12652 12702 E SQLiteDatabase: at X.3gU.run(Unknown
Source:982)
01-23 14:30:00.223 12652 12702 E SQLiteDatabase: at
android.os.Handler.handleCallback(Handler.java:938)
01-23 14:30:00.223 12652 12702 E SQLiteDatabase: at
android.os.Handler.dispatchMessage(Handler.java:99)
01-23 14:30:00.223 12652 12702 E SQLiteDatabase: at
X.0zq.dispatchMessage(Unknown Source:4)
01-23 14:30:00.223 12652 12702 E SQLiteDatabase: at
android.os.Looper.loop(Looper.java:268)
01-23 14:30:00.223 12652 12702 E SQLiteDatabase: at
android.os.HandlerThread.run(HandlerThread.java:67)
01-23 14:30:01.364 12652 12652 W FingerprintManager: sendAcquiredResult acquireInfo
= 6vendorCode = 2
01-23 14:30:01.364 12652 12652 W FingerprintManager: Invalid acquired message: 6, 2
01-23 14:30:01.381 12652 12652 W FingerprintManager: sendAcquiredResult acquireInfo
= 0vendorCode = 0
01-23 14:30:03.488 12652 12852 E RenderScript: Failed loading RS driver: dlopen
failed: library "libRSDriver_mtk.so" not found
01-23 14:30:03.488 12652 12852 E RenderScript: Failed to load runtime
libRSDriver_mtk.so, loading default
01-23 14:30:03.599 12652 12806 W LOTTIE : Unknown shape type rd
01-23 14:30:03.655 12652 12652 E ArmVmp : Match on catch block at 0x0a in for 0xc5
01-23 14:30:03.658 12652 12652 E ArmVmp : Match on catch block at 0x0a in for 0xc5
01-23 14:30:03.900 12652 12652 E ArmVmp : Match on catch block at 0xc3 in for 0xb9
01-23 14:30:03.904 12652 12652 E ArmVmp : Match on catch block at 0xc3 in for 0xb5
01-23 14:30:03.955 12652 12652 E ArmVmp : Match on catch block at 0xc3 in for 0xa1
01-23 14:30:03.957 12652 12652 E ArmVmp : Match on catch block at 0xc3 in for 0xa9
01-23 14:30:03.985 12652 12652 E ArmVmp : Match on catch block at 0xc3 in for 0xa1
01-23 14:30:03.987 12652 12652 E ArmVmp : Match on catch block at 0xc3 in for 0xa5
01-23 14:30:04.024 12652 12652 E ArmVmp : Match on catch block at 0xc3 in for 0xa9
01-23 14:30:04.025 12652 12652 E ArmVmp : Match on catch block at 0xc3 in for 0xa1
01-23 14:30:04.502 12652 12652 E ArmVmp : Match on catch block at 0xc3 in for 0xa1
01-23 14:30:04.505 12652 12652 E ArmVmp : Match on catch block at 0xc3 in for 0xa5
01-23 14:30:04.519 12652 12652 E ArmVmp : Match on catch block at 0xc3 in for 0xa5
01-23 14:30:04.521 12652 12652 E ArmVmp : Match on catch block at 0xc3 in for 0xa9
01-23 14:30:04.535 12652 12652 E ArmVmp : Match on catch block at 0xc3 in for 0xa9
01-23 14:30:04.537 12652 12652 E ArmVmp : Match on catch block at 0xc3 in for 0xa1
01-23 14:30:04.553 12652 12652 E ArmVmp : Match on catch block at 0xc3 in for 0xa1
01-23 14:30:04.555 12652 12652 E ArmVmp : Match on catch block at 0xc3 in for 0xa5
01-23 14:30:04.569 12652 12652 E ArmVmp : Match on catch block at 0xc3 in for 0xa5
01-23 14:30:04.572 12652 12652 E ArmVmp : Match on catch block at 0xc3 in for 0xa9
01-23 14:30:04.585 12652 12652 E ArmVmp : Match on catch block at 0xc3 in for 0xa5
01-23 14:30:04.587 12652 12652 E ArmVmp : Match on catch block at 0xc3 in for 0xa9
01-23 14:30:04.602 12652 12652 E ArmVmp : Match on catch block at 0xc3 in for 0xa1
01-23 14:30:04.604 12652 12652 E ArmVmp : Match on catch block at 0xc3 in for 0xa5
01-23 14:30:04.618 12652 12652 E ArmVmp : Match on catch block at 0xc3 in for 0xa5
01-23 14:30:04.620 12652 12652 E ArmVmp : Match on catch block at 0xc3 in for 0xa9
01-23 14:30:04.635 12652 12652 E ArmVmp : Match on catch block at 0xc3 in for 0xa9
01-23 14:30:04.637 12652 12652 E ArmVmp : Match on catch block at 0xc3 in for 0xa1
01-23 14:30:04.652 12652 12652 E ArmVmp : Match on catch block at 0xc3 in for 0xa5
01-23 14:30:04.654 12652 12652 E ArmVmp : Match on catch block at 0xc3 in for 0xa9
01-23 14:30:04.669 12652 12652 E ArmVmp : Match on catch block at 0xc3 in for 0xa1
01-23 14:30:04.671 12652 12652 E ArmVmp : Match on catch block at 0xc3 in for 0xa5
01-23 14:30:04.685 12652 12652 E ArmVmp : Match on catch block at 0xc3 in for 0xa9
01-23 14:30:04.688 12652 12652 E ArmVmp : Match on catch block at 0xc3 in for 0xa1
01-23 14:30:04.703 12652 12652 E ArmVmp : Match on catch block at 0xc3 in for 0xa5
01-23 14:30:04.706 12652 12652 E ArmVmp : Match on catch block at 0xc3 in for 0xa9
01-23 14:30:04.725 12652 12652 E ArmVmp : Match on catch block at 0xc3 in for 0xa9
01-23 14:30:04.727 12652 12652 E ArmVmp : Match on catch block at 0xc3 in for 0xa1
01-23 14:30:04.736 12652 12652 E ArmVmp : Match on catch block at 0xc3 in for 0xa1
01-23 14:30:04.738 12652 12652 E ArmVmp : Match on catch block at 0xc3 in for 0xa5
01-23 14:30:04.753 12652 12652 E ArmVmp : Match on catch block at 0xc3 in for 0xa5
01-23 14:30:04.755 12652 12652 E ArmVmp : Match on catch block at 0xc3 in for 0xa9
01-23 14:30:04.770 12652 12652 E ArmVmp : Match on catch block at 0xc3 in for 0xa9
01-23 14:30:04.772 12652 12652 E ArmVmp : Match on catch block at 0xc3 in for 0xa1
01-23 14:30:04.786 12652 12652 E ArmVmp : Match on catch block at 0xc3 in for 0xa1
01-23 14:30:04.787 12652 12652 E ArmVmp : Match on catch block at 0xc3 in for 0xa5
01-23 14:30:04.811 12652 12652 E ArmVmp : Match on catch block at 0xc3 in for 0xa1
01-23 14:30:04.814 12652 12652 E ArmVmp : Match on catch block at 0xc3 in for 0xa5
01-23 14:30:04.829 12652 12652 E ArmVmp : Match on catch block at 0xc3 in for 0xa5
01-23 14:30:04.834 12652 12652 E ArmVmp : Match on catch block at 0xc3 in for 0xa9
01-23 14:30:05.037 12652 12652 E ArmVmp : Match on catch block at 0xc3 in for 0xa9
01-23 14:30:05.039 12652 12652 E ArmVmp : Match on catch block at 0xc3 in for 0xa1
01-23 14:30:05.242 12652 12652 E ArmVmp : Match on catch block at 0xc3 in for 0xa5
01-23 14:30:05.247 12652 12652 E ArmVmp : Match on catch block at 0xc3 in for 0xa9
01-23 14:30:05.258 12652 12652 E ArmVmp : Match on catch block at 0xc3 in for 0xa5
01-23 14:30:05.261 12652 12652 E ArmVmp : Match on catch block at 0xc3 in for 0xa9
01-23 14:30:05.270 12652 12652 E ArmVmp : Match on catch block at 0xc3 in for 0xa9
01-23 14:30:05.273 12652 12652 E ArmVmp : Match on catch block at 0xc3 in for 0xa1
01-23 14:30:05.287 12652 12652 E ArmVmp : Match on catch block at 0xc3 in for 0xa1
01-23 14:30:05.291 12652 12652 E ArmVmp : Match on catch block at 0xc3 in for 0xa5
01-23 14:30:05.302 12652 12652 E ArmVmp : Match on catch block at 0xc3 in for 0xa5
01-23 14:30:05.304 12652 12652 E ArmVmp : Match on catch block at 0xc3 in for 0xa9
01-23 14:30:05.319 12652 12652 E ArmVmp : Match on catch block at 0xc3 in for 0xa9
01-23 14:30:05.322 12652 12652 E ArmVmp : Match on catch block at 0xc3 in for 0xa1
01-23 14:30:05.337 12652 12652 E ArmVmp : Match on catch block at 0xc3 in for 0xa1
01-23 14:30:05.339 12652 12652 E ArmVmp : Match on catch block at 0xc3 in for 0xa5
01-23 14:30:05.354 12652 12652 E ArmVmp : Match on catch block at 0xc3 in for 0xa5
01-23 14:30:05.357 12652 12652 E ArmVmp : Match on catch block at 0xc3 in for 0xa9
01-23 14:30:05.369 12652 12652 E ArmVmp : Match on catch block at 0xc3 in for 0xa9
01-23 14:30:05.371 12652 12652 E ArmVmp : Match on catch block at 0xc3 in for 0xa1
01-23 14:30:05.386 12652 12652 E ArmVmp : Match on catch block at 0xc3 in for 0xa1
01-23 14:30:05.389 12652 12652 E ArmVmp : Match on catch block at 0xc3 in for 0xa5
01-23 14:30:05.402 12652 12652 E ArmVmp : Match on catch block at 0xc3 in for 0xa5
01-23 14:30:05.406 12652 12652 E ArmVmp : Match on catch block at 0xc3 in for 0xa9
01-23 14:30:05.419 12652 12652 E ArmVmp : Match on catch block at 0xc3 in for 0xa9
01-23 14:30:05.422 12652 12652 E ArmVmp : Match on catch block at 0xc3 in for 0xa1
01-23 14:30:05.436 12652 12652 E ArmVmp : Match on catch block at 0xc3 in for 0xa1
01-23 14:30:05.438 12652 12652 E ArmVmp : Match on catch block at 0xc3 in for 0xa5
01-23 14:30:05.469 12652 12652 E ArmVmp : Match on catch block at 0xc3 in for 0xa5
01-23 14:30:05.472 12652 12652 E ArmVmp : Match on catch block at 0xc3 in for 0xa9
01-23 14:30:05.852 12652 12652 E ArmVmp : Match on catch block at 0xc3 in for 0xa9
01-23 14:30:05.855 12652 12652 E ArmVmp : Match on catch block at 0xc3 in for 0xa1
01-23 14:30:06.037 12652 12652 E ArmVmp : Match on catch block at 0xc3 in for 0xa1
01-23 14:30:06.039 12652 12652 E ArmVmp : Match on catch block at 0xc3 in for 0xa5
01-23 14:30:06.237 12652 12652 E ArmVmp : Match on catch block at 0xc3 in for 0xa5
01-23 14:30:06.239 12652 12652 E ArmVmp : Match on catch block at 0xc3 in for 0xa9
01-23 14:30:06.403 12652 12652 E ArmVmp : Match on catch block at 0xc3 in for 0xa9
01-23 14:30:06.406 12652 12652 E ArmVmp : Match on catch block at 0xc3 in for 0xa1
01-23 14:30:06.419 12652 12652 E ArmVmp : Match on catch block at 0xc3 in for 0xa1
01-23 14:30:06.423 12652 12652 E ArmVmp : Match on catch block at 0xc3 in for 0xa5
01-23 14:30:06.436 12652 12652 E ArmVmp : Match on catch block at 0xc3 in for 0xa5
01-23 14:30:06.438 12652 12652 E ArmVmp : Match on catch block at 0xc3 in for 0xa9
01-23 14:30:06.452 12652 12652 E ArmVmp : Match on catch block at 0xc3 in for 0xa9
01-23 14:30:06.454 12652 12652 E ArmVmp : Match on catch block at 0xc3 in for 0xa1
01-23 14:30:06.469 12652 12652 E ArmVmp : Match on catch block at 0xc3 in for 0xa1
01-23 14:30:06.471 12652 12652 E ArmVmp : Match on catch block at 0xc3 in for 0xa5
01-23 14:30:06.486 12652 12652 E ArmVmp : Match on catch block at 0xc3 in for 0xa5
01-23 14:30:06.488 12652 12652 E ArmVmp : Match on catch block at 0xc3 in for 0xa9
01-23 14:30:06.502 12652 12652 E ArmVmp : Match on catch block at 0xc3 in for 0xa9
01-23 14:30:06.505 12652 12652 E ArmVmp : Match on catch block at 0xc3 in for 0xa1
01-23 14:30:06.519 12652 12652 E ArmVmp : Match on catch block at 0xc3 in for 0xa1
01-23 14:30:06.521 12652 12652 E ArmVmp : Match on catch block at 0xc3 in for 0xa5
01-23 14:30:06.536 12652 12652 E ArmVmp : Match on catch block at 0xc3 in for 0xa5
01-23 14:30:06.538 12652 12652 E ArmVmp : Match on catch block at 0xc3 in for 0xa9
01-23 14:30:06.553 12652 12652 E ArmVmp : Match on catch block at 0xc3 in for 0xa9
01-23 14:30:06.555 12652 12652 E ArmVmp : Match on catch block at 0xc3 in for 0xa1
01-23 14:30:06.569 12652 12652 E ArmVmp : Match on catch block at 0xc3 in for 0xa1
01-23 14:30:06.571 12652 12652 E ArmVmp : Match on catch block at 0xc3 in for 0xa5
01-23 14:30:06.586 12652 12652 E ArmVmp : Match on catch block at 0xc3 in for 0xa5
01-23 14:30:06.588 12652 12652 E ArmVmp : Match on catch block at 0xc3 in for 0xa9
01-23 14:30:06.603 12652 12652 E ArmVmp : Match on catch block at 0xc3 in for 0xa9
01-23 14:30:06.605 12652 12652 E ArmVmp : Match on catch block at 0xc3 in for 0xa1
01-23 14:30:06.619 12652 12652 E ArmVmp : Match on catch block at 0xc3 in for 0xa1
01-23 14:30:06.622 12652 12652 E ArmVmp : Match on catch block at 0xc3 in for 0xa5
01-23 14:30:06.636 12652 12652 E ArmVmp : Match on catch block at 0xc3 in for 0xa5
01-23 14:30:06.638 12652 12652 E ArmVmp : Match on catch block at 0xc3 in for 0xa9
01-23 14:30:06.653 12652 12652 E ArmVmp : Match on catch block at 0xc3 in for 0xa9
01-23 14:30:06.655 12652 12652 E ArmVmp : Match on catch block at 0xc3 in for 0xa1
01-23 14:30:06.669 12652 12652 E ArmVmp : Match on catch block at 0xc3 in for 0xa1
01-23 14:30:06.671 12652 12652 E ArmVmp : Match on catch block at 0xc3 in for 0xa5
01-23 14:30:06.719 12652 12652 E ArmVmp : Match on catch block at 0xc3 in for 0xa1
01-23 14:30:06.722 12652 12652 E ArmVmp : Match on catch block at 0xc3 in for 0xa5
01-23 14:30:06.936 12652 12652 E ArmVmp : Match on catch block at 0xc3 in for 0xa5
01-23 14:30:06.939 12652 12652 E ArmVmp : Match on catch block at 0xc3 in for 0xa9
01-23 14:30:07.170 12652 12652 E ArmVmp : Match on catch block at 0xc3 in for 0xa5
01-23 14:30:07.173 12652 12652 E ArmVmp : Match on catch block at 0xc3 in for 0xa9
01-23 14:30:07.420 12652 12652 E ArmVmp : Match on catch block at 0xc3 in for 0xa9
01-23 14:30:07.422 12652 12652 E ArmVmp : Match on catch block at 0xc3 in for 0xa1
01-23 14:30:07.604 12652 12652 E ArmVmp : Match on catch block at 0xc3 in for 0xa1
01-23 14:30:07.608 12652 12652 E ArmVmp : Match on catch block at 0xc3 in for 0xa5
01-23 14:30:07.803 12652 12652 E ArmVmp : Match on catch block at 0xc3 in for 0xa5
01-23 14:30:07.805 12652 12652 E ArmVmp : Match on catch block at 0xc3 in for 0xa9
01-23 14:30:07.936 12652 12652 E ArmVmp : Match on catch block at 0xc3 in for 0xa9
01-23 14:30:07.939 12652 12652 E ArmVmp : Match on catch block at 0xc3 in for 0xa1
01-23 14:30:08.088 12652 12652 E ArmVmp : Match on catch block at 0xc3 in for 0xa1
01-23 14:30:08.091 12652 12652 E ArmVmp : Match on catch block at 0xc3 in for 0xa5
01-23 14:30:08.388 12652 12652 E ArmVmp : Match on catch block at 0xc3 in for 0xa5
01-23 14:30:08.390 12652 12652 E ArmVmp : Match on catch block at 0xc3 in for 0xa9
01-23 14:30:08.471 12652 12652 E ArmVmp : Match on catch block at 0xc3 in for 0xa9
01-23 14:30:08.473 12652 12652 E ArmVmp : Match on catch block at 0xc3 in for 0xa1
01-23 14:30:08.853 12652 12652 E ArmVmp : Match on catch block at 0xc3 in for 0xa1
01-23 14:30:08.857 12652 12652 E ArmVmp : Match on catch block at 0xc3 in for 0xa5
01-23 14:30:09.121 12652 12652 E ArmVmp : Match on catch block at 0xc3 in for 0xa5
01-23 14:30:09.125 12652 12652 E ArmVmp : Match on catch block at 0xc3 in for 0xa9
01-23 14:30:09.154 12652 12652 E ArmVmp : Match on catch block at 0xc3 in for 0xa9
01-23 14:30:09.158 12652 12652 E ArmVmp : Match on catch block at 0xc3 in for 0xa1
01-23 14:30:09.455 12652 12652 E ArmVmp : Match on catch block at 0xc3 in for 0xa9
01-23 14:30:09.458 12652 12652 E ArmVmp : Match on catch block at 0xc3 in for 0xa1
01-23 14:30:09.467 12652 12652 E ArmVmp : Match on catch block at 0xc3 in for 0xa1
01-23 14:30:09.470 12652 12652 E ArmVmp : Match on catch block at 0xc3 in for 0xa5
01-23 14:30:09.688 12652 12652 E ArmVmp : Match on catch block at 0xc3 in for 0xa5
01-23 14:30:09.690 12652 12652 E ArmVmp : Match on catch block at 0xc3 in for 0xa9
01-23 14:30:09.988 12652 12652 E ArmVmp : Match on catch block at 0xc3 in for 0xa9
01-23 14:30:09.991 12652 12652 E ArmVmp : Match on catch block at 0xc3 in for 0xa1
01-23 14:30:10.088 12652 12652 E ArmVmp : Match on catch block at 0xc3 in for 0xa1
01-23 14:30:10.091 12652 12652 E ArmVmp : Match on catch block at 0xc3 in for 0xa5
01-23 14:30:10.271 12652 12652 E ArmVmp : Match on catch block at 0xc3 in for 0xa5
01-23 14:30:10.275 12652 12652 E ArmVmp : Match on catch block at 0xc3 in for 0xa9
01-23 14:30:10.404 12652 12652 E ArmVmp : Match on catch block at 0xc3 in for 0xa9
01-23 14:30:10.408 12652 12652 E ArmVmp : Match on catch block at 0xc3 in for 0xa1
01-23 14:30:10.789 12652 12652 E ArmVmp : Match on catch block at 0xc3 in for 0xa1
01-23 14:30:10.792 12652 12652 E ArmVmp : Match on catch block at 0xc3 in for 0xa5
01-23 14:30:10.888 12652 12652 E ArmVmp : Match on catch block at 0xc3 in for 0xa5
01-23 14:30:10.892 12652 12652 E ArmVmp : Match on catch block at 0xc3 in for 0xa9
01-23 14:30:11.038 12652 12652 E ArmVmp : Match on catch block at 0xc3 in for 0xa9
01-23 14:30:11.042 12652 12652 E ArmVmp : Match on catch block at 0xc3 in for 0xa1
01-23 14:30:11.055 12652 12652 E ArmVmp : Match on catch block at 0xc3 in for 0xa1
01-23 14:30:11.058 12652 12652 E ArmVmp : Match on catch block at 0xc3 in for 0xa5
01-23 14:30:11.071 12652 12652 E ArmVmp : Match on catch block at 0xc3 in for 0xa5
01-23 14:30:11.075 12652 12652 E ArmVmp : Match on catch block at 0xc3 in for 0xa9
01-23 14:30:11.089 12652 12652 E ArmVmp : Match on catch block at 0xc3 in for 0xa9
01-23 14:30:11.092 12652 12652 E ArmVmp : Match on catch block at 0xc3 in for 0xa1
01-23 14:30:11.105 12652 12652 E ArmVmp : Match on catch block at 0xc3 in for 0xa1
01-23 14:30:11.109 12652 12652 E ArmVmp : Match on catch block at 0xc3 in for 0xa5
01-23 14:30:11.122 12652 12652 E ArmVmp : Match on catch block at 0xc3 in for 0xa5
01-23 14:30:11.125 12652 12652 E ArmVmp : Match on catch block at 0xc3 in for 0xa9
01-23 14:30:11.138 12652 12652 E ArmVmp : Match on catch block at 0xc3 in for 0xa9
01-23 14:30:11.142 12652 12652 E ArmVmp : Match on catch block at 0xc3 in for 0xa1
01-23 14:30:11.155 12652 12652 E ArmVmp : Match on catch block at 0xc3 in for 0xa1
01-23 14:30:11.158 12652 12652 E ArmVmp : Match on catch block at 0xc3 in for 0xa5
01-23 14:30:11.172 12652 12652 E ArmVmp : Match on catch block at 0xc3 in for 0xa5
01-23 14:30:11.175 12652 12652 E ArmVmp : Match on catch block at 0xc3 in for 0xa9
01-23 14:30:11.188 12652 12652 E ArmVmp : Match on catch block at 0xc3 in for 0xa9
01-23 14:30:11.192 12652 12652 E ArmVmp : Match on catch block at 0xc3 in for 0xa1
01-23 14:30:11.205 12652 12652 E ArmVmp : Match on catch block at 0xc3 in for 0xa1
01-23 14:30:11.209 12652 12652 E ArmVmp : Match on catch block at 0xc3 in for 0xa5
01-23 14:30:11.222 12652 12652 E ArmVmp : Match on catch block at 0xc3 in for 0xa5
01-23 14:30:11.225 12652 12652 E ArmVmp : Match on catch block at 0xc3 in for 0xa9
01-23 14:30:11.238 12652 12652 E ArmVmp : Match on catch block at 0xc3 in for 0xa9
01-23 14:30:11.242 12652 12652 E ArmVmp : Match on catch block at 0xc3 in for 0xa1
01-23 14:30:11.255 12652 12652 E ArmVmp : Match on catch block at 0xc3 in for 0xa1
01-23 14:30:11.258 12652 12652 E ArmVmp : Match on catch block at 0xc3 in for 0xa5
01-23 14:30:11.272 12652 12652 E ArmVmp : Match on catch block at 0xc3 in for 0xa5
01-23 14:30:11.275 12652 12652 E ArmVmp : Match on catch block at 0xc3 in for 0xa9
01-23 14:30:11.288 12652 12652 E ArmVmp : Match on catch block at 0xc3 in for 0xa9
01-23 14:30:11.292 12652 12652 E ArmVmp : Match on catch block at 0xc3 in for 0xa1
01-23 14:30:11.305 12652 12652 E ArmVmp : Match on catch block at 0xc3 in for 0xa1
01-23 14:30:11.308 12652 12652 E ArmVmp : Match on catch block at 0xc3 in for 0xa5
01-23 14:30:11.338 12652 12652 E ArmVmp : Match on catch block at 0xc3 in for 0xa5
01-23 14:30:11.342 12652 12652 E ArmVmp : Match on catch block at 0xc3 in for 0xa9
01-23 14:30:11.404 12652 12652 E ArmVmp : Match on catch block at 0xc3 in for 0xa9
01-23 14:30:11.406 12652 12652 E ArmVmp : Match on catch block at 0xc3 in for 0xa1
01-23 14:30:11.821 12652 12652 E ArmVmp : Match on catch block at 0xc3 in for 0xa1
01-23 14:30:11.824 12652 12652 E ArmVmp : Match on catch block at 0xc3 in for 0xa5
01-23 14:30:11.922 12652 12652 E ArmVmp : Match on catch block at 0xc3 in for 0xa5
01-23 14:30:11.925 12652 12652 E ArmVmp : Match on catch block at 0xc3 in for 0xa9
01-23 14:30:12.156 12652 12652 E ArmVmp : Match on catch block at 0xc3 in for 0xa9
01-23 14:30:12.159 12652 12652 E ArmVmp : Match on catch block at 0xc3 in for 0xa1
01-23 14:30:12.322 12652 12652 E ArmVmp : Match on catch block at 0xc3 in for 0xa1
01-23 14:30:12.327 12652 12652 E ArmVmp : Match on catch block at 0xc3 in for 0xa5
01-23 14:30:12.373 12652 12652 E ArmVmp : Match on catch block at 0xc3 in for 0xa5
01-23 14:30:12.376 12652 12652 E ArmVmp : Match on catch block at 0xc3 in for 0xa9
01-23 14:30:12.572 12652 12652 E ArmVmp : Match on catch block at 0xc3 in for 0xa9
01-23 14:30:12.576 12652 12652 E ArmVmp : Match on catch block at 0xc3 in for 0xa1
01-23 14:30:12.755 12652 12652 E ArmVmp : Match on catch block at 0xc3 in for 0xa1
01-23 14:30:12.759 12652 12652 E ArmVmp : Match on catch block at 0xc3 in for 0xa5
01-23 14:30:13.006 12652 12652 E ArmVmp : Match on catch block at 0xc3 in for 0xa5
01-23 14:30:13.009 12652 12652 E ArmVmp : Match on catch block at 0xc3 in for 0xa9
01-23 14:30:13.056 12652 12652 E ArmVmp : Match on catch block at 0xc3 in for 0xa9
01-23 14:30:13.059 12652 12652 E ArmVmp : Match on catch block at 0xc3 in for 0xa1
01-23 14:30:13.257 12652 12652 E ArmVmp : Match on catch block at 0xc3 in for 0xa9
01-23 14:30:13.261 12652 12652 E ArmVmp : Match on catch block at 0xc3 in for 0xa1
01-23 14:30:13.269 12652 12652 E ArmVmp : Match on catch block at 0xc3 in for 0xa1
01-23 14:30:13.272 12652 12652 E ArmVmp : Match on catch block at 0xc3 in for 0xa5
01-23 14:30:13.456 12652 12652 E ArmVmp : Match on catch block at 0xc3 in for 0xa5
01-23 14:30:13.459 12652 12652 E ArmVmp : Match on catch block at 0xc3 in for 0xa9
01-23 14:30:13.639 12652 12652 E ArmVmp : Match on catch block at 0xc3 in for 0xa9
01-23 14:30:13.641 12652 12652 E ArmVmp : Match on catch block at 0xc3 in for 0xa1
01-23 14:30:13.756 12652 12652 E ArmVmp : Match on catch block at 0xc3 in for 0xa1
01-23 14:30:13.759 12652 12652 E ArmVmp : Match on catch block at 0xc3 in for 0xa5
01-23 14:30:14.202 12652 12652 E ArmVmp : Match on catch block at 0xc3 in for 0xa5
01-23 14:30:14.206 12652 12652 E ArmVmp : Match on catch block at 0xc3 in for 0xa9
01-23 14:30:14.256 12652 12652 E ArmVmp : Match on catch block at 0xc3 in for 0xa9
01-23 14:30:14.259 12652 12652 E ArmVmp : Match on catch block at 0xc3 in for 0xa1
01-23 14:30:14.522 12652 12652 E ArmVmp : Match on catch block at 0xc3 in for 0xa1
01-23 14:30:14.526 12652 12652 E ArmVmp : Match on catch block at 0xc3 in for 0xa5
01-23 14:30:14.640 12652 12652 E ArmVmp : Match on catch block at 0xc3 in for 0xa5
01-23 14:30:14.643 12652 12652 E ArmVmp : Match on catch block at 0xc3 in for 0xa9
01-23 14:30:14.857 12652 12652 E ArmVmp : Match on catch block at 0xc3 in for 0xa9
01-23 14:30:14.860 12652 12652 E ArmVmp : Match on catch block at 0xc3 in for 0xa1
01-23 14:30:14.873 12652 12652 E ArmVmp : Match on catch block at 0xc3 in for 0xa1
01-23 14:30:14.876 12652 12652 E ArmVmp : Match on catch block at 0xc3 in for 0xa5
01-23 14:30:14.889 12652 12652 E ArmVmp : Match on catch block at 0xc3 in for 0xa5
01-23 14:30:14.892 12652 12652 E ArmVmp : Match on catch block at 0xc3 in for 0xa9
01-23 14:30:14.906 12652 12652 E ArmVmp : Match on catch block at 0xc3 in for 0xa9
01-23 14:30:14.909 12652 12652 E ArmVmp : Match on catch block at 0xc3 in for 0xa1
01-23 14:30:14.922 12652 12652 E ArmVmp : Match on catch block at 0xc3 in for 0xa1
01-23 14:30:14.926 12652 12652 E ArmVmp : Match on catch block at 0xc3 in for 0xa5
01-23 14:30:14.939 12652 12652 E ArmVmp : Match on catch block at 0xc3 in for 0xa5
01-23 14:30:14.942 12652 12652 E ArmVmp : Match on catch block at 0xc3 in for 0xa9
01-23 14:30:14.956 12652 12652 E ArmVmp : Match on catch block at 0xc3 in for 0xa9
01-23 14:30:14.959 12652 12652 E ArmVmp : Match on catch block at 0xc3 in for 0xa1
01-23 14:30:14.973 12652 12652 E ArmVmp : Match on catch block at 0xc3 in for 0xa1
01-23 14:30:14.976 12652 12652 E ArmVmp : Match on catch block at 0xc3 in for 0xa5
01-23 14:30:14.989 12652 12652 E ArmVmp : Match on catch block at 0xc3 in for 0xa5
01-23 14:30:14.992 12652 12652 E ArmVmp : Match on catch block at 0xc3 in for 0xa9
01-23 14:30:15.006 12652 12652 E ArmVmp : Match on catch block at 0xc3 in for 0xa9
01-23 14:30:15.009 12652 12652 E ArmVmp : Match on catch block at 0xc3 in for 0xa1
01-23 14:30:15.023 12652 12652 E ArmVmp : Match on catch block at 0xc3 in for 0xa1
01-23 14:30:15.026 12652 12652 E ArmVmp : Match on catch block at 0xc3 in for 0xa5
01-23 14:30:15.039 12652 12652 E ArmVmp : Match on catch block at 0xc3 in for 0xa5
01-23 14:30:15.042 12652 12652 E ArmVmp : Match on catch block at 0xc3 in for 0xa9
01-23 14:30:15.056 12652 12652 E ArmVmp : Match on catch block at 0xc3 in for 0xa9
01-23 14:30:15.059 12652 12652 E ArmVmp : Match on catch block at 0xc3 in for 0xa1
01-23 14:30:15.073 12652 12652 E ArmVmp : Match on catch block at 0xc3 in for 0xa1
01-23 14:30:15.076 12652 12652 E ArmVmp : Match on catch block at 0xc3 in for 0xa5
01-23 14:30:15.090 12652 12652 E ArmVmp : Match on catch block at 0xc3 in for 0xa5
01-23 14:30:15.093 12652 12652 E ArmVmp : Match on catch block at 0xc3 in for 0xa9
01-23 14:30:15.106 12652 12652 E ArmVmp : Match on catch block at 0xc3 in for 0xa9
01-23 14:30:15.109 12652 12652 E ArmVmp : Match on catch block at 0xc3 in for 0xa1
01-23 14:30:15.142 12652 12652 E ArmVmp : Match on catch block at 0xc3 in for 0xa1
01-23 14:30:15.148 12652 12652 E ArmVmp : Match on catch block at 0xc3 in for 0xa5
01-23 14:30:15.289 12652 12652 E ArmVmp : Match on catch block at 0xc3 in for 0xa1
01-23 14:30:15.292 12652 12652 E ArmVmp : Match on catch block at 0xc3 in for 0xa5
01-23 14:30:15.540 12652 12652 E ArmVmp : Match on catch block at 0xc3 in for 0xa5
01-23 14:30:15.543 12652 12652 E ArmVmp : Match on catch block at 0xc3 in for 0xa9
01-23 14:30:15.756 12652 12652 E ArmVmp : Match on catch block at 0xc3 in for 0xa9
01-23 14:30:15.760 12652 12652 E ArmVmp : Match on catch block at 0xc3 in for 0xa1
01-23 14:30:15.823 12652 12652 E ArmVmp : Match on catch block at 0xc3 in for 0xa1
01-23 14:30:15.827 12652 12652 E ArmVmp : Match on catch block at 0xc3 in for 0xa5
01-23 14:30:15.907 12652 12652 E ArmVmp : Match on catch block at 0xc3 in for 0xa5
01-23 14:30:15.910 12652 12652 E ArmVmp : Match on catch block at 0xc3 in for 0xa9
01-23 14:30:15.990 12652 12652 E ArmVmp : Match on catch block at 0xc3 in for 0xa9
01-23 14:30:15.993 12652 12652 E ArmVmp : Match on catch block at 0xc3 in for 0xa1
01-23 14:30:16.173 12652 12652 E ArmVmp : Match on catch block at 0xc3 in for 0xa1
01-23 14:30:16.177 12652 12652 E ArmVmp : Match on catch block at 0xc3 in for 0xa5
01-23 14:30:16.206 12652 12652 E ArmVmp : Match on catch block at 0xc3 in for 0xa5
01-23 14:30:16.210 12652 12652 E ArmVmp : Match on catch block at 0xc3 in for 0xa9
01-23 14:30:16.391 12652 12652 E ArmVmp : Match on catch block at 0xc3 in for 0xa9
01-23 14:30:16.394 12652 12652 E ArmVmp : Match on catch block at 0xc3 in for 0xa1
01-23 14:30:16.523 12652 12652 E ArmVmp : Match on catch block at 0xc3 in for 0xa1
01-23 14:30:16.527 12652 12652 E ArmVmp : Match on catch block at 0xc3 in for 0xa5
01-23 14:30:16.840 12652 12652 E ArmVmp : Match on catch block at 0xc3 in for 0xa5
01-23 14:30:16.843 12652 12652 E ArmVmp : Match on catch block at 0xc3 in for 0xa9
01-23 14:30:17.007 12652 12652 E ArmVmp : Match on catch block at 0xc3 in for 0xa9
01-23 14:30:17.010 12652 12652 E ArmVmp : Match on catch block at 0xc3 in for 0xa1
01-23 14:30:17.357 12652 12652 E ArmVmp : Match on catch block at 0xc3 in for 0xa1
01-23 14:30:17.361 12652 12652 E ArmVmp : Match on catch block at 0xc3 in for 0xa5
01-23 14:30:17.423 12652 12652 E ArmVmp : Match on catch block at 0xc3 in for 0xa5
01-23 14:30:17.427 12652 12652 E ArmVmp : Match on catch block at 0xc3 in for 0xa9
01-23 14:30:17.641 12652 12652 E ArmVmp : Match on catch block at 0xc3 in for 0xa5
01-23 14:30:17.644 12652 12652 E ArmVmp : Match on catch block at 0xc3 in for 0xa9
01-23 14:30:17.678 12652 12652 E ArmVmp : Match on catch block at 0xc3 in for 0xa9
01-23 14:30:17.680 12652 12652 E ArmVmp : Match on catch block at 0xc3 in for 0xa1
01-23 14:30:17.695 12652 12652 E ArmVmp : Match on catch block at 0xc3 in for 0xa9
01-23 14:30:17.697 12652 12652 E ArmVmp : Match on catch block at 0xc3 in for 0xa1
01-23 14:30:17.706 12652 12652 E ArmVmp : Match on catch block at 0xc3 in for 0xa1
01-23 14:30:17.708 12652 12652 E ArmVmp : Match on catch block at 0xc3 in for 0xa5
01-23 14:30:17.723 12652 12652 E ArmVmp : Match on catch block at 0xc3 in for 0xa5
01-23 14:30:17.725 12652 12652 E ArmVmp : Match on catch block at 0xc3 in for 0xa9
01-23 14:30:17.758 12652 12652 E ArmVmp : Match on catch block at 0xc3 in for 0xa1
01-23 14:30:17.760 12652 12652 E ArmVmp : Match on catch block at 0xc3 in for 0xa5
01-23 14:30:17.772 12652 12652 E ArmVmp : Match on catch block at 0xc3 in for 0xa5
01-23 14:30:17.775 12652 12652 E ArmVmp : Match on catch block at 0xc3 in for 0xa9
01-23 14:30:17.785 12652 12652 E ArmVmp : Match on catch block at 0xc3 in for 0xa5
01-23 14:30:17.787 12652 12652 E ArmVmp : Match on catch block at 0xc3 in for 0xa9
01-23 14:30:17.806 12652 12652 E ArmVmp : Match on catch block at 0xc3 in for 0xa9
01-23 14:30:17.808 12652 12652 E ArmVmp : Match on catch block at 0xc3 in for 0xa1
01-23 14:30:17.823 12652 12652 E ArmVmp : Match on catch block at 0xc3 in for 0xa1
01-23 14:30:17.825 12652 12652 E ArmVmp : Match on catch block at 0xc3 in for 0xa5
01-23 14:30:17.839 12652 12652 E ArmVmp : Match on catch block at 0xc3 in for 0xa5
01-23 14:30:17.841 12652 12652 E ArmVmp : Match on catch block at 0xc3 in for 0xa9
01-23 14:30:17.857 12652 12652 E ArmVmp : Match on catch block at 0xc3 in for 0xa9
01-23 14:30:17.859 12652 12652 E ArmVmp : Match on catch block at 0xc3 in for 0xa1
01-23 14:30:18.173 12652 12652 E ArmVmp : Match on catch block at 0xc3 in for 0xa5
01-23 14:30:18.176 12652 12652 E ArmVmp : Match on catch block at 0xc3 in for 0xa9
01-23 14:30:18.281 12652 12652 E ArmVmp : Match on catch block at 0xc3 in for 0xa5
01-23 14:30:18.283 12652 12652 E ArmVmp : Match on catch block at 0xc3 in for 0xa9
01-23 14:30:18.291 12652 12652 E ArmVmp : Match on catch block at 0xc3 in for 0xa9
01-23 14:30:18.293 12652 12652 E ArmVmp : Match on catch block at 0xc3 in for 0xa1
01-23 14:30:18.359 12652 12652 E ArmVmp : Match on catch block at 0xc3 in for 0xa9
01-23 14:30:18.361 12652 12652 E ArmVmp : Match on catch block at 0xc3 in for 0xa1
01-23 14:30:18.377 12652 12652 E ArmVmp : Match on catch block at 0xc3 in for 0xa5
01-23 14:30:18.379 12652 12652 E ArmVmp : Match on catch block at 0xc3 in for 0xa9
01-23 14:30:18.392 12652 12652 E ArmVmp : Match on catch block at 0xc3 in for 0xa1
01-23 14:30:18.394 12652 12652 E ArmVmp : Match on catch block at 0xc3 in for 0xa5
01-23 14:30:18.395 12652 12727 W MediaPlayer: Use of stream types is deprecated for
operations other than volume control
01-23 14:30:18.395 12652 12727 W MediaPlayer: See the documentation of
setAudioStreamType() for what to use instead with android.media.AudioAttributes to
qualify your playback use case
01-23 14:30:18.439 12652 12652 E ArmVmp : Match on catch block at 0xc3 in for 0xa9
01-23 14:30:18.443 12652 12652 E ArmVmp : Match on catch block at 0xc3 in for 0xa1
01-23 14:30:18.585 12652 12652 E ArmVmp : Match on catch block at 0xc3 in for 0xa9
01-23 14:30:18.588 12652 12652 E ArmVmp : Match on catch block at 0xc3 in for 0xa1
01-23 14:30:18.647 12652 12668 W System : A resource failed to call release.
01-23 14:30:26.653 12652 12668 W System : A resource failed to call release.
--------- beginning of system
01-23 14:42:33.942 12652 12652 W FingerprintManager: sendAcquiredResult acquireInfo
= 6vendorCode = 2
01-23 14:42:33.943 12652 12652 W FingerprintManager: Invalid acquired message: 6, 2
01-23 14:42:33.965 12652 12652 W FingerprintManager: sendAcquiredResult acquireInfo
= 0vendorCode = 0
01-23 14:43:14.868 12652 12652 W FingerprintManager: sendAcquiredResult acquireInfo
= 6vendorCode = 2
01-23 14:43:14.868 12652 12652 W FingerprintManager: Invalid acquired message: 6, 2
01-23 14:43:14.892 12652 12652 W FingerprintManager: sendAcquiredResult acquireInfo
= 0vendorCode = 0
01-23 14:43:23.826 12652 12652 W FingerprintManager: sendAcquiredResult acquireInfo
= 6vendorCode = 3
01-23 14:43:23.826 12652 12652 W FingerprintManager: Invalid acquired message: 6, 3
01-23 14:43:23.952 12652 12652 W FingerprintManager: sendAcquiredResult acquireInfo
= 6vendorCode = 2
01-23 14:43:23.952 12652 12652 W FingerprintManager: Invalid acquired message: 6, 2
01-23 14:43:23.970 12652 12652 W FingerprintManager: sendAcquiredResult acquireInfo
= 0vendorCode = 0
01-23 14:43:47.315 12652 12652 W FingerprintManager: sendAcquiredResult acquireInfo
= 6vendorCode = 2
01-23 14:43:47.315 12652 12652 W FingerprintManager: Invalid acquired message: 6, 2
01-23 14:43:47.333 12652 12652 W FingerprintManager: sendAcquiredResult acquireInfo
= 0vendorCode = 0
01-23 14:44:50.583 12652 12652 W FingerprintManager: sendAcquiredResult acquireInfo
= 6vendorCode = 2
01-23 14:44:50.584 12652 12652 W FingerprintManager: Invalid acquired message: 6, 2
01-23 14:44:50.600 12652 12652 W FingerprintManager: sendAcquiredResult acquireInfo
= 0vendorCode = 0
01-23 14:45:42.099 12652 12652 W FingerprintManager: sendAcquiredResult acquireInfo
= 6vendorCode = 3
01-23 14:45:42.099 12652 12652 W FingerprintManager: Invalid acquired message: 6, 3
01-23 14:45:42.210 12652 12652 W FingerprintManager: sendAcquiredResult acquireInfo
= 6vendorCode = 2
01-23 14:45:42.210 12652 12652 W FingerprintManager: Invalid acquired message: 6, 2
01-23 14:45:42.236 12652 12652 W FingerprintManager: sendAcquiredResult acquireInfo
= 0vendorCode = 0
01-23 14:45:42.620 12652 12652 W FingerprintManager: sendAcquiredResult acquireInfo
= 6vendorCode = 3
01-23 14:45:42.620 12652 12652 W FingerprintManager: Invalid acquired message: 6, 3
01-23 14:45:42.693 12652 12652 W FingerprintManager: sendAcquiredResult acquireInfo
= 6vendorCode = 2
01-23 14:45:42.693 12652 12652 W FingerprintManager: Invalid acquired message: 6, 2
01-23 14:45:42.721 12652 12652 W FingerprintManager: sendAcquiredResult acquireInfo
= 0vendorCode = 0
01-23 14:45:43.093 12652 12652 W FingerprintManager: sendAcquiredResult acquireInfo
= 6vendorCode = 3
01-23 14:45:43.093 12652 12652 W FingerprintManager: Invalid acquired message: 6, 3
01-23 14:45:43.162 12652 12652 W FingerprintManager: sendAcquiredResult acquireInfo
= 6vendorCode = 2
01-23 14:45:43.162 12652 12652 W FingerprintManager: Invalid acquired message: 6, 2
01-23 14:45:43.492 12652 12652 W FingerprintManager: sendAcquiredResult acquireInfo
= 6vendorCode = 3
01-23 14:45:43.492 12652 12652 W FingerprintManager: Invalid acquired message: 6, 3
01-23 14:45:43.667 12652 12652 W FingerprintManager: sendAcquiredResult acquireInfo
= 6vendorCode = 2
01-23 14:45:43.667 12652 12652 W FingerprintManager: Invalid acquired message: 6, 2
01-23 14:45:43.683 12652 12652 W FingerprintManager: sendAcquiredResult acquireInfo
= 0vendorCode = 0
01-23 14:46:15.185 12652 12652 W FingerprintManager: sendAcquiredResult acquireInfo
= 6vendorCode = 2
01-23 14:46:15.185 12652 12652 W FingerprintManager: Invalid acquired message: 6, 2
01-23 14:46:15.215 12652 12652 W FingerprintManager: sendAcquiredResult acquireInfo
= 0vendorCode = 0
--------- beginning of main
01-23 14:47:25.681 12652 12652 W FingerprintManager: sendAcquiredResult acquireInfo
= 6vendorCode = 2
01-23 14:47:25.681 12652 12652 W FingerprintManager: Invalid acquired message: 6, 2
01-23 14:47:25.712 12652 12652 W FingerprintManager: sendAcquiredResult acquireInfo
= 0vendorCode = 0
01-23 14:47:34.687 12652 12668 W System : A resource failed to call dispose.
01-23 14:47:37.111 19035 19035 E com.whatsapp: Not starting debugger since process
cannot load the jdwp agent.
01-23 14:47:37.329 19035 19035 W System.err: java.lang.ClassNotFoundException:
mbmodsd.mbmodsw.ui.views.btn.BtnBK
01-23 14:47:37.330 19035 19035 W System.err: at
java.lang.Runtime.nativeLoad(Native Method)
01-23 14:47:37.330 19035 19035 W System.err: at
java.lang.Runtime.nativeLoad(Runtime.java:1131)
01-23 14:47:37.330 19035 19035 W System.err: at
java.lang.Runtime.loadLibrary0(Runtime.java:1085)
01-23 14:47:37.330 19035 19035 W System.err: at
java.lang.Runtime.loadLibrary0(Runtime.java:1008)
01-23 14:47:37.330 19035 19035 W System.err: at
java.lang.System.loadLibrary(System.java:1664)
01-23 14:47:37.330 19035 19035 W System.err: at arm.EpicVm.<clinit>(Unknown
Source:2)
01-23 14:47:37.330 19035 19035 W System.err: at
java.lang.Class.newInstance(Native Method)
01-23 14:47:37.330 19035 19035 W System.err: at
android.app.AppComponentFactory.instantiateApplication(AppComponentFactory.java:76)
01-23 14:47:37.330 19035 19035 W System.err: at
androidx.core.app.CoreComponentFactory.instantiateApplication(Unknown Source:0)
01-23 14:47:37.330 19035 19035 W System.err: at
android.app.Instrumentation.newApplication(Instrumentation.java:1164)
01-23 14:47:37.330 19035 19035 W System.err: at
android.app.LoadedApk.makeApplication(LoadedApk.java:1244)
01-23 14:47:37.330 19035 19035 W System.err: at
android.app.ActivityThread.handleBindApplication(ActivityThread.java:7000)
01-23 14:47:37.330 19035 19035 W System.err: at
android.app.ActivityThread.access$1500(ActivityThread.java:257)
01-23 14:47:37.330 19035 19035 W System.err: at
android.app.ActivityThread$H.handleMessage(ActivityThread.java:2025)
01-23 14:47:37.330 19035 19035 W System.err: at
android.os.Handler.dispatchMessage(Handler.java:106)
