android.database.sqlite.SQLiteDatabase.insertWithOnConflict(SQLiteDatabase.java:170
1)
01-22 22:53:54.482 8399 8629 E SQLiteDatabase: at
android.database.sqlite.SQLiteDatabase.insert(SQLiteDatabase.java:1570)
01-22 22:53:54.482 8399 8629 E SQLiteDatabase: at X.2tm.A08(Unknown
Source:6)
01-22 22:53:54.482 8399 8629 E SQLiteDatabase: at X.35Y.A07(Unknown
Source:212)
01-22 22:53:54.482 8399 8629 E SQLiteDatabase: at X.3QF.A14(Unknown
Source:470)
01-22 22:53:54.482 8399 8629 E SQLiteDatabase: at X.3gU.run(Unknown
Source:982)
01-22 22:53:54.482 8399 8629 E SQLiteDatabase: at
android.os.Handler.handleCallback(Handler.java:938)
01-22 22:53:54.482 8399 8629 E SQLiteDatabase: at
android.os.Handler.dispatchMessage(Handler.java:99)
01-22 22:53:54.482 8399 8629 E SQLiteDatabase: at
X.0zq.dispatchMessage(Unknown Source:4)
01-22 22:53:54.482 8399 8629 E SQLiteDatabase: at
android.os.Looper.loop(Looper.java:268)
01-22 22:53:54.482 8399 8629 E SQLiteDatabase: at
android.os.HandlerThread.run(HandlerThread.java:67)
01-22 22:53:57.367 8399 8413 W System : A resource failed to call release.
--------- beginning of system
01-22 22:55:20.211 8399 8399 W FingerprintManager: sendAcquiredResult acquireInfo
= 6vendorCode = 2
01-22 22:55:20.212 8399 8399 W FingerprintManager: Invalid acquired message: 6, 2
01-22 22:55:20.225 8399 8399 W FingerprintManager: sendAcquiredResult acquireInfo
= 0vendorCode = 0
01-22 22:56:27.666 8399 8399 W FingerprintManager: sendAcquiredResult acquireInfo
= 6vendorCode = 2
01-22 22:56:27.667 8399 8399 W FingerprintManager: Invalid acquired message: 6, 2
01-22 22:56:27.695 8399 8399 W FingerprintManager: sendAcquiredResult acquireInfo
= 0vendorCode = 0
01-22 22:58:01.010 8399 8399 W FingerprintManager: sendAcquiredResult acquireInfo
= 6vendorCode = 2
01-22 22:58:01.012 8399 8399 W FingerprintManager: Invalid acquired message: 6, 2
01-22 22:58:01.028 8399 8399 W FingerprintManager: sendAcquiredResult acquireInfo
= 0vendorCode = 0
01-22 22:59:09.460 8399 8399 W FingerprintManager: sendAcquiredResult acquireInfo
= 6vendorCode = 2
01-22 22:59:09.460 8399 8399 W FingerprintManager: Invalid acquired message: 6, 2
01-22 22:59:09.492 8399 8399 W FingerprintManager: sendAcquiredResult acquireInfo
= 0vendorCode = 0
01-22 22:59:49.662 8399 8399 W FingerprintManager: sendAcquiredResult acquireInfo
= 6vendorCode = 2
01-22 22:59:49.662 8399 8399 W FingerprintManager: Invalid acquired message: 6, 2
01-22 22:59:49.693 8399 8399 W FingerprintManager: sendAcquiredResult acquireInfo
= 0vendorCode = 0
01-22 23:00:48.796 8399 8399 W FingerprintManager: sendAcquiredResult acquireInfo
= 6vendorCode = 2
01-22 23:00:48.796 8399 8399 W FingerprintManager: Invalid acquired message: 6, 2
01-22 23:00:48.815 8399 8399 W FingerprintManager: sendAcquiredResult acquireInfo
= 0vendorCode = 0
01-22 23:01:53.898 8399 8399 W FingerprintManager: sendAcquiredResult acquireInfo
= 6vendorCode = 2
01-22 23:01:53.898 8399 8399 W FingerprintManager: Invalid acquired message: 6, 2
01-22 23:01:53.916 8399 8399 W FingerprintManager: sendAcquiredResult acquireInfo
= 0vendorCode = 0
01-22 23:02:38.240 8399 8399 W FingerprintManager: sendAcquiredResult acquireInfo
= 6vendorCode = 2
01-22 23:02:38.240 8399 8399 W FingerprintManager: Invalid acquired message: 6, 2
01-22 23:02:38.259 8399 8399 W FingerprintManager: sendAcquiredResult acquireInfo
= 0vendorCode = 0
01-22 23:02:39.410 8399 8399 W FingerprintManager: sendAcquiredResult acquireInfo
= 6vendorCode = 3
01-22 23:02:39.410 8399 8399 W FingerprintManager: Invalid acquired message: 6, 3
01-22 23:02:39.530 8399 8399 W FingerprintManager: sendAcquiredResult acquireInfo
= 6vendorCode = 2
01-22 23:02:39.530 8399 8399 W FingerprintManager: Invalid acquired message: 6, 2
01-22 23:02:39.551 8399 8399 W FingerprintManager: sendAcquiredResult acquireInfo
= 0vendorCode = 0
--------- beginning of main
01-22 23:07:39.666 14813 14813 E com.whatsapp: Not starting debugger since process
cannot load the jdwp agent.
01-22 23:07:39.813 14813 14813 W System.err: java.lang.ClassNotFoundException:
mbmodsd.mbmodsw.ui.views.btn.BtnBK
01-22 23:07:39.813 14813 14813 W System.err: at
java.lang.Runtime.nativeLoad(Native Method)
01-22 23:07:39.813 14813 14813 W System.err: at
java.lang.Runtime.nativeLoad(Runtime.java:1131)
01-22 23:07:39.813 14813 14813 W System.err: at
java.lang.Runtime.loadLibrary0(Runtime.java:1085)
01-22 23:07:39.813 14813 14813 W System.err: at
java.lang.Runtime.loadLibrary0(Runtime.java:1008)
01-22 23:07:39.813 14813 14813 W System.err: at
java.lang.System.loadLibrary(System.java:1664)
01-22 23:07:39.813 14813 14813 W System.err: at arm.EpicVm.<clinit>(Unknown
Source:2)
01-22 23:07:39.813 14813 14813 W System.err: at
java.lang.Class.newInstance(Native Method)
01-22 23:07:39.813 14813 14813 W System.err: at
android.app.AppComponentFactory.instantiateApplication(AppComponentFactory.java:76)
01-22 23:07:39.813 14813 14813 W System.err: at
androidx.core.app.CoreComponentFactory.instantiateApplication(Unknown Source:0)
01-22 23:07:39.813 14813 14813 W System.err: at
android.app.Instrumentation.newApplication(Instrumentation.java:1164)
01-22 23:07:39.813 14813 14813 W System.err: at
android.app.LoadedApk.makeApplication(LoadedApk.java:1244)
01-22 23:07:39.813 14813 14813 W System.err: at
android.app.ActivityThread.handleBindApplication(ActivityThread.java:7000)
01-22 23:07:39.813 14813 14813 W System.err: at
android.app.ActivityThread.access$1500(ActivityThread.java:257)
01-22 23:07:39.813 14813 14813 W System.err: at
android.app.ActivityThread$H.handleMessage(ActivityThread.java:2025)
01-22 23:07:39.813 14813 14813 W System.err: at
android.os.Handler.dispatchMessage(Handler.java:106)
01-22 23:07:39.813 14813 14813 W System.err: at
android.os.Looper.loop(Looper.java:268)
01-22 23:07:39.813 14813 14813 W System.err: at
android.app.ActivityThread.main(ActivityThread.java:8004)
01-22 23:07:39.813 14813 14813 W System.err: at
java.lang.reflect.Method.invoke(Native Method)
01-22 23:07:39.813 14813 14813 W System.err: at
com.android.internal.os.RuntimeInit$MethodAndArgsCaller.run(RuntimeInit.java:627)
01-22 23:07:39.813 14813 14813 W System.err: at
com.android.internal.os.ZygoteInit.main(ZygoteInit.java:997)
01-22 23:07:39.836 14813 14813 E libc : Access denied finding property
"ro.vendor.pref_scale_resolution"
01-22 23:07:39.846 14813 14813 E CustomActivityOnCrash: IMPORTANT WARNING! You
already have an UncaughtExceptionHandler, are you sure this is correct? If you use
a custom UncaughtExceptionHandler, you must initialize it AFTER
CustomActivityOnCrash! Installing anyway, but your original handler will not be
called.
01-22 23:07:39.893 14813 14866 W AsyncDrawableCache: can not found res: 2131233001,
maybe dynamic res id.
01-22 23:07:40.215 14813 14813 W com.whatsapp: Accessing hidden method
Lcom/android/org/conscrypt/OpenSSLSocketImpl;->setUseSessionTickets(Z)V (greylist-
max-q,test-api, reflection, denied)
01-22 23:07:40.216 14813 14813 W com.whatsapp: Accessing hidden method
Lcom/android/org/conscrypt/AbstractConscryptSocket;->setUseSessionTickets(Z)V
(greylist-max-q, reflection, denied)
01-22 23:07:40.309 14813 14813 W linker : Warning:
"/data/data/com.whatsapp/files/decompressed/libs.spk.zst/libc++_shared.so" unused
DT entry: unknown processor-specific (type 0x70000001 arg 0x0) (ignoring)
01-22 23:07:40.302 14813 14813 W com.whatsapp: type=1400 audit(0.0:314654): avc:
granted { execute } for
path="/data/data/com.whatsapp/files/decompressed/libs.spk.zst/libc++_shared.so"
dev="dm-11" ino=1554316 scontext=u:r:untrusted_app:s0:c154,c258,c512,c768
tcontext=u:object_r:app_data_file:s0:c154,c258,c512,c768 tclass=file
app=com.whatsapp
01-22 23:07:40.322 14813 14813 W com.whatsapp: type=1400 audit(0.0:314655): avc:
granted { execute } for
path="/data/data/com.whatsapp/files/decompressed/libs.spk.zst/libvlc.so" dev="dm-
11" ino=718158 scontext=u:r:untrusted_app:s0:c154,c258,c512,c768
tcontext=u:object_r:app_data_file:s0:c154,c258,c512,c768 tclass=file
app=com.whatsapp
01-22 23:07:40.338 14813 14813 W com.whatsapp: type=1400 audit(0.0:314656): avc:
granted { execute } for
path="/data/data/com.whatsapp/files/decompressed/libs.spk.zst/libwhatsapp.so"
dev="dm-11" ino=716707 scontext=u:r:untrusted_app:s0:c154,c258,c512,c768
tcontext=u:object_r:app_data_file:s0:c154,c258,c512,c768 tclass=file
app=com.whatsapp
01-22 23:07:40.414 14813 14813 W com.whatsapp: type=1400 audit(0.0:314657): avc:
granted { execute } for
path="/data/data/com.whatsapp/files/decompressed/libs.spk.zst/libcurve25519.so"
dev="dm-11" ino=722534 scontext=u:r:untrusted_app:s0:c154,c258,c512,c768
tcontext=u:object_r:app_data_file:s0:c154,c258,c512,c768 tclass=file
app=com.whatsapp
01-22 23:07:40.426 14813 14813 W com.whatsapp: type=1400 audit(0.0:314658): avc:
granted { execute } for
path="/data/data/com.whatsapp/files/decompressed/libs.spk.zst/libwhatsapp.so"
dev="dm-11" ino=716707 scontext=u:r:untrusted_app:s0:c154,c258,c512,c768
tcontext=u:object_r:app_data_file:s0:c154,c258,c512,c768 tclass=file
app=com.whatsapp
01-22 23:07:40.561 14813 14813 W com.whatsapp: Class X.0eU failed lock verification
and will run slower.
01-22 23:07:40.561 14813 14813 W com.whatsapp: Common causes for lock verification
issues are non-optimized dex code
01-22 23:07:40.561 14813 14813 W com.whatsapp: and incorrect proguard
optimizations.
01-22 23:07:40.586 14813 15027 W com.whatsapp: Class X.2rL failed lock verification
and will run slower.
01-22 23:07:40.734 14813 14813 W com.whatsapp: Class com.whatsapp.HomeActivity
failed lock verification and will run slower.
01-22 23:07:41.021 14813 14813 E ion : ioctl c0044901 failed with code -1:
Invalid argument
01-22 23:07:41.060 14813 14813 E ArmVmp : Match on catch block at 0x0a in for 0xc9
01-22 23:07:41.109 14813 14813 E ArmVmp : Match on catch block at 0x0a in for
0x139
01-22 23:07:41.303 14813 14866 W System : ClassLoader referenced unknown path:
system/framework/mediatek-cta.jar
01-22 23:07:41.332 14813 14866 E ArmVmp : No matching catch block at 0x07
01-22 23:07:41.332 14813 14866 E ArmVmp : Match on catch block at 0x02 in for 0x29
01-22 23:07:41.334 14813 14866 W System.err: java.net.UnknownHostException: Unable
to resolve host "pastebin.com": No address associated with hostname
01-22 23:07:41.335 14813 14866 W System.err:
01-22 23:07:41.351 14813 14866 W System.err: at
java.net.Inet6AddressImpl.lookupHostByName(Inet6AddressImpl.java:156)
01-22 23:07:41.351 14813 14866 W System.err:
01-22 23:07:41.356 14813 14866 W System.err: at
java.net.Inet6AddressImpl.lookupAllHostAddr(Inet6AddressImpl.java:103)
01-22 23:07:41.356 14813 14866 W System.err:
01-22 23:07:41.357 14813 14866 W System.err: at
java.net.InetAddress.getAllByName(InetAddress.java:1152)
01-22 23:07:41.358 14813 14866 W System.err:
01-22 23:07:41.359 14813 14866 W System.err: at
com.android.okhttp.Dns$1.lookup(Dns.java:41)
01-22 23:07:41.361 14813 14866 W System.err:
01-22 23:07:41.362 14813 14866 W System.err: at
com.android.okhttp.internal.http.RouteSelector.resetNextInetSocketAddress(RouteSele
ctor.java:178)
01-22 23:07:41.394 14813 14866 W System.err:
01-22 23:07:41.397 14813 14866 W System.err: at
com.android.okhttp.internal.http.RouteSelector.nextProxy(RouteSelector.java:144)
01-22 23:07:41.397 14813 14866 W System.err:
01-22 23:07:41.400 14813 14866 W System.err: at
com.android.okhttp.internal.http.RouteSelector.next(RouteSelector.java:86)
01-22 23:07:41.404 14813 14866 W System.err:
01-22 23:07:41.426 14813 14866 W System.err: at
com.android.okhttp.internal.http.StreamAllocation.findConnection(StreamAllocation.j
ava:176)
01-22 23:07:41.426 14813 14866 W System.err:
01-22 23:07:41.429 14813 14866 W System.err: at
com.android.okhttp.internal.http.StreamAllocation.findHealthyConnection(StreamAlloc
ation.java:128)
01-22 23:07:41.431 14813 14866 W System.err:
01-22 23:07:41.440 14813 14866 W System.err: at
com.android.okhttp.internal.http.StreamAllocation.newStream(StreamAllocation.java:9
7)
01-22 23:07:41.440 14813 14866 W System.err:
01-22 23:07:41.442 14813 14866 W System.err: at
com.android.okhttp.internal.http.HttpEngine.connect(HttpEngine.java:302)
01-22 23:07:41.443 14813 14866 W System.err:
01-22 23:07:41.451 14813 14866 W System.err: at
com.android.okhttp.internal.http.HttpEngine.sendRequest(HttpEngine.java:245)
01-22 23:07:41.451 14813 14866 W System.err:
01-22 23:07:41.453 14813 14866 W System.err: at
com.android.okhttp.internal.huc.HttpURLConnectionImpl.execute(HttpURLConnectionImpl
.java:465)
01-22 23:07:41.468 14813 14866 W System.err:
01-22 23:07:41.479 14813 14866 W System.err: at
com.android.okhttp.internal.huc.HttpURLConnectionImpl.getResponse(HttpURLConnection
Impl.java:411)
01-22 23:07:41.481 14813 14866 W System.err:
01-22 23:07:41.508 14813 14866 W System.err: at
com.android.okhttp.internal.huc.HttpURLConnectionImpl.getInputStream(HttpURLConnect
ionImpl.java:248)
01-22 23:07:41.510 14813 14866 W System.err:
01-22 23:07:41.517 14813 14866 W System.err: at
com.android.okhttp.internal.huc.DelegatingHttpsURLConnection.getInputStream(Delegat
ingHttpsURLConnection.java:211)
01-22 23:07:41.518 14813 14866 W System.err:
01-22 23:07:41.520 14813 14866 W System.err: at
com.android.okhttp.internal.huc.HttpsURLConnectionImpl.getInputStream(HttpsURLConne
ctionImpl.java:30)
01-22 23:07:41.520 14813 14866 W System.err:
01-22 23:07:41.520 14813 14866 W System.err: at
java.net.URL.openStream(URL.java:1072)
01-22 23:07:41.523 14813 14866 W System.err:
01-22 23:07:41.524 14813 14866 W System.err: at
mbmodsd.mbmodsw.mbdialog.MBDialogMan.loadJsonFromUrl(Native Method)
01-22 23:07:41.525 14813 14866 W System.err:
01-22 23:07:41.527 14813 14866 W System.err: at
mbmodsd.mbmodsw.mbdialog.MBDialogMan.access$000(Native Method)
01-22 23:07:41.528 14813 14866 W System.err:
01-22 23:07:41.532 14813 14866 W System.err: at
mbmodsd.mbmodsw.mbdialog.MBDialogMan$FetchJsonTask.doInBackground(Native Method)
01-22 23:07:41.532 14813 14866 W System.err:
01-22 23:07:41.567 14813 14866 W System.err: at
mbmodsd.mbmodsw.mbdialog.MBDialogMan$FetchJsonTask.doInBackground(Native Method)
01-22 23:07:41.580 14813 14866 W System.err:
01-22 23:07:41.613 14813 14866 W System.err: at
android.os.AsyncTask$3.call(AsyncTask.java:394)
01-22 23:07:41.613 14813 14866 W System.err:
01-22 23:07:41.613 14813 14866 W System.err: at
java.util.concurrent.FutureTask.run(FutureTask.java:266)
01-22 23:07:41.613 14813 14866 W System.err:
01-22 23:07:41.613 14813 14866 W System.err: at
android.os.AsyncTask$SerialExecutor$1.run(AsyncTask.java:305)
01-22 23:07:41.613 14813 14866 W System.err:
01-22 23:07:41.628 14813 14866 W System.err: at
java.util.concurrent.ThreadPoolExecutor.runWorker(ThreadPoolExecutor.java:1167)
01-22 23:07:41.628 14813 14866 W System.err:
01-22 23:07:41.636 14813 14866 W System.err: at
java.util.concurrent.ThreadPoolExecutor$Worker.run(ThreadPoolExecutor.java:641)
01-22 23:07:41.636 14813 14866 W System.err:
01-22 23:07:41.636 14813 14866 W System.err: at
java.lang.Thread.run(Thread.java:923)
01-22 23:07:41.636 14813 14866 W System.err:
01-22 23:07:41.666 14813 14866 W System.err: Caused by:
android.system.GaiException: android_getaddrinfo failed: EAI_NODATA (No address
associated with hostname)
01-22 23:07:41.666 14813 14866 W System.err:
01-22 23:07:41.667 14813 14866 W System.err: at
libcore.io.Linux.android_getaddrinfo(Native Method)
01-22 23:07:41.667 14813 14866 W System.err:
01-22 23:07:41.668 14813 14866 W System.err: at
libcore.io.ForwardingOs.android_getaddrinfo(ForwardingOs.java:73)
01-22 23:07:41.668 14813 14866 W System.err:
01-22 23:07:41.668 14813 14866 W System.err: at
libcore.io.BlockGuardOs.android_getaddrinfo(BlockGuardOs.java:202)
01-22 23:07:41.668 14813 14866 W System.err:
01-22 23:07:41.668 14813 14866 W System.err: at
libcore.io.ForwardingOs.android_getaddrinfo(ForwardingOs.java:73)
01-22 23:07:41.668 14813 14866 W System.err:
01-22 23:07:41.668 14813 14866 W System.err: at
java.net.Inet6AddressImpl.lookupHostByName(Inet6AddressImpl.java:135)
01-22 23:07:41.668 14813 14866 W System.err:
01-22 23:07:41.668 14813 14866 W System.err: ... 27 more
01-22 23:07:41.668 14813 14866 W System.err:
01-22 23:07:41.708 14813 14813 E libc : Access denied finding property
"ro.vendor.tgpa_resolution_tuner"
01-22 23:07:41.724 14813 14813 E libc : Access denied finding property
"ro.vendor.scaler_version"
01-22 23:07:41.725 14813 14813 E libc : Access denied finding property
"ro.vendor.scaler_version"
01-22 23:07:41.731 14813 15133 W System : ClassLoader referenced unknown path:
system/framework/mediatek-cta.jar
01-22 23:07:41.983 14813 15037 E ion : ioctl c0044901 failed with code -1:
Invalid argument
01-22 23:07:42.162 14813 14813 W FingerprintManager: sendAcquiredResult acquireInfo
= 6vendorCode = 2
01-22 23:07:42.162 14813 14813 W FingerprintManager: Invalid acquired message: 6, 2
01-22 23:07:42.253 14813 14813 W FingerprintManager: sendAcquiredResult acquireInfo
= 0vendorCode = 0
01-22 23:07:42.384 14813 14813 E ArmVmp : Match on catch block at 0x0a in for 0xd5
01-22 23:07:43.392 14813 14888 W LibraryVersion: Failed to get app version for
libraryName: firebase-iid
01-22 23:07:43.468 14813 15032 E SQLiteDatabase: Error inserting dirty_version=-1
version=0 lt_hash=null collection_name=critical_block
01-22 23:07:43.468 14813 15032 E SQLiteDatabase:
android.database.sqlite.SQLiteConstraintException: UNIQUE constraint failed:
collection_versions.collection_name (code 1555 SQLITE_CONSTRAINT_PRIMARYKEY)
01-22 23:07:43.468 14813 15032 E SQLiteDatabase: at
android.database.sqlite.SQLiteConnection.nativeExecuteForLastInsertedRowId(Native
Method)
01-22 23:07:43.468 14813 15032 E SQLiteDatabase: at
android.database.sqlite.SQLiteConnection.executeForLastInsertedRowId(SQLiteConnecti
on.java:938)
01-22 23:07:43.468 14813 15032 E SQLiteDatabase: at
android.database.sqlite.SQLiteSession.executeForLastInsertedRowId(SQLiteSession.jav
a:790)
01-22 23:07:43.468 14813 15032 E SQLiteDatabase: at
android.database.sqlite.SQLiteStatement.executeInsert(SQLiteStatement.java:88)
01-22 23:07:43.468 14813 15032 E SQLiteDatabase: at
android.database.sqlite.SQLiteDatabase.insertWithOnConflict(SQLiteDatabase.java:170
1)
01-22 23:07:43.468 14813 15032 E SQLiteDatabase: at
android.database.sqlite.SQLiteDatabase.insert(SQLiteDatabase.java:1570)
01-22 23:07:43.468 14813 15032 E SQLiteDatabase: at X.2tm.A08(Unknown
Source:6)
01-22 23:07:43.468 14813 15032 E SQLiteDatabase: at X.2sR.A03(Unknown
Source:39)
01-22 23:07:43.468 14813 15032 E SQLiteDatabase: at X.2sR.A05(Unknown
Source:14)
01-22 23:07:43.468 14813 15032 E SQLiteDatabase: at X.3eA.run(Unknown
Source:2101)
01-22 23:07:43.468 14813 15032 E SQLiteDatabase: at
java.util.concurrent.ThreadPoolExecutor.runWorker(ThreadPoolExecutor.java:1167)
01-22 23:07:43.468 14813 15032 E SQLiteDatabase: at
java.util.concurrent.ThreadPoolExecutor$Worker.run(ThreadPoolExecutor.java:641)
01-22 23:07:43.468 14813 15032 E SQLiteDatabase: at X.3gH.run(Unknown
Source:1548)
01-22 23:07:43.468 14813 15032 E SQLiteDatabase: at
java.lang.Thread.run(Thread.java:923)
01-22 23:07:43.488 14813 15469 W LOTTIE : Animation contains merge paths. Merge
paths are only supported on KitKat+ and must be manually enabled by calling
enableMergePathsForKitKatAndAbove().
01-22 23:07:43.595 14813 15475 E libc : Access denied finding property
"vendor.debug.drm.logv"
01-22 23:07:43.595 14813 15475 E libc : Access denied finding property
"vendor.debug.drm.logv"
01-22 23:07:43.596 14813 15475 E libc : Access denied finding property
"vendor.debug.drm.logd"
01-22 23:07:43.596 14813 15475 E libc : Access denied finding property
"vendor.debug.drm.logv"
01-22 23:07:43.981 14813 14813 E RecyclerView: No adapter attached; skipping layout
01-22 23:07:44.057 14813 15493 W System.err: java.lang.NullPointerException:
Attempt to invoke interface method 'void
com.transsion.log.sub.ITranLogSubManager.compulateSkipperFrame(android.os.Bundle)'
on a null object reference
01-22 23:07:44.057 14813 15493 W System.err:
01-22 23:07:44.057 14813 15493 W System.err: at
android.app.ActivityThread$3.run(ActivityThread.java:8063)
01-22 23:07:44.057 14813 15493 W System.err:
01-22 23:07:44.057 14813 15493 W System.err: at
java.util.concurrent.ThreadPoolExecutor.runWorker(ThreadPoolExecutor.java:1167)
01-22 23:07:44.057 14813 15493 W System.err:
01-22 23:07:44.057 14813 15493 W System.err: at
java.util.concurrent.ThreadPoolExecutor$Worker.run(ThreadPoolExecutor.java:641)
01-22 23:07:44.058 14813 15493 W System.err:
01-22 23:07:44.058 14813 15493 W System.err: at
java.lang.Thread.run(Thread.java:923)
01-22 23:07:44.058 14813 15493 W System.err:
01-22 23:07:44.089 14813 14813 E RecyclerView: No adapter attached; skipping layout
01-22 23:07:44.155 14813 14813 W LOTTIE : Animation contains merge paths but they
are disabled.
01-22 23:07:48.515 14813 14830 W System : A resource failed to call release.
01-22 23:07:48.517 14813 14813 W com.whatsapp: Verification of void
X.5pH.A1Z(android.os.Bundle) took 128.913ms (78603.07 bytecodes/s) (247928B
approximate peak alloc)
01-22 23:07:48.616 14813 15721 E RenderScript: Failed loading RS driver: dlopen
failed: library "libRSDriver_mtk.so" not found
01-22 23:07:48.616 14813 15721 E RenderScript: Failed to load runtime
libRSDriver_mtk.so, loading default
01-22 23:07:48.723 14813 15469 W LOTTIE : Unknown shape type rd
01-22 23:07:48.784 14813 14813 E ArmVmp : Match on catch block at 0x0a in for 0xc9
01-22 23:07:48.788 14813 14813 E ArmVmp : Match on catch block at 0x0a in for 0xc9
01-22 23:07:49.022 14813 14813 E ArmVmp : Match on catch block at 0xc3 in for 0xb9
01-22 23:07:49.028 14813 14813 E ArmVmp : Match on catch block at 0xc3 in for 0xb5
01-22 23:07:49.030 14813 14813 E ArmVmp : Match on catch block at 0xc3 in for 0xb5
01-22 23:07:49.080 14813 14813 E ArmVmp : Match on catch block at 0xc3 in for 0xa9
01-22 23:07:49.083 14813 14813 E ArmVmp : Match on catch block at 0xc3 in for 0xa5
01-22 23:07:49.084 14813 14813 E ArmVmp : Match on catch block at 0xc3 in for 0xa5
01-22 23:07:49.106 14813 14813 E ArmVmp : Match on catch block at 0xc3 in for 0xa1
01-22 23:07:49.108 14813 14813 E ArmVmp : Match on catch block at 0xc3 in for 0xa5
01-22 23:07:49.109 14813 14813 E ArmVmp : Match on catch block at 0xc3 in for 0xa5
01-22 23:07:49.137 14813 14813 E ArmVmp : Match on catch block at 0xc3 in for 0xa9
01-22 23:07:49.139 14813 14813 E ArmVmp : Match on catch block at 0xc3 in for 0xa1
01-22 23:07:49.141 14813 14813 E ArmVmp : Match on catch block at 0xc3 in for 0xa1
01-22 23:07:49.634 14813 14813 E ArmVmp : Match on catch block at 0xc3 in for 0xa5
01-22 23:07:49.637 14813 14813 E ArmVmp : Match on catch block at 0xc3 in for 0xa9
01-22 23:07:49.639 14813 14813 E ArmVmp : Match on catch block at 0xc3 in for 0xa9
01-22 23:07:49.651 14813 14813 E ArmVmp : Match on catch block at 0xc3 in for 0xa1
01-22 23:07:49.654 14813 14813 E ArmVmp : Match on catch block at 0xc3 in for 0xa5
01-22 23:07:49.656 14813 14813 E ArmVmp : Match on catch block at 0xc3 in for 0xa5
01-22 23:07:49.668 14813 14813 E ArmVmp : Match on catch block at 0xc3 in for 0xa9
01-22 23:07:49.671 14813 14813 E ArmVmp : Match on catch block at 0xc3 in for 0xa1
01-22 23:07:49.673 14813 14813 E ArmVmp : Match on catch block at 0xc3 in for 0xa1
01-22 23:07:49.684 14813 14813 E ArmVmp : Match on catch block at 0xc3 in for 0xa5
01-22 23:07:49.687 14813 14813 E ArmVmp : Match on catch block at 0xc3 in for 0xa9
01-22 23:07:49.700 14813 14813 E ArmVmp : Match on catch block at 0xc3 in for 0xa9
01-22 23:07:49.703 14813 14813 E ArmVmp : Match on catch block at 0xc3 in for 0xa1
01-22 23:07:49.706 14813 14813 E ArmVmp : Match on catch block at 0xc3 in for 0xa1
01-22 23:07:49.717 14813 14813 E ArmVmp : Match on catch block at 0xc3 in for 0xa5
01-22 23:07:49.720 14813 14813 E ArmVmp : Match on catch block at 0xc3 in for 0xa9
01-22 23:07:49.723 14813 14813 E ArmVmp : Match on catch block at 0xc3 in for 0xa9
01-22 23:07:49.734 14813 14813 E ArmVmp : Match on catch block at 0xc3 in for 0xa1
01-22 23:07:49.737 14813 14813 E ArmVmp : Match on catch block at 0xc3 in for 0xa5
01-22 23:07:49.740 14813 14813 E ArmVmp : Match on catch block at 0xc3 in for 0xa5
01-22 23:07:49.751 14813 14813 E ArmVmp : Match on catch block at 0xc3 in for 0xa9
01-22 23:07:49.754 14813 14813 E ArmVmp : Match on catch block at 0xc3 in for 0xa1
01-22 23:07:49.756 14813 14813 E ArmVmp : Match on catch block at 0xc3 in for 0xa1
01-22 23:07:49.767 14813 14813 E ArmVmp : Match on catch block at 0xc3 in for 0xa5
01-22 23:07:49.771 14813 14813 E ArmVmp : Match on catch block at 0xc3 in for 0xa9
01-22 23:07:49.773 14813 14813 E ArmVmp : Match on catch block at 0xc3 in for 0xa9
01-22 23:07:49.784 14813 14813 E ArmVmp : Match on catch block at 0xc3 in for 0xa1
01-22 23:07:49.788 14813 14813 E ArmVmp : Match on catch block at 0xc3 in for 0xa5
01-22 23:07:49.790 14813 14813 E ArmVmp : Match on catch block at 0xc3 in for 0xa5
01-22 23:07:49.801 14813 14813 E ArmVmp : Match on catch block at 0xc3 in for 0xa9
01-22 23:07:49.804 14813 14813 E ArmVmp : Match on catch block at 0xc3 in for 0xa1
01-22 23:07:49.806 14813 14813 E ArmVmp : Match on catch block at 0xc3 in for 0xa1
01-22 23:07:49.817 14813 14813 E ArmVmp : Match on catch block at 0xc3 in for 0xa5
01-22 23:07:49.821 14813 14813 E ArmVmp : Match on catch block at 0xc3 in for 0xa9
01-22 23:07:49.824 14813 14813 E ArmVmp : Match on catch block at 0xc3 in for 0xa9
01-22 23:07:49.834 14813 14813 E ArmVmp : Match on catch block at 0xc3 in for 0xa1
01-22 23:07:49.837 14813 14813 E ArmVmp : Match on catch block at 0xc3 in for 0xa5
01-22 23:07:49.839 14813 14813 E ArmVmp : Match on catch block at 0xc3 in for 0xa5
01-22 23:07:49.851 14813 14813 E ArmVmp : Match on catch block at 0xc3 in for 0xa9
01-22 23:07:49.854 14813 14813 E ArmVmp : Match on catch block at 0xc3 in for 0xa1
01-22 23:07:49.856 14813 14813 E ArmVmp : Match on catch block at 0xc3 in for 0xa1
01-22 23:07:49.867 14813 14813 E ArmVmp : Match on catch block at 0xc3 in for 0xa5
01-22 23:07:49.871 14813 14813 E ArmVmp : Match on catch block at 0xc3 in for 0xa9
01-22 23:07:49.873 14813 14813 E ArmVmp : Match on catch block at 0xc3 in for 0xa9
01-22 23:07:49.884 14813 14813 E ArmVmp : Match on catch block at 0xc3 in for 0xa1
01-22 23:07:49.887 14813 14813 E ArmVmp : Match on catch block at 0xc3 in for 0xa5
01-22 23:07:49.889 14813 14813 E ArmVmp : Match on catch block at 0xc3 in for 0xa5
01-22 23:07:49.901 14813 14813 E ArmVmp : Match on catch block at 0xc3 in for 0xa9
01-22 23:07:49.904 14813 14813 E ArmVmp : Match on catch block at 0xc3 in for 0xa1
01-22 23:07:49.907 14813 14813 E ArmVmp : Match on catch block at 0xc3 in for 0xa1
01-22 23:07:49.917 14813 14813 E ArmVmp : Match on catch block at 0xc3 in for 0xa5
01-22 23:07:49.921 14813 14813 E ArmVmp : Match on catch block at 0xc3 in for 0xa9
01-22 23:07:49.923 14813 14813 E ArmVmp : Match on catch block at 0xc3 in for 0xa9
01-22 23:07:49.934 14813 14813 E ArmVmp : Match on catch block at 0xc3 in for 0xa1
01-22 23:07:49.938 14813 14813 E ArmVmp : Match on catch block at 0xc3 in for 0xa5
01-22 23:07:49.940 14813 14813 E ArmVmp : Match on catch block at 0xc3 in for 0xa5
01-22 23:07:49.951 14813 14813 E ArmVmp : Match on catch block at 0xc3 in for 0xa9
01-22 23:07:49.954 14813 14813 E ArmVmp : Match on catch block at 0xc3 in for 0xa1
01-22 23:07:49.956 14813 14813 E ArmVmp : Match on catch block at 0xc3 in for 0xa1
01-22 23:07:49.967 14813 14813 E ArmVmp : Match on catch block at 0xc3 in for 0xa5
01-22 23:07:49.971 14813 14813 E ArmVmp : Match on catch block at 0xc3 in for 0xa9
01-22 23:07:49.973 14813 14813 E ArmVmp : Match on catch block at 0xc3 in for 0xa9
01-22 23:07:50.134 14813 14813 E ArmVmp : Match on catch block at 0xc3 in for 0xa1
01-22 23:07:50.137 14813 14813 E ArmVmp : Match on catch block at 0xc3 in for 0xa5
01-22 23:07:50.140 14813 14813 E ArmVmp : Match on catch block at 0xc3 in for 0xa5
01-22 23:07:50.634 14813 14813 E ArmVmp : Match on catch block at 0xc3 in for 0xa9
01-22 23:07:50.638 14813 14813 E ArmVmp : Match on catch block at 0xc3 in for 0xa1
01-22 23:07:50.641 14813 14813 E ArmVmp : Match on catch block at 0xc3 in for 0xa1
01-22 23:07:50.701 14813 14813 E ArmVmp : Match on catch block at 0xc3 in for 0xa5
01-22 23:07:50.705 14813 14813 E ArmVmp : Match on catch block at 0xc3 in for 0xa9
01-22 23:07:50.707 14813 14813 E ArmVmp : Match on catch block at 0xc3 in for 0xa9
01-22 23:07:50.718 14813 14813 E ArmVmp : Match on catch block at 0xc3 in for 0xa1
01-22 23:07:50.722 14813 14813 E ArmVmp : Match on catch block at 0xc3 in for 0xa5
01-22 23:07:50.724 14813 14813 E ArmVmp : Match on catch block at 0xc3 in for 0xa5
01-22 23:07:50.735 14813 14813 E ArmVmp : Match on catch block at 0xc3 in for 0xa9
01-22 23:07:50.739 14813 14813 E ArmVmp : Match on catch block at 0xc3 in for 0xa1
01-22 23:07:50.741 14813 14813 E ArmVmp : Match on catch block at 0xc3 in for 0xa1
01-22 23:07:50.751 14813 14813 E ArmVmp : Match on catch block at 0xc3 in for 0xa5
01-22 23:07:50.755 14813 14813 E ArmVmp : Match on catch block at 0xc3 in for 0xa9
01-22 23:07:50.757 14813 14813 E ArmVmp : Match on catch block at 0xc3 in for 0xa9
01-22 23:07:50.768 14813 14813 E ArmVmp : Match on catch block at 0xc3 in for 0xa1
01-22 23:07:50.771 14813 14813 E ArmVmp : Match on catch block at 0xc3 in for 0xa5
01-22 23:07:50.773 14813 14813 E ArmVmp : Match on catch block at 0xc3 in for 0xa5
01-22 23:07:50.784 14813 14813 E ArmVmp : Match on catch block at 0xc3 in for 0xa9
01-22 23:07:50.788 14813 14813 E ArmVmp : Match on catch block at 0xc3 in for 0xa1
01-22 23:07:50.790 14813 14813 E ArmVmp : Match on catch block at 0xc3 in for 0xa1
01-22 23:07:50.801 14813 14813 E ArmVmp : Match on catch block at 0xc3 in for 0xa5
01-22 23:07:50.805 14813 14813 E ArmVmp : Match on catch block at 0xc3 in for 0xa9
01-22 23:07:50.807 14813 14813 E ArmVmp : Match on catch block at 0xc3 in for 0xa9
01-22 23:07:50.818 14813 14813 E ArmVmp : Match on catch block at 0xc3 in for 0xa1
01-22 23:07:50.821 14813 14813 E ArmVmp : Match on catch block at 0xc3 in for 0xa5
01-22 23:07:50.823 14813 14813 E ArmVmp : Match on catch block at 0xc3 in for 0xa5
01-22 23:07:50.835 14813 14813 E ArmVmp : Match on catch block at 0xc3 in for 0xa9
01-22 23:07:50.838 14813 14813 E ArmVmp : Match on catch block at 0xc3 in for 0xa1
01-22 23:07:50.840 14813 14813 E ArmVmp : Match on catch block at 0xc3 in for 0xa1
01-22 23:07:50.851 14813 14813 E ArmVmp : Match on catch block at 0xc3 in for 0xa5
01-22 23:07:50.855 14813 14813 E ArmVmp : Match on catch block at 0xc3 in for 0xa9
01-22 23:07:50.857 14813 14813 E ArmVmp : Match on catch block at 0xc3 in for 0xa9
01-22 23:07:50.867 14813 14813 E ArmVmp : Match on catch block at 0xc3 in for 0xa1
01-22 23:07:50.871 14813 14813 E ArmVmp : Match on catch block at 0xc3 in for 0xa5
01-22 23:07:50.873 14813 14813 E ArmVmp : Match on catch block at 0xc3 in for 0xa5
01-22 23:07:50.884 14813 14813 E ArmVmp : Match on catch block at 0xc3 in for 0xa9
01-22 23:07:50.888 14813 14813 E ArmVmp : Match on catch block at 0xc3 in for 0xa1
01-22 23:07:50.890 14813 14813 E ArmVmp : Match on catch block at 0xc3 in for 0xa1
01-22 23:07:50.901 14813 14813 E ArmVmp : Match on catch block at 0xc3 in for 0xa5
01-22 23:07:50.904 14813 14813 E ArmVmp : Match on catch block at 0xc3 in for 0xa9
01-22 23:07:50.907 14813 14813 E ArmVmp : Match on catch block at 0xc3 in for 0xa9
01-22 23:07:50.918 14813 14813 E ArmVmp : Match on catch block at 0xc3 in for 0xa1
01-22 23:07:50.921 14813 14813 E ArmVmp : Match on catch block at 0xc3 in for 0xa5
01-22 23:07:50.923 14813 14813 E ArmVmp : Match on catch block at 0xc3 in for 0xa5
01-22 23:07:50.935 14813 14813 E ArmVmp : Match on catch block at 0xc3 in for 0xa9
01-22 23:07:50.938 14813 14813 E ArmVmp : Match on catch block at 0xc3 in for 0xa1
01-22 23:07:50.940 14813 14813 E ArmVmp : Match on catch block at 0xc3 in for 0xa1
01-22 23:07:50.951 14813 14813 E ArmVmp : Match on catch block at 0xc3 in for 0xa5
01-22 23:07:50.955 14813 14813 E ArmVmp : Match on catch block at 0xc3 in for 0xa9
01-22 23:07:50.957 14813 14813 E ArmVmp : Match on catch block at 0xc3 in for 0xa9
01-22 23:07:50.968 14813 14813 E ArmVmp : Match on catch block at 0xc3 in for 0xa1
01-22 23:07:50.971 14813 14813 E ArmVmp : Match on catch block at 0xc3 in for 0xa5
01-22 23:07:50.973 14813 14813 E ArmVmp : Match on catch block at 0xc3 in for 0xa5
01-22 23:07:51.135 14813 14813 E ArmVmp : Match on catch block at 0xc3 in for 0xa9
01-22 23:07:51.138 14813 14813 E ArmVmp : Match on catch block at 0xc3 in for 0xa1
01-22 23:07:51.139 14813 14813 E ArmVmp : Match on catch block at 0xc3 in for 0xa1
01-22 23:07:51.635 14813 14813 E ArmVmp : Match on catch block at 0xc3 in for 0xa5
01-22 23:07:51.639 14813 14813 E ArmVmp : Match on catch block at 0xc3 in for 0xa9
01-22 23:07:51.641 14813 14813 E ArmVmp : Match on catch block at 0xc3 in for 0xa9
01-22 23:07:52.136 14813 14813 E ArmVmp : Match on catch block at 0xc3 in for 0xa9
01-22 23:07:52.138 14813 14813 E ArmVmp : Match on catch block at 0xc3 in for 0xa1
01-22 23:07:52.140 14813 14813 E ArmVmp : Match on catch block at 0xc3 in for 0xa1
01-22 23:07:52.636 14813 14813 E ArmVmp : Match on catch block at 0xc3 in for 0xa5
01-22 23:07:52.639 14813 14813 E ArmVmp : Match on catch block at 0xc3 in for 0xa9
01-22 23:07:52.641 14813 14813 E ArmVmp : Match on catch block at 0xc3 in for 0xa9
01-22 23:07:53.136 14813 14813 E ArmVmp : Match on catch block at 0xc3 in for 0xa1
01-22 23:07:53.140 14813 14813 E ArmVmp : Match on catch block at 0xc3 in for 0xa5
01-22 23:07:53.142 14813 14813 E ArmVmp : Match on catch block at 0xc3 in for 0xa5
01-22 23:07:53.636 14813 14813 E ArmVmp : Match on catch block at 0xc3 in for 0xa9
01-22 23:07:53.640 14813 14813 E ArmVmp : Match on catch block at 0xc3 in for 0xa1
01-22 23:07:53.642 14813 14813 E ArmVmp : Match on catch block at 0xc3 in for 0xa1
01-22 23:07:54.135 14813 14813 E ArmVmp : Match on catch block at 0xc3 in for 0xa5
01-22 23:07:54.139 14813 14813 E ArmVmp : Match on catch block at 0xc3 in for 0xa9
01-22 23:07:54.141 14813 14813 E ArmVmp : Match on catch block at 0xc3 in for 0xa9
01-22 23:07:54.453 14813 14813 E ArmVmp : Match on catch block at 0xc3 in for 0xa1
01-22 23:07:54.455 14813 14813 E ArmVmp : Match on catch block at 0xc3 in for 0xa5
01-22 23:07:54.456 14813 14813 E ArmVmp : Match on catch block at 0xc3 in for 0xa5
01-22 23:07:54.470 14813 14813 E ArmVmp : Match on catch block at 0xc3 in for 0xa9
01-22 23:07:54.472 14813 14813 E ArmVmp : Match on catch block at 0xc3 in for 0xa1
01-22 23:07:54.473 14813 14813 E ArmVmp : Match on catch block at 0xc3 in for 0xa1
01-22 23:07:54.486 14813 14813 E ArmVmp : Match on catch block at 0xc3 in for 0xa5
01-22 23:07:54.488 14813 14813 E ArmVmp : Match on catch block at 0xc3 in for 0xa9
01-22 23:07:54.490 14813 14813 E ArmVmp : Match on catch block at 0xc3 in for 0xa9
01-22 23:07:54.503 14813 14813 E ArmVmp : Match on catch block at 0xc3 in for 0xa1
01-22 23:07:54.505 14813 14813 E ArmVmp : Match on catch block at 0xc3 in for 0xa5
01-22 23:07:54.507 14813 14813 E ArmVmp : Match on catch block at 0xc3 in for 0xa5
01-22 23:07:54.519 14813 14813 E ArmVmp : Match on catch block at 0xc3 in for 0xa9
01-22 23:07:54.521 14813 14813 E ArmVmp : Match on catch block at 0xc3 in for 0xa1
01-22 23:07:54.523 14813 14813 E ArmVmp : Match on catch block at 0xc3 in for 0xa1
01-22 23:07:54.536 14813 14813 E ArmVmp : Match on catch block at 0xc3 in for 0xa5
01-22 23:07:54.538 14813 14813 E ArmVmp : Match on catch block at 0xc3 in for 0xa9
01-22 23:07:54.539 14813 14813 E ArmVmp : Match on catch block at 0xc3 in for 0xa9
01-22 23:07:54.553 14813 14813 E ArmVmp : Match on catch block at 0xc3 in for 0xa1
01-22 23:07:54.555 14813 14813 E ArmVmp : Match on catch block at 0xc3 in for 0xa5
01-22 23:07:54.557 14813 14813 E ArmVmp : Match on catch block at 0xc3 in for 0xa5
01-22 23:07:54.569 14813 14813 E ArmVmp : Match on catch block at 0xc3 in for 0xa9
01-22 23:07:54.571 14813 14813 E ArmVmp : Match on catch block at 0xc3 in for 0xa1
01-22 23:07:54.572 14813 14813 E ArmVmp : Match on catch block at 0xc3 in for 0xa1
01-22 23:07:54.586 14813 14813 E ArmVmp : Match on catch block at 0xc3 in for 0xa5
01-22 23:07:54.588 14813 14813 E ArmVmp : Match on catch block at 0xc3 in for 0xa9
01-22 23:07:54.589 14813 14813 E ArmVmp : Match on catch block at 0xc3 in for 0xa9
01-22 23:07:54.602 14813 14813 E ArmVmp : Match on catch block at 0xc3 in for 0xa1
01-22 23:07:54.604 14813 14813 E ArmVmp : Match on catch block at 0xc3 in for 0xa5
01-22 23:07:54.606 14813 14813 E ArmVmp : Match on catch block at 0xc3 in for 0xa5
01-22 23:07:54.638 14813 14813 E ArmVmp : Match on catch block at 0xc3 in for 0xa5
01-22 23:07:54.641 14813 14813 E ArmVmp : Match on catch block at 0xc3 in for 0xa9
01-22 23:07:54.668 14813 14813 E ArmVmp : Match on catch block at 0xc3 in for 0xa9
01-22 23:07:54.669 14813 14813 E ArmVmp : Match on catch block at 0xc3 in for 0xa1
01-22 23:07:54.683 14813 14813 E ArmVmp : Match on catch block at 0xc3 in for 0xa9
01-22 23:07:54.688 14813 14813 E ArmVmp : Match on catch block at 0xc3 in for 0xa1
01-22 23:07:54.703 14813 14813 E ArmVmp : Match on catch block at 0xc3 in for 0xa9
01-22 23:07:54.709 14813 14813 E ArmVmp : Match on catch block at 0xc3 in for 0xa1
01-22 23:07:54.718 14813 14813 E ArmVmp : Match on catch block at 0xc3 in for 0xa9
01-22 23:07:54.722 14813 14813 E ArmVmp : Match on catch block at 0xc3 in for 0xa1
01-22 23:07:54.728 14813 14813 E ArmVmp : Match on catch block at 0xc3 in for 0xa1
01-22 23:07:54.735 14813 14813 E ArmVmp : Match on catch block at 0xc3 in for 0xa5
01-22 23:07:54.740 14813 14813 E ArmVmp : Match on catch block at 0xc3 in for 0xa9
01-22 23:07:54.743 14813 14813 E ArmVmp : Match on catch block at 0xc3 in for 0xa9
01-22 23:07:54.752 14813 14813 E ArmVmp : Match on catch block at 0xc3 in for 0xa1
01-22 23:07:54.755 14813 14813 E ArmVmp : Match on catch block at 0xc3 in for 0xa5
01-22 23:07:54.760 14813 14813 E ArmVmp : Match on catch block at 0xc3 in for 0xa5
01-22 23:07:54.789 14813 14813 E ArmVmp : Match on catch block at 0xc3 in for 0xa9
01-22 23:07:54.794 14813 14813 E ArmVmp : Match on catch block at 0xc3 in for 0xa1
01-22 23:07:54.798 14813 14813 E ArmVmp : Match on catch block at 0xc3 in for 0xa1
01-22 23:07:54.817 14813 14813 E ArmVmp : Match on catch block at 0xc3 in for 0xa5
01-22 23:07:54.819 14813 14813 E ArmVmp : Match on catch block at 0xc3 in for 0xa9
01-22 23:07:54.821 14813 14813 E ArmVmp : Match on catch block at 0xc3 in for 0xa9
01-22 23:07:54.835 14813 14813 E ArmVmp : Match on catch block at 0xc3 in for 0xa1
01-22 23:07:54.839 14813 14813 E ArmVmp : Match on catch block at 0xc3 in for 0xa5
01-22 23:07:54.840 14813 14813 E ArmVmp : Match on catch block at 0xc3 in for 0xa5
01-22 23:07:54.852 14813 14813 E ArmVmp : Match on catch block at 0xc3 in for 0xa9
01-22 23:07:54.855 14813 14813 E ArmVmp : Match on catch block at 0xc3 in for 0xa1
01-22 23:07:54.857 14813 14813 E ArmVmp : Match on catch block at 0xc3 in for 0xa1
01-22 23:07:54.877 14813 14813 E ArmVmp : Match on catch block at 0xc3 in for 0xa5
01-22 23:07:54.880 14813 14813 E ArmVmp : Match on catch block at 0xc3 in for 0xa9
01-22 23:07:54.881 14813 14813 E ArmVmp : Match on catch block at 0xc3 in for 0xa9
01-22 23:07:54.886 14813 14813 E ArmVmp : Match on catch block at 0xc3 in for 0xa1
01-22 23:07:54.889 14813 14813 E ArmVmp : Match on catch block at 0xc3 in for 0xa5
01-22 23:07:54.890 14813 14813 E ArmVmp : Match on catch block at 0xc3 in for 0xa5
01-22 23:07:55.169 14813 14813 E ArmVmp : Match on catch block at 0xc3 in for 0xa9
01-22 23:07:55.171 14813 14813 E ArmVmp : Match on catch block at 0xc3 in for 0xa1
01-22 23:07:55.172 14813 14813 E ArmVmp : Match on catch block at 0xc3 in for 0xa1
01-22 23:07:55.404 14813 14813 E ArmVmp : Match on catch block at 0xc3 in for 0xa9
01-22 23:07:55.407 14813 14813 E ArmVmp : Match on catch block at 0xc3 in for 0xa1
01-22 23:07:55.408 14813 14813 E ArmVmp : Match on catch block at 0xc3 in for 0xa1
01-22 23:07:55.420 14813 14813 E ArmVmp : Match on catch block at 0xc3 in for 0xa1
01-22 23:07:55.422 14813 14813 E ArmVmp : Match on catch block at 0xc3 in for 0xa5
01-22 23:07:55.424 14813 14813 E ArmVmp : Match on catch block at 0xc3 in for 0xa5
01-22 23:07:55.435 14813 14813 E ArmVmp : Match on catch block at 0xc3 in for 0xa9
01-22 23:07:55.439 14813 14813 E ArmVmp : Match on catch block at 0xc3 in for 0xa1
01-22 23:07:55.441 14813 14813 E ArmVmp : Match on catch block at 0xc3 in for 0xa1
01-22 23:07:55.452 14813 14813 E ArmVmp : Match on catch block at 0xc3 in for 0xa5
01-22 23:07:55.454 14813 14813 E ArmVmp : Match on catch block at 0xc3 in for 0xa9
01-22 23:07:55.456 14813 14813 E ArmVmp : Match on catch block at 0xc3 in for 0xa9
01-22 23:07:55.468 14813 14813 E ArmVmp : Match on catch block at 0xc3 in for 0xa1
01-22 23:07:55.471 14813 14813 E ArmVmp : Match on catch block at 0xc3 in for 0xa5
01-22 23:07:55.472 14813 14813 E ArmVmp : Match on catch block at 0xc3 in for 0xa5
01-22 23:07:55.485 14813 14813 E ArmVmp : Match on catch block at 0xc3 in for 0xa9
01-22 23:07:55.487 14813 14813 E ArmVmp : Match on catch block at 0xc3 in for 0xa1
01-22 23:07:55.489 14813 14813 E ArmVmp : Match on catch block at 0xc3 in for 0xa1
01-22 23:07:55.502 14813 14813 E ArmVmp : Match on catch block at 0xc3 in for 0xa5
01-22 23:07:55.504 14813 14813 E ArmVmp : Match on catch block at 0xc3 in for 0xa9
01-22 23:07:55.505 14813 14813 E ArmVmp : Match on catch block at 0xc3 in for 0xa9
01-22 23:07:55.518 14813 14813 E ArmVmp : Match on catch block at 0xc3 in for 0xa1
01-22 23:07:55.520 14813 14813 E ArmVmp : Match on catch block at 0xc3 in for 0xa5
01-22 23:07:55.522 14813 14813 E ArmVmp : Match on catch block at 0xc3 in for 0xa5
01-22 23:07:55.537 14813 14813 E ArmVmp : Match on catch block at 0xc3 in for 0xa9
01-22 23:07:55.539 14813 14813 E ArmVmp : Match on catch block at 0xc3 in for 0xa1
01-22 23:07:55.541 14813 14813 E ArmVmp : Match on catch block at 0xc3 in for 0xa1
01-22 23:07:55.552 14813 14813 E ArmVmp : Match on catch block at 0xc3 in for 0xa5
01-22 23:07:55.554 14813 14813 E ArmVmp : Match on catch block at 0xc3 in for 0xa9
01-22 23:07:55.555 14813 14813 E ArmVmp : Match on catch block at 0xc3 in for 0xa9
01-22 23:07:55.569 14813 14813 E ArmVmp : Match on catch block at 0xc3 in for 0xa1
01-22 23:07:55.571 14813 14813 E ArmVmp : Match on catch block at 0xc3 in for 0xa5
01-22 23:07:55.572 14813 14813 E ArmVmp : Match on catch block at 0xc3 in for 0xa5
01-22 23:07:55.586 14813 14813 E ArmVmp : Match on catch block at 0xc3 in for 0xa9
01-22 23:07:55.588 14813 14813 E ArmVmp : Match on catch block at 0xc3 in for 0xa1
01-22 23:07:55.589 14813 14813 E ArmVmp : Match on catch block at 0xc3 in for 0xa1
01-22 23:07:55.602 14813 14813 E ArmVmp : Match on catch block at 0xc3 in for 0xa5
01-22 23:07:55.604 14813 14813 E ArmVmp : Match on catch block at 0xc3 in for 0xa9
01-22 23:07:55.605 14813 14813 E ArmVmp : Match on catch block at 0xc3 in for 0xa9
01-22 23:07:55.836 14813 14813 E ArmVmp : Match on catch block at 0xc3 in for 0xa1
01-22 23:07:55.840 14813 14813 E ArmVmp : Match on catch block at 0xc3 in for 0xa5
01-22 23:07:55.842 14813 14813 E ArmVmp : Match on catch block at 0xc3 in for 0xa5
01-22 23:07:56.219 14813 14813 E ArmVmp : Match on catch block at 0xc3 in for 0xa9
01-22 23:07:56.221 14813 14813 E ArmVmp : Match on catch block at 0xc3 in for 0xa1
01-22 23:07:56.222 14813 14813 E ArmVmp : Match on catch block at 0xc3 in for 0xa1
01-22 23:07:56.437 14813 14813 E ArmVmp : Match on catch block at 0xc3 in for 0xa5
01-22 23:07:56.440 14813 14813 E ArmVmp : Match on catch block at 0xc3 in for 0xa9
01-22 23:07:56.443 14813 14813 E ArmVmp : Match on catch block at 0xc3 in for 0xa9
01-22 23:07:56.487 14813 14813 E ArmVmp : Match on catch block at 0xc3 in for 0xa1
01-22 23:07:56.491 14813 14813 E ArmVmp : Match on catch block at 0xc3 in for 0xa5
01-22 23:07:56.493 14813 14813 E ArmVmp : Match on catch block at 0xc3 in for 0xa5
01-22 23:07:56.503 14813 14813 E ArmVmp : Match on catch block at 0xc3 in for 0xa9
01-22 23:07:56.507 14813 14813 E ArmVmp : Match on catch block at 0xc3 in for 0xa1
01-22 23:07:56.509 14813 14813 E ArmVmp : Match on catch block at 0xc3 in for 0xa1
01-22 23:07:56.520 14813 14813 E ArmVmp : Match on catch block at 0xc3 in for 0xa5
01-22 23:07:56.524 14813 14813 E ArmVmp : Match on catch block at 0xc3 in for 0xa9
01-22 23:07:56.526 14813 14813 E ArmVmp : Match on catch block at 0xc3 in for 0xa9
01-22 23:07:56.536 14813 14813 E ArmVmp : Match on catch block at 0xc3 in for 0xa1
01-22 23:07:56.540 14813 14813 E ArmVmp : Match on catch block at 0xc3 in for 0xa5
01-22 23:07:56.542 14813 14813 E ArmVmp : Match on catch block at 0xc3 in for 0xa5
01-22 23:07:56.553 14813 14813 E ArmVmp : Match on catch block at 0xc3 in for 0xa9
01-22 23:07:56.557 14813 14813 E ArmVmp : Match on catch block at 0xc3 in for 0xa1
01-22 23:07:56.559 14813 14813 E ArmVmp : Match on catch block at 0xc3 in for 0xa1
01-22 23:07:56.570 14813 14813 E ArmVmp : Match on catch block at 0xc3 in for 0xa5
01-22 23:07:56.574 14813 14813 E ArmVmp : Match on catch block at 0xc3 in for 0xa9
01-22 23:07:56.576 14813 14813 E ArmVmp : Match on catch block at 0xc3 in for 0xa9
01-22 23:07:56.586 14813 14813 E ArmVmp : Match on catch block at 0xc3 in for 0xa1
01-22 23:07:56.589 14813 14813 E ArmVmp : Match on catch block at 0xc3 in for 0xa5
01-22 23:07:56.592 14813 14813 E ArmVmp : Match on catch block at 0xc3 in for 0xa5
01-22 23:07:56.603 14813 14813 E ArmVmp : Match on catch block at 0xc3 in for 0xa9
01-22 23:07:56.606 14813 14813 E ArmVmp : Match on catch block at 0xc3 in for 0xa1
01-22 23:07:56.608 14813 14813 E ArmVmp : Match on catch block at 0xc3 in for 0xa1
01-22 23:07:56.620 14813 14813 E ArmVmp : Match on catch block at 0xc3 in for 0xa5
01-22 23:07:56.623 14813 14813 E ArmVmp : Match on catch block at 0xc3 in for 0xa9
01-22 23:07:56.626 14813 14813 E ArmVmp : Match on catch block at 0xc3 in for 0xa9
01-22 23:07:56.636 14813 14813 E ArmVmp : Match on catch block at 0xc3 in for 0xa1
01-22 23:07:56.640 14813 14813 E ArmVmp : Match on catch block at 0xc3 in for 0xa5
01-22 23:07:56.642 14813 14813 E ArmVmp : Match on catch block at 0xc3 in for 0xa5
01-22 23:07:56.652 14813 14813 E ArmVmp : Match on catch block at 0xc3 in for 0xa9
01-22 23:07:56.656 14813 14813 E ArmVmp : Match on catch block at 0xc3 in for 0xa1
01-22 23:07:56.658 14813 14813 E ArmVmp : Match on catch block at 0xc3 in for 0xa1
01-22 23:07:56.669 14813 14813 E ArmVmp : Match on catch block at 0xc3 in for 0xa5
01-22 23:07:56.673 14813 14813 E ArmVmp : Match on catch block at 0xc3 in for 0xa9
01-22 23:07:56.675 14813 14813 E ArmVmp : Match on catch block at 0xc3 in for 0xa9
01-22 23:07:56.686 14813 14813 E ArmVmp : Match on catch block at 0xc3 in for 0xa1
01-22 23:07:56.690 14813 14813 E ArmVmp : Match on catch block at 0xc3 in for 0xa5
01-22 23:07:56.692 14813 14813 E ArmVmp : Match on catch block at 0xc3 in for 0xa5
01-22 23:07:56.703 14813 14813 E ArmVmp : Match on catch block at 0xc3 in for 0xa9
01-22 23:07:56.707 14813 14813 E ArmVmp : Match on catch block at 0xc3 in for 0xa1
01-22 23:07:56.709 14813 14813 E ArmVmp : Match on catch block at 0xc3 in for 0xa1
01-22 23:07:56.719 14813 14813 E ArmVmp : Match on catch block at 0xc3 in for 0xa5
01-22 23:07:56.723 14813 14813 E ArmVmp : Match on catch block at 0xc3 in for 0xa9
01-22 23:07:56.726 14813 14813 E ArmVmp : Match on catch block at 0xc3 in for 0xa9
01-22 23:07:56.736 14813 14813 E ArmVmp : Match on catch block at 0xc3 in for 0xa1
01-22 23:07:56.740 14813 14813 E ArmVmp : Match on catch block at 0xc3 in for 0xa5
01-22 23:07:56.742 14813 14813 E ArmVmp : Match on catch block at 0xc3 in for 0xa5
01-22 23:07:56.886 14813 14813 E ArmVmp : Match on catch block at 0xc3 in for 0xa9
01-22 23:07:56.889 14813 14813 E ArmVmp : Match on catch block at 0xc3 in for 0xa1
01-22 23:07:56.892 14813 14813 E ArmVmp : Match on catch block at 0xc3 in for 0xa1
01-22 23:07:57.387 14813 14813 E ArmVmp : Match on catch block at 0xc3 in for 0xa5
01-22 23:07:57.389 14813 14813 E ArmVmp : Match on catch block at 0xc3 in for 0xa9
01-22 23:07:57.392 14813 14813 E ArmVmp : Match on catch block at 0xc3 in for 0xa9
01-22 23:07:57.889 14813 14813 E ArmVmp : Match on catch block at 0xc3 in for 0xa1
01-22 23:07:57.895 14813 14813 E ArmVmp : Match on catch block at 0xc3 in for 0xa5
01-22 23:07:57.900 14813 14813 E ArmVmp : Match on catch block at 0xc3 in for 0xa5
01-22 23:07:58.121 14813 14813 E ArmVmp : Match on catch block at 0xc3 in for 0xa9
01-22 23:07:58.124 14813 14813 E ArmVmp : Match on catch block at 0xc3 in for 0xa1
01-22 23:07:58.127 14813 14813 E ArmVmp : Match on catch block at 0xc3 in for 0xa1
01-22 23:07:58.165 14813 14813 E ArmVmp : Match on catch block at 0xc3 in for 0xa1
01-22 23:07:58.169 14813 14813 E ArmVmp : Match on catch block at 0xc3 in for 0xa5
01-22 23:07:58.171 14813 14813 E ArmVmp : Match on catch block at 0xc3 in for 0xa5
01-22 23:07:58.191 14813 14813 E ArmVmp : Match on catch block at 0xc3 in for 0xa9
01-22 23:07:58.193 14813 14813 E ArmVmp : Match on catch block at 0xc3 in for 0xa1
01-22 23:07:58.199 14813 14813 E ArmVmp : Match on catch block at 0xc3 in for 0xa9
01-22 23:07:58.200 14813 14813 E ArmVmp : Match on catch block at 0xc3 in for 0xa1
01-22 23:07:58.224 14813 14813 E ArmVmp : Match on catch block at 0xc3 in for 0xa5
01-22 23:07:58.226 14813 14813 E ArmVmp : Match on catch block at 0xc3 in for 0xa9
01-22 23:07:58.251 14813 14813 E ArmVmp : Match on catch block at 0xc3 in for 0xa1
01-22 23:07:58.254 14813 14813 E ArmVmp : Match on catch block at 0xc3 in for 0xa5
01-22 23:07:58.265 14813 14813 E ArmVmp : Match on catch block at 0xc3 in for 0xa9
01-22 23:07:58.268 14813 14813 E ArmVmp : Match on catch block at 0xc3 in for 0xa1
01-22 23:07:58.274 14813 14813 E ArmVmp : Match on catch block at 0xc3 in for 0xa9
01-22 23:07:58.276 14813 14813 E ArmVmp : Match on catch block at 0xc3 in for 0xa1
