01-23 13:56:12.910 21056 21056 E libc : Access denied finding property
"ro.vendor.scaler_version"
01-23 13:56:12.987 21056 21295 E ion : ioctl c0044901 failed with code -1:
Invalid argument
01-23 13:56:13.605 21056 21056 W FingerprintManager: sendAcquiredResult acquireInfo
= 6vendorCode = 2
01-23 13:56:13.605 21056 21056 W FingerprintManager: Invalid acquired message: 6, 2
01-23 13:56:13.645 21056 21056 W FingerprintManager: sendAcquiredResult acquireInfo
= 0vendorCode = 0
01-23 13:56:13.839 21056 21056 E ArmVmp : Match on catch block at 0x0a in for 0xd5
01-23 13:56:14.264 21056 21101 W LibraryVersion: Failed to get app version for
libraryName: firebase-iid
01-23 13:56:14.286 21056 21380 E SQLiteDatabase: Error inserting dirty_version=-1
version=0 lt_hash=null collection_name=critical_block
01-23 13:56:14.286 21056 21380 E SQLiteDatabase:
android.database.sqlite.SQLiteConstraintException: UNIQUE constraint failed:
collection_versions.collection_name (code 1555 SQLITE_CONSTRAINT_PRIMARYKEY)
01-23 13:56:14.286 21056 21380 E SQLiteDatabase: at
android.database.sqlite.SQLiteConnection.nativeExecuteForLastInsertedRowId(Native
Method)
01-23 13:56:14.286 21056 21380 E SQLiteDatabase: at
android.database.sqlite.SQLiteConnection.executeForLastInsertedRowId(SQLiteConnecti
on.java:938)
01-23 13:56:14.286 21056 21380 E SQLiteDatabase: at
android.database.sqlite.SQLiteSession.executeForLastInsertedRowId(SQLiteSession.jav
a:790)
01-23 13:56:14.286 21056 21380 E SQLiteDatabase: at
android.database.sqlite.SQLiteStatement.executeInsert(SQLiteStatement.java:88)
01-23 13:56:14.286 21056 21380 E SQLiteDatabase: at
android.database.sqlite.SQLiteDatabase.insertWithOnConflict(SQLiteDatabase.java:170
1)
01-23 13:56:14.286 21056 21380 E SQLiteDatabase: at
android.database.sqlite.SQLiteDatabase.insert(SQLiteDatabase.java:1570)
01-23 13:56:14.286 21056 21380 E SQLiteDatabase: at X.2tm.A08(Unknown
Source:6)
01-23 13:56:14.286 21056 21380 E SQLiteDatabase: at X.2sR.A03(Unknown
Source:39)
01-23 13:56:14.286 21056 21380 E SQLiteDatabase: at X.2sR.A05(Unknown
Source:14)
01-23 13:56:14.286 21056 21380 E SQLiteDatabase: at X.3eA.run(Unknown
Source:2101)
01-23 13:56:14.286 21056 21380 E SQLiteDatabase: at
java.util.concurrent.ThreadPoolExecutor.runWorker(ThreadPoolExecutor.java:1167)
01-23 13:56:14.286 21056 21380 E SQLiteDatabase: at
java.util.concurrent.ThreadPoolExecutor$Worker.run(ThreadPoolExecutor.java:641)
01-23 13:56:14.286 21056 21380 E SQLiteDatabase: at X.3gH.run(Unknown
Source:1548)
01-23 13:56:14.286 21056 21380 E SQLiteDatabase: at
java.lang.Thread.run(Thread.java:923)
01-23 13:56:14.786 21056 21687 W LOTTIE : Animation contains merge paths. Merge
paths are only supported on KitKat+ and must be manually enabled by calling
enableMergePathsForKitKatAndAbove().
01-23 13:56:14.986 21056 21703 E libc : Access denied finding property
"vendor.debug.drm.logv"
01-23 13:56:14.986 21056 21703 E libc : Access denied finding property
"vendor.debug.drm.logv"
01-23 13:56:14.987 21056 21703 E libc : Access denied finding property
"vendor.debug.drm.logd"
01-23 13:56:14.987 21056 21703 E libc : Access denied finding property
"vendor.debug.drm.logv"
01-23 13:56:15.680 21056 21056 E RecyclerView: No adapter attached; skipping layout
01-23 13:56:15.759 21056 21736 W System.err: java.lang.NullPointerException:
Attempt to invoke interface method 'void
com.transsion.log.sub.ITranLogSubManager.compulateSkipperFrame(android.os.Bundle)'
on a null object reference
01-23 13:56:15.759 21056 21736 W System.err:
01-23 13:56:15.759 21056 21736 W System.err: at
android.app.ActivityThread$3.run(ActivityThread.java:8063)
01-23 13:56:15.759 21056 21736 W System.err:
01-23 13:56:15.760 21056 21736 W System.err: at
java.util.concurrent.ThreadPoolExecutor.runWorker(ThreadPoolExecutor.java:1167)
01-23 13:56:15.760 21056 21736 W System.err:
01-23 13:56:15.760 21056 21736 W System.err: at
java.util.concurrent.ThreadPoolExecutor$Worker.run(ThreadPoolExecutor.java:641)
01-23 13:56:15.760 21056 21736 W System.err:
01-23 13:56:15.760 21056 21736 W System.err: at
java.lang.Thread.run(Thread.java:923)
01-23 13:56:15.760 21056 21736 W System.err:
01-23 13:56:15.783 21056 21056 E RecyclerView: No adapter attached; skipping layout
01-23 13:56:15.805 21056 21056 W LOTTIE : Animation contains merge paths but they
are disabled.
01-23 13:56:17.001 21056 21763 E RenderScript: Failed loading RS driver: dlopen
failed: library "libRSDriver_mtk.so" not found
01-23 13:56:17.001 21056 21763 E RenderScript: Failed to load runtime
libRSDriver_mtk.so, loading default
01-23 13:56:17.110 21056 21687 W LOTTIE : Unknown shape type rd
01-23 13:56:17.180 21056 21056 E ArmVmp : Match on catch block at 0x0a in for 0xc5
01-23 13:56:17.184 21056 21056 E ArmVmp : Match on catch block at 0x0a in for 0xc5
01-23 13:56:17.469 21056 21056 E ArmVmp : Match on catch block at 0xc3 in for 0xb9
01-23 13:56:17.477 21056 21056 E ArmVmp : Match on catch block at 0xc3 in for 0xb5
01-23 13:56:17.489 21056 21070 W System : A resource failed to call release.
01-23 13:56:17.533 21056 21056 E ArmVmp : Match on catch block at 0xc3 in for 0xa1
01-23 13:56:17.535 21056 21056 E ArmVmp : Match on catch block at 0xc3 in for 0xa9
01-23 13:56:17.577 21056 21056 E ArmVmp : Match on catch block at 0xc3 in for 0xa1
01-23 13:56:17.580 21056 21056 E ArmVmp : Match on catch block at 0xc3 in for 0xa5
01-23 13:56:17.613 21056 21056 E ArmVmp : Match on catch block at 0xc3 in for 0xa5
01-23 13:56:17.615 21056 21056 E ArmVmp : Match on catch block at 0xc3 in for 0xa9
01-23 13:56:17.645 21056 21056 E ArmVmp : Match on catch block at 0xc3 in for 0xa9
01-23 13:56:17.647 21056 21056 E ArmVmp : Match on catch block at 0xc3 in for 0xa1
01-23 13:56:17.708 21056 21056 E ArmVmp : Match on catch block at 0xc3 in for 0xa1
01-23 13:56:17.713 21056 21056 E ArmVmp : Match on catch block at 0xc3 in for 0xa5
01-23 13:56:18.355 21056 21056 E ArmVmp : Match on catch block at 0x0a in for 0xc1
01-23 13:56:18.357 21056 21056 E ArmVmp : Match on catch block at 0x0a in for 0xc9
01-23 13:56:18.544 21056 21056 E ArmVmp : Match on catch block at 0xc3 in for 0xb9
01-23 13:56:18.547 21056 21056 E ArmVmp : Match on catch block at 0xc3 in for 0xb9
01-23 13:56:18.604 21056 21056 E ArmVmp : Match on catch block at 0xc3 in for 0xa9
01-23 13:56:18.607 21056 21056 E ArmVmp : Match on catch block at 0xc3 in for 0xa1
01-23 13:56:18.629 21056 21056 E ArmVmp : Match on catch block at 0xc3 in for 0xa9
01-23 13:56:18.632 21056 21056 E ArmVmp : Match on catch block at 0xc3 in for 0xa1
01-23 13:56:18.673 21056 21056 E ArmVmp : Match on catch block at 0xc3 in for 0xa5
01-23 13:56:18.675 21056 21056 E ArmVmp : Match on catch block at 0xc3 in for 0xa9
01-23 13:56:18.933 21056 21056 E ArmVmp : Match on catch block at 0xc3 in for 0xa5
01-23 13:56:18.937 21056 21056 E ArmVmp : Match on catch block at 0xc3 in for 0xa9
01-23 13:56:18.945 21056 21056 E ArmVmp : Match on catch block at 0xc3 in for 0xa9
01-23 13:56:18.951 21056 21056 E ArmVmp : Match on catch block at 0xc3 in for 0xa1
01-23 13:56:19.048 21056 21056 E ArmVmp : Match on catch block at 0xc3 in for 0xa9
01-23 13:56:19.054 21056 21056 E ArmVmp : Match on catch block at 0xc3 in for 0xa1
01-23 13:56:19.079 21056 21056 E ArmVmp : Match on catch block at 0xc3 in for 0xa1
01-23 13:56:19.086 21056 21056 E ArmVmp : Match on catch block at 0xc3 in for 0xa5
01-23 13:56:19.178 21056 21056 E ArmVmp : Match on catch block at 0xc3 in for 0xa5
01-23 13:56:19.182 21056 21056 E ArmVmp : Match on catch block at 0xc3 in for 0xa9
01-23 13:56:19.194 21056 21056 E ArmVmp : Match on catch block at 0xc3 in for 0xa9
01-23 13:56:19.200 21056 21056 E ArmVmp : Match on catch block at 0xc3 in for 0xa1
01-23 13:56:19.212 21056 21056 E ArmVmp : Match on catch block at 0xc3 in for 0xa1
01-23 13:56:19.219 21056 21056 E ArmVmp : Match on catch block at 0xc3 in for 0xa5
01-23 13:56:19.228 21056 21056 E ArmVmp : Match on catch block at 0xc3 in for 0xa5
01-23 13:56:19.237 21056 21056 E ArmVmp : Match on catch block at 0xc3 in for 0xa9
01-23 13:56:19.244 21056 21056 E ArmVmp : Match on catch block at 0xc3 in for 0xa9
01-23 13:56:19.248 21056 21056 E ArmVmp : Match on catch block at 0xc3 in for 0xa1
01-23 13:56:19.261 21056 21056 E ArmVmp : Match on catch block at 0xc3 in for 0xa1
01-23 13:56:19.266 21056 21056 E ArmVmp : Match on catch block at 0xc3 in for 0xa5
01-23 13:56:19.278 21056 21056 E ArmVmp : Match on catch block at 0xc3 in for 0xa5
01-23 13:56:19.285 21056 21056 E ArmVmp : Match on catch block at 0xc3 in for 0xa9
01-23 13:56:19.294 21056 21056 E ArmVmp : Match on catch block at 0xc3 in for 0xa9
01-23 13:56:19.298 21056 21056 E ArmVmp : Match on catch block at 0xc3 in for 0xa1
01-23 13:56:19.310 21056 21056 E ArmVmp : Match on catch block at 0xc3 in for 0xa1
01-23 13:56:19.315 21056 21056 E ArmVmp : Match on catch block at 0xc3 in for 0xa5
01-23 13:56:19.328 21056 21056 E ArmVmp : Match on catch block at 0xc3 in for 0xa5
01-23 13:56:19.333 21056 21056 E ArmVmp : Match on catch block at 0xc3 in for 0xa9
01-23 13:56:19.344 21056 21056 E ArmVmp : Match on catch block at 0xc3 in for 0xa9
01-23 13:56:19.349 21056 21056 E ArmVmp : Match on catch block at 0xc3 in for 0xa1
01-23 13:56:19.361 21056 21056 E ArmVmp : Match on catch block at 0xc3 in for 0xa1
01-23 13:56:19.366 21056 21056 E ArmVmp : Match on catch block at 0xc3 in for 0xa5
01-23 13:56:19.379 21056 21056 E ArmVmp : Match on catch block at 0xc3 in for 0xa5
01-23 13:56:19.383 21056 21056 E ArmVmp : Match on catch block at 0xc3 in for 0xa9
01-23 13:56:19.394 21056 21056 E ArmVmp : Match on catch block at 0xc3 in for 0xa9
01-23 13:56:19.398 21056 21056 E ArmVmp : Match on catch block at 0xc3 in for 0xa1
01-23 13:56:19.410 21056 21056 E ArmVmp : Match on catch block at 0xc3 in for 0xa1
01-23 13:56:19.413 21056 21056 E ArmVmp : Match on catch block at 0xc3 in for 0xa5
01-23 13:56:19.427 21056 21056 E ArmVmp : Match on catch block at 0xc3 in for 0xa5
01-23 13:56:19.430 21056 21056 E ArmVmp : Match on catch block at 0xc3 in for 0xa9
01-23 13:56:19.443 21056 21056 E ArmVmp : Match on catch block at 0xc3 in for 0xa9
01-23 13:56:19.446 21056 21056 E ArmVmp : Match on catch block at 0xc3 in for 0xa1
01-23 13:56:19.460 21056 21056 E ArmVmp : Match on catch block at 0xc3 in for 0xa1
01-23 13:56:19.464 21056 21056 E ArmVmp : Match on catch block at 0xc3 in for 0xa5
01-23 13:56:19.477 21056 21056 E ArmVmp : Match on catch block at 0xc3 in for 0xa5
01-23 13:56:19.479 21056 21056 E ArmVmp : Match on catch block at 0xc3 in for 0xa9
01-23 13:56:19.493 21056 21056 E ArmVmp : Match on catch block at 0xc3 in for 0xa9
01-23 13:56:19.496 21056 21056 E ArmVmp : Match on catch block at 0xc3 in for 0xa1
01-23 13:56:19.510 21056 21056 E ArmVmp : Match on catch block at 0xc3 in for 0xa1
01-23 13:56:19.513 21056 21056 E ArmVmp : Match on catch block at 0xc3 in for 0xa5
01-23 13:56:19.678 21056 21056 E ArmVmp : Match on catch block at 0xc3 in for 0xa5
01-23 13:56:19.682 21056 21056 E ArmVmp : Match on catch block at 0xc3 in for 0xa9
01-23 13:56:19.867 21056 21056 E ArmVmp : Match on catch block at 0xc3 in for 0xa1
01-23 13:56:19.872 21056 21056 E ArmVmp : Match on catch block at 0xc3 in for 0xa5
01-23 13:56:19.894 21056 21056 E ArmVmp : Match on catch block at 0xc3 in for 0xa1
01-23 13:56:19.898 21056 21056 E ArmVmp : Match on catch block at 0xc3 in for 0xa5
01-23 13:56:19.910 21056 21056 E ArmVmp : Match on catch block at 0xc3 in for 0xa5
01-23 13:56:19.913 21056 21056 E ArmVmp : Match on catch block at 0xc3 in for 0xa9
01-23 13:56:19.927 21056 21056 E ArmVmp : Match on catch block at 0xc3 in for 0xa9
01-23 13:56:19.930 21056 21056 E ArmVmp : Match on catch block at 0xc3 in for 0xa1
01-23 13:56:19.943 21056 21056 E ArmVmp : Match on catch block at 0xc3 in for 0xa1
01-23 13:56:19.946 21056 21056 E ArmVmp : Match on catch block at 0xc3 in for 0xa5
01-23 13:56:19.960 21056 21056 E ArmVmp : Match on catch block at 0xc3 in for 0xa5
01-23 13:56:19.963 21056 21056 E ArmVmp : Match on catch block at 0xc3 in for 0xa9
01-23 13:56:19.983 21056 21056 E ArmVmp : Match on catch block at 0xc3 in for 0xa9
01-23 13:56:19.989 21056 21056 E ArmVmp : Match on catch block at 0xc3 in for 0xa1
01-23 13:56:19.994 21056 21056 E ArmVmp : Match on catch block at 0xc3 in for 0xa1
01-23 13:56:19.998 21056 21056 E ArmVmp : Match on catch block at 0xc3 in for 0xa5
01-23 13:56:20.012 21056 21056 E ArmVmp : Match on catch block at 0xc3 in for 0xa5
01-23 13:56:20.015 21056 21056 E ArmVmp : Match on catch block at 0xc3 in for 0xa9
01-23 13:56:20.027 21056 21056 E ArmVmp : Match on catch block at 0xc3 in for 0xa9
01-23 13:56:20.034 21056 21056 E ArmVmp : Match on catch block at 0xc3 in for 0xa1
01-23 13:56:20.045 21056 21056 E ArmVmp : Match on catch block at 0xc3 in for 0xa1
01-23 13:56:20.050 21056 21056 E ArmVmp : Match on catch block at 0xc3 in for 0xa5
01-23 13:56:20.062 21056 21056 E ArmVmp : Match on catch block at 0xc3 in for 0xa5
01-23 13:56:20.070 21056 21056 E ArmVmp : Match on catch block at 0xc3 in for 0xa9
01-23 13:56:20.177 21056 21056 E ArmVmp : Match on catch block at 0xc3 in for 0xa9
01-23 13:56:20.180 21056 21056 E ArmVmp : Match on catch block at 0xc3 in for 0xa1
01-23 13:56:20.378 21056 21056 E ArmVmp : Match on catch block at 0xc3 in for 0xa1
01-23 13:56:20.382 21056 21056 E ArmVmp : Match on catch block at 0xc3 in for 0xa5
01-23 13:56:20.561 21056 21056 E ArmVmp : Match on catch block at 0xc3 in for 0xa5
01-23 13:56:20.565 21056 21056 E ArmVmp : Match on catch block at 0xc3 in for 0xa9
01-23 13:56:20.627 21056 21056 E ArmVmp : Match on catch block at 0xc3 in for 0xa9
01-23 13:56:20.629 21056 21056 E ArmVmp : Match on catch block at 0xc3 in for 0xa1
01-23 13:56:20.645 21056 21056 E ArmVmp : Match on catch block at 0xc3 in for 0xa1
01-23 13:56:20.649 21056 21056 E ArmVmp : Match on catch block at 0xc3 in for 0xa5
01-23 13:56:20.661 21056 21056 E ArmVmp : Match on catch block at 0xc3 in for 0xa5
01-23 13:56:20.666 21056 21056 E ArmVmp : Match on catch block at 0xc3 in for 0xa9
01-23 13:56:20.677 21056 21056 E ArmVmp : Match on catch block at 0xc3 in for 0xa9
01-23 13:56:20.680 21056 21056 E ArmVmp : Match on catch block at 0xc3 in for 0xa1
01-23 13:56:20.694 21056 21056 E ArmVmp : Match on catch block at 0xc3 in for 0xa1
01-23 13:56:20.697 21056 21056 E ArmVmp : Match on catch block at 0xc3 in for 0xa5
01-23 13:56:20.711 21056 21056 E ArmVmp : Match on catch block at 0xc3 in for 0xa5
01-23 13:56:20.716 21056 21056 E ArmVmp : Match on catch block at 0xc3 in for 0xa9
01-23 13:56:20.728 21056 21056 E ArmVmp : Match on catch block at 0xc3 in for 0xa9
01-23 13:56:20.730 21056 21056 E ArmVmp : Match on catch block at 0xc3 in for 0xa1
01-23 13:56:20.744 21056 21056 E ArmVmp : Match on catch block at 0xc3 in for 0xa1
01-23 13:56:20.749 21056 21056 E ArmVmp : Match on catch block at 0xc3 in for 0xa5
01-23 13:56:20.760 21056 21056 E ArmVmp : Match on catch block at 0xc3 in for 0xa5
01-23 13:56:20.763 21056 21056 E ArmVmp : Match on catch block at 0xc3 in for 0xa9
01-23 13:56:20.777 21056 21056 E ArmVmp : Match on catch block at 0xc3 in for 0xa9
01-23 13:56:20.780 21056 21056 E ArmVmp : Match on catch block at 0xc3 in for 0xa1
01-23 13:56:20.794 21056 21056 E ArmVmp : Match on catch block at 0xc3 in for 0xa1
01-23 13:56:20.801 21056 21056 E ArmVmp : Match on catch block at 0xc3 in for 0xa5
01-23 13:56:20.811 21056 21056 E ArmVmp : Match on catch block at 0xc3 in for 0xa5
01-23 13:56:20.815 21056 21056 E ArmVmp : Match on catch block at 0xc3 in for 0xa9
01-23 13:56:20.827 21056 21056 E ArmVmp : Match on catch block at 0xc3 in for 0xa9
01-23 13:56:20.829 21056 21056 E ArmVmp : Match on catch block at 0xc3 in for 0xa1
01-23 13:56:20.844 21056 21056 E ArmVmp : Match on catch block at 0xc3 in for 0xa1
01-23 13:56:20.846 21056 21056 E ArmVmp : Match on catch block at 0xc3 in for 0xa5
01-23 13:56:20.860 21056 21056 E ArmVmp : Match on catch block at 0xc3 in for 0xa5
01-23 13:56:20.863 21056 21056 E ArmVmp : Match on catch block at 0xc3 in for 0xa9
01-23 13:56:20.877 21056 21056 E ArmVmp : Match on catch block at 0xc3 in for 0xa9
01-23 13:56:20.880 21056 21056 E ArmVmp : Match on catch block at 0xc3 in for 0xa1
01-23 13:56:20.894 21056 21056 E ArmVmp : Match on catch block at 0xc3 in for 0xa1
01-23 13:56:20.897 21056 21056 E ArmVmp : Match on catch block at 0xc3 in for 0xa5
01-23 13:56:20.978 21056 21056 E ArmVmp : Match on catch block at 0xc3 in for 0xa5
01-23 13:56:20.981 21056 21056 E ArmVmp : Match on catch block at 0xc3 in for 0xa9
01-23 13:56:21.478 21056 21056 E ArmVmp : Match on catch block at 0xc3 in for 0xa5
01-23 13:56:21.483 21056 21056 E ArmVmp : Match on catch block at 0xc3 in for 0xa9
01-23 13:56:21.777 21056 21056 E ArmVmp : Match on catch block at 0xc3 in for 0xa1
01-23 13:56:21.779 21056 21056 E ArmVmp : Match on catch block at 0xc3 in for 0xa5
01-23 13:56:22.077 21056 21056 E ArmVmp : Match on catch block at 0xc3 in for 0xa9
01-23 13:56:22.079 21056 21056 E ArmVmp : Match on catch block at 0xc3 in for 0xa1
01-23 13:56:22.097 21056 21056 E ArmVmp : Match on catch block at 0xc3 in for 0xa5
01-23 13:56:22.101 21056 21056 E ArmVmp : Match on catch block at 0xc3 in for 0xa9
01-23 13:56:22.120 21056 21056 E ArmVmp : Match on catch block at 0xc3 in for 0xa5
01-23 13:56:22.122 21056 21056 E ArmVmp : Match on catch block at 0xc3 in for 0xa9
01-23 13:56:22.128 21056 21056 E ArmVmp : Match on catch block at 0xc3 in for 0xa9
01-23 13:56:22.131 21056 21056 E ArmVmp : Match on catch block at 0xc3 in for 0xa1
01-23 13:56:22.144 21056 21056 E ArmVmp : Match on catch block at 0xc3 in for 0xa1
01-23 13:56:22.146 21056 21056 E ArmVmp : Match on catch block at 0xc3 in for 0xa5
01-23 13:56:22.161 21056 21056 E ArmVmp : Match on catch block at 0xc3 in for 0xa5
01-23 13:56:22.163 21056 21056 E ArmVmp : Match on catch block at 0xc3 in for 0xa9
01-23 13:56:22.177 21056 21056 E ArmVmp : Match on catch block at 0xc3 in for 0xa9
01-23 13:56:22.179 21056 21056 E ArmVmp : Match on catch block at 0xc3 in for 0xa1
01-23 13:56:22.194 21056 21056 E ArmVmp : Match on catch block at 0xc3 in for 0xa1
01-23 13:56:22.196 21056 21056 E ArmVmp : Match on catch block at 0xc3 in for 0xa5
01-23 13:56:22.211 21056 21056 E ArmVmp : Match on catch block at 0xc3 in for 0xa5
01-23 13:56:22.214 21056 21056 E ArmVmp : Match on catch block at 0xc3 in for 0xa9
01-23 13:56:22.266 21056 21056 E ArmVmp : Match on catch block at 0xc3 in for 0xa1
01-23 13:56:22.269 21056 21056 E ArmVmp : Match on catch block at 0xc3 in for 0xa5
01-23 13:56:22.281 21056 21056 E ArmVmp : Match on catch block at 0xc3 in for 0xa9
01-23 13:56:22.284 21056 21056 E ArmVmp : Match on catch block at 0xc3 in for 0xa1
01-23 13:56:22.294 21056 21056 E ArmVmp : Match on catch block at 0xc3 in for 0xa9
01-23 13:56:22.298 21056 21056 E ArmVmp : Match on catch block at 0xc3 in for 0xa1
01-23 13:56:22.312 21056 21056 E ArmVmp : Match on catch block at 0xc3 in for 0xa1
01-23 13:56:22.314 21056 21056 E ArmVmp : Match on catch block at 0xc3 in for 0xa5
01-23 13:56:22.463 21056 21056 E ArmVmp : Match on catch block at 0xc3 in for 0xa5
01-23 13:56:22.465 21056 21056 E ArmVmp : Match on catch block at 0xc3 in for 0xa9
01-23 13:56:22.479 21056 21366 W MediaPlayer: Use of stream types is deprecated for
operations other than volume control
01-23 13:56:22.479 21056 21366 W MediaPlayer: See the documentation of
setAudioStreamType() for what to use instead with android.media.AudioAttributes to
qualify your playback use case
01-23 13:56:22.483 21056 21056 E ArmVmp : Match on catch block at 0xc3 in for 0xa1
01-23 13:56:22.485 21056 21056 E ArmVmp : Match on catch block at 0xc3 in for 0xa5
01-23 13:56:22.604 21056 21056 E ArmVmp : Match on catch block at 0xc3 in for 0xa1
01-23 13:56:22.606 21056 21056 E ArmVmp : Match on catch block at 0xc3 in for 0xa5
01-23 13:56:22.613 21056 21056 E ArmVmp : Match on catch block at 0xc3 in for 0xa5
01-23 13:56:22.614 21056 21056 E ArmVmp : Match on catch block at 0xc3 in for 0xa9
01-23 13:56:22.698 21056 21056 E ArmVmp : Match on catch block at 0xc3 in for 0xa1
01-23 13:56:22.700 21056 21056 E ArmVmp : Match on catch block at 0xc3 in for 0xa5
01-23 13:56:22.711 21056 21056 E ArmVmp : Match on catch block at 0xc3 in for 0xa5
01-23 13:56:22.714 21056 21056 E ArmVmp : Match on catch block at 0xc3 in for 0xa9
01-23 13:56:22.777 21056 21056 E ArmVmp : Match on catch block at 0xc3 in for 0xa1
01-23 13:56:22.779 21056 21056 E ArmVmp : Match on catch block at 0xc3 in for 0xa5
01-23 13:56:22.919 21056 21056 E ArmVmp : Match on catch block at 0xc3 in for 0xa1
01-23 13:56:22.921 21056 21056 E ArmVmp : Match on catch block at 0xc3 in for 0xa5
01-23 13:56:23.984 21056 21056 E ArmVmp : Match on catch block at 0x0a in for 0xc1
01-23 13:56:23.986 21056 21056 E ArmVmp : Match on catch block at 0x0a in for 0xc9
01-23 13:56:24.146 21056 21056 E ArmVmp : Match on catch block at 0xc3 in for 0xb1
01-23 13:56:24.149 21056 21056 E ArmVmp : Match on catch block at 0xc3 in for 0xb1
01-23 13:56:24.187 21056 21056 E ArmVmp : Match on catch block at 0xc3 in for 0xa1
01-23 13:56:24.189 21056 21056 E ArmVmp : Match on catch block at 0xc3 in for 0xa5
01-23 13:56:24.208 21056 21056 E ArmVmp : Match on catch block at 0xc3 in for 0xa1
01-23 13:56:24.210 21056 21056 E ArmVmp : Match on catch block at 0xc3 in for 0xa5
01-23 13:56:24.238 21056 21056 E ArmVmp : Match on catch block at 0xc3 in for 0xa9
01-23 13:56:24.240 21056 21056 E ArmVmp : Match on catch block at 0xc3 in for 0xa1
01-23 13:56:24.245 21056 21056 E ArmVmp : Match on catch block at 0xc3 in for 0xa1
01-23 13:56:24.247 21056 21056 E ArmVmp : Match on catch block at 0xc3 in for 0xa5
01-23 13:56:24.729 21056 21056 E ArmVmp : Match on catch block at 0xc3 in for 0xa5
01-23 13:56:24.732 21056 21056 E ArmVmp : Match on catch block at 0xc3 in for 0xa9
01-23 13:56:24.846 21056 21056 E ArmVmp : Match on catch block at 0xc3 in for 0xa9
01-23 13:56:24.848 21056 21056 E ArmVmp : Match on catch block at 0xc3 in for 0xa1
01-23 13:56:24.862 21056 21056 E ArmVmp : Match on catch block at 0xc3 in for 0xa1
01-23 13:56:24.866 21056 21056 E ArmVmp : Match on catch block at 0xc3 in for 0xa5
01-23 13:56:24.879 21056 21056 E ArmVmp : Match on catch block at 0xc3 in for 0xa5
01-23 13:56:24.883 21056 21056 E ArmVmp : Match on catch block at 0xc3 in for 0xa9
01-23 13:56:24.896 21056 21056 E ArmVmp : Match on catch block at 0xc3 in for 0xa9
01-23 13:56:24.899 21056 21056 E ArmVmp : Match on catch block at 0xc3 in for 0xa1
01-23 13:56:24.912 21056 21056 E ArmVmp : Match on catch block at 0xc3 in for 0xa1
01-23 13:56:24.916 21056 21056 E ArmVmp : Match on catch block at 0xc3 in for 0xa5
01-23 13:56:24.929 21056 21056 E ArmVmp : Match on catch block at 0xc3 in for 0xa5
01-23 13:56:24.933 21056 21056 E ArmVmp : Match on catch block at 0xc3 in for 0xa9
01-23 13:56:24.946 21056 21056 E ArmVmp : Match on catch block at 0xc3 in for 0xa9
01-23 13:56:24.949 21056 21056 E ArmVmp : Match on catch block at 0xc3 in for 0xa1
01-23 13:56:24.962 21056 21056 E ArmVmp : Match on catch block at 0xc3 in for 0xa1
01-23 13:56:24.966 21056 21056 E ArmVmp : Match on catch block at 0xc3 in for 0xa5
01-23 13:56:24.979 21056 21056 E ArmVmp : Match on catch block at 0xc3 in for 0xa5
01-23 13:56:24.982 21056 21056 E ArmVmp : Match on catch block at 0xc3 in for 0xa9
01-23 13:56:24.995 21056 21056 E ArmVmp : Match on catch block at 0xc3 in for 0xa9
01-23 13:56:24.999 21056 21056 E ArmVmp : Match on catch block at 0xc3 in for 0xa1
01-23 13:56:25.012 21056 21056 E ArmVmp : Match on catch block at 0xc3 in for 0xa1
01-23 13:56:25.016 21056 21056 E ArmVmp : Match on catch block at 0xc3 in for 0xa5
01-23 13:56:25.029 21056 21056 E ArmVmp : Match on catch block at 0xc3 in for 0xa5
01-23 13:56:25.032 21056 21056 E ArmVmp : Match on catch block at 0xc3 in for 0xa9
01-23 13:56:25.046 21056 21056 E ArmVmp : Match on catch block at 0xc3 in for 0xa9
01-23 13:56:25.050 21056 21056 E ArmVmp : Match on catch block at 0xc3 in for 0xa1
01-23 13:56:25.063 21056 21056 E ArmVmp : Match on catch block at 0xc3 in for 0xa1
01-23 13:56:25.066 21056 21056 E ArmVmp : Match on catch block at 0xc3 in for 0xa5
01-23 13:56:25.078 21056 21056 E ArmVmp : Match on catch block at 0xc3 in for 0xa1
01-23 13:56:25.081 21056 21056 E ArmVmp : Match on catch block at 0xc3 in for 0xa5
01-23 13:56:25.095 21056 21056 E ArmVmp : Match on catch block at 0xc3 in for 0xa9
01-23 13:56:25.098 21056 21056 E ArmVmp : Match on catch block at 0xc3 in for 0xa1
01-23 13:56:25.112 21056 21056 E ArmVmp : Match on catch block at 0xc3 in for 0xa5
01-23 13:56:25.114 21056 21056 E ArmVmp : Match on catch block at 0xc3 in for 0xa9
01-23 13:56:25.129 21056 21056 E ArmVmp : Match on catch block at 0xc3 in for 0xa1
01-23 13:56:25.131 21056 21056 E ArmVmp : Match on catch block at 0xc3 in for 0xa5
01-23 13:56:25.146 21056 21056 E ArmVmp : Match on catch block at 0xc3 in for 0xa9
01-23 13:56:25.148 21056 21056 E ArmVmp : Match on catch block at 0xc3 in for 0xa1
01-23 13:56:25.204 21056 21056 E ArmVmp : Match on catch block at 0xc3 in for 0xa9
01-23 13:56:25.207 21056 21056 E ArmVmp : Match on catch block at 0xc3 in for 0xa1
01-23 13:56:25.213 21056 21056 E ArmVmp : Match on catch block at 0xc3 in for 0xa1
01-23 13:56:25.215 21056 21056 E ArmVmp : Match on catch block at 0xc3 in for 0xa5
01-23 13:56:25.228 21056 21056 E ArmVmp : Match on catch block at 0xc3 in for 0xa5
01-23 13:56:25.230 21056 21056 E ArmVmp : Match on catch block at 0xc3 in for 0xa9
01-23 13:56:25.269 21056 21056 E ArmVmp : Match on catch block at 0xc3 in for 0xa1
01-23 13:56:25.271 21056 21056 E ArmVmp : Match on catch block at 0xc3 in for 0xa5
01-23 13:56:25.283 21056 21056 E ArmVmp : Match on catch block at 0xc3 in for 0xa5
01-23 13:56:25.285 21056 21056 E ArmVmp : Match on catch block at 0xc3 in for 0xa9
01-23 13:56:25.745 21056 21056 E ArmVmp : Match on catch block at 0xc3 in for 0xa9
01-23 13:56:25.749 21056 21056 E ArmVmp : Match on catch block at 0xc3 in for 0xa1
01-23 13:56:26.246 21056 21056 E ArmVmp : Match on catch block at 0xc3 in for 0xa1
01-23 13:56:26.249 21056 21056 E ArmVmp : Match on catch block at 0xc3 in for 0xa5
01-23 13:56:26.747 21056 21056 E ArmVmp : Match on catch block at 0xc3 in for 0xa5
01-23 13:56:26.750 21056 21056 E ArmVmp : Match on catch block at 0xc3 in for 0xa9
01-23 13:56:26.880 21056 21056 E ArmVmp : Match on catch block at 0xc3 in for 0xa9
01-23 13:56:26.884 21056 21056 E ArmVmp : Match on catch block at 0xc3 in for 0xa1
01-23 13:56:26.897 21056 21056 E ArmVmp : Match on catch block at 0xc3 in for 0xa1
01-23 13:56:26.902 21056 21056 E ArmVmp : Match on catch block at 0xc3 in for 0xa5
01-23 13:56:26.914 21056 21056 E ArmVmp : Match on catch block at 0xc3 in for 0xa5
01-23 13:56:26.918 21056 21056 E ArmVmp : Match on catch block at 0xc3 in for 0xa9
01-23 13:56:26.930 21056 21056 E ArmVmp : Match on catch block at 0xc3 in for 0xa9
01-23 13:56:26.934 21056 21056 E ArmVmp : Match on catch block at 0xc3 in for 0xa1
01-23 13:56:26.946 21056 21056 E ArmVmp : Match on catch block at 0xc3 in for 0xa1
01-23 13:56:26.951 21056 21056 E ArmVmp : Match on catch block at 0xc3 in for 0xa5
01-23 13:56:26.963 21056 21056 E ArmVmp : Match on catch block at 0xc3 in for 0xa5
01-23 13:56:26.966 21056 21056 E ArmVmp : Match on catch block at 0xc3 in for 0xa9
01-23 13:56:26.981 21056 21056 E ArmVmp : Match on catch block at 0xc3 in for 0xa9
01-23 13:56:26.986 21056 21056 E ArmVmp : Match on catch block at 0xc3 in for 0xa1
01-23 13:56:27.005 21056 21056 E ArmVmp : Match on catch block at 0xc3 in for 0xa5
01-23 13:56:27.007 21056 21056 E ArmVmp : Match on catch block at 0xc3 in for 0xa9
01-23 13:56:27.025 21056 21056 E ArmVmp : Match on catch block at 0xc3 in for 0xa1
01-23 13:56:27.029 21056 21056 E ArmVmp : Match on catch block at 0xc3 in for 0xa5
01-23 13:56:27.047 21056 21056 E ArmVmp : Match on catch block at 0xc3 in for 0xa5
01-23 13:56:27.050 21056 21056 E ArmVmp : Match on catch block at 0xc3 in for 0xa9
01-23 13:56:27.062 21056 21056 E ArmVmp : Match on catch block at 0xc3 in for 0xa9
01-23 13:56:27.065 21056 21056 E ArmVmp : Match on catch block at 0xc3 in for 0xa1
01-23 13:56:27.079 21056 21056 E ArmVmp : Match on catch block at 0xc3 in for 0xa1
01-23 13:56:27.082 21056 21056 E ArmVmp : Match on catch block at 0xc3 in for 0xa5
01-23 13:56:27.096 21056 21056 E ArmVmp : Match on catch block at 0xc3 in for 0xa5
01-23 13:56:27.100 21056 21056 E ArmVmp : Match on catch block at 0xc3 in for 0xa9
01-23 13:56:27.115 21056 21056 E ArmVmp : Match on catch block at 0xc3 in for 0xa9
01-23 13:56:27.118 21056 21056 E ArmVmp : Match on catch block at 0xc3 in for 0xa1
01-23 13:56:27.129 21056 21056 E ArmVmp : Match on catch block at 0xc3 in for 0xa1
01-23 13:56:27.133 21056 21056 E ArmVmp : Match on catch block at 0xc3 in for 0xa5
01-23 13:56:27.146 21056 21056 E ArmVmp : Match on catch block at 0xc3 in for 0xa5
01-23 13:56:27.148 21056 21056 E ArmVmp : Match on catch block at 0xc3 in for 0xa9
01-23 13:56:27.163 21056 21056 E ArmVmp : Match on catch block at 0xc3 in for 0xa9
01-23 13:56:27.164 21056 21056 E ArmVmp : Match on catch block at 0xc3 in for 0xa1
01-23 13:56:27.179 21056 21056 E ArmVmp : Match on catch block at 0xc3 in for 0xa1
01-23 13:56:27.181 21056 21056 E ArmVmp : Match on catch block at 0xc3 in for 0xa5
01-23 13:56:27.196 21056 21056 E ArmVmp : Match on catch block at 0xc3 in for 0xa5
01-23 13:56:27.198 21056 21056 E ArmVmp : Match on catch block at 0xc3 in for 0xa9
01-23 13:56:27.246 21056 21056 E ArmVmp : Match on catch block at 0xc3 in for 0xa9
01-23 13:56:27.249 21056 21056 E ArmVmp : Match on catch block at 0xc3 in for 0xa1
01-23 13:56:27.446 21056 21056 E ArmVmp : Match on catch block at 0xc3 in for 0xa1
01-23 13:56:27.448 21056 21056 E ArmVmp : Match on catch block at 0xc3 in for 0xa5
01-23 13:56:27.596 21056 21056 E ArmVmp : Match on catch block at 0xc3 in for 0xa5
01-23 13:56:27.599 21056 21056 E ArmVmp : Match on catch block at 0xc3 in for 0xa9
01-23 13:56:27.779 21056 21056 E ArmVmp : Match on catch block at 0xc3 in for 0xa9
01-23 13:56:27.782 21056 21056 E ArmVmp : Match on catch block at 0xc3 in for 0xa1
01-23 13:56:27.896 21056 21056 E ArmVmp : Match on catch block at 0xc3 in for 0xa1
01-23 13:56:27.898 21056 21056 E ArmVmp : Match on catch block at 0xc3 in for 0xa5
01-23 13:56:28.312 21056 21056 E ArmVmp : Match on catch block at 0xc3 in for 0xa5
01-23 13:56:28.314 21056 21056 E ArmVmp : Match on catch block at 0xc3 in for 0xa9
01-23 13:56:28.813 21056 21056 E ArmVmp : Match on catch block at 0xc3 in for 0xa9
01-23 13:56:28.815 21056 21056 E ArmVmp : Match on catch block at 0xc3 in for 0xa1
01-23 13:56:28.846 21056 21056 E ArmVmp : Match on catch block at 0xc3 in for 0xa1
01-23 13:56:28.850 21056 21056 E ArmVmp : Match on catch block at 0xc3 in for 0xa5
01-23 13:56:29.030 21056 21056 E ArmVmp : Match on catch block at 0xc3 in for 0xa5
01-23 13:56:29.032 21056 21056 E ArmVmp : Match on catch block at 0xc3 in for 0xa9
01-23 13:56:29.530 21056 21056 E ArmVmp : Match on catch block at 0xc3 in for 0xa9
01-23 13:56:29.532 21056 21056 E ArmVmp : Match on catch block at 0xc3 in for 0xa1
01-23 13:56:29.613 21056 21056 E ArmVmp : Match on catch block at 0xc3 in for 0xa1
01-23 13:56:29.615 21056 21056 E ArmVmp : Match on catch block at 0xc3 in for 0xa5
01-23 13:56:29.880 21056 21056 E ArmVmp : Match on catch block at 0xc3 in for 0xa5
01-23 13:56:29.883 21056 21056 E ArmVmp : Match on catch block at 0xc3 in for 0xa9
01-23 13:56:30.048 21056 21056 E ArmVmp : Match on catch block at 0xc3 in for 0xa9
01-23 13:56:30.051 21056 21056 E ArmVmp : Match on catch block at 0xc3 in for 0xa1
01-23 13:56:30.197 21056 21056 E ArmVmp : Match on catch block at 0xc3 in for 0xa1
01-23 13:56:30.200 21056 21056 E ArmVmp : Match on catch block at 0xc3 in for 0xa5
01-23 13:56:30.381 21056 21056 E ArmVmp : Match on catch block at 0xc3 in for 0xa5
01-23 13:56:30.384 21056 21056 E ArmVmp : Match on catch block at 0xc3 in for 0xa9
01-23 13:56:30.431 21056 21056 E ArmVmp : Match on catch block at 0xc3 in for 0xa9
01-23 13:56:30.434 21056 21056 E ArmVmp : Match on catch block at 0xc3 in for 0xa1
01-23 13:56:30.814 21056 21056 E ArmVmp : Match on catch block at 0xc3 in for 0xa1
01-23 13:56:30.817 21056 21056 E ArmVmp : Match on catch block at 0xc3 in for 0xa5
01-23 13:56:31.031 21056 21056 E ArmVmp : Match on catch block at 0xc3 in for 0xa5
01-23 13:56:31.035 21056 21056 E ArmVmp : Match on catch block at 0xc3 in for 0xa9
01-23 13:56:31.182 21056 21056 E ArmVmp : Match on catch block at 0xc3 in for 0xa9
01-23 13:56:31.185 21056 21056 E ArmVmp : Match on catch block at 0xc3 in for 0xa1
01-23 13:56:31.331 21056 21056 E ArmVmp : Match on catch block at 0xc3 in for 0xa1
01-23 13:56:31.334 21056 21056 E ArmVmp : Match on catch block at 0xc3 in for 0xa5
01-23 13:56:31.531 21056 21056 E ArmVmp : Match on catch block at 0xc3 in for 0xa9
01-23 13:56:31.535 21056 21056 E ArmVmp : Match on catch block at 0xc3 in for 0xa1
01-23 13:56:31.543 21056 21056 E ArmVmp : Match on catch block at 0xc3 in for 0xa1
01-23 13:56:31.546 21056 21056 E ArmVmp : Match on catch block at 0xc3 in for 0xa5
01-23 13:56:31.733 21056 21056 E ArmVmp : Match on catch block at 0xc3 in for 0xa5
01-23 13:56:31.735 21056 21056 E ArmVmp : Match on catch block at 0xc3 in for 0xa9
01-23 13:56:32.034 21056 21056 E ArmVmp : Match on catch block at 0xc3 in for 0xa9
01-23 13:56:32.037 21056 21056 E ArmVmp : Match on catch block at 0xc3 in for 0xa1
01-23 13:56:32.531 21056 21056 E ArmVmp : Match on catch block at 0xc3 in for 0xa1
01-23 13:56:32.535 21056 21056 E ArmVmp : Match on catch block at 0xc3 in for 0xa5
01-23 13:56:32.715 21056 21056 E ArmVmp : Match on catch block at 0xc3 in for 0xa5
01-23 13:56:32.719 21056 21056 E ArmVmp : Match on catch block at 0xc3 in for 0xa9
01-23 13:56:33.132 21056 21056 E ArmVmp : Match on catch block at 0xc3 in for 0xa5
01-23 13:56:33.135 21056 21056 E ArmVmp : Match on catch block at 0xc3 in for 0xa9
01-23 13:56:33.148 21056 21056 E ArmVmp : Match on catch block at 0xc3 in for 0xa9
01-23 13:56:33.152 21056 21056 E ArmVmp : Match on catch block at 0xc3 in for 0xa1
01-23 13:56:33.165 21056 21056 E ArmVmp : Match on catch block at 0xc3 in for 0xa1
01-23 13:56:33.168 21056 21056 E ArmVmp : Match on catch block at 0xc3 in for 0xa5
01-23 13:56:33.181 21056 21056 E ArmVmp : Match on catch block at 0xc3 in for 0xa5
01-23 13:56:33.185 21056 21056 E ArmVmp : Match on catch block at 0xc3 in for 0xa9
01-23 13:56:33.198 21056 21056 E ArmVmp : Match on catch block at 0xc3 in for 0xa9
01-23 13:56:33.201 21056 21056 E ArmVmp : Match on catch block at 0xc3 in for 0xa1
01-23 13:56:33.215 21056 21056 E ArmVmp : Match on catch block at 0xc3 in for 0xa1
01-23 13:56:33.218 21056 21056 E ArmVmp : Match on catch block at 0xc3 in for 0xa5
01-23 13:56:33.232 21056 21056 E ArmVmp : Match on catch block at 0xc3 in for 0xa5
01-23 13:56:33.235 21056 21056 E ArmVmp : Match on catch block at 0xc3 in for 0xa9
01-23 13:56:33.247 21056 21056 E ArmVmp : Match on catch block at 0xc3 in for 0xa9
01-23 13:56:33.251 21056 21056 E ArmVmp : Match on catch block at 0xc3 in for 0xa1
01-23 13:56:33.265 21056 21056 E ArmVmp : Match on catch block at 0xc3 in for 0xa1
01-23 13:56:33.268 21056 21056 E ArmVmp : Match on catch block at 0xc3 in for 0xa5
01-23 13:56:33.281 21056 21056 E ArmVmp : Match on catch block at 0xc3 in for 0xa5
01-23 13:56:33.285 21056 21056 E ArmVmp : Match on catch block at 0xc3 in for 0xa9
01-23 13:56:33.298 21056 21056 E ArmVmp : Match on catch block at 0xc3 in for 0xa9
01-23 13:56:33.302 21056 21056 E ArmVmp : Match on catch block at 0xc3 in for 0xa1
01-23 13:56:33.315 21056 21056 E ArmVmp : Match on catch block at 0xc3 in for 0xa1
01-23 13:56:33.318 21056 21056 E ArmVmp : Match on catch block at 0xc3 in for 0xa5
01-23 13:56:33.331 21056 21056 E ArmVmp : Match on catch block at 0xc3 in for 0xa5
01-23 13:56:33.335 21056 21056 E ArmVmp : Match on catch block at 0xc3 in for 0xa9
01-23 13:56:33.348 21056 21056 E ArmVmp : Match on catch block at 0xc3 in for 0xa9
01-23 13:56:33.352 21056 21056 E ArmVmp : Match on catch block at 0xc3 in for 0xa1
01-23 13:56:33.365 21056 21056 E ArmVmp : Match on catch block at 0xc3 in for 0xa1
01-23 13:56:33.368 21056 21056 E ArmVmp : Match on catch block at 0xc3 in for 0xa5
01-23 13:56:33.382 21056 21056 E ArmVmp : Match on catch block at 0xc3 in for 0xa5
01-23 13:56:33.385 21056 21056 E ArmVmp : Match on catch block at 0xc3 in for 0xa9
01-23 13:56:33.549 21056 21056 E ArmVmp : Match on catch block at 0xc3 in for 0xa1
01-23 13:56:33.552 21056 21056 E ArmVmp : Match on catch block at 0xc3 in for 0xa5
01-23 13:56:33.574 21056 21056 E ArmVmp : Match on catch block at 0xc3 in for 0xa1
01-23 13:56:33.576 21056 21056 E ArmVmp : Match on catch block at 0xc3 in for 0xa5
01-23 13:56:33.588 21056 21056 E ArmVmp : Match on catch block at 0xc3 in for 0xa9
01-23 13:56:33.590 21056 21056 E ArmVmp : Match on catch block at 0xc3 in for 0xa1
01-23 13:56:33.597 21056 21056 E ArmVmp : Match on catch block at 0xc3 in for 0xa1
01-23 13:56:33.599 21056 21056 E ArmVmp : Match on catch block at 0xc3 in for 0xa5
01-23 13:56:33.630 21056 21056 E ArmVmp : Match on catch block at 0xc3 in for 0xa9
01-23 13:56:33.632 21056 21056 E ArmVmp : Match on catch block at 0xc3 in for 0xa1
01-23 13:56:33.645 21056 21056 E ArmVmp : Match on catch block at 0xc3 in for 0xa9
01-23 13:56:33.647 21056 21056 E ArmVmp : Match on catch block at 0xc3 in for 0xa1
01-23 13:56:33.656 21056 21056 E ArmVmp : Match on catch block at 0xc3 in for 0xa9
01-23 13:56:33.658 21056 21056 E ArmVmp : Match on catch block at 0xc3 in for 0xa1
01-23 13:56:33.664 21056 21056 E ArmVmp : Match on catch block at 0xc3 in for 0xa1
01-23 13:56:33.666 21056 21056 E ArmVmp : Match on catch block at 0xc3 in for 0xa5
01-23 13:56:33.681 21056 21056 E ArmVmp : Match on catch block at 0xc3 in for 0xa5
01-23 13:56:33.683 21056 21056 E ArmVmp : Match on catch block at 0xc3 in for 0xa9
01-23 13:56:33.697 21056 21056 E ArmVmp : Match on catch block at 0xc3 in for 0xa9
01-23 13:56:33.700 21056 21056 E ArmVmp : Match on catch block at 0xc3 in for 0xa1
01-23 13:56:33.714 21056 21056 E ArmVmp : Match on catch block at 0xc3 in for 0xa1
01-23 13:56:33.716 21056 21056 E ArmVmp : Match on catch block at 0xc3 in for 0xa5
01-23 13:56:33.731 21056 21056 E ArmVmp : Match on catch block at 0xc3 in for 0xa5
01-23 13:56:33.733 21056 21056 E ArmVmp : Match on catch block at 0xc3 in for 0xa9
01-23 13:56:33.747 21056 21056 E ArmVmp : Match on catch block at 0xc3 in for 0xa9
01-23 13:56:33.750 21056 21056 E ArmVmp : Match on catch block at 0xc3 in for 0xa1
01-23 13:56:33.764 21056 21056 E ArmVmp : Match on catch block at 0xc3 in for 0xa1
01-23 13:56:33.766 21056 21056 E ArmVmp : Match on catch block at 0xc3 in for 0xa5
01-23 13:56:33.834 21056 21056 E ArmVmp : Match on catch block at 0xc3 in for 0xa5
01-23 13:56:33.836 21056 21056 E ArmVmp : Match on catch block at 0xc3 in for 0xa9
01-23 13:56:33.841 21056 21366 W MediaPlayer: Use of stream types is deprecated for
operations other than volume control
01-23 13:56:33.841 21056 21366 W MediaPlayer: See the documentation of
setAudioStreamType() for what to use instead with android.media.AudioAttributes to
qualify your playback use case
01-23 13:56:33.848 21056 21056 E ArmVmp : Match on catch block at 0xc3 in for 0xa5
01-23 13:56:33.851 21056 21056 E ArmVmp : Match on catch block at 0xc3 in for 0xa9
01-23 13:56:33.994 21056 21056 E ArmVmp : Match on catch block at 0xc3 in for 0xa5
01-23 13:56:33.996 21056 21056 E ArmVmp : Match on catch block at 0xc3 in for 0xa9
01-23 13:56:34.003 21056 21056 E ArmVmp : Match on catch block at 0xc3 in for 0xa9
01-23 13:56:34.006 21056 21056 E ArmVmp : Match on catch block at 0xc3 in for 0xa1
01-23 13:56:34.065 21056 21056 E ArmVmp : Match on catch block at 0xc3 in for 0xa1
01-23 13:56:34.067 21056 21056 E ArmVmp : Match on catch block at 0xc3 in for 0xa5
01-23 13:56:34.101 21056 21056 E ArmVmp : Match on catch block at 0xc3 in for 0xa1
01-23 13:56:34.103 21056 21056 E ArmVmp : Match on catch block at 0xc3 in for 0xa5
01-23 13:56:34.114 21056 21056 E ArmVmp : Match on catch block at 0xc3 in for 0xa5
01-23 13:56:34.118 21056 21056 E ArmVmp : Match on catch block at 0xc3 in for 0xa9
01-23 13:56:34.198 21056 21056 E ArmVmp : Match on catch block at 0xc3 in for 0xa1
01-23 13:56:34.200 21056 21056 E ArmVmp : Match on catch block at 0xc3 in for 0xa5
01-23 13:56:34.316 21056 21056 E ArmVmp : Match on catch block at 0xc3 in for 0xa9
01-23 13:56:34.318 21056 21056 E ArmVmp : Match on catch block at 0xc3 in for 0xa1
--------- beginning of system
--------- beginning of main
01-23 13:56:54.020 22759 22759 E com.whatsapp: Not starting debugger since process
cannot load the jdwp agent.
01-23 13:56:54.134 22759 22759 W System.err: java.lang.ClassNotFoundException:
mbmodsd.mbmodsw.ui.views.btn.BtnBK
01-23 13:56:54.136 22759 22759 W System.err: at
java.lang.Runtime.nativeLoad(Native Method)
01-23 13:56:54.136 22759 22759 W System.err: at
java.lang.Runtime.nativeLoad(Runtime.java:1131)
01-23 13:56:54.136 22759 22759 W System.err: at
java.lang.Runtime.loadLibrary0(Runtime.java:1085)
01-23 13:56:54.136 22759 22759 W System.err: at
java.lang.Runtime.loadLibrary0(Runtime.java:1008)
01-23 13:56:54.136 22759 22759 W System.err: at
java.lang.System.loadLibrary(System.java:1664)
01-23 13:56:54.136 22759 22759 W System.err: at arm.EpicVm.<clinit>(Unknown
Source:2)
01-23 13:56:54.136 22759 22759 W System.err: at
java.lang.Class.newInstance(Native Method)
01-23 13:56:54.136 22759 22759 W System.err: at
android.app.AppComponentFactory.instantiateApplication(AppComponentFactory.java:76)
01-23 13:56:54.136 22759 22759 W System.err: at
androidx.core.app.CoreComponentFactory.instantiateApplication(Unknown Source:0)
01-23 13:56:54.136 22759 22759 W System.err: at
android.app.Instrumentation.newApplication(Instrumentation.java:1164)
01-23 13:56:54.136 22759 22759 W System.err: at
android.app.LoadedApk.makeApplication(LoadedApk.java:1244)
01-23 13:56:54.137 22759 22759 W System.err: at
android.app.ActivityThread.handleBindApplication(ActivityThread.java:7000)
01-23 13:56:54.137 22759 22759 W System.err: at
android.app.ActivityThread.access$1500(ActivityThread.java:257)
01-23 13:56:54.137 22759 22759 W System.err: at
android.app.ActivityThread$H.handleMessage(ActivityThread.java:2025)
01-23 13:56:54.137 22759 22759 W System.err: at
android.os.Handler.dispatchMessage(Handler.java:106)
01-23 13:56:54.137 22759 22759 W System.err: at
android.os.Looper.loop(Looper.java:268)
01-23 13:56:54.137 22759 22759 W System.err: at
android.app.ActivityThread.main(ActivityThread.java:8004)
01-23 13:56:54.137 22759 22759 W System.err: at
java.lang.reflect.Method.invoke(Native Method)
01-23 13:56:54.137 22759 22759 W System.err: at
com.android.internal.os.RuntimeInit$MethodAndArgsCaller.run(RuntimeInit.java:627)
01-23 13:56:54.137 22759 22759 W System.err: at
com.android.internal.os.ZygoteInit.main(ZygoteInit.java:997)
01-23 13:56:54.148 22759 22759 E libc : Access denied finding property
"ro.vendor.pref_scale_resolution"
01-23 13:56:54.152 22759 22759 E CustomActivityOnCrash: IMPORTANT WARNING! You
already have an UncaughtExceptionHandler, are you sure this is correct? If you use
a custom UncaughtExceptionHandler, you must initialize it AFTER
CustomActivityOnCrash! Installing anyway, but your original handler will not be
called.
01-23 13:56:54.175 22759 22795 W AsyncDrawableCache: can not found res: 2131233001,
maybe dynamic res id.
01-23 13:56:54.450 22759 22759 W com.whatsapp: Accessing hidden method
Lcom/android/org/conscrypt/OpenSSLSocketImpl;->setUseSessionTickets(Z)V (greylist-
max-q,test-api, reflection, denied)
01-23 13:56:54.450 22759 22759 W com.whatsapp: Accessing hidden method
Lcom/android/org/conscrypt/AbstractConscryptSocket;->setUseSessionTickets(Z)V
(greylist-max-q, reflection, denied)
01-23 13:56:54.493 22759 22759 W linker : Warning:
"/data/data/com.whatsapp/files/decompressed/libs.spk.zst/libc++_shared.so" unused
DT entry: unknown processor-specific (type 0x70000001 arg 0x0) (ignoring)
01-23 13:56:54.533 22759 22759 W com.whatsapp: type=1400 audit(0.0:329679): avc:
granted { execute } for
path="/data/data/com.whatsapp/files/decompressed/libs.spk.zst/libcurve25519.so"
dev="dm-11" ino=722534 scontext=u:r:untrusted_app:s0:c154,c258,c512,c768
tcontext=u:object_r:app_data_file:s0:c154,c258,c512,c768 tclass=file
app=com.whatsapp
01-23 13:56:54.537 22759 22759 W com.whatsapp: type=1400 audit(0.0:329680): avc:
granted { execute } for
path="/data/data/com.whatsapp/files/decompressed/libs.spk.zst/libwhatsapp.so"
dev="dm-11" ino=716707 scontext=u:r:untrusted_app:s0:c154,c258,c512,c768
tcontext=u:object_r:app_data_file:s0:c154,c258,c512,c768 tclass=file
app=com.whatsapp
01-23 13:56:54.537 22759 22759 W com.whatsapp: type=1400 audit(0.0:329682): avc:
granted { execute } for
path="/data/data/com.whatsapp/files/decompressed/libs.spk.zst/libwhatsapp.so"
dev="dm-11" ino=716707 scontext=u:r:untrusted_app:s0:c154,c258,c512,c768
tcontext=u:object_r:app_data_file:s0:c154,c258,c512,c768 tclass=file
app=com.whatsapp
01-23 13:56:54.537 22759 22759 W com.whatsapp: type=1400 audit(0.0:329683): avc:
denied { execmod } for path="/apex/com.android.runtime/lib64/bionic/libc.so"
dev="loop25" ino=33 scontext=u:r:untrusted_app:s0:c154,c258,c512,c768
tcontext=u:object_r:system_lib_file:s0 tclass=file permissive=0 app=com.whatsapp
01-23 13:56:54.626 22759 22759 W com.whatsapp: Class X.0eU failed lock verification
and will run slower.
01-23 13:56:54.626 22759 22759 W com.whatsapp: Common causes for lock verification
issues are non-optimized dex code
01-23 13:56:54.626 22759 22759 W com.whatsapp: and incorrect proguard
optimizations.
01-23 13:56:54.655 22759 22976 W com.whatsapp: Class X.2rL failed lock verification
and will run slower.
01-23 13:56:54.793 22759 22759 W com.whatsapp: Class com.whatsapp.HomeActivity
failed lock verification and will run slower.
01-23 13:56:55.058 22759 22759 E ion : ioctl c0044901 failed with code -1:
Invalid argument
01-23 13:56:55.098 22759 22759 E ArmVmp : Match on catch block at 0x0a in for 0xc5
01-23 13:56:55.122 22759 22759 E ArmVmp : Match on catch block at 0x0a in for
0x131
01-23 13:56:55.262 22759 22795 W System : ClassLoader referenced unknown path:
system/framework/mediatek-cta.jar
01-23 13:56:55.270 22759 22795 E ArmVmp : No matching catch block at 0x07
01-23 13:56:55.270 22759 22795 E ArmVmp : Match on catch block at 0x02 in for 0x29
01-23 13:56:55.272 22759 22795 W System.err: java.net.UnknownHostException: Unable
to resolve host "pastebin.com": No address associated with hostname
01-23 13:56:55.273 22759 22795 W System.err:
01-23 13:56:55.276 22759 22795 W System.err: at
java.net.Inet6AddressImpl.lookupHostByName(Inet6AddressImpl.java:156)
01-23 13:56:55.279 22759 22795 W System.err:
01-23 13:56:55.285 22759 22795 W System.err: at
java.net.Inet6AddressImpl.lookupAllHostAddr(Inet6AddressImpl.java:103)
01-23 13:56:55.285 22759 22795 W System.err:
01-23 13:56:55.286 22759 22795 W System.err: at
java.net.InetAddress.getAllByName(InetAddress.java:1152)
01-23 13:56:55.286 22759 22795 W System.err:
01-23 13:56:55.286 22759 22795 W System.err: at
com.android.okhttp.Dns$1.lookup(Dns.java:41)
01-23 13:56:55.286 22759 22795 W System.err:
01-23 13:56:55.286 22759 22795 W System.err: at
com.android.okhttp.internal.http.RouteSelector.resetNextInetSocketAddress(RouteSele
ctor.java:178)
01-23 13:56:55.287 22759 22795 W System.err:
01-23 13:56:55.287 22759 22795 W System.err: at
com.android.okhttp.internal.http.RouteSelector.nextProxy(RouteSelector.java:144)
01-23 13:56:55.287 22759 22795 W System.err:
01-23 13:56:55.287 22759 22795 W System.err: at
com.android.okhttp.internal.http.RouteSelector.next(RouteSelector.java:86)
01-23 13:56:55.287 22759 22795 W System.err:
01-23 13:56:55.289 22759 22795 W System.err: at
com.android.okhttp.internal.http.StreamAllocation.findConnection(StreamAllocation.j
ava:176)
01-23 13:56:55.289 22759 22795 W System.err:
01-23 13:56:55.290 22759 22795 W System.err: at
com.android.okhttp.internal.http.StreamAllocation.findHealthyConnection(StreamAlloc
ation.java:128)
01-23 13:56:55.290 22759 22795 W System.err:
01-23 13:56:55.291 22759 22795 W System.err: at
com.android.okhttp.internal.http.StreamAllocation.newStream(StreamAllocation.java:9
7)
01-23 13:56:55.292 22759 22795 W System.err:
01-23 13:56:55.292 22759 22795 W System.err: at
com.android.okhttp.internal.http.HttpEngine.connect(HttpEngine.java:302)
01-23 13:56:55.293 22759 22795 W System.err:
01-23 13:56:55.293 22759 22795 W System.err: at
com.android.okhttp.internal.http.HttpEngine.sendRequest(HttpEngine.java:245)
01-23 13:56:55.294 22759 22795 W System.err:
01-23 13:56:55.299 22759 22795 W System.err: at
com.android.okhttp.internal.huc.HttpURLConnectionImpl.execute(HttpURLConnectionImpl
.java:465)
01-23 13:56:55.299 22759 22795 W System.err:
01-23 13:56:55.299 22759 22795 W System.err: at
com.android.okhttp.internal.huc.HttpURLConnectionImpl.getResponse(HttpURLConnection
Impl.java:411)
01-23 13:56:55.299 22759 22795 W System.err:
01-23 13:56:55.310 22759 22795 W System.err: at
com.android.okhttp.internal.huc.HttpURLConnectionImpl.getInputStream(HttpURLConnect
ionImpl.java:248)
01-23 13:56:55.310 22759 22795 W System.err:
01-23 13:56:55.311 22759 22795 W System.err: at
com.android.okhttp.internal.huc.DelegatingHttpsURLConnection.getInputStream(Delegat
ingHttpsURLConnection.java:211)
01-23 13:56:55.311 22759 22795 W System.err:
01-23 13:56:55.312 22759 22795 W System.err: at
com.android.okhttp.internal.huc.HttpsURLConnectionImpl.getInputStream(HttpsURLConne
ctionImpl.java:30)
01-23 13:56:55.312 22759 22795 W System.err:
01-23 13:56:55.312 22759 22795 W System.err: at
java.net.URL.openStream(URL.java:1072)
01-23 13:56:55.312 22759 22795 W System.err:
01-23 13:56:55.313 22759 22795 W System.err: at
mbmodsd.mbmodsw.mbdialog.MBDialogMan.loadJsonFromUrl(Native Method)
01-23 13:56:55.313 22759 22795 W System.err:
01-23 13:56:55.313 22759 22795 W System.err: at
