01-23 13:45:42.113 13419 13419 E ArmVmp : Match on catch block at 0xc3 in for 0xa1
01-23 13:45:42.128 13419 13419 E ArmVmp : Match on catch block at 0xc3 in for 0xa1
01-23 13:45:42.130 13419 13419 E ArmVmp : Match on catch block at 0xc3 in for 0xa5
01-23 13:45:42.145 13419 13419 E ArmVmp : Match on catch block at 0xc3 in for 0xa5
01-23 13:45:42.147 13419 13419 E ArmVmp : Match on catch block at 0xc3 in for 0xa9
01-23 13:45:42.161 13419 13419 E ArmVmp : Match on catch block at 0xc3 in for 0xa9
01-23 13:45:42.163 13419 13419 E ArmVmp : Match on catch block at 0xc3 in for 0xa1
01-23 13:45:42.178 13419 13419 E ArmVmp : Match on catch block at 0xc3 in for 0xa1
01-23 13:45:42.180 13419 13419 E ArmVmp : Match on catch block at 0xc3 in for 0xa5
01-23 13:45:42.195 13419 13419 E ArmVmp : Match on catch block at 0xc3 in for 0xa5
01-23 13:45:42.196 13419 13419 E ArmVmp : Match on catch block at 0xc3 in for 0xa9
01-23 13:45:42.347 13419 13419 E ArmVmp : Match on catch block at 0xc3 in for 0xa1
01-23 13:45:42.349 13419 13419 E ArmVmp : Match on catch block at 0xc3 in for 0xa5
01-23 13:45:42.361 13419 13419 E ArmVmp : Match on catch block at 0xc3 in for 0xa1
01-23 13:45:42.363 13419 13419 E ArmVmp : Match on catch block at 0xc3 in for 0xa5
01-23 13:45:42.378 13419 13419 E ArmVmp : Match on catch block at 0xc3 in for 0xa5
01-23 13:45:42.380 13419 13419 E ArmVmp : Match on catch block at 0xc3 in for 0xa9
01-23 13:45:42.395 13419 13419 E ArmVmp : Match on catch block at 0xc3 in for 0xa9
01-23 13:45:42.396 13419 13419 E ArmVmp : Match on catch block at 0xc3 in for 0xa1
01-23 13:45:42.411 13419 13419 E ArmVmp : Match on catch block at 0xc3 in for 0xa1
01-23 13:45:42.413 13419 13419 E ArmVmp : Match on catch block at 0xc3 in for 0xa5
01-23 13:45:42.428 13419 13419 E ArmVmp : Match on catch block at 0xc3 in for 0xa5
01-23 13:45:42.430 13419 13419 E ArmVmp : Match on catch block at 0xc3 in for 0xa9
01-23 13:45:42.445 13419 13419 E ArmVmp : Match on catch block at 0xc3 in for 0xa9
01-23 13:45:42.447 13419 13419 E ArmVmp : Match on catch block at 0xc3 in for 0xa1
01-23 13:45:42.464 13419 13419 E ArmVmp : Match on catch block at 0xc3 in for 0xa1
01-23 13:45:42.465 13419 13419 E ArmVmp : Match on catch block at 0xc3 in for 0xa5
01-23 13:45:42.478 13419 13419 E ArmVmp : Match on catch block at 0xc3 in for 0xa5
01-23 13:45:42.481 13419 13419 E ArmVmp : Match on catch block at 0xc3 in for 0xa9
01-23 13:45:42.495 13419 13419 E ArmVmp : Match on catch block at 0xc3 in for 0xa9
01-23 13:45:42.496 13419 13419 E ArmVmp : Match on catch block at 0xc3 in for 0xa1
01-23 13:45:42.511 13419 13419 E ArmVmp : Match on catch block at 0xc3 in for 0xa1
01-23 13:45:42.513 13419 13419 E ArmVmp : Match on catch block at 0xc3 in for 0xa5
01-23 13:45:42.528 13419 13419 E ArmVmp : Match on catch block at 0xc3 in for 0xa5
01-23 13:45:42.530 13419 13419 E ArmVmp : Match on catch block at 0xc3 in for 0xa9
01-23 13:45:42.545 13419 13419 E ArmVmp : Match on catch block at 0xc3 in for 0xa9
01-23 13:45:42.547 13419 13419 E ArmVmp : Match on catch block at 0xc3 in for 0xa1
01-23 13:45:42.562 13419 13419 E ArmVmp : Match on catch block at 0xc3 in for 0xa1
01-23 13:45:42.563 13419 13419 E ArmVmp : Match on catch block at 0xc3 in for 0xa5
01-23 13:45:42.762 13419 13419 E ArmVmp : Match on catch block at 0xc3 in for 0xa5
01-23 13:45:42.765 13419 13419 E ArmVmp : Match on catch block at 0xc3 in for 0xa9
01-23 13:45:42.996 13419 13419 E ArmVmp : Match on catch block at 0xc3 in for 0xa9
01-23 13:45:42.998 13419 13419 E ArmVmp : Match on catch block at 0xc3 in for 0xa1
01-23 13:45:43.396 13419 13419 E ArmVmp : Match on catch block at 0xc3 in for 0xa1
01-23 13:45:43.399 13419 13419 E ArmVmp : Match on catch block at 0xc3 in for 0xa5
01-23 13:45:43.880 13419 13419 E ArmVmp : Match on catch block at 0xc3 in for 0xa5
01-23 13:45:43.883 13419 13419 E ArmVmp : Match on catch block at 0xc3 in for 0xa9
01-23 13:45:44.063 13419 13419 E ArmVmp : Match on catch block at 0xc3 in for 0xa9
01-23 13:45:44.066 13419 13419 E ArmVmp : Match on catch block at 0xc3 in for 0xa1
01-23 13:45:44.566 13419 13419 E ArmVmp : Match on catch block at 0xc3 in for 0xa1
01-23 13:45:44.572 13419 13419 E ArmVmp : Match on catch block at 0xc3 in for 0xa5
01-23 13:45:44.679 13419 13419 E ArmVmp : Match on catch block at 0xc3 in for 0xa5
01-23 13:45:44.682 13419 13419 E ArmVmp : Match on catch block at 0xc3 in for 0xa9
01-23 13:45:45.013 13419 13419 E ArmVmp : Match on catch block at 0xc3 in for 0xa9
01-23 13:45:45.015 13419 13419 E ArmVmp : Match on catch block at 0xc3 in for 0xa1
01-23 13:45:45.079 13419 13419 E ArmVmp : Match on catch block at 0xc3 in for 0xa1
01-23 13:45:45.081 13419 13419 E ArmVmp : Match on catch block at 0xc3 in for 0xa5
01-23 13:45:45.296 13419 13419 E ArmVmp : Match on catch block at 0xc3 in for 0xa5
01-23 13:45:45.299 13419 13419 E ArmVmp : Match on catch block at 0xc3 in for 0xa9
01-23 13:45:45.514 13419 13419 E ArmVmp : Match on catch block at 0xc3 in for 0xa9
01-23 13:45:45.517 13419 13419 E ArmVmp : Match on catch block at 0xc3 in for 0xa1
01-23 13:45:45.680 13419 13419 E ArmVmp : Match on catch block at 0xc3 in for 0xa1
01-23 13:45:45.683 13419 13419 E ArmVmp : Match on catch block at 0xc3 in for 0xa5
01-23 13:45:45.797 13419 13419 E ArmVmp : Match on catch block at 0xc3 in for 0xa5
01-23 13:45:45.799 13419 13419 E ArmVmp : Match on catch block at 0xc3 in for 0xa9
01-23 13:45:46.013 13419 13419 E ArmVmp : Match on catch block at 0xc3 in for 0xa9
01-23 13:45:46.016 13419 13419 E ArmVmp : Match on catch block at 0xc3 in for 0xa1
01-23 13:45:46.347 13419 13419 E ArmVmp : Match on catch block at 0xc3 in for 0xa1
01-23 13:45:46.350 13419 13419 E ArmVmp : Match on catch block at 0xc3 in for 0xa5
01-23 13:45:46.564 13419 13419 E ArmVmp : Match on catch block at 0xc3 in for 0xa1
01-23 13:45:46.567 13419 13419 E ArmVmp : Match on catch block at 0xc3 in for 0xa5
01-23 13:45:46.584 13419 13419 E ArmVmp : Match on catch block at 0xc3 in for 0xa9
01-23 13:45:46.588 13419 13419 E ArmVmp : Match on catch block at 0xc3 in for 0xa1
01-23 13:45:46.600 13419 13419 E ArmVmp : Match on catch block at 0xc3 in for 0xa9
01-23 13:45:46.602 13419 13419 E ArmVmp : Match on catch block at 0xc3 in for 0xa1
01-23 13:45:46.613 13419 13419 E ArmVmp : Match on catch block at 0xc3 in for 0xa1
01-23 13:45:46.615 13419 13419 E ArmVmp : Match on catch block at 0xc3 in for 0xa5
01-23 13:45:46.657 13419 13419 E ArmVmp : Match on catch block at 0xc3 in for 0xa9
01-23 13:45:46.659 13419 13419 E ArmVmp : Match on catch block at 0xc3 in for 0xa1
01-23 13:45:46.668 13419 13419 E ArmVmp : Match on catch block at 0xc3 in for 0xa1
01-23 13:45:46.670 13419 13419 E ArmVmp : Match on catch block at 0xc3 in for 0xa5
01-23 13:45:46.680 13419 13419 E ArmVmp : Match on catch block at 0xc3 in for 0xa9
01-23 13:45:46.682 13419 13419 E ArmVmp : Match on catch block at 0xc3 in for 0xa1
01-23 13:45:46.696 13419 13419 E ArmVmp : Match on catch block at 0xc3 in for 0xa1
01-23 13:45:46.698 13419 13419 E ArmVmp : Match on catch block at 0xc3 in for 0xa5
01-23 13:45:46.713 13419 13419 E ArmVmp : Match on catch block at 0xc3 in for 0xa5
01-23 13:45:46.715 13419 13419 E ArmVmp : Match on catch block at 0xc3 in for 0xa9
01-23 13:45:46.730 13419 13419 E ArmVmp : Match on catch block at 0xc3 in for 0xa9
01-23 13:45:46.732 13419 13419 E ArmVmp : Match on catch block at 0xc3 in for 0xa1
01-23 13:45:46.746 13419 13419 E ArmVmp : Match on catch block at 0xc3 in for 0xa1
01-23 13:45:46.748 13419 13419 E ArmVmp : Match on catch block at 0xc3 in for 0xa5
01-23 13:45:46.763 13419 13419 E ArmVmp : Match on catch block at 0xc3 in for 0xa5
01-23 13:45:46.765 13419 13419 E ArmVmp : Match on catch block at 0xc3 in for 0xa9
01-23 13:45:46.780 13419 13419 E ArmVmp : Match on catch block at 0xc3 in for 0xa9
01-23 13:45:46.781 13419 13419 E ArmVmp : Match on catch block at 0xc3 in for 0xa1
01-23 13:45:47.082 13419 13419 E ArmVmp : Match on catch block at 0xc3 in for 0xa9
01-23 13:45:47.088 13419 13419 E ArmVmp : Match on catch block at 0xc3 in for 0xa1
01-23 13:45:47.487 13419 13419 E ArmVmp : Match on catch block at 0xc3 in for 0xa1
01-23 13:45:47.488 13419 13419 E ArmVmp : Match on catch block at 0xc3 in for 0xa5
01-23 13:45:47.497 13419 13419 E ArmVmp : Match on catch block at 0xc3 in for 0xa5
01-23 13:45:47.499 13419 13419 E ArmVmp : Match on catch block at 0xc3 in for 0xa9
01-23 13:45:47.580 13419 13419 E ArmVmp : Match on catch block at 0xc3 in for 0xa9
01-23 13:45:47.582 13419 13419 E ArmVmp : Match on catch block at 0xc3 in for 0xa1
01-23 13:45:47.951 13419 13419 E ArmVmp : Match on catch block at 0xc3 in for 0xa9
01-23 13:45:47.954 13419 13419 E ArmVmp : Match on catch block at 0xc3 in for 0xa1
01-23 13:45:47.964 13419 13528 W MediaPlayer: Use of stream types is deprecated for
operations other than volume control
01-23 13:45:47.964 13419 13528 W MediaPlayer: See the documentation of
setAudioStreamType() for what to use instead with android.media.AudioAttributes to
qualify your playback use case
01-23 13:45:47.969 13419 13419 E ArmVmp : Match on catch block at 0xc3 in for 0xa5
01-23 13:45:47.971 13419 13419 E ArmVmp : Match on catch block at 0xc3 in for 0xa9
01-23 13:45:47.988 13419 13419 E ArmVmp : Match on catch block at 0xc3 in for 0xa5
01-23 13:45:47.990 13419 13419 E ArmVmp : Match on catch block at 0xc3 in for 0xa9
01-23 13:45:48.082 13419 13419 E ArmVmp : Match on catch block at 0xc3 in for 0xa1
01-23 13:45:48.088 13419 13419 E ArmVmp : Match on catch block at 0xc3 in for 0xa5
01-23 13:45:48.383 13419 13419 E ArmVmp : Match on catch block at 0xc3 in for 0xa5
01-23 13:45:48.385 13419 13419 E ArmVmp : Match on catch block at 0xc3 in for 0xa9
01-23 13:45:48.397 13419 13419 E ArmVmp : Match on catch block at 0xc3 in for 0xa9
01-23 13:45:48.399 13419 13419 E ArmVmp : Match on catch block at 0xc3 in for 0xa1
01-23 13:45:48.464 13419 13419 E ArmVmp : Match on catch block at 0xc3 in for 0xa5
01-23 13:45:48.466 13419 13419 E ArmVmp : Match on catch block at 0xc3 in for 0xa9
01-23 13:45:48.542 13419 13419 E ArmVmp : Match on catch block at 0xc3 in for 0xa5
01-23 13:45:48.544 13419 13419 E ArmVmp : Match on catch block at 0xc3 in for 0xa9
01-23 13:45:49.660 13419 13440 W System : A resource failed to call release.
01-23 13:45:49.662 13419 13440 W System : A resource failed to call release.
01-23 13:45:49.707 13419 13419 E ArmVmp : Match on catch block at 0x0a in for 0xc1
01-23 13:45:49.709 13419 13419 E ArmVmp : Match on catch block at 0x0a in for 0xc9
01-23 13:45:49.828 13419 13419 E ArmVmp : Match on catch block at 0xc3 in for 0xb9
01-23 13:45:49.830 13419 13419 E ArmVmp : Match on catch block at 0xc3 in for 0xb9
01-23 13:45:49.870 13419 13419 E ArmVmp : Match on catch block at 0xc3 in for 0xa9
01-23 13:45:49.872 13419 13419 E ArmVmp : Match on catch block at 0xc3 in for 0xa1
01-23 13:45:49.892 13419 13419 E ArmVmp : Match on catch block at 0xc3 in for 0xa1
01-23 13:45:49.894 13419 13419 E ArmVmp : Match on catch block at 0xc3 in for 0xa5
01-23 13:45:49.921 13419 13419 E ArmVmp : Match on catch block at 0xc3 in for 0xa9
01-23 13:45:49.923 13419 13419 E ArmVmp : Match on catch block at 0xc3 in for 0xa1
01-23 13:45:49.930 13419 13419 E ArmVmp : Match on catch block at 0xc3 in for 0xa1
01-23 13:45:49.933 13419 13419 E ArmVmp : Match on catch block at 0xc3 in for 0xa5
01-23 13:45:49.947 13419 13419 E ArmVmp : Match on catch block at 0xc3 in for 0xa5
01-23 13:45:49.949 13419 13419 E ArmVmp : Match on catch block at 0xc3 in for 0xa9
01-23 13:45:50.359 13419 13419 E ArmVmp : Match on catch block at 0xc3 in for 0xa5
01-23 13:45:50.361 13419 13419 E ArmVmp : Match on catch block at 0xc3 in for 0xa9
01-23 13:45:50.442 13419 13419 E ArmVmp : Match on catch block at 0xc3 in for 0xa1
01-23 13:45:50.444 13419 13419 E ArmVmp : Match on catch block at 0xc3 in for 0xa5
01-23 13:45:50.452 13419 13419 E ArmVmp : Match on catch block at 0xc3 in for 0xa5
01-23 13:45:50.454 13419 13419 E ArmVmp : Match on catch block at 0xc3 in for 0xa9
01-23 13:45:50.532 13419 13419 E ArmVmp : Match on catch block at 0xc3 in for 0xa5
01-23 13:45:50.534 13419 13419 E ArmVmp : Match on catch block at 0xc3 in for 0xa9
01-23 13:45:50.565 13419 13419 E ArmVmp : Match on catch block at 0xc3 in for 0xa9
01-23 13:45:50.567 13419 13419 E ArmVmp : Match on catch block at 0xc3 in for 0xa1
01-23 13:45:50.581 13419 13419 E ArmVmp : Match on catch block at 0xc3 in for 0xa1
01-23 13:45:50.583 13419 13419 E ArmVmp : Match on catch block at 0xc3 in for 0xa5
01-23 13:45:50.600 13419 13419 E ArmVmp : Match on catch block at 0xc3 in for 0xa5
01-23 13:45:50.603 13419 13419 E ArmVmp : Match on catch block at 0xc3 in for 0xa9
01-23 13:45:50.616 13419 13419 E ArmVmp : Match on catch block at 0xc3 in for 0xa9
01-23 13:45:50.618 13419 13419 E ArmVmp : Match on catch block at 0xc3 in for 0xa1
01-23 13:45:50.632 13419 13419 E ArmVmp : Match on catch block at 0xc3 in for 0xa1
01-23 13:45:50.634 13419 13419 E ArmVmp : Match on catch block at 0xc3 in for 0xa5
01-23 13:45:50.648 13419 13419 E ArmVmp : Match on catch block at 0xc3 in for 0xa5
01-23 13:45:50.650 13419 13419 E ArmVmp : Match on catch block at 0xc3 in for 0xa9
01-23 13:45:50.665 13419 13419 E ArmVmp : Match on catch block at 0xc3 in for 0xa9
01-23 13:45:50.668 13419 13419 E ArmVmp : Match on catch block at 0xc3 in for 0xa1
01-23 13:45:50.685 13419 13419 E ArmVmp : Match on catch block at 0xc3 in for 0xa1
01-23 13:45:50.687 13419 13419 E ArmVmp : Match on catch block at 0xc3 in for 0xa5
01-23 13:45:50.699 13419 13419 E ArmVmp : Match on catch block at 0xc3 in for 0xa5
01-23 13:45:50.701 13419 13419 E ArmVmp : Match on catch block at 0xc3 in for 0xa9
01-23 13:45:50.716 13419 13419 E ArmVmp : Match on catch block at 0xc3 in for 0xa9
01-23 13:45:50.718 13419 13419 E ArmVmp : Match on catch block at 0xc3 in for 0xa1
01-23 13:45:50.731 13419 13419 E ArmVmp : Match on catch block at 0xc3 in for 0xa1
01-23 13:45:50.733 13419 13419 E ArmVmp : Match on catch block at 0xc3 in for 0xa5
01-23 13:45:50.748 13419 13419 E ArmVmp : Match on catch block at 0xc3 in for 0xa5
01-23 13:45:50.750 13419 13419 E ArmVmp : Match on catch block at 0xc3 in for 0xa9
01-23 13:45:50.767 13419 13419 E ArmVmp : Match on catch block at 0xc3 in for 0xa9
01-23 13:45:50.769 13419 13419 E ArmVmp : Match on catch block at 0xc3 in for 0xa1
01-23 13:45:50.781 13419 13419 E ArmVmp : Match on catch block at 0xc3 in for 0xa1
01-23 13:45:50.783 13419 13419 E ArmVmp : Match on catch block at 0xc3 in for 0xa5
01-23 13:45:50.798 13419 13419 E ArmVmp : Match on catch block at 0xc3 in for 0xa5
01-23 13:45:50.800 13419 13419 E ArmVmp : Match on catch block at 0xc3 in for 0xa9
01-23 13:45:50.815 13419 13419 E ArmVmp : Match on catch block at 0xc3 in for 0xa9
01-23 13:45:50.817 13419 13419 E ArmVmp : Match on catch block at 0xc3 in for 0xa1
01-23 13:45:50.831 13419 13419 E ArmVmp : Match on catch block at 0xc3 in for 0xa1
01-23 13:45:50.834 13419 13419 E ArmVmp : Match on catch block at 0xc3 in for 0xa5
01-23 13:45:50.849 13419 13419 E ArmVmp : Match on catch block at 0xc3 in for 0xa5
01-23 13:45:50.851 13419 13419 E ArmVmp : Match on catch block at 0xc3 in for 0xa9
01-23 13:45:50.865 13419 13419 E ArmVmp : Match on catch block at 0xc3 in for 0xa9
01-23 13:45:50.866 13419 13419 E ArmVmp : Match on catch block at 0xc3 in for 0xa1
01-23 13:45:51.481 13419 13419 E ArmVmp : Match on catch block at 0xc3 in for 0xa1
01-23 13:45:51.483 13419 13419 E ArmVmp : Match on catch block at 0xc3 in for 0xa5
01-23 13:45:51.498 13419 13419 E ArmVmp : Match on catch block at 0xc3 in for 0xa5
01-23 13:45:51.500 13419 13419 E ArmVmp : Match on catch block at 0xc3 in for 0xa9
01-23 13:45:51.516 13419 13419 E ArmVmp : Match on catch block at 0xc3 in for 0xa9
01-23 13:45:51.519 13419 13419 E ArmVmp : Match on catch block at 0xc3 in for 0xa1
01-23 13:45:51.532 13419 13419 E ArmVmp : Match on catch block at 0xc3 in for 0xa1
01-23 13:45:51.535 13419 13419 E ArmVmp : Match on catch block at 0xc3 in for 0xa5
01-23 13:45:51.549 13419 13419 E ArmVmp : Match on catch block at 0xc3 in for 0xa5
01-23 13:45:51.552 13419 13419 E ArmVmp : Match on catch block at 0xc3 in for 0xa9
01-23 13:45:51.566 13419 13419 E ArmVmp : Match on catch block at 0xc3 in for 0xa9
01-23 13:45:51.569 13419 13419 E ArmVmp : Match on catch block at 0xc3 in for 0xa1
01-23 13:45:51.583 13419 13419 E ArmVmp : Match on catch block at 0xc3 in for 0xa1
01-23 13:45:51.585 13419 13419 E ArmVmp : Match on catch block at 0xc3 in for 0xa5
01-23 13:45:51.599 13419 13419 E ArmVmp : Match on catch block at 0xc3 in for 0xa5
01-23 13:45:51.602 13419 13419 E ArmVmp : Match on catch block at 0xc3 in for 0xa9
01-23 13:45:51.616 13419 13419 E ArmVmp : Match on catch block at 0xc3 in for 0xa9
01-23 13:45:51.618 13419 13419 E ArmVmp : Match on catch block at 0xc3 in for 0xa1
01-23 13:45:51.633 13419 13419 E ArmVmp : Match on catch block at 0xc3 in for 0xa1
01-23 13:45:51.636 13419 13419 E ArmVmp : Match on catch block at 0xc3 in for 0xa5
01-23 13:45:51.649 13419 13419 E ArmVmp : Match on catch block at 0xc3 in for 0xa5
01-23 13:45:51.651 13419 13419 E ArmVmp : Match on catch block at 0xc3 in for 0xa9
01-23 13:45:51.666 13419 13419 E ArmVmp : Match on catch block at 0xc3 in for 0xa9
01-23 13:45:51.669 13419 13419 E ArmVmp : Match on catch block at 0xc3 in for 0xa1
01-23 13:45:51.682 13419 13419 E ArmVmp : Match on catch block at 0xc3 in for 0xa1
01-23 13:45:51.685 13419 13419 E ArmVmp : Match on catch block at 0xc3 in for 0xa5
01-23 13:45:51.699 13419 13419 E ArmVmp : Match on catch block at 0xc3 in for 0xa5
01-23 13:45:51.702 13419 13419 E ArmVmp : Match on catch block at 0xc3 in for 0xa9
01-23 13:45:51.716 13419 13419 E ArmVmp : Match on catch block at 0xc3 in for 0xa9
01-23 13:45:51.719 13419 13419 E ArmVmp : Match on catch block at 0xc3 in for 0xa1
01-23 13:45:51.733 13419 13419 E ArmVmp : Match on catch block at 0xc3 in for 0xa1
01-23 13:45:51.736 13419 13419 E ArmVmp : Match on catch block at 0xc3 in for 0xa5
01-23 13:45:51.750 13419 13419 E ArmVmp : Match on catch block at 0xc3 in for 0xa5
01-23 13:45:51.752 13419 13419 E ArmVmp : Match on catch block at 0xc3 in for 0xa9
01-23 13:45:55.223 13419 13419 E ArmVmp : Match on catch block at 0xc3 in for 0xa5
01-23 13:45:55.224 13419 13419 E ArmVmp : Match on catch block at 0xc3 in for 0xa9
01-23 13:45:55.237 13419 13419 E ArmVmp : Match on catch block at 0xc3 in for 0xa9
01-23 13:45:55.239 13419 13419 E ArmVmp : Match on catch block at 0xc3 in for 0xa1
01-23 13:45:55.257 13419 13419 E ArmVmp : Match on catch block at 0xc3 in for 0xa1
01-23 13:45:55.259 13419 13419 E ArmVmp : Match on catch block at 0xc3 in for 0xa5
01-23 13:45:59.954 13419 13419 E ArmVmp : Match on catch block at 0xc3 in for 0xa5
01-23 13:45:59.956 13419 13419 E ArmVmp : Match on catch block at 0xc3 in for 0xa9
01-23 13:45:59.968 13419 13419 E ArmVmp : Match on catch block at 0xc3 in for 0xa9
01-23 13:45:59.970 13419 13419 E ArmVmp : Match on catch block at 0xc3 in for 0xa1
01-23 13:45:59.985 13419 13419 E ArmVmp : Match on catch block at 0xc3 in for 0xa1
01-23 13:45:59.987 13419 13419 E ArmVmp : Match on catch block at 0xc3 in for 0xa5
01-23 13:46:00.571 13419 13419 E ArmVmp : Match on catch block at 0xc3 in for 0xa1
01-23 13:46:00.573 13419 13419 E ArmVmp : Match on catch block at 0xc3 in for 0xa5
01-23 13:46:00.585 13419 13419 E ArmVmp : Match on catch block at 0xc3 in for 0xa5
01-23 13:46:00.588 13419 13419 E ArmVmp : Match on catch block at 0xc3 in for 0xa9
01-23 13:46:00.619 13419 13419 E ArmVmp : Match on catch block at 0xc3 in for 0xa9
01-23 13:46:00.621 13419 13419 E ArmVmp : Match on catch block at 0xc3 in for 0xa1
01-23 13:46:00.638 13419 13419 E ArmVmp : Match on catch block at 0xc3 in for 0xa1
01-23 13:46:00.641 13419 13419 E ArmVmp : Match on catch block at 0xc3 in for 0xa5
01-23 13:46:00.654 13419 13419 E ArmVmp : Match on catch block at 0xc3 in for 0xa5
01-23 13:46:00.657 13419 13419 E ArmVmp : Match on catch block at 0xc3 in for 0xa9
01-23 13:46:00.746 13419 13419 E ArmVmp : Match on catch block at 0xc3 in for 0xa9
01-23 13:46:00.747 13419 13419 E ArmVmp : Match on catch block at 0xc3 in for 0xa1
01-23 13:46:00.763 13419 13419 E ArmVmp : Match on catch block at 0xc3 in for 0xa5
01-23 13:46:00.764 13419 13419 E ArmVmp : Match on catch block at 0xc3 in for 0xa9
01-23 13:46:01.069 13419 13419 E ArmVmp : Match on catch block at 0xc3 in for 0xa1
01-23 13:46:01.071 13419 13419 E ArmVmp : Match on catch block at 0xc3 in for 0xa5
01-23 13:46:01.084 13419 13419 E ArmVmp : Match on catch block at 0xc3 in for 0xa5
01-23 13:46:01.086 13419 13419 E ArmVmp : Match on catch block at 0xc3 in for 0xa9
01-23 13:46:01.184 13419 13419 E ArmVmp : Match on catch block at 0xc3 in for 0xa1
01-23 13:46:01.186 13419 13419 E ArmVmp : Match on catch block at 0xc3 in for 0xa5
01-23 13:46:01.260 13419 13419 E ArmVmp : Match on catch block at 0xc3 in for 0xa1
01-23 13:46:01.262 13419 13419 E ArmVmp : Match on catch block at 0xc3 in for 0xa5
01-23 13:46:01.302 13419 13419 E ArmVmp : Match on catch block at 0xc3 in for 0xa9
01-23 13:46:01.304 13419 13419 E ArmVmp : Match on catch block at 0xc3 in for 0xa1
01-23 13:46:04.922 13419 13419 E ArmVmp : Match on catch block at 0x0a in for 0xd1
01-23 13:46:05.880 13419 13419 W InputEventReceiver: Attempted to finish an input
event but the input event receiver has already been disposed.
01-23 13:46:06.554 13419 13419 W BottomSheetBehavior: BottomSheetBehavior now
supports multiple callbacks. `setBottomSheetCallback()` removes all existing
callbacks, including ones set internally by library authors, which may result in
unintended behavior. This may change in the future. Please use
`addBottomSheetCallback()` and `removeBottomSheetCallback()` instead to set your
own callbacks.
01-23 13:46:06.554 13419 13419 W BottomSheetBehavior: BottomSheetBehavior now
supports multiple callbacks. `setBottomSheetCallback()` removes all existing
callbacks, including ones set internally by library authors, which may result in
unintended behavior. This may change in the future. Please use
`addBottomSheetCallback()` and `removeBottomSheetCallback()` instead to set your
own callbacks.
01-23 13:46:06.577 13419 13419 E RecyclerView: No adapter attached; skipping layout
01-23 13:46:18.423 13419 13440 W System : A resource failed to call release.
01-23 13:46:18.434 13419 13440 W System : A resource failed to call release.
01-23 13:46:45.867 13419 13419 W FingerprintManager: sendAcquiredResult acquireInfo
= 6vendorCode = 2
01-23 13:46:45.867 13419 13419 W FingerprintManager: Invalid acquired message: 6, 2
01-23 13:46:45.884 13419 13419 W FingerprintManager: sendAcquiredResult acquireInfo
= 0vendorCode = 0
01-23 13:46:47.545 13419 13419 E ArmVmp : Match on catch block at 0x0a in for 0xc1
01-23 13:46:47.548 13419 13419 E ArmVmp : Match on catch block at 0x0a in for 0xc9
01-23 13:46:47.655 13419 13419 E ArmVmp : Match on catch block at 0xc3 in for 0xb1
01-23 13:46:47.657 13419 13419 E ArmVmp : Match on catch block at 0xc3 in for 0xb1
01-23 13:46:47.694 13419 13419 E ArmVmp : Match on catch block at 0xc3 in for 0xa9
01-23 13:46:47.695 13419 13419 E ArmVmp : Match on catch block at 0xc3 in for 0xa1
01-23 13:46:47.712 13419 13419 E ArmVmp : Match on catch block at 0xc3 in for 0xa1
01-23 13:46:47.716 13419 13419 E ArmVmp : Match on catch block at 0xc3 in for 0xa5
01-23 13:46:47.738 13419 13419 E ArmVmp : Match on catch block at 0xc3 in for 0xa1
01-23 13:46:47.740 13419 13419 E ArmVmp : Match on catch block at 0xc3 in for 0xa5
01-23 13:46:47.765 13419 13419 E ArmVmp : Match on catch block at 0xc3 in for 0xa9
01-23 13:46:47.767 13419 13419 E ArmVmp : Match on catch block at 0xc3 in for 0xa1
01-23 13:46:47.780 13419 13419 E ArmVmp : Match on catch block at 0xc3 in for 0xa1
01-23 13:46:47.782 13419 13419 E ArmVmp : Match on catch block at 0xc3 in for 0xa5
01-23 13:46:47.797 13419 13419 E ArmVmp : Match on catch block at 0xc3 in for 0xa5
01-23 13:46:47.799 13419 13419 E ArmVmp : Match on catch block at 0xc3 in for 0xa9
01-23 13:46:48.264 13419 13419 E ArmVmp : Match on catch block at 0xc3 in for 0xa9
01-23 13:46:48.266 13419 13419 E ArmVmp : Match on catch block at 0xc3 in for 0xa1
01-23 13:46:48.380 13419 13419 E ArmVmp : Match on catch block at 0xc3 in for 0xa1
01-23 13:46:48.382 13419 13419 E ArmVmp : Match on catch block at 0xc3 in for 0xa5
01-23 13:46:48.397 13419 13419 E ArmVmp : Match on catch block at 0xc3 in for 0xa5
01-23 13:46:48.399 13419 13419 E ArmVmp : Match on catch block at 0xc3 in for 0xa9
01-23 13:46:48.414 13419 13419 E ArmVmp : Match on catch block at 0xc3 in for 0xa9
01-23 13:46:48.416 13419 13419 E ArmVmp : Match on catch block at 0xc3 in for 0xa1
01-23 13:46:48.431 13419 13419 E ArmVmp : Match on catch block at 0xc3 in for 0xa1
01-23 13:46:48.432 13419 13419 E ArmVmp : Match on catch block at 0xc3 in for 0xa5
01-23 13:46:48.447 13419 13419 E ArmVmp : Match on catch block at 0xc3 in for 0xa5
01-23 13:46:48.449 13419 13419 E ArmVmp : Match on catch block at 0xc3 in for 0xa9
01-23 13:46:48.464 13419 13419 E ArmVmp : Match on catch block at 0xc3 in for 0xa9
01-23 13:46:48.466 13419 13419 E ArmVmp : Match on catch block at 0xc3 in for 0xa1
01-23 13:46:48.481 13419 13419 E ArmVmp : Match on catch block at 0xc3 in for 0xa1
01-23 13:46:48.482 13419 13419 E ArmVmp : Match on catch block at 0xc3 in for 0xa5
01-23 13:46:48.497 13419 13419 E ArmVmp : Match on catch block at 0xc3 in for 0xa5
01-23 13:46:48.499 13419 13419 E ArmVmp : Match on catch block at 0xc3 in for 0xa9
01-23 13:46:48.514 13419 13419 E ArmVmp : Match on catch block at 0xc3 in for 0xa9
01-23 13:46:48.516 13419 13419 E ArmVmp : Match on catch block at 0xc3 in for 0xa1
01-23 13:46:48.530 13419 13419 E ArmVmp : Match on catch block at 0xc3 in for 0xa1
01-23 13:46:48.532 13419 13419 E ArmVmp : Match on catch block at 0xc3 in for 0xa5
01-23 13:46:48.547 13419 13419 E ArmVmp : Match on catch block at 0xc3 in for 0xa5
01-23 13:46:48.549 13419 13419 E ArmVmp : Match on catch block at 0xc3 in for 0xa9
01-23 13:46:48.564 13419 13419 E ArmVmp : Match on catch block at 0xc3 in for 0xa9
01-23 13:46:48.566 13419 13419 E ArmVmp : Match on catch block at 0xc3 in for 0xa1
01-23 13:46:48.581 13419 13419 E ArmVmp : Match on catch block at 0xc3 in for 0xa1
01-23 13:46:48.582 13419 13419 E ArmVmp : Match on catch block at 0xc3 in for 0xa5
01-23 13:46:48.597 13419 13419 E ArmVmp : Match on catch block at 0xc3 in for 0xa5
01-23 13:46:48.599 13419 13419 E ArmVmp : Match on catch block at 0xc3 in for 0xa9
01-23 13:46:48.614 13419 13419 E ArmVmp : Match on catch block at 0xc3 in for 0xa9
01-23 13:46:48.616 13419 13419 E ArmVmp : Match on catch block at 0xc3 in for 0xa1
01-23 13:46:48.631 13419 13419 E ArmVmp : Match on catch block at 0xc3 in for 0xa1
01-23 13:46:48.632 13419 13419 E ArmVmp : Match on catch block at 0xc3 in for 0xa5
01-23 13:46:48.647 13419 13419 E ArmVmp : Match on catch block at 0xc3 in for 0xa5
01-23 13:46:48.649 13419 13419 E ArmVmp : Match on catch block at 0xc3 in for 0xa9
01-23 13:46:48.665 13419 13419 E ArmVmp : Match on catch block at 0xc3 in for 0xa9
01-23 13:46:48.668 13419 13419 E ArmVmp : Match on catch block at 0xc3 in for 0xa1
01-23 13:46:48.681 13419 13419 E ArmVmp : Match on catch block at 0xc3 in for 0xa1
01-23 13:46:48.684 13419 13419 E ArmVmp : Match on catch block at 0xc3 in for 0xa5
01-23 13:46:48.697 13419 13419 E ArmVmp : Match on catch block at 0xc3 in for 0xa1
01-23 13:46:48.699 13419 13419 E ArmVmp : Match on catch block at 0xc3 in for 0xa5
01-23 13:46:48.764 13419 13419 E ArmVmp : Match on catch block at 0xc3 in for 0xa1
01-23 13:46:48.766 13419 13419 E ArmVmp : Match on catch block at 0xc3 in for 0xa5
01-23 13:46:48.821 13419 13419 E ArmVmp : Match on catch block at 0xc3 in for 0xa9
01-23 13:46:48.824 13419 13419 E ArmVmp : Match on catch block at 0xc3 in for 0xa1
01-23 13:46:48.831 13419 13419 E ArmVmp : Match on catch block at 0xc3 in for 0xa1
01-23 13:46:48.832 13419 13419 E ArmVmp : Match on catch block at 0xc3 in for 0xa5
01-23 13:46:48.888 13419 13419 E ArmVmp : Match on catch block at 0xc3 in for 0xa5
01-23 13:46:48.890 13419 13419 E ArmVmp : Match on catch block at 0xc3 in for 0xa9
01-23 13:46:48.902 13419 13419 E ArmVmp : Match on catch block at 0xc3 in for 0xa9
01-23 13:46:48.904 13419 13419 E ArmVmp : Match on catch block at 0xc3 in for 0xa1
01-23 13:46:49.266 13419 13419 E ArmVmp : Match on catch block at 0xc3 in for 0xa1
01-23 13:46:49.268 13419 13419 E ArmVmp : Match on catch block at 0xc3 in for 0xa5
01-23 13:46:49.320 13419 13419 E ArmVmp : Match on catch block at 0xc3 in for 0xa9
01-23 13:46:49.323 13419 13419 E ArmVmp : Match on catch block at 0xc3 in for 0xa1
01-23 13:46:49.335 13419 13419 E ArmVmp : Match on catch block at 0xc3 in for 0xa9
01-23 13:46:49.337 13419 13419 E ArmVmp : Match on catch block at 0xc3 in for 0xa1
01-23 13:46:49.348 13419 13419 E ArmVmp : Match on catch block at 0xc3 in for 0xa1
01-23 13:46:49.350 13419 13419 E ArmVmp : Match on catch block at 0xc3 in for 0xa5
01-23 13:46:49.365 13419 13419 E ArmVmp : Match on catch block at 0xc3 in for 0xa5
01-23 13:46:49.368 13419 13419 E ArmVmp : Match on catch block at 0xc3 in for 0xa9
01-23 13:46:49.381 13419 13419 E ArmVmp : Match on catch block at 0xc3 in for 0xa9
01-23 13:46:49.383 13419 13419 E ArmVmp : Match on catch block at 0xc3 in for 0xa1
01-23 13:46:49.398 13419 13419 E ArmVmp : Match on catch block at 0xc3 in for 0xa1
01-23 13:46:49.399 13419 13419 E ArmVmp : Match on catch block at 0xc3 in for 0xa5
01-23 13:46:49.414 13419 13419 E ArmVmp : Match on catch block at 0xc3 in for 0xa5
01-23 13:46:49.416 13419 13419 E ArmVmp : Match on catch block at 0xc3 in for 0xa9
01-23 13:46:49.433 13419 13419 E ArmVmp : Match on catch block at 0xc3 in for 0xa9
01-23 13:46:49.435 13419 13419 E ArmVmp : Match on catch block at 0xc3 in for 0xa1
01-23 13:46:49.447 13419 13419 E ArmVmp : Match on catch block at 0xc3 in for 0xa1
01-23 13:46:49.451 13419 13419 E ArmVmp : Match on catch block at 0xc3 in for 0xa5
01-23 13:46:49.464 13419 13419 E ArmVmp : Match on catch block at 0xc3 in for 0xa5
01-23 13:46:49.467 13419 13419 E ArmVmp : Match on catch block at 0xc3 in for 0xa9
01-23 13:46:49.481 13419 13419 E ArmVmp : Match on catch block at 0xc3 in for 0xa9
01-23 13:46:49.483 13419 13419 E ArmVmp : Match on catch block at 0xc3 in for 0xa1
01-23 13:46:49.497 13419 13419 E ArmVmp : Match on catch block at 0xc3 in for 0xa1
01-23 13:46:49.499 13419 13419 E ArmVmp : Match on catch block at 0xc3 in for 0xa5
01-23 13:46:49.514 13419 13419 E ArmVmp : Match on catch block at 0xc3 in for 0xa5
01-23 13:46:49.516 13419 13419 E ArmVmp : Match on catch block at 0xc3 in for 0xa9
01-23 13:46:49.531 13419 13419 E ArmVmp : Match on catch block at 0xc3 in for 0xa9
01-23 13:46:49.534 13419 13419 E ArmVmp : Match on catch block at 0xc3 in for 0xa1
01-23 13:46:49.680 13419 13419 E ArmVmp : Match on catch block at 0xc3 in for 0xa1
01-23 13:46:49.683 13419 13419 E ArmVmp : Match on catch block at 0xc3 in for 0xa5
01-23 13:46:49.798 13419 13419 E ArmVmp : Match on catch block at 0xc3 in for 0xa5
01-23 13:46:49.800 13419 13419 E ArmVmp : Match on catch block at 0xc3 in for 0xa9
01-23 13:46:49.981 13419 13419 E ArmVmp : Match on catch block at 0xc3 in for 0xa9
01-23 13:46:49.984 13419 13419 E ArmVmp : Match on catch block at 0xc3 in for 0xa1
01-23 13:46:50.349 13419 13419 E ArmVmp : Match on catch block at 0xc3 in for 0xa1
01-23 13:46:50.352 13419 13419 E ArmVmp : Match on catch block at 0xc3 in for 0xa5
01-23 13:46:50.482 13419 13419 E ArmVmp : Match on catch block at 0xc3 in for 0xa5
01-23 13:46:50.484 13419 13419 E ArmVmp : Match on catch block at 0xc3 in for 0xa9
01-23 13:46:50.499 13419 13419 E ArmVmp : Match on catch block at 0xc3 in for 0xa9
01-23 13:46:50.501 13419 13419 E ArmVmp : Match on catch block at 0xc3 in for 0xa1
01-23 13:46:50.515 13419 13419 E ArmVmp : Match on catch block at 0xc3 in for 0xa1
01-23 13:46:50.517 13419 13419 E ArmVmp : Match on catch block at 0xc3 in for 0xa5
01-23 13:46:50.532 13419 13419 E ArmVmp : Match on catch block at 0xc3 in for 0xa5
01-23 13:46:50.534 13419 13419 E ArmVmp : Match on catch block at 0xc3 in for 0xa9
01-23 13:46:50.548 13419 13419 E ArmVmp : Match on catch block at 0xc3 in for 0xa9
01-23 13:46:50.550 13419 13419 E ArmVmp : Match on catch block at 0xc3 in for 0xa1
01-23 13:46:50.565 13419 13419 E ArmVmp : Match on catch block at 0xc3 in for 0xa1
01-23 13:46:50.567 13419 13419 E ArmVmp : Match on catch block at 0xc3 in for 0xa5
01-23 13:46:50.581 13419 13419 E ArmVmp : Match on catch block at 0xc3 in for 0xa1
01-23 13:46:50.583 13419 13419 E ArmVmp : Match on catch block at 0xc3 in for 0xa5
01-23 13:46:50.598 13419 13419 E ArmVmp : Match on catch block at 0xc3 in for 0xa1
01-23 13:46:50.600 13419 13419 E ArmVmp : Match on catch block at 0xc3 in for 0xa5
01-23 13:46:50.615 13419 13419 E ArmVmp : Match on catch block at 0xc3 in for 0xa9
01-23 13:46:50.617 13419 13419 E ArmVmp : Match on catch block at 0xc3 in for 0xa1
01-23 13:46:50.632 13419 13419 E ArmVmp : Match on catch block at 0xc3 in for 0xa5
01-23 13:46:50.634 13419 13419 E ArmVmp : Match on catch block at 0xc3 in for 0xa9
01-23 13:46:50.648 13419 13419 E ArmVmp : Match on catch block at 0xc3 in for 0xa9
01-23 13:46:50.650 13419 13419 E ArmVmp : Match on catch block at 0xc3 in for 0xa1
01-23 13:46:50.665 13419 13419 E ArmVmp : Match on catch block at 0xc3 in for 0xa5
01-23 13:46:50.667 13419 13419 E ArmVmp : Match on catch block at 0xc3 in for 0xa9
01-23 13:46:50.682 13419 13419 E ArmVmp : Match on catch block at 0xc3 in for 0xa1
01-23 13:46:50.685 13419 13419 E ArmVmp : Match on catch block at 0xc3 in for 0xa5
01-23 13:46:50.698 13419 13419 E ArmVmp : Match on catch block at 0xc3 in for 0xa9
01-23 13:46:50.700 13419 13419 E ArmVmp : Match on catch block at 0xc3 in for 0xa1
01-23 13:46:50.720 13419 13419 E ArmVmp : Match on catch block at 0xc3 in for 0xa5
01-23 13:46:50.722 13419 13419 E ArmVmp : Match on catch block at 0xc3 in for 0xa9
01-23 13:46:50.737 13419 13419 E ArmVmp : Match on catch block at 0xc3 in for 0xa9
01-23 13:46:50.739 13419 13419 E ArmVmp : Match on catch block at 0xc3 in for 0xa1
01-23 13:46:50.748 13419 13419 E ArmVmp : Match on catch block at 0xc3 in for 0xa1
01-23 13:46:50.750 13419 13419 E ArmVmp : Match on catch block at 0xc3 in for 0xa5
01-23 13:46:50.797 13419 13419 E ArmVmp : Match on catch block at 0xc3 in for 0xa9
01-23 13:46:50.799 13419 13419 E ArmVmp : Match on catch block at 0xc3 in for 0xa1
01-23 13:46:50.812 13419 13419 E ArmVmp : Match on catch block at 0xc3 in for 0xa5
01-23 13:46:50.815 13419 13419 E ArmVmp : Match on catch block at 0xc3 in for 0xa9
01-23 13:46:50.823 13419 13419 E ArmVmp : Match on catch block at 0xc3 in for 0xa1
01-23 13:46:50.825 13419 13419 E ArmVmp : Match on catch block at 0xc3 in for 0xa5
01-23 13:46:50.832 13419 13419 E ArmVmp : Match on catch block at 0xc3 in for 0xa5
01-23 13:46:50.835 13419 13419 E ArmVmp : Match on catch block at 0xc3 in for 0xa9
01-23 13:46:50.848 13419 13419 E ArmVmp : Match on catch block at 0xc3 in for 0xa9
01-23 13:46:50.850 13419 13419 E ArmVmp : Match on catch block at 0xc3 in for 0xa1
01-23 13:46:50.865 13419 13419 E ArmVmp : Match on catch block at 0xc3 in for 0xa1
01-23 13:46:50.867 13419 13419 E ArmVmp : Match on catch block at 0xc3 in for 0xa5
01-23 13:46:50.882 13419 13419 E ArmVmp : Match on catch block at 0xc3 in for 0xa5
01-23 13:46:50.885 13419 13419 E ArmVmp : Match on catch block at 0xc3 in for 0xa9
01-23 13:46:50.898 13419 13419 E ArmVmp : Match on catch block at 0xc3 in for 0xa9
01-23 13:46:50.901 13419 13419 E ArmVmp : Match on catch block at 0xc3 in for 0xa1
01-23 13:46:50.915 13419 13419 E ArmVmp : Match on catch block at 0xc3 in for 0xa1
01-23 13:46:50.917 13419 13419 E ArmVmp : Match on catch block at 0xc3 in for 0xa5
01-23 13:46:51.050 13419 13419 E ArmVmp : Match on catch block at 0xc3 in for 0xa5
01-23 13:46:51.052 13419 13419 E ArmVmp : Match on catch block at 0xc3 in for 0xa9
01-23 13:46:51.057 13419 13528 W MediaPlayer: Use of stream types is deprecated for
operations other than volume control
01-23 13:46:51.057 13419 13528 W MediaPlayer: See the documentation of
setAudioStreamType() for what to use instead with android.media.AudioAttributes to
qualify your playback use case
01-23 13:46:51.065 13419 13419 E ArmVmp : Match on catch block at 0xc3 in for 0xa9
01-23 13:46:51.068 13419 13419 E ArmVmp : Match on catch block at 0xc3 in for 0xa1
01-23 13:46:51.215 13419 13419 E ArmVmp : Match on catch block at 0xc3 in for 0xa1
01-23 13:46:51.217 13419 13419 E ArmVmp : Match on catch block at 0xc3 in for 0xa5
01-23 13:46:51.240 13419 13419 E ArmVmp : Match on catch block at 0xc3 in for 0xa9
01-23 13:46:51.242 13419 13419 E ArmVmp : Match on catch block at 0xc3 in for 0xa1
01-23 13:46:51.249 13419 13419 E ArmVmp : Match on catch block at 0xc3 in for 0xa1
01-23 13:46:51.251 13419 13419 E ArmVmp : Match on catch block at 0xc3 in for 0xa5
01-23 13:46:51.284 13419 13419 E ArmVmp : Match on catch block at 0xc3 in for 0xa5
01-23 13:46:51.286 13419 13419 E ArmVmp : Match on catch block at 0xc3 in for 0xa9
01-23 13:46:51.302 13419 13419 E ArmVmp : Match on catch block at 0xc3 in for 0xa1
01-23 13:46:51.304 13419 13419 E ArmVmp : Match on catch block at 0xc3 in for 0xa5
01-23 13:46:51.315 13419 13419 E ArmVmp : Match on catch block at 0xc3 in for 0xa9
01-23 13:46:51.317 13419 13419 E ArmVmp : Match on catch block at 0xc3 in for 0xa1
01-23 13:46:51.333 13419 13419 E ArmVmp : Match on catch block at 0xc3 in for 0xa5
01-23 13:46:51.335 13419 13419 E ArmVmp : Match on catch block at 0xc3 in for 0xa9
01-23 13:46:51.348 13419 13419 E ArmVmp : Match on catch block at 0xc3 in for 0xa9
01-23 13:46:51.350 13419 13419 E ArmVmp : Match on catch block at 0xc3 in for 0xa1
01-23 13:46:51.432 13419 13419 E ArmVmp : Match on catch block at 0xc3 in for 0xa5
01-23 13:46:51.433 13419 13419 E ArmVmp : Match on catch block at 0xc3 in for 0xa9
01-23 13:46:51.512 13419 13419 E ArmVmp : Match on catch block at 0xc3 in for 0xa5
01-23 13:46:51.514 13419 13419 E ArmVmp : Match on catch block at 0xc3 in for 0xa9
01-23 13:47:00.121 13419 13440 W System : A resource failed to call release.
01-23 13:47:12.835 13419 13419 W FingerprintManager: sendAcquiredResult acquireInfo
= 6vendorCode = 2
01-23 13:47:12.835 13419 13419 W FingerprintManager: Invalid acquired message: 6, 2
01-23 13:47:12.853 13419 13419 W FingerprintManager: sendAcquiredResult acquireInfo
= 0vendorCode = 0
--------- beginning of system
01-23 13:51:09.186 13419 13419 W FingerprintManager: sendAcquiredResult acquireInfo
= 6vendorCode = 2
01-23 13:51:09.186 13419 13419 W FingerprintManager: Invalid acquired message: 6, 2
01-23 13:51:09.209 13419 13419 W FingerprintManager: sendAcquiredResult acquireInfo
= 0vendorCode = 0
01-23 13:54:56.559 13419 13419 W FingerprintManager: sendAcquiredResult acquireInfo
= 6vendorCode = 2
01-23 13:54:56.559 13419 13419 W FingerprintManager: Invalid acquired message: 6, 2
01-23 13:54:56.582 13419 13419 W FingerprintManager: sendAcquiredResult acquireInfo
= 0vendorCode = 0
--------- beginning of main
01-23 13:56:11.190 21056 21056 E com.whatsapp: Not starting debugger since process
cannot load the jdwp agent.
01-23 13:56:11.303 21056 21056 W System.err: java.lang.ClassNotFoundException:
mbmodsd.mbmodsw.ui.views.btn.BtnBK
01-23 13:56:11.303 21056 21056 W System.err: at
java.lang.Runtime.nativeLoad(Native Method)
01-23 13:56:11.303 21056 21056 W System.err: at
java.lang.Runtime.nativeLoad(Runtime.java:1131)
01-23 13:56:11.303 21056 21056 W System.err: at
java.lang.Runtime.loadLibrary0(Runtime.java:1085)
01-23 13:56:11.303 21056 21056 W System.err: at
java.lang.Runtime.loadLibrary0(Runtime.java:1008)
01-23 13:56:11.303 21056 21056 W System.err: at
java.lang.System.loadLibrary(System.java:1664)
01-23 13:56:11.303 21056 21056 W System.err: at arm.EpicVm.<clinit>(Unknown
Source:2)
01-23 13:56:11.303 21056 21056 W System.err: at
java.lang.Class.newInstance(Native Method)
01-23 13:56:11.303 21056 21056 W System.err: at
android.app.AppComponentFactory.instantiateApplication(AppComponentFactory.java:76)
01-23 13:56:11.303 21056 21056 W System.err: at
androidx.core.app.CoreComponentFactory.instantiateApplication(Unknown Source:0)
01-23 13:56:11.303 21056 21056 W System.err: at
android.app.Instrumentation.newApplication(Instrumentation.java:1164)
01-23 13:56:11.303 21056 21056 W System.err: at
android.app.LoadedApk.makeApplication(LoadedApk.java:1244)
01-23 13:56:11.303 21056 21056 W System.err: at
android.app.ActivityThread.handleBindApplication(ActivityThread.java:7000)
01-23 13:56:11.303 21056 21056 W System.err: at
android.app.ActivityThread.access$1500(ActivityThread.java:257)
01-23 13:56:11.303 21056 21056 W System.err: at
android.app.ActivityThread$H.handleMessage(ActivityThread.java:2025)
01-23 13:56:11.303 21056 21056 W System.err: at
android.os.Handler.dispatchMessage(Handler.java:106)
01-23 13:56:11.303 21056 21056 W System.err: at
android.os.Looper.loop(Looper.java:268)
01-23 13:56:11.303 21056 21056 W System.err: at
android.app.ActivityThread.main(ActivityThread.java:8004)
01-23 13:56:11.303 21056 21056 W System.err: at
java.lang.reflect.Method.invoke(Native Method)
01-23 13:56:11.303 21056 21056 W System.err: at
com.android.internal.os.RuntimeInit$MethodAndArgsCaller.run(RuntimeInit.java:627)
01-23 13:56:11.303 21056 21056 W System.err: at
com.android.internal.os.ZygoteInit.main(ZygoteInit.java:997)
01-23 13:56:11.317 21056 21056 E libc : Access denied finding property
"ro.vendor.pref_scale_resolution"
01-23 13:56:11.323 21056 21056 E CustomActivityOnCrash: IMPORTANT WARNING! You
already have an UncaughtExceptionHandler, are you sure this is correct? If you use
a custom UncaughtExceptionHandler, you must initialize it AFTER
CustomActivityOnCrash! Installing anyway, but your original handler will not be
called.
01-23 13:56:11.352 21056 21092 W AsyncDrawableCache: can not found res: 2131233001,
maybe dynamic res id.
01-23 13:56:11.775 21056 21056 W com.whatsapp: Accessing hidden method
Lcom/android/org/conscrypt/OpenSSLSocketImpl;->setUseSessionTickets(Z)V (greylist-
max-q,test-api, reflection, denied)
01-23 13:56:11.775 21056 21056 W com.whatsapp: Accessing hidden method
Lcom/android/org/conscrypt/AbstractConscryptSocket;->setUseSessionTickets(Z)V
(greylist-max-q, reflection, denied)
01-23 13:56:11.838 21056 21056 W linker : Warning:
"/data/data/com.whatsapp/files/decompressed/libs.spk.zst/libc++_shared.so" unused
DT entry: unknown processor-specific (type 0x70000001 arg 0x0) (ignoring)
01-23 13:56:12.071 21056 21236 W com.whatsapp: Class X.2rL failed lock verification
and will run slower.
01-23 13:56:12.071 21056 21236 W com.whatsapp: Common causes for lock verification
issues are non-optimized dex code
01-23 13:56:12.071 21056 21236 W com.whatsapp: and incorrect proguard
optimizations.
01-23 13:56:12.072 21056 21056 W com.whatsapp: Class X.0eU failed lock verification
and will run slower.
01-23 13:56:12.234 21056 21056 W com.whatsapp: Class com.whatsapp.HomeActivity
failed lock verification and will run slower.
01-23 13:56:12.496 21056 21056 E ion : ioctl c0044901 failed with code -1:
Invalid argument
01-23 13:56:12.533 21056 21056 E ArmVmp : Match on catch block at 0x0a in for 0xc1
01-23 13:56:12.561 21056 21056 E ArmVmp : Match on catch block at 0x0a in for
0x131
01-23 13:56:12.642 21056 21092 W System : ClassLoader referenced unknown path:
system/framework/mediatek-cta.jar
01-23 13:56:12.658 21056 21092 E ArmVmp : No matching catch block at 0x07
01-23 13:56:12.658 21056 21092 E ArmVmp : Match on catch block at 0x02 in for 0x29
01-23 13:56:12.664 21056 21092 W System.err: java.net.UnknownHostException: Unable
to resolve host "pastebin.com": No address associated with hostname
01-23 13:56:12.668 21056 21092 W System.err:
01-23 13:56:12.674 21056 21092 W System.err: at
java.net.Inet6AddressImpl.lookupHostByName(Inet6AddressImpl.java:156)
01-23 13:56:12.674 21056 21092 W System.err:
01-23 13:56:12.675 21056 21092 W System.err: at
java.net.Inet6AddressImpl.lookupAllHostAddr(Inet6AddressImpl.java:103)
01-23 13:56:12.676 21056 21092 W System.err:
01-23 13:56:12.676 21056 21092 W System.err: at
java.net.InetAddress.getAllByName(InetAddress.java:1152)
01-23 13:56:12.676 21056 21092 W System.err:
01-23 13:56:12.677 21056 21092 W System.err: at
com.android.okhttp.Dns$1.lookup(Dns.java:41)
01-23 13:56:12.679 21056 21092 W System.err:
01-23 13:56:12.679 21056 21092 W System.err: at
com.android.okhttp.internal.http.RouteSelector.resetNextInetSocketAddress(RouteSele
ctor.java:178)
01-23 13:56:12.679 21056 21092 W System.err:
01-23 13:56:12.680 21056 21092 W System.err: at
com.android.okhttp.internal.http.RouteSelector.nextProxy(RouteSelector.java:144)
01-23 13:56:12.680 21056 21092 W System.err:
01-23 13:56:12.680 21056 21092 W System.err: at
com.android.okhttp.internal.http.RouteSelector.next(RouteSelector.java:86)
01-23 13:56:12.680 21056 21092 W System.err:
01-23 13:56:12.680 21056 21092 W System.err: at
com.android.okhttp.internal.http.StreamAllocation.findConnection(StreamAllocation.j
ava:176)
01-23 13:56:12.680 21056 21092 W System.err:
01-23 13:56:12.681 21056 21092 W System.err: at
com.android.okhttp.internal.http.StreamAllocation.findHealthyConnection(StreamAlloc
ation.java:128)
01-23 13:56:12.681 21056 21092 W System.err:
01-23 13:56:12.681 21056 21092 W System.err: at
com.android.okhttp.internal.http.StreamAllocation.newStream(StreamAllocation.java:9
7)
01-23 13:56:12.681 21056 21092 W System.err:
01-23 13:56:12.681 21056 21092 W System.err: at
com.android.okhttp.internal.http.HttpEngine.connect(HttpEngine.java:302)
01-23 13:56:12.681 21056 21092 W System.err:
01-23 13:56:12.682 21056 21092 W System.err: at
com.android.okhttp.internal.http.HttpEngine.sendRequest(HttpEngine.java:245)
01-23 13:56:12.682 21056 21092 W System.err:
01-23 13:56:12.682 21056 21092 W System.err: at
com.android.okhttp.internal.huc.HttpURLConnectionImpl.execute(HttpURLConnectionImpl
.java:465)
01-23 13:56:12.682 21056 21092 W System.err:
01-23 13:56:12.682 21056 21092 W System.err: at
com.android.okhttp.internal.huc.HttpURLConnectionImpl.getResponse(HttpURLConnection
Impl.java:411)
01-23 13:56:12.682 21056 21092 W System.err:
01-23 13:56:12.682 21056 21092 W System.err: at
com.android.okhttp.internal.huc.HttpURLConnectionImpl.getInputStream(HttpURLConnect
ionImpl.java:248)
01-23 13:56:12.683 21056 21092 W System.err:
01-23 13:56:12.683 21056 21092 W System.err: at
com.android.okhttp.internal.huc.DelegatingHttpsURLConnection.getInputStream(Delegat
ingHttpsURLConnection.java:211)
01-23 13:56:12.683 21056 21092 W System.err:
01-23 13:56:12.684 21056 21092 W System.err: at
com.android.okhttp.internal.huc.HttpsURLConnectionImpl.getInputStream(HttpsURLConne
ctionImpl.java:30)
01-23 13:56:12.684 21056 21092 W System.err:
01-23 13:56:12.684 21056 21092 W System.err: at
java.net.URL.openStream(URL.java:1072)
01-23 13:56:12.685 21056 21092 W System.err:
01-23 13:56:12.685 21056 21092 W System.err: at
mbmodsd.mbmodsw.mbdialog.MBDialogMan.loadJsonFromUrl(Native Method)
01-23 13:56:12.685 21056 21092 W System.err:
01-23 13:56:12.686 21056 21092 W System.err: at
mbmodsd.mbmodsw.mbdialog.MBDialogMan.access$000(Native Method)
01-23 13:56:12.686 21056 21092 W System.err:
01-23 13:56:12.686 21056 21092 W System.err: at
mbmodsd.mbmodsw.mbdialog.MBDialogMan$FetchJsonTask.doInBackground(Native Method)
01-23 13:56:12.686 21056 21092 W System.err:
01-23 13:56:12.687 21056 21092 W System.err: at
mbmodsd.mbmodsw.mbdialog.MBDialogMan$FetchJsonTask.doInBackground(Native Method)
01-23 13:56:12.687 21056 21092 W System.err:
01-23 13:56:12.687 21056 21092 W System.err: at
android.os.AsyncTask$3.call(AsyncTask.java:394)
01-23 13:56:12.687 21056 21092 W System.err:
01-23 13:56:12.687 21056 21092 W System.err: at
java.util.concurrent.FutureTask.run(FutureTask.java:266)
01-23 13:56:12.687 21056 21092 W System.err:
01-23 13:56:12.688 21056 21092 W System.err: at
android.os.AsyncTask$SerialExecutor$1.run(AsyncTask.java:305)
01-23 13:56:12.688 21056 21092 W System.err:
01-23 13:56:12.688 21056 21092 W System.err: at
java.util.concurrent.ThreadPoolExecutor.runWorker(ThreadPoolExecutor.java:1167)
01-23 13:56:12.688 21056 21092 W System.err:
01-23 13:56:12.688 21056 21092 W System.err: at
java.util.concurrent.ThreadPoolExecutor$Worker.run(ThreadPoolExecutor.java:641)
01-23 13:56:12.688 21056 21092 W System.err:
01-23 13:56:12.689 21056 21092 W System.err: at
java.lang.Thread.run(Thread.java:923)
01-23 13:56:12.689 21056 21092 W System.err:
01-23 13:56:12.690 21056 21092 W System.err: Caused by:
android.system.GaiException: android_getaddrinfo failed: EAI_NODATA (No address
associated with hostname)
01-23 13:56:12.691 21056 21092 W System.err:
01-23 13:56:12.691 21056 21092 W System.err: at
libcore.io.Linux.android_getaddrinfo(Native Method)
01-23 13:56:12.691 21056 21092 W System.err:
01-23 13:56:12.692 21056 21092 W System.err: at
libcore.io.ForwardingOs.android_getaddrinfo(ForwardingOs.java:73)
01-23 13:56:12.692 21056 21092 W System.err:
01-23 13:56:12.692 21056 21092 W System.err: at
libcore.io.BlockGuardOs.android_getaddrinfo(BlockGuardOs.java:202)
01-23 13:56:12.692 21056 21092 W System.err:
01-23 13:56:12.693 21056 21092 W System.err: at
libcore.io.ForwardingOs.android_getaddrinfo(ForwardingOs.java:73)
01-23 13:56:12.693 21056 21092 W System.err:
01-23 13:56:12.693 21056 21092 W System.err: at
java.net.Inet6AddressImpl.lookupHostByName(Inet6AddressImpl.java:135)
01-23 13:56:12.693 21056 21092 W System.err:
01-23 13:56:12.693 21056 21092 W System.err: ... 27 more
01-23 13:56:12.693 21056 21092 W System.err:
01-23 13:56:12.892 21056 21410 W System : ClassLoader referenced unknown path:
system/framework/mediatek-cta.jar
01-23 13:56:12.905 21056 21056 E libc : Access denied finding property
"ro.vendor.tgpa_resolution_tuner"
01-23 13:56:12.910 21056 21056 E libc : Access denied finding property
"ro.vendor.scaler_version"
