01-25 09:28:15.648 7975 8022 E SQLiteDatabase: Error inserting transferred=1
media_job_uuid=9b905a97-db23-4f4d-859c-5eec9bf88356 transcoded=0 gif_attribution=0
first_scan_length=0 direct_path=/v/t62.15575-
24/30220267_892300472434947_7070170631502909031_n.enc?ccb=11-
4&oh=01_AdRA8KWUJhqYRJnVSsnfBsT9BbAGTjWoDbjk0UcmXpVjVA&oe=65DA06DF&_nc_sid=5e03e0
thumbnail_height_width_ratio=1.0 is_animated_sticker=0
file_hash=W1TTOW6WTRX3pugiQ1QhG+4+2okex2fDGZAZrnKVf54= file_path=Media/WhatsApp
Stickers/STK-20240125-WA0030.webp file_size=7864 partial_media_hash=null face_x=0
face_y=0 height=64 trim_to=0 media_key_timestamp=1706196530000
message_url=https://mmg.whatsapp.net/v/t62.15575-
24/30220267_892300472434947_7070170631502909031_n.enc?ccb=11-
4&oh=01_AdRA8KWUJhqYRJnVSsnfBsT9BbAGTjWoDbjk0UcmXpVjVA&oe=65DA06DF&_nc_sid=5e03e0&m
ms3=true media_caption=null trim_from=0 mime_type=image/webp
partial_media_enc_hash=null width=64 original_file_hash=null
has_streaming_sidecar=0 autotransfer_retry_enabled=1 media_upload_handle=null
message_row_id=44792 multicast_id=null
enc_file_hash=aMaBo1TE1i5mn4oPAig8hRlfu2rlgjxpfjMiRK8R3iI= mute_video=0
page_count=0 first_scan_sidecar=null suspicious_content=0 file_length=7864
media_name=null media_duration=0 chat_row_id=422 media_key=[B@cc4a4d0
01-25 09:28:15.648 7975 8022 E SQLiteDatabase:
android.database.sqlite.SQLiteConstraintException: UNIQUE constraint failed:
message_media.message_row_id (code 1555 SQLITE_CONSTRAINT_PRIMARYKEY)
01-25 09:28:15.648 7975 8022 E SQLiteDatabase: at
android.database.sqlite.SQLiteConnection.nativeExecuteForLastInsertedRowId(Native
Method)
01-25 09:28:15.648 7975 8022 E SQLiteDatabase: at
android.database.sqlite.SQLiteConnection.executeForLastInsertedRowId(SQLiteConnecti
on.java:879)
01-25 09:28:15.648 7975 8022 E SQLiteDatabase: at
android.database.sqlite.SQLiteSession.executeForLastInsertedRowId(SQLiteSession.jav
a:790)
01-25 09:28:15.648 7975 8022 E SQLiteDatabase: at
android.database.sqlite.SQLiteStatement.executeInsert(SQLiteStatement.java:88)
01-25 09:28:15.648 7975 8022 E SQLiteDatabase: at
android.database.sqlite.SQLiteDatabase.insertWithOnConflict(SQLiteDatabase.java:159
9)
01-25 09:28:15.648 7975 8022 E SQLiteDatabase: at
android.database.sqlite.SQLiteDatabase.insert(SQLiteDatabase.java:1468)
01-25 09:28:15.648 7975 8022 E SQLiteDatabase: at X.2tm.A08(Unknown
Source:6)
01-25 09:28:15.648 7975 8022 E SQLiteDatabase: at X.35Y.A07(Unknown
Source:212)
01-25 09:28:15.648 7975 8022 E SQLiteDatabase: at X.3QF.A14(Unknown
Source:470)
01-25 09:28:15.648 7975 8022 E SQLiteDatabase: at X.3gU.run(Unknown
Source:982)
01-25 09:28:15.648 7975 8022 E SQLiteDatabase: at
android.os.Handler.handleCallback(Handler.java:883)
01-25 09:28:15.648 7975 8022 E SQLiteDatabase: at
android.os.Handler.dispatchMessage(Handler.java:100)
01-25 09:28:15.648 7975 8022 E SQLiteDatabase: at
X.0zq.dispatchMessage(Unknown Source:4)
01-25 09:28:15.648 7975 8022 E SQLiteDatabase: at
android.os.Looper.loop(Looper.java:214)
01-25 09:28:15.648 7975 8022 E SQLiteDatabase: at
android.os.HandlerThread.run(HandlerThread.java:67)
01-25 09:28:16.143 7975 10374 W Codec2Client: query -- param skipped: index =
1342179345.
01-25 09:28:16.143 7975 10374 W Codec2Client: query -- param skipped: index =
2415921170.
01-25 09:28:16.143 7975 10374 W Codec2Client: query -- param skipped: index =
1610614798.
01-25 09:28:16.189 7975 7975 W BottomSheetBehavior: BottomSheetBehavior now
supports multiple callbacks. `setBottomSheetCallback()` removes all existing
callbacks, including ones set internally by library authors, which may result in
unintended behavior. This may change in the future. Please use
`addBottomSheetCallback()` and `removeBottomSheetCallback()` instead to set your
own callbacks.
01-25 09:28:16.190 7975 7975 W BottomSheetBehavior: BottomSheetBehavior now
supports multiple callbacks. `setBottomSheetCallback()` removes all existing
callbacks, including ones set internally by library authors, which may result in
unintended behavior. This may change in the future. Please use
`addBottomSheetCallback()` and `removeBottomSheetCallback()` instead to set your
own callbacks.
01-25 09:28:16.190 7975 9249 W RefBase : CallStack::getCurrentInternal not
linked, returning null
01-25 09:28:16.190 7975 9249 W RefBase : CallStack::logStackInternal not linked
01-25 09:28:16.192 7975 9249 W RefBase : CallStack::getCurrentInternal not
linked, returning null
01-25 09:28:16.192 7975 9249 W RefBase : CallStack::logStackInternal not linked
01-25 09:28:16.193 7975 9249 W RefBase : CallStack::getCurrentInternal not
linked, returning null
01-25 09:28:16.193 7975 9249 W RefBase : CallStack::logStackInternal not linked
01-25 09:28:16.194 7975 9249 W RefBase : CallStack::getCurrentInternal not
linked, returning null
01-25 09:28:16.194 7975 9249 W RefBase : CallStack::logStackInternal not linked
01-25 09:28:16.195 7975 9249 W RefBase : CallStack::getCurrentInternal not
linked, returning null
01-25 09:28:16.195 7975 9249 W RefBase : CallStack::logStackInternal not linked
01-25 09:28:16.196 7975 9249 W RefBase : CallStack::getCurrentInternal not
linked, returning null
01-25 09:28:16.196 7975 9249 W RefBase : CallStack::logStackInternal not linked
01-25 09:28:16.197 7975 9249 W RefBase : CallStack::getCurrentInternal not
linked, returning null
01-25 09:28:16.197 7975 9249 W RefBase : CallStack::logStackInternal not linked
01-25 09:28:16.200 7975 9249 W RefBase : CallStack::getCurrentInternal not
linked, returning null
01-25 09:28:16.200 7975 9249 W RefBase : CallStack::logStackInternal not linked
01-25 09:28:16.201 7975 9249 W RefBase : CallStack::getCurrentInternal not
linked, returning null
01-25 09:28:16.201 7975 9249 W RefBase : CallStack::logStackInternal not linked
01-25 09:28:16.203 7975 9249 W RefBase : CallStack::getCurrentInternal not
linked, returning null
01-25 09:28:16.203 7975 9249 W RefBase : CallStack::logStackInternal not linked
01-25 09:28:16.204 7975 9249 W RefBase : CallStack::getCurrentInternal not
linked, returning null
01-25 09:28:16.204 7975 9249 W RefBase : CallStack::logStackInternal not linked
01-25 09:28:16.235 7975 10296 E GraphicExt:
GraphicExtModuleLoader::CreateGraphicExtInstance false
01-25 09:28:16.241 7975 10390 E MtkACodec: setConfig(OMX_CONFIG_ROTATIONTYPE)
returned error 0xfffffc0e
01-25 09:28:16.241 7975 10390 E ACodec : [OMX.MTK.VIDEO.DECODER.AVC] failed to
setViLTEParameters 1
01-25 09:28:16.264 7975 10390 W ACodec : [OMX.MTK.VIDEO.DECODER.AVC] setting
nBufferCountActual to 8 failed: -22
01-25 09:28:16.300 7975 10390 W ACodec : [OMX.MTK.VIDEO.DECODER.AVC] setting
nBufferCountActual to 18 failed: -22
01-25 09:28:16.304 7975 10401 W Codec2Client: query -- param skipped: index =
1107298332.
01-25 09:28:16.304 7975 10401 W CCodec : This behavior is subject to change. It
is recommended that app developers double check whether the requested max input
size is in reasonable range.
01-25 09:28:16.306 7975 10401 W Codec2Client: query -- param skipped: index =
1342179345.
01-25 09:28:16.307 7975 10401 W Codec2Client: query -- param skipped: index =
2415921170.
01-25 09:28:16.307 7975 10401 W Codec2Client: query -- param skipped: index =
1610614798.
01-25 09:28:16.354 7975 9249 W RefBase : CallStack::getCurrentInternal not
linked, returning null
01-25 09:28:16.354 7975 9249 W RefBase : CallStack::logStackInternal not linked
01-25 09:28:17.075 7975 10401 W Codec2Client: query -- param skipped: index =
1342179345.
01-25 09:28:17.075 7975 10401 W Codec2Client: query -- param skipped: index =
2415921170.
01-25 09:28:17.076 7975 10401 W Codec2Client: query -- param skipped: index =
1610614798.
01-25 09:28:17.120 7975 9249 W RefBase : CallStack::getCurrentInternal not
linked, returning null
01-25 09:28:17.120 7975 9249 W RefBase : CallStack::logStackInternal not linked
01-25 09:28:17.121 7975 9249 W RefBase : CallStack::getCurrentInternal not
linked, returning null
01-25 09:28:17.121 7975 9249 W RefBase : CallStack::logStackInternal not linked
01-25 09:28:17.122 7975 9249 W RefBase : CallStack::getCurrentInternal not
linked, returning null
01-25 09:28:17.122 7975 9249 W RefBase : CallStack::logStackInternal not linked
01-25 09:28:17.123 7975 9249 W RefBase : CallStack::getCurrentInternal not
linked, returning null
01-25 09:28:17.123 7975 9249 W RefBase : CallStack::logStackInternal not linked
01-25 09:28:17.124 7975 9249 W RefBase : CallStack::getCurrentInternal not
linked, returning null
01-25 09:28:17.124 7975 9249 W RefBase : CallStack::logStackInternal not linked
01-25 09:28:17.125 7975 9249 W RefBase : CallStack::getCurrentInternal not
linked, returning null
01-25 09:28:17.125 7975 9249 W RefBase : CallStack::logStackInternal not linked
01-25 09:28:17.126 7975 9249 W RefBase : CallStack::getCurrentInternal not
linked, returning null
01-25 09:28:17.126 7975 9249 W RefBase : CallStack::logStackInternal not linked
01-25 09:28:17.127 7975 9249 W RefBase : CallStack::getCurrentInternal not
linked, returning null
01-25 09:28:17.127 7975 9249 W RefBase : CallStack::logStackInternal not linked
01-25 09:28:17.128 7975 9249 W RefBase : CallStack::getCurrentInternal not
linked, returning null
01-25 09:28:17.128 7975 9249 W RefBase : CallStack::logStackInternal not linked
01-25 09:28:17.129 7975 9249 W RefBase : CallStack::getCurrentInternal not
linked, returning null
01-25 09:28:17.129 7975 9249 W RefBase : CallStack::logStackInternal not linked
01-25 09:28:17.130 7975 9249 W RefBase : CallStack::getCurrentInternal not
linked, returning null
01-25 09:28:17.130 7975 9249 W RefBase : CallStack::logStackInternal not linked
01-25 09:28:17.131 7975 9249 W RefBase : CallStack::getCurrentInternal not
linked, returning null
01-25 09:28:17.131 7975 9249 W RefBase : CallStack::logStackInternal not linked
01-25 09:28:17.132 7975 9249 W RefBase : CallStack::getCurrentInternal not
linked, returning null
01-25 09:28:17.132 7975 9249 W RefBase : CallStack::logStackInternal not linked
01-25 09:28:17.160 7975 10296 E GraphicExt:
GraphicExtModuleLoader::CreateGraphicExtInstance false
01-25 09:28:17.167 7975 10410 E MtkACodec: setConfig(OMX_CONFIG_ROTATIONTYPE)
returned error 0xfffffc0e
01-25 09:28:17.167 7975 10410 E ACodec : [OMX.MTK.VIDEO.DECODER.AVC] failed to
setViLTEParameters 1
01-25 09:28:17.196 7975 10410 W ACodec : [OMX.MTK.VIDEO.DECODER.AVC] setting
nBufferCountActual to 8 failed: -22
01-25 09:28:17.231 7975 10410 W ACodec : [OMX.MTK.VIDEO.DECODER.AVC] setting
nBufferCountActual to 14 failed: -22
01-25 09:28:17.239 7975 10416 W Codec2Client: query -- param skipped: index =
1107298332.
01-25 09:28:17.239 7975 10416 W CCodec : This behavior is subject to change. It
is recommended that app developers double check whether the requested max input
size is in reasonable range.
01-25 09:28:17.242 7975 10416 W Codec2Client: query -- param skipped: index =
1342179345.
01-25 09:28:17.242 7975 10416 W Codec2Client: query -- param skipped: index =
2415921170.
01-25 09:28:17.242 7975 10416 W Codec2Client: query -- param skipped: index =
1610614798.
01-25 09:28:17.474 7975 9249 W RefBase : CallStack::getCurrentInternal not
linked, returning null
01-25 09:28:17.474 7975 9249 W RefBase : CallStack::logStackInternal not linked
01-25 09:28:17.832 7975 8022 E SQLiteDatabase: Error inserting transferred=1
media_job_uuid=d1bb0a65-b2e7-4c75-9721-aa7a8ffd6012 transcoded=0 gif_attribution=0
first_scan_length=7318 direct_path=/v/t62.15575-
24/27120031_399425469278876_5929739844815742774_n.enc?ccb=11-
4&oh=01_AdSPfBXauvUuZzjOb-RFdJGCjb3QTkZGWPT5KnT-9GQPNw&oe=65D9F3BE&_nc_sid=5e03e0
thumbnail_height_width_ratio=1.0 is_animated_sticker=1
file_hash=HKZWg2eT5okn8oJEBY64M3yRZGxYHo03pfSepgSiQMY= file_path=Media/WhatsApp
Stickers/STK-20240125-WA0031.webp file_size=414116 partial_media_hash=null face_x=0
face_y=0 height=64 trim_to=0 media_key_timestamp=1706196550000
message_url=https://mmg.whatsapp.net/v/t62.15575-
24/27120031_399425469278876_5929739844815742774_n.enc?ccb=11-
4&oh=01_AdSPfBXauvUuZzjOb-RFdJGCjb3QTkZGWPT5KnT-
9GQPNw&oe=65D9F3BE&_nc_sid=5e03e0&mms3=true media_caption=null trim_from=0
mime_type=image/webp partial_media_enc_hash=null width=64 original_file_hash=null
has_streaming_sidecar=0 autotransfer_retry_enabled=1 media_upload_handle=null
message_row_id=44794 multicast_id=null
enc_file_hash=3v3Z0Owo1BNG91T1kRwkdrhA+TNpQ7eGPs+3mtKf6iQ= mute_video=0
page_count=0 first_scan_sidecar=[B@15b64f8 suspicious_content=0 file_length=414116
media_name=null media_duration=0 chat_row_id=658 media_key=[B@c7dbdd1
01-25 09:28:17.832 7975 8022 E SQLiteDatabase:
android.database.sqlite.SQLiteConstraintException: UNIQUE constraint failed:
message_media.message_row_id (code 1555 SQLITE_CONSTRAINT_PRIMARYKEY)
01-25 09:28:17.832 7975 8022 E SQLiteDatabase: at
android.database.sqlite.SQLiteConnection.nativeExecuteForLastInsertedRowId(Native
Method)
01-25 09:28:17.832 7975 8022 E SQLiteDatabase: at
android.database.sqlite.SQLiteConnection.executeForLastInsertedRowId(SQLiteConnecti
on.java:879)
01-25 09:28:17.832 7975 8022 E SQLiteDatabase: at
android.database.sqlite.SQLiteSession.executeForLastInsertedRowId(SQLiteSession.jav
a:790)
01-25 09:28:17.832 7975 8022 E SQLiteDatabase: at
android.database.sqlite.SQLiteStatement.executeInsert(SQLiteStatement.java:88)
01-25 09:28:17.832 7975 8022 E SQLiteDatabase: at
android.database.sqlite.SQLiteDatabase.insertWithOnConflict(SQLiteDatabase.java:159
9)
01-25 09:28:17.832 7975 8022 E SQLiteDatabase: at
android.database.sqlite.SQLiteDatabase.insert(SQLiteDatabase.java:1468)
01-25 09:28:17.832 7975 8022 E SQLiteDatabase: at X.2tm.A08(Unknown
Source:6)
01-25 09:28:17.832 7975 8022 E SQLiteDatabase: at X.35Y.A07(Unknown
Source:212)
01-25 09:28:17.832 7975 8022 E SQLiteDatabase: at X.3QF.A14(Unknown
Source:470)
01-25 09:28:17.832 7975 8022 E SQLiteDatabase: at X.3gU.run(Unknown
Source:982)
01-25 09:28:17.832 7975 8022 E SQLiteDatabase: at
android.os.Handler.handleCallback(Handler.java:883)
01-25 09:28:17.832 7975 8022 E SQLiteDatabase: at
android.os.Handler.dispatchMessage(Handler.java:100)
01-25 09:28:17.832 7975 8022 E SQLiteDatabase: at
X.0zq.dispatchMessage(Unknown Source:4)
01-25 09:28:17.832 7975 8022 E SQLiteDatabase: at
android.os.Looper.loop(Looper.java:214)
01-25 09:28:17.832 7975 8022 E SQLiteDatabase: at
android.os.HandlerThread.run(HandlerThread.java:67)
01-25 09:28:23.257 7975 9249 W RefBase : CallStack::getCurrentInternal not
linked, returning null
01-25 09:28:23.257 7975 9249 W RefBase : CallStack::logStackInternal not linked
01-25 09:28:23.258 7975 9249 W RefBase : CallStack::getCurrentInternal not
linked, returning null
01-25 09:28:23.258 7975 9249 W RefBase : CallStack::logStackInternal not linked
01-25 09:28:23.258 7975 9249 W RefBase : CallStack::getCurrentInternal not
linked, returning null
01-25 09:28:23.258 7975 9249 W RefBase : CallStack::logStackInternal not linked
01-25 09:28:23.258 7975 9249 W RefBase : CallStack::getCurrentInternal not
linked, returning null
01-25 09:28:23.258 7975 9249 W RefBase : CallStack::logStackInternal not linked
01-25 09:28:23.258 7975 9249 W RefBase : CallStack::getCurrentInternal not
linked, returning null
01-25 09:28:23.258 7975 9249 W RefBase : CallStack::logStackInternal not linked
01-25 09:28:23.259 7975 9249 W RefBase : CallStack::getCurrentInternal not
linked, returning null
01-25 09:28:23.259 7975 9249 W RefBase : CallStack::logStackInternal not linked
01-25 09:28:23.259 7975 9249 W RefBase : CallStack::getCurrentInternal not
linked, returning null
01-25 09:28:23.259 7975 9249 W RefBase : CallStack::logStackInternal not linked
01-25 09:28:23.259 7975 9249 W RefBase : CallStack::getCurrentInternal not
linked, returning null
01-25 09:28:23.259 7975 9249 W RefBase : CallStack::logStackInternal not linked
01-25 09:28:23.259 7975 9249 W RefBase : CallStack::getCurrentInternal not
linked, returning null
01-25 09:28:23.259 7975 9249 W RefBase : CallStack::logStackInternal not linked
01-25 09:28:23.261 7975 9249 W RefBase : CallStack::getCurrentInternal not
linked, returning null
01-25 09:28:23.261 7975 9249 W RefBase : CallStack::logStackInternal not linked
01-25 09:28:23.261 7975 9249 W RefBase : CallStack::getCurrentInternal not
linked, returning null
01-25 09:28:23.261 7975 9249 W RefBase : CallStack::logStackInternal not linked
01-25 09:28:23.314 7975 10416 W Codec2Client: query -- param skipped: index =
1342179345.
01-25 09:28:23.314 7975 10416 W Codec2Client: query -- param skipped: index =
2415921170.
01-25 09:28:23.314 7975 10416 W Codec2Client: query -- param skipped: index =
1610614798.
01-25 09:28:24.197 7975 7975 W IInputConnectionWrapper: requestCursorAnchorInfo
on inactive InputConnection
01-25 09:28:28.285 7975 7975 E GraphicExt:
GraphicExtModuleLoader::CreateGraphicExtInstance false
01-25 09:28:31.198 7975 7975 W ActivityThread: handleWindowVisibility: no
activity for token android.os.BinderProxy@26e37b0
01-25 09:28:31.663 7975 7975 E ArmVmp : Match on catch block at 0x0a in for 0xc5
01-25 09:28:31.670 7975 7975 E ArmVmp : Match on catch block at 0x0a in for 0xc5
01-25 09:28:31.750 7975 7975 E GraphicExt:
GraphicExtModuleLoader::CreateGraphicExtInstance false
01-25 09:28:32.080 7975 7975 E ArmVmp : Match on catch block at 0xc3 in for 0xb1
01-25 09:28:32.093 7975 7975 E ArmVmp : Match on catch block at 0xc3 in for 0xb9
01-25 09:28:32.221 7975 7975 E ArmVmp : Match on catch block at 0xc3 in for 0xa1
01-25 09:28:32.226 7975 7975 E ArmVmp : Match on catch block at 0xc3 in for 0xa9
01-25 09:28:32.280 7975 7975 E ArmVmp : Match on catch block at 0xc3 in for 0xa5
01-25 09:28:32.284 7975 7975 E ArmVmp : Match on catch block at 0xc3 in for 0xa9
01-25 09:28:32.314 7975 7975 W IInputConnectionWrapper: requestCursorAnchorInfo
on inactive InputConnection
01-25 09:28:32.326 7975 7975 E ArmVmp : Match on catch block at 0xc3 in for 0xa5
01-25 09:28:32.332 7975 7975 E ArmVmp : Match on catch block at 0xc3 in for 0xa9
01-25 09:28:32.369 7975 7975 E ArmVmp : Match on catch block at 0xc3 in for 0xa9
01-25 09:28:32.373 7975 7975 E ArmVmp : Match on catch block at 0xc3 in for 0xa1
01-25 09:28:32.402 7975 7975 E ArmVmp : Match on catch block at 0xc3 in for 0xa1
01-25 09:28:32.407 7975 7975 E ArmVmp : Match on catch block at 0xc3 in for 0xa5
01-25 09:28:32.435 7975 7975 E ArmVmp : Match on catch block at 0xc3 in for 0xa5
01-25 09:28:32.441 7975 7975 E ArmVmp : Match on catch block at 0xc3 in for 0xa9
01-25 09:28:32.465 7975 7975 E ArmVmp : Match on catch block at 0xc3 in for 0xa9
01-25 09:28:32.471 7975 7975 E ArmVmp : Match on catch block at 0xc3 in for 0xa1
01-25 09:28:32.499 7975 7975 E ArmVmp : Match on catch block at 0xc3 in for 0xa1
01-25 09:28:32.503 7975 7975 E ArmVmp : Match on catch block at 0xc3 in for 0xa5
01-25 09:28:32.517 7975 7975 E ArmVmp : Match on catch block at 0xc3 in for 0xa5
01-25 09:28:32.522 7975 7975 E ArmVmp : Match on catch block at 0xc3 in for 0xa9
01-25 09:28:32.534 7975 7975 E ArmVmp : Match on catch block at 0xc3 in for 0xa9
01-25 09:28:32.540 7975 7975 E ArmVmp : Match on catch block at 0xc3 in for 0xa1
01-25 09:28:32.552 7975 7975 E ArmVmp : Match on catch block at 0xc3 in for 0xa1
01-25 09:28:32.556 7975 7975 E ArmVmp : Match on catch block at 0xc3 in for 0xa5
01-25 09:28:32.568 7975 7975 E ArmVmp : Match on catch block at 0xc3 in for 0xa5
01-25 09:28:32.572 7975 7975 E ArmVmp : Match on catch block at 0xc3 in for 0xa9
01-25 09:28:32.586 7975 7975 E ArmVmp : Match on catch block at 0xc3 in for 0xa9
01-25 09:28:32.590 7975 7975 E ArmVmp : Match on catch block at 0xc3 in for 0xa1
01-25 09:28:32.604 7975 7975 E ArmVmp : Match on catch block at 0xc3 in for 0xa5
01-25 09:28:32.608 7975 7975 E ArmVmp : Match on catch block at 0xc3 in for 0xa9
01-25 09:28:32.640 7975 7975 E ArmVmp : Match on catch block at 0xc3 in for 0xa9
01-25 09:28:32.643 7975 7975 E ArmVmp : Match on catch block at 0xc3 in for 0xa1
01-25 09:28:32.723 7975 7975 E ArmVmp : Match on catch block at 0xc3 in for 0xa5
01-25 09:28:32.730 7975 7975 E ArmVmp : Match on catch block at 0xc3 in for 0xa9
01-25 09:28:32.847 7975 7975 E ArmVmp : Match on catch block at 0xc3 in for 0xa1
01-25 09:28:32.853 7975 7975 E ArmVmp : Match on catch block at 0xc3 in for 0xa5
01-25 09:28:32.952 7975 7975 E ArmVmp : Match on catch block at 0xc3 in for 0xa9
01-25 09:28:32.957 7975 7975 E ArmVmp : Match on catch block at 0xc3 in for 0xa1
01-25 09:28:33.012 7975 7975 E ArmVmp : Match on catch block at 0xc3 in for 0xa5
01-25 09:28:33.017 7975 7975 E ArmVmp : Match on catch block at 0xc3 in for 0xa9
01-25 09:28:33.080 7975 7975 E ArmVmp : Match on catch block at 0xc3 in for 0xa5
01-25 09:28:33.087 7975 7975 E ArmVmp : Match on catch block at 0xc3 in for 0xa9
01-25 09:28:33.154 7975 7975 E ArmVmp : Match on catch block at 0xc3 in for 0xa5
01-25 09:28:33.160 7975 7975 E ArmVmp : Match on catch block at 0xc3 in for 0xa9
01-25 09:28:33.326 7975 7989 W System : A resource failed to call close.
01-25 09:28:33.363 7975 7975 E ArmVmp : Match on catch block at 0xc3 in for 0xa9
01-25 09:28:33.368 7975 7975 E ArmVmp : Match on catch block at 0xc3 in for 0xa1
01-25 09:28:33.404 7975 7975 E ArmVmp : Match on catch block at 0xc3 in for 0xa5
01-25 09:28:33.409 7975 7975 E ArmVmp : Match on catch block at 0xc3 in for 0xa9
01-25 09:28:33.426 7975 7975 E ArmVmp : Match on catch block at 0xc3 in for 0xa1
01-25 09:28:33.431 7975 7975 E ArmVmp : Match on catch block at 0xc3 in for 0xa5
01-25 09:28:33.477 7975 7975 E ArmVmp : Match on catch block at 0xc3 in for 0xa1
01-25 09:28:33.482 7975 7975 E ArmVmp : Match on catch block at 0xc3 in for 0xa5
01-25 09:28:33.585 7975 7975 E ArmVmp : Match on catch block at 0xc3 in for 0xa9
01-25 09:28:33.591 7975 7975 E ArmVmp : Match on catch block at 0xc3 in for 0xa1
01-25 09:28:33.682 7975 7975 E ArmVmp : Match on catch block at 0xc3 in for 0xa1
01-25 09:28:33.688 7975 7975 E ArmVmp : Match on catch block at 0xc3 in for 0xa5
01-25 09:28:33.700 7975 7975 E ArmVmp : Match on catch block at 0xc3 in for 0xa5
01-25 09:28:33.704 7975 7975 E ArmVmp : Match on catch block at 0xc3 in for 0xa9
01-25 09:28:33.743 7975 7975 E ArmVmp : Match on catch block at 0xc3 in for 0xa9
01-25 09:28:33.748 7975 7975 E ArmVmp : Match on catch block at 0xc3 in for 0xa1
01-25 09:28:33.832 7975 7975 E ArmVmp : Match on catch block at 0xc3 in for 0xa5
01-25 09:28:33.837 7975 7975 E ArmVmp : Match on catch block at 0xc3 in for 0xa9
01-25 09:28:34.049 7975 7975 E ArmVmp : Match on catch block at 0xc3 in for 0xa1
01-25 09:28:34.058 7975 7975 E ArmVmp : Match on catch block at 0xc3 in for 0xa5
01-25 09:28:34.188 7975 7975 E ArmVmp : Match on catch block at 0xc3 in for 0xa1
01-25 09:28:34.193 7975 7975 E ArmVmp : Match on catch block at 0xc3 in for 0xa5
01-25 09:28:34.436 7975 7975 E ArmVmp : Match on catch block at 0xc3 in for 0xa1
01-25 09:28:34.441 7975 7975 E ArmVmp : Match on catch block at 0xc3 in for 0xa5
01-25 09:28:34.462 7975 7975 E ArmVmp : Match on catch block at 0xc3 in for 0xa9
01-25 09:28:34.466 7975 7975 E ArmVmp : Match on catch block at 0xc3 in for 0xa1
01-25 09:28:34.475 7975 7975 E ArmVmp : Match on catch block at 0xc3 in for 0xa9
01-25 09:28:34.479 7975 7975 E ArmVmp : Match on catch block at 0xc3 in for 0xa1
01-25 09:28:34.505 7975 7975 E ArmVmp : Match on catch block at 0xc3 in for 0xa1
01-25 09:28:34.510 7975 7975 E ArmVmp : Match on catch block at 0xc3 in for 0xa5
01-25 09:28:34.585 7975 7975 E ArmVmp : Match on catch block at 0xc3 in for 0xa5
01-25 09:28:34.589 7975 7975 E ArmVmp : Match on catch block at 0xc3 in for 0xa9
01-25 09:28:34.677 7975 7975 E ArmVmp : Match on catch block at 0xc3 in for 0xa5
01-25 09:28:34.682 7975 7975 E ArmVmp : Match on catch block at 0xc3 in for 0xa9
01-25 09:28:34.695 7975 7975 E ArmVmp : Match on catch block at 0xc3 in for 0xa1
01-25 09:28:34.700 7975 7975 E ArmVmp : Match on catch block at 0xc3 in for 0xa5
01-25 09:28:34.715 7975 7975 E ArmVmp : Match on catch block at 0xc3 in for 0xa5
01-25 09:28:34.719 7975 7975 E ArmVmp : Match on catch block at 0xc3 in for 0xa9
01-25 09:28:34.726 7975 7975 E ArmVmp : Match on catch block at 0xc3 in for 0xa9
01-25 09:28:34.731 7975 7975 E ArmVmp : Match on catch block at 0xc3 in for 0xa1
01-25 09:28:34.759 7975 7975 E ArmVmp : Match on catch block at 0xc3 in for 0xa9
01-25 09:28:34.763 7975 7975 E ArmVmp : Match on catch block at 0xc3 in for 0xa1
01-25 09:28:34.780 7975 7975 E ArmVmp : Match on catch block at 0xc3 in for 0xa1
01-25 09:28:34.785 7975 7975 E ArmVmp : Match on catch block at 0xc3 in for 0xa5
01-25 09:28:34.811 7975 7975 E ArmVmp : Match on catch block at 0xc3 in for 0xa5
01-25 09:28:34.815 7975 7975 E ArmVmp : Match on catch block at 0xc3 in for 0xa9
01-25 09:28:34.829 7975 7975 E ArmVmp : Match on catch block at 0xc3 in for 0xa9
01-25 09:28:34.834 7975 7975 E ArmVmp : Match on catch block at 0xc3 in for 0xa1
01-25 09:28:34.863 7975 7975 E ArmVmp : Match on catch block at 0xc3 in for 0xa1
01-25 09:28:34.868 7975 7975 E ArmVmp : Match on catch block at 0xc3 in for 0xa5
01-25 09:28:34.881 7975 7975 E ArmVmp : Match on catch block at 0xc3 in for 0xa5
01-25 09:28:34.885 7975 7975 E ArmVmp : Match on catch block at 0xc3 in for 0xa9
01-25 09:28:34.899 7975 7975 E ArmVmp : Match on catch block at 0xc3 in for 0xa9
01-25 09:28:34.904 7975 7975 E ArmVmp : Match on catch block at 0xc3 in for 0xa1
01-25 09:28:34.925 7975 7975 E ArmVmp : Match on catch block at 0xc3 in for 0xa1
01-25 09:28:34.930 7975 7975 E ArmVmp : Match on catch block at 0xc3 in for 0xa5
01-25 09:28:34.947 7975 7975 E ArmVmp : Match on catch block at 0xc3 in for 0xa5
01-25 09:28:34.952 7975 7975 E ArmVmp : Match on catch block at 0xc3 in for 0xa9
01-25 09:28:34.975 7975 7975 E ArmVmp : Match on catch block at 0xc3 in for 0xa5
01-25 09:28:34.980 7975 7975 E ArmVmp : Match on catch block at 0xc3 in for 0xa9
01-25 09:28:34.987 7975 7975 E ArmVmp : Match on catch block at 0xc3 in for 0xa1
01-25 09:28:34.992 7975 7975 E ArmVmp : Match on catch block at 0xc3 in for 0xa5
01-25 09:28:35.002 7975 7975 E ArmVmp : Match on catch block at 0xc3 in for 0xa9
01-25 09:28:35.008 7975 7975 E ArmVmp : Match on catch block at 0xc3 in for 0xa1
01-25 09:28:35.039 7975 7975 E ArmVmp : Match on catch block at 0xc3 in for 0xa1
01-25 09:28:35.043 7975 7975 E ArmVmp : Match on catch block at 0xc3 in for 0xa5
01-25 09:28:35.069 7975 7975 E ArmVmp : Match on catch block at 0xc3 in for 0xa9
01-25 09:28:35.074 7975 7975 E ArmVmp : Match on catch block at 0xc3 in for 0xa1
01-25 09:28:35.082 7975 7975 E ArmVmp : Match on catch block at 0xc3 in for 0xa5
01-25 09:28:35.088 7975 7975 E ArmVmp : Match on catch block at 0xc3 in for 0xa9
01-25 09:28:35.147 7975 7975 E ArmVmp : Match on catch block at 0xc3 in for 0xa9
01-25 09:28:35.152 7975 7975 E ArmVmp : Match on catch block at 0xc3 in for 0xa1
01-25 09:28:35.222 7975 7975 E ArmVmp : Match on catch block at 0xc3 in for 0xa1
01-25 09:28:35.227 7975 7975 E ArmVmp : Match on catch block at 0xc3 in for 0xa5
01-25 09:28:35.243 7975 7975 E ArmVmp : Match on catch block at 0xc3 in for 0xa5
01-25 09:28:35.247 7975 7975 E ArmVmp : Match on catch block at 0xc3 in for 0xa9
01-25 09:28:35.261 7975 7975 E ArmVmp : Match on catch block at 0xc3 in for 0xa1
01-25 09:28:35.265 7975 7975 E ArmVmp : Match on catch block at 0xc3 in for 0xa5
01-25 09:28:35.323 7975 7975 E ArmVmp : Match on catch block at 0xc3 in for 0xa1
01-25 09:28:35.327 7975 7975 E ArmVmp : Match on catch block at 0xc3 in for 0xa5
01-25 09:28:35.343 7975 7975 E ArmVmp : Match on catch block at 0xc3 in for 0xa5
01-25 09:28:35.348 7975 7975 E ArmVmp : Match on catch block at 0xc3 in for 0xa9
01-25 09:28:35.357 7975 7975 E ArmVmp : Match on catch block at 0xc3 in for 0xa9
01-25 09:28:35.361 7975 7975 E ArmVmp : Match on catch block at 0xc3 in for 0xa1
01-25 09:28:35.376 7975 7975 E ArmVmp : Match on catch block at 0xc3 in for 0xa1
01-25 09:28:35.380 7975 7975 E ArmVmp : Match on catch block at 0xc3 in for 0xa5
01-25 09:28:35.389 7975 7975 E ArmVmp : Match on catch block at 0xc3 in for 0xa5
01-25 09:28:35.393 7975 7975 E ArmVmp : Match on catch block at 0xc3 in for 0xa9
01-25 09:28:35.403 7975 7975 E ArmVmp : Match on catch block at 0xc3 in for 0xa9
01-25 09:28:35.408 7975 7975 E ArmVmp : Match on catch block at 0xc3 in for 0xa1
01-25 09:28:35.418 7975 7975 E ArmVmp : Match on catch block at 0xc3 in for 0xa5
01-25 09:28:35.422 7975 7975 E ArmVmp : Match on catch block at 0xc3 in for 0xa9
01-25 09:28:35.436 7975 7975 E ArmVmp : Match on catch block at 0xc3 in for 0xa1
01-25 09:28:35.440 7975 7975 E ArmVmp : Match on catch block at 0xc3 in for 0xa5
01-25 09:28:35.452 7975 7975 E ArmVmp : Match on catch block at 0xc3 in for 0xa9
01-25 09:28:35.457 7975 7975 E ArmVmp : Match on catch block at 0xc3 in for 0xa1
01-25 09:28:35.470 7975 7975 E ArmVmp : Match on catch block at 0xc3 in for 0xa5
01-25 09:28:35.475 7975 7975 E ArmVmp : Match on catch block at 0xc3 in for 0xa9
01-25 09:28:35.488 7975 7975 E ArmVmp : Match on catch block at 0xc3 in for 0xa1
01-25 09:28:35.492 7975 7975 E ArmVmp : Match on catch block at 0xc3 in for 0xa5
01-25 09:28:35.504 7975 7975 E ArmVmp : Match on catch block at 0xc3 in for 0xa9
01-25 09:28:35.509 7975 7975 E ArmVmp : Match on catch block at 0xc3 in for 0xa1
01-25 09:28:35.522 7975 7975 E ArmVmp : Match on catch block at 0xc3 in for 0xa5
01-25 09:28:35.526 7975 7975 E ArmVmp : Match on catch block at 0xc3 in for 0xa9
01-25 09:28:35.539 7975 7975 E ArmVmp : Match on catch block at 0xc3 in for 0xa1
01-25 09:28:35.543 7975 7975 E ArmVmp : Match on catch block at 0xc3 in for 0xa5
01-25 09:28:35.557 7975 7975 E ArmVmp : Match on catch block at 0xc3 in for 0xa9
01-25 09:28:35.561 7975 7975 E ArmVmp : Match on catch block at 0xc3 in for 0xa1
01-25 09:28:35.574 7975 7975 E ArmVmp : Match on catch block at 0xc3 in for 0xa5
01-25 09:28:35.578 7975 7975 E ArmVmp : Match on catch block at 0xc3 in for 0xa9
01-25 09:28:35.592 7975 7975 E ArmVmp : Match on catch block at 0xc3 in for 0xa1
01-25 09:28:35.595 7975 7975 E ArmVmp : Match on catch block at 0xc3 in for 0xa5
01-25 09:28:35.609 7975 7975 E ArmVmp : Match on catch block at 0xc3 in for 0xa9
01-25 09:28:35.613 7975 7975 E ArmVmp : Match on catch block at 0xc3 in for 0xa1
01-25 09:28:35.626 7975 7975 E ArmVmp : Match on catch block at 0xc3 in for 0xa5
01-25 09:28:35.631 7975 7975 E ArmVmp : Match on catch block at 0xc3 in for 0xa9
01-25 09:28:35.644 7975 7975 E ArmVmp : Match on catch block at 0xc3 in for 0xa9
01-25 09:28:35.647 7975 7975 E ArmVmp : Match on catch block at 0xc3 in for 0xa1
01-25 09:28:35.662 7975 7975 E ArmVmp : Match on catch block at 0xc3 in for 0xa1
01-25 09:28:35.666 7975 7975 E ArmVmp : Match on catch block at 0xc3 in for 0xa5
01-25 09:28:35.679 7975 7975 E ArmVmp : Match on catch block at 0xc3 in for 0xa5
01-25 09:28:35.683 7975 7975 E ArmVmp : Match on catch block at 0xc3 in for 0xa9
01-25 09:28:35.696 7975 7975 E ArmVmp : Match on catch block at 0xc3 in for 0xa5
01-25 09:28:35.701 7975 7975 E ArmVmp : Match on catch block at 0xc3 in for 0xa9
01-25 09:28:35.732 7975 7975 E ArmVmp : Match on catch block at 0xc3 in for 0xa5
01-25 09:28:35.737 7975 7975 E ArmVmp : Match on catch block at 0xc3 in for 0xa9
01-25 09:28:35.749 7975 7975 E ArmVmp : Match on catch block at 0xc3 in for 0xa9
01-25 09:28:35.754 7975 7975 E ArmVmp : Match on catch block at 0xc3 in for 0xa1
01-25 09:28:35.768 7975 7975 E ArmVmp : Match on catch block at 0xc3 in for 0xa1
01-25 09:28:35.772 7975 7975 E ArmVmp : Match on catch block at 0xc3 in for 0xa5
01-25 09:28:35.798 7975 7975 E ArmVmp : Match on catch block at 0xc3 in for 0xa5
01-25 09:28:35.803 7975 7975 E ArmVmp : Match on catch block at 0xc3 in for 0xa9
01-25 09:28:35.823 7975 7975 E ArmVmp : Match on catch block at 0xc3 in for 0xa1
01-25 09:28:35.827 7975 7975 E ArmVmp : Match on catch block at 0xc3 in for 0xa5
01-25 09:28:35.903 7975 7975 E ArmVmp : Match on catch block at 0xc3 in for 0xa1
01-25 09:28:35.908 7975 7975 E ArmVmp : Match on catch block at 0xc3 in for 0xa5
01-25 09:28:35.916 7975 7975 E ArmVmp : Match on catch block at 0xc3 in for 0xa9
01-25 09:28:35.920 7975 7975 E ArmVmp : Match on catch block at 0xc3 in for 0xa1
01-25 09:28:35.932 7975 7975 E ArmVmp : Match on catch block at 0xc3 in for 0xa1
01-25 09:28:35.937 7975 7975 E ArmVmp : Match on catch block at 0xc3 in for 0xa5
01-25 09:28:35.961 7975 7975 E ArmVmp : Match on catch block at 0xc3 in for 0xa1
01-25 09:28:35.965 7975 7975 E ArmVmp : Match on catch block at 0xc3 in for 0xa5
01-25 09:28:35.975 7975 7975 E ArmVmp : Match on catch block at 0xc3 in for 0xa1
01-25 09:28:35.980 7975 7975 E ArmVmp : Match on catch block at 0xc3 in for 0xa5
01-25 09:28:35.998 7975 7975 E ArmVmp : Match on catch block at 0xc3 in for 0xa1
01-25 09:28:36.002 7975 7975 E ArmVmp : Match on catch block at 0xc3 in for 0xa5
01-25 09:28:36.022 7975 7975 E ArmVmp : Match on catch block at 0xc3 in for 0xa5
01-25 09:28:36.026 7975 7975 E ArmVmp : Match on catch block at 0xc3 in for 0xa9
01-25 09:28:36.033 7975 7975 E ArmVmp : Match on catch block at 0xc3 in for 0xa9
01-25 09:28:36.037 7975 7975 E ArmVmp : Match on catch block at 0xc3 in for 0xa1
01-25 09:28:36.046 7975 7975 E ArmVmp : Match on catch block at 0xc3 in for 0xa1
01-25 09:28:36.052 7975 7975 E ArmVmp : Match on catch block at 0xc3 in for 0xa5
01-25 09:28:36.062 7975 7975 E ArmVmp : Match on catch block at 0xc3 in for 0xa5
01-25 09:28:36.067 7975 7975 E ArmVmp : Match on catch block at 0xc3 in for 0xa9
01-25 09:28:36.079 7975 7975 E ArmVmp : Match on catch block at 0xc3 in for 0xa9
01-25 09:28:36.083 7975 7975 E ArmVmp : Match on catch block at 0xc3 in for 0xa1
01-25 09:28:36.110 7975 7975 E ArmVmp : Match on catch block at 0xc3 in for 0xa1
01-25 09:28:36.114 7975 7975 E ArmVmp : Match on catch block at 0xc3 in for 0xa5
01-25 09:28:36.123 7975 7975 E ArmVmp : Match on catch block at 0xc3 in for 0xa5
01-25 09:28:36.128 7975 7975 E ArmVmp : Match on catch block at 0xc3 in for 0xa9
01-25 09:28:36.136 7975 7975 E ArmVmp : Match on catch block at 0xc3 in for 0xa9
01-25 09:28:36.141 7975 7975 E ArmVmp : Match on catch block at 0xc3 in for 0xa1
01-25 09:28:36.149 7975 7975 E ArmVmp : Match on catch block at 0xc3 in for 0xa1
01-25 09:28:36.153 7975 7975 E ArmVmp : Match on catch block at 0xc3 in for 0xa5
01-25 09:28:36.166 7975 7975 E ArmVmp : Match on catch block at 0xc3 in for 0xa5
01-25 09:28:36.170 7975 7975 E ArmVmp : Match on catch block at 0xc3 in for 0xa9
01-25 09:28:36.184 7975 7975 E ArmVmp : Match on catch block at 0xc3 in for 0xa9
01-25 09:28:36.188 7975 7975 E ArmVmp : Match on catch block at 0xc3 in for 0xa1
01-25 09:28:36.202 7975 7975 E ArmVmp : Match on catch block at 0xc3 in for 0xa1
01-25 09:28:36.204 7975 7975 E ArmVmp : Match on catch block at 0xc3 in for 0xa5
01-25 09:28:36.218 7975 7975 E ArmVmp : Match on catch block at 0xc3 in for 0xa5
01-25 09:28:36.222 7975 7975 E ArmVmp : Match on catch block at 0xc3 in for 0xa9
01-25 09:28:36.287 7975 7975 E ArmVmp : Match on catch block at 0xc3 in for 0xa9
01-25 09:28:36.291 7975 7975 E ArmVmp : Match on catch block at 0xc3 in for 0xa1
01-25 09:28:36.479 7975 7975 E ArmVmp : Match on catch block at 0xc3 in for 0xa1
01-25 09:28:36.483 7975 7975 E ArmVmp : Match on catch block at 0xc3 in for 0xa5
01-25 09:28:36.513 7975 7975 E ArmVmp : Match on catch block at 0xc3 in for 0xa1
01-25 09:28:36.517 7975 7975 E ArmVmp : Match on catch block at 0xc3 in for 0xa5
01-25 09:28:36.530 7975 7975 E ArmVmp : Match on catch block at 0xc3 in for 0xa5
01-25 09:28:36.535 7975 7975 E ArmVmp : Match on catch block at 0xc3 in for 0xa9
01-25 09:28:36.549 7975 7975 E ArmVmp : Match on catch block at 0xc3 in for 0xa9
01-25 09:28:36.553 7975 7975 E ArmVmp : Match on catch block at 0xc3 in for 0xa1
01-25 09:28:36.566 7975 7975 E ArmVmp : Match on catch block at 0xc3 in for 0xa1
01-25 09:28:36.570 7975 7975 E ArmVmp : Match on catch block at 0xc3 in for 0xa5
01-25 09:28:36.582 7975 7975 E ArmVmp : Match on catch block at 0xc3 in for 0xa5
01-25 09:28:36.586 7975 7975 E ArmVmp : Match on catch block at 0xc3 in for 0xa9
01-25 09:28:36.600 7975 7975 E ArmVmp : Match on catch block at 0xc3 in for 0xa1
01-25 09:28:36.604 7975 7975 E ArmVmp : Match on catch block at 0xc3 in for 0xa5
01-25 09:28:36.617 7975 7975 E ArmVmp : Match on catch block at 0xc3 in for 0xa9
01-25 09:28:36.621 7975 7975 E ArmVmp : Match on catch block at 0xc3 in for 0xa1
01-25 09:28:36.635 7975 7975 E ArmVmp : Match on catch block at 0xc3 in for 0xa5
01-25 09:28:36.638 7975 7975 E ArmVmp : Match on catch block at 0xc3 in for 0xa9
01-25 09:28:36.652 7975 7975 E ArmVmp : Match on catch block at 0xc3 in for 0xa1
01-25 09:28:36.656 7975 7975 E ArmVmp : Match on catch block at 0xc3 in for 0xa5
01-25 09:28:36.669 7975 7975 E ArmVmp : Match on catch block at 0xc3 in for 0xa9
01-25 09:28:36.672 7975 7975 E ArmVmp : Match on catch block at 0xc3 in for 0xa1
01-25 09:28:36.687 7975 7975 E ArmVmp : Match on catch block at 0xc3 in for 0xa5
01-25 09:28:36.690 7975 7975 E ArmVmp : Match on catch block at 0xc3 in for 0xa9
01-25 09:28:36.716 7975 7975 E ArmVmp : Match on catch block at 0xc3 in for 0xa1
01-25 09:28:36.720 7975 7975 E ArmVmp : Match on catch block at 0xc3 in for 0xa5
01-25 09:28:36.727 7975 7975 E ArmVmp : Match on catch block at 0xc3 in for 0xa9
01-25 09:28:36.732 7975 7975 E ArmVmp : Match on catch block at 0xc3 in for 0xa1
01-25 09:28:36.739 7975 7975 E ArmVmp : Match on catch block at 0xc3 in for 0xa5
01-25 09:28:36.744 7975 7975 E ArmVmp : Match on catch block at 0xc3 in for 0xa9
01-25 09:28:36.756 7975 7975 E ArmVmp : Match on catch block at 0xc3 in for 0xa1
01-25 09:28:36.761 7975 7975 E ArmVmp : Match on catch block at 0xc3 in for 0xa5
01-25 09:28:36.775 7975 7975 E ArmVmp : Match on catch block at 0xc3 in for 0xa5
01-25 09:28:36.779 7975 7975 E ArmVmp : Match on catch block at 0xc3 in for 0xa9
01-25 09:28:36.792 7975 7975 E ArmVmp : Match on catch block at 0xc3 in for 0xa9
01-25 09:28:36.796 7975 7975 E ArmVmp : Match on catch block at 0xc3 in for 0xa1
01-25 09:28:36.810 7975 7975 E ArmVmp : Match on catch block at 0xc3 in for 0xa5
01-25 09:28:36.814 7975 7975 E ArmVmp : Match on catch block at 0xc3 in for 0xa9
01-25 09:28:36.827 7975 7975 E ArmVmp : Match on catch block at 0xc3 in for 0xa1
01-25 09:28:36.831 7975 7975 E ArmVmp : Match on catch block at 0xc3 in for 0xa5
01-25 09:28:36.863 7975 7975 E ArmVmp : Match on catch block at 0xc3 in for 0xa1
01-25 09:28:36.868 7975 7975 E ArmVmp : Match on catch block at 0xc3 in for 0xa5
01-25 09:28:36.877 7975 7975 E ArmVmp : Match on catch block at 0xc3 in for 0xa9
01-25 09:28:36.882 7975 7975 E ArmVmp : Match on catch block at 0xc3 in for 0xa1
01-25 09:28:36.922 7975 7975 E ArmVmp : Match on catch block at 0xc3 in for 0xa5
01-25 09:28:36.927 7975 7975 E ArmVmp : Match on catch block at 0xc3 in for 0xa9
01-25 09:28:36.935 7975 7975 E ArmVmp : Match on catch block at 0xc3 in for 0xa5
01-25 09:28:36.939 7975 7975 E ArmVmp : Match on catch block at 0xc3 in for 0xa9
01-25 09:28:36.962 7975 7975 E ArmVmp : Match on catch block at 0xc3 in for 0xa5
01-25 09:28:36.966 7975 7975 E ArmVmp : Match on catch block at 0xc3 in for 0xa9
01-25 09:28:36.990 7975 7975 E ArmVmp : Match on catch block at 0xc3 in for 0xa5
01-25 09:28:36.995 7975 7975 E ArmVmp : Match on catch block at 0xc3 in for 0xa9
01-25 09:28:37.018 7975 7975 E ArmVmp : Match on catch block at 0xc3 in for 0xa5
01-25 09:28:37.022 7975 7975 E ArmVmp : Match on catch block at 0xc3 in for 0xa9
01-25 09:28:37.041 7975 7975 E ArmVmp : Match on catch block at 0xc3 in for 0xa5
01-25 09:28:37.046 7975 7975 E ArmVmp : Match on catch block at 0xc3 in for 0xa9
01-25 09:28:37.073 7975 7975 E ArmVmp : Match on catch block at 0xc3 in for 0xa5
01-25 09:28:37.078 7975 7975 E ArmVmp : Match on catch block at 0xc3 in for 0xa9
01-25 09:28:37.107 7975 7975 E ArmVmp : Match on catch block at 0xc3 in for 0xa1
01-25 09:28:37.112 7975 7975 E ArmVmp : Match on catch block at 0xc3 in for 0xa5
01-25 09:28:37.141 7975 7975 E ArmVmp : Match on catch block at 0xc3 in for 0xa1
01-25 09:28:37.145 7975 7975 E ArmVmp : Match on catch block at 0xc3 in for 0xa5
01-25 09:28:37.152 7975 7975 E ArmVmp : Match on catch block at 0xc3 in for 0xa5
01-25 09:28:37.157 7975 7975 E ArmVmp : Match on catch block at 0xc3 in for 0xa9
01-25 09:28:37.175 7975 7975 E ArmVmp : Match on catch block at 0xc3 in for 0xa9
01-25 09:28:37.180 7975 7975 E ArmVmp : Match on catch block at 0xc3 in for 0xa1
01-25 09:28:37.207 7975 7975 E ArmVmp : Match on catch block at 0xc3 in for 0xa9
01-25 09:28:37.212 7975 7975 E ArmVmp : Match on catch block at 0xc3 in for 0xa1
01-25 09:28:37.220 7975 7975 E ArmVmp : Match on catch block at 0xc3 in for 0xa5
01-25 09:28:37.224 7975 7975 E ArmVmp : Match on catch block at 0xc3 in for 0xa9
01-25 09:28:37.252 7975 7975 E ArmVmp : Match on catch block at 0xc3 in for 0xa1
01-25 09:28:37.256 7975 7975 E ArmVmp : Match on catch block at 0xc3 in for 0xa5
01-25 09:28:37.296 7975 7975 E ArmVmp : Match on catch block at 0xc3 in for 0xa1
01-25 09:28:37.301 7975 7975 E ArmVmp : Match on catch block at 0xc3 in for 0xa5
01-25 09:28:37.323 7975 7975 E ArmVmp : Match on catch block at 0xc3 in for 0xa9
01-25 09:28:37.328 7975 7975 E ArmVmp : Match on catch block at 0xc3 in for 0xa1
01-25 09:28:37.351 7975 7975 E ArmVmp : Match on catch block at 0xc3 in for 0xa5
01-25 09:28:37.354 7975 7975 E ArmVmp : Match on catch block at 0xc3 in for 0xa9
01-25 09:28:37.384 7975 7975 E ArmVmp : Match on catch block at 0xc3 in for 0xa1
01-25 09:28:37.390 7975 7975 E ArmVmp : Match on catch block at 0xc3 in for 0xa5
01-25 09:28:37.424 7975 7975 E ArmVmp : Match on catch block at 0xc3 in for 0xa5
01-25 09:28:37.427 7975 7975 E ArmVmp : Match on catch block at 0xc3 in for 0xa9
01-25 09:28:37.453 7975 7975 E ArmVmp : Match on catch block at 0xc3 in for 0xa9
01-25 09:28:37.457 7975 7975 E ArmVmp : Match on catch block at 0xc3 in for 0xa1
01-25 09:28:37.464 7975 7975 E ArmVmp : Match on catch block at 0xc3 in for 0xa1
01-25 09:28:37.469 7975 7975 E ArmVmp : Match on catch block at 0xc3 in for 0xa5
01-25 09:28:37.488 7975 7975 E ArmVmp : Match on catch block at 0xc3 in for 0xa9
01-25 09:28:37.492 7975 7975 E ArmVmp : Match on catch block at 0xc3 in for 0xa1
01-25 09:28:37.502 7975 7975 E ArmVmp : Match on catch block at 0xc3 in for 0xa1
01-25 09:28:37.506 7975 7975 E ArmVmp : Match on catch block at 0xc3 in for 0xa5
01-25 09:28:37.515 7975 7975 E ArmVmp : Match on catch block at 0xc3 in for 0xa5
01-25 09:28:37.519 7975 7975 E ArmVmp : Match on catch block at 0xc3 in for 0xa9
01-25 09:28:37.527 7975 7975 E ArmVmp : Match on catch block at 0xc3 in for 0xa1
01-25 09:28:37.532 7975 7975 E ArmVmp : Match on catch block at 0xc3 in for 0xa5
01-25 09:28:37.539 7975 7975 E ArmVmp : Match on catch block at 0xc3 in for 0xa9
01-25 09:28:37.544 7975 7975 E ArmVmp : Match on catch block at 0xc3 in for 0xa1
01-25 09:28:37.567 7975 7975 E ArmVmp : Match on catch block at 0xc3 in for 0xa5
01-25 09:28:37.571 7975 7975 E ArmVmp : Match on catch block at 0xc3 in for 0xa9
01-25 09:28:37.594 7975 7975 E ArmVmp : Match on catch block at 0xc3 in for 0xa1
01-25 09:28:37.598 7975 7975 E ArmVmp : Match on catch block at 0xc3 in for 0xa5
01-25 09:28:37.632 7975 7975 E ArmVmp : Match on catch block at 0xc3 in for 0xa5
01-25 09:28:37.637 7975 7975 E ArmVmp : Match on catch block at 0xc3 in for 0xa9
01-25 09:28:37.663 7975 7975 E ArmVmp : Match on catch block at 0xc3 in for 0xa1
01-25 09:28:37.668 7975 7975 E ArmVmp : Match on catch block at 0xc3 in for 0xa5
01-25 09:28:37.693 7975 7975 E ArmVmp : Match on catch block at 0xc3 in for 0xa9
01-25 09:28:37.697 7975 7975 E ArmVmp : Match on catch block at 0xc3 in for 0xa1
01-25 09:28:37.724 7975 7975 E ArmVmp : Match on catch block at 0xc3 in for 0xa5
01-25 09:28:37.728 7975 7975 E ArmVmp : Match on catch block at 0xc3 in for 0xa9
01-25 09:28:37.750 7975 7975 E ArmVmp : Match on catch block at 0xc3 in for 0xa5
01-25 09:28:37.754 7975 7975 E ArmVmp : Match on catch block at 0xc3 in for 0xa9
01-25 09:28:37.773 7975 7975 E ArmVmp : Match on catch block at 0xc3 in for 0xa9
01-25 09:28:37.777 7975 7975 E ArmVmp : Match on catch block at 0xc3 in for 0xa1
01-25 09:28:37.801 7975 7975 E ArmVmp : Match on catch block at 0xc3 in for 0xa1
01-25 09:28:37.805 7975 7975 E ArmVmp : Match on catch block at 0xc3 in for 0xa5
01-25 09:28:37.812 7975 7975 E ArmVmp : Match on catch block at 0xc3 in for 0xa5
01-25 09:28:37.816 7975 7975 E ArmVmp : Match on catch block at 0xc3 in for 0xa9
01-25 09:28:37.824 7975 7975 E ArmVmp : Match on catch block at 0xc3 in for 0xa9
01-25 09:28:37.828 7975 7975 E ArmVmp : Match on catch block at 0xc3 in for 0xa1
01-25 09:28:37.847 7975 7975 E ArmVmp : Match on catch block at 0xc3 in for 0xa1
01-25 09:28:37.852 7975 7975 E ArmVmp : Match on catch block at 0xc3 in for 0xa5
01-25 09:28:37.872 7975 7975 E ArmVmp : Match on catch block at 0xc3 in for 0xa5
01-25 09:28:37.876 7975 7975 E ArmVmp : Match on catch block at 0xc3 in for 0xa9
01-25 09:28:37.885 7975 7975 E ArmVmp : Match on catch block at 0xc3 in for 0xa1
01-25 09:28:37.890 7975 7975 E ArmVmp : Match on catch block at 0xc3 in for 0xa5
01-25 09:28:37.914 7975 7975 E ArmVmp : Match on catch block at 0xc3 in for 0xa9
01-25 09:28:37.918 7975 7975 E ArmVmp : Match on catch block at 0xc3 in for 0xa1
01-25 09:28:37.937 7975 7975 E ArmVmp : Match on catch block at 0xc3 in for 0xa5
01-25 09:28:37.940 7975 7975 E ArmVmp : Match on catch block at 0xc3 in for 0xa9
01-25 09:28:37.957 7975 7975 E ArmVmp : Match on catch block at 0xc3 in for 0xa1
01-25 09:28:37.961 7975 7975 E ArmVmp : Match on catch block at 0xc3 in for 0xa5
01-25 09:28:37.981 7975 7975 E ArmVmp : Match on catch block at 0xc3 in for 0xa1
01-25 09:28:37.985 7975 7975 E ArmVmp : Match on catch block at 0xc3 in for 0xa5
01-25 09:28:38.021 7975 7975 E ArmVmp : Match on catch block at 0xc3 in for 0xa1
01-25 09:28:38.024 7975 7975 E ArmVmp : Match on catch block at 0xc3 in for 0xa5
01-25 09:28:38.033 7975 7975 E ArmVmp : Match on catch block at 0xc3 in for 0xa9
01-25 09:28:38.038 7975 7975 E ArmVmp : Match on catch block at 0xc3 in for 0xa1
01-25 09:28:38.046 7975 7975 E ArmVmp : Match on catch block at 0xc3 in for 0xa5
01-25 09:28:38.052 7975 7975 E ArmVmp : Match on catch block at 0xc3 in for 0xa9
01-25 09:28:38.060 7975 7975 E ArmVmp : Match on catch block at 0xc3 in for 0xa1
01-25 09:28:38.065 7975 7975 E ArmVmp : Match on catch block at 0xc3 in for 0xa5
01-25 09:28:38.086 7975 7975 E ArmVmp : Match on catch block at 0xc3 in for 0xa5
01-25 09:28:38.091 7975 7975 E ArmVmp : Match on catch block at 0xc3 in for 0xa9
01-25 09:28:38.098 7975 7975 E ArmVmp : Match on catch block at 0xc3 in for 0xa1
01-25 09:28:38.102 7975 7975 E ArmVmp : Match on catch block at 0xc3 in for 0xa5
01-25 09:28:38.130 7975 7975 E ArmVmp : Match on catch block at 0xc3 in for 0xa9
01-25 09:28:38.134 7975 7975 E ArmVmp : Match on catch block at 0xc3 in for 0xa1
01-25 09:28:38.148 7975 7975 E ArmVmp : Match on catch block at 0xc3 in for 0xa9
01-25 09:28:38.152 7975 7975 E ArmVmp : Match on catch block at 0xc3 in for 0xa1
01-25 09:28:38.161 7975 7975 E ArmVmp : Match on catch block at 0xc3 in for 0xa5
01-25 09:28:38.165 7975 7975 E ArmVmp : Match on catch block at 0xc3 in for 0xa9
01-25 09:28:38.176 7975 7975 E ArmVmp : Match on catch block at 0xc3 in for 0xa1
01-25 09:28:38.179 7975 7975 E ArmVmp : Match on catch block at 0xc3 in for 0xa5
01-25 09:28:38.187 7975 7975 E ArmVmp : Match on catch block at 0xc3 in for 0xa1
01-25 09:28:38.190 7975 7975 E ArmVmp : Match on catch block at 0xc3 in for 0xa5
01-25 09:28:38.197 7975 7975 E ArmVmp : Match on catch block at 0xc3 in for 0xa1
01-25 09:28:38.200 7975 7975 E ArmVmp : Match on catch block at 0xc3 in for 0xa5
01-25 09:28:38.215 7975 7975 E ArmVmp : Match on catch block at 0xc3 in for 0xa1
01-25 09:28:38.219 7975 7975 E ArmVmp : Match on catch block at 0xc3 in for 0xa5
01-25 09:28:38.232 7975 7975 E ArmVmp : Match on catch block at 0xc3 in for 0xa1
01-25 09:28:38.236 7975 7975 E ArmVmp : Match on catch block at 0xc3 in for 0xa5
01-25 09:28:38.250 7975 7975 E ArmVmp : Match on catch block at 0xc3 in for 0xa1
01-25 09:28:38.254 7975 7975 E ArmVmp : Match on catch block at 0xc3 in for 0xa5
01-25 09:28:38.321 7975 7975 E ArmVmp : Match on catch block at 0xc3 in for 0xa1
01-25 09:28:38.326 7975 7975 E ArmVmp : Match on catch block at 0xc3 in for 0xa5
01-25 09:28:38.362 7975 7975 E ArmVmp : Match on catch block at 0xc3 in for 0xa1
01-25 09:28:38.366 7975 7975 E ArmVmp : Match on catch block at 0xc3 in for 0xa5
01-25 09:28:38.416 7975 7975 E ArmVmp : Match on catch block at 0xc3 in for 0xa9
01-25 09:28:38.420 7975 7975 E ArmVmp : Match on catch block at 0xc3 in for 0xa1
01-25 09:28:38.452 7975 7975 E ArmVmp : Match on catch block at 0xc3 in for 0xa9
01-25 09:28:38.456 7975 7975 E ArmVmp : Match on catch block at 0xc3 in for 0xa1
01-25 09:28:38.466 7975 7975 E ArmVmp : Match on catch block at 0xc3 in for 0xa9
01-25 09:28:38.470 7975 7975 E ArmVmp : Match on catch block at 0xc3 in for 0xa1
01-25 09:28:38.493 7975 7975 E ArmVmp : Match on catch block at 0xc3 in for 0xa1
01-25 09:28:38.497 7975 7975 E ArmVmp : Match on catch block at 0xc3 in for 0xa5
01-25 09:28:38.519 7975 7975 E ArmVmp : Match on catch block at 0xc3 in for 0xa5
01-25 09:28:38.522 7975 7975 E ArmVmp : Match on catch block at 0xc3 in for 0xa9
01-25 09:28:38.530 7975 7975 E ArmVmp : Match on catch block at 0xc3 in for 0xa5
01-25 09:28:38.533 7975 7975 E ArmVmp : Match on catch block at 0xc3 in for 0xa9
01-25 09:28:38.546 7975 7975 E ArmVmp : Match on catch block at 0xc3 in for 0xa5
01-25 09:28:38.549 7975 7975 E ArmVmp : Match on catch block at 0xc3 in for 0xa9
01-25 09:28:38.563 7975 7975 E ArmVmp : Match on catch block at 0xc3 in for 0xa5
01-25 09:28:38.567 7975 7975 E ArmVmp : Match on catch block at 0xc3 in for 0xa9
01-25 09:28:38.597 7975 7975 E ArmVmp : Match on catch block at 0xc3 in for 0xa9
01-25 09:28:38.601 7975 7975 E ArmVmp : Match on catch block at 0xc3 in for 0xa1
01-25 09:28:38.610 7975 7975 E ArmVmp : Match on catch block at 0xc3 in for 0xa9
