01-25 00:49:30.406 3579 3579 E ArmVmp : Match on catch block at 0xc3 in for 0xa5
01-25 00:49:31.587 3579 3579 E GraphicExt:
GraphicExtModuleLoader::CreateGraphicExtInstance false
01-25 00:49:31.948 3579 3579 E ArmVmp : Match on catch block at 0xc3 in for 0xa5
01-25 00:49:31.951 3579 3579 E ArmVmp : Match on catch block at 0xc3 in for 0xa9
01-25 00:49:31.997 3579 3579 E ArmVmp : Match on catch block at 0xc3 in for 0xa1
01-25 00:49:32.001 3579 3579 E ArmVmp : Match on catch block at 0xc3 in for 0xa5
01-25 00:49:33.487 3579 3579 E ArmVmp : Match on catch block at 0xc3 in for 0xa1
01-25 00:49:33.495 3579 3579 E ArmVmp : Match on catch block at 0xc3 in for 0xa5
01-25 00:49:33.523 3579 3579 E ArmVmp : Match on catch block at 0xc3 in for 0xa1
01-25 00:49:33.529 3579 3579 E ArmVmp : Match on catch block at 0xc3 in for 0xa5
01-25 00:49:33.566 3579 3579 E ArmVmp : Match on catch block at 0xc3 in for 0xa9
01-25 00:49:33.570 3579 3579 E ArmVmp : Match on catch block at 0xc3 in for 0xa1
01-25 00:49:33.602 3579 3579 E ArmVmp : Match on catch block at 0xc3 in for 0xa9
01-25 00:49:33.607 3579 3579 E ArmVmp : Match on catch block at 0xc3 in for 0xa1
01-25 00:49:33.647 3579 3579 E ArmVmp : Match on catch block at 0xc3 in for 0xa5
01-25 00:49:33.652 3579 3579 E ArmVmp : Match on catch block at 0xc3 in for 0xa9
01-25 00:49:33.671 3579 3579 E ArmVmp : Match on catch block at 0xc3 in for 0xa5
01-25 00:49:33.677 3579 3579 E ArmVmp : Match on catch block at 0xc3 in for 0xa9
01-25 00:49:33.716 3579 3579 E ArmVmp : Match on catch block at 0xc3 in for 0xa1
01-25 00:49:33.721 3579 3579 E ArmVmp : Match on catch block at 0xc3 in for 0xa5
01-25 00:49:33.741 3579 3579 E ArmVmp : Match on catch block at 0xc3 in for 0xa1
01-25 00:49:33.745 3579 3579 E ArmVmp : Match on catch block at 0xc3 in for 0xa5
01-25 00:49:38.588 3579 3579 E GraphicExt:
GraphicExtModuleLoader::CreateGraphicExtInstance false
01-25 00:49:43.123 3579 3579 E ArmVmp : Match on catch block at 0xc3 in for 0xa9
01-25 00:49:43.130 3579 3579 E ArmVmp : Match on catch block at 0xc3 in for 0xa1
01-25 00:49:43.213 3579 3579 W IInputConnectionWrapper: requestCursorAnchorInfo
on inactive InputConnection
01-25 00:49:43.240 3579 3579 E ArmVmp : Match on catch block at 0xc3 in for 0xa1
01-25 00:49:43.244 3579 3579 E ArmVmp : Match on catch block at 0xc3 in for 0xa5
01-25 00:49:43.293 3579 3579 W IInputConnectionWrapper: requestCursorAnchorInfo
on inactive InputConnection
01-25 00:49:43.331 3579 3579 E ArmVmp : Match on catch block at 0xc3 in for 0xa9
01-25 00:49:43.335 3579 3579 E ArmVmp : Match on catch block at 0xc3 in for 0xa1
01-25 00:49:43.384 3579 3579 W IInputConnectionWrapper: getTextBeforeCursor on
inactive InputConnection
01-25 00:49:43.421 3579 3579 E ArmVmp : Match on catch block at 0xc3 in for 0xa5
01-25 00:49:43.425 3579 3579 E ArmVmp : Match on catch block at 0xc3 in for 0xa9
01-25 00:49:43.490 3579 3579 W IInputConnectionWrapper: getTextAfterCursor on
inactive InputConnection
01-25 00:49:43.527 3579 3579 E ArmVmp : Match on catch block at 0xc3 in for 0xa1
01-25 00:49:43.530 3579 3579 E ArmVmp : Match on catch block at 0xc3 in for 0xa5
01-25 00:49:43.584 3579 3579 W IInputConnectionWrapper: getSelectedText on
inactive InputConnection
01-25 00:49:43.620 3579 3579 E ArmVmp : Match on catch block at 0xc3 in for 0xa9
01-25 00:49:43.624 3579 3579 E ArmVmp : Match on catch block at 0xc3 in for 0xa1
01-25 00:49:43.732 3579 3579 E ArmVmp : Match on catch block at 0xc3 in for 0xa5
01-25 00:49:43.736 3579 3579 E ArmVmp : Match on catch block at 0xc3 in for 0xa9
01-25 00:49:43.761 3579 3671 W MediaPlayer: Use of stream types is deprecated for
operations other than volume control
01-25 00:49:43.761 3579 3671 W MediaPlayer: See the documentation of
setAudioStreamType() for what to use instead with android.media.AudioAttributes to
qualify your playback use case
01-25 00:49:43.864 3579 3579 E ArmVmp : Match on catch block at 0xc3 in for 0xa5
01-25 00:49:43.869 3579 3579 E ArmVmp : Match on catch block at 0xc3 in for 0xa9
01-25 00:49:43.893 3579 3579 W IInputConnectionWrapper: performPrivateCommand on
inactive InputConnection
01-25 00:49:43.893 3579 3579 W IInputConnectionWrapper: requestCursorAnchorInfo
on inactive InputConnection
01-25 00:49:44.003 3579 3579 E ArmVmp : Match on catch block at 0xc3 in for 0xa5
01-25 00:49:44.008 3579 3579 E ArmVmp : Match on catch block at 0xc3 in for 0xa9
01-25 00:49:44.038 3579 3579 W IInputConnectionWrapper: getTextBeforeCursor on
inactive InputConnection
01-25 00:49:44.059 3579 3671 W MediaPlayer: Use of stream types is deprecated for
operations other than volume control
01-25 00:49:44.059 3579 3671 W MediaPlayer: See the documentation of
setAudioStreamType() for what to use instead with android.media.AudioAttributes to
qualify your playback use case
01-25 00:49:44.157 3579 3579 E ArmVmp : Match on catch block at 0xc3 in for 0xa1
01-25 00:49:44.162 3579 3579 E ArmVmp : Match on catch block at 0xc3 in for 0xa5
01-25 00:49:44.201 3579 3579 W IInputConnectionWrapper: getTextAfterCursor on
inactive InputConnection
01-25 00:49:44.292 3579 3579 E ArmVmp : Match on catch block at 0xc3 in for 0xa1
01-25 00:49:44.299 3579 3579 E ArmVmp : Match on catch block at 0xc3 in for 0xa5
01-25 00:49:44.342 3579 3579 W IInputConnectionWrapper: getSelectedText on
inactive InputConnection
01-25 00:49:44.357 3579 3671 W MediaPlayer: Use of stream types is deprecated for
operations other than volume control
01-25 00:49:44.357 3579 3671 W MediaPlayer: See the documentation of
setAudioStreamType() for what to use instead with android.media.AudioAttributes to
qualify your playback use case
01-25 00:49:44.445 3579 3579 E ArmVmp : Match on catch block at 0xc3 in for 0xa5
01-25 00:49:44.451 3579 3579 E ArmVmp : Match on catch block at 0xc3 in for 0xa9
01-25 00:49:44.514 3579 3671 W MediaPlayer: Use of stream types is deprecated for
operations other than volume control
01-25 00:49:44.514 3579 3671 W MediaPlayer: See the documentation of
setAudioStreamType() for what to use instead with android.media.AudioAttributes to
qualify your playback use case
01-25 00:49:44.548 3579 3579 E ArmVmp : Match on catch block at 0xc3 in for 0xa1
01-25 00:49:44.553 3579 3579 E ArmVmp : Match on catch block at 0xc3 in for 0xa5
01-25 00:49:44.588 3579 3579 W IInputConnectionWrapper: performPrivateCommand on
inactive InputConnection
01-25 00:49:44.599 3579 3579 W IInputConnectionWrapper: requestCursorAnchorInfo
on inactive InputConnection
01-25 00:49:44.698 3579 3579 E ArmVmp : Match on catch block at 0xc3 in for 0xa5
01-25 00:49:44.702 3579 3579 E ArmVmp : Match on catch block at 0xc3 in for 0xa9
01-25 00:49:44.733 3579 3579 W IInputConnectionWrapper: getTextBeforeCursor on
inactive InputConnection
01-25 00:49:44.735 3579 3671 W MediaPlayer: Use of stream types is deprecated for
operations other than volume control
01-25 00:49:44.735 3579 3671 W MediaPlayer: See the documentation of
setAudioStreamType() for what to use instead with android.media.AudioAttributes to
qualify your playback use case
01-25 00:49:44.767 3579 3671 W MediaPlayer: Use of stream types is deprecated for
operations other than volume control
01-25 00:49:44.768 3579 3671 W MediaPlayer: See the documentation of
setAudioStreamType() for what to use instead with android.media.AudioAttributes to
qualify your playback use case
01-25 00:49:44.801 3579 3579 E ArmVmp : Match on catch block at 0xc3 in for 0xa9
01-25 00:49:44.804 3579 3671 W MediaPlayer: Use of stream types is deprecated for
operations other than volume control
01-25 00:49:44.804 3579 3671 W MediaPlayer: See the documentation of
setAudioStreamType() for what to use instead with android.media.AudioAttributes to
qualify your playback use case
01-25 00:49:44.808 3579 3579 E ArmVmp : Match on catch block at 0xc3 in for 0xa1
01-25 00:49:44.903 3579 3579 W IInputConnectionWrapper: getTextAfterCursor on
inactive InputConnection
01-25 00:49:44.910 3579 3671 W MediaPlayer: Use of stream types is deprecated for
operations other than volume control
01-25 00:49:44.910 3579 3671 W MediaPlayer: See the documentation of
setAudioStreamType() for what to use instead with android.media.AudioAttributes to
qualify your playback use case
01-25 00:49:44.932 3579 3579 E ArmVmp : Match on catch block at 0xc3 in for 0xa5
01-25 00:49:44.936 3579 3579 E ArmVmp : Match on catch block at 0xc3 in for 0xa9
01-25 00:49:45.027 3579 3579 W IInputConnectionWrapper: getSelectedText on
inactive InputConnection
01-25 00:49:45.037 3579 3671 W MediaPlayer: Use of stream types is deprecated for
operations other than volume control
01-25 00:49:45.037 3579 3671 W MediaPlayer: See the documentation of
setAudioStreamType() for what to use instead with android.media.AudioAttributes to
qualify your playback use case
01-25 00:49:45.052 3579 3579 E ArmVmp : Match on catch block at 0xc3 in for 0xa5
01-25 00:49:45.058 3579 3579 E ArmVmp : Match on catch block at 0xc3 in for 0xa9
01-25 00:49:45.128 3579 3579 E ArmVmp : Match on catch block at 0xc3 in for 0xa9
01-25 00:49:45.134 3579 3579 E ArmVmp : Match on catch block at 0xc3 in for 0xa1
01-25 00:49:45.167 3579 3579 W IInputConnectionWrapper: performPrivateCommand on
inactive InputConnection
01-25 00:49:45.167 3579 3579 W IInputConnectionWrapper: requestCursorAnchorInfo
on inactive InputConnection
01-25 00:49:45.181 3579 3579 W IInputConnectionWrapper: getTextBeforeCursor on
inactive InputConnection
01-25 00:49:45.183 3579 3579 W IInputConnectionWrapper: getTextAfterCursor on
inactive InputConnection
01-25 00:49:45.184 3579 3579 W IInputConnectionWrapper: getSelectedText on
inactive InputConnection
01-25 00:49:45.245 3579 3579 E ArmVmp : Match on catch block at 0xc3 in for 0xa1
01-25 00:49:45.250 3579 3579 E ArmVmp : Match on catch block at 0xc3 in for 0xa5
01-25 00:49:45.257 3579 3579 W IInputConnectionWrapper: performPrivateCommand on
inactive InputConnection
01-25 00:49:45.291 3579 3579 E ArmVmp : Match on catch block at 0xc3 in for 0xa1
01-25 00:49:45.297 3579 3579 E ArmVmp : Match on catch block at 0xc3 in for 0xa5
01-25 00:49:45.321 3579 3579 W IInputConnectionWrapper: requestCursorAnchorInfo
on inactive InputConnection
01-25 00:49:45.333 3579 3579 E ArmVmp : Match on catch block at 0xc3 in for 0xa1
01-25 00:49:45.339 3579 3579 E ArmVmp : Match on catch block at 0xc3 in for 0xa5
01-25 00:49:45.362 3579 3579 E ArmVmp : Match on catch block at 0xc3 in for 0xa5
01-25 00:49:45.366 3579 3579 E ArmVmp : Match on catch block at 0xc3 in for 0xa9
01-25 00:49:45.369 3579 3579 W IInputConnectionWrapper: getTextBeforeCursor on
inactive InputConnection
01-25 00:49:45.376 3579 3579 W IInputConnectionWrapper: getTextAfterCursor on
inactive InputConnection
01-25 00:49:45.377 3579 3579 W IInputConnectionWrapper: getSelectedText on
inactive InputConnection
01-25 00:49:45.430 3579 3579 W IInputConnectionWrapper: performPrivateCommand on
inactive InputConnection
01-25 00:49:45.524 3579 3579 W IInputConnectionWrapper: requestCursorAnchorInfo
on inactive InputConnection
01-25 00:49:45.535 3579 3579 W IInputConnectionWrapper: getTextBeforeCursor on
inactive InputConnection
01-25 00:49:45.536 3579 3579 W IInputConnectionWrapper: getTextAfterCursor on
inactive InputConnection
01-25 00:49:45.537 3579 3579 W IInputConnectionWrapper: getSelectedText on
inactive InputConnection
01-25 00:49:45.655 3579 3579 W IInputConnectionWrapper: performPrivateCommand on
inactive InputConnection
01-25 00:49:45.677 3579 3579 W IInputConnectionWrapper: requestCursorAnchorInfo
on inactive InputConnection
01-25 00:49:45.690 3579 3579 W IInputConnectionWrapper: getTextBeforeCursor on
inactive InputConnection
01-25 00:49:45.691 3579 3579 W IInputConnectionWrapper: getTextAfterCursor on
inactive InputConnection
01-25 00:49:45.693 3579 3579 W IInputConnectionWrapper: getSelectedText on
inactive InputConnection
01-25 00:49:45.749 3579 3579 E ArmVmp : Match on catch block at 0xc3 in for 0xa9
01-25 00:49:45.755 3579 3579 E ArmVmp : Match on catch block at 0xc3 in for 0xa1
01-25 00:49:45.760 3579 3579 W IInputConnectionWrapper: performPrivateCommand on
inactive InputConnection
01-25 00:49:45.781 3579 3579 W IInputConnectionWrapper: requestCursorAnchorInfo
on inactive InputConnection
01-25 00:49:45.793 3579 3579 W IInputConnectionWrapper: getTextBeforeCursor on
inactive InputConnection
01-25 00:49:45.794 3579 3579 W IInputConnectionWrapper: getTextAfterCursor on
inactive InputConnection
01-25 00:49:45.794 3579 3579 W IInputConnectionWrapper: getSelectedText on
inactive InputConnection
01-25 00:49:45.858 3579 3579 W IInputConnectionWrapper: performPrivateCommand on
inactive InputConnection
01-25 00:49:45.881 3579 3579 W IInputConnectionWrapper: requestCursorAnchorInfo
on inactive InputConnection
01-25 00:49:45.896 3579 3579 W IInputConnectionWrapper: getTextBeforeCursor on
inactive InputConnection
01-25 00:49:45.897 3579 3579 W IInputConnectionWrapper: getTextAfterCursor on
inactive InputConnection
01-25 00:49:45.898 3579 3579 W IInputConnectionWrapper: getSelectedText on
inactive InputConnection
01-25 00:49:45.976 3579 3579 W IInputConnectionWrapper: performPrivateCommand on
inactive InputConnection
01-25 00:49:45.992 3579 3579 W IInputConnectionWrapper: requestCursorAnchorInfo
on inactive InputConnection
01-25 00:49:46.007 3579 3579 W IInputConnectionWrapper: getTextBeforeCursor on
inactive InputConnection
01-25 00:49:46.008 3579 3579 W IInputConnectionWrapper: getTextAfterCursor on
inactive InputConnection
01-25 00:49:46.008 3579 3579 W IInputConnectionWrapper: getSelectedText on
inactive InputConnection
01-25 00:49:46.080 3579 3579 W IInputConnectionWrapper: performPrivateCommand on
inactive InputConnection
01-25 00:49:46.088 3579 3579 W IInputConnectionWrapper: requestCursorAnchorInfo
on inactive InputConnection
01-25 00:49:46.101 3579 3579 W IInputConnectionWrapper: getTextBeforeCursor on
inactive InputConnection
01-25 00:49:46.102 3579 3579 W IInputConnectionWrapper: getTextAfterCursor on
inactive InputConnection
01-25 00:49:46.103 3579 3579 W IInputConnectionWrapper: getSelectedText on
inactive InputConnection
01-25 00:49:46.160 3579 3579 W IInputConnectionWrapper: performPrivateCommand on
inactive InputConnection
01-25 00:49:46.225 3579 3579 W IInputConnectionWrapper: requestCursorAnchorInfo
on inactive InputConnection
01-25 00:49:46.253 3579 3579 E ArmVmp : Match on catch block at 0xc3 in for 0xa9
01-25 00:49:46.258 3579 3579 E ArmVmp : Match on catch block at 0xc3 in for 0xa1
01-25 00:49:46.264 3579 3579 W IInputConnectionWrapper: getTextBeforeCursor on
inactive InputConnection
01-25 00:49:46.276 3579 3579 W IInputConnectionWrapper: getTextAfterCursor on
inactive InputConnection
01-25 00:49:46.278 3579 3579 W IInputConnectionWrapper: getSelectedText on
inactive InputConnection
01-25 00:49:46.390 3579 3579 W IInputConnectionWrapper: performPrivateCommand on
inactive InputConnection
01-25 00:49:46.454 3579 3579 W IInputConnectionWrapper: requestCursorAnchorInfo
on inactive InputConnection
01-25 00:49:46.466 3579 3579 W IInputConnectionWrapper: getTextBeforeCursor on
inactive InputConnection
01-25 00:49:46.480 3579 3579 W IInputConnectionWrapper: getTextAfterCursor on
inactive InputConnection
01-25 00:49:46.481 3579 3579 W IInputConnectionWrapper: getSelectedText on
inactive InputConnection
01-25 00:49:46.589 3579 3579 W IInputConnectionWrapper: performPrivateCommand on
inactive InputConnection
01-25 00:49:46.613 3579 3579 W IInputConnectionWrapper: requestCursorAnchorInfo
on inactive InputConnection
01-25 00:49:46.637 3579 3579 W IInputConnectionWrapper: getTextBeforeCursor on
inactive InputConnection
01-25 00:49:46.638 3579 3579 W IInputConnectionWrapper: getTextAfterCursor on
inactive InputConnection
01-25 00:49:46.639 3579 3579 W IInputConnectionWrapper: getSelectedText on
inactive InputConnection
01-25 00:49:46.697 3579 3579 W IInputConnectionWrapper: performPrivateCommand on
inactive InputConnection
01-25 00:49:46.717 3579 3579 W IInputConnectionWrapper: requestCursorAnchorInfo
on inactive InputConnection
01-25 00:49:46.730 3579 3579 W IInputConnectionWrapper: getTextBeforeCursor on
inactive InputConnection
01-25 00:49:46.731 3579 3579 W IInputConnectionWrapper: getTextAfterCursor on
inactive InputConnection
01-25 00:49:46.732 3579 3579 W IInputConnectionWrapper: getSelectedText on
inactive InputConnection
01-25 00:49:46.741 3579 3579 E ArmVmp : Match on catch block at 0xc3 in for 0xa9
01-25 00:49:46.748 3579 3579 E ArmVmp : Match on catch block at 0xc3 in for 0xa1
01-25 00:49:46.786 3579 3579 W IInputConnectionWrapper: performPrivateCommand on
inactive InputConnection
01-25 00:49:46.806 3579 3579 W IInputConnectionWrapper: requestCursorAnchorInfo
on inactive InputConnection
01-25 00:49:46.817 3579 3579 W IInputConnectionWrapper: getTextBeforeCursor on
inactive InputConnection
01-25 00:49:46.827 3579 3579 W IInputConnectionWrapper: getTextAfterCursor on
inactive InputConnection
01-25 00:49:46.828 3579 3579 W IInputConnectionWrapper: getSelectedText on
inactive InputConnection
01-25 00:49:46.879 3579 3579 W IInputConnectionWrapper: performPrivateCommand on
inactive InputConnection
01-25 00:49:46.888 3579 3579 W IInputConnectionWrapper: requestCursorAnchorInfo
on inactive InputConnection
01-25 00:49:46.899 3579 3579 W IInputConnectionWrapper: getTextBeforeCursor on
inactive InputConnection
01-25 00:49:46.900 3579 3579 W IInputConnectionWrapper: getTextAfterCursor on
inactive InputConnection
01-25 00:49:46.901 3579 3579 W IInputConnectionWrapper: getSelectedText on
inactive InputConnection
01-25 00:49:46.931 3579 3579 E ArmVmp : Match on catch block at 0xc3 in for 0xa9
01-25 00:49:46.936 3579 3579 E ArmVmp : Match on catch block at 0xc3 in for 0xa1
01-25 00:49:46.948 3579 3579 E ArmVmp : Match on catch block at 0xc3 in for 0xa9
01-25 00:49:46.955 3579 3579 E ArmVmp : Match on catch block at 0xc3 in for 0xa1
01-25 00:49:46.971 3579 3579 W IInputConnectionWrapper: performPrivateCommand on
inactive InputConnection
01-25 00:49:46.974 3579 3579 E ArmVmp : Match on catch block at 0xc3 in for 0xa9
01-25 00:49:46.980 3579 3579 E ArmVmp : Match on catch block at 0xc3 in for 0xa1
01-25 00:49:46.985 3579 3579 W IInputConnectionWrapper: requestCursorAnchorInfo
on inactive InputConnection
01-25 00:49:46.987 3579 3579 E ArmVmp : Match on catch block at 0xc3 in for 0xa9
01-25 00:49:46.994 3579 3579 E ArmVmp : Match on catch block at 0xc3 in for 0xa1
01-25 00:49:47.002 3579 3579 E ArmVmp : Match on catch block at 0xc3 in for 0xa9
01-25 00:49:47.009 3579 3579 E ArmVmp : Match on catch block at 0xc3 in for 0xa1
01-25 00:49:47.024 3579 3579 W IInputConnectionWrapper: getTextBeforeCursor on
inactive InputConnection
01-25 00:49:47.027 3579 3579 E ArmVmp : Match on catch block at 0xc3 in for 0xa9
01-25 00:49:47.032 3579 3579 E ArmVmp : Match on catch block at 0xc3 in for 0xa1
01-25 00:49:47.037 3579 3579 W IInputConnectionWrapper: getTextAfterCursor on
inactive InputConnection
01-25 00:49:47.039 3579 3579 E ArmVmp : Match on catch block at 0xc3 in for 0xa9
01-25 00:49:47.044 3579 3579 E ArmVmp : Match on catch block at 0xc3 in for 0xa1
01-25 00:49:47.049 3579 3579 W IInputConnectionWrapper: getSelectedText on
inactive InputConnection
01-25 00:49:47.052 3579 3579 E ArmVmp : Match on catch block at 0xc3 in for 0xa9
01-25 00:49:47.059 3579 3579 E ArmVmp : Match on catch block at 0xc3 in for 0xa1
01-25 00:49:47.069 3579 3579 E ArmVmp : Match on catch block at 0xc3 in for 0xa9
01-25 00:49:47.075 3579 3579 E ArmVmp : Match on catch block at 0xc3 in for 0xa1
01-25 00:49:47.091 3579 3579 E ArmVmp : Match on catch block at 0xc3 in for 0xa9
01-25 00:49:47.097 3579 3579 E ArmVmp : Match on catch block at 0xc3 in for 0xa1
01-25 00:49:47.104 3579 3579 E ArmVmp : Match on catch block at 0xc3 in for 0xa9
01-25 00:49:47.110 3579 3579 E ArmVmp : Match on catch block at 0xc3 in for 0xa1
01-25 00:49:47.121 3579 3579 E ArmVmp : Match on catch block at 0xc3 in for 0xa9
01-25 00:49:47.128 3579 3579 E ArmVmp : Match on catch block at 0xc3 in for 0xa1
01-25 00:49:47.133 3579 3579 W IInputConnectionWrapper: performPrivateCommand on
inactive InputConnection
01-25 00:49:47.139 3579 3579 E ArmVmp : Match on catch block at 0xc3 in for 0xa9
01-25 00:49:47.144 3579 3579 E ArmVmp : Match on catch block at 0xc3 in for 0xa1
01-25 00:49:47.159 3579 3579 E ArmVmp : Match on catch block at 0xc3 in for 0xa9
01-25 00:49:47.163 3579 3579 E ArmVmp : Match on catch block at 0xc3 in for 0xa1
01-25 00:49:47.174 3579 3579 E ArmVmp : Match on catch block at 0xc3 in for 0xa9
01-25 00:49:47.178 3579 3579 E ArmVmp : Match on catch block at 0xc3 in for 0xa1
01-25 00:49:47.262 3579 3579 E ArmVmp : Match on catch block at 0xc3 in for 0xa9
01-25 00:49:47.269 3579 3579 E ArmVmp : Match on catch block at 0xc3 in for 0xa1
01-25 00:49:47.361 3579 3579 E ArmVmp : Match on catch block at 0xc3 in for 0xa9
01-25 00:49:47.368 3579 3579 E ArmVmp : Match on catch block at 0xc3 in for 0xa1
01-25 00:49:47.391 3579 3579 E ArmVmp : Match on catch block at 0xc3 in for 0xa9
01-25 00:49:47.397 3579 3579 E ArmVmp : Match on catch block at 0xc3 in for 0xa1
01-25 00:49:47.465 3579 3579 E ArmVmp : Match on catch block at 0xc3 in for 0xa1
01-25 00:49:47.471 3579 3579 E ArmVmp : Match on catch block at 0xc3 in for 0xa5
01-25 00:49:47.561 3579 3579 E ArmVmp : Match on catch block at 0xc3 in for 0xa5
01-25 00:49:47.564 3579 3579 E ArmVmp : Match on catch block at 0xc3 in for 0xa9
01-25 00:49:47.573 3579 3579 E ArmVmp : Match on catch block at 0xc3 in for 0xa5
01-25 00:49:47.577 3579 3579 E ArmVmp : Match on catch block at 0xc3 in for 0xa9
01-25 00:49:47.765 3579 3579 E ArmVmp : Match on catch block at 0xc3 in for 0xa5
01-25 00:49:47.770 3579 3579 E ArmVmp : Match on catch block at 0xc3 in for 0xa9
01-25 00:49:48.025 3579 3579 E ArmVmp : Match on catch block at 0xc3 in for 0xa1
01-25 00:49:48.030 3579 3579 E ArmVmp : Match on catch block at 0xc3 in for 0xa5
01-25 00:49:48.128 3579 3579 E ArmVmp : Match on catch block at 0xc3 in for 0xa5
01-25 00:49:48.131 3579 3579 E ArmVmp : Match on catch block at 0xc3 in for 0xa9
01-25 00:49:48.204 3579 3579 E GraphicExt:
GraphicExtModuleLoader::CreateGraphicExtInstance false
01-25 00:49:48.405 3579 3579 E ArmVmp : Match on catch block at 0xc3 in for 0xa9
01-25 00:49:48.409 3579 3579 E ArmVmp : Match on catch block at 0xc3 in for 0xa1
01-25 00:49:48.502 3579 3579 W IInputConnectionWrapper: requestCursorAnchorInfo
on inactive InputConnection
01-25 00:49:48.572 3579 3579 E GraphicExt:
GraphicExtModuleLoader::CreateGraphicExtInstance false
01-25 00:49:50.211 3579 3579 W ActivityThread: handleWindowVisibility: no
activity for token android.os.BinderProxy@18f037d
01-25 00:49:50.518 3579 3579 E ArmVmp : Match on catch block at 0x0a in for 0xc1
01-25 00:49:50.523 3579 3579 E ArmVmp : Match on catch block at 0x0a in for 0xc9
01-25 00:49:50.619 3579 3579 E GraphicExt:
GraphicExtModuleLoader::CreateGraphicExtInstance false
01-25 00:49:50.855 3579 3579 E ArmVmp : Match on catch block at 0xc3 in for 0xb9
01-25 00:49:50.861 3579 3579 E ArmVmp : Match on catch block at 0xc3 in for 0xb9
01-25 00:49:50.973 3579 3579 E ArmVmp : Match on catch block at 0xc3 in for 0xa1
01-25 00:49:50.977 3579 3579 E ArmVmp : Match on catch block at 0xc3 in for 0xa5
01-25 00:49:51.028 3579 3579 E ArmVmp : Match on catch block at 0xc3 in for 0xa5
01-25 00:49:51.033 3579 3579 E ArmVmp : Match on catch block at 0xc3 in for 0xa9
01-25 00:49:51.100 3579 3579 E ArmVmp : Match on catch block at 0xc3 in for 0xa5
01-25 00:49:51.106 3579 3579 E ArmVmp : Match on catch block at 0xc3 in for 0xa9
01-25 00:49:51.395 3579 3579 E ArmVmp : Match on catch block at 0xc3 in for 0xa9
01-25 00:49:51.400 3579 3579 E ArmVmp : Match on catch block at 0xc3 in for 0xa1
01-25 00:49:51.412 3579 3579 E ArmVmp : Match on catch block at 0xc3 in for 0xa1
01-25 00:49:51.418 3579 3579 E ArmVmp : Match on catch block at 0xc3 in for 0xa5
01-25 00:49:51.429 3579 3579 E ArmVmp : Match on catch block at 0xc3 in for 0xa5
01-25 00:49:51.434 3579 3579 E ArmVmp : Match on catch block at 0xc3 in for 0xa9
01-25 00:49:51.447 3579 3579 E ArmVmp : Match on catch block at 0xc3 in for 0xa9
01-25 00:49:51.451 3579 3579 E ArmVmp : Match on catch block at 0xc3 in for 0xa1
01-25 00:49:51.463 3579 3579 E ArmVmp : Match on catch block at 0xc3 in for 0xa1
01-25 00:49:51.467 3579 3579 E ArmVmp : Match on catch block at 0xc3 in for 0xa5
01-25 00:49:51.481 3579 3579 E ArmVmp : Match on catch block at 0xc3 in for 0xa5
01-25 00:49:51.485 3579 3579 E ArmVmp : Match on catch block at 0xc3 in for 0xa9
01-25 00:49:51.499 3579 3579 E ArmVmp : Match on catch block at 0xc3 in for 0xa9
01-25 00:49:51.504 3579 3579 E ArmVmp : Match on catch block at 0xc3 in for 0xa1
01-25 00:49:51.516 3579 3579 E ArmVmp : Match on catch block at 0xc3 in for 0xa1
01-25 00:49:51.520 3579 3579 E ArmVmp : Match on catch block at 0xc3 in for 0xa5
01-25 00:49:51.533 3579 3579 E ArmVmp : Match on catch block at 0xc3 in for 0xa5
01-25 00:49:51.537 3579 3579 E ArmVmp : Match on catch block at 0xc3 in for 0xa9
01-25 00:49:51.550 3579 3579 E ArmVmp : Match on catch block at 0xc3 in for 0xa9
01-25 00:49:51.555 3579 3579 E ArmVmp : Match on catch block at 0xc3 in for 0xa1
01-25 00:49:51.568 3579 3579 E ArmVmp : Match on catch block at 0xc3 in for 0xa1
01-25 00:49:51.572 3579 3579 E ArmVmp : Match on catch block at 0xc3 in for 0xa5
01-25 00:49:51.585 3579 3579 E ArmVmp : Match on catch block at 0xc3 in for 0xa5
01-25 00:49:51.589 3579 3579 E ArmVmp : Match on catch block at 0xc3 in for 0xa9
01-25 00:49:51.603 3579 3579 E ArmVmp : Match on catch block at 0xc3 in for 0xa9
01-25 00:49:51.607 3579 3579 E ArmVmp : Match on catch block at 0xc3 in for 0xa1
01-25 00:49:51.620 3579 3579 E ArmVmp : Match on catch block at 0xc3 in for 0xa1
01-25 00:49:51.624 3579 3579 E ArmVmp : Match on catch block at 0xc3 in for 0xa5
01-25 00:49:51.637 3579 3579 E ArmVmp : Match on catch block at 0xc3 in for 0xa5
01-25 00:49:51.642 3579 3579 E ArmVmp : Match on catch block at 0xc3 in for 0xa9
01-25 00:49:51.655 3579 3579 E ArmVmp : Match on catch block at 0xc3 in for 0xa9
01-25 00:49:51.659 3579 3579 E ArmVmp : Match on catch block at 0xc3 in for 0xa1
01-25 00:49:51.672 3579 3579 E ArmVmp : Match on catch block at 0xc3 in for 0xa1
01-25 00:49:51.676 3579 3579 E ArmVmp : Match on catch block at 0xc3 in for 0xa5
01-25 00:49:51.689 3579 3579 E ArmVmp : Match on catch block at 0xc3 in for 0xa5
01-25 00:49:51.693 3579 3579 E ArmVmp : Match on catch block at 0xc3 in for 0xa9
01-25 00:49:51.707 3579 3579 E ArmVmp : Match on catch block at 0xc3 in for 0xa9
01-25 00:49:51.711 3579 3579 E ArmVmp : Match on catch block at 0xc3 in for 0xa1
01-25 00:49:52.020 3579 3579 E ArmVmp : Match on catch block at 0xc3 in for 0xa1
01-25 00:49:52.024 3579 3579 E ArmVmp : Match on catch block at 0xc3 in for 0xa5
01-25 00:49:52.422 3579 3579 E ArmVmp : Match on catch block at 0xc3 in for 0xa5
01-25 00:49:52.427 3579 3579 E ArmVmp : Match on catch block at 0xc3 in for 0xa9
01-25 00:49:52.474 3579 3579 E ArmVmp : Match on catch block at 0xc3 in for 0xa9
01-25 00:49:52.480 3579 3579 E ArmVmp : Match on catch block at 0xc3 in for 0xa1
01-25 00:49:52.592 3579 3579 E ArmVmp : Match on catch block at 0xc3 in for 0xa5
01-25 00:49:52.598 3579 3579 E ArmVmp : Match on catch block at 0xc3 in for 0xa9
01-25 00:49:52.896 3579 3579 E ArmVmp : Match on catch block at 0xc3 in for 0xa9
01-25 00:49:52.901 3579 3579 E ArmVmp : Match on catch block at 0xc3 in for 0xa1
01-25 00:49:52.987 3579 3579 E ArmVmp : Match on catch block at 0xc3 in for 0xa9
01-25 00:49:52.991 3579 3579 E ArmVmp : Match on catch block at 0xc3 in for 0xa1
01-25 00:49:53.224 3579 3579 E ArmVmp : Match on catch block at 0xc3 in for 0xa9
01-25 00:49:53.229 3579 3579 E ArmVmp : Match on catch block at 0xc3 in for 0xa1
01-25 00:49:53.345 3579 3579 E ArmVmp : Match on catch block at 0xc3 in for 0xa1
01-25 00:49:53.349 3579 3579 E ArmVmp : Match on catch block at 0xc3 in for 0xa5
01-25 00:49:53.402 3579 3579 E ArmVmp : Match on catch block at 0xc3 in for 0xa9
01-25 00:49:53.407 3579 3579 E ArmVmp : Match on catch block at 0xc3 in for 0xa1
01-25 00:49:53.573 3579 3579 E ArmVmp : Match on catch block at 0xc3 in for 0xa1
01-25 00:49:53.577 3579 3579 E ArmVmp : Match on catch block at 0xc3 in for 0xa5
01-25 00:49:53.682 3579 3579 E ArmVmp : Match on catch block at 0xc3 in for 0xa1
01-25 00:49:53.686 3579 3579 E ArmVmp : Match on catch block at 0xc3 in for 0xa5
01-25 00:49:53.853 3579 3593 W System : A resource failed to call close.
01-25 00:49:53.868 3579 3579 E ArmVmp : Match on catch block at 0xc3 in for 0xa9
01-25 00:49:53.873 3579 3579 E ArmVmp : Match on catch block at 0xc3 in for 0xa1
01-25 00:49:54.075 3579 3579 E ArmVmp : Match on catch block at 0xc3 in for 0xa1
01-25 00:49:54.081 3579 3579 E ArmVmp : Match on catch block at 0xc3 in for 0xa5
01-25 00:49:54.265 3579 3579 E ArmVmp : Match on catch block at 0xc3 in for 0xa9
01-25 00:49:54.269 3579 3579 E ArmVmp : Match on catch block at 0xc3 in for 0xa1
01-25 00:49:54.286 3579 3579 E ArmVmp : Match on catch block at 0xc3 in for 0xa1
01-25 00:49:54.290 3579 3579 E ArmVmp : Match on catch block at 0xc3 in for 0xa5
01-25 00:49:54.304 3579 3579 E ArmVmp : Match on catch block at 0xc3 in for 0xa5
01-25 00:49:54.308 3579 3579 E ArmVmp : Match on catch block at 0xc3 in for 0xa9
01-25 00:49:54.317 3579 3579 E ArmVmp : Match on catch block at 0xc3 in for 0xa9
01-25 00:49:54.321 3579 3579 E ArmVmp : Match on catch block at 0xc3 in for 0xa1
01-25 00:49:54.347 3579 3579 E ArmVmp : Match on catch block at 0xc3 in for 0xa1
01-25 00:49:54.350 3579 3579 E ArmVmp : Match on catch block at 0xc3 in for 0xa5
01-25 00:49:54.357 3579 3579 E ArmVmp : Match on catch block at 0xc3 in for 0xa9
01-25 00:49:54.361 3579 3579 E ArmVmp : Match on catch block at 0xc3 in for 0xa1
01-25 00:49:54.374 3579 3579 E ArmVmp : Match on catch block at 0xc3 in for 0xa9
01-25 00:49:54.380 3579 3579 E ArmVmp : Match on catch block at 0xc3 in for 0xa1
01-25 00:49:54.387 3579 3579 E ArmVmp : Match on catch block at 0xc3 in for 0xa5
01-25 00:49:54.391 3579 3579 E ArmVmp : Match on catch block at 0xc3 in for 0xa9
01-25 00:49:54.423 3579 3579 E ArmVmp : Match on catch block at 0xc3 in for 0xa5
01-25 00:49:54.427 3579 3579 E ArmVmp : Match on catch block at 0xc3 in for 0xa9
01-25 00:49:54.434 3579 3579 E ArmVmp : Match on catch block at 0xc3 in for 0xa1
01-25 00:49:54.438 3579 3579 E ArmVmp : Match on catch block at 0xc3 in for 0xa5
01-25 00:49:54.446 3579 3579 E ArmVmp : Match on catch block at 0xc3 in for 0xa9
01-25 00:49:54.451 3579 3579 E ArmVmp : Match on catch block at 0xc3 in for 0xa1
01-25 00:49:54.459 3579 3579 E ArmVmp : Match on catch block at 0xc3 in for 0xa5
01-25 00:49:54.462 3579 3579 E ArmVmp : Match on catch block at 0xc3 in for 0xa9
01-25 00:49:54.482 3579 3579 E ArmVmp : Match on catch block at 0xc3 in for 0xa1
01-25 00:49:54.487 3579 3579 E ArmVmp : Match on catch block at 0xc3 in for 0xa5
01-25 00:49:54.508 3579 3579 E ArmVmp : Match on catch block at 0xc3 in for 0xa9
01-25 00:49:54.512 3579 3579 E ArmVmp : Match on catch block at 0xc3 in for 0xa1
01-25 00:49:54.520 3579 3579 E ArmVmp : Match on catch block at 0xc3 in for 0xa5
01-25 00:49:54.525 3579 3579 E ArmVmp : Match on catch block at 0xc3 in for 0xa9
01-25 00:49:54.561 3579 3579 E ArmVmp : Match on catch block at 0xc3 in for 0xa1
01-25 00:49:54.565 3579 3579 E ArmVmp : Match on catch block at 0xc3 in for 0xa5
01-25 00:49:54.572 3579 3579 E ArmVmp : Match on catch block at 0xc3 in for 0xa9
01-25 00:49:54.577 3579 3579 E ArmVmp : Match on catch block at 0xc3 in for 0xa1
01-25 00:49:54.584 3579 3579 E ArmVmp : Match on catch block at 0xc3 in for 0xa5
01-25 00:49:54.589 3579 3579 E ArmVmp : Match on catch block at 0xc3 in for 0xa9
01-25 00:49:54.608 3579 3579 E ArmVmp : Match on catch block at 0xc3 in for 0xa9
01-25 00:49:54.613 3579 3579 E ArmVmp : Match on catch block at 0xc3 in for 0xa1
01-25 00:49:54.623 3579 3579 E ArmVmp : Match on catch block at 0xc3 in for 0xa5
01-25 00:49:54.627 3579 3579 E ArmVmp : Match on catch block at 0xc3 in for 0xa9
01-25 00:49:54.635 3579 3579 E ArmVmp : Match on catch block at 0xc3 in for 0xa9
01-25 00:49:54.640 3579 3579 E ArmVmp : Match on catch block at 0xc3 in for 0xa1
01-25 00:49:54.647 3579 3579 E ArmVmp : Match on catch block at 0xc3 in for 0xa5
01-25 00:49:54.652 3579 3579 E ArmVmp : Match on catch block at 0xc3 in for 0xa9
01-25 00:49:54.661 3579 3579 E ArmVmp : Match on catch block at 0xc3 in for 0xa9
01-25 00:49:54.665 3579 3579 E ArmVmp : Match on catch block at 0xc3 in for 0xa1
01-25 00:49:54.679 3579 3579 E ArmVmp : Match on catch block at 0xc3 in for 0xa5
01-25 00:49:54.683 3579 3579 E ArmVmp : Match on catch block at 0xc3 in for 0xa9
01-25 00:49:54.696 3579 3579 E ArmVmp : Match on catch block at 0xc3 in for 0xa9
01-25 00:49:54.699 3579 3579 E ArmVmp : Match on catch block at 0xc3 in for 0xa1
01-25 00:49:54.713 3579 3579 E ArmVmp : Match on catch block at 0xc3 in for 0xa1
01-25 00:49:54.717 3579 3579 E ArmVmp : Match on catch block at 0xc3 in for 0xa5
01-25 00:49:54.730 3579 3579 E ArmVmp : Match on catch block at 0xc3 in for 0xa5
01-25 00:49:54.734 3579 3579 E ArmVmp : Match on catch block at 0xc3 in for 0xa9
01-25 00:49:54.748 3579 3579 E ArmVmp : Match on catch block at 0xc3 in for 0xa9
01-25 00:49:54.752 3579 3579 E ArmVmp : Match on catch block at 0xc3 in for 0xa1
01-25 00:49:54.765 3579 3579 E ArmVmp : Match on catch block at 0xc3 in for 0xa1
01-25 00:49:54.769 3579 3579 E ArmVmp : Match on catch block at 0xc3 in for 0xa5
01-25 00:49:54.782 3579 3579 E ArmVmp : Match on catch block at 0xc3 in for 0xa5
01-25 00:49:54.786 3579 3579 E ArmVmp : Match on catch block at 0xc3 in for 0xa9
01-25 00:49:54.800 3579 3579 E ArmVmp : Match on catch block at 0xc3 in for 0xa9
01-25 00:49:54.804 3579 3579 E ArmVmp : Match on catch block at 0xc3 in for 0xa1
01-25 00:49:54.817 3579 3579 E ArmVmp : Match on catch block at 0xc3 in for 0xa1
01-25 00:49:54.821 3579 3579 E ArmVmp : Match on catch block at 0xc3 in for 0xa5
01-25 00:49:54.835 3579 3579 E ArmVmp : Match on catch block at 0xc3 in for 0xa5
01-25 00:49:54.838 3579 3579 E ArmVmp : Match on catch block at 0xc3 in for 0xa9
01-25 00:49:54.852 3579 3579 E ArmVmp : Match on catch block at 0xc3 in for 0xa9
01-25 00:49:54.856 3579 3579 E ArmVmp : Match on catch block at 0xc3 in for 0xa1
01-25 00:49:54.883 3579 3579 E ArmVmp : Match on catch block at 0xc3 in for 0xa5
01-25 00:49:54.887 3579 3579 E ArmVmp : Match on catch block at 0xc3 in for 0xa9
01-25 00:49:54.895 3579 3579 E ArmVmp : Match on catch block at 0xc3 in for 0xa9
01-25 00:49:54.900 3579 3579 E ArmVmp : Match on catch block at 0xc3 in for 0xa1
01-25 00:49:54.908 3579 3579 E ArmVmp : Match on catch block at 0xc3 in for 0xa1
01-25 00:49:54.912 3579 3579 E ArmVmp : Match on catch block at 0xc3 in for 0xa5
01-25 00:49:54.921 3579 3579 E ArmVmp : Match on catch block at 0xc3 in for 0xa5
01-25 00:49:54.926 3579 3579 E ArmVmp : Match on catch block at 0xc3 in for 0xa9
01-25 00:49:54.954 3579 3579 E ArmVmp : Match on catch block at 0xc3 in for 0xa9
01-25 00:49:54.959 3579 3579 E ArmVmp : Match on catch block at 0xc3 in for 0xa1
01-25 00:49:54.998 3579 3579 E ArmVmp : Match on catch block at 0xc3 in for 0xa9
01-25 00:49:55.003 3579 3579 E ArmVmp : Match on catch block at 0xc3 in for 0xa1
01-25 00:49:55.012 3579 3579 E ArmVmp : Match on catch block at 0xc3 in for 0xa5
01-25 00:49:55.017 3579 3579 E ArmVmp : Match on catch block at 0xc3 in for 0xa9
01-25 00:49:55.025 3579 3579 E ArmVmp : Match on catch block at 0xc3 in for 0xa1
01-25 00:49:55.029 3579 3579 E ArmVmp : Match on catch block at 0xc3 in for 0xa5
01-25 00:49:55.061 3579 3579 E ArmVmp : Match on catch block at 0xc3 in for 0xa1
01-25 00:49:55.065 3579 3579 E ArmVmp : Match on catch block at 0xc3 in for 0xa5
01-25 00:49:55.073 3579 3579 E ArmVmp : Match on catch block at 0xc3 in for 0xa9
01-25 00:49:55.077 3579 3579 E ArmVmp : Match on catch block at 0xc3 in for 0xa1
01-25 00:49:55.085 3579 3579 E ArmVmp : Match on catch block at 0xc3 in for 0xa5
01-25 00:49:55.089 3579 3579 E ArmVmp : Match on catch block at 0xc3 in for 0xa9
01-25 00:49:55.115 3579 3579 E ArmVmp : Match on catch block at 0xc3 in for 0xa9
01-25 00:49:55.119 3579 3579 E ArmVmp : Match on catch block at 0xc3 in for 0xa1
01-25 00:49:55.127 3579 3579 E ArmVmp : Match on catch block at 0xc3 in for 0xa5
01-25 00:49:55.133 3579 3579 E ArmVmp : Match on catch block at 0xc3 in for 0xa9
01-25 00:49:55.158 3579 3579 E ArmVmp : Match on catch block at 0xc3 in for 0xa5
01-25 00:49:55.162 3579 3579 E ArmVmp : Match on catch block at 0xc3 in for 0xa9
01-25 00:49:55.169 3579 3579 E ArmVmp : Match on catch block at 0xc3 in for 0xa1
01-25 00:49:55.173 3579 3579 E ArmVmp : Match on catch block at 0xc3 in for 0xa5
01-25 00:49:55.196 3579 3579 E ArmVmp : Match on catch block at 0xc3 in for 0xa1
01-25 00:49:55.199 3579 3579 E ArmVmp : Match on catch block at 0xc3 in for 0xa5
01-25 00:49:55.207 3579 3579 E ArmVmp : Match on catch block at 0xc3 in for 0xa9
01-25 00:49:55.212 3579 3579 E ArmVmp : Match on catch block at 0xc3 in for 0xa1
01-25 00:49:55.237 3579 3579 E ArmVmp : Match on catch block at 0xc3 in for 0xa5
01-25 00:49:55.241 3579 3579 E ArmVmp : Match on catch block at 0xc3 in for 0xa9
01-25 00:49:55.320 3579 3579 E ArmVmp : Match on catch block at 0xc3 in for 0xa9
01-25 00:49:55.324 3579 3579 E ArmVmp : Match on catch block at 0xc3 in for 0xa1
01-25 00:49:55.335 3579 3579 E ArmVmp : Match on catch block at 0xc3 in for 0xa5
01-25 00:49:55.351 3579 3579 E ArmVmp : Match on catch block at 0xc3 in for 0xa9
01-25 00:49:55.407 3579 3579 E ArmVmp : Match on catch block at 0xc3 in for 0xa9
01-25 00:49:55.417 3579 3579 E ArmVmp : Match on catch block at 0xc3 in for 0xa1
01-25 00:49:55.428 3579 3579 E ArmVmp : Match on catch block at 0xc3 in for 0xa9
01-25 00:49:55.431 3579 3579 E ArmVmp : Match on catch block at 0xc3 in for 0xa1
01-25 00:49:55.451 3579 3579 E ArmVmp : Match on catch block at 0xc3 in for 0xa9
01-25 00:49:55.454 3579 3579 E ArmVmp : Match on catch block at 0xc3 in for 0xa1
01-25 00:49:55.477 3579 3579 E ArmVmp : Match on catch block at 0xc3 in for 0xa9
01-25 00:49:55.480 3579 3579 E ArmVmp : Match on catch block at 0xc3 in for 0xa1
01-25 00:49:55.502 3579 3579 E ArmVmp : Match on catch block at 0xc3 in for 0xa9
01-25 00:49:55.506 3579 3579 E ArmVmp : Match on catch block at 0xc3 in for 0xa1
01-25 00:49:55.543 3579 3579 E ArmVmp : Match on catch block at 0xc3 in for 0xa5
01-25 00:49:55.547 3579 3579 E ArmVmp : Match on catch block at 0xc3 in for 0xa9
01-25 00:49:55.587 3579 3579 E ArmVmp : Match on catch block at 0xc3 in for 0xa1
01-25 00:49:55.591 3579 3579 E ArmVmp : Match on catch block at 0xc3 in for 0xa5
01-25 00:49:55.600 3579 3579 E ArmVmp : Match on catch block at 0xc3 in for 0xa5
01-25 00:49:55.603 3579 3579 E ArmVmp : Match on catch block at 0xc3 in for 0xa9
01-25 00:49:55.616 3579 3579 E ArmVmp : Match on catch block at 0xc3 in for 0xa9
01-25 00:49:55.620 3579 3579 E ArmVmp : Match on catch block at 0xc3 in for 0xa1
01-25 00:49:55.634 3579 3579 E ArmVmp : Match on catch block at 0xc3 in for 0xa1
01-25 00:49:55.637 3579 3579 E ArmVmp : Match on catch block at 0xc3 in for 0xa5
01-25 00:49:55.652 3579 3579 E ArmVmp : Match on catch block at 0xc3 in for 0xa1
01-25 00:49:55.655 3579 3579 E ArmVmp : Match on catch block at 0xc3 in for 0xa5
01-25 00:49:55.668 3579 3579 E ArmVmp : Match on catch block at 0xc3 in for 0xa1
01-25 00:49:55.672 3579 3579 E ArmVmp : Match on catch block at 0xc3 in for 0xa5
01-25 00:49:55.686 3579 3579 E ArmVmp : Match on catch block at 0xc3 in for 0xa1
01-25 00:49:55.689 3579 3579 E ArmVmp : Match on catch block at 0xc3 in for 0xa5
01-25 00:49:55.704 3579 3579 E ArmVmp : Match on catch block at 0xc3 in for 0xa5
01-25 00:49:55.707 3579 3579 E ArmVmp : Match on catch block at 0xc3 in for 0xa9
01-25 00:49:55.722 3579 3579 E ArmVmp : Match on catch block at 0xc3 in for 0xa9
01-25 00:49:55.725 3579 3579 E ArmVmp : Match on catch block at 0xc3 in for 0xa1
01-25 00:49:55.740 3579 3579 E ArmVmp : Match on catch block at 0xc3 in for 0xa1
01-25 00:49:55.744 3579 3579 E ArmVmp : Match on catch block at 0xc3 in for 0xa5
01-25 00:49:55.756 3579 3579 E ArmVmp : Match on catch block at 0xc3 in for 0xa5
01-25 00:49:55.761 3579 3579 E ArmVmp : Match on catch block at 0xc3 in for 0xa9
01-25 00:49:55.773 3579 3579 E ArmVmp : Match on catch block at 0xc3 in for 0xa9
01-25 00:49:55.778 3579 3579 E ArmVmp : Match on catch block at 0xc3 in for 0xa1
01-25 00:49:55.791 3579 3579 E ArmVmp : Match on catch block at 0xc3 in for 0xa1
01-25 00:49:55.795 3579 3579 E ArmVmp : Match on catch block at 0xc3 in for 0xa5
01-25 00:49:55.811 3579 3579 E ArmVmp : Match on catch block at 0xc3 in for 0xa9
01-25 00:49:55.814 3579 3579 E ArmVmp : Match on catch block at 0xc3 in for 0xa1
01-25 00:49:55.830 3579 3579 E ArmVmp : Match on catch block at 0xc3 in for 0xa1
01-25 00:49:55.834 3579 3579 E ArmVmp : Match on catch block at 0xc3 in for 0xa5
01-25 00:49:55.848 3579 3579 E ArmVmp : Match on catch block at 0xc3 in for 0xa5
01-25 00:49:55.853 3579 3579 E ArmVmp : Match on catch block at 0xc3 in for 0xa9
01-25 00:49:55.884 3579 3579 E ArmVmp : Match on catch block at 0xc3 in for 0xa9
01-25 00:49:55.888 3579 3579 E ArmVmp : Match on catch block at 0xc3 in for 0xa1
01-25 00:49:55.901 3579 3579 E ArmVmp : Match on catch block at 0xc3 in for 0xa5
01-25 00:49:55.906 3579 3579 E ArmVmp : Match on catch block at 0xc3 in for 0xa9
01-25 00:49:55.912 3579 3579 E ArmVmp : Match on catch block at 0xc3 in for 0xa1
01-25 00:49:55.916 3579 3579 E ArmVmp : Match on catch block at 0xc3 in for 0xa5
01-25 00:49:55.940 3579 3579 E ArmVmp : Match on catch block at 0xc3 in for 0xa1
01-25 00:49:55.943 3579 3579 E ArmVmp : Match on catch block at 0xc3 in for 0xa5
01-25 00:49:55.950 3579 3579 E ArmVmp : Match on catch block at 0xc3 in for 0xa9
01-25 00:49:55.953 3579 3579 E ArmVmp : Match on catch block at 0xc3 in for 0xa1
01-25 00:49:55.963 3579 3579 E ArmVmp : Match on catch block at 0xc3 in for 0xa5
01-25 00:49:55.967 3579 3579 E ArmVmp : Match on catch block at 0xc3 in for 0xa9
01-25 00:49:55.993 3579 3579 E ArmVmp : Match on catch block at 0xc3 in for 0xa9
01-25 00:49:56.000 3579 3579 E ArmVmp : Match on catch block at 0xc3 in for 0xa1
01-25 00:49:56.014 3579 3579 E ArmVmp : Match on catch block at 0xc3 in for 0xa9
01-25 00:49:56.021 3579 3579 E ArmVmp : Match on catch block at 0xc3 in for 0xa1
01-25 00:49:56.029 3579 3579 E ArmVmp : Match on catch block at 0xc3 in for 0xa5
01-25 00:49:56.035 3579 3579 E ArmVmp : Match on catch block at 0xc3 in for 0xa9
01-25 00:49:56.044 3579 3579 E ArmVmp : Match on catch block at 0xc3 in for 0xa1
01-25 00:49:56.055 3579 3579 E ArmVmp : Match on catch block at 0xc3 in for 0xa5
01-25 00:49:56.063 3579 3579 E ArmVmp : Match on catch block at 0xc3 in for 0xa1
01-25 00:49:56.070 3579 3579 E ArmVmp : Match on catch block at 0xc3 in for 0xa5
01-25 00:49:56.078 3579 3579 E ArmVmp : Match on catch block at 0xc3 in for 0xa9
01-25 00:49:56.082 3579 3579 E ArmVmp : Match on catch block at 0xc3 in for 0xa1
01-25 00:49:56.094 3579 3579 E ArmVmp : Match on catch block at 0xc3 in for 0xa1
01-25 00:49:56.098 3579 3579 E ArmVmp : Match on catch block at 0xc3 in for 0xa5
01-25 00:49:56.114 3579 3579 E ArmVmp : Match on catch block at 0xc3 in for 0xa9
01-25 00:49:56.120 3579 3579 E ArmVmp : Match on catch block at 0xc3 in for 0xa1
01-25 00:49:56.142 3579 3579 E ArmVmp : Match on catch block at 0xc3 in for 0xa9
01-25 00:49:56.146 3579 3579 E ArmVmp : Match on catch block at 0xc3 in for 0xa1
01-25 00:49:56.155 3579 3579 E ArmVmp : Match on catch block at 0xc3 in for 0xa1
01-25 00:49:56.159 3579 3579 E ArmVmp : Match on catch block at 0xc3 in for 0xa5
01-25 00:49:56.188 3579 3579 E ArmVmp : Match on catch block at 0xc3 in for 0xa5
01-25 00:49:56.191 3579 3579 E ArmVmp : Match on catch block at 0xc3 in for 0xa9
01-25 00:49:56.201 3579 3579 E ArmVmp : Match on catch block at 0xc3 in for 0xa9
01-25 00:49:56.207 3579 3579 E ArmVmp : Match on catch block at 0xc3 in for 0xa1
01-25 00:49:56.215 3579 3579 E ArmVmp : Match on catch block at 0xc3 in for 0xa1
01-25 00:49:56.219 3579 3579 E ArmVmp : Match on catch block at 0xc3 in for 0xa5
01-25 00:49:56.226 3579 3579 E ArmVmp : Match on catch block at 0xc3 in for 0xa5
01-25 00:49:56.230 3579 3579 E ArmVmp : Match on catch block at 0xc3 in for 0xa9
01-25 00:49:56.248 3579 3579 E ArmVmp : Match on catch block at 0xc3 in for 0xa9
01-25 00:49:56.251 3579 3579 E ArmVmp : Match on catch block at 0xc3 in for 0xa1
01-25 00:49:56.261 3579 3579 E ArmVmp : Match on catch block at 0xc3 in for 0xa1
01-25 00:49:56.266 3579 3579 E ArmVmp : Match on catch block at 0xc3 in for 0xa5
01-25 00:49:56.285 3579 3579 E ArmVmp : Match on catch block at 0xc3 in for 0xa9
01-25 00:49:56.289 3579 3579 E ArmVmp : Match on catch block at 0xc3 in for 0xa1
01-25 00:49:56.297 3579 3579 E ArmVmp : Match on catch block at 0xc3 in for 0xa5
01-25 00:49:56.301 3579 3579 E ArmVmp : Match on catch block at 0xc3 in for 0xa9
01-25 00:49:56.310 3579 3579 E ArmVmp : Match on catch block at 0xc3 in for 0xa1
01-25 00:49:56.315 3579 3579 E ArmVmp : Match on catch block at 0xc3 in for 0xa5
01-25 00:49:56.328 3579 3579 E ArmVmp : Match on catch block at 0xc3 in for 0xa9
01-25 00:49:56.334 3579 3579 E ArmVmp : Match on catch block at 0xc3 in for 0xa1
01-25 00:49:56.346 3579 3579 E ArmVmp : Match on catch block at 0xc3 in for 0xa5
01-25 00:49:56.353 3579 3579 E ArmVmp : Match on catch block at 0xc3 in for 0xa9
01-25 00:49:56.363 3579 3579 E ArmVmp : Match on catch block at 0xc3 in for 0xa1
01-25 00:49:56.371 3579 3579 E ArmVmp : Match on catch block at 0xc3 in for 0xa5
01-25 00:49:56.386 3579 3579 E ArmVmp : Match on catch block at 0xc3 in for 0xa9
01-25 00:49:56.391 3579 3579 E ArmVmp : Match on catch block at 0xc3 in for 0xa1
01-25 00:49:56.411 3579 3579 E ArmVmp : Match on catch block at 0xc3 in for 0xa9
01-25 00:49:56.416 3579 3579 E ArmVmp : Match on catch block at 0xc3 in for 0xa1
01-25 00:49:56.424 3579 3579 E ArmVmp : Match on catch block at 0xc3 in for 0xa5
01-25 00:49:56.430 3579 3579 E ArmVmp : Match on catch block at 0xc3 in for 0xa9
01-25 00:49:56.442 3579 3579 E ArmVmp : Match on catch block at 0xc3 in for 0xa9
01-25 00:49:56.447 3579 3579 E ArmVmp : Match on catch block at 0xc3 in for 0xa1
01-25 00:49:56.459 3579 3579 E ArmVmp : Match on catch block at 0xc3 in for 0xa1
01-25 00:49:56.465 3579 3579 E ArmVmp : Match on catch block at 0xc3 in for 0xa5
01-25 00:49:56.475 3579 3579 E ArmVmp : Match on catch block at 0xc3 in for 0xa5
01-25 00:49:56.481 3579 3579 E ArmVmp : Match on catch block at 0xc3 in for 0xa9
01-25 00:49:56.492 3579 3579 E ArmVmp : Match on catch block at 0xc3 in for 0xa9
01-25 00:49:56.498 3579 3579 E ArmVmp : Match on catch block at 0xc3 in for 0xa1
01-25 00:49:56.510 3579 3579 E ArmVmp : Match on catch block at 0xc3 in for 0xa1
01-25 00:49:56.516 3579 3579 E ArmVmp : Match on catch block at 0xc3 in for 0xa5
01-25 00:49:56.528 3579 3579 E ArmVmp : Match on catch block at 0xc3 in for 0xa5
01-25 00:49:56.533 3579 3579 E ArmVmp : Match on catch block at 0xc3 in for 0xa9
01-25 00:49:56.544 3579 3579 E ArmVmp : Match on catch block at 0xc3 in for 0xa9
01-25 00:49:56.550 3579 3579 E ArmVmp : Match on catch block at 0xc3 in for 0xa1
01-25 00:49:56.559 3579 3579 E ArmVmp : Match on catch block at 0xc3 in for 0xa1
01-25 00:49:56.566 3579 3579 E ArmVmp : Match on catch block at 0xc3 in for 0xa5
01-25 00:49:56.576 3579 3579 E ArmVmp : Match on catch block at 0xc3 in for 0xa5
01-25 00:49:56.582 3579 3579 E ArmVmp : Match on catch block at 0xc3 in for 0xa9
01-25 00:49:56.593 3579 3579 E ArmVmp : Match on catch block at 0xc3 in for 0xa9
01-25 00:49:56.601 3579 3579 E ArmVmp : Match on catch block at 0xc3 in for 0xa1
01-25 00:49:56.612 3579 3579 E ArmVmp : Match on catch block at 0xc3 in for 0xa1
01-25 00:49:56.617 3579 3579 E ArmVmp : Match on catch block at 0xc3 in for 0xa5
01-25 00:49:56.627 3579 3579 E ArmVmp : Match on catch block at 0xc3 in for 0xa5
01-25 00:49:56.632 3579 3579 E ArmVmp : Match on catch block at 0xc3 in for 0xa9
01-25 00:49:56.642 3579 3579 E ArmVmp : Match on catch block at 0xc3 in for 0xa9
01-25 00:49:56.649 3579 3579 E ArmVmp : Match on catch block at 0xc3 in for 0xa1
01-25 00:49:56.662 3579 3579 E ArmVmp : Match on catch block at 0xc3 in for 0xa1
01-25 00:49:56.668 3579 3579 E ArmVmp : Match on catch block at 0xc3 in for 0xa5
01-25 00:49:56.679 3579 3579 E ArmVmp : Match on catch block at 0xc3 in for 0xa5
01-25 00:49:56.684 3579 3579 E ArmVmp : Match on catch block at 0xc3 in for 0xa9
01-25 00:49:56.694 3579 3579 E ArmVmp : Match on catch block at 0xc3 in for 0xa9
01-25 00:49:56.701 3579 3579 E ArmVmp : Match on catch block at 0xc3 in for 0xa1
01-25 00:49:56.713 3579 3579 E ArmVmp : Match on catch block at 0xc3 in for 0xa9
01-25 00:49:56.720 3579 3579 E ArmVmp : Match on catch block at 0xc3 in for 0xa1
01-25 00:49:56.731 3579 3579 E ArmVmp : Match on catch block at 0xc3 in for 0xa1
01-25 00:49:56.738 3579 3579 E ArmVmp : Match on catch block at 0xc3 in for 0xa5
01-25 00:49:56.749 3579 3579 E ArmVmp : Match on catch block at 0xc3 in for 0xa5
01-25 00:49:56.755 3579 3579 E ArmVmp : Match on catch block at 0xc3 in for 0xa9
01-25 00:49:56.764 3579 3579 E ArmVmp : Match on catch block at 0xc3 in for 0xa9
01-25 00:49:56.770 3579 3579 E ArmVmp : Match on catch block at 0xc3 in for 0xa1
01-25 00:49:56.780 3579 3579 E ArmVmp : Match on catch block at 0xc3 in for 0xa9
01-25 00:49:56.787 3579 3579 E ArmVmp : Match on catch block at 0xc3 in for 0xa1
01-25 00:49:56.800 3579 3579 E ArmVmp : Match on catch block at 0xc3 in for 0xa1
01-25 00:49:56.805 3579 3579 E ArmVmp : Match on catch block at 0xc3 in for 0xa5
01-25 00:49:56.816 3579 3579 E ArmVmp : Match on catch block at 0xc3 in for 0xa5
01-25 00:49:56.821 3579 3579 E ArmVmp : Match on catch block at 0xc3 in for 0xa9
01-25 00:49:56.833 3579 3579 E ArmVmp : Match on catch block at 0xc3 in for 0xa5
