01-25 00:47:40.465 3579 3579 E ArmVmp : Match on catch block at 0xc3 in for 0xa5
01-25 00:47:40.509 3579 3579 E ArmVmp : Match on catch block at 0xc3 in for 0xa9
01-25 00:47:40.513 3579 3579 E ArmVmp : Match on catch block at 0xc3 in for 0xa1
01-25 00:47:40.517 3579 3579 E ArmVmp : Match on catch block at 0xc3 in for 0xa1
01-25 00:47:40.561 3579 3579 E ArmVmp : Match on catch block at 0xc3 in for 0xa5
01-25 00:47:40.568 3579 3579 E ArmVmp : Match on catch block at 0xc3 in for 0xa9
01-25 00:47:40.572 3579 3579 E ArmVmp : Match on catch block at 0xc3 in for 0xa9
01-25 00:47:40.613 3579 3579 E ArmVmp : Match on catch block at 0xc3 in for 0xa1
01-25 00:47:40.622 3579 3579 E ArmVmp : Match on catch block at 0xc3 in for 0xa5
01-25 00:47:40.627 3579 3579 E ArmVmp : Match on catch block at 0xc3 in for 0xa5
01-25 00:47:40.733 3579 3579 E ArmVmp : Match on catch block at 0xc3 in for 0xa9
01-25 00:47:40.740 3579 3579 E ArmVmp : Match on catch block at 0xc3 in for 0xa1
01-25 00:47:40.746 3579 3579 E ArmVmp : Match on catch block at 0xc3 in for 0xa1
01-25 00:47:40.768 3579 3579 E ArmVmp : Match on catch block at 0xc3 in for 0xa5
01-25 00:47:40.774 3579 3579 E ArmVmp : Match on catch block at 0xc3 in for 0xa9
01-25 00:47:40.781 3579 3579 E ArmVmp : Match on catch block at 0xc3 in for 0xa9
01-25 00:47:41.170 3579 3579 E ArmVmp : Match on catch block at 0xc3 in for 0xa1
01-25 00:47:41.176 3579 3579 E ArmVmp : Match on catch block at 0xc3 in for 0xa5
01-25 00:47:41.180 3579 3579 E ArmVmp : Match on catch block at 0xc3 in for 0xa5
01-25 00:47:41.193 3579 3579 E ArmVmp : Match on catch block at 0xc3 in for 0xa9
01-25 00:47:41.200 3579 3579 E ArmVmp : Match on catch block at 0xc3 in for 0xa1
01-25 00:47:41.204 3579 3579 E ArmVmp : Match on catch block at 0xc3 in for 0xa1
01-25 00:47:41.273 3579 3579 E ArmVmp : Match on catch block at 0xc3 in for 0xa5
01-25 00:47:41.277 3579 3579 E ArmVmp : Match on catch block at 0xc3 in for 0xa9
01-25 00:47:41.280 3579 3579 E ArmVmp : Match on catch block at 0xc3 in for 0xa9
01-25 00:47:41.777 3579 3579 E ArmVmp : Match on catch block at 0xc3 in for 0xa1
01-25 00:47:41.781 3579 3579 E ArmVmp : Match on catch block at 0xc3 in for 0xa5
01-25 00:47:41.785 3579 3579 E ArmVmp : Match on catch block at 0xc3 in for 0xa5
01-25 00:47:42.281 3579 3579 E ArmVmp : Match on catch block at 0xc3 in for 0xa9
01-25 00:47:42.285 3579 3579 E ArmVmp : Match on catch block at 0xc3 in for 0xa1
01-25 00:47:42.288 3579 3579 E ArmVmp : Match on catch block at 0xc3 in for 0xa1
01-25 00:47:42.592 3579 3579 E ArmVmp : Match on catch block at 0xc3 in for 0xa1
01-25 00:47:42.597 3579 3579 E ArmVmp : Match on catch block at 0xc3 in for 0xa5
01-25 00:47:42.619 3579 3579 E ArmVmp : Match on catch block at 0xc3 in for 0xa5
01-25 00:47:42.624 3579 3579 E ArmVmp : Match on catch block at 0xc3 in for 0xa9
01-25 00:47:42.628 3579 3579 E ArmVmp : Match on catch block at 0xc3 in for 0xa9
01-25 00:47:42.647 3579 3579 E ArmVmp : Match on catch block at 0xc3 in for 0xa1
01-25 00:47:42.657 3579 3579 E ArmVmp : Match on catch block at 0xc3 in for 0xa5
01-25 00:47:42.661 3579 3579 E ArmVmp : Match on catch block at 0xc3 in for 0xa5
01-25 00:47:42.681 3579 3579 E ArmVmp : Match on catch block at 0xc3 in for 0xa9
01-25 00:47:42.690 3579 3579 E ArmVmp : Match on catch block at 0xc3 in for 0xa1
01-25 00:47:42.695 3579 3579 E ArmVmp : Match on catch block at 0xc3 in for 0xa1
01-25 00:47:42.751 3579 3579 E ArmVmp : Match on catch block at 0xc3 in for 0xa5
01-25 00:47:42.757 3579 3579 E ArmVmp : Match on catch block at 0xc3 in for 0xa9
01-25 00:47:42.762 3579 3579 E ArmVmp : Match on catch block at 0xc3 in for 0xa9
01-25 00:47:42.785 3579 3579 E ArmVmp : Match on catch block at 0xc3 in for 0xa1
01-25 00:47:42.791 3579 3579 E ArmVmp : Match on catch block at 0xc3 in for 0xa5
01-25 00:47:42.795 3579 3579 E ArmVmp : Match on catch block at 0xc3 in for 0xa5
01-25 00:47:42.802 3579 3579 E ArmVmp : Match on catch block at 0xc3 in for 0xa9
01-25 00:47:42.808 3579 3579 E ArmVmp : Match on catch block at 0xc3 in for 0xa1
01-25 00:47:42.812 3579 3579 E ArmVmp : Match on catch block at 0xc3 in for 0xa1
01-25 00:47:42.819 3579 3579 E ArmVmp : Match on catch block at 0xc3 in for 0xa5
01-25 00:47:42.824 3579 3579 E ArmVmp : Match on catch block at 0xc3 in for 0xa9
01-25 00:47:42.828 3579 3579 E ArmVmp : Match on catch block at 0xc3 in for 0xa9
01-25 00:47:42.837 3579 3579 E ArmVmp : Match on catch block at 0xc3 in for 0xa1
01-25 00:47:42.842 3579 3579 E ArmVmp : Match on catch block at 0xc3 in for 0xa5
01-25 00:47:42.844 3579 3579 E ArmVmp : Match on catch block at 0xc3 in for 0xa5
01-25 00:47:42.854 3579 3579 E ArmVmp : Match on catch block at 0xc3 in for 0xa9
01-25 00:47:42.859 3579 3579 E ArmVmp : Match on catch block at 0xc3 in for 0xa1
01-25 00:47:42.861 3579 3579 E ArmVmp : Match on catch block at 0xc3 in for 0xa1
01-25 00:47:42.872 3579 3579 E ArmVmp : Match on catch block at 0xc3 in for 0xa5
01-25 00:47:42.878 3579 3579 E ArmVmp : Match on catch block at 0xc3 in for 0xa9
01-25 00:47:42.880 3579 3579 E ArmVmp : Match on catch block at 0xc3 in for 0xa9
01-25 00:47:42.890 3579 3579 E ArmVmp : Match on catch block at 0xc3 in for 0xa1
01-25 00:47:42.896 3579 3579 E ArmVmp : Match on catch block at 0xc3 in for 0xa5
01-25 00:47:42.899 3579 3579 E ArmVmp : Match on catch block at 0xc3 in for 0xa5
01-25 00:47:42.911 3579 3579 E ArmVmp : Match on catch block at 0xc3 in for 0xa9
01-25 00:47:42.916 3579 3579 E ArmVmp : Match on catch block at 0xc3 in for 0xa1
01-25 00:47:42.920 3579 3579 E ArmVmp : Match on catch block at 0xc3 in for 0xa1
01-25 00:47:42.926 3579 3579 E ArmVmp : Match on catch block at 0xc3 in for 0xa5
01-25 00:47:42.932 3579 3579 E ArmVmp : Match on catch block at 0xc3 in for 0xa9
01-25 00:47:42.936 3579 3579 E ArmVmp : Match on catch block at 0xc3 in for 0xa9
01-25 00:47:42.942 3579 3579 E ArmVmp : Match on catch block at 0xc3 in for 0xa1
01-25 00:47:42.948 3579 3579 E ArmVmp : Match on catch block at 0xc3 in for 0xa5
01-25 00:47:42.951 3579 3579 E ArmVmp : Match on catch block at 0xc3 in for 0xa5
01-25 00:47:42.958 3579 3579 E ArmVmp : Match on catch block at 0xc3 in for 0xa9
01-25 00:47:42.965 3579 3579 E ArmVmp : Match on catch block at 0xc3 in for 0xa1
01-25 00:47:42.969 3579 3579 E ArmVmp : Match on catch block at 0xc3 in for 0xa1
01-25 00:47:42.976 3579 3579 E ArmVmp : Match on catch block at 0xc3 in for 0xa5
01-25 00:47:42.988 3579 3579 E ArmVmp : Match on catch block at 0xc3 in for 0xa9
01-25 00:47:42.992 3579 3579 E ArmVmp : Match on catch block at 0xc3 in for 0xa9
01-25 00:47:42.999 3579 3579 E ArmVmp : Match on catch block at 0xc3 in for 0xa1
01-25 00:47:43.007 3579 3579 E ArmVmp : Match on catch block at 0xc3 in for 0xa5
01-25 00:47:43.011 3579 3579 E ArmVmp : Match on catch block at 0xc3 in for 0xa5
01-25 00:47:43.017 3579 3579 E ArmVmp : Match on catch block at 0xc3 in for 0xa9
01-25 00:47:43.024 3579 3579 E ArmVmp : Match on catch block at 0xc3 in for 0xa1
01-25 00:47:43.027 3579 3579 E ArmVmp : Match on catch block at 0xc3 in for 0xa1
01-25 00:47:43.033 3579 3579 E ArmVmp : Match on catch block at 0xc3 in for 0xa5
01-25 00:47:43.041 3579 3579 E ArmVmp : Match on catch block at 0xc3 in for 0xa9
01-25 00:47:43.044 3579 3579 E ArmVmp : Match on catch block at 0xc3 in for 0xa9
01-25 00:47:43.427 3579 3579 E ArmVmp : Match on catch block at 0xc3 in for 0xa1
01-25 00:47:43.432 3579 3579 E ArmVmp : Match on catch block at 0xc3 in for 0xa5
01-25 00:47:43.435 3579 3579 E ArmVmp : Match on catch block at 0xc3 in for 0xa5
01-25 00:47:43.705 3579 3579 E ArmVmp : Match on catch block at 0xc3 in for 0xa5
01-25 00:47:43.709 3579 3579 E ArmVmp : Match on catch block at 0xc3 in for 0xa9
01-25 00:47:43.712 3579 3579 E ArmVmp : Match on catch block at 0xc3 in for 0xa9
01-25 00:47:43.753 3579 3579 E ArmVmp : Match on catch block at 0xc3 in for 0xa5
01-25 00:47:43.757 3579 3579 E ArmVmp : Match on catch block at 0xc3 in for 0xa9
01-25 00:47:43.760 3579 3579 E ArmVmp : Match on catch block at 0xc3 in for 0xa9
01-25 00:47:43.798 3579 3579 E ArmVmp : Match on catch block at 0xc3 in for 0xa9
01-25 00:47:43.807 3579 3579 E ArmVmp : Match on catch block at 0xc3 in for 0xa1
01-25 00:47:43.818 3579 3579 E ArmVmp : Match on catch block at 0xc3 in for 0xa9
01-25 00:47:43.824 3579 3579 E ArmVmp : Match on catch block at 0xc3 in for 0xa1
01-25 00:47:43.845 3579 3579 E ArmVmp : Match on catch block at 0xc3 in for 0xa9
01-25 00:47:43.850 3579 3579 E ArmVmp : Match on catch block at 0xc3 in for 0xa1
01-25 00:47:43.862 3579 3579 E ArmVmp : Match on catch block at 0xc3 in for 0xa9
01-25 00:47:43.871 3579 3579 E ArmVmp : Match on catch block at 0xc3 in for 0xa1
01-25 00:47:43.879 3579 3579 E ArmVmp : Match on catch block at 0xc3 in for 0xa9
01-25 00:47:43.886 3579 3579 E ArmVmp : Match on catch block at 0xc3 in for 0xa1
01-25 00:47:43.897 3579 3579 E ArmVmp : Match on catch block at 0xc3 in for 0xa9
01-25 00:47:43.905 3579 3579 E ArmVmp : Match on catch block at 0xc3 in for 0xa1
01-25 00:47:43.959 3579 3579 E ArmVmp : Match on catch block at 0xc3 in for 0xa5
01-25 00:47:43.966 3579 3579 E ArmVmp : Match on catch block at 0xc3 in for 0xa9
01-25 00:47:43.999 3579 3579 E ArmVmp : Match on catch block at 0xc3 in for 0xa1
01-25 00:47:44.005 3579 3579 E ArmVmp : Match on catch block at 0xc3 in for 0xa5
01-25 00:47:44.026 3579 3579 E ArmVmp : Match on catch block at 0xc3 in for 0xa5
01-25 00:47:44.031 3579 3579 E ArmVmp : Match on catch block at 0xc3 in for 0xa9
01-25 00:47:44.131 3579 3579 E ArmVmp : Match on catch block at 0xc3 in for 0xa9
01-25 00:47:44.135 3579 3579 E ArmVmp : Match on catch block at 0xc3 in for 0xa1
01-25 00:47:44.145 3579 3579 E ArmVmp : Match on catch block at 0xc3 in for 0xa9
01-25 00:47:44.150 3579 3671 W MediaPlayer: Use of stream types is deprecated for
operations other than volume control
01-25 00:47:44.151 3579 3671 W MediaPlayer: See the documentation of
setAudioStreamType() for what to use instead with android.media.AudioAttributes to
qualify your playback use case
01-25 00:47:44.153 3579 3579 E ArmVmp : Match on catch block at 0xc3 in for 0xa1
01-25 00:47:44.244 3579 3579 E ArmVmp : Match on catch block at 0xc3 in for 0xa1
01-25 00:47:44.248 3579 3579 E ArmVmp : Match on catch block at 0xc3 in for 0xa5
01-25 00:47:44.454 3579 3579 E ArmVmp : Match on catch block at 0xc3 in for 0xa1
01-25 00:47:44.462 3579 3579 E ArmVmp : Match on catch block at 0xc3 in for 0xa5
01-25 00:47:44.491 3579 3579 E ArmVmp : Match on catch block at 0xc3 in for 0xa1
01-25 00:47:44.497 3579 3579 E ArmVmp : Match on catch block at 0xc3 in for 0xa5
01-25 00:47:44.523 3579 3579 E ArmVmp : Match on catch block at 0xc3 in for 0xa5
01-25 00:47:44.531 3579 3579 E ArmVmp : Match on catch block at 0xc3 in for 0xa9
01-25 00:47:44.828 3579 3579 E ArmVmp : Match on catch block at 0xc3 in for 0xa1
01-25 00:47:44.834 3579 3579 E ArmVmp : Match on catch block at 0xc3 in for 0xa5
01-25 00:47:44.892 3579 3579 E ArmVmp : Match on catch block at 0xc3 in for 0xa9
01-25 00:47:44.897 3579 3579 E ArmVmp : Match on catch block at 0xc3 in for 0xa1
01-25 00:47:44.928 3579 3579 E ArmVmp : Match on catch block at 0xc3 in for 0xa9
01-25 00:47:44.932 3579 3579 E ArmVmp : Match on catch block at 0xc3 in for 0xa1
01-25 00:47:45.026 3579 3579 E GraphicExt:
GraphicExtModuleLoader::CreateGraphicExtInstance false
01-25 00:47:45.133 3579 3579 E ArmVmp : Match on catch block at 0xc3 in for 0xa1
01-25 00:47:45.139 3579 3579 E ArmVmp : Match on catch block at 0xc3 in for 0xa5
01-25 00:47:45.320 3579 3579 W IInputConnectionWrapper: requestCursorAnchorInfo
on inactive InputConnection
01-25 00:47:45.594 3579 3579 E ArmVmp : Match on catch block at 0xc3 in for 0xa5
01-25 00:47:45.600 3579 3579 E ArmVmp : Match on catch block at 0xc3 in for 0xa9
01-25 00:47:46.317 3579 3579 W ActivityThread: handleWindowVisibility: no
activity for token android.os.BinderProxy@bc81c52
01-25 00:47:46.622 3579 3579 E ArmVmp : Match on catch block at 0x0a in for 0xc5
01-25 00:47:46.627 3579 3579 E ArmVmp : Match on catch block at 0x0a in for 0xc1
01-25 00:47:46.705 3579 3579 E GraphicExt:
GraphicExtModuleLoader::CreateGraphicExtInstance false
01-25 00:47:46.995 3579 3579 E ArmVmp : Match on catch block at 0xc3 in for 0xb5
01-25 00:47:47.001 3579 3579 E ArmVmp : Match on catch block at 0xc3 in for 0xb5
01-25 00:47:47.103 3579 3579 E ArmVmp : Match on catch block at 0xc3 in for 0xa1
01-25 00:47:47.109 3579 3579 E ArmVmp : Match on catch block at 0xc3 in for 0xa5
01-25 00:47:47.165 3579 3579 E ArmVmp : Match on catch block at 0xc3 in for 0xa5
01-25 00:47:47.170 3579 3579 E ArmVmp : Match on catch block at 0xc3 in for 0xa9
01-25 00:47:47.205 3579 3579 E ArmVmp : Match on catch block at 0xc3 in for 0xa9
01-25 00:47:47.210 3579 3579 E ArmVmp : Match on catch block at 0xc3 in for 0xa1
01-25 00:47:47.245 3579 3579 E ArmVmp : Match on catch block at 0xc3 in for 0xa1
01-25 00:47:47.251 3579 3579 E ArmVmp : Match on catch block at 0xc3 in for 0xa5
01-25 00:47:47.310 3579 3579 E ArmVmp : Match on catch block at 0xc3 in for 0xa5
01-25 00:47:47.315 3579 3579 E ArmVmp : Match on catch block at 0xc3 in for 0xa9
01-25 00:47:47.386 3579 3579 E ArmVmp : Match on catch block at 0xc3 in for 0xa9
01-25 00:47:47.392 3579 3579 E ArmVmp : Match on catch block at 0xc3 in for 0xa1
01-25 00:47:47.439 3579 3579 E ArmVmp : Match on catch block at 0xc3 in for 0xa1
01-25 00:47:47.444 3579 3579 E ArmVmp : Match on catch block at 0xc3 in for 0xa5
01-25 00:47:47.510 3579 3579 E ArmVmp : Match on catch block at 0xc3 in for 0xa5
01-25 00:47:47.515 3579 3579 E ArmVmp : Match on catch block at 0xc3 in for 0xa9
01-25 00:47:47.530 3579 3579 E ArmVmp : Match on catch block at 0xc3 in for 0xa9
01-25 00:47:47.535 3579 3579 E ArmVmp : Match on catch block at 0xc3 in for 0xa1
01-25 00:47:47.544 3579 3579 E ArmVmp : Match on catch block at 0xc3 in for 0xa1
01-25 00:47:47.551 3579 3579 E ArmVmp : Match on catch block at 0xc3 in for 0xa5
01-25 00:47:47.561 3579 3579 E ArmVmp : Match on catch block at 0xc3 in for 0xa5
01-25 00:47:47.566 3579 3579 E ArmVmp : Match on catch block at 0xc3 in for 0xa9
01-25 00:47:47.579 3579 3579 E ArmVmp : Match on catch block at 0xc3 in for 0xa9
01-25 00:47:47.583 3579 3579 E ArmVmp : Match on catch block at 0xc3 in for 0xa1
01-25 00:47:47.596 3579 3579 E ArmVmp : Match on catch block at 0xc3 in for 0xa1
01-25 00:47:47.601 3579 3579 E ArmVmp : Match on catch block at 0xc3 in for 0xa5
01-25 00:47:47.613 3579 3579 E ArmVmp : Match on catch block at 0xc3 in for 0xa1
01-25 00:47:47.618 3579 3579 E ArmVmp : Match on catch block at 0xc3 in for 0xa5
01-25 00:47:47.632 3579 3579 E ArmVmp : Match on catch block at 0xc3 in for 0xa9
01-25 00:47:47.635 3579 3579 E ArmVmp : Match on catch block at 0xc3 in for 0xa1
01-25 00:47:47.649 3579 3579 E ArmVmp : Match on catch block at 0xc3 in for 0xa5
01-25 00:47:47.653 3579 3579 E ArmVmp : Match on catch block at 0xc3 in for 0xa9
01-25 00:47:47.667 3579 3579 E ArmVmp : Match on catch block at 0xc3 in for 0xa1
01-25 00:47:47.673 3579 3579 E ArmVmp : Match on catch block at 0xc3 in for 0xa5
01-25 00:47:47.692 3579 3579 E ArmVmp : Match on catch block at 0xc3 in for 0xa1
01-25 00:47:47.701 3579 3579 E ArmVmp : Match on catch block at 0xc3 in for 0xa5
01-25 00:47:47.712 3579 3579 E ArmVmp : Match on catch block at 0xc3 in for 0xa9
01-25 00:47:47.720 3579 3579 E ArmVmp : Match on catch block at 0xc3 in for 0xa1
01-25 00:47:47.752 3579 3579 E ArmVmp : Match on catch block at 0xc3 in for 0xa5
01-25 00:47:47.758 3579 3579 E ArmVmp : Match on catch block at 0xc3 in for 0xa9
01-25 00:47:47.768 3579 3579 E ArmVmp : Match on catch block at 0xc3 in for 0xa9
01-25 00:47:47.776 3579 3579 E ArmVmp : Match on catch block at 0xc3 in for 0xa1
01-25 00:47:47.787 3579 3579 E ArmVmp : Match on catch block at 0xc3 in for 0xa1
01-25 00:47:47.795 3579 3579 E ArmVmp : Match on catch block at 0xc3 in for 0xa5
01-25 00:47:47.805 3579 3579 E ArmVmp : Match on catch block at 0xc3 in for 0xa5
01-25 00:47:47.809 3579 3579 E ArmVmp : Match on catch block at 0xc3 in for 0xa9
01-25 00:47:47.822 3579 3579 E ArmVmp : Match on catch block at 0xc3 in for 0xa9
01-25 00:47:47.826 3579 3579 E ArmVmp : Match on catch block at 0xc3 in for 0xa1
01-25 00:47:47.839 3579 3579 E ArmVmp : Match on catch block at 0xc3 in for 0xa1
01-25 00:47:47.843 3579 3579 E ArmVmp : Match on catch block at 0xc3 in for 0xa5
01-25 00:47:47.891 3579 3579 E ArmVmp : Match on catch block at 0xc3 in for 0xa5
01-25 00:47:47.898 3579 3579 E ArmVmp : Match on catch block at 0xc3 in for 0xa9
01-25 00:47:47.957 3579 3579 E ArmVmp : Match on catch block at 0xc3 in for 0xa5
01-25 00:47:47.962 3579 3579 E ArmVmp : Match on catch block at 0xc3 in for 0xa9
01-25 00:47:47.980 3579 3579 E ArmVmp : Match on catch block at 0xc3 in for 0xa5
01-25 00:47:47.987 3579 3579 E ArmVmp : Match on catch block at 0xc3 in for 0xa9
01-25 00:47:48.169 3579 3579 E ArmVmp : Match on catch block at 0xc3 in for 0xa9
01-25 00:47:48.173 3579 3579 E ArmVmp : Match on catch block at 0xc3 in for 0xa1
01-25 00:47:48.279 3579 3579 E ArmVmp : Match on catch block at 0xc3 in for 0xa9
01-25 00:47:48.284 3579 3579 E ArmVmp : Match on catch block at 0xc3 in for 0xa1
01-25 00:47:48.329 3579 3579 E ArmVmp : Match on catch block at 0xc3 in for 0xa5
01-25 00:47:48.335 3579 3579 E ArmVmp : Match on catch block at 0xc3 in for 0xa9
01-25 00:47:48.364 3579 3579 E ArmVmp : Match on catch block at 0xc3 in for 0xa9
01-25 00:47:48.368 3579 3579 E ArmVmp : Match on catch block at 0xc3 in for 0xa1
01-25 00:47:48.407 3579 3579 E GraphicExt:
GraphicExtModuleLoader::CreateGraphicExtInstance false
01-25 00:47:48.425 3579 3579 E ArmVmp : Match on catch block at 0xc3 in for 0xa9
01-25 00:47:48.430 3579 3579 E ArmVmp : Match on catch block at 0xc3 in for 0xa1
01-25 00:47:48.444 3579 3579 E ArmVmp : Match on catch block at 0xc3 in for 0xa1
01-25 00:47:48.448 3579 3579 E ArmVmp : Match on catch block at 0xc3 in for 0xa5
01-25 00:47:48.462 3579 3579 E ArmVmp : Match on catch block at 0xc3 in for 0xa5
01-25 00:47:48.467 3579 3579 E ArmVmp : Match on catch block at 0xc3 in for 0xa9
01-25 00:47:48.479 3579 3579 E ArmVmp : Match on catch block at 0xc3 in for 0xa9
01-25 00:47:48.485 3579 3579 E ArmVmp : Match on catch block at 0xc3 in for 0xa1
01-25 00:47:48.497 3579 3579 E ArmVmp : Match on catch block at 0xc3 in for 0xa1
01-25 00:47:48.502 3579 3579 E ArmVmp : Match on catch block at 0xc3 in for 0xa5
01-25 00:47:48.515 3579 3579 E ArmVmp : Match on catch block at 0xc3 in for 0xa5
01-25 00:47:48.521 3579 3579 E ArmVmp : Match on catch block at 0xc3 in for 0xa9
01-25 00:47:48.534 3579 3579 E ArmVmp : Match on catch block at 0xc3 in for 0xa9
01-25 00:47:48.538 3579 3579 E ArmVmp : Match on catch block at 0xc3 in for 0xa1
01-25 00:47:48.551 3579 3579 E ArmVmp : Match on catch block at 0xc3 in for 0xa1
01-25 00:47:48.555 3579 3579 E ArmVmp : Match on catch block at 0xc3 in for 0xa5
01-25 00:47:48.562 3579 3579 E ArmVmp : Match on catch block at 0xc3 in for 0xa5
01-25 00:47:48.566 3579 3579 E ArmVmp : Match on catch block at 0xc3 in for 0xa9
01-25 00:47:48.581 3579 3579 E ArmVmp : Match on catch block at 0xc3 in for 0xa9
01-25 00:47:48.586 3579 3579 E ArmVmp : Match on catch block at 0xc3 in for 0xa1
01-25 00:47:48.593 3579 3579 E ArmVmp : Match on catch block at 0xc3 in for 0xa1
01-25 00:47:48.597 3579 3579 E ArmVmp : Match on catch block at 0xc3 in for 0xa5
01-25 00:47:48.610 3579 3579 E ArmVmp : Match on catch block at 0xc3 in for 0xa5
01-25 00:47:48.615 3579 3579 E ArmVmp : Match on catch block at 0xc3 in for 0xa9
01-25 00:47:48.627 3579 3579 E ArmVmp : Match on catch block at 0xc3 in for 0xa9
01-25 00:47:48.632 3579 3579 E ArmVmp : Match on catch block at 0xc3 in for 0xa1
01-25 00:47:48.646 3579 3579 E ArmVmp : Match on catch block at 0xc3 in for 0xa1
01-25 00:47:48.650 3579 3579 E ArmVmp : Match on catch block at 0xc3 in for 0xa5
01-25 00:47:48.662 3579 3579 E ArmVmp : Match on catch block at 0xc3 in for 0xa5
01-25 00:47:48.666 3579 3579 E ArmVmp : Match on catch block at 0xc3 in for 0xa9
01-25 00:47:48.679 3579 3579 E ArmVmp : Match on catch block at 0xc3 in for 0xa9
01-25 00:47:48.683 3579 3579 E ArmVmp : Match on catch block at 0xc3 in for 0xa1
01-25 00:47:48.696 3579 3579 E ArmVmp : Match on catch block at 0xc3 in for 0xa1
01-25 00:47:48.700 3579 3579 E ArmVmp : Match on catch block at 0xc3 in for 0xa5
01-25 00:47:48.714 3579 3579 E ArmVmp : Match on catch block at 0xc3 in for 0xa5
01-25 00:47:48.717 3579 3579 E ArmVmp : Match on catch block at 0xc3 in for 0xa9
01-25 00:47:49.215 3579 3579 E ArmVmp : Match on catch block at 0xc3 in for 0xa9
01-25 00:47:49.219 3579 3579 E ArmVmp : Match on catch block at 0xc3 in for 0xa1
01-25 00:47:49.716 3579 3579 E ArmVmp : Match on catch block at 0xc3 in for 0xa1
01-25 00:47:49.721 3579 3579 E ArmVmp : Match on catch block at 0xc3 in for 0xa5
01-25 00:47:49.874 3579 3579 E ArmVmp : Match on catch block at 0xc3 in for 0xa5
01-25 00:47:49.878 3579 3579 E ArmVmp : Match on catch block at 0xc3 in for 0xa9
01-25 00:47:50.065 3579 3579 E ArmVmp : Match on catch block at 0xc3 in for 0xa5
01-25 00:47:50.073 3579 3579 E ArmVmp : Match on catch block at 0xc3 in for 0xa9
01-25 00:47:50.112 3579 3579 E GraphicExt:
GraphicExtModuleLoader::CreateGraphicExtInstance false
01-25 00:47:50.116 3579 3579 E RecyclerView: No adapter attached; skipping layout
01-25 00:47:50.148 3579 3579 E RecyclerView: No adapter attached; skipping layout
01-25 00:47:50.152 3579 3579 E ArmVmp : Match on catch block at 0xc3 in for 0xa9
01-25 00:47:50.159 3579 3579 E ArmVmp : Match on catch block at 0xc3 in for 0xa1
01-25 00:47:50.231 3579 3579 E ArmVmp : Match on catch block at 0xc3 in for 0xa5
01-25 00:47:50.236 3579 3579 E ArmVmp : Match on catch block at 0xc3 in for 0xa9
01-25 00:47:50.275 3579 3579 E ArmVmp : Match on catch block at 0xc3 in for 0xa5
01-25 00:47:50.282 3579 3579 E ArmVmp : Match on catch block at 0xc3 in for 0xa9
01-25 00:47:50.549 3579 3579 E ArmVmp : Match on catch block at 0xc3 in for 0xa9
01-25 00:47:50.553 3579 3579 E ArmVmp : Match on catch block at 0xc3 in for 0xa1
01-25 00:47:51.052 3579 3579 E ArmVmp : Match on catch block at 0xc3 in for 0xa1
01-25 00:47:51.057 3579 3579 E ArmVmp : Match on catch block at 0xc3 in for 0xa5
01-25 00:47:51.286 3579 3579 E GraphicExt:
GraphicExtModuleLoader::CreateGraphicExtInstance false
01-25 00:47:51.400 3579 3579 E ArmVmp : Match on catch block at 0xc3 in for 0xa5
01-25 00:47:51.407 3579 3579 E ArmVmp : Match on catch block at 0xc3 in for 0xa9
01-25 00:47:51.460 3579 3579 W IInputConnectionWrapper: requestCursorAnchorInfo
on inactive InputConnection
01-25 00:47:51.492 3579 3579 E ArmVmp : Match on catch block at 0x0a in for 0xa1
01-25 00:47:51.551 3579 3579 E ArmVmp : Match on catch block at 0x0a in for 0xa1
01-25 00:47:51.562 3579 3579 E ArmVmp : Match on catch block at 0xc3 in for 0xa5
01-25 00:47:51.568 3579 3579 E ArmVmp : Match on catch block at 0xc3 in for 0xa9
01-25 00:47:51.629 3579 3579 E ArmVmp : Match on catch block at 0xc3 in for 0xa9
01-25 00:47:51.634 3579 3579 E ArmVmp : Match on catch block at 0xc3 in for 0xa1
01-25 00:47:51.672 3579 3579 E ArmVmp : Match on catch block at 0xc3 in for 0xa9
01-25 00:47:51.677 3579 3579 E ArmVmp : Match on catch block at 0xc3 in for 0xa1
01-25 00:47:51.959 3579 3579 E ArmVmp : Match on catch block at 0x0a in for 0xa5
01-25 00:47:51.996 3579 3579 E ArmVmp : Match on catch block at 0x0a in for 0xa5
01-25 00:47:52.514 3579 3579 E GraphicExt:
GraphicExtModuleLoader::CreateGraphicExtInstance false
01-25 00:47:52.826 3579 3579 E ArmVmp : Match on catch block at 0xc3 in for 0xa9
01-25 00:47:52.835 3579 3579 E ArmVmp : Match on catch block at 0xc3 in for 0xa1
01-25 00:47:52.881 3579 3579 E ArmVmp : Match on catch block at 0xc3 in for 0xa9
01-25 00:47:52.894 3579 3579 E ArmVmp : Match on catch block at 0xc3 in for 0xa1
01-25 00:47:53.073 3579 3579 E ArmVmp : Match on catch block at 0xc3 in for 0xa5
01-25 00:47:53.079 3579 3579 E ArmVmp : Match on catch block at 0xc3 in for 0xa9
01-25 00:47:53.105 3579 3579 E ArmVmp : Match on catch block at 0xc3 in for 0xa5
01-25 00:47:53.110 3579 3579 E ArmVmp : Match on catch block at 0xc3 in for 0xa9
01-25 00:47:53.467 3579 3579 E ArmVmp : Match on catch block at 0xc3 in for 0xa9
01-25 00:47:53.471 3579 3579 E ArmVmp : Match on catch block at 0xc3 in for 0xa1
01-25 00:47:53.491 3579 3671 W MediaPlayer: Use of stream types is deprecated for
operations other than volume control
01-25 00:47:53.491 3579 3671 W MediaPlayer: See the documentation of
setAudioStreamType() for what to use instead with android.media.AudioAttributes to
qualify your playback use case
01-25 00:47:53.527 3579 3579 E ArmVmp : Match on catch block at 0xc3 in for 0xa9
01-25 00:47:53.533 3579 3579 E ArmVmp : Match on catch block at 0xc3 in for 0xa1
01-25 00:47:53.589 3579 3579 E ArmVmp : Match on catch block at 0xc3 in for 0xa1
01-25 00:47:53.595 3579 3579 E ArmVmp : Match on catch block at 0xc3 in for 0xa5
01-25 00:47:55.100 3579 3579 E ArmVmp : Match on catch block at 0xc3 in for 0xa1
01-25 00:47:55.105 3579 3579 E ArmVmp : Match on catch block at 0xc3 in for 0xa5
01-25 00:47:55.119 3579 3579 E ArmVmp : Match on catch block at 0xc3 in for 0xa5
01-25 00:47:55.125 3579 3579 E ArmVmp : Match on catch block at 0xc3 in for 0xa9
01-25 00:47:55.153 3579 3579 E ArmVmp : Match on catch block at 0xc3 in for 0xa5
01-25 00:47:55.160 3579 3579 E ArmVmp : Match on catch block at 0xc3 in for 0xa9
01-25 00:47:55.175 3579 3579 E ArmVmp : Match on catch block at 0xc3 in for 0xa9
01-25 00:47:55.181 3579 3579 E ArmVmp : Match on catch block at 0xc3 in for 0xa1
01-25 00:47:55.211 3579 3579 E ArmVmp : Match on catch block at 0xc3 in for 0xa9
01-25 00:47:55.216 3579 3579 E ArmVmp : Match on catch block at 0xc3 in for 0xa1
01-25 00:47:55.230 3579 3579 E ArmVmp : Match on catch block at 0xc3 in for 0xa1
01-25 00:47:55.236 3579 3579 E ArmVmp : Match on catch block at 0xc3 in for 0xa5
01-25 00:47:55.267 3579 3579 E ArmVmp : Match on catch block at 0xc3 in for 0xa1
01-25 00:47:55.272 3579 3579 E ArmVmp : Match on catch block at 0xc3 in for 0xa5
01-25 00:47:55.291 3579 3579 E ArmVmp : Match on catch block at 0xc3 in for 0xa5
01-25 00:47:55.297 3579 3579 E ArmVmp : Match on catch block at 0xc3 in for 0xa9
01-25 00:47:55.327 3579 3579 E ArmVmp : Match on catch block at 0xc3 in for 0xa5
01-25 00:47:55.333 3579 3579 E ArmVmp : Match on catch block at 0xc3 in for 0xa9
01-25 00:47:55.346 3579 3579 E ArmVmp : Match on catch block at 0xc3 in for 0xa9
01-25 00:47:55.353 3579 3579 E ArmVmp : Match on catch block at 0xc3 in for 0xa1
01-25 00:47:57.723 3579 3579 E ArmVmp : Match on catch block at 0xc3 in for 0xa9
01-25 00:47:57.728 3579 3579 E ArmVmp : Match on catch block at 0xc3 in for 0xa1
01-25 00:47:57.758 3579 3579 E ArmVmp : Match on catch block at 0xc3 in for 0xa9
01-25 00:47:57.764 3579 3579 E ArmVmp : Match on catch block at 0xc3 in for 0xa1
01-25 00:47:58.360 3579 3579 E GraphicExt:
GraphicExtModuleLoader::CreateGraphicExtInstance false
01-25 00:47:59.321 3579 3579 E ArmVmp : Match on catch block at 0xc3 in for 0xa1
01-25 00:47:59.327 3579 3579 E ArmVmp : Match on catch block at 0xc3 in for 0xa5
01-25 00:47:59.343 3579 3579 E ArmVmp : Match on catch block at 0xc3 in for 0xa5
01-25 00:47:59.350 3579 3579 E ArmVmp : Match on catch block at 0xc3 in for 0xa9
01-25 00:47:59.378 3579 3579 E ArmVmp : Match on catch block at 0xc3 in for 0xa5
01-25 00:47:59.384 3579 3579 E ArmVmp : Match on catch block at 0xc3 in for 0xa9
01-25 00:47:59.401 3579 3579 E ArmVmp : Match on catch block at 0xc3 in for 0xa9
01-25 00:47:59.407 3579 3579 E ArmVmp : Match on catch block at 0xc3 in for 0xa1
01-25 00:47:59.433 3579 3579 E ArmVmp : Match on catch block at 0xc3 in for 0xa9
01-25 00:47:59.439 3579 3579 E ArmVmp : Match on catch block at 0xc3 in for 0xa1
01-25 00:47:59.456 3579 3579 E ArmVmp : Match on catch block at 0xc3 in for 0xa1
01-25 00:47:59.462 3579 3579 E ArmVmp : Match on catch block at 0xc3 in for 0xa5
01-25 00:47:59.489 3579 3579 E ArmVmp : Match on catch block at 0xc3 in for 0xa1
01-25 00:47:59.493 3579 3579 E ArmVmp : Match on catch block at 0xc3 in for 0xa5
01-25 00:47:59.512 3579 3579 E ArmVmp : Match on catch block at 0xc3 in for 0xa5
01-25 00:47:59.517 3579 3579 E ArmVmp : Match on catch block at 0xc3 in for 0xa9
01-25 00:47:59.542 3579 3579 E ArmVmp : Match on catch block at 0xc3 in for 0xa5
01-25 00:47:59.547 3579 3579 E ArmVmp : Match on catch block at 0xc3 in for 0xa9
01-25 00:47:59.564 3579 3579 E ArmVmp : Match on catch block at 0xc3 in for 0xa9
01-25 00:47:59.569 3579 3579 E ArmVmp : Match on catch block at 0xc3 in for 0xa1
01-25 00:48:03.657 3579 3579 E ArmVmp : Match on catch block at 0xc3 in for 0xa9
01-25 00:48:03.663 3579 3579 E ArmVmp : Match on catch block at 0xc3 in for 0xa1
01-25 00:48:03.695 3579 3579 E ArmVmp : Match on catch block at 0xc3 in for 0xa9
01-25 00:48:03.700 3579 3579 E ArmVmp : Match on catch block at 0xc3 in for 0xa1
01-25 00:48:04.583 3579 3579 E ArmVmp : Match on catch block at 0xc3 in for 0xa5
01-25 00:48:04.588 3579 3579 E ArmVmp : Match on catch block at 0xc3 in for 0xa9
01-25 00:48:04.671 3579 3579 E ArmVmp : Match on catch block at 0xc3 in for 0xa1
01-25 00:48:04.676 3579 3579 E ArmVmp : Match on catch block at 0xc3 in for 0xa5
01-25 00:48:04.699 3579 3579 W IInputConnectionWrapper: requestCursorAnchorInfo
on inactive InputConnection
01-25 00:48:04.763 3579 3579 E ArmVmp : Match on catch block at 0xc3 in for 0xa9
01-25 00:48:04.766 3579 3579 E ArmVmp : Match on catch block at 0xc3 in for 0xa1
01-25 00:48:04.775 3579 3579 W IInputConnectionWrapper: requestCursorAnchorInfo
on inactive InputConnection
01-25 00:48:04.861 3579 3579 E ArmVmp : Match on catch block at 0xc3 in for 0xa1
01-25 00:48:04.865 3579 3579 E ArmVmp : Match on catch block at 0xc3 in for 0xa5
01-25 00:48:04.883 3579 3579 W IInputConnectionWrapper: getTextBeforeCursor on
inactive InputConnection
01-25 00:48:04.975 3579 3579 E ArmVmp : Match on catch block at 0xc3 in for 0xa1
01-25 00:48:04.979 3579 3579 E ArmVmp : Match on catch block at 0xc3 in for 0xa5
01-25 00:48:04.988 3579 3579 W IInputConnectionWrapper: getTextAfterCursor on
inactive InputConnection
01-25 00:48:05.040 3579 3579 E ArmVmp : Match on catch block at 0xc3 in for 0xa9
01-25 00:48:05.043 3579 3579 E ArmVmp : Match on catch block at 0xc3 in for 0xa1
01-25 00:48:05.060 3579 3579 W IInputConnectionWrapper: getSelectedText on
inactive InputConnection
01-25 00:48:05.155 3579 3579 E ArmVmp : Match on catch block at 0xc3 in for 0xa1
01-25 00:48:05.161 3579 3579 E ArmVmp : Match on catch block at 0xc3 in for 0xa5
01-25 00:48:05.184 3579 3671 W MediaPlayer: Use of stream types is deprecated for
operations other than volume control
01-25 00:48:05.185 3579 3671 W MediaPlayer: See the documentation of
setAudioStreamType() for what to use instead with android.media.AudioAttributes to
qualify your playback use case
01-25 00:48:05.315 3579 3579 E ArmVmp : Match on catch block at 0xc3 in for 0xa5
01-25 00:48:05.320 3579 3579 E ArmVmp : Match on catch block at 0xc3 in for 0xa9
01-25 00:48:05.331 3579 3579 W IInputConnectionWrapper: performPrivateCommand on
inactive InputConnection
01-25 00:48:05.332 3579 3579 W IInputConnectionWrapper: requestCursorAnchorInfo
on inactive InputConnection
01-25 00:48:05.355 3579 3671 W MediaPlayer: Use of stream types is deprecated for
operations other than volume control
01-25 00:48:05.355 3579 3671 W MediaPlayer: See the documentation of
setAudioStreamType() for what to use instead with android.media.AudioAttributes to
qualify your playback use case
01-25 00:48:05.488 3579 3579 E ArmVmp : Match on catch block at 0xc3 in for 0xa5
01-25 00:48:05.491 3579 3579 E ArmVmp : Match on catch block at 0xc3 in for 0xa9
01-25 00:48:05.521 3579 3579 W IInputConnectionWrapper: getTextBeforeCursor on
inactive InputConnection
01-25 00:48:05.619 3579 3671 W MediaPlayer: Use of stream types is deprecated for
operations other than volume control
01-25 00:48:05.620 3579 3671 W MediaPlayer: See the documentation of
setAudioStreamType() for what to use instead with android.media.AudioAttributes to
qualify your playback use case
01-25 00:48:05.738 3579 3579 E ArmVmp : Match on catch block at 0xc3 in for 0xa9
01-25 00:48:05.742 3579 3579 E ArmVmp : Match on catch block at 0xc3 in for 0xa1
01-25 00:48:05.771 3579 3579 W IInputConnectionWrapper: getTextAfterCursor on
inactive InputConnection
01-25 00:48:05.878 3579 3579 E ArmVmp : Match on catch block at 0xc3 in for 0xa5
01-25 00:48:05.881 3579 3579 E ArmVmp : Match on catch block at 0xc3 in for 0xa9
01-25 00:48:05.911 3579 3579 W IInputConnectionWrapper: getSelectedText on
inactive InputConnection
01-25 00:48:06.043 3579 3579 E ArmVmp : Match on catch block at 0xc3 in for 0xa1
01-25 00:48:06.046 3579 3579 E ArmVmp : Match on catch block at 0xc3 in for 0xa5
01-25 00:48:06.057 3579 3579 W IInputConnectionWrapper: performPrivateCommand on
inactive InputConnection
01-25 00:48:06.057 3579 3579 W IInputConnectionWrapper: requestCursorAnchorInfo
on inactive InputConnection
01-25 00:48:06.160 3579 3579 E ArmVmp : Match on catch block at 0xc3 in for 0xa1
01-25 00:48:06.163 3579 3579 E ArmVmp : Match on catch block at 0xc3 in for 0xa5
01-25 00:48:06.184 3579 3579 W IInputConnectionWrapper: getTextBeforeCursor on
inactive InputConnection
01-25 00:48:06.283 3579 3579 E ArmVmp : Match on catch block at 0xc3 in for 0xa9
01-25 00:48:06.288 3579 3579 E ArmVmp : Match on catch block at 0xc3 in for 0xa1
01-25 00:48:06.305 3579 3579 W IInputConnectionWrapper: getTextAfterCursor on
inactive InputConnection
01-25 00:48:06.318 3579 3671 W MediaPlayer: Use of stream types is deprecated for
operations other than volume control
01-25 00:48:06.318 3579 3671 W MediaPlayer: See the documentation of
setAudioStreamType() for what to use instead with android.media.AudioAttributes to
qualify your playback use case
01-25 00:48:06.348 3579 3579 E ArmVmp : Match on catch block at 0xc3 in for 0xa1
01-25 00:48:06.353 3579 3579 E ArmVmp : Match on catch block at 0xc3 in for 0xa5
01-25 00:48:06.414 3579 3579 W IInputConnectionWrapper: getSelectedText on
inactive InputConnection
01-25 00:48:06.418 3579 3671 W MediaPlayer: Use of stream types is deprecated for
operations other than volume control
01-25 00:48:06.418 3579 3671 W MediaPlayer: See the documentation of
setAudioStreamType() for what to use instead with android.media.AudioAttributes to
qualify your playback use case
01-25 00:48:06.464 3579 3579 E ArmVmp : Match on catch block at 0xc3 in for 0xa1
01-25 00:48:06.469 3579 3579 E ArmVmp : Match on catch block at 0xc3 in for 0xa5
01-25 00:48:06.513 3579 3671 W MediaPlayer: Use of stream types is deprecated for
operations other than volume control
01-25 00:48:06.514 3579 3671 W MediaPlayer: See the documentation of
setAudioStreamType() for what to use instead with android.media.AudioAttributes to
qualify your playback use case
01-25 00:48:06.546 3579 3579 E ArmVmp : Match on catch block at 0xc3 in for 0xa1
01-25 00:48:06.552 3579 3579 E ArmVmp : Match on catch block at 0xc3 in for 0xa5
01-25 00:48:06.561 3579 3579 W IInputConnectionWrapper: performPrivateCommand on
inactive InputConnection
01-25 00:48:06.589 3579 3579 W IInputConnectionWrapper: requestCursorAnchorInfo
on inactive InputConnection
01-25 00:48:06.636 3579 3671 W MediaPlayer: Use of stream types is deprecated for
operations other than volume control
01-25 00:48:06.637 3579 3671 W MediaPlayer: See the documentation of
setAudioStreamType() for what to use instead with android.media.AudioAttributes to
qualify your playback use case
01-25 00:48:06.659 3579 3579 W InputEventReceiver: Attempted to finish an input
event but the input event receiver has already been disposed.
01-25 00:48:06.673 3579 3579 E ArmVmp : Match on catch block at 0xc3 in for 0xa5
01-25 00:48:06.680 3579 3579 E ArmVmp : Match on catch block at 0xc3 in for 0xa9
01-25 00:48:06.705 3579 3579 W IInputConnectionWrapper: getTextBeforeCursor on
inactive InputConnection
01-25 00:48:06.770 3579 3579 E ArmVmp : Match on catch block at 0xc3 in for 0xa5
01-25 00:48:06.775 3579 3579 E ArmVmp : Match on catch block at 0xc3 in for 0xa9
01-25 00:48:06.792 3579 3579 W IInputConnectionWrapper: getTextAfterCursor on
inactive InputConnection
01-25 00:48:06.797 3579 3579 E ArmVmp : Match on catch block at 0xc3 in for 0xa1
01-25 00:48:06.802 3579 3579 E ArmVmp : Match on catch block at 0xc3 in for 0xa5
01-25 00:48:06.807 3579 3579 W IInputConnectionWrapper: getSelectedText on
inactive InputConnection
01-25 00:48:06.830 3579 3579 E ArmVmp : Match on catch block at 0xc3 in for 0xa5
01-25 00:48:06.836 3579 3579 E ArmVmp : Match on catch block at 0xc3 in for 0xa9
01-25 00:48:06.842 3579 3579 E ArmVmp : Match on catch block at 0xc3 in for 0xa9
01-25 00:48:06.847 3579 3579 E ArmVmp : Match on catch block at 0xc3 in for 0xa1
01-25 00:48:06.861 3579 3579 E ArmVmp : Match on catch block at 0xc3 in for 0xa1
01-25 00:48:06.865 3579 3579 E ArmVmp : Match on catch block at 0xc3 in for 0xa5
01-25 00:48:06.869 3579 3579 W IInputConnectionWrapper: performPrivateCommand on
inactive InputConnection
01-25 00:48:06.878 3579 3579 E ArmVmp : Match on catch block at 0xc3 in for 0xa5
01-25 00:48:06.883 3579 3579 E ArmVmp : Match on catch block at 0xc3 in for 0xa9
01-25 00:48:06.887 3579 3579 W IInputConnectionWrapper: requestCursorAnchorInfo
on inactive InputConnection
01-25 00:48:06.895 3579 3579 E ArmVmp : Match on catch block at 0xc3 in for 0xa9
01-25 00:48:06.901 3579 3579 E ArmVmp : Match on catch block at 0xc3 in for 0xa1
01-25 00:48:06.908 3579 3579 W IInputConnectionWrapper: getTextBeforeCursor on
inactive InputConnection
01-25 00:48:06.912 3579 3579 E ArmVmp : Match on catch block at 0xc3 in for 0xa1
01-25 00:48:06.916 3579 3579 E ArmVmp : Match on catch block at 0xc3 in for 0xa5
01-25 00:48:06.920 3579 3579 W IInputConnectionWrapper: getTextAfterCursor on
inactive InputConnection
01-25 00:48:06.929 3579 3579 E ArmVmp : Match on catch block at 0xc3 in for 0xa5
01-25 00:48:06.933 3579 3579 E ArmVmp : Match on catch block at 0xc3 in for 0xa9
01-25 00:48:06.937 3579 3579 W IInputConnectionWrapper: getSelectedText on
inactive InputConnection
01-25 00:48:06.947 3579 3579 E ArmVmp : Match on catch block at 0xc3 in for 0xa9
01-25 00:48:06.952 3579 3579 E ArmVmp : Match on catch block at 0xc3 in for 0xa1
01-25 00:48:06.964 3579 3579 E ArmVmp : Match on catch block at 0xc3 in for 0xa1
01-25 00:48:06.969 3579 3579 E ArmVmp : Match on catch block at 0xc3 in for 0xa5
01-25 00:48:06.981 3579 3579 E ArmVmp : Match on catch block at 0xc3 in for 0xa5
01-25 00:48:06.985 3579 3579 E ArmVmp : Match on catch block at 0xc3 in for 0xa9
01-25 00:48:06.989 3579 3579 W IInputConnectionWrapper: performPrivateCommand on
inactive InputConnection
01-25 00:48:06.999 3579 3579 E ArmVmp : Match on catch block at 0xc3 in for 0xa9
01-25 00:48:07.005 3579 3579 E ArmVmp : Match on catch block at 0xc3 in for 0xa1
01-25 00:48:07.016 3579 3579 E ArmVmp : Match on catch block at 0xc3 in for 0xa1
01-25 00:48:07.020 3579 3579 E ArmVmp : Match on catch block at 0xc3 in for 0xa5
01-25 00:48:07.023 3579 3579 W IInputConnectionWrapper: requestCursorAnchorInfo
on inactive InputConnection
01-25 00:48:07.034 3579 3579 E ArmVmp : Match on catch block at 0xc3 in for 0xa5
01-25 00:48:07.039 3579 3579 E ArmVmp : Match on catch block at 0xc3 in for 0xa9
01-25 00:48:07.043 3579 3579 W IInputConnectionWrapper: getTextBeforeCursor on
inactive InputConnection
01-25 00:48:07.050 3579 3579 E ArmVmp : Match on catch block at 0xc3 in for 0xa9
01-25 00:48:07.054 3579 3579 E ArmVmp : Match on catch block at 0xc3 in for 0xa1
01-25 00:48:07.057 3579 3579 W IInputConnectionWrapper: getTextAfterCursor on
inactive InputConnection
01-25 00:48:07.068 3579 3579 E ArmVmp : Match on catch block at 0xc3 in for 0xa1
01-25 00:48:07.072 3579 3579 E ArmVmp : Match on catch block at 0xc3 in for 0xa5
01-25 00:48:07.075 3579 3579 W IInputConnectionWrapper: getSelectedText on
inactive InputConnection
01-25 00:48:07.085 3579 3579 E ArmVmp : Match on catch block at 0xc3 in for 0xa5
01-25 00:48:07.091 3579 3579 E ArmVmp : Match on catch block at 0xc3 in for 0xa9
01-25 00:48:07.103 3579 3579 E ArmVmp : Match on catch block at 0xc3 in for 0xa9
01-25 00:48:07.108 3579 3579 E ArmVmp : Match on catch block at 0xc3 in for 0xa1
01-25 00:48:07.120 3579 3579 E ArmVmp : Match on catch block at 0xc3 in for 0xa1
01-25 00:48:07.126 3579 3579 E ArmVmp : Match on catch block at 0xc3 in for 0xa5
01-25 00:48:07.137 3579 3579 E ArmVmp : Match on catch block at 0xc3 in for 0xa5
01-25 00:48:07.142 3579 3579 E ArmVmp : Match on catch block at 0xc3 in for 0xa9
01-25 00:48:07.145 3579 3579 W IInputConnectionWrapper: performPrivateCommand on
inactive InputConnection
01-25 00:48:07.155 3579 3579 E ArmVmp : Match on catch block at 0xc3 in for 0xa9
01-25 00:48:07.159 3579 3579 E ArmVmp : Match on catch block at 0xc3 in for 0xa1
01-25 00:48:07.163 3579 3579 W IInputConnectionWrapper: requestCursorAnchorInfo
on inactive InputConnection
01-25 00:48:07.172 3579 3579 E ArmVmp : Match on catch block at 0xc3 in for 0xa1
01-25 00:48:07.178 3579 3579 E ArmVmp : Match on catch block at 0xc3 in for 0xa5
01-25 00:48:07.181 3579 3579 W IInputConnectionWrapper: getTextBeforeCursor on
inactive InputConnection
01-25 00:48:07.190 3579 3579 E ArmVmp : Match on catch block at 0xc3 in for 0xa5
01-25 00:48:07.194 3579 3579 E ArmVmp : Match on catch block at 0xc3 in for 0xa9
01-25 00:48:07.197 3579 3579 W IInputConnectionWrapper: getTextAfterCursor on
inactive InputConnection
01-25 00:48:07.207 3579 3579 E ArmVmp : Match on catch block at 0xc3 in for 0xa9
01-25 00:48:07.212 3579 3579 E ArmVmp : Match on catch block at 0xc3 in for 0xa1
01-25 00:48:07.213 3579 3579 W IInputConnectionWrapper: getSelectedText on
inactive InputConnection
01-25 00:48:07.264 3579 3579 W IInputConnectionWrapper: performPrivateCommand on
inactive InputConnection
01-25 00:48:07.284 3579 3579 W IInputConnectionWrapper: requestCursorAnchorInfo
on inactive InputConnection
01-25 00:48:07.294 3579 3579 W IInputConnectionWrapper: getTextBeforeCursor on
inactive InputConnection
01-25 00:48:07.295 3579 3579 W IInputConnectionWrapper: getTextAfterCursor on
inactive InputConnection
01-25 00:48:07.296 3579 3579 W IInputConnectionWrapper: getSelectedText on
inactive InputConnection
01-25 00:48:07.346 3579 3579 E ArmVmp : Match on catch block at 0xc3 in for 0xa1
01-25 00:48:07.350 3579 3579 E ArmVmp : Match on catch block at 0xc3 in for 0xa5
01-25 00:48:07.353 3579 3579 W IInputConnectionWrapper: performPrivateCommand on
inactive InputConnection
01-25 00:48:07.361 3579 3579 W IInputConnectionWrapper: requestCursorAnchorInfo
on inactive InputConnection
01-25 00:48:07.374 3579 3579 W IInputConnectionWrapper: getTextBeforeCursor on
inactive InputConnection
01-25 00:48:07.376 3579 3579 W IInputConnectionWrapper: getTextAfterCursor on
inactive InputConnection
01-25 00:48:07.377 3579 3579 W IInputConnectionWrapper: getSelectedText on
inactive InputConnection
01-25 00:48:07.427 3579 3579 W IInputConnectionWrapper: performPrivateCommand on
inactive InputConnection
01-25 00:48:07.442 3579 3579 W IInputConnectionWrapper: requestCursorAnchorInfo
on inactive InputConnection
01-25 00:48:07.451 3579 3579 W IInputConnectionWrapper: getTextBeforeCursor on
inactive InputConnection
01-25 00:48:07.452 3579 3579 W IInputConnectionWrapper: getTextAfterCursor on
inactive InputConnection
01-25 00:48:07.452 3579 3579 W IInputConnectionWrapper: getSelectedText on
inactive InputConnection
01-25 00:48:07.491 3579 3579 W IInputConnectionWrapper: performPrivateCommand on
inactive InputConnection
01-25 00:48:07.506 3579 3579 W IInputConnectionWrapper: requestCursorAnchorInfo
on inactive InputConnection
01-25 00:48:07.513 3579 3579 W IInputConnectionWrapper: getTextBeforeCursor on
inactive InputConnection
01-25 00:48:07.514 3579 3579 W IInputConnectionWrapper: getTextAfterCursor on
inactive InputConnection
01-25 00:48:07.515 3579 3579 W IInputConnectionWrapper: getSelectedText on
inactive InputConnection
01-25 00:48:07.562 3579 3579 W IInputConnectionWrapper: performPrivateCommand on
inactive InputConnection
01-25 00:48:07.584 3579 3579 W IInputConnectionWrapper: requestCursorAnchorInfo
on inactive InputConnection
01-25 00:48:07.596 3579 3579 W IInputConnectionWrapper: getTextBeforeCursor on
inactive InputConnection
01-25 00:48:07.597 3579 3579 W IInputConnectionWrapper: getTextAfterCursor on
inactive InputConnection
01-25 00:48:07.598 3579 3579 W IInputConnectionWrapper: getSelectedText on
inactive InputConnection
01-25 00:48:07.643 3579 3579 W IInputConnectionWrapper: performPrivateCommand on
inactive InputConnection
01-25 00:48:07.661 3579 3579 W IInputConnectionWrapper: requestCursorAnchorInfo
on inactive InputConnection
01-25 00:48:07.671 3579 3579 W IInputConnectionWrapper: getTextBeforeCursor on
inactive InputConnection
01-25 00:48:07.672 3579 3579 W IInputConnectionWrapper: getTextAfterCursor on
inactive InputConnection
01-25 00:48:07.672 3579 3579 W IInputConnectionWrapper: getSelectedText on
inactive InputConnection
01-25 00:48:07.720 3579 3579 W IInputConnectionWrapper: performPrivateCommand on
inactive InputConnection
01-25 00:48:07.783 3579 3579 E ArmVmp : Match on catch block at 0xc3 in for 0xa5
01-25 00:48:07.786 3579 3579 E ArmVmp : Match on catch block at 0xc3 in for 0xa9
01-25 00:48:07.798 3579 3579 E ArmVmp : Match on catch block at 0xc3 in for 0xa5
01-25 00:48:07.803 3579 3579 E ArmVmp : Match on catch block at 0xc3 in for 0xa9
01-25 00:48:07.804 3579 3579 W IInputConnectionWrapper: requestCursorAnchorInfo
on inactive InputConnection
01-25 00:48:07.814 3579 3579 W IInputConnectionWrapper: getTextBeforeCursor on
inactive InputConnection
01-25 00:48:07.815 3579 3579 W IInputConnectionWrapper: getTextAfterCursor on
inactive InputConnection
01-25 00:48:07.816 3579 3579 W IInputConnectionWrapper: getSelectedText on
inactive InputConnection
01-25 00:48:07.849 3579 3579 E ArmVmp : Match on catch block at 0xc3 in for 0xa9
01-25 00:48:07.853 3579 3579 E ArmVmp : Match on catch block at 0xc3 in for 0xa1
01-25 00:48:07.857 3579 3579 W IInputConnectionWrapper: performPrivateCommand on
inactive InputConnection
01-25 00:48:07.868 3579 3579 W IInputConnectionWrapper: requestCursorAnchorInfo
on inactive InputConnection
01-25 00:48:07.877 3579 3579 W IInputConnectionWrapper: getTextBeforeCursor on
inactive InputConnection
01-25 00:48:07.878 3579 3579 W IInputConnectionWrapper: getTextAfterCursor on
inactive InputConnection
01-25 00:48:07.879 3579 3579 W IInputConnectionWrapper: getSelectedText on
inactive InputConnection
01-25 00:48:07.912 3579 3579 W IInputConnectionWrapper: performPrivateCommand on
inactive InputConnection
01-25 00:48:07.927 3579 3579 W IInputConnectionWrapper: requestCursorAnchorInfo
on inactive InputConnection
01-25 00:48:07.936 3579 3579 W IInputConnectionWrapper: getTextBeforeCursor on
inactive InputConnection
01-25 00:48:07.937 3579 3579 W IInputConnectionWrapper: getTextAfterCursor on
inactive InputConnection
01-25 00:48:07.938 3579 3579 W IInputConnectionWrapper: getSelectedText on
inactive InputConnection
01-25 00:48:07.984 3579 3579 W IInputConnectionWrapper: performPrivateCommand on
inactive InputConnection
01-25 00:48:08.018 3579 3579 W IInputConnectionWrapper: requestCursorAnchorInfo
on inactive InputConnection
01-25 00:48:08.025 3579 3579 W IInputConnectionWrapper: getTextBeforeCursor on
inactive InputConnection
01-25 00:48:08.026 3579 3579 W IInputConnectionWrapper: getTextAfterCursor on
inactive InputConnection
01-25 00:48:08.027 3579 3579 W IInputConnectionWrapper: getSelectedText on
inactive InputConnection
01-25 00:48:08.063 3579 3579 W IInputConnectionWrapper: performPrivateCommand on
inactive InputConnection
01-25 00:48:08.081 3579 3579 W IInputConnectionWrapper: requestCursorAnchorInfo
on inactive InputConnection
01-25 00:48:08.089 3579 3579 W IInputConnectionWrapper: getTextBeforeCursor on
inactive InputConnection
01-25 00:48:08.090 3579 3579 W IInputConnectionWrapper: getTextAfterCursor on
inactive InputConnection
01-25 00:48:08.091 3579 3579 W IInputConnectionWrapper: getSelectedText on
inactive InputConnection
01-25 00:48:08.145 3579 3579 E ArmVmp : Match on catch block at 0xc3 in for 0xa1
01-25 00:48:08.149 3579 3579 E ArmVmp : Match on catch block at 0xc3 in for 0xa5
01-25 00:48:08.153 3579 3579 W IInputConnectionWrapper: performPrivateCommand on
inactive InputConnection
01-25 00:48:08.163 3579 3579 E ArmVmp : Match on catch block at 0xc3 in for 0xa5
01-25 00:48:08.168 3579 3579 E ArmVmp : Match on catch block at 0xc3 in for 0xa9
01-25 00:48:08.181 3579 3579 E ArmVmp : Match on catch block at 0xc3 in for 0xa9
01-25 00:48:08.187 3579 3579 E ArmVmp : Match on catch block at 0xc3 in for 0xa1
01-25 00:48:08.197 3579 3579 E ArmVmp : Match on catch block at 0xc3 in for 0xa1
01-25 00:48:08.203 3579 3579 E ArmVmp : Match on catch block at 0xc3 in for 0xa5
01-25 00:48:08.215 3579 3579 E ArmVmp : Match on catch block at 0xc3 in for 0xa5
01-25 00:48:08.220 3579 3579 E ArmVmp : Match on catch block at 0xc3 in for 0xa9
01-25 00:48:08.232 3579 3579 E ArmVmp : Match on catch block at 0xc3 in for 0xa9
01-25 00:48:08.238 3579 3579 E ArmVmp : Match on catch block at 0xc3 in for 0xa1
01-25 00:48:08.251 3579 3579 E ArmVmp : Match on catch block at 0xc3 in for 0xa1
01-25 00:48:08.258 3579 3579 E ArmVmp : Match on catch block at 0xc3 in for 0xa5
01-25 00:48:08.268 3579 3579 E ArmVmp : Match on catch block at 0xc3 in for 0xa5
01-25 00:48:08.275 3579 3579 E ArmVmp : Match on catch block at 0xc3 in for 0xa9
01-25 00:48:08.284 3579 3579 E ArmVmp : Match on catch block at 0xc3 in for 0xa9
01-25 00:48:08.291 3579 3579 E ArmVmp : Match on catch block at 0xc3 in for 0xa1
01-25 00:48:08.302 3579 3579 E ArmVmp : Match on catch block at 0xc3 in for 0xa1
01-25 00:48:08.310 3579 3579 E ArmVmp : Match on catch block at 0xc3 in for 0xa5
01-25 00:48:08.320 3579 3579 E ArmVmp : Match on catch block at 0xc3 in for 0xa5
