01-25 00:48:30.241 3579 3579 E ArmVmp : Match on catch block at 0xc3 in for 0xa5
01-25 00:48:30.245 3579 3579 E ArmVmp : Match on catch block at 0xc3 in for 0xa9
01-25 00:48:30.258 3579 3579 E ArmVmp : Match on catch block at 0xc3 in for 0xa9
01-25 00:48:30.262 3579 3579 E ArmVmp : Match on catch block at 0xc3 in for 0xa1
01-25 00:48:30.288 3579 3579 E ArmVmp : Match on catch block at 0xc3 in for 0xa5
01-25 00:48:30.292 3579 3579 E ArmVmp : Match on catch block at 0xc3 in for 0xa9
01-25 00:48:30.311 3579 3579 E ArmVmp : Match on catch block at 0xc3 in for 0xa5
01-25 00:48:30.314 3579 3579 E ArmVmp : Match on catch block at 0xc3 in for 0xa9
01-25 00:48:30.321 3579 3579 E ArmVmp : Match on catch block at 0xc3 in for 0xa9
01-25 00:48:30.326 3579 3579 E ArmVmp : Match on catch block at 0xc3 in for 0xa1
01-25 00:48:30.536 3579 3579 E ArmVmp : Match on catch block at 0xc3 in for 0xa1
01-25 00:48:30.543 3579 3579 E ArmVmp : Match on catch block at 0xc3 in for 0xa5
01-25 00:48:31.022 3579 3579 E ArmVmp : Match on catch block at 0xc3 in for 0xa5
01-25 00:48:31.026 3579 3579 E ArmVmp : Match on catch block at 0xc3 in for 0xa9
01-25 00:48:31.525 3579 3579 E ArmVmp : Match on catch block at 0xc3 in for 0xa9
01-25 00:48:31.530 3579 3579 E ArmVmp : Match on catch block at 0xc3 in for 0xa1
01-25 00:48:31.663 3579 3579 E ArmVmp : Match on catch block at 0xc3 in for 0xa9
01-25 00:48:31.667 3579 3579 E ArmVmp : Match on catch block at 0xc3 in for 0xa1
01-25 00:48:31.673 3579 3579 E ArmVmp : Match on catch block at 0xc3 in for 0xa1
01-25 00:48:31.678 3579 3579 E ArmVmp : Match on catch block at 0xc3 in for 0xa5
01-25 00:48:32.029 3579 3579 E ArmVmp : Match on catch block at 0xc3 in for 0xa5
01-25 00:48:32.034 3579 3579 E ArmVmp : Match on catch block at 0xc3 in for 0xa9
01-25 00:48:32.431 3579 3579 E ArmVmp : Match on catch block at 0xc3 in for 0xa5
01-25 00:48:32.435 3579 3579 E ArmVmp : Match on catch block at 0xc3 in for 0xa9
01-25 00:48:32.448 3579 3579 E ArmVmp : Match on catch block at 0xc3 in for 0xa9
01-25 00:48:32.452 3579 3579 E ArmVmp : Match on catch block at 0xc3 in for 0xa1
01-25 00:48:32.467 3579 3579 E ArmVmp : Match on catch block at 0xc3 in for 0xa1
01-25 00:48:32.471 3579 3579 E ArmVmp : Match on catch block at 0xc3 in for 0xa5
01-25 00:48:32.482 3579 3579 E ArmVmp : Match on catch block at 0xc3 in for 0xa5
01-25 00:48:32.486 3579 3579 E ArmVmp : Match on catch block at 0xc3 in for 0xa9
01-25 00:48:32.500 3579 3579 E ArmVmp : Match on catch block at 0xc3 in for 0xa9
01-25 00:48:32.504 3579 3579 E ArmVmp : Match on catch block at 0xc3 in for 0xa1
01-25 00:48:32.538 3579 3579 E ArmVmp : Match on catch block at 0xc3 in for 0xa5
01-25 00:48:32.541 3579 3579 E ArmVmp : Match on catch block at 0xc3 in for 0xa9
01-25 00:48:32.570 3579 3579 E ArmVmp : Match on catch block at 0xc3 in for 0xa1
01-25 00:48:32.573 3579 3579 E ArmVmp : Match on catch block at 0xc3 in for 0xa5
01-25 00:48:32.582 3579 3579 E ArmVmp : Match on catch block at 0xc3 in for 0xa5
01-25 00:48:32.585 3579 3579 E ArmVmp : Match on catch block at 0xc3 in for 0xa9
01-25 00:48:32.606 3579 3579 E ArmVmp : Match on catch block at 0xc3 in for 0xa9
01-25 00:48:32.611 3579 3579 E ArmVmp : Match on catch block at 0xc3 in for 0xa1
01-25 00:48:32.620 3579 3579 E ArmVmp : Match on catch block at 0xc3 in for 0xa1
01-25 00:48:32.626 3579 3579 E ArmVmp : Match on catch block at 0xc3 in for 0xa5
01-25 00:48:32.638 3579 3579 E ArmVmp : Match on catch block at 0xc3 in for 0xa5
01-25 00:48:32.642 3579 3579 E ArmVmp : Match on catch block at 0xc3 in for 0xa9
01-25 00:48:32.655 3579 3579 E ArmVmp : Match on catch block at 0xc3 in for 0xa9
01-25 00:48:32.659 3579 3579 E ArmVmp : Match on catch block at 0xc3 in for 0xa1
01-25 00:48:32.672 3579 3579 E ArmVmp : Match on catch block at 0xc3 in for 0xa1
01-25 00:48:32.676 3579 3579 E ArmVmp : Match on catch block at 0xc3 in for 0xa5
01-25 00:48:32.689 3579 3579 E ArmVmp : Match on catch block at 0xc3 in for 0xa5
01-25 00:48:32.693 3579 3579 E ArmVmp : Match on catch block at 0xc3 in for 0xa9
01-25 00:48:32.707 3579 3579 E ArmVmp : Match on catch block at 0xc3 in for 0xa9
01-25 00:48:32.711 3579 3579 E ArmVmp : Match on catch block at 0xc3 in for 0xa1
01-25 00:48:32.724 3579 3579 E ArmVmp : Match on catch block at 0xc3 in for 0xa1
01-25 00:48:32.728 3579 3579 E ArmVmp : Match on catch block at 0xc3 in for 0xa5
01-25 00:48:32.742 3579 3579 E ArmVmp : Match on catch block at 0xc3 in for 0xa5
01-25 00:48:32.746 3579 3579 E ArmVmp : Match on catch block at 0xc3 in for 0xa9
01-25 00:48:32.759 3579 3579 E ArmVmp : Match on catch block at 0xc3 in for 0xa9
01-25 00:48:32.764 3579 3579 E ArmVmp : Match on catch block at 0xc3 in for 0xa1
01-25 00:48:32.776 3579 3579 E ArmVmp : Match on catch block at 0xc3 in for 0xa1
01-25 00:48:32.780 3579 3579 E ArmVmp : Match on catch block at 0xc3 in for 0xa5
01-25 00:48:32.809 3579 3579 E ArmVmp : Match on catch block at 0xc3 in for 0xa1
01-25 00:48:32.813 3579 3579 E ArmVmp : Match on catch block at 0xc3 in for 0xa5
01-25 00:48:32.821 3579 3579 E ArmVmp : Match on catch block at 0xc3 in for 0xa5
01-25 00:48:32.826 3579 3579 E ArmVmp : Match on catch block at 0xc3 in for 0xa9
01-25 00:48:33.054 3579 3579 E ArmVmp : Match on catch block at 0xc3 in for 0xa9
01-25 00:48:33.058 3579 3579 E ArmVmp : Match on catch block at 0xc3 in for 0xa1
01-25 00:48:33.419 3579 3579 E ArmVmp : Match on catch block at 0xc3 in for 0xa5
01-25 00:48:33.423 3579 3579 E ArmVmp : Match on catch block at 0xc3 in for 0xa9
01-25 00:48:33.454 3579 3579 E ArmVmp : Match on catch block at 0xc3 in for 0xa9
01-25 00:48:33.459 3579 3579 E ArmVmp : Match on catch block at 0xc3 in for 0xa1
01-25 00:48:33.489 3579 3579 E GraphicExt:
GraphicExtModuleLoader::CreateGraphicExtInstance false
01-25 00:48:33.623 3579 3579 E ArmVmp : Match on catch block at 0xc3 in for 0xa9
01-25 00:48:33.629 3579 3579 E ArmVmp : Match on catch block at 0xc3 in for 0xa1
01-25 00:48:33.655 3579 3579 E ArmVmp : Match on catch block at 0xc3 in for 0xa9
01-25 00:48:33.661 3579 3579 E ArmVmp : Match on catch block at 0xc3 in for 0xa1
01-25 00:48:34.167 3579 3579 E ArmVmp : Match on catch block at 0xc3 in for 0xa1
01-25 00:48:34.172 3579 3579 E ArmVmp : Match on catch block at 0xc3 in for 0xa5
01-25 00:48:34.670 3579 3579 E ArmVmp : Match on catch block at 0xc3 in for 0xa5
01-25 00:48:34.676 3579 3579 E ArmVmp : Match on catch block at 0xc3 in for 0xa9
01-25 00:48:35.175 3579 3579 E ArmVmp : Match on catch block at 0xc3 in for 0xa9
01-25 00:48:35.186 3579 3579 E ArmVmp : Match on catch block at 0xc3 in for 0xa1
01-25 00:48:35.200 3579 3579 E ArmVmp : Match on catch block at 0xc3 in for 0xa1
01-25 00:48:35.212 3579 3579 E ArmVmp : Match on catch block at 0xc3 in for 0xa5
01-25 00:48:35.226 3579 3579 E ArmVmp : Match on catch block at 0xc3 in for 0xa5
01-25 00:48:35.235 3579 3579 E ArmVmp : Match on catch block at 0xc3 in for 0xa9
01-25 00:48:35.260 3579 3579 E ArmVmp : Match on catch block at 0xc3 in for 0xa9
01-25 00:48:35.267 3579 3579 E ArmVmp : Match on catch block at 0xc3 in for 0xa1
01-25 00:48:35.279 3579 3579 E ArmVmp : Match on catch block at 0xc3 in for 0xa1
01-25 00:48:35.287 3579 3579 E ArmVmp : Match on catch block at 0xc3 in for 0xa5
01-25 00:48:35.297 3579 3579 E ArmVmp : Match on catch block at 0xc3 in for 0xa5
01-25 00:48:35.306 3579 3579 E ArmVmp : Match on catch block at 0xc3 in for 0xa9
01-25 00:48:35.331 3579 3579 E ArmVmp : Match on catch block at 0xc3 in for 0xa9
01-25 00:48:35.342 3579 3579 E ArmVmp : Match on catch block at 0xc3 in for 0xa1
01-25 00:48:35.352 3579 3579 E ArmVmp : Match on catch block at 0xc3 in for 0xa1
01-25 00:48:35.359 3579 3579 E ArmVmp : Match on catch block at 0xc3 in for 0xa5
01-25 00:48:35.369 3579 3579 E ArmVmp : Match on catch block at 0xc3 in for 0xa5
01-25 00:48:35.375 3579 3579 E ArmVmp : Match on catch block at 0xc3 in for 0xa9
01-25 00:48:35.399 3579 3579 E ArmVmp : Match on catch block at 0xc3 in for 0xa9
01-25 00:48:35.407 3579 3579 E ArmVmp : Match on catch block at 0xc3 in for 0xa1
01-25 00:48:35.418 3579 3579 E ArmVmp : Match on catch block at 0xc3 in for 0xa1
01-25 00:48:35.426 3579 3579 E ArmVmp : Match on catch block at 0xc3 in for 0xa5
01-25 00:48:35.437 3579 3579 E ArmVmp : Match on catch block at 0xc3 in for 0xa5
01-25 00:48:35.446 3579 3579 E ArmVmp : Match on catch block at 0xc3 in for 0xa9
01-25 00:48:35.680 3579 3579 E ArmVmp : Match on catch block at 0xc3 in for 0xa9
01-25 00:48:35.691 3579 3579 E ArmVmp : Match on catch block at 0xc3 in for 0xa1
01-25 00:48:36.182 3579 3579 E ArmVmp : Match on catch block at 0xc3 in for 0xa1
01-25 00:48:36.194 3579 3579 E ArmVmp : Match on catch block at 0xc3 in for 0xa5
01-25 00:48:36.689 3579 3579 E ArmVmp : Match on catch block at 0xc3 in for 0xa5
01-25 00:48:36.700 3579 3579 E ArmVmp : Match on catch block at 0xc3 in for 0xa9
01-25 00:48:36.758 3579 3579 E ArmVmp : Match on catch block at 0x0a in for 0xc9
01-25 00:48:36.778 3579 3579 E ArmVmp : Match on catch block at 0x0a in for 0xc9
01-25 00:48:36.815 3579 3579 E ArmVmp : Match on catch block at 0x0a in for 0xa9
01-25 00:48:36.867 3579 3579 E ArmVmp : Match on catch block at 0x0a in for 0xa9
01-25 00:48:37.189 3579 3579 E ArmVmp : Match on catch block at 0xc3 in for 0xa1
01-25 00:48:37.196 3579 3579 E ArmVmp : Match on catch block at 0xc3 in for 0xa5
01-25 00:48:37.448 3579 3579 E ArmVmp : Match on catch block at 0xc3 in for 0xa1
01-25 00:48:37.455 3579 3579 E ArmVmp : Match on catch block at 0xc3 in for 0xa5
01-25 00:48:37.526 3579 3579 E ArmVmp : Match on catch block at 0xc3 in for 0xb5
01-25 00:48:37.562 3579 3579 E GraphicExt:
GraphicExtModuleLoader::CreateGraphicExtInstance false
01-25 00:48:37.599 3579 3579 E ArmVmp : Match on catch block at 0xc3 in for 0xa5
01-25 00:48:37.605 3579 3579 E ArmVmp : Match on catch block at 0xc3 in for 0xa9
01-25 00:48:37.638 3579 3579 E ArmVmp : Match on catch block at 0xc3 in for 0xa1
01-25 00:48:37.706 3579 3579 E ArmVmp : Match on catch block at 0xc3 in for 0xa9
01-25 00:48:37.713 3579 3579 E ArmVmp : Match on catch block at 0xc3 in for 0xa1
01-25 00:48:37.745 3579 3579 E ArmVmp : Match on catch block at 0xc3 in for 0xa5
01-25 00:48:37.931 3579 3579 E ArmVmp : Match on catch block at 0xc3 in for 0xa1
01-25 00:48:37.937 3579 3579 E ArmVmp : Match on catch block at 0xc3 in for 0xa5
01-25 00:48:37.969 3579 3579 E ArmVmp : Match on catch block at 0xc3 in for 0xa9
01-25 00:48:37.986 3579 3671 W MediaPlayer: Use of stream types is deprecated for
operations other than volume control
01-25 00:48:37.986 3579 3671 W MediaPlayer: See the documentation of
setAudioStreamType() for what to use instead with android.media.AudioAttributes to
qualify your playback use case
01-25 00:48:38.007 3579 3579 E ArmVmp : Match on catch block at 0xc3 in for 0xa9
01-25 00:48:38.012 3579 3579 E ArmVmp : Match on catch block at 0xc3 in for 0xa1
01-25 00:48:38.034 3579 3579 E ArmVmp : Match on catch block at 0xc3 in for 0xa5
01-25 00:48:38.080 3579 3579 E ArmVmp : Match on catch block at 0xc3 in for 0xa1
01-25 00:48:38.087 3579 3579 E ArmVmp : Match on catch block at 0xc3 in for 0xa5
01-25 00:48:38.106 3579 3579 E ArmVmp : Match on catch block at 0xc3 in for 0xa9
01-25 00:48:38.460 3579 3579 E GraphicExt:
GraphicExtModuleLoader::CreateGraphicExtInstance false
01-25 00:48:38.762 3579 3579 E ArmVmp : Match on catch block at 0xc3 in for 0xa5
01-25 00:48:38.770 3579 3579 E ArmVmp : Match on catch block at 0xc3 in for 0xa9
01-25 00:48:39.257 3579 3579 E ArmVmp : Match on catch block at 0xc3 in for 0xa9
01-25 00:48:39.263 3579 3579 E ArmVmp : Match on catch block at 0xc3 in for 0xa1
01-25 00:48:39.342 3579 3579 E ArmVmp : Match on catch block at 0xc3 in for 0xa1
01-25 00:48:39.348 3579 3579 E ArmVmp : Match on catch block at 0xc3 in for 0xa5
01-25 00:48:39.380 3579 3579 E ArmVmp : Match on catch block at 0xc3 in for 0xa9
01-25 00:48:39.418 3579 3579 E GraphicExt:
GraphicExtModuleLoader::CreateGraphicExtInstance false
01-25 00:48:39.503 3579 3579 E ArmVmp : Match on catch block at 0xc3 in for 0xa5
01-25 00:48:39.512 3579 3579 E ArmVmp : Match on catch block at 0xc3 in for 0xa9
01-25 00:48:39.544 3579 3579 E ArmVmp : Match on catch block at 0xc3 in for 0xa1
01-25 00:48:39.586 3579 3579 E ArmVmp : Match on catch block at 0xc3 in for 0xa5
01-25 00:48:39.590 3579 3579 E ArmVmp : Match on catch block at 0xc3 in for 0xa9
01-25 00:48:39.616 3579 3579 E ArmVmp : Match on catch block at 0xc3 in for 0xa1
01-25 00:48:39.627 3579 3579 E ArmVmp : Match on catch block at 0xc3 in for 0xa5
01-25 00:48:39.633 3579 3579 E ArmVmp : Match on catch block at 0xc3 in for 0xa9
01-25 00:48:39.653 3579 3579 E ArmVmp : Match on catch block at 0xc3 in for 0xa1
01-25 00:48:39.666 3579 3579 E ArmVmp : Match on catch block at 0xc3 in for 0xa5
01-25 00:48:39.671 3579 3579 E ArmVmp : Match on catch block at 0xc3 in for 0xa9
01-25 00:48:39.689 3579 3579 E ArmVmp : Match on catch block at 0xc3 in for 0xa1
01-25 00:48:39.706 3579 3579 E ArmVmp : Match on catch block at 0xc3 in for 0xa5
01-25 00:48:39.712 3579 3579 E ArmVmp : Match on catch block at 0xc3 in for 0xa9
01-25 00:48:39.730 3579 3579 E ArmVmp : Match on catch block at 0xc3 in for 0xa1
01-25 00:48:39.739 3579 3579 E ArmVmp : Match on catch block at 0xc3 in for 0xa5
01-25 00:48:39.745 3579 3579 E ArmVmp : Match on catch block at 0xc3 in for 0xa9
01-25 00:48:39.764 3579 3579 E ArmVmp : Match on catch block at 0xc3 in for 0xa1
01-25 00:48:39.773 3579 3579 E ArmVmp : Match on catch block at 0xc3 in for 0xa5
01-25 00:48:39.780 3579 3579 E ArmVmp : Match on catch block at 0xc3 in for 0xa9
01-25 00:48:39.799 3579 3579 E ArmVmp : Match on catch block at 0xc3 in for 0xa1
01-25 00:48:39.819 3579 3579 E ArmVmp : Match on catch block at 0xc3 in for 0xa5
01-25 00:48:39.824 3579 3579 E ArmVmp : Match on catch block at 0xc3 in for 0xa9
01-25 00:48:39.841 3579 3579 E ArmVmp : Match on catch block at 0xc3 in for 0xa1
01-25 00:48:39.851 3579 3579 E ArmVmp : Match on catch block at 0xc3 in for 0xa5
01-25 00:48:39.856 3579 3579 E ArmVmp : Match on catch block at 0xc3 in for 0xa9
01-25 00:48:39.875 3579 3579 E ArmVmp : Match on catch block at 0xc3 in for 0xa1
01-25 00:48:40.310 3579 3579 E ArmVmp : Match on catch block at 0xc3 in for 0xa5
01-25 00:48:40.317 3579 3579 E ArmVmp : Match on catch block at 0xc3 in for 0xa9
01-25 00:48:40.346 3579 3641 E SQLiteDatabase: Error inserting transferred=0
media_job_uuid=dbc6c905-f135-4259-96d5-8cf87b0c889c transcoded=1 gif_attribution=0
first_scan_length=0 direct_path=null thumbnail_height_width_ratio=1.0
is_animated_sticker=0 file_hash=bBgHAzvJ0FXSCiGist/7DuRtCmT1OdJtYopuMiNe1Dw=
file_path=/data/user/0/com.whatsapp/files/Stickers/bBgHAzvJ0FXSCiGist-
7DuRtCmT1OdJtYopuMiNe1Dw=.webp file_size=15500 partial_media_hash=null face_x=0
face_y=0 height=64 trim_to=0 media_key_timestamp=0 message_url=null
media_caption=null trim_from=0 mime_type=image/webp partial_media_enc_hash=null
width=64 original_file_hash=null has_streaming_sidecar=0
autotransfer_retry_enabled=1 media_upload_handle=null message_row_id=44328
multicast_id=null enc_file_hash=null mute_video=0 page_count=0
first_scan_sidecar=null suspicious_content=0 file_length=15500
media_name=bBgHAzvJ0FXSCiGist-7DuRtCmT1OdJtYopuMiNe1Dw=.webp media_duration=0
chat_row_id=685 media_key=null
01-25 00:48:40.346 3579 3641 E SQLiteDatabase:
android.database.sqlite.SQLiteConstraintException: UNIQUE constraint failed:
message_media.message_row_id (code 1555 SQLITE_CONSTRAINT_PRIMARYKEY)
01-25 00:48:40.346 3579 3641 E SQLiteDatabase: at
android.database.sqlite.SQLiteConnection.nativeExecuteForLastInsertedRowId(Native
Method)
01-25 00:48:40.346 3579 3641 E SQLiteDatabase: at
android.database.sqlite.SQLiteConnection.executeForLastInsertedRowId(SQLiteConnecti
on.java:879)
01-25 00:48:40.346 3579 3641 E SQLiteDatabase: at
android.database.sqlite.SQLiteSession.executeForLastInsertedRowId(SQLiteSession.jav
a:790)
01-25 00:48:40.346 3579 3641 E SQLiteDatabase: at
android.database.sqlite.SQLiteStatement.executeInsert(SQLiteStatement.java:88)
01-25 00:48:40.346 3579 3641 E SQLiteDatabase: at
android.database.sqlite.SQLiteDatabase.insertWithOnConflict(SQLiteDatabase.java:159
9)
01-25 00:48:40.346 3579 3641 E SQLiteDatabase: at
android.database.sqlite.SQLiteDatabase.insert(SQLiteDatabase.java:1468)
01-25 00:48:40.346 3579 3641 E SQLiteDatabase: at X.2tm.A08(Unknown
Source:6)
01-25 00:48:40.346 3579 3641 E SQLiteDatabase: at X.35Y.A07(Unknown
Source:212)
01-25 00:48:40.346 3579 3641 E SQLiteDatabase: at X.3QF.A14(Unknown
Source:470)
01-25 00:48:40.346 3579 3641 E SQLiteDatabase: at X.3gU.run(Unknown
Source:982)
01-25 00:48:40.346 3579 3641 E SQLiteDatabase: at
android.os.Handler.handleCallback(Handler.java:883)
01-25 00:48:40.346 3579 3641 E SQLiteDatabase: at
android.os.Handler.dispatchMessage(Handler.java:100)
01-25 00:48:40.346 3579 3641 E SQLiteDatabase: at
X.0zq.dispatchMessage(Unknown Source:4)
01-25 00:48:40.346 3579 3641 E SQLiteDatabase: at
android.os.Looper.loop(Looper.java:214)
01-25 00:48:40.346 3579 3641 E SQLiteDatabase: at
android.os.HandlerThread.run(HandlerThread.java:67)
01-25 00:48:40.361 3579 3579 E ArmVmp : Match on catch block at 0xc3 in for 0xa1
01-25 00:48:40.368 3579 3579 E ArmVmp : Match on catch block at 0xc3 in for 0xa5
01-25 00:48:40.465 3579 3579 E ArmVmp : Match on catch block at 0xc3 in for 0xa5
01-25 00:48:40.473 3579 3579 E ArmVmp : Match on catch block at 0xc3 in for 0xa9
01-25 00:48:40.487 3579 3579 E ArmVmp : Match on catch block at 0xc3 in for 0xa9
01-25 00:48:40.494 3579 3579 E ArmVmp : Match on catch block at 0xc3 in for 0xa1
01-25 00:48:40.547 3579 3579 E ArmVmp : Match on catch block at 0xc3 in for 0xa5
01-25 00:48:40.552 3579 3579 E ArmVmp : Match on catch block at 0xc3 in for 0xa9
01-25 00:48:40.570 3579 3579 E ArmVmp : Match on catch block at 0xc3 in for 0xa9
01-25 00:48:40.576 3579 3579 E ArmVmp : Match on catch block at 0xc3 in for 0xa1
01-25 00:48:40.671 3579 3641 E SQLiteDatabase: Error inserting transferred=1
media_job_uuid=dbc6c905-f135-4259-96d5-8cf87b0c889c transcoded=1 gif_attribution=0
first_scan_length=0 direct_path=/v/t62.15575-
24/35176326_348460624699305_3502564648349755106_n.enc?ccb=11-
4&oh=01_AdT7xFMMzt98sE-9UEqymXpqyF9JhQ8HbDgZpeOmc31qDA&oe=65D989B1&_nc_sid=5e03e0
thumbnail_height_width_ratio=1.0 is_animated_sticker=0
file_hash=bBgHAzvJ0FXSCiGist/7DuRtCmT1OdJtYopuMiNe1Dw= file_path=Media/WhatsApp
Stickers/STK-20240123-WA0447.webp file_size=15500 partial_media_hash=null face_x=0
face_y=0 height=64 trim_to=0 media_key_timestamp=1706066919000
message_url=https://mmg.whatsapp.net/v/t62.15575-
24/35176326_348460624699305_3502564648349755106_n.enc?ccb=11-
4&oh=01_AdT7xFMMzt98sE-
9UEqymXpqyF9JhQ8HbDgZpeOmc31qDA&oe=65D989B1&_nc_sid=5e03e0&mms3=true
media_caption=null trim_from=0 mime_type=image/webp partial_media_enc_hash=null
width=64 original_file_hash=null has_streaming_sidecar=0
autotransfer_retry_enabled=0 media_upload_handle=null message_row_id=44328
multicast_id=null enc_file_hash=eZ3ty5nXtifGccvSWvCvRrUrrz0CF8UvtKLQlHqwJ5A=
mute_video=0 page_count=0 first_scan_sidecar=null suspicious_content=0
file_length=15500 media_name=bBgHAzvJ0FXSCiGist-7DuRtCmT1OdJtYopuMiNe1Dw=.webp
media_duration=0 chat_row_id=685 media_key=[B@897e79c
01-25 00:48:40.671 3579 3641 E SQLiteDatabase:
android.database.sqlite.SQLiteConstraintException: UNIQUE constraint failed:
message_media.message_row_id (code 1555 SQLITE_CONSTRAINT_PRIMARYKEY)
01-25 00:48:40.671 3579 3641 E SQLiteDatabase: at
android.database.sqlite.SQLiteConnection.nativeExecuteForLastInsertedRowId(Native
Method)
01-25 00:48:40.671 3579 3641 E SQLiteDatabase: at
android.database.sqlite.SQLiteConnection.executeForLastInsertedRowId(SQLiteConnecti
on.java:879)
01-25 00:48:40.671 3579 3641 E SQLiteDatabase: at
android.database.sqlite.SQLiteSession.executeForLastInsertedRowId(SQLiteSession.jav
a:790)
01-25 00:48:40.671 3579 3641 E SQLiteDatabase: at
android.database.sqlite.SQLiteStatement.executeInsert(SQLiteStatement.java:88)
01-25 00:48:40.671 3579 3641 E SQLiteDatabase: at
android.database.sqlite.SQLiteDatabase.insertWithOnConflict(SQLiteDatabase.java:159
9)
01-25 00:48:40.671 3579 3641 E SQLiteDatabase: at
android.database.sqlite.SQLiteDatabase.insert(SQLiteDatabase.java:1468)
01-25 00:48:40.671 3579 3641 E SQLiteDatabase: at X.2tm.A08(Unknown
Source:6)
01-25 00:48:40.671 3579 3641 E SQLiteDatabase: at X.35Y.A07(Unknown
Source:212)
01-25 00:48:40.671 3579 3641 E SQLiteDatabase: at X.3QF.A14(Unknown
Source:470)
01-25 00:48:40.671 3579 3641 E SQLiteDatabase: at X.3gU.run(Unknown
Source:982)
01-25 00:48:40.671 3579 3641 E SQLiteDatabase: at
android.os.Handler.handleCallback(Handler.java:883)
01-25 00:48:40.671 3579 3641 E SQLiteDatabase: at
android.os.Handler.dispatchMessage(Handler.java:100)
01-25 00:48:40.671 3579 3641 E SQLiteDatabase: at
X.0zq.dispatchMessage(Unknown Source:4)
01-25 00:48:40.671 3579 3641 E SQLiteDatabase: at
android.os.Looper.loop(Looper.java:214)
01-25 00:48:40.671 3579 3641 E SQLiteDatabase: at
android.os.HandlerThread.run(HandlerThread.java:67)
01-25 00:48:40.722 3579 3579 E ArmVmp : Match on catch block at 0xc3 in for 0xa9
01-25 00:48:40.728 3579 3579 E ArmVmp : Match on catch block at 0xc3 in for 0xa1
01-25 00:48:40.755 3579 3579 E ArmVmp : Match on catch block at 0xc3 in for 0xa1
01-25 00:48:40.762 3579 3579 E ArmVmp : Match on catch block at 0xc3 in for 0xa5
01-25 00:48:40.855 3579 3579 E ArmVmp : Match on catch block at 0xc3 in for 0xa1
01-25 00:48:40.862 3579 3579 E ArmVmp : Match on catch block at 0xc3 in for 0xa5
01-25 00:48:40.927 3579 3579 E ArmVmp : Match on catch block at 0xc3 in for 0xa9
01-25 00:48:40.933 3579 3579 E ArmVmp : Match on catch block at 0xc3 in for 0xa1
01-25 00:48:40.945 3579 3671 W MediaPlayer: Use of stream types is deprecated for
operations other than volume control
01-25 00:48:40.945 3579 3671 W MediaPlayer: See the documentation of
setAudioStreamType() for what to use instead with android.media.AudioAttributes to
qualify your playback use case
01-25 00:48:40.946 3579 3579 E ArmVmp : Match on catch block at 0xc3 in for 0xa1
01-25 00:48:40.953 3579 3579 E ArmVmp : Match on catch block at 0xc3 in for 0xa5
01-25 00:48:41.358 3579 3579 E ArmVmp : Match on catch block at 0xc3 in for 0xa1
01-25 00:48:41.367 3579 3579 E ArmVmp : Match on catch block at 0xc3 in for 0xa5
01-25 00:48:41.435 3579 3579 E ArmVmp : Match on catch block at 0xc3 in for 0xa9
01-25 00:48:41.440 3579 3579 E ArmVmp : Match on catch block at 0xc3 in for 0xa1
01-25 00:48:41.461 3579 3579 E ArmVmp : Match on catch block at 0xc3 in for 0xa1
01-25 00:48:41.469 3579 3579 E ArmVmp : Match on catch block at 0xc3 in for 0xa5
01-25 00:48:41.509 3579 3579 E ArmVmp : Match on catch block at 0xc3 in for 0xa1
01-25 00:48:41.515 3579 3579 E ArmVmp : Match on catch block at 0xc3 in for 0xa5
01-25 00:48:41.528 3579 3579 E ArmVmp : Match on catch block at 0xc3 in for 0xa5
01-25 00:48:41.535 3579 3579 E ArmVmp : Match on catch block at 0xc3 in for 0xa9
01-25 00:48:41.551 3579 3579 E ArmVmp : Match on catch block at 0xc3 in for 0xa9
01-25 00:48:41.557 3579 3579 E ArmVmp : Match on catch block at 0xc3 in for 0xa1
01-25 00:48:41.573 3579 3579 E ArmVmp : Match on catch block at 0xc3 in for 0xa1
01-25 00:48:41.578 3579 3579 E ArmVmp : Match on catch block at 0xc3 in for 0xa5
01-25 00:48:41.585 3579 3579 E ArmVmp : Match on catch block at 0xc3 in for 0xa5
01-25 00:48:41.591 3579 3579 E ArmVmp : Match on catch block at 0xc3 in for 0xa9
01-25 00:48:41.606 3579 3579 E ArmVmp : Match on catch block at 0xc3 in for 0xa9
01-25 00:48:41.611 3579 3579 E ArmVmp : Match on catch block at 0xc3 in for 0xa1
01-25 00:48:41.618 3579 3579 E ArmVmp : Match on catch block at 0xc3 in for 0xa1
01-25 00:48:41.624 3579 3579 E ArmVmp : Match on catch block at 0xc3 in for 0xa5
01-25 00:48:41.636 3579 3579 E ArmVmp : Match on catch block at 0xc3 in for 0xa5
01-25 00:48:41.641 3579 3579 E ArmVmp : Match on catch block at 0xc3 in for 0xa9
01-25 00:48:41.653 3579 3579 E ArmVmp : Match on catch block at 0xc3 in for 0xa9
01-25 00:48:41.658 3579 3579 E ArmVmp : Match on catch block at 0xc3 in for 0xa1
01-25 00:48:41.670 3579 3579 E ArmVmp : Match on catch block at 0xc3 in for 0xa1
01-25 00:48:41.676 3579 3579 E ArmVmp : Match on catch block at 0xc3 in for 0xa5
01-25 00:48:41.688 3579 3579 E ArmVmp : Match on catch block at 0xc3 in for 0xa5
01-25 00:48:41.694 3579 3579 E ArmVmp : Match on catch block at 0xc3 in for 0xa9
01-25 00:48:41.705 3579 3579 E ArmVmp : Match on catch block at 0xc3 in for 0xa9
01-25 00:48:41.710 3579 3579 E ArmVmp : Match on catch block at 0xc3 in for 0xa1
01-25 00:48:41.723 3579 3579 E ArmVmp : Match on catch block at 0xc3 in for 0xa1
01-25 00:48:41.727 3579 3579 E ArmVmp : Match on catch block at 0xc3 in for 0xa5
01-25 00:48:41.743 3579 3579 E ArmVmp : Match on catch block at 0xc3 in for 0xa5
01-25 00:48:41.747 3579 3579 E ArmVmp : Match on catch block at 0xc3 in for 0xa9
01-25 00:48:41.757 3579 3579 E ArmVmp : Match on catch block at 0xc3 in for 0xa9
01-25 00:48:41.763 3579 3579 E ArmVmp : Match on catch block at 0xc3 in for 0xa1
01-25 00:48:41.775 3579 3579 E ArmVmp : Match on catch block at 0xc3 in for 0xa1
01-25 00:48:41.779 3579 3579 E ArmVmp : Match on catch block at 0xc3 in for 0xa5
01-25 00:48:41.792 3579 3579 E ArmVmp : Match on catch block at 0xc3 in for 0xa5
01-25 00:48:41.796 3579 3579 E ArmVmp : Match on catch block at 0xc3 in for 0xa9
01-25 00:48:41.809 3579 3579 E ArmVmp : Match on catch block at 0xc3 in for 0xa9
01-25 00:48:41.816 3579 3579 E ArmVmp : Match on catch block at 0xc3 in for 0xa1
01-25 00:48:41.827 3579 3579 E ArmVmp : Match on catch block at 0xc3 in for 0xa1
01-25 00:48:41.832 3579 3579 E ArmVmp : Match on catch block at 0xc3 in for 0xa5
01-25 00:48:41.844 3579 3579 E ArmVmp : Match on catch block at 0xc3 in for 0xa5
01-25 00:48:41.848 3579 3579 E ArmVmp : Match on catch block at 0xc3 in for 0xa9
01-25 00:48:41.861 3579 3579 E ArmVmp : Match on catch block at 0xc3 in for 0xa9
01-25 00:48:41.865 3579 3579 E ArmVmp : Match on catch block at 0xc3 in for 0xa1
01-25 00:48:41.878 3579 3579 E ArmVmp : Match on catch block at 0xc3 in for 0xa1
01-25 00:48:41.882 3579 3579 E ArmVmp : Match on catch block at 0xc3 in for 0xa5
01-25 00:48:42.384 3579 3579 E ArmVmp : Match on catch block at 0xc3 in for 0xa5
01-25 00:48:42.393 3579 3579 E ArmVmp : Match on catch block at 0xc3 in for 0xa9
01-25 00:48:42.887 3579 3579 E ArmVmp : Match on catch block at 0xc3 in for 0xa9
01-25 00:48:42.895 3579 3579 E ArmVmp : Match on catch block at 0xc3 in for 0xa1
01-25 00:48:43.202 3579 3579 E ArmVmp : Match on catch block at 0xc3 in for 0xa1
01-25 00:48:43.213 3579 3579 E ArmVmp : Match on catch block at 0xc3 in for 0xa5
01-25 00:48:43.228 3579 3579 E ArmVmp : Match on catch block at 0xc3 in for 0xa5
01-25 00:48:43.239 3579 3579 E ArmVmp : Match on catch block at 0xc3 in for 0xa9
01-25 00:48:43.264 3579 3579 E ArmVmp : Match on catch block at 0xc3 in for 0xa9
01-25 00:48:43.273 3579 3579 E ArmVmp : Match on catch block at 0xc3 in for 0xa1
01-25 00:48:43.289 3579 3579 E ArmVmp : Match on catch block at 0xc3 in for 0xa1
01-25 00:48:43.298 3579 3579 E ArmVmp : Match on catch block at 0xc3 in for 0xa5
01-25 00:48:43.308 3579 3579 E ArmVmp : Match on catch block at 0xc3 in for 0xa5
01-25 00:48:43.315 3579 3579 E ArmVmp : Match on catch block at 0xc3 in for 0xa9
01-25 00:48:43.337 3579 3579 E ArmVmp : Match on catch block at 0xc3 in for 0xa9
01-25 00:48:43.345 3579 3579 E ArmVmp : Match on catch block at 0xc3 in for 0xa1
01-25 00:48:43.356 3579 3579 E ArmVmp : Match on catch block at 0xc3 in for 0xa1
01-25 00:48:43.365 3579 3579 E ArmVmp : Match on catch block at 0xc3 in for 0xa5
01-25 00:48:43.375 3579 3579 E ArmVmp : Match on catch block at 0xc3 in for 0xa5
01-25 00:48:43.385 3579 3579 E ArmVmp : Match on catch block at 0xc3 in for 0xa9
01-25 00:48:43.408 3579 3579 E ArmVmp : Match on catch block at 0xc3 in for 0xa9
01-25 00:48:43.416 3579 3579 E ArmVmp : Match on catch block at 0xc3 in for 0xa1
01-25 00:48:43.426 3579 3579 E ArmVmp : Match on catch block at 0xc3 in for 0xa1
01-25 00:48:43.435 3579 3579 E ArmVmp : Match on catch block at 0xc3 in for 0xa5
01-25 00:48:43.444 3579 3579 E ArmVmp : Match on catch block at 0xc3 in for 0xa5
01-25 00:48:43.450 3579 3579 E ArmVmp : Match on catch block at 0xc3 in for 0xa9
01-25 00:48:43.928 3579 3579 E ArmVmp : Match on catch block at 0xc3 in for 0xa9
01-25 00:48:43.934 3579 3579 E ArmVmp : Match on catch block at 0xc3 in for 0xa1
01-25 00:48:44.446 3579 3579 E ArmVmp : Match on catch block at 0xc3 in for 0xa1
01-25 00:48:44.453 3579 3579 E ArmVmp : Match on catch block at 0xc3 in for 0xa5
01-25 00:48:44.465 3579 3579 E ArmVmp : Match on catch block at 0xc3 in for 0xa5
01-25 00:48:44.472 3579 3579 E ArmVmp : Match on catch block at 0xc3 in for 0xa9
01-25 00:48:44.770 3579 3579 W InputEventReceiver: Attempted to finish an input
event but the input event receiver has already been disposed.
01-25 00:48:44.783 3579 3579 E ArmVmp : Match on catch block at 0xc3 in for 0xa9
01-25 00:48:44.790 3579 3579 E ArmVmp : Match on catch block at 0xc3 in for 0xa1
01-25 00:48:44.945 3579 3579 E ArmVmp : Match on catch block at 0xc3 in for 0xa5
01-25 00:48:44.949 3579 3579 E ArmVmp : Match on catch block at 0xc3 in for 0xa9
01-25 00:48:44.965 3579 3579 E ArmVmp : Match on catch block at 0xc3 in for 0xa5
01-25 00:48:44.972 3579 3579 E ArmVmp : Match on catch block at 0xc3 in for 0xa9
01-25 00:48:44.977 3579 3579 E ArmVmp : Match on catch block at 0xc3 in for 0xa9
01-25 00:48:44.983 3579 3579 E ArmVmp : Match on catch block at 0xc3 in for 0xa1
01-25 00:48:45.023 3579 3579 E ArmVmp : Match on catch block at 0xc3 in for 0xa1
01-25 00:48:45.027 3579 3579 E ArmVmp : Match on catch block at 0xc3 in for 0xa5
01-25 00:48:45.033 3579 3579 E ArmVmp : Match on catch block at 0xc3 in for 0xa5
01-25 00:48:45.038 3579 3579 E ArmVmp : Match on catch block at 0xc3 in for 0xa9
01-25 00:48:45.089 3579 3579 E ArmVmp : Match on catch block at 0xc3 in for 0xa1
01-25 00:48:45.094 3579 3579 E ArmVmp : Match on catch block at 0xc3 in for 0xa5
01-25 00:48:45.104 3579 3671 W MediaPlayer: Use of stream types is deprecated for
operations other than volume control
01-25 00:48:45.104 3579 3671 W MediaPlayer: See the documentation of
setAudioStreamType() for what to use instead with android.media.AudioAttributes to
qualify your playback use case
01-25 00:48:45.120 3579 3579 E ArmVmp : Match on catch block at 0xc3 in for 0xa5
01-25 00:48:45.124 3579 3579 E ArmVmp : Match on catch block at 0xc3 in for 0xa9
01-25 00:48:45.139 3579 3579 E ArmVmp : Match on catch block at 0xc3 in for 0xa1
01-25 00:48:45.145 3579 3579 E ArmVmp : Match on catch block at 0xc3 in for 0xa5
01-25 00:48:45.448 3579 3579 E ArmVmp : Match on catch block at 0xc3 in for 0xa1
01-25 00:48:45.452 3579 3579 E ArmVmp : Match on catch block at 0xc3 in for 0xa5
01-25 00:48:45.459 3579 3579 E ArmVmp : Match on catch block at 0xc3 in for 0xa5
01-25 00:48:45.464 3579 3579 E ArmVmp : Match on catch block at 0xc3 in for 0xa9
01-25 00:48:45.492 3579 3579 E ArmVmp : Match on catch block at 0xc3 in for 0xa9
01-25 00:48:45.497 3579 3579 E ArmVmp : Match on catch block at 0xc3 in for 0xa1
01-25 00:48:45.589 3579 3579 E ArmVmp : Match on catch block at 0xc3 in for 0xa5
01-25 00:48:45.593 3579 3579 E ArmVmp : Match on catch block at 0xc3 in for 0xa9
01-25 00:48:45.612 3579 3579 E ArmVmp : Match on catch block at 0xc3 in for 0xa5
01-25 00:48:45.617 3579 3579 E ArmVmp : Match on catch block at 0xc3 in for 0xa9
01-25 00:48:45.624 3579 3579 E ArmVmp : Match on catch block at 0xc3 in for 0xa9
01-25 00:48:45.631 3579 3579 E ArmVmp : Match on catch block at 0xc3 in for 0xa1
01-25 00:48:45.639 3579 3579 E ArmVmp : Match on catch block at 0xc3 in for 0xa1
01-25 00:48:45.644 3579 3579 E ArmVmp : Match on catch block at 0xc3 in for 0xa5
01-25 00:48:45.655 3579 3579 E ArmVmp : Match on catch block at 0xc3 in for 0xa5
01-25 00:48:45.660 3579 3579 E ArmVmp : Match on catch block at 0xc3 in for 0xa9
01-25 00:48:45.668 3579 3579 E ArmVmp : Match on catch block at 0xc3 in for 0xa9
01-25 00:48:45.673 3579 3579 E ArmVmp : Match on catch block at 0xc3 in for 0xa1
01-25 00:48:45.682 3579 3579 E ArmVmp : Match on catch block at 0xc3 in for 0xa1
01-25 00:48:45.687 3579 3579 E ArmVmp : Match on catch block at 0xc3 in for 0xa5
01-25 00:48:45.706 3579 3579 E ArmVmp : Match on catch block at 0xc3 in for 0xa5
01-25 00:48:45.711 3579 3579 E ArmVmp : Match on catch block at 0xc3 in for 0xa9
01-25 00:48:45.718 3579 3579 E ArmVmp : Match on catch block at 0xc3 in for 0xa9
01-25 00:48:45.723 3579 3579 E ArmVmp : Match on catch block at 0xc3 in for 0xa1
01-25 00:48:45.734 3579 3579 E ArmVmp : Match on catch block at 0xc3 in for 0xa1
01-25 00:48:45.739 3579 3579 E ArmVmp : Match on catch block at 0xc3 in for 0xa5
01-25 00:48:45.752 3579 3579 E ArmVmp : Match on catch block at 0xc3 in for 0xa5
01-25 00:48:45.756 3579 3579 E ArmVmp : Match on catch block at 0xc3 in for 0xa9
01-25 00:48:45.769 3579 3579 E ArmVmp : Match on catch block at 0xc3 in for 0xa9
01-25 00:48:45.773 3579 3579 E ArmVmp : Match on catch block at 0xc3 in for 0xa1
01-25 00:48:45.788 3579 3579 E ArmVmp : Match on catch block at 0xc3 in for 0xa1
01-25 00:48:45.794 3579 3579 E ArmVmp : Match on catch block at 0xc3 in for 0xa5
01-25 00:48:45.808 3579 3579 E ArmVmp : Match on catch block at 0xc3 in for 0xa5
01-25 00:48:45.812 3579 3579 E ArmVmp : Match on catch block at 0xc3 in for 0xa9
01-25 00:48:45.925 3579 3579 E ArmVmp : Match on catch block at 0xc3 in for 0xa9
01-25 00:48:45.929 3579 3579 E ArmVmp : Match on catch block at 0xc3 in for 0xa1
01-25 00:48:46.379 3579 3579 E ArmVmp : Match on catch block at 0xc3 in for 0xa1
01-25 00:48:46.382 3579 3579 E ArmVmp : Match on catch block at 0xc3 in for 0xa5
01-25 00:48:46.407 3579 3579 E ArmVmp : Match on catch block at 0xc3 in for 0xa9
01-25 00:48:46.411 3579 3579 E ArmVmp : Match on catch block at 0xc3 in for 0xa1
01-25 00:48:46.439 3579 3579 E ArmVmp : Match on catch block at 0xc3 in for 0xa1
01-25 00:48:46.445 3579 3579 E ArmVmp : Match on catch block at 0xc3 in for 0xa5
01-25 00:48:46.454 3579 3579 E ArmVmp : Match on catch block at 0xc3 in for 0xa5
01-25 00:48:46.459 3579 3579 E ArmVmp : Match on catch block at 0xc3 in for 0xa9
01-25 00:48:46.529 3579 3579 E ArmVmp : Match on catch block at 0xc3 in for 0xa1
01-25 00:48:46.533 3579 3579 E ArmVmp : Match on catch block at 0xc3 in for 0xa5
01-25 00:48:46.555 3579 3579 E ArmVmp : Match on catch block at 0xc3 in for 0xa9
01-25 00:48:46.559 3579 3579 E ArmVmp : Match on catch block at 0xc3 in for 0xa1
01-25 00:48:46.575 3579 3579 E ArmVmp : Match on catch block at 0xc3 in for 0xa5
01-25 00:48:46.579 3579 3579 E ArmVmp : Match on catch block at 0xc3 in for 0xa9
01-25 00:48:46.587 3579 3579 E ArmVmp : Match on catch block at 0xc3 in for 0xa9
01-25 00:48:46.593 3579 3579 E ArmVmp : Match on catch block at 0xc3 in for 0xa1
01-25 00:48:46.603 3579 3579 E ArmVmp : Match on catch block at 0xc3 in for 0xa1
01-25 00:48:46.609 3579 3579 E ArmVmp : Match on catch block at 0xc3 in for 0xa5
01-25 00:48:46.630 3579 3579 E ArmVmp : Match on catch block at 0xc3 in for 0xa5
01-25 00:48:46.634 3579 3579 E ArmVmp : Match on catch block at 0xc3 in for 0xa9
01-25 00:48:46.643 3579 3671 W MediaPlayer: Use of stream types is deprecated for
operations other than volume control
01-25 00:48:46.643 3579 3671 W MediaPlayer: See the documentation of
setAudioStreamType() for what to use instead with android.media.AudioAttributes to
qualify your playback use case
01-25 00:48:46.643 3579 3579 E ArmVmp : Match on catch block at 0xc3 in for 0xa9
01-25 00:48:46.649 3579 3579 E ArmVmp : Match on catch block at 0xc3 in for 0xa1
01-25 00:48:46.908 3579 3579 E ArmVmp : Match on catch block at 0xc3 in for 0xa1
01-25 00:48:46.913 3579 3579 E ArmVmp : Match on catch block at 0xc3 in for 0xa5
01-25 00:48:46.945 3579 3579 E ArmVmp : Match on catch block at 0xc3 in for 0xa5
01-25 00:48:46.949 3579 3579 E ArmVmp : Match on catch block at 0xc3 in for 0xa9
01-25 00:48:46.965 3579 3579 E ArmVmp : Match on catch block at 0xc3 in for 0xa9
01-25 00:48:46.968 3579 3579 E ArmVmp : Match on catch block at 0xc3 in for 0xa1
01-25 00:48:46.982 3579 3579 E ArmVmp : Match on catch block at 0xc3 in for 0xa1
01-25 00:48:46.986 3579 3579 E ArmVmp : Match on catch block at 0xc3 in for 0xa5
01-25 00:48:46.992 3579 3579 E ArmVmp : Match on catch block at 0xc3 in for 0xa5
01-25 00:48:46.997 3579 3579 E ArmVmp : Match on catch block at 0xc3 in for 0xa9
01-25 00:48:47.003 3579 3579 E ArmVmp : Match on catch block at 0xc3 in for 0xa9
01-25 00:48:47.008 3579 3579 E ArmVmp : Match on catch block at 0xc3 in for 0xa1
01-25 00:48:47.020 3579 3579 E ArmVmp : Match on catch block at 0xc3 in for 0xa1
01-25 00:48:47.024 3579 3579 E ArmVmp : Match on catch block at 0xc3 in for 0xa5
01-25 00:48:47.045 3579 3579 E ArmVmp : Match on catch block at 0xc3 in for 0xa9
01-25 00:48:47.049 3579 3579 E ArmVmp : Match on catch block at 0xc3 in for 0xa1
01-25 00:48:47.055 3579 3579 E ArmVmp : Match on catch block at 0xc3 in for 0xa1
01-25 00:48:47.061 3579 3579 E ArmVmp : Match on catch block at 0xc3 in for 0xa5
01-25 00:48:47.072 3579 3579 E ArmVmp : Match on catch block at 0xc3 in for 0xa5
01-25 00:48:47.078 3579 3579 E ArmVmp : Match on catch block at 0xc3 in for 0xa9
01-25 00:48:47.090 3579 3579 E ArmVmp : Match on catch block at 0xc3 in for 0xa9
01-25 00:48:47.097 3579 3579 E ArmVmp : Match on catch block at 0xc3 in for 0xa1
01-25 00:48:47.107 3579 3579 E ArmVmp : Match on catch block at 0xc3 in for 0xa1
01-25 00:48:47.112 3579 3579 E ArmVmp : Match on catch block at 0xc3 in for 0xa5
01-25 00:48:47.124 3579 3579 E ArmVmp : Match on catch block at 0xc3 in for 0xa5
01-25 00:48:47.130 3579 3579 E ArmVmp : Match on catch block at 0xc3 in for 0xa9
01-25 00:48:47.141 3579 3579 E ArmVmp : Match on catch block at 0xc3 in for 0xa9
01-25 00:48:47.146 3579 3579 E ArmVmp : Match on catch block at 0xc3 in for 0xa1
01-25 00:48:47.159 3579 3579 E ArmVmp : Match on catch block at 0xc3 in for 0xa1
01-25 00:48:47.164 3579 3579 E ArmVmp : Match on catch block at 0xc3 in for 0xa5
01-25 00:48:47.177 3579 3579 E ArmVmp : Match on catch block at 0xc3 in for 0xa5
01-25 00:48:47.183 3579 3579 E ArmVmp : Match on catch block at 0xc3 in for 0xa9
01-25 00:48:47.194 3579 3579 E ArmVmp : Match on catch block at 0xc3 in for 0xa9
01-25 00:48:47.200 3579 3579 E ArmVmp : Match on catch block at 0xc3 in for 0xa1
01-25 00:48:47.213 3579 3579 E ArmVmp : Match on catch block at 0xc3 in for 0xa1
01-25 00:48:47.219 3579 3579 E ArmVmp : Match on catch block at 0xc3 in for 0xa5
01-25 00:48:47.229 3579 3579 E ArmVmp : Match on catch block at 0xc3 in for 0xa5
01-25 00:48:47.236 3579 3579 E ArmVmp : Match on catch block at 0xc3 in for 0xa9
01-25 00:48:47.247 3579 3579 E ArmVmp : Match on catch block at 0xc3 in for 0xa9
01-25 00:48:47.252 3579 3579 E ArmVmp : Match on catch block at 0xc3 in for 0xa1
01-25 00:48:47.264 3579 3579 E ArmVmp : Match on catch block at 0xc3 in for 0xa1
01-25 00:48:47.269 3579 3579 E ArmVmp : Match on catch block at 0xc3 in for 0xa5
01-25 00:48:47.281 3579 3579 E ArmVmp : Match on catch block at 0xc3 in for 0xa5
01-25 00:48:47.286 3579 3579 E ArmVmp : Match on catch block at 0xc3 in for 0xa9
01-25 00:48:47.299 3579 3579 E ArmVmp : Match on catch block at 0xc3 in for 0xa9
01-25 00:48:47.305 3579 3579 E ArmVmp : Match on catch block at 0xc3 in for 0xa1
01-25 00:48:47.316 3579 3579 E ArmVmp : Match on catch block at 0xc3 in for 0xa1
01-25 00:48:47.324 3579 3579 E ArmVmp : Match on catch block at 0xc3 in for 0xa5
01-25 00:48:47.334 3579 3579 E ArmVmp : Match on catch block at 0xc3 in for 0xa5
01-25 00:48:47.340 3579 3579 E ArmVmp : Match on catch block at 0xc3 in for 0xa9
01-25 00:48:47.437 3579 3579 E ArmVmp : Match on catch block at 0xc3 in for 0xa9
01-25 00:48:47.441 3579 3579 E ArmVmp : Match on catch block at 0xc3 in for 0xa1
01-25 00:48:47.924 3579 3579 E ArmVmp : Match on catch block at 0xc3 in for 0xa5
01-25 00:48:47.928 3579 3579 E ArmVmp : Match on catch block at 0xc3 in for 0xa9
01-25 00:48:48.448 3579 3579 E ArmVmp : Match on catch block at 0xc3 in for 0xa9
01-25 00:48:48.453 3579 3579 E ArmVmp : Match on catch block at 0xc3 in for 0xa1
01-25 00:48:48.475 3579 3579 E GraphicExt:
GraphicExtModuleLoader::CreateGraphicExtInstance false
01-25 00:48:48.657 3579 3579 E ArmVmp : Match on catch block at 0xc3 in for 0xa9
01-25 00:48:48.666 3579 3579 E ArmVmp : Match on catch block at 0xc3 in for 0xa1
01-25 00:48:48.685 3579 3579 E ArmVmp : Match on catch block at 0xc3 in for 0xa1
01-25 00:48:48.692 3579 3579 E ArmVmp : Match on catch block at 0xc3 in for 0xa5
01-25 00:48:48.712 3579 3579 E ArmVmp : Match on catch block at 0xc3 in for 0xa5
01-25 00:48:48.719 3579 3579 E ArmVmp : Match on catch block at 0xc3 in for 0xa9
01-25 00:48:48.738 3579 3579 E ArmVmp : Match on catch block at 0xc3 in for 0xa9
01-25 00:48:48.744 3579 3579 E ArmVmp : Match on catch block at 0xc3 in for 0xa1
01-25 00:48:48.763 3579 3579 E ArmVmp : Match on catch block at 0xc3 in for 0xa1
01-25 00:48:48.770 3579 3579 E ArmVmp : Match on catch block at 0xc3 in for 0xa5
01-25 00:48:48.788 3579 3579 E ArmVmp : Match on catch block at 0xc3 in for 0xa5
01-25 00:48:48.795 3579 3579 E ArmVmp : Match on catch block at 0xc3 in for 0xa9
01-25 00:48:48.813 3579 3579 E ArmVmp : Match on catch block at 0xc3 in for 0xa9
01-25 00:48:48.820 3579 3579 E ArmVmp : Match on catch block at 0xc3 in for 0xa1
01-25 00:48:48.837 3579 3579 E ArmVmp : Match on catch block at 0xc3 in for 0xa1
01-25 00:48:48.844 3579 3579 E ArmVmp : Match on catch block at 0xc3 in for 0xa5
01-25 00:48:48.863 3579 3579 E ArmVmp : Match on catch block at 0xc3 in for 0xa5
01-25 00:48:48.871 3579 3579 E ArmVmp : Match on catch block at 0xc3 in for 0xa9
01-25 00:48:48.891 3579 3579 E ArmVmp : Match on catch block at 0xc3 in for 0xa5
01-25 00:48:48.897 3579 3579 E ArmVmp : Match on catch block at 0xc3 in for 0xa9
01-25 00:48:48.918 3579 3579 E ArmVmp : Match on catch block at 0xc3 in for 0xa5
01-25 00:48:48.924 3579 3579 E ArmVmp : Match on catch block at 0xc3 in for 0xa9
01-25 00:48:48.938 3579 3579 E ArmVmp : Match on catch block at 0xc3 in for 0xa9
01-25 00:48:48.945 3579 3579 E ArmVmp : Match on catch block at 0xc3 in for 0xa1
01-25 00:48:49.436 3579 3579 E ArmVmp : Match on catch block at 0xc3 in for 0xa1
01-25 00:48:49.444 3579 3579 E ArmVmp : Match on catch block at 0xc3 in for 0xa5
01-25 00:48:49.938 3579 3579 E ArmVmp : Match on catch block at 0xc3 in for 0xa5
01-25 00:48:49.942 3579 3579 E ArmVmp : Match on catch block at 0xc3 in for 0xa9
01-25 00:48:50.095 3579 3579 E ArmVmp : Match on catch block at 0xc3 in for 0xa5
01-25 00:48:50.100 3579 3579 E ArmVmp : Match on catch block at 0xc3 in for 0xa9
01-25 00:48:50.216 3579 3579 E GraphicExt:
GraphicExtModuleLoader::CreateGraphicExtInstance false
01-25 00:48:50.280 3579 3579 E ArmVmp : Match on catch block at 0xc3 in for 0xa1
01-25 00:48:50.285 3579 3579 E ArmVmp : Match on catch block at 0xc3 in for 0xa5
01-25 00:48:50.360 3579 3579 E ArmVmp : Match on catch block at 0xc3 in for 0xa9
01-25 00:48:50.366 3579 3579 E ArmVmp : Match on catch block at 0xc3 in for 0xa1
01-25 00:48:50.410 3579 3579 E ArmVmp : Match on catch block at 0xc3 in for 0xa9
01-25 00:48:50.416 3579 3579 E ArmVmp : Match on catch block at 0xc3 in for 0xa1
01-25 00:48:50.444 3579 3579 E ArmVmp : Match on catch block at 0xc3 in for 0xa1
01-25 00:48:50.450 3579 3579 E ArmVmp : Match on catch block at 0xc3 in for 0xa5
01-25 00:48:50.950 3579 3579 E ArmVmp : Match on catch block at 0xc3 in for 0xa5
01-25 00:48:50.958 3579 3579 E ArmVmp : Match on catch block at 0xc3 in for 0xa9
01-25 00:48:51.327 3579 3579 W ActivityThread: handleWindowVisibility: no
activity for token android.os.BinderProxy@6e9ddcf
01-25 00:48:51.392 3579 3579 W BottomSheetBehavior: BottomSheetBehavior now
supports multiple callbacks. `setBottomSheetCallback()` removes all existing
callbacks, including ones set internally by library authors, which may result in
unintended behavior. This may change in the future. Please use
`addBottomSheetCallback()` and `removeBottomSheetCallback()` instead to set your
own callbacks.
01-25 00:48:51.434 3579 3579 E GraphicExt:
GraphicExtModuleLoader::CreateGraphicExtInstance false
01-25 00:48:51.457 3579 3579 E ArmVmp : Match on catch block at 0xc3 in for 0xa1
01-25 00:48:51.461 3579 3579 E ArmVmp : Match on catch block at 0xc3 in for 0xa5
01-25 00:48:51.494 3579 3579 W IInputConnectionWrapper: requestCursorAnchorInfo
on inactive InputConnection
01-25 00:48:51.954 3579 3579 E ArmVmp : Match on catch block at 0xc3 in for 0xa9
01-25 00:48:51.959 3579 3579 E ArmVmp : Match on catch block at 0xc3 in for 0xa1
01-25 00:48:51.973 3579 3579 E ArmVmp : Match on catch block at 0xc3 in for 0xa1
01-25 00:48:51.977 3579 3579 E ArmVmp : Match on catch block at 0xc3 in for 0xa5
01-25 00:48:52.018 3579 3579 E ArmVmp : Match on catch block at 0xc3 in for 0xa5
01-25 00:48:52.024 3579 3579 E ArmVmp : Match on catch block at 0xc3 in for 0xa9
01-25 00:48:52.047 3579 3579 E ArmVmp : Match on catch block at 0xc3 in for 0xa9
01-25 00:48:52.052 3579 3579 E ArmVmp : Match on catch block at 0xc3 in for 0xa1
01-25 00:48:52.067 3579 3579 E ArmVmp : Match on catch block at 0xc3 in for 0xa1
01-25 00:48:52.073 3579 3579 E ArmVmp : Match on catch block at 0xc3 in for 0xa5
01-25 00:48:52.100 3579 3579 E ArmVmp : Match on catch block at 0xc3 in for 0xa5
01-25 00:48:52.104 3579 3579 E ArmVmp : Match on catch block at 0xc3 in for 0xa9
01-25 00:48:52.126 3579 3579 E ArmVmp : Match on catch block at 0xc3 in for 0xa9
01-25 00:48:52.131 3579 3579 E ArmVmp : Match on catch block at 0xc3 in for 0xa1
01-25 00:48:52.160 3579 3579 E ArmVmp : Match on catch block at 0xc3 in for 0xa1
01-25 00:48:52.165 3579 3579 E ArmVmp : Match on catch block at 0xc3 in for 0xa5
01-25 00:48:52.185 3579 3579 E ArmVmp : Match on catch block at 0xc3 in for 0xa5
01-25 00:48:52.190 3579 3579 E ArmVmp : Match on catch block at 0xc3 in for 0xa9
01-25 00:48:52.204 3579 3579 E ArmVmp : Match on catch block at 0xc3 in for 0xa9
01-25 00:48:52.208 3579 3579 E ArmVmp : Match on catch block at 0xc3 in for 0xa1
01-25 00:48:52.233 3579 3579 E ArmVmp : Match on catch block at 0xc3 in for 0xa1
01-25 00:48:52.237 3579 3579 E ArmVmp : Match on catch block at 0xc3 in for 0xa5
01-25 00:48:52.686 3579 3579 E ArmVmp : Match on catch block at 0xc3 in for 0xa1
01-25 00:48:52.693 3579 3579 E ArmVmp : Match on catch block at 0xc3 in for 0xa5
01-25 00:48:52.696 3579 3579 E ArmVmp : Match on catch block at 0xc3 in for 0xb1
01-25 00:48:52.722 3579 3579 E ArmVmp : Match on catch block at 0xc3 in for 0xa5
01-25 00:48:52.727 3579 3579 E ArmVmp : Match on catch block at 0xc3 in for 0xa9
01-25 00:48:52.729 3579 3579 E ArmVmp : Match on catch block at 0xc3 in for 0xa9
01-25 00:48:52.743 3579 3579 E ArmVmp : Match on catch block at 0xc3 in for 0xa5
01-25 00:48:52.747 3579 3579 E ArmVmp : Match on catch block at 0xc3 in for 0xa9
01-25 00:48:52.814 3579 3579 E ArmVmp : Match on catch block at 0xc3 in for 0xa9
01-25 00:48:52.818 3579 3579 E ArmVmp : Match on catch block at 0xc3 in for 0xa1
01-25 00:48:52.821 3579 3579 E ArmVmp : Match on catch block at 0xc3 in for 0xa1
01-25 00:48:52.829 3579 3579 E ArmVmp : Match on catch block at 0xc3 in for 0xa5
01-25 00:48:52.833 3579 3579 E ArmVmp : Match on catch block at 0xc3 in for 0xa9
01-25 00:48:52.838 3579 3579 E ArmVmp : Match on catch block at 0xc3 in for 0xa9
01-25 00:48:54.440 3579 3579 E ArmVmp : Match on catch block at 0xc3 in for 0xa1
01-25 00:48:54.447 3579 3579 E ArmVmp : Match on catch block at 0xc3 in for 0xa5
01-25 00:48:54.450 3579 3579 E ArmVmp : Match on catch block at 0xc3 in for 0xa5
01-25 00:48:54.465 3579 3579 E ArmVmp : Match on catch block at 0xc3 in for 0xa9
01-25 00:48:54.471 3579 3579 E ArmVmp : Match on catch block at 0xc3 in for 0xa1
01-25 00:48:54.474 3579 3579 E ArmVmp : Match on catch block at 0xc3 in for 0xa1
01-25 00:48:54.489 3579 3579 E ArmVmp : Match on catch block at 0xc3 in for 0xa5
01-25 00:48:54.494 3579 3579 E ArmVmp : Match on catch block at 0xc3 in for 0xa9
01-25 00:48:54.496 3579 3579 E ArmVmp : Match on catch block at 0xc3 in for 0xa9
01-25 00:48:54.507 3579 3579 E ArmVmp : Match on catch block at 0xc3 in for 0xa1
01-25 00:48:54.511 3579 3579 E ArmVmp : Match on catch block at 0xc3 in for 0xa5
01-25 00:48:54.514 3579 3579 E ArmVmp : Match on catch block at 0xc3 in for 0xa5
01-25 00:48:54.524 3579 3579 E ArmVmp : Match on catch block at 0xc3 in for 0xa9
01-25 00:48:54.530 3579 3579 E ArmVmp : Match on catch block at 0xc3 in for 0xa1
01-25 00:48:54.532 3579 3579 E ArmVmp : Match on catch block at 0xc3 in for 0xa1
01-25 00:48:54.541 3579 3579 E ArmVmp : Match on catch block at 0xc3 in for 0xa5
01-25 00:48:54.547 3579 3579 E ArmVmp : Match on catch block at 0xc3 in for 0xa9
01-25 00:48:54.550 3579 3579 E ArmVmp : Match on catch block at 0xc3 in for 0xa9
01-25 00:48:54.559 3579 3579 E ArmVmp : Match on catch block at 0xc3 in for 0xa1
01-25 00:48:54.564 3579 3579 E ArmVmp : Match on catch block at 0xc3 in for 0xa5
01-25 00:48:54.567 3579 3579 E ArmVmp : Match on catch block at 0xc3 in for 0xa5
01-25 00:48:54.576 3579 3579 E ArmVmp : Match on catch block at 0xc3 in for 0xa9
01-25 00:48:54.581 3579 3579 E ArmVmp : Match on catch block at 0xc3 in for 0xa1
01-25 00:48:54.584 3579 3579 E ArmVmp : Match on catch block at 0xc3 in for 0xa1
01-25 00:48:54.593 3579 3579 E ArmVmp : Match on catch block at 0xc3 in for 0xa5
01-25 00:48:54.599 3579 3579 E ArmVmp : Match on catch block at 0xc3 in for 0xa9
01-25 00:48:54.602 3579 3579 E ArmVmp : Match on catch block at 0xc3 in for 0xa9
01-25 00:48:54.611 3579 3579 E ArmVmp : Match on catch block at 0xc3 in for 0xa1
01-25 00:48:54.616 3579 3579 E ArmVmp : Match on catch block at 0xc3 in for 0xa5
01-25 00:48:54.618 3579 3579 E ArmVmp : Match on catch block at 0xc3 in for 0xa5
01-25 00:48:54.628 3579 3579 E ArmVmp : Match on catch block at 0xc3 in for 0xa9
