01-25 00:51:16.829 3579 3579 E ArmVmp : Match on catch block at 0x0a in for 0xa5
01-25 00:51:16.866 3579 3579 E ArmVmp : Match on catch block at 0xc3 in for 0xa9
01-25 00:51:16.874 3579 3579 E ArmVmp : Match on catch block at 0xc3 in for 0xa1
01-25 00:51:16.879 3579 3579 E ArmVmp : Match on catch block at 0xc3 in for 0xa1
01-25 00:51:16.949 3579 3579 E ArmVmp : Match on catch block at 0x0a in for 0xa1
01-25 00:51:16.972 3579 3579 E ArmVmp : Match on catch block at 0x0a in for 0xa1
01-25 00:51:17.360 3579 3579 E ArmVmp : Match on catch block at 0xc3 in for 0xa5
01-25 00:51:17.367 3579 3579 E ArmVmp : Match on catch block at 0xc3 in for 0xa9
01-25 00:51:17.371 3579 3579 E ArmVmp : Match on catch block at 0xc3 in for 0xa9
01-25 00:51:17.864 3579 3579 E ArmVmp : Match on catch block at 0xc3 in for 0xa1
01-25 00:51:17.869 3579 3579 E ArmVmp : Match on catch block at 0xc3 in for 0xa5
01-25 00:51:17.872 3579 3579 E ArmVmp : Match on catch block at 0xc3 in for 0xa5
01-25 00:51:18.351 3579 3579 E ArmVmp : Match on catch block at 0xc3 in for 0xa9
01-25 00:51:18.355 3579 3579 E ArmVmp : Match on catch block at 0xc3 in for 0xa1
01-25 00:51:18.358 3579 3579 E ArmVmp : Match on catch block at 0xc3 in for 0xa1
01-25 00:51:18.483 3579 3579 E ArmVmp : Match on catch block at 0xc3 in for 0xa5
01-25 00:51:18.488 3579 3579 E ArmVmp : Match on catch block at 0xc3 in for 0xa9
01-25 00:51:18.531 3579 3579 E ArmVmp : Match on catch block at 0xc3 in for 0xb1
01-25 00:51:18.541 3579 3579 E ArmVmp : Match on catch block at 0xc3 in for 0xa9
01-25 00:51:18.576 3579 3579 E GraphicExt:
GraphicExtModuleLoader::CreateGraphicExtInstance false
01-25 00:51:18.611 3579 3579 E ArmVmp : Match on catch block at 0xc3 in for 0xa1
01-25 00:51:18.619 3579 3579 E ArmVmp : Match on catch block at 0xc3 in for 0xa5
01-25 00:51:18.660 3579 3579 E ArmVmp : Match on catch block at 0xc3 in for 0xa9
01-25 00:51:18.669 3579 3579 E ArmVmp : Match on catch block at 0xc3 in for 0xa1
01-25 00:51:18.716 3579 3579 E ArmVmp : Match on catch block at 0xc3 in for 0xa9
01-25 00:51:18.724 3579 3579 E ArmVmp : Match on catch block at 0xc3 in for 0xa1
01-25 00:51:18.760 3579 3579 E ArmVmp : Match on catch block at 0xc3 in for 0xa5
01-25 00:51:18.767 3579 3579 E ArmVmp : Match on catch block at 0xc3 in for 0xa9
01-25 00:51:18.833 3579 3579 E GraphicExt:
GraphicExtModuleLoader::CreateGraphicExtInstance false
01-25 00:51:19.444 3579 3641 E SQLiteDatabase: Error inserting transferred=0
media_job_uuid=88287b87-91cf-4389-a6b7-26c168494592 transcoded=1 gif_attribution=0
first_scan_length=0 direct_path=null thumbnail_height_width_ratio=1.0
is_animated_sticker=0 file_hash=jKVKmRxqc30p0q6lXwOg6vLCEU+Pc3Asooo1oUnSjaQ=
file_path=/data/user/0/com.whatsapp/files/Stickers/jKVKmRxqc30p0q6lXwOg6vLCEU+Pc3As
ooo1oUnSjaQ=.webp file_size=67058 partial_media_hash=null face_x=0 face_y=0
height=64 trim_to=0 media_key_timestamp=0 message_url=null media_caption=null
trim_from=0 mime_type=image/webp partial_media_enc_hash=null width=64
original_file_hash=null has_streaming_sidecar=0 autotransfer_retry_enabled=1
media_upload_handle=null message_row_id=44348 multicast_id=null enc_file_hash=null
mute_video=0 page_count=0 first_scan_sidecar=null suspicious_content=0
file_length=67058 media_name=jKVKmRxqc30p0q6lXwOg6vLCEU+Pc3Asooo1oUnSjaQ=.webp
media_duration=0 chat_row_id=685 media_key=null
01-25 00:51:19.444 3579 3641 E SQLiteDatabase:
android.database.sqlite.SQLiteConstraintException: UNIQUE constraint failed:
message_media.message_row_id (code 1555 SQLITE_CONSTRAINT_PRIMARYKEY)
01-25 00:51:19.444 3579 3641 E SQLiteDatabase: at
android.database.sqlite.SQLiteConnection.nativeExecuteForLastInsertedRowId(Native
Method)
01-25 00:51:19.444 3579 3641 E SQLiteDatabase: at
android.database.sqlite.SQLiteConnection.executeForLastInsertedRowId(SQLiteConnecti
on.java:879)
01-25 00:51:19.444 3579 3641 E SQLiteDatabase: at
android.database.sqlite.SQLiteSession.executeForLastInsertedRowId(SQLiteSession.jav
a:790)
01-25 00:51:19.444 3579 3641 E SQLiteDatabase: at
android.database.sqlite.SQLiteStatement.executeInsert(SQLiteStatement.java:88)
01-25 00:51:19.444 3579 3641 E SQLiteDatabase: at
android.database.sqlite.SQLiteDatabase.insertWithOnConflict(SQLiteDatabase.java:159
9)
01-25 00:51:19.444 3579 3641 E SQLiteDatabase: at
android.database.sqlite.SQLiteDatabase.insert(SQLiteDatabase.java:1468)
01-25 00:51:19.444 3579 3641 E SQLiteDatabase: at X.2tm.A08(Unknown
Source:6)
01-25 00:51:19.444 3579 3641 E SQLiteDatabase: at X.35Y.A07(Unknown
Source:212)
01-25 00:51:19.444 3579 3641 E SQLiteDatabase: at X.3QF.A14(Unknown
Source:470)
01-25 00:51:19.444 3579 3641 E SQLiteDatabase: at X.3gU.run(Unknown
Source:982)
01-25 00:51:19.444 3579 3641 E SQLiteDatabase: at
android.os.Handler.handleCallback(Handler.java:883)
01-25 00:51:19.444 3579 3641 E SQLiteDatabase: at
android.os.Handler.dispatchMessage(Handler.java:100)
01-25 00:51:19.444 3579 3641 E SQLiteDatabase: at
X.0zq.dispatchMessage(Unknown Source:4)
01-25 00:51:19.444 3579 3641 E SQLiteDatabase: at
android.os.Looper.loop(Looper.java:214)
01-25 00:51:19.444 3579 3641 E SQLiteDatabase: at
android.os.HandlerThread.run(HandlerThread.java:67)
01-25 00:51:19.445 3579 3579 E ArmVmp : Match on catch block at 0xc3 in for 0xa5
01-25 00:51:19.454 3579 3579 E ArmVmp : Match on catch block at 0xc3 in for 0xa9
01-25 00:51:19.492 3579 3579 E ArmVmp : Match on catch block at 0xc3 in for 0xa1
01-25 00:51:19.590 3579 3579 E ArmVmp : Match on catch block at 0xc3 in for 0xa5
01-25 00:51:19.596 3579 3579 E ArmVmp : Match on catch block at 0xc3 in for 0xa9
01-25 00:51:19.640 3579 3579 E ArmVmp : Match on catch block at 0xc3 in for 0xa9
01-25 00:51:19.644 3579 3579 E ArmVmp : Match on catch block at 0xc3 in for 0xa1
01-25 00:51:19.667 3579 3579 E ArmVmp : Match on catch block at 0xc3 in for 0xa5
01-25 00:51:19.671 3579 3579 E ArmVmp : Match on catch block at 0xc3 in for 0xa9
01-25 00:51:19.689 3579 3579 E ArmVmp : Match on catch block at 0xc3 in for 0xa1
01-25 00:51:19.693 3579 3579 E ArmVmp : Match on catch block at 0xc3 in for 0xa5
01-25 00:51:19.701 3579 3579 E ArmVmp : Match on catch block at 0x0a in for 0xa9
01-25 00:51:19.710 3579 3579 E ArmVmp : Match on catch block at 0xc3 in for 0xa1
01-25 00:51:19.716 3579 3579 E ArmVmp : Match on catch block at 0xc3 in for 0xa5
01-25 00:51:20.023 3579 3579 E ArmVmp : Match on catch block at 0xc3 in for 0xa1
01-25 00:51:20.033 3579 3579 E ArmVmp : Match on catch block at 0xc3 in for 0xa5
01-25 00:51:20.326 3579 3641 E SQLiteDatabase: Error inserting transferred=1
media_job_uuid=88287b87-91cf-4389-a6b7-26c168494592 transcoded=1 gif_attribution=0
first_scan_length=0 direct_path=/v/t62.15575-
24/29552162_357523890523594_2454659059789229141_n.enc?ccb=11-
4&oh=01_AdSf8Ps733TIIGFI_Pm3li38QI-bUv9fuAMx0XpbRf90aQ&oe=65D962CC&_nc_sid=5e03e0
thumbnail_height_width_ratio=1.0 is_animated_sticker=0
file_hash=jKVKmRxqc30p0q6lXwOg6vLCEU+Pc3Asooo1oUnSjaQ= file_path=Media/WhatsApp
Stickers/STK-20240123-WA0018.webp file_size=67058 partial_media_hash=null face_x=0
face_y=0 height=64 trim_to=0 media_key_timestamp=1706023025000
message_url=https://mmg.whatsapp.net/v/t62.15575-
24/29552162_357523890523594_2454659059789229141_n.enc?ccb=11-
4&oh=01_AdSf8Ps733TIIGFI_Pm3li38QI-
bUv9fuAMx0XpbRf90aQ&oe=65D962CC&_nc_sid=5e03e0&mms3=true media_caption=null
trim_from=0 mime_type=image/webp partial_media_enc_hash=null width=64
original_file_hash=null has_streaming_sidecar=0 autotransfer_retry_enabled=0
media_upload_handle=null message_row_id=44348 multicast_id=null
enc_file_hash=RapdJxDZj2iiRUD1/Y/HWTPLQJ0vYRaRSbrbh9bFOYc= mute_video=0
page_count=0 first_scan_sidecar=null suspicious_content=0 file_length=67058
media_name=jKVKmRxqc30p0q6lXwOg6vLCEU+Pc3Asooo1oUnSjaQ=.webp media_duration=0
chat_row_id=685 media_key=[B@df1668b
01-25 00:51:20.326 3579 3641 E SQLiteDatabase:
android.database.sqlite.SQLiteConstraintException: UNIQUE constraint failed:
message_media.message_row_id (code 1555 SQLITE_CONSTRAINT_PRIMARYKEY)
01-25 00:51:20.326 3579 3641 E SQLiteDatabase: at
android.database.sqlite.SQLiteConnection.nativeExecuteForLastInsertedRowId(Native
Method)
01-25 00:51:20.326 3579 3641 E SQLiteDatabase: at
android.database.sqlite.SQLiteConnection.executeForLastInsertedRowId(SQLiteConnecti
on.java:879)
01-25 00:51:20.326 3579 3641 E SQLiteDatabase: at
android.database.sqlite.SQLiteSession.executeForLastInsertedRowId(SQLiteSession.jav
a:790)
01-25 00:51:20.326 3579 3641 E SQLiteDatabase: at
android.database.sqlite.SQLiteStatement.executeInsert(SQLiteStatement.java:88)
01-25 00:51:20.326 3579 3641 E SQLiteDatabase: at
android.database.sqlite.SQLiteDatabase.insertWithOnConflict(SQLiteDatabase.java:159
9)
01-25 00:51:20.326 3579 3641 E SQLiteDatabase: at
android.database.sqlite.SQLiteDatabase.insert(SQLiteDatabase.java:1468)
01-25 00:51:20.326 3579 3641 E SQLiteDatabase: at X.2tm.A08(Unknown
Source:6)
01-25 00:51:20.326 3579 3641 E SQLiteDatabase: at X.35Y.A07(Unknown
Source:212)
01-25 00:51:20.326 3579 3641 E SQLiteDatabase: at X.3QF.A14(Unknown
Source:470)
01-25 00:51:20.326 3579 3641 E SQLiteDatabase: at X.3gU.run(Unknown
Source:982)
01-25 00:51:20.326 3579 3641 E SQLiteDatabase: at
android.os.Handler.handleCallback(Handler.java:883)
01-25 00:51:20.326 3579 3641 E SQLiteDatabase: at
android.os.Handler.dispatchMessage(Handler.java:100)
01-25 00:51:20.326 3579 3641 E SQLiteDatabase: at
X.0zq.dispatchMessage(Unknown Source:4)
01-25 00:51:20.326 3579 3641 E SQLiteDatabase: at
android.os.Looper.loop(Looper.java:214)
01-25 00:51:20.326 3579 3641 E SQLiteDatabase: at
android.os.HandlerThread.run(HandlerThread.java:67)
01-25 00:51:20.371 3579 3579 E ArmVmp : Match on catch block at 0xc3 in for 0xa9
01-25 00:51:20.380 3579 3579 E ArmVmp : Match on catch block at 0xc3 in for 0xa1
01-25 00:51:20.415 3579 3579 E ArmVmp : Match on catch block at 0xc3 in for 0xa9
01-25 00:51:20.422 3579 3579 E ArmVmp : Match on catch block at 0xc3 in for 0xa1
01-25 00:51:20.445 3579 3579 E ArmVmp : Match on catch block at 0x0a in for 0xc5
01-25 00:51:20.448 3579 3579 E ArmVmp : Match on catch block at 0x0a in for 0xc5
01-25 00:51:20.453 3579 3579 E ArmVmp : Match on catch block at 0x0a in for 0xc5
01-25 00:51:20.490 3579 3579 E ArmVmp : Match on catch block at 0x0a in for 0xa5
01-25 00:51:20.499 3579 3579 E ArmVmp : Match on catch block at 0x0a in for 0xa5
01-25 00:51:20.524 3579 3579 E ArmVmp : Match on catch block at 0xc3 in for 0xa9
01-25 00:51:20.532 3579 3579 E ArmVmp : Match on catch block at 0xc3 in for 0xa1
01-25 00:51:20.641 3579 3579 E ArmVmp : Match on catch block at 0xc3 in for 0xa1
01-25 00:51:20.649 3579 3579 E ArmVmp : Match on catch block at 0xc3 in for 0xa5
01-25 00:51:20.690 3579 3579 E ArmVmp : Match on catch block at 0xc3 in for 0xa5
01-25 00:51:20.695 3579 3579 E ArmVmp : Match on catch block at 0xc3 in for 0xa9
01-25 00:51:20.711 3579 3671 W MediaPlayer: Use of stream types is deprecated for
operations other than volume control
01-25 00:51:20.711 3579 3671 W MediaPlayer: See the documentation of
setAudioStreamType() for what to use instead with android.media.AudioAttributes to
qualify your playback use case
01-25 00:51:20.723 3579 3579 E ArmVmp : Match on catch block at 0xc3 in for 0xa5
01-25 00:51:20.729 3579 3579 E ArmVmp : Match on catch block at 0xc3 in for 0xa9
01-25 00:51:20.857 3579 3579 E ArmVmp : Match on catch block at 0xc3 in for 0xa1
01-25 00:51:20.861 3579 3579 E ArmVmp : Match on catch block at 0xc3 in for 0xa5
01-25 00:51:20.894 3579 3579 E ArmVmp : Match on catch block at 0xc3 in for 0xa5
01-25 00:51:20.900 3579 3579 E ArmVmp : Match on catch block at 0xc3 in for 0xa9
01-25 00:51:20.914 3579 3579 E ArmVmp : Match on catch block at 0xc3 in for 0xa9
01-25 00:51:20.918 3579 3579 E ArmVmp : Match on catch block at 0xc3 in for 0xa1
01-25 00:51:20.931 3579 3579 E ArmVmp : Match on catch block at 0xc3 in for 0xa1
01-25 00:51:20.935 3579 3579 E ArmVmp : Match on catch block at 0xc3 in for 0xa5
01-25 00:51:20.943 3579 3579 E ArmVmp : Match on catch block at 0xc3 in for 0xa1
01-25 00:51:20.949 3579 3579 E ArmVmp : Match on catch block at 0xc3 in for 0xa5
01-25 00:51:20.957 3579 3579 E ArmVmp : Match on catch block at 0xc3 in for 0xa1
01-25 00:51:20.962 3579 3579 E ArmVmp : Match on catch block at 0xc3 in for 0xa5
01-25 00:51:20.975 3579 3579 E ArmVmp : Match on catch block at 0xc3 in for 0xa1
01-25 00:51:20.981 3579 3579 E ArmVmp : Match on catch block at 0xc3 in for 0xa5
01-25 00:51:21.001 3579 3579 E ArmVmp : Match on catch block at 0xc3 in for 0xa1
01-25 00:51:21.009 3579 3579 E ArmVmp : Match on catch block at 0xc3 in for 0xa5
01-25 00:51:21.018 3579 3579 E ArmVmp : Match on catch block at 0xc3 in for 0xa1
01-25 00:51:21.026 3579 3579 E ArmVmp : Match on catch block at 0xc3 in for 0xa5
01-25 00:51:21.033 3579 3579 E ArmVmp : Match on catch block at 0xc3 in for 0xa1
01-25 00:51:21.040 3579 3579 E ArmVmp : Match on catch block at 0xc3 in for 0xa5
01-25 00:51:21.047 3579 3579 E ArmVmp : Match on catch block at 0xc3 in for 0xa1
01-25 00:51:21.055 3579 3579 E ArmVmp : Match on catch block at 0xc3 in for 0xa5
01-25 00:51:21.062 3579 3579 E ArmVmp : Match on catch block at 0xc3 in for 0xa1
01-25 00:51:21.068 3579 3579 E ArmVmp : Match on catch block at 0xc3 in for 0xa5
01-25 00:51:21.079 3579 3579 E ArmVmp : Match on catch block at 0xc3 in for 0xa1
01-25 00:51:21.085 3579 3579 E ArmVmp : Match on catch block at 0xc3 in for 0xa5
01-25 00:51:21.096 3579 3579 E ArmVmp : Match on catch block at 0xc3 in for 0xa1
01-25 00:51:21.103 3579 3579 E ArmVmp : Match on catch block at 0xc3 in for 0xa5
01-25 00:51:21.114 3579 3579 E ArmVmp : Match on catch block at 0xc3 in for 0xa1
01-25 00:51:21.122 3579 3579 E ArmVmp : Match on catch block at 0xc3 in for 0xa5
01-25 00:51:21.131 3579 3579 E ArmVmp : Match on catch block at 0xc3 in for 0xa1
01-25 00:51:21.140 3579 3579 E ArmVmp : Match on catch block at 0xc3 in for 0xa5
01-25 00:51:21.149 3579 3579 E ArmVmp : Match on catch block at 0xc3 in for 0xa1
01-25 00:51:21.156 3579 3579 E ArmVmp : Match on catch block at 0xc3 in for 0xa5
01-25 00:51:21.166 3579 3579 E ArmVmp : Match on catch block at 0xc3 in for 0xa1
01-25 00:51:21.173 3579 3579 E ArmVmp : Match on catch block at 0xc3 in for 0xa5
01-25 00:51:21.184 3579 3579 E ArmVmp : Match on catch block at 0xc3 in for 0xa1
01-25 00:51:21.191 3579 3579 E ArmVmp : Match on catch block at 0xc3 in for 0xa5
01-25 00:51:21.201 3579 3579 E ArmVmp : Match on catch block at 0xc3 in for 0xa1
01-25 00:51:21.209 3579 3579 E ArmVmp : Match on catch block at 0xc3 in for 0xa5
01-25 00:51:21.231 3579 3579 E ArmVmp : Match on catch block at 0xc3 in for 0xa1
01-25 00:51:21.239 3579 3579 E ArmVmp : Match on catch block at 0xc3 in for 0xa5
01-25 00:51:21.249 3579 3579 E ArmVmp : Match on catch block at 0xc3 in for 0xa1
01-25 00:51:21.258 3579 3579 E ArmVmp : Match on catch block at 0xc3 in for 0xa5
01-25 00:51:21.265 3579 3579 E ArmVmp : Match on catch block at 0xc3 in for 0xa1
01-25 00:51:21.273 3579 3579 E ArmVmp : Match on catch block at 0xc3 in for 0xa5
01-25 00:51:21.281 3579 3579 E ArmVmp : Match on catch block at 0xc3 in for 0xa1
01-25 00:51:21.287 3579 3579 E ArmVmp : Match on catch block at 0xc3 in for 0xa5
01-25 00:51:21.295 3579 3579 E ArmVmp : Match on catch block at 0xc3 in for 0xa1
01-25 00:51:21.302 3579 3579 E ArmVmp : Match on catch block at 0xc3 in for 0xa5
01-25 00:51:21.372 3579 3579 E ArmVmp : Match on catch block at 0xc3 in for 0xa1
01-25 00:51:21.381 3579 3579 E ArmVmp : Match on catch block at 0xc3 in for 0xa5
01-25 00:51:21.397 3579 3579 E ArmVmp : Match on catch block at 0xc3 in for 0xa1
01-25 00:51:21.405 3579 3579 E ArmVmp : Match on catch block at 0xc3 in for 0xa5
01-25 00:51:21.549 3579 3579 E ArmVmp : Match on catch block at 0xc3 in for 0xa1
01-25 00:51:21.556 3579 3579 E ArmVmp : Match on catch block at 0xc3 in for 0xa5
01-25 00:51:21.878 3579 3579 E ArmVmp : Match on catch block at 0xc3 in for 0xa5
01-25 00:51:21.883 3579 3579 E ArmVmp : Match on catch block at 0xc3 in for 0xa9
01-25 00:51:21.946 3579 3579 E ArmVmp : Match on catch block at 0xc3 in for 0xa9
01-25 00:51:21.950 3579 3579 E ArmVmp : Match on catch block at 0xc3 in for 0xa1
01-25 00:51:22.012 3579 3579 E GraphicExt:
GraphicExtModuleLoader::CreateGraphicExtInstance false
01-25 00:51:22.128 3579 3579 E ArmVmp : Match on catch block at 0xc3 in for 0xa5
01-25 00:51:22.132 3579 3579 E ArmVmp : Match on catch block at 0xc3 in for 0xa9
01-25 00:51:22.149 3579 3579 W IInputConnectionWrapper: requestCursorAnchorInfo
on inactive InputConnection
01-25 00:51:22.517 3579 3579 E ArmVmp : Match on catch block at 0xc3 in for 0xa5
01-25 00:51:22.523 3579 3579 E ArmVmp : Match on catch block at 0xc3 in for 0xa9
01-25 00:51:24.051 3579 3579 W ActivityThread: handleWindowVisibility: no
activity for token android.os.BinderProxy@5cb830a
01-25 00:51:24.198 3579 3579 E GraphicExt:
GraphicExtModuleLoader::CreateGraphicExtInstance false
01-25 00:51:24.391 3579 3579 W BottomSheetBehavior: BottomSheetBehavior now
supports multiple callbacks. `setBottomSheetCallback()` removes all existing
callbacks, including ones set internally by library authors, which may result in
unintended behavior. This may change in the future. Please use
`addBottomSheetCallback()` and `removeBottomSheetCallback()` instead to set your
own callbacks.
01-25 00:51:24.391 3579 3579 W BottomSheetBehavior: BottomSheetBehavior now
supports multiple callbacks. `setBottomSheetCallback()` removes all existing
callbacks, including ones set internally by library authors, which may result in
unintended behavior. This may change in the future. Please use
`addBottomSheetCallback()` and `removeBottomSheetCallback()` instead to set your
own callbacks.
01-25 00:51:24.518 3579 3579 W BottomSheetBehavior: BottomSheetBehavior now
supports multiple callbacks. `setBottomSheetCallback()` removes all existing
callbacks, including ones set internally by library authors, which may result in
unintended behavior. This may change in the future. Please use
`addBottomSheetCallback()` and `removeBottomSheetCallback()` instead to set your
own callbacks.
01-25 00:51:24.518 3579 3579 W BottomSheetBehavior: BottomSheetBehavior now
supports multiple callbacks. `setBottomSheetCallback()` removes all existing
callbacks, including ones set internally by library authors, which may result in
unintended behavior. This may change in the future. Please use
`addBottomSheetCallback()` and `removeBottomSheetCallback()` instead to set your
own callbacks.
01-25 00:51:24.560 3579 3579 W com.whatsapp: type=1400 audit(0.0:7667): avc:
denied { read } for name="u:object_r:debug_bq_dump_prop:s0" dev="tmpfs" ino=7751
scontext=u:r:untrusted_app:s0:c220,c256,c512,c768
tcontext=u:object_r:debug_bq_dump_prop:s0 tclass=file permissive=0
01-25 00:51:24.564 3579 3579 E libc : Access denied finding property
"vendor.debug.bq.dump"
01-25 00:51:24.565 3579 3579 E libc : Access denied finding property
"vendor.debug.bq.dump"
01-25 00:51:24.565 3579 3579 E libc : Access denied finding property
"vendor.debug.bq.dump"
01-25 00:51:24.560 3579 3579 W com.whatsapp: type=1400 audit(0.0:7668): avc:
denied { read } for name="u:object_r:debug_bq_dump_prop:s0" dev="tmpfs" ino=7751
scontext=u:r:untrusted_app:s0:c220,c256,c512,c768
tcontext=u:object_r:debug_bq_dump_prop:s0 tclass=file permissive=0
01-25 00:51:24.565 3579 3579 E GraphicExt:
GraphicExtModuleLoader::CreateGraphicExtInstance false
01-25 00:51:24.566 3579 3579 E GraphicExt:
GraphicExtModuleLoader::CreateGraphicExtInstance false
01-25 00:51:24.665 3579 4990 W AudioCapabilities: Unsupported mime audio/x-adpcm-
ms
01-25 00:51:24.666 3579 4990 W AudioCapabilities: Unsupported mime audio/x-adpcm-
dvi-ima
01-25 00:51:24.666 3579 4990 W AudioCapabilities: Unsupported mime audio/alac
01-25 00:51:24.666 3579 4990 W AudioCapabilities: Unsupported mime audio/ape
01-25 00:51:24.675 3579 4990 W VideoCapabilities: Unrecognized profile/level 1/32
for video/mp4v-es
01-25 00:51:24.676 3579 4990 W VideoCapabilities: Unrecognized profile/level
32768/2 for video/mp4v-es
01-25 00:51:24.676 3579 4990 W VideoCapabilities: Unrecognized profile/level
32768/64 for video/mp4v-es
01-25 00:51:24.681 3579 4990 W VideoCapabilities: Unsupported mime video/x-ms-wmv
01-25 00:51:24.683 3579 4990 W VideoCapabilities: Unsupported mime video/xvid
01-25 00:51:24.691 3579 4990 W VideoCapabilities: Unrecognized profile/level 1/32
for video/mp4v-es
01-25 00:51:24.755 3579 4990 E GraphicExt:
GraphicExtModuleLoader::CreateGraphicExtInstance false
01-25 00:51:24.765 3579 5000 E MtkACodec: setConfig(OMX_CONFIG_ROTATIONTYPE)
returned error 0xfffffc0e
01-25 00:51:24.765 3579 5000 E ACodec : [OMX.MTK.VIDEO.DECODER.AVC] failed to
setViLTEParameters 1
01-25 00:51:24.805 3579 5000 W ACodec : [OMX.MTK.VIDEO.DECODER.AVC] setting
nBufferCountActual to 8 failed: -22
01-25 00:51:24.811 3579 5000 W Gralloc3: allocator 3.x is not supported
01-25 00:51:24.814 3579 5000 E ion : ioctl c0044901 failed with code -1:
Invalid argument
01-25 00:51:24.848 3579 5000 W ACodec : [OMX.MTK.VIDEO.DECODER.AVC] setting
nBufferCountActual to 14 failed: -22
01-25 00:51:24.895 3579 5012 W Codec2Client: query -- param skipped: index =
1107298332.
01-25 00:51:24.895 3579 5012 W CCodec : This behavior is subject to change. It
is recommended that app developers double check whether the requested max input
size is in reasonable range.
01-25 00:51:24.897 3579 5012 W Codec2Client: query -- param skipped: index =
1342179345.
01-25 00:51:24.897 3579 5012 W Codec2Client: query -- param skipped: index =
2415921170.
01-25 00:51:24.897 3579 5012 W Codec2Client: query -- param skipped: index =
1610614798.
01-25 00:51:28.771 3579 3579 E GraphicExt:
GraphicExtModuleLoader::CreateGraphicExtInstance false
01-25 00:51:29.793 3579 5012 W Codec2Client: query -- param skipped: index =
1342179345.
01-25 00:51:29.793 3579 5012 W Codec2Client: query -- param skipped: index =
2415921170.
01-25 00:51:29.793 3579 5012 W Codec2Client: query -- param skipped: index =
1610614798.
01-25 00:51:29.824 3579 3656 W RefBase : CallStack::getCurrentInternal not
linked, returning null
01-25 00:51:29.824 3579 3656 W RefBase : CallStack::logStackInternal not linked
01-25 00:51:29.825 3579 3656 W RefBase : CallStack::getCurrentInternal not
linked, returning null
01-25 00:51:29.825 3579 3656 W RefBase : CallStack::logStackInternal not linked
01-25 00:51:29.825 3579 3656 W RefBase : CallStack::getCurrentInternal not
linked, returning null
01-25 00:51:29.825 3579 3656 W RefBase : CallStack::logStackInternal not linked
01-25 00:51:29.826 3579 3656 W RefBase : CallStack::getCurrentInternal not
linked, returning null
01-25 00:51:29.826 3579 3656 W RefBase : CallStack::logStackInternal not linked
01-25 00:51:29.827 3579 3656 W RefBase : CallStack::getCurrentInternal not
linked, returning null
01-25 00:51:29.827 3579 3656 W RefBase : CallStack::logStackInternal not linked
01-25 00:51:29.828 3579 3656 W RefBase : CallStack::getCurrentInternal not
linked, returning null
01-25 00:51:29.828 3579 3656 W RefBase : CallStack::logStackInternal not linked
01-25 00:51:29.829 3579 3656 W RefBase : CallStack::getCurrentInternal not
linked, returning null
01-25 00:51:29.829 3579 3656 W RefBase : CallStack::logStackInternal not linked
01-25 00:51:29.829 3579 3579 W BottomSheetBehavior: BottomSheetBehavior now
supports multiple callbacks. `setBottomSheetCallback()` removes all existing
callbacks, including ones set internally by library authors, which may result in
unintended behavior. This may change in the future. Please use
`addBottomSheetCallback()` and `removeBottomSheetCallback()` instead to set your
own callbacks.
01-25 00:51:29.830 3579 3579 W BottomSheetBehavior: BottomSheetBehavior now
supports multiple callbacks. `setBottomSheetCallback()` removes all existing
callbacks, including ones set internally by library authors, which may result in
unintended behavior. This may change in the future. Please use
`addBottomSheetCallback()` and `removeBottomSheetCallback()` instead to set your
own callbacks.
01-25 00:51:29.831 3579 3656 W RefBase : CallStack::getCurrentInternal not
linked, returning null
01-25 00:51:29.831 3579 3656 W RefBase : CallStack::logStackInternal not linked
01-25 00:51:29.832 3579 3656 W RefBase : CallStack::getCurrentInternal not
linked, returning null
01-25 00:51:29.832 3579 3656 W RefBase : CallStack::logStackInternal not linked
01-25 00:51:29.833 3579 3656 W RefBase : CallStack::getCurrentInternal not
linked, returning null
01-25 00:51:29.833 3579 3656 W RefBase : CallStack::logStackInternal not linked
01-25 00:51:29.869 3579 4990 E GraphicExt:
GraphicExtModuleLoader::CreateGraphicExtInstance false
01-25 00:51:29.876 3579 5023 E MtkACodec: setConfig(OMX_CONFIG_ROTATIONTYPE)
returned error 0xfffffc0e
01-25 00:51:29.876 3579 5023 E ACodec : [OMX.MTK.VIDEO.DECODER.AVC] failed to
setViLTEParameters 1
01-25 00:51:29.897 3579 5023 W ACodec : [OMX.MTK.VIDEO.DECODER.AVC] setting
nBufferCountActual to 8 failed: -22
01-25 00:51:29.923 3579 5023 W ACodec : [OMX.MTK.VIDEO.DECODER.AVC] setting
nBufferCountActual to 15 failed: -22
01-25 00:51:29.929 3579 5034 W Codec2Client: query -- param skipped: index =
1107298332.
01-25 00:51:29.930 3579 5034 W CCodec : This behavior is subject to change. It
is recommended that app developers double check whether the requested max input
size is in reasonable range.
01-25 00:51:29.932 3579 5034 W Codec2Client: query -- param skipped: index =
1342179345.
01-25 00:51:29.932 3579 5034 W Codec2Client: query -- param skipped: index =
2415921170.
01-25 00:51:29.932 3579 5034 W Codec2Client: query -- param skipped: index =
1610614798.
01-25 00:51:30.025 3579 3656 W RefBase : CallStack::getCurrentInternal not
linked, returning null
01-25 00:51:30.025 3579 3656 W RefBase : CallStack::logStackInternal not linked
01-25 00:51:33.288 3579 3656 W RefBase : CallStack::getCurrentInternal not
linked, returning null
01-25 00:51:33.288 3579 3656 W RefBase : CallStack::logStackInternal not linked
01-25 00:51:33.288 3579 3656 W RefBase : CallStack::getCurrentInternal not
linked, returning null
01-25 00:51:33.288 3579 3656 W RefBase : CallStack::logStackInternal not linked
01-25 00:51:33.289 3579 3656 W RefBase : CallStack::getCurrentInternal not
linked, returning null
01-25 00:51:33.289 3579 3656 W RefBase : CallStack::logStackInternal not linked
01-25 00:51:33.289 3579 3656 W RefBase : CallStack::getCurrentInternal not
linked, returning null
01-25 00:51:33.289 3579 3656 W RefBase : CallStack::logStackInternal not linked
01-25 00:51:33.290 3579 3656 W RefBase : CallStack::getCurrentInternal not
linked, returning null
01-25 00:51:33.290 3579 3656 W RefBase : CallStack::logStackInternal not linked
01-25 00:51:33.291 3579 3656 W RefBase : CallStack::getCurrentInternal not
linked, returning null
01-25 00:51:33.291 3579 3656 W RefBase : CallStack::logStackInternal not linked
01-25 00:51:33.291 3579 3656 W RefBase : CallStack::getCurrentInternal not
linked, returning null
01-25 00:51:33.291 3579 3656 W RefBase : CallStack::logStackInternal not linked
01-25 00:51:33.292 3579 3656 W RefBase : CallStack::getCurrentInternal not
linked, returning null
01-25 00:51:33.292 3579 3656 W RefBase : CallStack::logStackInternal not linked
01-25 00:51:33.292 3579 3656 W RefBase : CallStack::getCurrentInternal not
linked, returning null
01-25 00:51:33.292 3579 3656 W RefBase : CallStack::logStackInternal not linked
01-25 00:51:33.292 3579 3656 W RefBase : CallStack::getCurrentInternal not
linked, returning null
01-25 00:51:33.292 3579 3656 W RefBase : CallStack::logStackInternal not linked
01-25 00:51:33.293 3579 3656 W RefBase : CallStack::getCurrentInternal not
linked, returning null
01-25 00:51:33.293 3579 3656 W RefBase : CallStack::logStackInternal not linked
01-25 00:51:33.293 3579 3656 W RefBase : CallStack::getCurrentInternal not
linked, returning null
01-25 00:51:33.293 3579 3656 W RefBase : CallStack::logStackInternal not linked
01-25 00:51:33.316 3579 5034 W Codec2Client: query -- param skipped: index =
1342179345.
01-25 00:51:33.316 3579 5034 W Codec2Client: query -- param skipped: index =
2415921170.
01-25 00:51:33.316 3579 5034 W Codec2Client: query -- param skipped: index =
1610614798.
01-25 00:51:37.594 3579 3579 W ActivityThread: handleWindowVisibility: no
activity for token android.os.BinderProxy@ec97e57
01-25 00:51:37.921 3579 3579 E ArmVmp : Match on catch block at 0x0a in for 0xc1
01-25 00:51:37.926 3579 3579 E ArmVmp : Match on catch block at 0x0a in for 0xc9
01-25 00:51:38.012 3579 3579 E GraphicExt:
GraphicExtModuleLoader::CreateGraphicExtInstance false
01-25 00:51:38.287 3579 3579 E ArmVmp : Match on catch block at 0xc3 in for 0xb5
01-25 00:51:38.295 3579 3579 E ArmVmp : Match on catch block at 0xc3 in for 0xb5
01-25 00:51:38.349 3579 3579 E ArmVmp : Match on catch block at 0xc3 in for 0xa5
01-25 00:51:38.354 3579 3579 E ArmVmp : Match on catch block at 0xc3 in for 0xa9
01-25 00:51:38.356 3579 3579 E ArmVmp : Match on catch block at 0xc3 in for 0xa9
01-25 00:51:38.405 3579 3579 E ArmVmp : Match on catch block at 0xc3 in for 0xa5
01-25 00:51:38.409 3579 3579 E ArmVmp : Match on catch block at 0xc3 in for 0xa9
01-25 00:51:38.412 3579 3579 E ArmVmp : Match on catch block at 0xc3 in for 0xa9
01-25 00:51:38.446 3579 3579 E ArmVmp : Match on catch block at 0xc3 in for 0xa5
01-25 00:51:38.452 3579 3579 E ArmVmp : Match on catch block at 0xc3 in for 0xa9
01-25 00:51:38.492 3579 3579 E ArmVmp : Match on catch block at 0xc3 in for 0xa9
01-25 00:51:38.497 3579 3579 E ArmVmp : Match on catch block at 0xc3 in for 0xa1
01-25 00:51:38.501 3579 3579 E ArmVmp : Match on catch block at 0xc3 in for 0xa1
01-25 00:51:38.769 3579 3579 E GraphicExt:
GraphicExtModuleLoader::CreateGraphicExtInstance false
01-25 00:51:38.781 3579 3579 E ArmVmp : Match on catch block at 0xc3 in for 0xa5
01-25 00:51:38.785 3579 3579 E ArmVmp : Match on catch block at 0xc3 in for 0xa9
01-25 00:51:38.787 3579 3579 E ArmVmp : Match on catch block at 0xc3 in for 0xa9
01-25 00:51:38.801 3579 3579 E ArmVmp : Match on catch block at 0xc3 in for 0xa1
01-25 00:51:38.805 3579 3579 E ArmVmp : Match on catch block at 0xc3 in for 0xa5
01-25 00:51:38.807 3579 3579 E ArmVmp : Match on catch block at 0xc3 in for 0xa5
01-25 00:51:38.831 3579 3579 E ArmVmp : Match on catch block at 0xc3 in for 0xa9
01-25 00:51:38.835 3579 3579 E ArmVmp : Match on catch block at 0xc3 in for 0xa1
01-25 00:51:38.838 3579 3579 E ArmVmp : Match on catch block at 0xc3 in for 0xa1
01-25 00:51:38.852 3579 3579 E ArmVmp : Match on catch block at 0xc3 in for 0xa5
01-25 00:51:38.856 3579 3579 E ArmVmp : Match on catch block at 0xc3 in for 0xa9
01-25 00:51:38.859 3579 3579 E ArmVmp : Match on catch block at 0xc3 in for 0xa9
01-25 00:51:38.872 3579 3579 E ArmVmp : Match on catch block at 0xc3 in for 0xa1
01-25 00:51:38.876 3579 3579 E ArmVmp : Match on catch block at 0xc3 in for 0xa5
01-25 00:51:38.879 3579 3579 E ArmVmp : Match on catch block at 0xc3 in for 0xa5
01-25 00:51:38.891 3579 3579 E ArmVmp : Match on catch block at 0xc3 in for 0xa9
01-25 00:51:38.896 3579 3579 E ArmVmp : Match on catch block at 0xc3 in for 0xa1
01-25 00:51:38.898 3579 3579 E ArmVmp : Match on catch block at 0xc3 in for 0xa1
01-25 00:51:38.910 3579 3579 E ArmVmp : Match on catch block at 0xc3 in for 0xa5
01-25 00:51:38.914 3579 3579 E ArmVmp : Match on catch block at 0xc3 in for 0xa9
01-25 00:51:38.916 3579 3579 E ArmVmp : Match on catch block at 0xc3 in for 0xa9
01-25 00:51:38.929 3579 3579 E ArmVmp : Match on catch block at 0xc3 in for 0xa1
01-25 00:51:38.933 3579 3579 E ArmVmp : Match on catch block at 0xc3 in for 0xa5
01-25 00:51:38.936 3579 3579 E ArmVmp : Match on catch block at 0xc3 in for 0xa5
01-25 00:51:38.949 3579 3579 E ArmVmp : Match on catch block at 0xc3 in for 0xa9
01-25 00:51:38.954 3579 3579 E ArmVmp : Match on catch block at 0xc3 in for 0xa1
01-25 00:51:38.957 3579 3579 E ArmVmp : Match on catch block at 0xc3 in for 0xa1
01-25 00:51:38.969 3579 3579 E ArmVmp : Match on catch block at 0xc3 in for 0xa5
01-25 00:51:38.973 3579 3579 E ArmVmp : Match on catch block at 0xc3 in for 0xa9
01-25 00:51:38.976 3579 3579 E ArmVmp : Match on catch block at 0xc3 in for 0xa9
01-25 00:51:38.989 3579 3579 E ArmVmp : Match on catch block at 0xc3 in for 0xa1
01-25 00:51:38.994 3579 3579 E ArmVmp : Match on catch block at 0xc3 in for 0xa5
01-25 00:51:38.996 3579 3579 E ArmVmp : Match on catch block at 0xc3 in for 0xa5
01-25 00:51:39.008 3579 3579 E ArmVmp : Match on catch block at 0xc3 in for 0xa9
01-25 00:51:39.013 3579 3579 E ArmVmp : Match on catch block at 0xc3 in for 0xa1
01-25 00:51:39.016 3579 3579 E ArmVmp : Match on catch block at 0xc3 in for 0xa1
01-25 00:51:39.029 3579 3579 E ArmVmp : Match on catch block at 0xc3 in for 0xa5
01-25 00:51:39.033 3579 3579 E ArmVmp : Match on catch block at 0xc3 in for 0xa9
01-25 00:51:39.036 3579 3579 E ArmVmp : Match on catch block at 0xc3 in for 0xa9
01-25 00:51:39.049 3579 3579 E ArmVmp : Match on catch block at 0xc3 in for 0xa1
01-25 00:51:39.053 3579 3579 E ArmVmp : Match on catch block at 0xc3 in for 0xa5
01-25 00:51:39.055 3579 3579 E ArmVmp : Match on catch block at 0xc3 in for 0xa5
01-25 00:51:39.068 3579 3579 E ArmVmp : Match on catch block at 0xc3 in for 0xa9
01-25 00:51:39.074 3579 3579 E ArmVmp : Match on catch block at 0xc3 in for 0xa1
01-25 00:51:39.076 3579 3579 E ArmVmp : Match on catch block at 0xc3 in for 0xa1
01-25 00:51:39.089 3579 3579 E ArmVmp : Match on catch block at 0xc3 in for 0xa5
01-25 00:51:39.094 3579 3579 E ArmVmp : Match on catch block at 0xc3 in for 0xa9
01-25 00:51:39.097 3579 3579 E ArmVmp : Match on catch block at 0xc3 in for 0xa9
01-25 00:51:39.110 3579 3579 E ArmVmp : Match on catch block at 0xc3 in for 0xa1
01-25 00:51:39.115 3579 3579 E ArmVmp : Match on catch block at 0xc3 in for 0xa5
01-25 00:51:39.118 3579 3579 E ArmVmp : Match on catch block at 0xc3 in for 0xa5
01-25 00:51:39.407 3579 3579 E ArmVmp : Match on catch block at 0xc3 in for 0xa9
01-25 00:51:39.413 3579 3579 E ArmVmp : Match on catch block at 0xc3 in for 0xa1
01-25 00:51:39.417 3579 3579 E ArmVmp : Match on catch block at 0xc3 in for 0xa1
01-25 00:51:39.439 3579 3579 E ArmVmp : Match on catch block at 0xc3 in for 0xa5
01-25 00:51:39.445 3579 3579 E ArmVmp : Match on catch block at 0xc3 in for 0xa9
01-25 00:51:39.448 3579 3579 E ArmVmp : Match on catch block at 0xc3 in for 0xa9
01-25 00:51:39.462 3579 3579 E ArmVmp : Match on catch block at 0xc3 in for 0xa1
01-25 00:51:39.467 3579 3579 E ArmVmp : Match on catch block at 0xc3 in for 0xa5
01-25 00:51:39.470 3579 3579 E ArmVmp : Match on catch block at 0xc3 in for 0xa5
01-25 00:51:39.977 3579 3579 E ArmVmp : Match on catch block at 0xc3 in for 0xa9
01-25 00:51:39.981 3579 3579 E ArmVmp : Match on catch block at 0xc3 in for 0xa1
01-25 00:51:39.984 3579 3579 E ArmVmp : Match on catch block at 0xc3 in for 0xa1
01-25 00:51:40.481 3579 3579 E ArmVmp : Match on catch block at 0xc3 in for 0xa5
01-25 00:51:40.487 3579 3579 E ArmVmp : Match on catch block at 0xc3 in for 0xa9
01-25 00:51:40.491 3579 3579 E ArmVmp : Match on catch block at 0xc3 in for 0xa9
01-25 00:51:40.968 3579 3579 E ArmVmp : Match on catch block at 0xc3 in for 0xa9
01-25 00:51:40.974 3579 3579 E ArmVmp : Match on catch block at 0xc3 in for 0xa1
01-25 00:51:40.978 3579 3579 E ArmVmp : Match on catch block at 0xc3 in for 0xa1
01-25 00:51:41.002 3579 3579 E ArmVmp : Match on catch block at 0xc3 in for 0xa5
01-25 00:51:41.008 3579 3579 E ArmVmp : Match on catch block at 0xc3 in for 0xa9
01-25 00:51:41.011 3579 3579 E ArmVmp : Match on catch block at 0xc3 in for 0xa9
01-25 00:51:41.019 3579 3579 E ArmVmp : Match on catch block at 0xc3 in for 0xa1
01-25 00:51:41.024 3579 3579 E ArmVmp : Match on catch block at 0xc3 in for 0xa5
01-25 00:51:41.027 3579 3579 E ArmVmp : Match on catch block at 0xc3 in for 0xa5
01-25 00:51:41.037 3579 3579 E ArmVmp : Match on catch block at 0xc3 in for 0xa9
01-25 00:51:41.042 3579 3579 E ArmVmp : Match on catch block at 0xc3 in for 0xa1
01-25 00:51:41.045 3579 3579 E ArmVmp : Match on catch block at 0xc3 in for 0xa1
01-25 00:51:41.054 3579 3579 E ArmVmp : Match on catch block at 0xc3 in for 0xa5
01-25 00:51:41.059 3579 3579 E ArmVmp : Match on catch block at 0xc3 in for 0xa9
01-25 00:51:41.062 3579 3579 E ArmVmp : Match on catch block at 0xc3 in for 0xa9
01-25 00:51:41.072 3579 3579 E ArmVmp : Match on catch block at 0xc3 in for 0xa1
01-25 00:51:41.077 3579 3579 E ArmVmp : Match on catch block at 0xc3 in for 0xa5
01-25 00:51:41.090 3579 3579 E ArmVmp : Match on catch block at 0xc3 in for 0xa5
01-25 00:51:41.095 3579 3579 E ArmVmp : Match on catch block at 0xc3 in for 0xa9
01-25 00:51:41.097 3579 3579 E ArmVmp : Match on catch block at 0xc3 in for 0xa9
01-25 00:51:41.106 3579 3579 E ArmVmp : Match on catch block at 0xc3 in for 0xa1
01-25 00:51:41.111 3579 3579 E ArmVmp : Match on catch block at 0xc3 in for 0xa5
01-25 00:51:41.114 3579 3579 E ArmVmp : Match on catch block at 0xc3 in for 0xa5
01-25 00:51:41.124 3579 3579 E ArmVmp : Match on catch block at 0xc3 in for 0xa9
01-25 00:51:41.129 3579 3579 E ArmVmp : Match on catch block at 0xc3 in for 0xa1
01-25 00:51:41.132 3579 3579 E ArmVmp : Match on catch block at 0xc3 in for 0xa1
01-25 00:51:41.141 3579 3579 E ArmVmp : Match on catch block at 0xc3 in for 0xa5
01-25 00:51:41.146 3579 3579 E ArmVmp : Match on catch block at 0xc3 in for 0xa9
01-25 00:51:41.148 3579 3579 E ArmVmp : Match on catch block at 0xc3 in for 0xa9
01-25 00:51:41.159 3579 3579 E ArmVmp : Match on catch block at 0xc3 in for 0xa1
01-25 00:51:41.164 3579 3579 E ArmVmp : Match on catch block at 0xc3 in for 0xa5
01-25 00:51:41.166 3579 3579 E ArmVmp : Match on catch block at 0xc3 in for 0xa5
01-25 00:51:41.176 3579 3579 E ArmVmp : Match on catch block at 0xc3 in for 0xa9
01-25 00:51:41.181 3579 3579 E ArmVmp : Match on catch block at 0xc3 in for 0xa1
01-25 00:51:41.184 3579 3579 E ArmVmp : Match on catch block at 0xc3 in for 0xa1
01-25 00:51:41.193 3579 3579 E ArmVmp : Match on catch block at 0xc3 in for 0xa5
01-25 00:51:41.199 3579 3579 E ArmVmp : Match on catch block at 0xc3 in for 0xa9
01-25 00:51:41.202 3579 3579 E ArmVmp : Match on catch block at 0xc3 in for 0xa9
01-25 00:51:41.211 3579 3579 E ArmVmp : Match on catch block at 0xc3 in for 0xa9
01-25 00:51:41.217 3579 3579 E ArmVmp : Match on catch block at 0xc3 in for 0xa1
01-25 00:51:41.220 3579 3579 E ArmVmp : Match on catch block at 0xc3 in for 0xa1
01-25 00:51:41.229 3579 3579 E ArmVmp : Match on catch block at 0xc3 in for 0xa9
01-25 00:51:41.233 3579 3579 E ArmVmp : Match on catch block at 0xc3 in for 0xa1
01-25 00:51:41.236 3579 3579 E ArmVmp : Match on catch block at 0xc3 in for 0xa1
01-25 00:51:41.248 3579 3579 E ArmVmp : Match on catch block at 0xc3 in for 0xa5
01-25 00:51:41.252 3579 3579 E ArmVmp : Match on catch block at 0xc3 in for 0xa9
01-25 00:51:41.254 3579 3579 E ArmVmp : Match on catch block at 0xc3 in for 0xa9
01-25 00:51:41.337 3579 3579 E ArmVmp : Match on catch block at 0xc3 in for 0xa5
01-25 00:51:41.341 3579 3579 E ArmVmp : Match on catch block at 0xc3 in for 0xa9
01-25 00:51:41.343 3579 3579 E ArmVmp : Match on catch block at 0xc3 in for 0xa9
01-25 00:51:41.350 3579 3579 E ArmVmp : Match on catch block at 0xc3 in for 0xa1
01-25 00:51:41.354 3579 3579 E ArmVmp : Match on catch block at 0xc3 in for 0xa5
01-25 00:51:41.359 3579 3579 E ArmVmp : Match on catch block at 0xc3 in for 0xa5
01-25 00:51:41.485 3579 3579 E ArmVmp : Match on catch block at 0xc3 in for 0xa5
01-25 00:51:41.489 3579 3579 E ArmVmp : Match on catch block at 0xc3 in for 0xa9
01-25 00:51:41.492 3579 3579 E ArmVmp : Match on catch block at 0xc3 in for 0xa9
01-25 00:51:41.508 3579 3579 E ArmVmp : Match on catch block at 0xc3 in for 0xa1
01-25 00:51:41.514 3579 3579 E ArmVmp : Match on catch block at 0xc3 in for 0xa5
01-25 00:51:41.518 3579 3579 E ArmVmp : Match on catch block at 0xc3 in for 0xa5
01-25 00:51:41.540 3579 3579 E ArmVmp : Match on catch block at 0xc3 in for 0xa9
01-25 00:51:41.544 3579 3579 E ArmVmp : Match on catch block at 0xc3 in for 0xa1
01-25 00:51:41.546 3579 3579 E ArmVmp : Match on catch block at 0xc3 in for 0xa1
01-25 00:51:42.026 3579 3579 E ArmVmp : Match on catch block at 0xc3 in for 0xa5
01-25 00:51:42.030 3579 3579 E ArmVmp : Match on catch block at 0xc3 in for 0xa9
01-25 00:51:42.032 3579 3579 E ArmVmp : Match on catch block at 0xc3 in for 0xa9
01-25 00:51:42.118 3579 3579 E ArmVmp : Match on catch block at 0xc3 in for 0xa5
01-25 00:51:42.122 3579 3579 E ArmVmp : Match on catch block at 0xc3 in for 0xa9
01-25 00:51:42.138 3579 3579 E ArmVmp : Match on catch block at 0xc3 in for 0xa9
01-25 00:51:42.143 3579 3579 E ArmVmp : Match on catch block at 0xc3 in for 0xa1
01-25 00:51:42.145 3579 3579 E ArmVmp : Match on catch block at 0xc3 in for 0xa1
01-25 00:51:42.165 3579 3579 E ArmVmp : Match on catch block at 0xc3 in for 0xa5
01-25 00:51:42.169 3579 3579 E ArmVmp : Match on catch block at 0xc3 in for 0xa9
01-25 00:51:42.172 3579 3579 E ArmVmp : Match on catch block at 0xc3 in for 0xa9
01-25 00:51:42.183 3579 3579 E ArmVmp : Match on catch block at 0xc3 in for 0xa1
01-25 00:51:42.187 3579 3579 E ArmVmp : Match on catch block at 0xc3 in for 0xa5
01-25 00:51:42.189 3579 3579 E ArmVmp : Match on catch block at 0xc3 in for 0xa5
01-25 00:51:42.200 3579 3579 E ArmVmp : Match on catch block at 0xc3 in for 0xa9
01-25 00:51:42.204 3579 3579 E ArmVmp : Match on catch block at 0xc3 in for 0xa1
01-25 00:51:42.206 3579 3579 E ArmVmp : Match on catch block at 0xc3 in for 0xa1
01-25 00:51:42.217 3579 3579 E ArmVmp : Match on catch block at 0xc3 in for 0xa5
01-25 00:51:42.221 3579 3579 E ArmVmp : Match on catch block at 0xc3 in for 0xa9
01-25 00:51:42.223 3579 3579 E ArmVmp : Match on catch block at 0xc3 in for 0xa9
01-25 00:51:42.240 3579 3579 E ArmVmp : Match on catch block at 0xc3 in for 0xa1
01-25 00:51:42.245 3579 3579 E ArmVmp : Match on catch block at 0xc3 in for 0xa5
01-25 00:51:42.248 3579 3579 E ArmVmp : Match on catch block at 0xc3 in for 0xa5
01-25 00:51:42.269 3579 3579 E ArmVmp : Match on catch block at 0xc3 in for 0xa9
01-25 00:51:42.273 3579 3579 E ArmVmp : Match on catch block at 0xc3 in for 0xa1
01-25 00:51:42.275 3579 3579 E ArmVmp : Match on catch block at 0xc3 in for 0xa1
01-25 00:51:42.287 3579 3579 E ArmVmp : Match on catch block at 0xc3 in for 0xa5
01-25 00:51:42.291 3579 3579 E ArmVmp : Match on catch block at 0xc3 in for 0xa9
01-25 00:51:42.294 3579 3579 E ArmVmp : Match on catch block at 0xc3 in for 0xa9
01-25 00:51:42.305 3579 3579 E ArmVmp : Match on catch block at 0xc3 in for 0xa1
01-25 00:51:42.309 3579 3579 E ArmVmp : Match on catch block at 0xc3 in for 0xa5
01-25 00:51:42.312 3579 3579 E ArmVmp : Match on catch block at 0xc3 in for 0xa5
01-25 00:51:42.324 3579 3579 E ArmVmp : Match on catch block at 0xc3 in for 0xa9
01-25 00:51:42.329 3579 3579 E ArmVmp : Match on catch block at 0xc3 in for 0xa1
01-25 00:51:42.332 3579 3579 E ArmVmp : Match on catch block at 0xc3 in for 0xa1
01-25 00:51:42.530 3579 3579 E ArmVmp : Match on catch block at 0xc3 in for 0xa5
01-25 00:51:42.534 3579 3579 E ArmVmp : Match on catch block at 0xc3 in for 0xa9
01-25 00:51:42.538 3579 3579 E ArmVmp : Match on catch block at 0xc3 in for 0xa9
01-25 00:51:42.930 3579 3579 E ArmVmp : Match on catch block at 0xc3 in for 0xa1
01-25 00:51:42.934 3579 3579 E ArmVmp : Match on catch block at 0xc3 in for 0xa5
01-25 00:51:42.938 3579 3579 E ArmVmp : Match on catch block at 0xc3 in for 0xa5
01-25 00:51:43.051 3579 3579 E ArmVmp : Match on catch block at 0xc3 in for 0xa9
01-25 00:51:43.055 3579 3579 E ArmVmp : Match on catch block at 0xc3 in for 0xa1
01-25 00:51:43.058 3579 3579 E ArmVmp : Match on catch block at 0xc3 in for 0xa1
01-25 00:51:43.069 3579 3579 E ArmVmp : Match on catch block at 0xc3 in for 0xa5
01-25 00:51:43.073 3579 3579 E ArmVmp : Match on catch block at 0xc3 in for 0xa9
01-25 00:51:43.077 3579 3579 E ArmVmp : Match on catch block at 0xc3 in for 0xa9
01-25 00:51:43.087 3579 3579 E ArmVmp : Match on catch block at 0xc3 in for 0xa1
01-25 00:51:43.091 3579 3579 E ArmVmp : Match on catch block at 0xc3 in for 0xa5
01-25 00:51:43.094 3579 3579 E ArmVmp : Match on catch block at 0xc3 in for 0xa5
01-25 00:51:43.104 3579 3579 E ArmVmp : Match on catch block at 0xc3 in for 0xa9
01-25 00:51:43.109 3579 3579 E ArmVmp : Match on catch block at 0xc3 in for 0xa1
01-25 00:51:43.111 3579 3579 E ArmVmp : Match on catch block at 0xc3 in for 0xa1
01-25 00:51:43.121 3579 3579 E ArmVmp : Match on catch block at 0xc3 in for 0xa5
01-25 00:51:43.125 3579 3579 E ArmVmp : Match on catch block at 0xc3 in for 0xa9
01-25 00:51:43.128 3579 3579 E ArmVmp : Match on catch block at 0xc3 in for 0xa9
01-25 00:51:43.139 3579 3579 E ArmVmp : Match on catch block at 0xc3 in for 0xa1
01-25 00:51:43.142 3579 3579 E ArmVmp : Match on catch block at 0xc3 in for 0xa5
01-25 00:51:43.145 3579 3579 E ArmVmp : Match on catch block at 0xc3 in for 0xa5
01-25 00:51:43.156 3579 3579 E ArmVmp : Match on catch block at 0xc3 in for 0xa9
01-25 00:51:43.160 3579 3579 E ArmVmp : Match on catch block at 0xc3 in for 0xa1
01-25 00:51:43.162 3579 3579 E ArmVmp : Match on catch block at 0xc3 in for 0xa1
01-25 00:51:43.173 3579 3579 E ArmVmp : Match on catch block at 0xc3 in for 0xa5
01-25 00:51:43.177 3579 3579 E ArmVmp : Match on catch block at 0xc3 in for 0xa9
01-25 00:51:43.179 3579 3579 E ArmVmp : Match on catch block at 0xc3 in for 0xa9
01-25 00:51:43.190 3579 3579 E ArmVmp : Match on catch block at 0xc3 in for 0xa1
01-25 00:51:43.194 3579 3579 E ArmVmp : Match on catch block at 0xc3 in for 0xa5
01-25 00:51:43.197 3579 3579 E ArmVmp : Match on catch block at 0xc3 in for 0xa5
01-25 00:51:43.208 3579 3579 E ArmVmp : Match on catch block at 0xc3 in for 0xa9
01-25 00:51:43.212 3579 3579 E ArmVmp : Match on catch block at 0xc3 in for 0xa1
01-25 00:51:43.214 3579 3579 E ArmVmp : Match on catch block at 0xc3 in for 0xa1
01-25 00:51:43.225 3579 3579 E ArmVmp : Match on catch block at 0xc3 in for 0xa5
01-25 00:51:43.229 3579 3579 E ArmVmp : Match on catch block at 0xc3 in for 0xa9
01-25 00:51:43.232 3579 3579 E ArmVmp : Match on catch block at 0xc3 in for 0xa9
01-25 00:51:43.243 3579 3579 E ArmVmp : Match on catch block at 0xc3 in for 0xa1
01-25 00:51:43.247 3579 3579 E ArmVmp : Match on catch block at 0xc3 in for 0xa5
01-25 00:51:43.249 3579 3579 E ArmVmp : Match on catch block at 0xc3 in for 0xa5
01-25 00:51:43.260 3579 3579 E ArmVmp : Match on catch block at 0xc3 in for 0xa9
01-25 00:51:43.264 3579 3579 E ArmVmp : Match on catch block at 0xc3 in for 0xa1
01-25 00:51:43.267 3579 3579 E ArmVmp : Match on catch block at 0xc3 in for 0xa1
01-25 00:51:43.278 3579 3579 E ArmVmp : Match on catch block at 0xc3 in for 0xa5
01-25 00:51:43.281 3579 3579 E ArmVmp : Match on catch block at 0xc3 in for 0xa9
01-25 00:51:43.284 3579 3579 E ArmVmp : Match on catch block at 0xc3 in for 0xa9
01-25 00:51:43.295 3579 3579 E ArmVmp : Match on catch block at 0xc3 in for 0xa1
01-25 00:51:43.298 3579 3579 E ArmVmp : Match on catch block at 0xc3 in for 0xa5
01-25 00:51:43.301 3579 3579 E ArmVmp : Match on catch block at 0xc3 in for 0xa5
01-25 00:51:43.416 3579 3579 E ArmVmp : Match on catch block at 0xc3 in for 0xa9
01-25 00:51:43.421 3579 3579 E ArmVmp : Match on catch block at 0xc3 in for 0xa1
01-25 00:51:43.424 3579 3579 E ArmVmp : Match on catch block at 0xc3 in for 0xa1
01-25 00:51:43.764 3579 3579 E ArmVmp : Match on catch block at 0xc3 in for 0xa5
01-25 00:51:43.768 3579 3579 E ArmVmp : Match on catch block at 0xc3 in for 0xa9
01-25 00:51:43.772 3579 3579 E ArmVmp : Match on catch block at 0xc3 in for 0xa9
01-25 00:51:43.798 3579 3579 E ArmVmp : Match on catch block at 0xc3 in for 0xa5
01-25 00:51:43.802 3579 3579 E ArmVmp : Match on catch block at 0xc3 in for 0xa9
01-25 00:51:43.805 3579 3579 E ArmVmp : Match on catch block at 0xc3 in for 0xa9
01-25 00:51:43.833 3579 3579 E ArmVmp : Match on catch block at 0xc3 in for 0xa5
01-25 00:51:43.840 3579 3579 E ArmVmp : Match on catch block at 0xc3 in for 0xa9
01-25 00:51:43.877 3579 3579 E ArmVmp : Match on catch block at 0xc3 in for 0xa5
01-25 00:51:43.882 3579 3579 E ArmVmp : Match on catch block at 0xc3 in for 0xa9
01-25 00:51:43.902 3579 3579 E ArmVmp : Match on catch block at 0xc3 in for 0xa9
01-25 00:51:43.906 3579 3579 E ArmVmp : Match on catch block at 0xc3 in for 0xa1
01-25 00:51:43.989 3579 3579 E ArmVmp : Match on catch block at 0xc3 in for 0xa1
01-25 00:51:43.995 3579 3579 E ArmVmp : Match on catch block at 0xc3 in for 0xa5
01-25 00:51:44.008 3579 3579 E ArmVmp : Match on catch block at 0xc3 in for 0xa1
01-25 00:51:44.018 3579 3579 E ArmVmp : Match on catch block at 0xc3 in for 0xa5
01-25 00:51:44.084 3579 3579 E ArmVmp : Match on catch block at 0xc3 in for 0xa9
01-25 00:51:44.090 3579 3579 E ArmVmp : Match on catch block at 0xc3 in for 0xa1
01-25 00:51:44.117 3579 3579 E ArmVmp : Match on catch block at 0xc3 in for 0xa9
01-25 00:51:44.121 3579 3579 E ArmVmp : Match on catch block at 0xc3 in for 0xa1
01-25 00:51:44.125 3579 3671 W MediaPlayer: Use of stream types is deprecated for
operations other than volume control
01-25 00:51:44.125 3579 3671 W MediaPlayer: See the documentation of
setAudioStreamType() for what to use instead with android.media.AudioAttributes to
qualify your playback use case
01-25 00:51:44.302 3579 3579 E ArmVmp : Match on catch block at 0xc3 in for 0xa1
01-25 00:51:44.307 3579 3579 E ArmVmp : Match on catch block at 0xc3 in for 0xa5
01-25 00:51:44.472 3579 3579 W com.whatsapp: type=1400 audit(0.0:7687): avc:
granted { execute } for comm=566F4950205369676E616C696E6720
path="/data/data/com.whatsapp/files/decompressed/libs.spk.zst/libaom.so"
dev="mmcblk0p53" ino=783136 scontext=u:r:untrusted_app:s0:c220,c256,c512,c768
tcontext=u:object_r:app_data_file:s0:c220,c256,c512,c768 tclass=file
01-25 00:51:44.516 3579 3579 W com.whatsapp: type=1400 audit(0.0:7688): avc:
granted { execute } for comm=576861747341707020576F726B6572
path="/data/data/com.whatsapp/files/decompressed/libs.spk.zst/libfbjni.so"
