02-10 20:23:36.118 24732 24732 E ArmVmp : Match on catch block at 0xc3 in for 0xa9
02-10 20:23:36.120 24732 24732 E ArmVmp : Match on catch block at 0xc3 in for 0xa1
02-10 20:23:36.149 24732 24732 E ArmVmp : Match on catch block at 0xc3 in for 0xa9
02-10 20:23:36.153 24732 24732 E ArmVmp : Match on catch block at 0xc3 in for 0xa1
02-10 20:23:36.155 24732 24732 E ArmVmp : Match on catch block at 0xc3 in for 0xa5
02-10 20:23:36.157 24732 24732 E ArmVmp : Match on catch block at 0xc3 in for 0xa9
02-10 20:23:36.159 24732 24732 E ArmVmp : Match on catch block at 0xc3 in for 0xa1
02-10 20:23:36.161 24732 24732 E ArmVmp : Match on catch block at 0xc3 in for 0xa5
02-10 20:23:36.163 24732 24732 E ArmVmp : Match on catch block at 0xc3 in for 0xa9
02-10 20:23:36.172 24732 24732 E ArmVmp : Match on catch block at 0xc3 in for 0xa5
02-10 20:23:36.176 24732 24732 E ArmVmp : Match on catch block at 0xc3 in for 0xa9
02-10 20:23:36.178 24732 24732 E ArmVmp : Match on catch block at 0xc3 in for 0xa1
02-10 20:23:36.181 24732 24732 E ArmVmp : Match on catch block at 0xc3 in for 0xa5
02-10 20:23:36.184 24732 24732 E ArmVmp : Match on catch block at 0xc3 in for 0xa9
02-10 20:23:36.186 24732 24732 E ArmVmp : Match on catch block at 0xc3 in for 0xa1
02-10 20:23:36.188 24732 24732 E ArmVmp : Match on catch block at 0xc3 in for 0xa5
02-10 20:23:36.204 24732 24732 E ArmVmp : Match on catch block at 0xc3 in for 0xa1
02-10 20:23:36.208 24732 24732 E ArmVmp : Match on catch block at 0xc3 in for 0xa5
02-10 20:23:36.210 24732 24732 E ArmVmp : Match on catch block at 0xc3 in for 0xa9
02-10 20:23:36.212 24732 24732 E ArmVmp : Match on catch block at 0xc3 in for 0xa1
02-10 20:23:36.214 24732 24732 E ArmVmp : Match on catch block at 0xc3 in for 0xa5
02-10 20:23:36.216 24732 24732 E ArmVmp : Match on catch block at 0xc3 in for 0xa9
02-10 20:23:36.218 24732 24732 E ArmVmp : Match on catch block at 0xc3 in for 0xa1
02-10 20:23:36.236 24732 24732 E ArmVmp : Match on catch block at 0xc3 in for 0xa9
02-10 20:23:36.239 24732 24732 E ArmVmp : Match on catch block at 0xc3 in for 0xa1
02-10 20:23:36.241 24732 24732 E ArmVmp : Match on catch block at 0xc3 in for 0xa5
02-10 20:23:36.243 24732 24732 E ArmVmp : Match on catch block at 0xc3 in for 0xa9
02-10 20:23:36.245 24732 24732 E ArmVmp : Match on catch block at 0xc3 in for 0xa1
02-10 20:23:36.247 24732 24732 E ArmVmp : Match on catch block at 0xc3 in for 0xa5
02-10 20:23:36.249 24732 24732 E ArmVmp : Match on catch block at 0xc3 in for 0xa9
02-10 20:23:36.513 24732 28770 W System : ClassLoader referenced unknown path:
system/framework/mediatek-cta.jar
02-10 20:23:39.017 24732 28770 W System : ClassLoader referenced unknown path:
system/framework/mediatek-cta.jar
02-10 20:23:39.214 24732 28781 W System : ClassLoader referenced unknown path:
system/framework/mediatek-cta.jar
02-10 20:23:39.428 24732 28781 W System : ClassLoader referenced unknown path:
system/framework/mediatek-cta.jar
02-10 20:23:41.577 24732 24732 E ArmVmp : Match on catch block at 0xc3 in for 0xa1
02-10 20:23:41.581 24732 24732 E ArmVmp : Match on catch block at 0xc3 in for 0xa5
02-10 20:23:41.584 24732 24732 E ArmVmp : Match on catch block at 0xc3 in for 0xa9
02-10 20:23:41.586 24732 24732 E ArmVmp : Match on catch block at 0xc3 in for 0xa1
02-10 20:23:41.588 24732 24732 E ArmVmp : Match on catch block at 0xc3 in for 0xa5
02-10 20:23:41.590 24732 24732 E ArmVmp : Match on catch block at 0xc3 in for 0xa9
02-10 20:23:41.592 24732 24732 E ArmVmp : Match on catch block at 0xc3 in for 0xa1
02-10 20:23:43.634 24732 24797 E : nFreeSize: 3472244736
02-10 20:23:43.822 24732 24740 W SQLiteConnectionPool: A SQLiteConnection object
for database '/data/user/0/com.mbwhatsapp/databases/DBScheduler.db' was leaked!
Please fix your application to end transactions in progress properly and to close
the database when it is no longer needed.
02-10 20:23:44.935 24732 24854 E : nFreeSize: 3472244736
02-10 20:23:44.937 24732 24854 E : nFreeSize: 3472244736
02-10 20:23:45.100 24732 27896 E : nFreeSize: 3472244736
02-10 20:23:46.052 24732 24854 E : nFreeSize: 3472244736
02-10 20:23:46.054 24732 24854 E : nFreeSize: 3472244736
02-10 20:23:47.080 24732 24847 E : nFreeSize: 3472146432
02-10 20:23:47.325 24732 27896 E : nFreeSize: 3472072704
02-10 20:23:47.489 24732 24797 E : nFreeSize: 3472080896
02-10 20:23:47.635 24732 28818 E : nFreeSize: 3472072704
02-10 20:23:47.684 24732 28818 E : nFreeSize: 3472044032
02-10 20:23:47.690 24732 28818 E : nFreeSize: 3472039936
02-10 20:23:47.700 24732 28818 E : nFreeSize: 3472031744
02-10 20:23:47.705 24732 28818 E : nFreeSize: 3472023552
02-10 20:23:47.710 24732 27896 E : nFreeSize: 3472019456
02-10 20:23:47.723 24732 24790 E : nFreeSize: 3472023552
02-10 20:23:47.855 24732 24790 E : nFreeSize: 3472015360
02-10 20:23:48.011 24732 27896 E : nFreeSize: 3472003072
02-10 20:23:48.073 24732 27896 E : nFreeSize: 3472003072
02-10 20:23:48.316 24732 27896 E : nFreeSize: 3471990784
02-10 20:23:48.354 24732 27896 E : nFreeSize: 3471990784
02-10 20:23:48.616 24732 27896 E : nFreeSize: 3471966208
02-10 20:23:48.655 24732 27896 E : nFreeSize: 3471962112
02-10 20:23:48.784 24732 27896 E : nFreeSize: 3471953920
02-10 20:23:49.008 24732 24797 E : nFreeSize: 3471929344
02-10 20:23:49.012 24732 27896 E : nFreeSize: 3471929344
02-10 20:23:49.198 24732 27896 E : nFreeSize: 3471908864
02-10 20:23:49.219 24732 24797 E : nFreeSize: 3471892480
02-10 20:23:49.396 24732 24797 E : nFreeSize: 3471888384
02-10 20:23:49.500 24732 24797 E : nFreeSize: 3471880192
02-10 20:23:49.660 24732 24797 E : nFreeSize: 3471855616
02-10 20:23:49.703 24732 24797 E : nFreeSize: 3471847424
02-10 20:23:49.858 24732 24797 E : nFreeSize: 3471810560
02-10 20:23:49.868 24732 24790 E : nFreeSize: 3471798272
02-10 20:23:49.955 24732 27897 E : nFreeSize: 3471790080
02-10 20:23:49.961 24732 27896 E : nFreeSize: 3471781888
02-10 20:23:49.972 24732 28822 W System : ClassLoader referenced unknown path:
system/framework/mediatek-cta.jar
02-10 20:23:50.050 24732 27897 E : nFreeSize: 3471777792
02-10 20:23:50.079 24732 27896 E : nFreeSize: 3471777792
02-10 20:23:50.322 24732 27896 E : nFreeSize: 3471757312
02-10 20:23:50.523 24732 27897 E : nFreeSize: 3471736832
02-10 20:23:50.534 24732 27896 E : nFreeSize: 3471724544
02-10 20:23:51.029 24732 27896 E : nFreeSize: 3471577088
02-10 20:23:51.035 24732 24790 E : nFreeSize: 3471577088
02-10 20:23:51.277 24732 24790 E : nFreeSize: 3471552512
02-10 20:23:51.625 24732 24790 E : nFreeSize: 3471446016
02-10 20:23:51.714 24732 24790 E : nFreeSize: 3471409152
02-10 20:23:51.814 24732 24790 E : nFreeSize: 3471376384
02-10 20:23:52.169 24732 24795 E : nFreeSize: 3471282176
02-10 20:23:52.391 24732 24790 E : nFreeSize: 3471319040
02-10 20:23:52.483 24732 24795 E : nFreeSize: 3471310848
02-10 20:23:52.579 24732 24848 E SQLiteDatabase: Error inserting media_duration=0
file_path=Media/.Statuses/5a59ecb214ef4d82b96bd9e43cdba77f.jpg transferred=1
thumbnail_height_width_ratio=1.7560976 face_y=0 face_x=0 trim_from=0
media_caption=null transcoded=0 message_url=https://mmg.whatsapp.net/o1/v/t62.7118-
24/f1/m234/up-oil-image-9b77b225-b78d-4307-9760-26811d7816d2?ccb=9-
4&oh=01_AdRWhcLXsf6eTTBt8N8I4ttPUb9cwsGuQ5lOVMZCY0YG5Q&oe=65EEDC84&_nc_sid=000000&m
ms3=true first_scan_sidecar=null direct_path=/o1/v/t62.7118-24/f1/m234/up-oil-
image-9b77b225-b78d-4307-9760-26811d7816d2?ccb=9-
4&oh=01_AdRWhcLXsf6eTTBt8N8I4ttPUb9cwsGuQ5lOVMZCY0YG5Q&oe=65EEDC84&_nc_sid=000000&_
nc_hot=1707567219 original_file_hash=null is_animated_sticker=0 media_name=null
has_streaming_sidecar=0 partial_media_enc_hash=null media_key=[B@2a8ef60
multicast_id=null page_count=0 height=1600 partial_media_hash=null
gif_attribution=0 mute_video=0 autotransfer_retry_enabled=1 first_scan_length=0
trim_to=0 media_key_timestamp=1707567217000 file_size=176458 chat_row_id=19
media_job_uuid=8b424aef-6f83-4afe-8122-d4c4551776eb message_row_id=161
enc_file_hash=gngehy8t1uvU5rzKuiQs7RHOfvu9QbgpmzqvOEIAbaM=
file_hash=P16pD3mmo6cyoMly5fGRk1aQXuxmoKmpinvJdSzcXJY= mime_type=image/jpeg
media_upload_handle=null suspicious_content=0 width=900 file_length=176458
02-10 20:23:52.579 24732 24848 E SQLiteDatabase:
android.database.sqlite.SQLiteConstraintException: UNIQUE constraint failed:
message_media.message_row_id (code 1555)
02-10 20:23:52.579 24732 24848 E SQLiteDatabase: at
android.database.sqlite.SQLiteConnection.nativeExecuteForLastInsertedRowId(Native
Method)
02-10 20:23:52.579 24732 24848 E SQLiteDatabase: at
android.database.sqlite.SQLiteConnection.executeForLastInsertedRowId(SQLiteConnecti
on.java:806)
02-10 20:23:52.579 24732 24848 E SQLiteDatabase: at
android.database.sqlite.SQLiteSession.executeForLastInsertedRowId(SQLiteSession.jav
a:788)
02-10 20:23:52.579 24732 24848 E SQLiteDatabase: at
android.database.sqlite.SQLiteStatement.executeInsert(SQLiteStatement.java:86)
02-10 20:23:52.579 24732 24848 E SQLiteDatabase: at
android.database.sqlite.SQLiteDatabase.insertWithOnConflict(SQLiteDatabase.java:154
8)
02-10 20:23:52.579 24732 24848 E SQLiteDatabase: at
android.database.sqlite.SQLiteDatabase.insert(SQLiteDatabase.java:1417)
02-10 20:23:52.579 24732 24848 E SQLiteDatabase: at X.2tm.A08(Unknown
Source:6)
02-10 20:23:52.579 24732 24848 E SQLiteDatabase: at X.35Y.A07(Unknown
Source:212)
02-10 20:23:52.579 24732 24848 E SQLiteDatabase: at X.3QF.A14(Unknown
Source:470)
02-10 20:23:52.579 24732 24848 E SQLiteDatabase: at X.3gU.run(Unknown
Source:982)
02-10 20:23:52.579 24732 24848 E SQLiteDatabase: at
android.os.Handler.handleCallback(Handler.java:790)
02-10 20:23:52.579 24732 24848 E SQLiteDatabase: at
android.os.Handler.dispatchMessage(Handler.java:99)
02-10 20:23:52.579 24732 24848 E SQLiteDatabase: at
X.0zq.dispatchMessage(Unknown Source:4)
02-10 20:23:52.579 24732 24848 E SQLiteDatabase: at
android.os.Looper.loop(Looper.java:192)
02-10 20:23:52.579 24732 24848 E SQLiteDatabase: at
android.os.HandlerThread.run(HandlerThread.java:65)
02-10 20:23:52.667 24732 24790 E : nFreeSize: 3471286272
02-10 20:23:52.669 24732 24795 E : nFreeSize: 3471282176
02-10 20:23:52.899 24732 24795 E : nFreeSize: 3471257600
02-10 20:23:52.979 24732 24795 E : nFreeSize: 3471245312
02-10 20:23:53.100 24732 24795 E : nFreeSize: 3471233024
02-10 20:23:53.295 24732 24795 E : nFreeSize: 3471200256
02-10 20:23:53.600 24732 24795 E : nFreeSize: 3471163392
02-10 20:23:53.823 24732 24795 E : nFreeSize: 3471130624
02-10 20:23:54.068 24732 24795 E : nFreeSize: 3471097856
02-10 20:23:54.082 24732 24732 E ArmVmp : Match on catch block at 0x0a in for 0xe9
02-10 20:23:54.435 24732 24732 E ArmVmp : Match on catch block at 0x0a in for 0xc1
02-10 20:23:54.614 24732 24795 E : nFreeSize: 3471020032
02-10 20:23:54.797 24732 24790 E : nFreeSize: 3471007744
02-10 20:23:54.797 24732 27896 E : nFreeSize: 3471007744
02-10 20:23:56.287 24732 24854 E : nFreeSize: 3470716928
02-10 20:23:56.312 24732 24854 E : nFreeSize: 3470712832
02-10 20:24:04.096 24732 24790 E : nFreeSize: 3469926400
02-10 20:24:06.831 24732 24790 E : nFreeSize: 3469205504
02-10 20:24:06.946 24732 24732 E ArmVmp : Match on catch block at 0x0a in for 0xe1
02-10 20:24:06.971 24732 24732 E ArmVmp : Match on catch block at 0x0a in for 0xd5
02-10 20:24:07.164 24732 24732 E ArmVmp : Match on catch block at 0x0a in for 0xa5
02-10 20:24:07.188 24732 24732 E ArmVmp : Match on catch block at 0x0a in for 0xc1
02-10 20:24:07.263 24732 24785 E : nFreeSize: 3469041664
02-10 20:24:09.569 24732 24785 E : nFreeSize: 3469103104
02-10 20:24:10.865 24732 25080 E : nFreeSize: 3468685312
02-10 20:24:10.883 24732 25080 E : nFreeSize: 3468668928
02-10 20:24:10.889 24732 25080 E : nFreeSize: 3468664832
02-10 20:24:10.916 24732 25080 E : nFreeSize: 3468660736
02-10 20:24:10.922 24732 25080 E : nFreeSize: 3468652544
02-10 20:24:11.047 24732 24847 E : nFreeSize: 3468644352
02-10 20:24:11.155 24732 24790 E : nFreeSize: 3468632064
02-10 20:24:11.511 24732 27896 E : nFreeSize: 3468611584
02-10 20:24:11.640 24732 24795 E : nFreeSize: 3468599296
02-10 20:24:11.746 24732 24790 E : nFreeSize: 3468595200
02-10 20:24:11.780 24732 24795 E : nFreeSize: 3468591104
02-10 20:24:11.887 24732 25080 E : nFreeSize: 3468570624
02-10 20:24:11.941 24732 25080 E : nFreeSize: 3468562432
02-10 20:24:11.993 24732 24795 E : nFreeSize: 3468550144
02-10 20:24:12.002 24732 28814 W System : ClassLoader referenced unknown path:
system/framework/mediatek-cta.jar
02-10 20:24:12.008 24732 28814 W System : ClassLoader referenced unknown path:
system/framework/mediatek-cta.jar
02-10 20:24:12.154 24732 24795 E : nFreeSize: 3468533760
02-10 20:24:12.321 24732 24790 E : nFreeSize: 3468525568
02-10 20:24:12.327 24732 24795 E : nFreeSize: 3468513280
02-10 20:24:12.456 24732 28814 E : nFreeSize: 3468521472
02-10 20:24:12.656 24732 24795 E : nFreeSize: 3468500992
02-10 20:24:12.661 24732 28814 E : nFreeSize: 3468488704
02-10 20:24:12.675 24732 25080 E : nFreeSize: 3468500992
02-10 20:24:12.915 24732 24790 E : nFreeSize: 3468357632
02-10 20:24:12.926 24732 24795 E : nFreeSize: 3468357632
02-10 20:24:13.246 24732 24790 E : nFreeSize: 3468341248
02-10 20:24:13.388 24732 24795 E : nFreeSize: 3468300288
02-10 20:24:13.425 24732 24790 E : nFreeSize: 3468300288
02-10 20:24:13.643 24732 24790 E : nFreeSize: 3468283904
02-10 20:24:13.819 24732 24790 E : nFreeSize: 3468226560
02-10 20:24:13.948 24732 24790 E : nFreeSize: 3468222464
02-10 20:24:14.171 24732 24795 E : nFreeSize: 3468173312
02-10 20:24:14.223 24732 24790 E : nFreeSize: 3468169216
02-10 20:24:14.434 24732 24790 E : nFreeSize: 3468156928
02-10 20:24:14.585 24732 24790 E : nFreeSize: 3468148736
02-10 20:24:14.589 24732 24795 E : nFreeSize: 3468148736
02-10 20:24:14.996 24732 24790 E : nFreeSize: 3468128256
02-10 20:24:14.996 24732 24795 E : nFreeSize: 3468128256
02-10 20:24:15.216 24732 24795 E : nFreeSize: 3468111872
02-10 20:24:15.432 24732 24795 E : nFreeSize: 3468099584
02-10 20:24:15.458 24732 24795 E : nFreeSize: 3468095488
02-10 20:24:15.609 24732 24790 E : nFreeSize: 3468091392
02-10 20:24:15.614 24732 24795 E : nFreeSize: 3468075008
02-10 20:24:16.935 24732 24847 E : nFreeSize: 3468009472
02-10 20:24:17.170 24732 27896 E : nFreeSize: 3467997184
02-10 20:24:17.796 24732 24854 E : nFreeSize: 3467972608
02-10 20:24:17.800 24732 24854 E : nFreeSize: 3467972608
02-10 20:24:18.376 24732 24732 E ArmVmp : Match on catch block at 0x0a in for 0xc5
02-10 20:24:21.185 24732 24785 E : nFreeSize: 3467689984
02-10 20:24:22.805 24732 24732 E ArmVmp : Match on catch block at 0x0a in for 0xd9
02-10 20:24:22.948 24732 24854 E : nFreeSize: 3467575296
02-10 20:24:22.949 24732 24854 E : nFreeSize: 3467575296
02-10 20:24:24.437 24732 24790 E : nFreeSize: 3467472896
02-10 20:24:24.569 24732 27896 E : nFreeSize: 3467464704
02-10 20:24:24.701 24732 27896 E : nFreeSize: 3467456512
02-10 20:24:24.813 24732 24790 E : nFreeSize: 3467444224
02-10 20:24:24.850 24732 27896 E : nFreeSize: 3467436032
02-10 20:24:24.853 24732 24790 E : nFreeSize: 3467436032
02-10 20:24:24.968 24732 27896 E : nFreeSize: 3467431936
02-10 20:24:25.004 24732 27896 E : nFreeSize: 3467427840
02-10 20:24:25.131 24732 27896 E : nFreeSize: 3467403264
02-10 20:24:25.217 24732 25080 E : nFreeSize: 3467399168
02-10 20:24:25.274 24732 27896 E : nFreeSize: 3467374592
02-10 20:24:25.425 24732 27896 E : nFreeSize: 3467378688
02-10 20:24:25.584 24732 24795 E : nFreeSize: 3467366400
02-10 20:24:25.596 24732 27896 E : nFreeSize: 3467366400
02-10 20:24:25.703 24732 27896 E : nFreeSize: 3467362304
02-10 20:24:25.711 24732 24795 E : nFreeSize: 3467345920
02-10 20:24:25.839 24732 24790 E : nFreeSize: 3467350016
02-10 20:24:25.894 24732 24795 E : nFreeSize: 3467345920
02-10 20:24:26.042 24732 24795 E : nFreeSize: 3467329536
02-10 20:24:26.200 24732 24927 W System : ClassLoader referenced unknown path:
system/framework/mediatek-cta.jar
02-10 20:24:26.232 24732 24790 E : nFreeSize: 3467292672
02-10 20:24:26.261 24732 28822 W System : ClassLoader referenced unknown path:
system/framework/mediatek-cta.jar
02-10 20:24:26.265 24732 28822 W System : ClassLoader referenced unknown path:
system/framework/mediatek-cta.jar
02-10 20:24:26.290 24732 24790 E : nFreeSize: 3467300864
02-10 20:24:26.325 24732 28822 E : nFreeSize: 3467304960
02-10 20:24:26.517 24732 24790 E : nFreeSize: 3467280384
02-10 20:24:26.597 24732 28822 E : nFreeSize: 3467259904
02-10 20:24:26.599 24732 28822 E : nFreeSize: 3467255808
02-10 20:24:26.773 24732 27896 E : nFreeSize: 3467243520
02-10 20:24:26.829 24732 24795 E : nFreeSize: 3467239424
02-10 20:24:26.862 24732 24795 E : nFreeSize: 3467235328
02-10 20:24:26.886 24732 24795 E : nFreeSize: 3467223040
02-10 20:24:27.044 24732 28822 E : nFreeSize: 3467182080
02-10 20:24:27.075 24732 24795 E : nFreeSize: 3467186176
02-10 20:24:27.078 24732 24848 E SQLiteDatabase: Error inserting media_duration=0
file_path=Media/MBWhatsApp Stickers/STK-20240210-WA0001.webp transferred=1
thumbnail_height_width_ratio=1.0 face_y=0 face_x=0 trim_from=0 media_caption=null
transcoded=0 message_url=https://mmg.whatsapp.net/v/t62.15575-
24/28508245_936105587531915_8591397984388128669_n.enc?ccb=11-
4&oh=01_AdTT1F8oojpjzZhz1zVYJrw62G5kxjCAOI5CEBV6vwxDTQ&oe=65EED97E&_nc_sid=5e03e0&m
ms3=true first_scan_sidecar=null direct_path=/v/t62.15575-
24/28508245_936105587531915_8591397984388128669_n.enc?ccb=11-
4&oh=01_AdTT1F8oojpjzZhz1zVYJrw62G5kxjCAOI5CEBV6vwxDTQ&oe=65EED97E&_nc_sid=5e03e0
original_file_hash=null is_animated_sticker=0 media_name=null
has_streaming_sidecar=0 partial_media_enc_hash=null media_key=[B@2311f31
multicast_id=null page_count=0 height=64 partial_media_hash=null gif_attribution=0
mute_video=0 autotransfer_retry_enabled=1 first_scan_length=0 trim_to=0
media_key_timestamp=1707467265000 file_size=9270 chat_row_id=20
media_job_uuid=e8caa2a3-1761-4314-b02b-8a1c0824be5b message_row_id=511
enc_file_hash=31MbXzlG0TUzFyImLWH/SIo75zvqa17IXYeeX/vCgoQ=
file_hash=8J/Z9XvTybYijGU6ptdEfOu0f9xEWkNfEGD7v5Mt/qU= mime_type=image/webp
media_upload_handle=null suspicious_content=0 width=64 file_length=9270
02-10 20:24:27.078 24732 24848 E SQLiteDatabase:
android.database.sqlite.SQLiteConstraintException: UNIQUE constraint failed:
message_media.message_row_id (code 1555)
02-10 20:24:27.078 24732 24848 E SQLiteDatabase: at
android.database.sqlite.SQLiteConnection.nativeExecuteForLastInsertedRowId(Native
Method)
02-10 20:24:27.078 24732 24848 E SQLiteDatabase: at
android.database.sqlite.SQLiteConnection.executeForLastInsertedRowId(SQLiteConnecti
on.java:806)
02-10 20:24:27.078 24732 24848 E SQLiteDatabase: at
android.database.sqlite.SQLiteSession.executeForLastInsertedRowId(SQLiteSession.jav
a:788)
02-10 20:24:27.078 24732 24848 E SQLiteDatabase: at
android.database.sqlite.SQLiteStatement.executeInsert(SQLiteStatement.java:86)
02-10 20:24:27.078 24732 24848 E SQLiteDatabase: at
android.database.sqlite.SQLiteDatabase.insertWithOnConflict(SQLiteDatabase.java:154
8)
02-10 20:24:27.078 24732 24848 E SQLiteDatabase: at
android.database.sqlite.SQLiteDatabase.insert(SQLiteDatabase.java:1417)
02-10 20:24:27.078 24732 24848 E SQLiteDatabase: at X.2tm.A08(Unknown
Source:6)
02-10 20:24:27.078 24732 24848 E SQLiteDatabase: at X.35Y.A07(Unknown
Source:212)
02-10 20:24:27.078 24732 24848 E SQLiteDatabase: at X.3QF.A14(Unknown
Source:470)
02-10 20:24:27.078 24732 24848 E SQLiteDatabase: at X.3gU.run(Unknown
Source:982)
02-10 20:24:27.078 24732 24848 E SQLiteDatabase: at
android.os.Handler.handleCallback(Handler.java:790)
02-10 20:24:27.078 24732 24848 E SQLiteDatabase: at
android.os.Handler.dispatchMessage(Handler.java:99)
02-10 20:24:27.078 24732 24848 E SQLiteDatabase: at
X.0zq.dispatchMessage(Unknown Source:4)
02-10 20:24:27.078 24732 24848 E SQLiteDatabase: at
android.os.Looper.loop(Looper.java:192)
02-10 20:24:27.078 24732 24848 E SQLiteDatabase: at
android.os.HandlerThread.run(HandlerThread.java:65)
02-10 20:24:27.114 24732 24848 E SQLiteDatabase: Error inserting media_duration=0
file_path=Media/MBWhatsApp Stickers/STK-20240210-WA0001.webp thumbnail=null
transferred=1 media_caption=null message_url=https://mmg.whatsapp.net/v/t62.15575-
24/28508245_936105587531915_8591397984388128669_n.enc?ccb=11-
4&oh=01_AdTT1F8oojpjzZhz1zVYJrw62G5kxjCAOI5CEBV6vwxDTQ&oe=65EED97E&_nc_sid=5e03e0&m
ms3=true media_key_timestamp=1707467265000 file_size=9270 media_job_uuid=e8caa2a3-
1761-4314-b02b-8a1c0824be5b message_row_id=514
enc_file_hash=31MbXzlG0TUzFyImLWH/SIo75zvqa17IXYeeX/vCgoQ=
file_hash=8J/Z9XvTybYijGU6ptdEfOu0f9xEWkNfEGD7v5Mt/qU= direct_path=/v/t62.15575-
24/28508245_936105587531915_8591397984388128669_n.enc?ccb=11-
4&oh=01_AdTT1F8oojpjzZhz1zVYJrw62G5kxjCAOI5CEBV6vwxDTQ&oe=65EED97E&_nc_sid=5e03e0
mime_type=image/webp width=64 file_length=9270 media_name=null media_key=[B@2311f31
page_count=0 height=64
02-10 20:24:27.114 24732 24848 E SQLiteDatabase:
android.database.sqlite.SQLiteConstraintException: UNIQUE constraint failed:
message_quoted_media.message_row_id (code 1555)
02-10 20:24:27.114 24732 24848 E SQLiteDatabase: at
android.database.sqlite.SQLiteConnection.nativeExecuteForLastInsertedRowId(Native
Method)
02-10 20:24:27.114 24732 24848 E SQLiteDatabase: at
android.database.sqlite.SQLiteConnection.executeForLastInsertedRowId(SQLiteConnecti
on.java:806)
02-10 20:24:27.114 24732 24848 E SQLiteDatabase: at
android.database.sqlite.SQLiteSession.executeForLastInsertedRowId(SQLiteSession.jav
a:788)
02-10 20:24:27.114 24732 24848 E SQLiteDatabase: at
android.database.sqlite.SQLiteStatement.executeInsert(SQLiteStatement.java:86)
02-10 20:24:27.114 24732 24848 E SQLiteDatabase: at
android.database.sqlite.SQLiteDatabase.insertWithOnConflict(SQLiteDatabase.java:154
8)
02-10 20:24:27.114 24732 24848 E SQLiteDatabase: at
android.database.sqlite.SQLiteDatabase.insert(SQLiteDatabase.java:1417)
02-10 20:24:27.114 24732 24848 E SQLiteDatabase: at X.2tm.A08(Unknown
Source:6)
02-10 20:24:27.114 24732 24848 E SQLiteDatabase: at X.35Y.A09(Unknown
Source:229)
02-10 20:24:27.114 24732 24848 E SQLiteDatabase: at X.3Q4.A06(Unknown
Source:36)
02-10 20:24:27.114 24732 24848 E SQLiteDatabase: at X.3e0.run(Unknown
Source:634)
02-10 20:24:27.114 24732 24848 E SQLiteDatabase: at
android.os.Handler.handleCallback(Handler.java:790)
02-10 20:24:27.114 24732 24848 E SQLiteDatabase: at
android.os.Handler.dispatchMessage(Handler.java:99)
02-10 20:24:27.114 24732 24848 E SQLiteDatabase: at
X.0zq.dispatchMessage(Unknown Source:4)
02-10 20:24:27.114 24732 24848 E SQLiteDatabase: at
android.os.Looper.loop(Looper.java:192)
02-10 20:24:27.114 24732 24848 E SQLiteDatabase: at
android.os.HandlerThread.run(HandlerThread.java:65)
02-10 20:24:27.154 24732 24785 E : nFreeSize: 3467182080
02-10 20:24:27.161 24732 24795 E : nFreeSize: 3467177984
02-10 20:24:27.161 24732 27896 E : nFreeSize: 3467177984
02-10 20:24:27.243 24732 27896 E : nFreeSize: 3467165696
02-10 20:24:27.279 24732 27897 E : nFreeSize: 3467157504
02-10 20:24:27.353 24732 24847 E : nFreeSize: 3467153408
02-10 20:24:27.441 24732 27897 E : nFreeSize: 3467132928
02-10 20:24:27.472 24732 27897 E : nFreeSize: 3467132928
02-10 20:24:27.641 24732 24795 E : nFreeSize: 3467087872
02-10 20:24:27.643 24732 27897 E : nFreeSize: 3467083776
02-10 20:24:27.830 24732 24795 E : nFreeSize: 3467063296
02-10 20:24:27.832 24732 27897 E : nFreeSize: 3467051008
02-10 20:24:27.897 24732 27896 E : nFreeSize: 3467059200
02-10 20:24:28.049 24732 27896 E : nFreeSize: 3467038720
02-10 20:24:28.161 24732 24795 E : nFreeSize: 3466997760
02-10 20:24:28.271 24732 27897 E : nFreeSize: 3467018240
02-10 20:24:28.274 24732 24795 E : nFreeSize: 3467005952
02-10 20:24:28.444 24732 27897 E : nFreeSize: 3467001856
02-10 20:24:28.459 24732 24795 E : nFreeSize: 3467001856
02-10 20:24:28.460 24732 27897 E : nFreeSize: 3467001856
02-10 20:24:28.640 24732 27897 E : nFreeSize: 3466977280
02-10 20:24:28.642 24732 24795 E : nFreeSize: 3466964992
02-10 20:24:28.780 24732 27897 E : nFreeSize: 3466948608
02-10 20:24:28.892 24732 24795 E : nFreeSize: 3466952704
02-10 20:24:28.894 24732 27897 E : nFreeSize: 3466940416
02-10 20:24:29.011 24732 27897 E : nFreeSize: 3466940416
02-10 20:24:29.015 24732 24795 E : nFreeSize: 3466928128
02-10 20:24:29.193 24732 24795 E : nFreeSize: 3466907648
02-10 20:24:29.449 24732 27897 E : nFreeSize: 3466911744
02-10 20:24:29.454 24732 24795 E : nFreeSize: 3466899456
02-10 20:24:29.658 24732 24795 E : nFreeSize: 3466895360
02-10 20:24:29.660 24732 27897 E : nFreeSize: 3466895360
02-10 20:24:29.844 24732 24795 E : nFreeSize: 3466883072
02-10 20:24:30.019 24732 24795 E : nFreeSize: 3466878976
02-10 20:24:30.021 24732 27897 E : nFreeSize: 3466866688
02-10 20:24:30.184 24732 24785 E : nFreeSize: 3466870784
02-10 20:24:30.237 24732 24795 E : nFreeSize: 3466866688
02-10 20:24:30.243 24732 27897 E : nFreeSize: 3466854400
02-10 20:24:30.953 24732 27897 E : nFreeSize: 3466833920
02-10 20:24:31.383 24732 27897 E : nFreeSize: 3466842112
02-10 20:24:31.445 24732 27896 E : nFreeSize: 3466858496
02-10 20:24:32.881 24732 27896 E : nFreeSize: 3466842112
02-10 20:24:32.996 24732 27897 E : nFreeSize: 3466821632
02-10 20:24:33.011 24732 27897 E : nFreeSize: 3466817536
02-10 20:24:33.381 24732 24795 E : nFreeSize: 3466752000
02-10 20:24:34.171 24732 24795 E : nFreeSize: 3466620928
02-10 20:24:34.304 24732 24785 E : nFreeSize: 3466616832
02-10 20:24:34.646 24732 27897 E : nFreeSize: 3466555392
02-10 20:24:34.848 24732 27897 E : nFreeSize: 3466547200
02-10 20:24:36.361 24732 27897 E : nFreeSize: 3466395648
02-10 20:24:37.577 24732 27897 E : nFreeSize: 3466252288
02-10 20:24:37.715 24732 27897 E : nFreeSize: 3466244096
02-10 20:24:39.186 24732 24795 E : nFreeSize: 3466043392
02-10 20:24:40.587 24732 24854 E : nFreeSize: 3465568256
02-10 20:24:40.589 24732 24854 E : nFreeSize: 3465564160
02-10 20:24:40.830 24732 24795 E : nFreeSize: 3465818112
02-10 20:24:41.598 24732 24732 E ArmVmp : Match on catch block at 0x0a in for 0xe5
02-10 20:24:41.624 24732 24732 E ArmVmp : Match on catch block at 0x0a in for 0xd5
02-10 20:24:41.814 24732 24732 E ArmVmp : Match on catch block at 0x0a in for 0xa5
02-10 20:24:41.838 24732 24732 E ArmVmp : Match on catch block at 0x0a in for 0xc5
02-10 20:24:43.029 24732 27896 E : nFreeSize: 3465539584
02-10 20:24:43.319 24732 24854 E : nFreeSize: 3465502720
02-10 20:24:43.322 24732 24854 E : nFreeSize: 3465502720
02-10 20:24:44.011 24732 27896 E : nFreeSize: 3465216000
02-10 20:24:44.688 24732 24795 E : nFreeSize: 3464945664
02-10 20:24:44.954 24732 27896 E : nFreeSize: 3464863744
02-10 20:24:46.663 24732 24854 E : nFreeSize: 3464749056
02-10 20:24:46.665 24732 24854 E : nFreeSize: 3464749056
02-10 20:24:49.461 24732 24732 E ArmVmp : Match on catch block at 0x0a in for 0xe5
02-10 20:24:49.485 24732 24732 E ArmVmp : Match on catch block at 0x0a in for 0xd1
02-10 20:24:49.675 24732 24854 E : nFreeSize: 3463684096
02-10 20:24:49.676 24732 24854 E : nFreeSize: 3463684096
02-10 20:24:49.711 24732 24732 E ArmVmp : Match on catch block at 0x0a in for 0xc9
02-10 20:24:49.734 24732 24732 E ArmVmp : Match on catch block at 0x0a in for 0xc9
02-10 20:24:49.796 24732 24785 E : nFreeSize: 3464273920
02-10 20:24:49.845 24732 27896 E : nFreeSize: 3464269824
02-10 20:24:50.391 24732 24795 E : nFreeSize: 3464048640
02-10 20:24:51.775 24732 24854 E : nFreeSize: 3463966720
02-10 20:24:51.777 24732 24854 E : nFreeSize: 3463966720
02-10 20:24:52.510 24732 24785 E : nFreeSize: 3463909376
02-10 20:24:52.623 24732 24732 E WebViewFactory: No such method for
getDefinedWebViewPackageName: java.lang.NoSuchMethodException:
getDefinedWebViewPackageName []
02-10 20:24:52.704 24732 24732 W linker : "/data/app/com.android.chrome-R-
j5rlVrDeSQ-rIP_4YH9w==/base.apk!/lib/arm64-v8a/libmonochrome.so" unused DT entry:
type 0x70000001 arg 0x0
02-10 20:24:53.094 24732 24785 E : nFreeSize: 3463880704
02-10 20:24:53.203 24732 29002 W ResourceType: Failure getting entry for 0x7f140984
(t=19 e=2436) (error -75)
02-10 20:24:53.242 24732 29007 W ResourceType: No known package when getting value
for resource number 0x021403c1
02-10 20:24:53.242 24732 29007 E GooglePlayServicesUtil: The Google Play services
resources were not found. Check your project configuration to ensure that the
resources are included.
02-10 20:24:53.887 24732 24854 E : nFreeSize: 3463802880
02-10 20:24:53.888 24732 24854 E : nFreeSize: 3463802880
02-10 20:24:53.915 24732 29007 W ResourceType: No known package when getting value
for resource number 0x021403c1
02-10 20:24:53.916 24732 29007 E GooglePlayServicesUtil: The Google Play services
resources were not found. Check your project configuration to ensure that the
resources are included.
02-10 20:24:56.552 24732 24854 E : nFreeSize: 3463155712
02-10 20:24:56.554 24732 24854 E : nFreeSize: 3463139328
02-10 20:24:58.007 24732 27896 E : nFreeSize: 3463061504
02-10 20:24:59.427 24732 24854 E : nFreeSize: 3462971392
02-10 20:24:59.430 24732 24854 E : nFreeSize: 3462971392
02-10 20:25:04.728 24732 24927 W System : ClassLoader referenced unknown path:
system/framework/mediatek-cta.jar
02-10 20:25:04.811 24732 24795 E : nFreeSize: 3457318912
02-10 20:25:05.397 24732 27896 E : nFreeSize: 3457126400
02-10 20:25:05.874 24732 24795 E : nFreeSize: 3458015232
02-10 20:25:08.307 24732 24854 E : nFreeSize: 3457867776
02-10 20:25:08.309 24732 24854 E : nFreeSize: 3457867776
02-10 20:25:10.646 24732 24732 W InputEventReceiver: Attempted to finish an input
event but the input event receiver has already been disposed.
02-10 20:25:10.649 24732 24785 E : nFreeSize: 3457753088
02-10 20:25:10.870 24732 24795 E : nFreeSize: 3457744896
02-10 20:25:12.889 24732 24795 E : nFreeSize: 3456315392
02-10 20:25:12.954 24732 24785 E : nFreeSize: 3455991808
02-10 20:25:13.160 24732 24795 E : nFreeSize: 3457241088
02-10 20:25:14.487 24732 24854 E : nFreeSize: 3457163264
02-10 20:25:14.490 24732 24854 E : nFreeSize: 3457163264
02-10 20:25:16.215 24732 24854 E : nFreeSize: 3457069056
02-10 20:25:16.217 24732 24854 E : nFreeSize: 3457069056
02-10 20:25:19.109 24732 27897 E : nFreeSize: 3456544768
02-10 20:25:21.190 24732 24732 W InputEventReceiver: Attempted to finish an input
event but the input event receiver has already been disposed.
02-10 20:25:21.752 24732 24854 E : nFreeSize: 3456372736
02-10 20:25:21.754 24732 24854 E : nFreeSize: 3456372736
02-10 20:25:25.952 24732 27897 E : nFreeSize: 3455725568
02-10 20:25:27.165 24732 24732 E : nFreeSize: 3455631360
02-10 20:25:27.352 24732 24854 E : nFreeSize: 3455623168
02-10 20:25:27.355 24732 24854 E : nFreeSize: 3455623168
02-10 20:25:29.787 24732 24854 E : nFreeSize: 3455488000
02-10 20:25:29.789 24732 24854 E : nFreeSize: 3455488000
02-10 20:25:32.793 24732 24854 E : nFreeSize: 3453644800
02-10 20:25:32.797 24732 24854 E : nFreeSize: 3453644800
02-10 20:25:33.061 24732 24795 E : nFreeSize: 3454885888
02-10 20:25:35.387 24732 24854 E : nFreeSize: 3454722048
02-10 20:25:35.390 24732 24854 E : nFreeSize: 3454722048
02-10 20:25:35.442 24732 24795 E : nFreeSize: 3454722048
02-10 20:25:36.266 24732 24785 E : nFreeSize: 3454660608
02-10 20:25:39.683 24732 24854 E : nFreeSize: 3454484480
02-10 20:25:39.685 24732 24854 E : nFreeSize: 3454484480
02-10 20:25:41.786 24732 24795 E : nFreeSize: 3453964288
02-10 20:25:43.052 24732 24795 E : nFreeSize: 3453435904
02-10 20:25:45.944 24732 24854 E : nFreeSize: 3453259776
02-10 20:25:45.946 24732 24854 E : nFreeSize: 3453259776
02-10 20:25:50.042 24732 27897 E : nFreeSize: 3452616704
02-10 20:25:51.702 24732 24795 E : nFreeSize: 3452121088
02-10 20:25:52.084 24732 24795 E : nFreeSize: 3451801600
02-10 20:25:52.979 24732 27897 E : nFreeSize: 3451363328
02-10 20:25:53.440 24732 24854 E : nFreeSize: 3450994688
02-10 20:25:53.460 24732 24854 E : nFreeSize: 3450982400
02-10 20:25:53.653 24732 24847 E : nFreeSize: 3450912768
02-10 20:25:53.728 24732 24785 E : nFreeSize: 3450900480
02-10 20:25:53.861 24732 24795 E : nFreeSize: 3450875904
02-10 20:25:53.944 24732 24790 E : nFreeSize: 3450880000
02-10 20:25:54.343 24732 24790 E : nFreeSize: 3450859520
02-10 20:25:54.439 24732 24790 E : nFreeSize: 3450843136
02-10 20:25:54.446 24732 29251 E : nFreeSize: 3450830848
02-10 20:25:54.450 24732 24795 E : nFreeSize: 3450826752
02-10 20:25:54.468 24732 29254 W System : ClassLoader referenced unknown path:
system/framework/mediatek-cta.jar
02-10 20:25:54.490 24732 29254 E : nFreeSize: 3450843136
02-10 20:25:54.581 24732 29254 E : nFreeSize: 3450830848
02-10 20:25:54.645 24732 29251 E : nFreeSize: 3450822656
02-10 20:25:54.832 24732 29251 E : nFreeSize: 3450789888
02-10 20:25:54.850 24732 24795 E : nFreeSize: 3450785792
02-10 20:25:54.860 24732 29251 E : nFreeSize: 3450785792
02-10 20:25:55.060 24732 24790 E : nFreeSize: 3450744832
02-10 20:25:55.111 24732 29251 E : nFreeSize: 3450757120
02-10 20:25:55.202 24732 29251 E : nFreeSize: 3450753024
02-10 20:25:55.215 24732 25080 E : nFreeSize: 3450753024
02-10 20:25:55.286 24732 24848 E SQLiteDatabase: Error inserting media_duration=0
file_path=/data/user/0/com.mbwhatsapp/files/ViewOnce/IMG-lsg1vepv.jpg transferred=1
thumbnail_height_width_ratio=2.25 face_y=0 face_x=0 trim_from=0 media_caption=null
transcoded=0 message_url=https://mmg.whatsapp.net/o1/v/t62.7118-24/f1/m234/up-oil-
image-27a30227-3732-4cfd-88da-d54ccde0033d?ccb=9-
4&oh=01_AdQYTEjGBxtKsB682ILOhNCVYWlf3p78jQ0JIRo1mmxmjg&oe=65EEC0AE&_nc_sid=000000&m
ms3=true first_scan_sidecar=[B@c6e1e8e direct_path=/o1/v/t62.7118-24/f1/m234/up-
oil-image-27a30227-3732-4cfd-88da-d54ccde0033d?ccb=9-
4&oh=01_AdQYTEjGBxtKsB682ILOhNCVYWlf3p78jQ0JIRo1mmxmjg&oe=65EEC0AE&_nc_sid=000000
original_file_hash=null is_animated_sticker=0 media_name=null
has_streaming_sidecar=1 partial_media_enc_hash=null media_key=[B@80676af
multicast_id=null page_count=0 height=1600
partial_media_hash=9UZdjBj5x0jX9j+YZ87ITMGU9FHA/ln8HfEGv7hkMoo= gif_attribution=0
mute_video=0 autotransfer_retry_enabled=1 first_scan_length=5437 trim_to=0
media_key_timestamp=1707567874000 file_size=37089 chat_row_id=16
media_job_uuid=aba111eb-2e9d-4593-893c-784f65071526 message_row_id=598
enc_file_hash=jEUAwzOuqkNL2oJYhEX8333tIFqBGn/k+DGNmwnmy54=
file_hash=rv70HlUkkoN9rSMUNh1W0A1NhKCN78k9q15tsNQg2Cg= mime_type=image/jpeg
media_upload_handle=null suspicious_content=0 width=720 file_length=37089
02-10 20:25:55.286 24732 24848 E SQLiteDatabase:
android.database.sqlite.SQLiteConstraintException: UNIQUE constraint failed:
message_media.message_row_id (code 1555)
02-10 20:25:55.286 24732 24848 E SQLiteDatabase: at
android.database.sqlite.SQLiteConnection.nativeExecuteForLastInsertedRowId(Native
Method)
02-10 20:25:55.286 24732 24848 E SQLiteDatabase: at
android.database.sqlite.SQLiteConnection.executeForLastInsertedRowId(SQLiteConnecti
on.java:806)
02-10 20:25:55.286 24732 24848 E SQLiteDatabase: at
android.database.sqlite.SQLiteSession.executeForLastInsertedRowId(SQLiteSession.jav
a:788)
02-10 20:25:55.286 24732 24848 E SQLiteDatabase: at
android.database.sqlite.SQLiteStatement.executeInsert(SQLiteStatement.java:86)
02-10 20:25:55.286 24732 24848 E SQLiteDatabase: at
android.database.sqlite.SQLiteDatabase.insertWithOnConflict(SQLiteDatabase.java:154
8)
02-10 20:25:55.286 24732 24848 E SQLiteDatabase: at
android.database.sqlite.SQLiteDatabase.insert(SQLiteDatabase.java:1417)
02-10 20:25:55.286 24732 24848 E SQLiteDatabase: at X.2tm.A08(Unknown
Source:6)
02-10 20:25:55.286 24732 24848 E SQLiteDatabase: at X.35Y.A07(Unknown
Source:212)
02-10 20:25:55.286 24732 24848 E SQLiteDatabase: at X.3QF.A14(Unknown
Source:470)
02-10 20:25:55.286 24732 24848 E SQLiteDatabase: at X.3gU.run(Unknown
Source:982)
02-10 20:25:55.286 24732 24848 E SQLiteDatabase: at
android.os.Handler.handleCallback(Handler.java:790)
02-10 20:25:55.286 24732 24848 E SQLiteDatabase: at
android.os.Handler.dispatchMessage(Handler.java:99)
02-10 20:25:55.286 24732 24848 E SQLiteDatabase: at
X.0zq.dispatchMessage(Unknown Source:4)
02-10 20:25:55.286 24732 24848 E SQLiteDatabase: at
android.os.Looper.loop(Looper.java:192)
02-10 20:25:55.286 24732 24848 E SQLiteDatabase: at
android.os.HandlerThread.run(HandlerThread.java:65)
02-10 20:25:55.390 24732 24795 E : nFreeSize: 3450740736
02-10 20:25:55.391 24732 24790 E : nFreeSize: 3450740736
02-10 20:25:55.397 24732 27897 E : nFreeSize: 3450740736
02-10 20:25:55.399 24732 29251 E : nFreeSize: 3450740736
02-10 20:25:55.664 24732 27897 E : nFreeSize: 3450740736
02-10 20:25:55.675 24732 27897 E : nFreeSize: 3450740736
02-10 20:25:55.914 24732 27897 E : nFreeSize: 3450724352
02-10 20:25:55.924 24732 27897 E : nFreeSize: 3450724352
02-10 20:25:56.087 24732 27897 E : nFreeSize: 3450720256
02-10 20:25:56.095 24732 24790 E : nFreeSize: 3450707968
02-10 20:25:56.239 24732 27897 E : nFreeSize: 3450716160
02-10 20:25:56.247 24732 27897 E : nFreeSize: 3450716160
02-10 20:25:56.455 24732 24790 E : nFreeSize: 3450707968
02-10 20:25:56.460 24732 27897 E : nFreeSize: 3450707968
02-10 20:25:56.608 24732 24790 E : nFreeSize: 3450707968
02-10 20:25:56.614 24732 27897 E : nFreeSize: 3450695680
02-10 20:25:57.731 24732 27897 E : nFreeSize: 3450695680
02-10 20:25:58.308 24732 24732 E ArmVmp : Match on catch block at 0x0a in for 0xc5
02-10 20:25:59.218 24732 24847 E : nFreeSize: 3450699776
02-10 20:25:59.389 24732 24790 E : nFreeSize: 3450675200
02-10 20:25:59.509 24732 24790 E : nFreeSize: 3450687488
02-10 20:25:59.533 24732 29251 E : nFreeSize: 3450687488
02-10 20:25:59.699 24732 24790 E : nFreeSize: 3450675200
02-10 20:25:59.701 24732 29251 E : nFreeSize: 3450662912
02-10 20:26:00.331 24732 24854 E : nFreeSize: 3450687488
02-10 20:26:00.333 24732 24854 E : nFreeSize: 3450687488
02-10 20:26:00.951 24732 29251 E : nFreeSize: 3450687488
02-10 20:26:02.400 24732 24732 E ArmVmp : Match on catch block at 0x0a in for 0xc5
02-10 20:26:02.446 24732 24847 E : nFreeSize: 3450683392
02-10 20:26:02.708 24732 24790 E : nFreeSize: 3450675200
02-10 20:26:02.994 24732 24790 E : nFreeSize: 3450540032
02-10 20:26:03.214 24732 24790 E : nFreeSize: 3450359808
02-10 20:26:03.475 24732 24854 E : nFreeSize: 3450376192
02-10 20:26:03.477 24732 24854 E : nFreeSize: 3450376192
02-10 20:26:03.613 24732 24790 E : nFreeSize: 3450376192
02-10 20:26:03.923 24732 24847 E : nFreeSize: 3450318848
02-10 20:26:04.080 24732 24790 E : nFreeSize: 3450261504
02-10 20:26:04.705 24732 24790 E : nFreeSize: 3450265600
02-10 20:26:05.091 24732 24847 E : nFreeSize: 3450236928
02-10 20:26:05.561 24732 24732 E ArmVmp : Match on catch block at 0x0a in for 0xc1
02-10 20:26:05.760 24732 29251 E : nFreeSize: 3450130432
02-10 20:26:05.763 24732 24790 E : nFreeSize: 3450130432
02-10 20:26:05.932 24732 24790 E : nFreeSize: 3450126336
02-10 20:26:07.055 24732 24854 E : nFreeSize: 3450171392
02-10 20:26:07.058 24732 24854 E : nFreeSize: 3450163200
02-10 20:26:09.721 24732 24847 E : nFreeSize: 3450585088
02-10 20:26:10.749 24732 24854 E : nFreeSize: 3450544128
02-10 20:26:10.751 24732 24854 E : nFreeSize: 3450544128
02-10 20:26:13.151 24732 24854 E : nFreeSize: 3450388480
02-10 20:26:13.155 24732 24854 E : nFreeSize: 3450384384
02-10 20:26:13.690 24732 24785 E : nFreeSize: 3450363904
02-10 20:26:16.941 24732 24790 E : nFreeSize: 3450228736
02-10 20:26:17.248 24732 24790 E : nFreeSize: 3450216448
02-10 20:26:19.476 24732 24790 E : nFreeSize: 3450114048
02-10 20:26:19.480 24732 29254 W System : ClassLoader referenced unknown path:
system/framework/mediatek-cta.jar
02-10 20:26:19.482 24732 24795 E : nFreeSize: 3450109952
02-10 20:26:19.499 24732 24790 E : nFreeSize: 3450109952
02-10 20:26:19.675 24732 24790 E : nFreeSize: 3450109952
02-10 20:26:19.677 24732 29251 E : nFreeSize: 3450109952
02-10 20:26:19.897 24732 24848 E SQLiteDatabase: Error inserting media_duration=0
file_path=Media/MBWhatsApp Images/IMG-20240210-WA0002.jpg transferred=1
thumbnail_height_width_ratio=0.4861111 face_y=0 face_x=0 trim_from=0
media_caption=null transcoded=0 message_url=https://mmg.whatsapp.net/o1/v/t62.7118-
24/f1/m238/up-oil-image-d1e0b4cd-4145-454b-a65f-38a59670f69f?ccb=9-
4&oh=01_AdTfNubv1KNMtiIyr7uzXWJKYYoN2ZVH0wjHCn_iZo4GiA&oe=65EEE3C1&_nc_sid=000000&m
ms3=true first_scan_sidecar=[B@70c7fea direct_path=/o1/v/t62.7118-24/f1/m238/up-
oil-image-d1e0b4cd-4145-454b-a65f-38a59670f69f?ccb=9-
4&oh=01_AdTfNubv1KNMtiIyr7uzXWJKYYoN2ZVH0wjHCn_iZo4GiA&oe=65EEE3C1&_nc_sid=000000
original_file_hash=null is_animated_sticker=0 media_name=null
has_streaming_sidecar=1 partial_media_enc_hash=null media_key=[B@847f2db
multicast_id=null page_count=0 height=362
partial_media_hash=YAOfKhdU133pqZ7xVy2vBrWzKzbSd6Qr3KT9+BUUW3Q= gif_attribution=0
mute_video=0 autotransfer_retry_enabled=1 first_scan_length=1279 trim_to=0
media_key_timestamp=1707567976000 file_size=8561 chat_row_id=16
media_job_uuid=459614e5-bc2d-4b17-862d-ab53c4f9183f message_row_id=608
enc_file_hash=hqXNccv2S02f+4qMWOURffrvWHIH2lR3iX1lmxw7+mc=
file_hash=FweCwZYX0xqoXX3HGXirwblz/5VB79y6RcrKd9HZgas= mime_type=image/jpeg
media_upload_handle=null suspicious_content=0 width=750 file_length=8561
02-10 20:26:19.897 24732 24848 E SQLiteDatabase:
android.database.sqlite.SQLiteConstraintException: UNIQUE constraint failed:
message_media.message_row_id (code 1555)
02-10 20:26:19.897 24732 24848 E SQLiteDatabase: at
android.database.sqlite.SQLiteConnection.nativeExecuteForLastInsertedRowId(Native
Method)
02-10 20:26:19.897 24732 24848 E SQLiteDatabase: at
android.database.sqlite.SQLiteConnection.executeForLastInsertedRowId(SQLiteConnecti
on.java:806)
02-10 20:26:19.897 24732 24848 E SQLiteDatabase: at
android.database.sqlite.SQLiteSession.executeForLastInsertedRowId(SQLiteSession.jav
a:788)
02-10 20:26:19.897 24732 24848 E SQLiteDatabase: at
android.database.sqlite.SQLiteStatement.executeInsert(SQLiteStatement.java:86)
02-10 20:26:19.897 24732 24848 E SQLiteDatabase: at
android.database.sqlite.SQLiteDatabase.insertWithOnConflict(SQLiteDatabase.java:154
8)
02-10 20:26:19.897 24732 24848 E SQLiteDatabase: at
android.database.sqlite.SQLiteDatabase.insert(SQLiteDatabase.java:1417)
02-10 20:26:19.897 24732 24848 E SQLiteDatabase: at X.2tm.A08(Unknown
Source:6)
02-10 20:26:19.897 24732 24848 E SQLiteDatabase: at X.35Y.A07(Unknown
Source:212)
02-10 20:26:19.897 24732 24848 E SQLiteDatabase: at X.3QF.A14(Unknown
Source:470)
02-10 20:26:19.897 24732 24848 E SQLiteDatabase: at X.3gU.run(Unknown
Source:982)
02-10 20:26:19.897 24732 24848 E SQLiteDatabase: at
android.os.Handler.handleCallback(Handler.java:790)
02-10 20:26:19.897 24732 24848 E SQLiteDatabase: at
android.os.Handler.dispatchMessage(Handler.java:99)
02-10 20:26:19.897 24732 24848 E SQLiteDatabase: at
X.0zq.dispatchMessage(Unknown Source:4)
02-10 20:26:19.897 24732 24848 E SQLiteDatabase: at
android.os.Looper.loop(Looper.java:192)
02-10 20:26:19.897 24732 24848 E SQLiteDatabase: at
android.os.HandlerThread.run(HandlerThread.java:65)
02-10 20:26:19.981 24732 24785 E : nFreeSize: 3450085376
02-10 20:26:19.999 24732 24790 E : nFreeSize: 3450085376
02-10 20:26:20.000 24732 29251 E : nFreeSize: 3450085376
02-10 20:26:20.832 24732 29251 E : nFreeSize: 3450036224
02-10 20:26:20.837 24732 24790 E : nFreeSize: 3450007552
02-10 20:26:20.954 24732 24795 E : nFreeSize: 3450023936
02-10 20:26:20.960 24732 24790 E : nFreeSize: 3450011648
02-10 20:26:22.272 24732 24854 E : nFreeSize: 3449970688
02-10 20:26:22.273 24732 24854 E : nFreeSize: 3449970688
02-10 20:26:23.619 24732 24795 E : nFreeSize: 3449925632
02-10 20:26:23.720 24732 24795 E : nFreeSize: 3449921536
02-10 20:26:23.757 24732 24854 E : nFreeSize: 3449921536
02-10 20:26:23.760 24732 24854 E : nFreeSize: 3449905152
02-10 20:26:23.859 24732 24790 E : nFreeSize: 3449901056
02-10 20:26:24.083 24732 24790 E : nFreeSize: 3449876480
02-10 20:26:27.750 24732 24795 E : nFreeSize: 3449716736
02-10 20:26:27.852 24732 24790 E : nFreeSize: 3449708544
02-10 20:26:27.860 24732 24795 E : nFreeSize: 3449708544
02-10 20:26:28.675 24732 24854 E : nFreeSize: 3449688064
02-10 20:26:28.677 24732 24854 E : nFreeSize: 3449688064
02-10 20:26:31.446 24732 24854 E : nFreeSize: 3449577472
02-10 20:26:31.447 24732 24854 E : nFreeSize: 3449577472
02-10 20:26:31.752 24732 24795 E : nFreeSize: 3449561088
02-10 20:26:32.683 24732 24854 E : nFreeSize: 3449536512
02-10 20:26:32.684 24732 24854 E : nFreeSize: 3449536512
02-10 20:26:33.040 24732 24795 E : nFreeSize: 3449573376
02-10 20:26:33.317 24732 24847 E : nFreeSize: 3445424128
02-10 20:26:33.563 24732 24795 E : nFreeSize: 3445415936
02-10 20:26:34.039 24732 24847 E : nFreeSize: 3445411840
02-10 20:26:34.265 24732 24790 E : nFreeSize: 3445387264
02-10 20:26:34.345 24732 24795 E : nFreeSize: 3445383168
02-10 20:26:35.989 24732 24847 E : nFreeSize: 3445301248
02-10 20:26:36.394 24732 24790 E : nFreeSize: 3445219328
02-10 20:26:36.504 24732 24790 E : nFreeSize: 3445248000
02-10 20:26:36.620 24732 24790 E : nFreeSize: 3445186560
02-10 20:26:37.012 24732 24790 E : nFreeSize: 3445129216
02-10 20:26:37.449 24732 24790 E : nFreeSize: 3445071872
02-10 20:26:37.485 24732 24795 E : nFreeSize: 3445071872
02-10 20:26:37.603 24732 24790 E : nFreeSize: 3445088256
02-10 20:26:37.609 24732 24732 E ArmVmp : Match on catch block at 0x0a in for 0xe1
02-10 20:26:37.639 24732 24732 E ArmVmp : Match on catch block at 0x0a in for 0xd5
02-10 20:26:37.866 24732 24732 E ArmVmp : Match on catch block at 0x0a in for 0xa9
02-10 20:26:37.888 24732 24732 E ArmVmp : Match on catch block at 0x0a in for 0xd9
02-10 20:26:37.964 24732 24785 E : nFreeSize: 3445039104
02-10 20:26:38.116 24732 24790 E : nFreeSize: 3445026816
02-10 20:26:39.049 24732 24854 E : nFreeSize: 3445329920
02-10 20:26:39.051 24732 24854 E : nFreeSize: 3445329920
02-10 20:26:39.847 24732 24847 E : nFreeSize: 3445309440
02-10 20:26:40.284 24732 24790 E : nFreeSize: 3445215232
02-10 20:26:40.479 24732 24790 E : nFreeSize: 3445186560
02-10 20:26:40.584 24732 24790 E : nFreeSize: 3445178368
02-10 20:26:40.793 24732 24790 E : nFreeSize: 3445149696
02-10 20:26:41.008 24732 24790 E : nFreeSize: 3445116928
02-10 20:26:41.152 24732 24790 E : nFreeSize: 3445100544
02-10 20:26:41.322 24732 24790 E : nFreeSize: 3445075968
02-10 20:26:41.778 24732 24790 E : nFreeSize: 3445006336
02-10 20:26:41.958 24732 24790 E : nFreeSize: 3445215232
02-10 20:26:42.072 24732 24790 E : nFreeSize: 3445202944
02-10 20:26:42.432 24732 24790 E : nFreeSize: 3445166080
02-10 20:26:42.556 24732 24795 E : nFreeSize: 3445157888
02-10 20:26:43.116 24732 24795 E : nFreeSize: 3445133312
02-10 20:26:44.311 24732 24847 E : nFreeSize: 3445108736
02-10 20:26:44.615 24732 24795 E : nFreeSize: 3445059584
02-10 20:26:44.902 24732 24795 E : nFreeSize: 3445026816
02-10 20:26:45.209 24732 24795 E : nFreeSize: 3444977664
02-10 20:26:45.495 24732 24795 E : nFreeSize: 3444969472
02-10 20:26:45.619 24732 24790 E : nFreeSize: 3444961280
02-10 20:26:45.793 24732 24732 E ArmVmp : Match on catch block at 0x0a in for 0xe5
02-10 20:26:45.819 24732 24732 E ArmVmp : Match on catch block at 0x0a in for 0xd9
02-10 20:26:46.021 24732 24732 E ArmVmp : Match on catch block at 0x0a in for 0xa5
02-10 20:26:46.060 24732 24732 E ArmVmp : Match on catch block at 0x0a in for 0xc5
02-10 20:26:46.786 24732 24795 E : nFreeSize: 3444932608
02-10 20:26:46.816 24732 24847 E : nFreeSize: 3444948992
02-10 20:26:46.907 24732 24790 E : nFreeSize: 3444928512
02-10 20:26:46.907 24732 24795 E : nFreeSize: 3444928512
02-10 20:26:47.034 24732 24795 E : nFreeSize: 3444920320
02-10 20:26:47.421 24732 24795 E : nFreeSize: 3444891648
02-10 20:26:47.451 24732 24790 E : nFreeSize: 3444891648
02-10 20:26:47.800 24732 24847 E : nFreeSize: 3444891648
02-10 20:26:47.992 24732 24790 E : nFreeSize: 3444887552
02-10 20:26:48.168 24732 24732 E ArmVmp : Match on catch block at 0x0a in for 0xd1
02-10 20:26:48.371 24732 24847 E : nFreeSize: 3444891648
02-10 20:26:48.506 24732 24795 E : nFreeSize: 3444883456
02-10 20:26:48.751 24732 24847 E : nFreeSize: 3444887552
02-10 20:26:48.867 24732 24790 E : nFreeSize: 3444879360
02-10 20:26:49.167 24732 24847 E : nFreeSize: 3444883456
02-10 20:26:49.284 24732 24790 E : nFreeSize: 3444879360
02-10 20:26:49.561 24732 24847 E : nFreeSize: 3444883456
02-10 20:26:49.678 24732 24790 E : nFreeSize: 3444879360
02-10 20:26:49.963 24732 24847 E : nFreeSize: 3444879360
02-10 20:26:50.078 24732 24790 E : nFreeSize: 3444875264
02-10 20:26:50.359 24732 24847 E : nFreeSize: 3444879360
02-10 20:26:50.477 24732 24790 E : nFreeSize: 3444879360
02-10 20:26:50.770 24732 24847 E : nFreeSize: 3444883456
02-10 20:26:50.903 24732 24795 E : nFreeSize: 3444875264
02-10 20:26:51.168 24732 24847 E : nFreeSize: 3444879360
02-10 20:26:51.284 24732 24795 E : nFreeSize: 3444879360
02-10 20:26:51.589 24732 24847 E : nFreeSize: 3444879360
02-10 20:26:51.703 24732 24795 E : nFreeSize: 3444875264
02-10 20:26:51.972 24732 24847 E : nFreeSize: 3444879360
02-10 20:26:52.087 24732 24795 E : nFreeSize: 3444875264
02-10 20:26:52.361 24732 24847 E : nFreeSize: 3444875264
02-10 20:26:52.477 24732 24795 E : nFreeSize: 3444875264
02-10 20:26:52.729 24732 24847 E : nFreeSize: 3444879360
02-10 20:26:52.846 24732 24790 E : nFreeSize: 3444875264
02-10 20:26:53.164 24732 24847 E : nFreeSize: 3444875264
02-10 20:26:53.331 24732 24795 E : nFreeSize: 3444871168
02-10 20:26:53.597 24732 24847 E : nFreeSize: 3444871168
02-10 20:26:53.722 24732 24795 E : nFreeSize: 3444871168
02-10 20:26:53.999 24732 24847 E : nFreeSize: 3444875264
02-10 20:26:54.122 24732 24790 E : nFreeSize: 3444867072
02-10 20:26:54.483 24732 24847 E : nFreeSize: 3444871168
02-10 20:26:54.641 24732 24790 E : nFreeSize: 3444867072
02-10 20:26:55.207 24732 24847 E : nFreeSize: 3444850688
02-10 20:26:55.344 24732 24795 E : nFreeSize: 3444822016
02-10 20:26:55.475 24732 24795 E : nFreeSize: 3444801536
02-10 20:26:55.620 24732 24795 E : nFreeSize: 3444789248
02-10 20:26:55.701 24732 24795 E : nFreeSize: 3444785152
02-10 20:26:55.885 24732 24795 E : nFreeSize: 3444768768
02-10 20:26:56.019 24732 24795 E : nFreeSize: 3444748288
02-10 20:26:56.126 24732 24795 E : nFreeSize: 3444736000
02-10 20:26:56.179 24732 24732 E ArmVmp : Match on catch block at 0x0a in for 0xe9
02-10 20:26:56.208 24732 24732 E ArmVmp : Match on catch block at 0x0a in for 0xd5
02-10 20:26:56.327 24732 24790 E : nFreeSize: 3444731904
