02-11 10:27:57.252 1535 1535 E ArmVmp : Match on catch block at 0xc3 in for 0xa5
02-11 10:27:57.258 1535 1535 E ArmVmp : Match on catch block at 0xc3 in for 0xa9
02-11 10:27:57.271 1535 1535 E ArmVmp : Match on catch block at 0xc3 in for 0xa5
02-11 10:27:57.276 1535 1535 E ArmVmp : Match on catch block at 0xc3 in for 0xa9
02-11 10:27:57.300 1535 1535 E ArmVmp : Match on catch block at 0xc3 in for 0xa5
02-11 10:27:57.305 1535 1535 E ArmVmp : Match on catch block at 0xc3 in for 0xa9
02-11 10:27:57.316 1535 1535 E ArmVmp : Match on catch block at 0xc3 in for 0xa5
02-11 10:27:57.321 1535 1535 E ArmVmp : Match on catch block at 0xc3 in for 0xa9
02-11 10:27:57.331 1535 1535 E ArmVmp : Match on catch block at 0xc3 in for 0xa5
02-11 10:27:57.337 1535 1535 E ArmVmp : Match on catch block at 0xc3 in for 0xa9
02-11 10:27:57.346 1535 1535 E ArmVmp : Match on catch block at 0xc3 in for 0xa5
02-11 10:27:57.352 1535 1535 E ArmVmp : Match on catch block at 0xc3 in for 0xa9
02-11 10:27:57.362 1535 1535 E ArmVmp : Match on catch block at 0xc3 in for 0xa5
02-11 10:27:57.369 1535 1535 E ArmVmp : Match on catch block at 0xc3 in for 0xa9
02-11 10:27:57.379 1535 1535 E ArmVmp : Match on catch block at 0xc3 in for 0xa5
02-11 10:27:57.385 1535 1535 E ArmVmp : Match on catch block at 0xc3 in for 0xa9
02-11 10:27:57.428 1535 1535 E ArmVmp : Match on catch block at 0xc3 in for 0xa1
02-11 10:27:57.435 1535 1535 E ArmVmp : Match on catch block at 0xc3 in for 0xa5
02-11 10:27:57.450 1535 1535 E ArmVmp : Match on catch block at 0xc3 in for 0xa1
02-11 10:27:57.457 1535 1535 E ArmVmp : Match on catch block at 0xc3 in for 0xa5
02-11 10:27:57.469 1535 1535 E ArmVmp : Match on catch block at 0xc3 in for 0xa1
02-11 10:27:57.478 1535 1535 E ArmVmp : Match on catch block at 0xc3 in for 0xa5
02-11 10:27:57.489 1535 1535 E ArmVmp : Match on catch block at 0xc3 in for 0xa1
02-11 10:27:57.496 1535 1535 E ArmVmp : Match on catch block at 0xc3 in for 0xa5
02-11 10:27:57.575 1535 1535 E ArmVmp : Match on catch block at 0xc3 in for 0xa5
02-11 10:27:57.584 1535 1535 E ArmVmp : Match on catch block at 0xc3 in for 0xa9
02-11 10:27:57.605 1535 1535 E ArmVmp : Match on catch block at 0xc3 in for 0xa1
02-11 10:27:57.612 1535 1535 E ArmVmp : Match on catch block at 0xc3 in for 0xa5
02-11 10:27:57.622 1535 1535 E ArmVmp : Match on catch block at 0xc3 in for 0xa1
02-11 10:27:57.631 1535 1535 E ArmVmp : Match on catch block at 0xc3 in for 0xa5
02-11 10:27:57.640 1535 1535 E ArmVmp : Match on catch block at 0xc3 in for 0xa1
02-11 10:27:57.648 1535 1535 E ArmVmp : Match on catch block at 0xc3 in for 0xa5
02-11 10:27:57.657 1535 1535 E ArmVmp : Match on catch block at 0xc3 in for 0xa1
02-11 10:27:57.663 1535 1535 E ArmVmp : Match on catch block at 0xc3 in for 0xa5
02-11 10:27:57.673 1535 1535 E ArmVmp : Match on catch block at 0xc3 in for 0xa1
02-11 10:27:57.679 1535 1535 E ArmVmp : Match on catch block at 0xc3 in for 0xa5
02-11 10:27:57.690 1535 1535 E ArmVmp : Match on catch block at 0xc3 in for 0xa1
02-11 10:27:57.694 1535 1535 E ArmVmp : Match on catch block at 0xc3 in for 0xa5
02-11 10:27:57.706 1535 1535 E ArmVmp : Match on catch block at 0xc3 in for 0xa1
02-11 10:27:57.711 1535 1535 E ArmVmp : Match on catch block at 0xc3 in for 0xa5
02-11 10:27:57.723 1535 1535 E ArmVmp : Match on catch block at 0xc3 in for 0xa1
02-11 10:27:57.727 1535 1535 E ArmVmp : Match on catch block at 0xc3 in for 0xa5
02-11 10:27:57.739 1535 1535 E ArmVmp : Match on catch block at 0xc3 in for 0xa1
02-11 10:27:57.744 1535 1535 E ArmVmp : Match on catch block at 0xc3 in for 0xa5
02-11 10:27:57.756 1535 1535 E ArmVmp : Match on catch block at 0xc3 in for 0xa1
02-11 10:27:57.761 1535 1535 E ArmVmp : Match on catch block at 0xc3 in for 0xa5
02-11 10:27:57.772 1535 1535 E ArmVmp : Match on catch block at 0xc3 in for 0xa1
02-11 10:27:57.777 1535 1535 E ArmVmp : Match on catch block at 0xc3 in for 0xa5
02-11 10:27:57.972 1535 1535 E ArmVmp : Match on catch block at 0xc3 in for 0xa1
02-11 10:27:57.976 1535 1535 E ArmVmp : Match on catch block at 0xc3 in for 0xa5
02-11 10:27:58.395 1535 1535 E ArmVmp : Match on catch block at 0xc3 in for 0xa5
02-11 10:27:58.399 1535 1535 E ArmVmp : Match on catch block at 0xc3 in for 0xa9
02-11 10:27:58.421 1535 1535 E ArmVmp : Match on catch block at 0xc3 in for 0xa1
02-11 10:27:58.424 1535 1535 E ArmVmp : Match on catch block at 0xc3 in for 0xa5
02-11 10:27:58.438 1535 1535 E ArmVmp : Match on catch block at 0xc3 in for 0xa1
02-11 10:27:58.443 1535 1535 E ArmVmp : Match on catch block at 0xc3 in for 0xa5
02-11 10:27:58.456 1535 1535 E ArmVmp : Match on catch block at 0xc3 in for 0xa1
02-11 10:27:58.464 1535 1535 E ArmVmp : Match on catch block at 0xc3 in for 0xa5
02-11 10:27:58.473 1535 1535 E ArmVmp : Match on catch block at 0xc3 in for 0xa1
02-11 10:27:58.478 1535 1535 E ArmVmp : Match on catch block at 0xc3 in for 0xa5
02-11 10:27:58.488 1535 1535 E ArmVmp : Match on catch block at 0xc3 in for 0xa1
02-11 10:27:58.497 1535 1535 E ArmVmp : Match on catch block at 0xc3 in for 0xa5
02-11 10:27:58.515 1535 1535 E ArmVmp : Match on catch block at 0xc3 in for 0xa1
02-11 10:27:58.520 1535 1535 E ArmVmp : Match on catch block at 0xc3 in for 0xa5
02-11 10:27:58.538 1535 1535 E ArmVmp : Match on catch block at 0xc3 in for 0xa1
02-11 10:27:58.545 1535 1535 E ArmVmp : Match on catch block at 0xc3 in for 0xa5
02-11 10:27:58.561 1535 1535 E ArmVmp : Match on catch block at 0xc3 in for 0xa5
02-11 10:27:58.571 1535 1535 E ArmVmp : Match on catch block at 0xc3 in for 0xa9
02-11 10:27:58.582 1535 1535 E ArmVmp : Match on catch block at 0xc3 in for 0xa5
02-11 10:27:58.590 1535 1535 E ArmVmp : Match on catch block at 0xc3 in for 0xa9
02-11 10:27:58.611 1535 1535 E ArmVmp : Match on catch block at 0xc3 in for 0xa9
02-11 10:27:58.615 1535 1535 E ArmVmp : Match on catch block at 0xc3 in for 0xa1
02-11 10:27:58.654 1535 1535 E ArmVmp : Match on catch block at 0xc3 in for 0xa5
02-11 10:27:58.661 1535 1535 E ArmVmp : Match on catch block at 0xc3 in for 0xa9
02-11 10:27:58.823 1535 1535 E ArmVmp : Match on catch block at 0xc3 in for 0xa5
02-11 10:27:58.832 1535 1535 E ArmVmp : Match on catch block at 0xc3 in for 0xa9
02-11 10:27:58.836 1535 6810 E : nFreeSize: 2742206464
02-11 10:27:59.011 1535 13743 E : nFreeSize: 2742206464
02-11 10:27:59.087 1535 1535 E ArmVmp : Match on catch block at 0xc3 in for 0xa5
02-11 10:27:59.093 1535 1535 E ArmVmp : Match on catch block at 0xc3 in for 0xa9
02-11 10:27:59.121 1535 1535 E ArmVmp : Match on catch block at 0xc3 in for 0xa5
02-11 10:27:59.129 1535 1535 E ArmVmp : Match on catch block at 0xc3 in for 0xa9
02-11 10:27:59.138 1535 1535 E ArmVmp : Match on catch block at 0xc3 in for 0xa5
02-11 10:27:59.147 1535 1535 E ArmVmp : Match on catch block at 0xc3 in for 0xa9
02-11 10:27:59.155 1535 1535 E ArmVmp : Match on catch block at 0xc3 in for 0xa5
02-11 10:27:59.161 1535 1535 E ArmVmp : Match on catch block at 0xc3 in for 0xa9
02-11 10:27:59.171 1535 1535 E ArmVmp : Match on catch block at 0xc3 in for 0xa5
02-11 10:27:59.179 1535 1535 E ArmVmp : Match on catch block at 0xc3 in for 0xa9
02-11 10:27:59.187 1535 1535 E ArmVmp : Match on catch block at 0xc3 in for 0xa5
02-11 10:27:59.196 1535 1535 E ArmVmp : Match on catch block at 0xc3 in for 0xa9
02-11 10:27:59.204 1535 1535 E ArmVmp : Match on catch block at 0xc3 in for 0xa5
02-11 10:27:59.213 1535 1535 E ArmVmp : Match on catch block at 0xc3 in for 0xa9
02-11 10:27:59.227 1535 1535 E ArmVmp : Match on catch block at 0xc3 in for 0xa5
02-11 10:27:59.233 1535 1535 E ArmVmp : Match on catch block at 0xc3 in for 0xa9
02-11 10:27:59.243 1535 1535 E ArmVmp : Match on catch block at 0xc3 in for 0xa5
02-11 10:27:59.251 1535 1535 E ArmVmp : Match on catch block at 0xc3 in for 0xa9
02-11 10:27:59.260 1535 1535 E ArmVmp : Match on catch block at 0xc3 in for 0xa5
02-11 10:27:59.269 1535 1535 E ArmVmp : Match on catch block at 0xc3 in for 0xa9
02-11 10:27:59.287 1535 1535 E ArmVmp : Match on catch block at 0xc3 in for 0xa5
02-11 10:27:59.293 1535 1535 E ArmVmp : Match on catch block at 0xc3 in for 0xa9
02-11 10:27:59.305 1535 1535 E ArmVmp : Match on catch block at 0xc3 in for 0xa5
02-11 10:27:59.312 1535 1535 E ArmVmp : Match on catch block at 0xc3 in for 0xa9
02-11 10:27:59.321 1535 1535 E ArmVmp : Match on catch block at 0xc3 in for 0xa5
02-11 10:27:59.329 1535 1535 E ArmVmp : Match on catch block at 0xc3 in for 0xa9
02-11 10:27:59.343 1535 1535 E ArmVmp : Match on catch block at 0xc3 in for 0xa5
02-11 10:27:59.348 1535 1535 E ArmVmp : Match on catch block at 0xc3 in for 0xa9
02-11 10:27:59.357 1535 1535 E ArmVmp : Match on catch block at 0xc3 in for 0xa5
02-11 10:27:59.362 1535 1535 E ArmVmp : Match on catch block at 0xc3 in for 0xa9
02-11 10:27:59.370 1535 1535 E ArmVmp : Match on catch block at 0xc3 in for 0xa5
02-11 10:27:59.376 1535 1535 E ArmVmp : Match on catch block at 0xc3 in for 0xa9
02-11 10:27:59.520 1535 1535 E ArmVmp : Match on catch block at 0xc3 in for 0xa5
02-11 10:27:59.527 1535 1535 E ArmVmp : Match on catch block at 0xc3 in for 0xa9
02-11 10:27:59.748 1535 1632 E : nFreeSize: 2742206464
02-11 10:27:59.750 1535 1632 E : nFreeSize: 2742206464
02-11 10:27:59.804 1535 1535 E ArmVmp : Match on catch block at 0xc3 in for 0xa5
02-11 10:27:59.814 1535 1535 E ArmVmp : Match on catch block at 0xc3 in for 0xa9
02-11 10:28:00.021 1535 1535 E ArmVmp : Match on catch block at 0xc3 in for 0xa5
02-11 10:28:00.031 1535 1535 E ArmVmp : Match on catch block at 0xc3 in for 0xa9
02-11 10:28:00.203 1535 1535 E ArmVmp : Match on catch block at 0xc3 in for 0xa5
02-11 10:28:00.210 1535 1535 E ArmVmp : Match on catch block at 0xc3 in for 0xa9
02-11 10:28:00.370 1535 1535 E ArmVmp : Match on catch block at 0xc3 in for 0xa5
02-11 10:28:00.377 1535 1535 E ArmVmp : Match on catch block at 0xc3 in for 0xa9
02-11 10:28:00.489 1535 1535 E ArmVmp : Match on catch block at 0xc3 in for 0xa5
02-11 10:28:00.500 1535 1535 E ArmVmp : Match on catch block at 0xc3 in for 0xa9
02-11 10:28:00.704 1535 1535 E ArmVmp : Match on catch block at 0xc3 in for 0xa5
02-11 10:28:00.714 1535 1535 E ArmVmp : Match on catch block at 0xc3 in for 0xa9
02-11 10:28:00.854 1535 1535 E ArmVmp : Match on catch block at 0xc3 in for 0xa5
02-11 10:28:00.860 1535 1535 E ArmVmp : Match on catch block at 0xc3 in for 0xa9
02-11 10:28:00.953 1535 1535 E ArmVmp : Match on catch block at 0xc3 in for 0xa5
02-11 10:28:00.960 1535 1535 E ArmVmp : Match on catch block at 0xc3 in for 0xa9
02-11 10:28:01.185 1535 1535 E ArmVmp : Match on catch block at 0xc3 in for 0xa5
02-11 10:28:01.191 1535 1535 E ArmVmp : Match on catch block at 0xc3 in for 0xa9
02-11 10:28:01.419 1535 1535 E ArmVmp : Match on catch block at 0xc3 in for 0xa5
02-11 10:28:01.426 1535 1535 E ArmVmp : Match on catch block at 0xc3 in for 0xa9
02-11 10:28:01.768 1535 1535 E ArmVmp : Match on catch block at 0xc3 in for 0xa5
02-11 10:28:01.775 1535 1535 E ArmVmp : Match on catch block at 0xc3 in for 0xa9
02-11 10:28:02.257 1535 1535 E ArmVmp : Match on catch block at 0xc3 in for 0xa9
02-11 10:28:02.262 1535 1535 E ArmVmp : Match on catch block at 0xc3 in for 0xa1
02-11 10:28:02.502 1535 1535 E ArmVmp : Match on catch block at 0xc3 in for 0xa9
02-11 10:28:02.508 1535 1535 E ArmVmp : Match on catch block at 0xc3 in for 0xa1
02-11 10:28:02.654 1535 1535 E ArmVmp : Match on catch block at 0xc3 in for 0xa9
02-11 10:28:02.664 1535 1535 E ArmVmp : Match on catch block at 0xc3 in for 0xa1
02-11 10:28:02.789 1535 1535 E ArmVmp : Match on catch block at 0xc3 in for 0xa9
02-11 10:28:02.801 1535 1535 E ArmVmp : Match on catch block at 0xc3 in for 0xa1
02-11 10:28:02.887 1535 1535 E ArmVmp : Match on catch block at 0xc3 in for 0xa9
02-11 10:28:02.894 1535 1535 E ArmVmp : Match on catch block at 0xc3 in for 0xa1
02-11 10:28:03.067 1535 1535 E ArmVmp : Match on catch block at 0xc3 in for 0xa9
02-11 10:28:03.075 1535 1535 E ArmVmp : Match on catch block at 0xc3 in for 0xa1
02-11 10:28:03.501 1535 1535 E ArmVmp : Match on catch block at 0xc3 in for 0xa1
02-11 10:28:03.507 1535 1535 E ArmVmp : Match on catch block at 0xc3 in for 0xa5
02-11 10:28:03.683 1535 1535 E ArmVmp : Match on catch block at 0xc3 in for 0xa5
02-11 10:28:03.688 1535 1535 E ArmVmp : Match on catch block at 0xc3 in for 0xa9
02-11 10:28:03.867 1535 1535 E ArmVmp : Match on catch block at 0xc3 in for 0xa9
02-11 10:28:03.873 1535 1535 E ArmVmp : Match on catch block at 0xc3 in for 0xa1
02-11 10:28:04.050 1535 1535 E ArmVmp : Match on catch block at 0xc3 in for 0xa1
02-11 10:28:04.056 1535 1535 E ArmVmp : Match on catch block at 0xc3 in for 0xa5
02-11 10:28:04.249 1535 1535 E ArmVmp : Match on catch block at 0xc3 in for 0xa5
02-11 10:28:04.255 1535 1535 E ArmVmp : Match on catch block at 0xc3 in for 0xa9
02-11 10:28:04.752 1535 1535 E ArmVmp : Match on catch block at 0xc3 in for 0xa5
02-11 10:28:04.763 1535 1535 E ArmVmp : Match on catch block at 0xc3 in for 0xa9
02-11 10:28:05.049 1535 1535 E ArmVmp : Match on catch block at 0xc3 in for 0xa5
02-11 10:28:05.055 1535 1535 E ArmVmp : Match on catch block at 0xc3 in for 0xa9
02-11 10:28:05.233 1535 1535 E ArmVmp : Match on catch block at 0xc3 in for 0xa5
02-11 10:28:05.243 1535 1535 E ArmVmp : Match on catch block at 0xc3 in for 0xa9
02-11 10:28:05.317 1535 1535 E ArmVmp : Match on catch block at 0xc3 in for 0xa5
02-11 10:28:05.325 1535 1535 E ArmVmp : Match on catch block at 0xc3 in for 0xa9
02-11 10:28:05.433 1535 1535 E ArmVmp : Match on catch block at 0xc3 in for 0xa5
02-11 10:28:05.443 1535 1535 E ArmVmp : Match on catch block at 0xc3 in for 0xa9
02-11 10:28:05.598 1535 1535 E ArmVmp : Match on catch block at 0xc3 in for 0xa9
02-11 10:28:05.604 1535 1535 E ArmVmp : Match on catch block at 0xc3 in for 0xa1
02-11 10:28:05.865 1535 1535 E ArmVmp : Match on catch block at 0xc3 in for 0xa9
02-11 10:28:05.872 1535 1535 E ArmVmp : Match on catch block at 0xc3 in for 0xa1
02-11 10:28:06.084 1535 1535 E ArmVmp : Match on catch block at 0xc3 in for 0xa9
02-11 10:28:06.092 1535 1535 E ArmVmp : Match on catch block at 0xc3 in for 0xa1
02-11 10:28:06.266 1535 1535 E ArmVmp : Match on catch block at 0xc3 in for 0xa9
02-11 10:28:06.272 1535 1535 E ArmVmp : Match on catch block at 0xc3 in for 0xa1
02-11 10:28:06.484 1535 1632 E : nFreeSize: 2742202368
02-11 10:28:06.486 1535 1632 E : nFreeSize: 2742202368
02-11 10:28:06.500 1535 1535 E ArmVmp : Match on catch block at 0xc3 in for 0xa9
02-11 10:28:06.510 1535 1535 E ArmVmp : Match on catch block at 0xc3 in for 0xa1
02-11 10:28:06.715 1535 1535 E ArmVmp : Match on catch block at 0xc3 in for 0xa9
02-11 10:28:06.723 1535 1535 E ArmVmp : Match on catch block at 0xc3 in for 0xa1
02-11 10:28:06.933 1535 1535 E ArmVmp : Match on catch block at 0xc3 in for 0xa9
02-11 10:28:06.941 1535 1535 E ArmVmp : Match on catch block at 0xc3 in for 0xa1
02-11 10:28:07.166 1535 1535 E ArmVmp : Match on catch block at 0xc3 in for 0xa9
02-11 10:28:07.175 1535 1535 E ArmVmp : Match on catch block at 0xc3 in for 0xa1
02-11 10:28:07.332 1535 1535 E ArmVmp : Match on catch block at 0xc3 in for 0xa9
02-11 10:28:07.341 1535 1535 E ArmVmp : Match on catch block at 0xc3 in for 0xa1
02-11 10:28:07.563 1535 1535 E ArmVmp : Match on catch block at 0xc3 in for 0xa9
02-11 10:28:07.568 1535 1535 E ArmVmp : Match on catch block at 0xc3 in for 0xa1
02-11 10:28:07.804 1535 1535 E ArmVmp : Match on catch block at 0xc3 in for 0xa1
02-11 10:28:07.809 1535 1535 E ArmVmp : Match on catch block at 0xc3 in for 0xa5
02-11 10:28:07.818 1535 1535 E ArmVmp : Match on catch block at 0xc3 in for 0xa1
02-11 10:28:07.823 1535 1535 E ArmVmp : Match on catch block at 0xc3 in for 0xa5
02-11 10:28:08.149 1535 1535 E ArmVmp : Match on catch block at 0xc3 in for 0xa1
02-11 10:28:08.161 1535 1535 E ArmVmp : Match on catch block at 0xc3 in for 0xa5
02-11 10:28:08.382 1535 1535 E ArmVmp : Match on catch block at 0xc3 in for 0xa1
02-11 10:28:08.389 1535 1535 E ArmVmp : Match on catch block at 0xc3 in for 0xa5
02-11 10:28:08.603 1535 1535 E ArmVmp : Match on catch block at 0xc3 in for 0xa9
02-11 10:28:08.608 1535 1535 E ArmVmp : Match on catch block at 0xc3 in for 0xa1
02-11 10:28:08.778 1535 1535 E ArmVmp : Match on catch block at 0xc3 in for 0xa9
02-11 10:28:08.783 1535 1535 E ArmVmp : Match on catch block at 0xc3 in for 0xa1
02-11 10:28:08.945 1535 1535 E ArmVmp : Match on catch block at 0xc3 in for 0xa9
02-11 10:28:08.950 1535 1535 E ArmVmp : Match on catch block at 0xc3 in for 0xa1
02-11 10:28:09.212 1535 1535 E ArmVmp : Match on catch block at 0xc3 in for 0xa1
02-11 10:28:09.218 1535 1535 E ArmVmp : Match on catch block at 0xc3 in for 0xa5
02-11 10:28:09.394 1535 1535 E ArmVmp : Match on catch block at 0xc3 in for 0xa1
02-11 10:28:09.398 1535 1535 E ArmVmp : Match on catch block at 0xc3 in for 0xa5
02-11 10:28:09.412 1535 1535 E ArmVmp : Match on catch block at 0xc3 in for 0xa1
02-11 10:28:09.417 1535 1535 E ArmVmp : Match on catch block at 0xc3 in for 0xa5
02-11 10:28:09.428 1535 1535 E ArmVmp : Match on catch block at 0xc3 in for 0xa1
02-11 10:28:09.433 1535 1535 E ArmVmp : Match on catch block at 0xc3 in for 0xa5
02-11 10:28:09.445 1535 1535 E ArmVmp : Match on catch block at 0xc3 in for 0xa1
02-11 10:28:09.449 1535 1535 E ArmVmp : Match on catch block at 0xc3 in for 0xa5
02-11 10:28:09.461 1535 1535 E ArmVmp : Match on catch block at 0xc3 in for 0xa1
02-11 10:28:09.465 1535 1535 E ArmVmp : Match on catch block at 0xc3 in for 0xa5
02-11 10:28:09.478 1535 1535 E ArmVmp : Match on catch block at 0xc3 in for 0xa1
02-11 10:28:09.482 1535 1535 E ArmVmp : Match on catch block at 0xc3 in for 0xa5
02-11 10:28:09.495 1535 1535 E ArmVmp : Match on catch block at 0xc3 in for 0xa1
02-11 10:28:09.500 1535 1535 E ArmVmp : Match on catch block at 0xc3 in for 0xa5
02-11 10:28:09.512 1535 1535 E ArmVmp : Match on catch block at 0xc3 in for 0xa1
02-11 10:28:09.518 1535 1535 E ArmVmp : Match on catch block at 0xc3 in for 0xa5
02-11 10:28:09.528 1535 1535 E ArmVmp : Match on catch block at 0xc3 in for 0xa1
02-11 10:28:09.533 1535 1535 E ArmVmp : Match on catch block at 0xc3 in for 0xa5
02-11 10:28:09.546 1535 1535 E ArmVmp : Match on catch block at 0xc3 in for 0xa1
02-11 10:28:09.553 1535 1535 E ArmVmp : Match on catch block at 0xc3 in for 0xa5
02-11 10:28:09.561 1535 1535 E ArmVmp : Match on catch block at 0xc3 in for 0xa1
02-11 10:28:09.568 1535 1535 E ArmVmp : Match on catch block at 0xc3 in for 0xa5
02-11 10:28:09.578 1535 1535 E ArmVmp : Match on catch block at 0xc3 in for 0xa1
02-11 10:28:09.583 1535 1535 E ArmVmp : Match on catch block at 0xc3 in for 0xa5
02-11 10:28:09.595 1535 1535 E ArmVmp : Match on catch block at 0xc3 in for 0xa1
02-11 10:28:09.599 1535 1535 E ArmVmp : Match on catch block at 0xc3 in for 0xa5
02-11 10:28:09.611 1535 1535 E ArmVmp : Match on catch block at 0xc3 in for 0xa1
02-11 10:28:09.615 1535 1535 E ArmVmp : Match on catch block at 0xc3 in for 0xa5
02-11 10:28:09.628 1535 1535 E ArmVmp : Match on catch block at 0xc3 in for 0xa1
02-11 10:28:09.633 1535 1535 E ArmVmp : Match on catch block at 0xc3 in for 0xa5
02-11 10:28:09.645 1535 1535 E ArmVmp : Match on catch block at 0xc3 in for 0xa1
02-11 10:28:09.649 1535 1535 E ArmVmp : Match on catch block at 0xc3 in for 0xa5
02-11 10:28:09.711 1535 1535 E ArmVmp : Match on catch block at 0xc3 in for 0xa1
02-11 10:28:09.715 1535 1535 E ArmVmp : Match on catch block at 0xc3 in for 0xa5
02-11 10:28:10.067 1535 1632 E : nFreeSize: 2742202368
02-11 10:28:10.068 1535 1632 E : nFreeSize: 2742202368
02-11 10:28:10.211 1535 1535 E ArmVmp : Match on catch block at 0xc3 in for 0xa1
02-11 10:28:10.216 1535 1535 E ArmVmp : Match on catch block at 0xc3 in for 0xa5
02-11 10:28:10.712 1535 1535 E ArmVmp : Match on catch block at 0xc3 in for 0xa1
02-11 10:28:10.715 1535 1535 E ArmVmp : Match on catch block at 0xc3 in for 0xa5
02-11 10:28:10.951 1535 1535 E ArmVmp : Match on catch block at 0xc3 in for 0xa1
02-11 10:28:10.955 1535 13743 E : nFreeSize: 2742194176
02-11 10:28:10.955 1535 1535 E ArmVmp : Match on catch block at 0xc3 in for 0xa5
02-11 10:28:10.967 1535 1535 E ArmVmp : Match on catch block at 0xc3 in for 0xa1
02-11 10:28:10.973 1535 1535 E ArmVmp : Match on catch block at 0xc3 in for 0xa5
02-11 10:28:11.211 1535 1535 E ArmVmp : Match on catch block at 0xc3 in for 0xa5
02-11 10:28:11.216 1535 1535 E ArmVmp : Match on catch block at 0xc3 in for 0xa9
02-11 10:28:11.347 1535 1625 E : nFreeSize: 2742198272
02-11 10:28:11.408 1535 1535 E ArmVmp : Match on catch block at 0xc3 in for 0xa5
02-11 10:28:11.413 1535 1535 E ArmVmp : Match on catch block at 0xc3 in for 0xa9
02-11 10:28:11.425 1535 1535 E ArmVmp : Match on catch block at 0xc3 in for 0xa5
02-11 10:28:11.431 1535 1535 E ArmVmp : Match on catch block at 0xc3 in for 0xa9
02-11 10:28:11.453 1535 6810 E : nFreeSize: 2742194176
02-11 10:28:11.711 1535 1535 E ArmVmp : Match on catch block at 0xc3 in for 0xa5
02-11 10:28:11.716 1535 1535 E ArmVmp : Match on catch block at 0xc3 in for 0xa9
02-11 10:28:11.809 1535 1625 E : nFreeSize: 2742194176
02-11 10:28:11.869 1535 1535 E ArmVmp : Match on catch block at 0xc3 in for 0xa5
02-11 10:28:11.873 1535 1535 E ArmVmp : Match on catch block at 0xc3 in for 0xa9
02-11 10:28:11.886 1535 1535 E ArmVmp : Match on catch block at 0xc3 in for 0xa5
02-11 10:28:11.892 1535 1535 E ArmVmp : Match on catch block at 0xc3 in for 0xa9
02-11 10:28:11.914 1535 13743 E : nFreeSize: 2742190080
02-11 10:28:12.094 1535 1535 E ArmVmp : Match on catch block at 0xc3 in for 0xa1
02-11 10:28:12.099 1535 1535 E ArmVmp : Match on catch block at 0xc3 in for 0xa5
02-11 10:28:12.225 1535 1535 E ArmVmp : Match on catch block at 0xc3 in for 0xa1
02-11 10:28:12.231 1535 1535 E ArmVmp : Match on catch block at 0xc3 in for 0xa5
02-11 10:28:12.348 1535 1535 E ArmVmp : Match on catch block at 0xc3 in for 0xa1
02-11 10:28:12.354 1535 1535 E ArmVmp : Match on catch block at 0xc3 in for 0xa5
02-11 10:28:12.642 1535 1535 E ArmVmp : Match on catch block at 0xc3 in for 0xa1
02-11 10:28:12.647 1535 1535 E ArmVmp : Match on catch block at 0xc3 in for 0xa5
02-11 10:28:12.858 1535 1535 E ArmVmp : Match on catch block at 0xc3 in for 0xa1
02-11 10:28:12.863 1535 1535 E ArmVmp : Match on catch block at 0xc3 in for 0xa5
02-11 10:28:13.091 1535 1535 E ArmVmp : Match on catch block at 0xc3 in for 0xa1
02-11 10:28:13.096 1535 1535 E ArmVmp : Match on catch block at 0xc3 in for 0xa5
02-11 10:28:13.258 1535 1535 E ArmVmp : Match on catch block at 0xc3 in for 0xa1
02-11 10:28:13.264 1535 1535 E ArmVmp : Match on catch block at 0xc3 in for 0xa5
02-11 10:28:13.340 1535 1632 E : nFreeSize: 2742190080
02-11 10:28:13.341 1535 1632 E : nFreeSize: 2742190080
02-11 10:28:13.390 1535 1535 E ArmVmp : Match on catch block at 0xc3 in for 0xa1
02-11 10:28:13.395 1535 1535 E ArmVmp : Match on catch block at 0xc3 in for 0xa5
02-11 10:28:13.440 1535 1535 E ArmVmp : Match on catch block at 0xc3 in for 0xa1
02-11 10:28:13.445 1535 1535 E ArmVmp : Match on catch block at 0xc3 in for 0xa5
02-11 10:28:13.458 1535 1535 E ArmVmp : Match on catch block at 0xc3 in for 0xa1
02-11 10:28:13.463 1535 1535 E ArmVmp : Match on catch block at 0xc3 in for 0xa5
02-11 10:28:13.474 1535 1535 E ArmVmp : Match on catch block at 0xc3 in for 0xa1
02-11 10:28:13.481 1535 1535 E ArmVmp : Match on catch block at 0xc3 in for 0xa5
02-11 10:28:13.490 1535 1535 E ArmVmp : Match on catch block at 0xc3 in for 0xa1
02-11 10:28:13.496 1535 1535 E ArmVmp : Match on catch block at 0xc3 in for 0xa5
02-11 10:28:13.508 1535 1535 E ArmVmp : Match on catch block at 0xc3 in for 0xa1
02-11 10:28:13.513 1535 1535 E ArmVmp : Match on catch block at 0xc3 in for 0xa5
02-11 10:28:13.525 1535 1535 E ArmVmp : Match on catch block at 0xc3 in for 0xa1
02-11 10:28:13.530 1535 1535 E ArmVmp : Match on catch block at 0xc3 in for 0xa5
02-11 10:28:13.541 1535 1535 E ArmVmp : Match on catch block at 0xc3 in for 0xa1
02-11 10:28:13.548 1535 1535 E ArmVmp : Match on catch block at 0xc3 in for 0xa5
02-11 10:28:13.559 1535 1535 E ArmVmp : Match on catch block at 0xc3 in for 0xa1
02-11 10:28:13.564 1535 1535 E ArmVmp : Match on catch block at 0xc3 in for 0xa5
02-11 10:28:13.574 1535 1535 E ArmVmp : Match on catch block at 0xc3 in for 0xa1
02-11 10:28:13.579 1535 1535 E ArmVmp : Match on catch block at 0xc3 in for 0xa5
02-11 10:28:13.591 1535 1535 E ArmVmp : Match on catch block at 0xc3 in for 0xa1
02-11 10:28:13.596 1535 1535 E ArmVmp : Match on catch block at 0xc3 in for 0xa5
02-11 10:28:13.607 1535 1535 E ArmVmp : Match on catch block at 0xc3 in for 0xa1
02-11 10:28:13.612 1535 1535 E ArmVmp : Match on catch block at 0xc3 in for 0xa5
02-11 10:28:13.624 1535 1535 E ArmVmp : Match on catch block at 0xc3 in for 0xa1
02-11 10:28:13.629 1535 1535 E ArmVmp : Match on catch block at 0xc3 in for 0xa5
02-11 10:28:13.640 1535 1535 E ArmVmp : Match on catch block at 0xc3 in for 0xa1
02-11 10:28:13.645 1535 1535 E ArmVmp : Match on catch block at 0xc3 in for 0xa5
02-11 10:28:13.657 1535 1535 E ArmVmp : Match on catch block at 0xc3 in for 0xa1
02-11 10:28:13.661 1535 1535 E ArmVmp : Match on catch block at 0xc3 in for 0xa5
02-11 10:28:13.674 1535 1535 E ArmVmp : Match on catch block at 0xc3 in for 0xa1
02-11 10:28:13.678 1535 1535 E ArmVmp : Match on catch block at 0xc3 in for 0xa5
02-11 10:28:13.690 1535 1535 E ArmVmp : Match on catch block at 0xc3 in for 0xa1
02-11 10:28:13.694 1535 1535 E ArmVmp : Match on catch block at 0xc3 in for 0xa5
02-11 10:28:13.857 1535 1535 E ArmVmp : Match on catch block at 0xc3 in for 0xa1
02-11 10:28:13.863 1535 1535 E ArmVmp : Match on catch block at 0xc3 in for 0xa5
02-11 10:28:14.124 1535 1535 E ArmVmp : Match on catch block at 0xc3 in for 0xa1
02-11 10:28:14.130 1535 1535 E ArmVmp : Match on catch block at 0xc3 in for 0xa5
02-11 10:28:14.239 1535 13743 E : nFreeSize: 2742181888
02-11 10:28:14.245 1535 6810 E : nFreeSize: 2742173696
02-11 10:28:14.308 1535 1535 E ArmVmp : Match on catch block at 0xc3 in for 0xa1
02-11 10:28:14.314 1535 1535 E ArmVmp : Match on catch block at 0xc3 in for 0xa5
02-11 10:28:14.658 1535 1535 E ArmVmp : Match on catch block at 0xc3 in for 0xa9
02-11 10:28:14.665 1535 1535 E ArmVmp : Match on catch block at 0xc3 in for 0xa1
02-11 10:28:14.686 1535 6810 E : nFreeSize: 2742177792
02-11 10:28:14.943 1535 1535 E ArmVmp : Match on catch block at 0xc3 in for 0xa9
02-11 10:28:14.949 1535 1535 E ArmVmp : Match on catch block at 0xc3 in for 0xa1
02-11 10:28:15.109 1535 1535 E ArmVmp : Match on catch block at 0xc3 in for 0xa9
02-11 10:28:15.116 1535 1535 E ArmVmp : Match on catch block at 0xc3 in for 0xa1
02-11 10:28:15.224 1535 1535 E ArmVmp : Match on catch block at 0xc3 in for 0xa9
02-11 10:28:15.231 1535 1535 E ArmVmp : Match on catch block at 0xc3 in for 0xa1
02-11 10:28:15.357 1535 1535 E ArmVmp : Match on catch block at 0xc3 in for 0xa9
02-11 10:28:15.365 1535 1535 E ArmVmp : Match on catch block at 0xc3 in for 0xa1
02-11 10:28:15.577 1535 1535 E ArmVmp : Match on catch block at 0xc3 in for 0xa1
02-11 10:28:15.582 1535 1535 E ArmVmp : Match on catch block at 0xc3 in for 0xa5
02-11 10:28:15.596 1535 1535 E ArmVmp : Match on catch block at 0xc3 in for 0xa1
02-11 10:28:15.603 1535 1535 E ArmVmp : Match on catch block at 0xc3 in for 0xa5
02-11 10:28:15.622 1535 1632 E : nFreeSize: 2742173696
02-11 10:28:15.625 1535 1632 E : nFreeSize: 2742173696
02-11 10:28:15.659 1535 1535 E ArmVmp : Match on catch block at 0xc3 in for 0xa1
02-11 10:28:15.664 1535 1535 E ArmVmp : Match on catch block at 0xc3 in for 0xa5
02-11 10:28:15.823 1535 1535 E ArmVmp : Match on catch block at 0xc3 in for 0xa1
02-11 10:28:15.830 1535 1535 E ArmVmp : Match on catch block at 0xc3 in for 0xa5
02-11 10:28:15.872 1535 1535 E ArmVmp : Match on catch block at 0xc3 in for 0xa1
02-11 10:28:15.879 1535 1535 E ArmVmp : Match on catch block at 0xc3 in for 0xa5
02-11 10:28:16.122 1535 1535 E ArmVmp : Match on catch block at 0xc3 in for 0xa1
02-11 10:28:16.128 1535 1535 E ArmVmp : Match on catch block at 0xc3 in for 0xa5
02-11 10:28:16.624 1535 1535 E ArmVmp : Match on catch block at 0xc3 in for 0xa1
02-11 10:28:16.636 1535 1535 E ArmVmp : Match on catch block at 0xc3 in for 0xa5
02-11 10:28:16.821 1535 1535 E ArmVmp : Match on catch block at 0xc3 in for 0xa1
02-11 10:28:16.825 1535 1535 E ArmVmp : Match on catch block at 0xc3 in for 0xa5
02-11 10:28:17.004 1535 1535 E ArmVmp : Match on catch block at 0xc3 in for 0xa1
02-11 10:28:17.009 1535 1535 E ArmVmp : Match on catch block at 0xc3 in for 0xa5
02-11 10:28:17.137 1535 1535 E ArmVmp : Match on catch block at 0xc3 in for 0xa1
02-11 10:28:17.141 1535 1535 E ArmVmp : Match on catch block at 0xc3 in for 0xa5
02-11 10:28:17.154 1535 1535 E ArmVmp : Match on catch block at 0xc3 in for 0xa1
02-11 10:28:17.158 1535 1535 E ArmVmp : Match on catch block at 0xc3 in for 0xa5
02-11 10:28:17.171 1535 1535 E ArmVmp : Match on catch block at 0xc3 in for 0xa1
02-11 10:28:17.176 1535 1535 E ArmVmp : Match on catch block at 0xc3 in for 0xa5
02-11 10:28:17.188 1535 1535 E ArmVmp : Match on catch block at 0xc3 in for 0xa1
02-11 10:28:17.192 1535 1535 E ArmVmp : Match on catch block at 0xc3 in for 0xa5
02-11 10:28:17.204 1535 1535 E ArmVmp : Match on catch block at 0xc3 in for 0xa1
02-11 10:28:17.208 1535 1535 E ArmVmp : Match on catch block at 0xc3 in for 0xa5
02-11 10:28:17.221 1535 1535 E ArmVmp : Match on catch block at 0xc3 in for 0xa1
02-11 10:28:17.225 1535 1535 E ArmVmp : Match on catch block at 0xc3 in for 0xa5
02-11 10:28:17.237 1535 1535 E ArmVmp : Match on catch block at 0xc3 in for 0xa1
02-11 10:28:17.241 1535 1535 E ArmVmp : Match on catch block at 0xc3 in for 0xa5
02-11 10:28:17.254 1535 1535 E ArmVmp : Match on catch block at 0xc3 in for 0xa1
02-11 10:28:17.258 1535 1535 E ArmVmp : Match on catch block at 0xc3 in for 0xa5
02-11 10:28:17.271 1535 1535 E ArmVmp : Match on catch block at 0xc3 in for 0xa1
02-11 10:28:17.275 1535 1535 E ArmVmp : Match on catch block at 0xc3 in for 0xa5
02-11 10:28:17.288 1535 1535 E ArmVmp : Match on catch block at 0xc3 in for 0xa1
02-11 10:28:17.293 1535 1535 E ArmVmp : Match on catch block at 0xc3 in for 0xa5
02-11 10:28:17.303 1535 1535 E ArmVmp : Match on catch block at 0xc3 in for 0xa1
02-11 10:28:17.309 1535 1535 E ArmVmp : Match on catch block at 0xc3 in for 0xa5
02-11 10:28:17.321 1535 1535 E ArmVmp : Match on catch block at 0xc3 in for 0xa1
02-11 10:28:17.325 1535 1535 E ArmVmp : Match on catch block at 0xc3 in for 0xa5
02-11 10:28:17.338 1535 1535 E ArmVmp : Match on catch block at 0xc3 in for 0xa1
02-11 10:28:17.342 1535 1535 E ArmVmp : Match on catch block at 0xc3 in for 0xa5
02-11 10:28:17.354 1535 1535 E ArmVmp : Match on catch block at 0xc3 in for 0xa1
02-11 10:28:17.359 1535 1535 E ArmVmp : Match on catch block at 0xc3 in for 0xa5
02-11 10:28:17.371 1535 1535 E ArmVmp : Match on catch block at 0xc3 in for 0xa1
02-11 10:28:17.377 1535 1535 E ArmVmp : Match on catch block at 0xc3 in for 0xa5
02-11 10:28:17.392 1535 1535 E ArmVmp : Match on catch block at 0xc3 in for 0xa1
02-11 10:28:17.395 1535 1535 E ArmVmp : Match on catch block at 0xc3 in for 0xa5
02-11 10:28:17.670 1535 1535 E ArmVmp : Match on catch block at 0xc3 in for 0xa1
02-11 10:28:17.675 1535 1535 E ArmVmp : Match on catch block at 0xc3 in for 0xa5
02-11 10:28:17.886 1535 1535 E ArmVmp : Match on catch block at 0xc3 in for 0xa1
02-11 10:28:17.891 1535 1535 E ArmVmp : Match on catch block at 0xc3 in for 0xa5
02-11 10:28:18.058 1535 1535 E ArmVmp : Match on catch block at 0xc3 in for 0xa1
02-11 10:28:18.066 1535 1535 E ArmVmp : Match on catch block at 0xc3 in for 0xa5
02-11 10:28:18.256 1535 1535 E ArmVmp : Match on catch block at 0xc3 in for 0xa1
02-11 10:28:18.266 1535 1535 E ArmVmp : Match on catch block at 0xc3 in for 0xa5
02-11 10:28:18.472 1535 1535 E ArmVmp : Match on catch block at 0xc3 in for 0xa1
02-11 10:28:18.482 1535 1535 E ArmVmp : Match on catch block at 0xc3 in for 0xa5
02-11 10:28:18.607 1535 1535 E ArmVmp : Match on catch block at 0xc3 in for 0xa1
02-11 10:28:18.615 1535 1535 E ArmVmp : Match on catch block at 0xc3 in for 0xa5
02-11 10:28:18.952 1535 1535 E ArmVmp : Match on catch block at 0xc3 in for 0xa1
02-11 10:28:18.956 1535 1535 E ArmVmp : Match on catch block at 0xc3 in for 0xa5
02-11 10:28:18.986 1535 11987 W ContextImpl: Failed to ensure
/dev/null/Android/data/com.mbwhatsapp/cache: -404
02-11 10:28:19.012 1535 1535 E ArmVmp : Match on catch block at 0xc3 in for 0xa9
02-11 10:28:19.018 1535 1535 E ArmVmp : Match on catch block at 0xc3 in for 0xa1
02-11 10:28:19.058 1535 1535 E ArmVmp : Match on catch block at 0xc3 in for 0xa1
02-11 10:28:19.064 1535 1535 E ArmVmp : Match on catch block at 0xc3 in for 0xa5
02-11 10:28:19.076 1535 1535 E ArmVmp : Match on catch block at 0xc3 in for 0xa1
02-11 10:28:19.083 1535 1535 E ArmVmp : Match on catch block at 0xc3 in for 0xa5
02-11 10:28:19.140 1535 1535 E ArmVmp : Match on catch block at 0xc3 in for 0xa1
02-11 10:28:19.145 1535 1535 E ArmVmp : Match on catch block at 0xc3 in for 0xa5
02-11 10:28:19.169 1535 1535 E ArmVmp : Match on catch block at 0xc3 in for 0xa9
02-11 10:28:19.174 1535 1535 E ArmVmp : Match on catch block at 0xc3 in for 0xa1
02-11 10:28:19.193 1535 1535 E ArmVmp : Match on catch block at 0xc3 in for 0xa5
02-11 10:28:19.196 1535 1535 E ArmVmp : Match on catch block at 0xc3 in for 0xa9
02-11 10:28:19.204 1535 1535 E ArmVmp : Match on catch block at 0xc3 in for 0xa5
02-11 10:28:19.208 1535 1535 E ArmVmp : Match on catch block at 0xc3 in for 0xa9
02-11 10:28:19.244 1535 6810 E : nFreeSize: 2742161408
02-11 10:28:19.486 1535 1535 E ArmVmp : Match on catch block at 0xc3 in for 0xa5
02-11 10:28:19.491 1535 1535 E ArmVmp : Match on catch block at 0xc3 in for 0xa9
02-11 10:28:19.604 1535 1535 E ArmVmp : Match on catch block at 0xc3 in for 0xa1
02-11 10:28:19.609 1535 1535 E ArmVmp : Match on catch block at 0xc3 in for 0xa5
02-11 10:28:19.633 1535 1535 E ArmVmp : Match on catch block at 0xc3 in for 0xa9
02-11 10:28:19.641 1535 1535 E ArmVmp : Match on catch block at 0xc3 in for 0xa1
02-11 10:28:19.682 1535 1535 E ArmVmp : Match on catch block at 0xc3 in for 0xa1
02-11 10:28:19.687 1535 1535 E ArmVmp : Match on catch block at 0xc3 in for 0xa5
02-11 10:28:19.699 1535 1535 E ArmVmp : Match on catch block at 0xc3 in for 0xa1
02-11 10:28:19.699 1535 13759 W MediaPlayer: Use of stream types is deprecated for
operations other than volume control
02-11 10:28:19.699 1535 13759 W MediaPlayer: See the documentation of
setAudioStreamType() for what to use instead with android.media.AudioAttributes to
qualify your playback use case
02-11 10:28:19.703 1535 13759 E AudioFeatures: Application cannot support or
Zenmode close
02-11 10:28:19.705 1535 1535 E ArmVmp : Match on catch block at 0xc3 in for 0xa5
02-11 10:28:19.869 1535 1535 E ArmVmp : Match on catch block at 0xc3 in for 0xa9
02-11 10:28:19.875 1535 1535 E ArmVmp : Match on catch block at 0xc3 in for 0xa1
02-11 10:28:19.928 1535 1535 E ArmVmp : Match on catch block at 0xc3 in for 0xa9
02-11 10:28:19.931 1535 1535 E ArmVmp : Match on catch block at 0xc3 in for 0xa1
02-11 10:28:20.172 1535 6810 E : nFreeSize: 2742157312
02-11 10:28:20.177 1535 1535 E : nFreeSize: 2742157312
02-11 10:28:20.182 1535 1535 E : nFreeSize: 2742157312
02-11 10:28:20.185 1535 6810 E : nFreeSize: 2742153216
02-11 10:28:20.202 1535 1535 E : nFreeSize: 2742157312
02-11 10:28:20.207 1535 1535 E : nFreeSize: 2742157312
02-11 10:28:20.343 1535 1535 E ArmVmp : Match on catch block at 0xc3 in for 0xa1
02-11 10:28:20.347 1535 1535 E ArmVmp : Match on catch block at 0xc3 in for 0xa5
02-11 10:28:20.522 1535 1535 E ArmVmp : Match on catch block at 0xc3 in for 0xa1
02-11 10:28:20.526 1535 1535 E ArmVmp : Match on catch block at 0xc3 in for 0xa5
02-11 10:28:20.648 1535 1535 E ArmVmp : Match on catch block at 0xc3 in for 0xa5
02-11 10:28:20.652 1535 1535 E ArmVmp : Match on catch block at 0xc3 in for 0xa9
02-11 10:28:20.727 1535 1535 E ArmVmp : Match on catch block at 0xc3 in for 0xa5
02-11 10:28:20.730 1535 1535 E ArmVmp : Match on catch block at 0xc3 in for 0xa9
02-11 10:28:21.079 1535 1632 E : nFreeSize: 2742153216
02-11 10:28:21.081 1535 1632 E : nFreeSize: 2742153216
02-11 10:28:21.744 1535 1535 E : nFreeSize: 2742149120
02-11 10:28:21.749 1535 1535 E : nFreeSize: 2742149120
02-11 10:28:21.764 1535 1535 E : nFreeSize: 2742149120
02-11 10:28:21.770 1535 1535 E : nFreeSize: 2742149120
02-11 10:28:21.785 1535 13743 E : nFreeSize: 2742149120
02-11 10:28:22.089 1535 1625 E : nFreeSize: 2742149120
02-11 11:20:39.645 18493 18493 W System.err: java.lang.ClassNotFoundException:
mbmodsd.mbmodsw.ui.views.btn.BtnBK
02-11 11:20:39.646 18493 18493 W System.err: at
java.lang.VMClassLoader.findLoadedClass(Native Method)
02-11 11:20:39.646 18493 18493 W System.err: at
java.lang.ClassLoader.findLoadedClass(ClassLoader.java:738)
02-11 11:20:39.646 18493 18493 W System.err: at
java.lang.ClassLoader.loadClass(ClassLoader.java:363)
02-11 11:20:39.646 18493 18493 W System.err: at
java.lang.ClassLoader.loadClass(ClassLoader.java:312)
02-11 11:20:39.646 18493 18493 W System.err: at
java.lang.Runtime.nativeLoad(Native Method)
02-11 11:20:39.646 18493 18493 W System.err: at
java.lang.Runtime.doLoad(Runtime.java:1099)
02-11 11:20:39.646 18493 18493 W System.err: at
java.lang.Runtime.loadLibrary0(Runtime.java:1014)
02-11 11:20:39.646 18493 18493 W System.err: at
java.lang.System.loadLibrary(System.java:1657)
02-11 11:20:39.646 18493 18493 W System.err: at arm.EpicVm.<clinit>(Unknown
Source:2)
02-11 11:20:39.646 18493 18493 W System.err: at
java.lang.Class.newInstance(Native Method)
02-11 11:20:39.646 18493 18493 W System.err: at
android.app.Instrumentation.newApplication(Instrumentation.java:1107)
02-11 11:20:39.646 18493 18493 W System.err: at
android.app.Instrumentation.newApplication(Instrumentation.java:1092)
02-11 11:20:39.646 18493 18493 W System.err: at
android.app.LoadedApk.makeApplication(LoadedApk.java:1001)
02-11 11:20:39.646 18493 18493 W System.err: at
android.app.ActivityThread.handleBindApplication(ActivityThread.java:5944)
02-11 11:20:39.646 18493 18493 W System.err: at android.app.ActivityThread.-
wrap1(Unknown Source:0)
02-11 11:20:39.646 18493 18493 W System.err: at
android.app.ActivityThread$H.handleMessage(ActivityThread.java:1774)
02-11 11:20:39.646 18493 18493 W System.err: at
android.os.Handler.dispatchMessage(Handler.java:106)
02-11 11:20:39.647 18493 18493 W System.err: at
android.os.Looper.loop(Looper.java:192)
02-11 11:20:39.647 18493 18493 W System.err: at
android.app.ActivityThread.main(ActivityThread.java:6759)
02-11 11:20:39.647 18493 18493 W System.err: at
java.lang.reflect.Method.invoke(Native Method)
02-11 11:20:39.647 18493 18493 W System.err: at
com.android.internal.os.RuntimeInit$MethodAndArgsCaller.run(RuntimeInit.java:556)
02-11 11:20:39.647 18493 18493 W System.err: at
com.android.internal.os.ZygoteInit.main(ZygoteInit.java:875)
02-11 11:20:39.647 18493 18493 W System.err: Caused by:
java.lang.NoClassDefFoundError: Failed resolution of:
Lcom/mbwhatsapp/components/Button;
02-11 11:20:39.647 18493 18493 W System.err: ... 18 more
02-11 11:20:39.647 18493 18493 W System.err: Caused by:
java.lang.ClassNotFoundException: Didn't find class
"com.mbwhatsapp.components.Button" on path: DexPathList[[zip file
"/data/app/com.mbwhatsapp-2eCzAfNioABUeYvUbT-fYw==/base.apk"],nativeLibraryDirector
ies=[/data/app/com.mbwhatsapp-2eCzAfNioABUeYvUbT-fYw==/lib/arm64,
/data/app/com.mbwhatsapp-2eCzAfNioABUeYvUbT-fYw==/base.apk!/lib/arm64-v8a,
/system/lib64, /vendor/lib64]]
02-11 11:20:39.647 18493 18493 W System.err: at
dalvik.system.BaseDexClassLoader.findClass(BaseDexClassLoader.java:125)
02-11 11:20:39.647 18493 18493 W System.err: at
java.lang.ClassLoader.loadClass(ClassLoader.java:379)
02-11 11:20:39.647 18493 18493 W System.err: at
java.lang.ClassLoader.loadClass(ClassLoader.java:312)
02-11 11:20:39.647 18493 18493 W System.err: ... 18 more
02-11 11:20:39.984 18493 18617 E : nFreeSize: 2759327744
02-11 11:20:39.992 18493 18493 E CustomActivityOnCrash: IMPORTANT WARNING! You
already have an UncaughtExceptionHandler, are you sure this is correct? If you use
a custom UncaughtExceptionHandler, you must initialize it AFTER
CustomActivityOnCrash! Installing anyway, but your original handler will not be
called.
02-11 11:20:40.210 18493 18493 W ContextImpl: Failed to ensure
/dev/null/Android/media/com.mbwhatsapp: -404
02-11 11:20:42.308 18493 18493 E : nFreeSize: 2759278592
02-11 11:20:42.310 18493 18493 E : nFreeSize: 2759278592
02-11 11:20:42.433 18493 18493 W linker :
"/data/data/com.mbwhatsapp/files/decompressed/libs.spk.zst/libc++_shared.so" unused
DT entry: type 0x70000001 arg 0x0
--------- beginning of main
02-11 11:20:59.798 18493 18773 E : nFreeSize: 2762022912
02-11 11:20:59.821 18493 18828 E : nFreeSize: 2762010624
02-11 11:21:00.259 18493 19595 E : nFreeSize: 2762035200
02-11 11:21:00.449 18493 18773 E : nFreeSize: 2762035200
02-11 11:21:01.422 18493 18968 E : nFreeSize: 2761953280
02-11 11:21:02.524 18493 19595 E : nFreeSize: 2761867264
02-11 11:21:03.929 18493 18968 E : nFreeSize: 2761838592
02-11 11:21:14.445 18493 19040 W zygote64: Verification of void X.2hq.<init>(X.35r,
X.35z, X.48z, X.49C) took 156.910ms
02-11 11:21:15.680 18493 18503 W zygote64: Suspending all threads took: 102.719ms
02-11 11:21:17.418 18493 18773 E : nFreeSize: 2753785856
02-11 11:21:17.660 18493 19595 E : nFreeSize: 2753777664
02-11 11:21:17.663 18493 18773 E : nFreeSize: 2753777664
02-11 11:21:17.908 18493 18773 E : nFreeSize: 2753691648
02-11 11:21:17.918 18493 19595 E : nFreeSize: 2753675264
02-11 11:21:18.105 18493 19595 E : nFreeSize: 2753667072
02-11 11:21:19.466 18493 18968 E : nFreeSize: 2753724416
02-11 11:21:20.206 18493 18968 E : nFreeSize: 2753720320
02-11 11:21:23.255 18493 19750 W System : ClassLoader referenced unknown path:
system/framework/mediatek-cta.jar
02-11 11:21:24.385 18493 19750 W System : ClassLoader referenced unknown path:
system/framework/mediatek-cta.jar
02-11 11:21:26.523 18493 19750 W System : ClassLoader referenced unknown path:
system/framework/mediatek-cta.jar
--------- beginning of system
02-11 11:21:28.251 18493 18493 W System : ClassLoader referenced unknown path:
/system/vendor/framework/via-plugin.jar
02-11 11:21:32.204 18493 19595 E : nFreeSize: 2751991808
02-11 11:21:32.851 18493 19595 E : nFreeSize: 2751524864
02-11 11:21:32.940 18493 19595 E : nFreeSize: 2751467520
02-11 11:21:33.333 18493 18773 E : nFreeSize: 2751299584
02-11 11:21:33.748 18493 19595 E : nFreeSize: 2751152128
02-11 11:21:33.768 18493 18773 E : nFreeSize: 2751152128
02-11 11:21:39.736 18493 18773 E : nFreeSize: 2747891712
02-11 11:21:39.955 18493 19595 E : nFreeSize: 2748076032
02-11 11:21:44.207 18493 18773 E : nFreeSize: 2744688640
02-11 11:21:44.724 18493 18828 E : nFreeSize: 2744610816
02-11 11:21:45.525 18493 18828 E : nFreeSize: 2744143872
02-11 11:21:45.629 18493 18773 E : nFreeSize: 2744107008
02-11 11:21:46.995 18493 18503 W zygote64: Suspending all threads took: 46.898ms
02-11 11:21:48.911 18493 18968 E : nFreeSize: 2742312960
02-11 11:21:49.223 18493 18968 E : nFreeSize: 2742276096
02-11 11:21:49.819 18493 18773 E : nFreeSize: 2741985280
02-11 11:21:49.885 18493 18828 E : nFreeSize: 2741968896
02-11 11:21:50.305 18493 18773 E : nFreeSize: 2741518336
02-11 11:21:50.481 18493 18773 E : nFreeSize: 2741497856
02-11 11:21:50.502 18493 18828 E : nFreeSize: 2741497856
02-11 11:21:50.700 18493 19595 E : nFreeSize: 2741489664
02-11 11:21:51.383 18493 18773 E : nFreeSize: 2741440512
02-11 11:21:51.659 18493 18773 E : nFreeSize: 2741411840
02-11 11:21:52.333 18493 18773 E : nFreeSize: 2741370880
02-11 11:21:53.039 18493 18773 E : nFreeSize: 2741313536
02-11 11:21:53.444 18493 18773 E : nFreeSize: 2741317632
02-11 11:21:53.860 18493 18773 E : nFreeSize: 2741297152
02-11 11:21:53.881 18493 18828 E : nFreeSize: 2741293056
02-11 11:21:54.533 18493 18773 E : nFreeSize: 2741280768
02-11 11:21:54.846 18493 18828 E : nFreeSize: 2741239808
02-11 11:21:56.886 18493 18968 E : nFreeSize: 2741030912
02-11 11:21:57.853 18493 18968 E : nFreeSize: 2741121024
02-11 11:21:58.193 18493 18493 W zygote64: Verification of void
com.whatsapp.media.transcode.MediaTranscodeService.A00() took 104.092ms
02-11 11:21:58.307 18493 18828 E : nFreeSize: 2741084160
02-11 11:21:59.235 18493 18828 E : nFreeSize: 2741035008
02-11 11:22:01.015 18493 18773 E : nFreeSize: 2740891648
02-11 11:22:01.187 18493 18828 E : nFreeSize: 2740871168
02-11 11:22:01.408 18493 18773 E : nFreeSize: 2740858880
02-11 11:22:01.693 18493 18503 W zygote64: Suspending all threads took: 36.697ms
02-11 11:22:03.781 18493 18773 E : nFreeSize: 2740584448
02-11 11:22:04.643 18493 18773 E : nFreeSize: 2740461568
02-11 11:22:06.388 18493 18968 E : nFreeSize: 2740113408
02-11 11:22:06.691 18493 18968 E : nFreeSize: 2740011008
02-11 11:22:09.032 18493 18773 E : nFreeSize: 2739675136
02-11 11:22:09.301 18493 18773 E : nFreeSize: 2739318784
02-11 11:22:09.329 18493 18773 E : nFreeSize: 2739318784
02-11 11:22:09.952 18493 18968 E : nFreeSize: 2739191808
02-11 11:22:09.957 18493 18968 E : nFreeSize: 2739191808
02-11 11:22:10.903 18493 18503 W zygote64: Suspending all threads took: 18.839ms
02-11 11:22:10.933 18493 18773 E : nFreeSize: 2738995200
02-11 11:22:11.527 18493 18773 E : nFreeSize: 2738835456
02-11 11:22:11.541 18493 20656 W zygote64: Verification of void
X.7cs.A00(java.lang.String) took 103.986ms
02-11 11:22:12.059 18493 18773 E : nFreeSize: 2738728960
02-11 11:22:12.300 18493 18773 E : nFreeSize: 2738733056
02-11 11:22:14.716 18493 20700 E : nFreeSize: 2738253824
02-11 11:22:15.012 18493 20687 W System : ClassLoader referenced unknown path:
system/framework/mediatek-cta.jar
02-11 11:22:15.061 18493 18828 E : nFreeSize: 2738139136
02-11 11:22:15.177 18493 20687 W System : ClassLoader referenced unknown path:
system/framework/mediatek-cta.jar
02-11 11:22:15.214 18493 18968 E : nFreeSize: 2738135040
02-11 11:22:15.446 18493 18968 E : nFreeSize: 2738069504
02-11 11:22:16.837 18493 20687 E : nFreeSize: 2737684480
02-11 11:22:18.433 18493 18773 E : nFreeSize: 2737541120
02-11 11:22:18.641 18493 18828 E : nFreeSize: 2737537024
02-11 11:22:18.739 18493 18828 E : nFreeSize: 2737479680
02-11 11:22:19.589 18493 20687 E : nFreeSize: 2737299456
02-11 11:22:19.702 18493 18503 W zygote64: Suspending all threads took: 50.642ms
02-11 11:22:20.680 18493 20015 W OkHttpClient: A connection to https://31.13.95.60/
was leaked. Did you forget to close a response body?
02-11 11:22:21.570 18493 19165 W System : ClassLoader referenced unknown path:
system/framework/mediatek-cta.jar
02-11 11:22:21.697 18493 18773 E : nFreeSize: 2736336896
02-11 11:22:21.749 18493 18968 E : nFreeSize: 2736308224
02-11 11:22:21.758 18493 18968 E : nFreeSize: 2736308224
02-11 11:22:21.788 18493 18773 E : nFreeSize: 2736291840
02-11 11:22:21.799 18493 18828 E : nFreeSize: 2736287744
02-11 11:22:22.552 18493 18828 E : nFreeSize: 2736046080
02-11 11:22:22.613 18493 18773 E : nFreeSize: 2736009216
02-11 11:22:23.141 18493 18773 E : nFreeSize: 2735800320
02-11 11:22:23.174 18493 18828 E : nFreeSize: 2735747072
02-11 11:22:23.618 18493 18939 E SQLiteDatabase: Error inserting media_duration=0
file_path=/data/user/0/com.mbwhatsapp/files/ViewOnce/IMG-lsgxw9h1.jpg transferred=1
thumbnail_height_width_ratio=2.25 face_y=0 face_x=0 trim_from=0 media_caption=null
transcoded=0 message_url=https://mmg.whatsapp.net/o1/v/t62.7118-24/f1/m233/up-oil-
image-fde18cea-6ae8-4361-9052-529cc3a7fa73?ccb=9-
4&oh=01_AdRESQzwvTvP2H048vsQZf3pLO4M4bLFvK2BFNTaWw6zgA&oe=65EFA2D5&_nc_sid=000000&m
ms3=true first_scan_sidecar=[B@df737bc direct_path=/o1/v/t62.7118-24/f1/m233/up-
oil-image-fde18cea-6ae8-4361-9052-529cc3a7fa73?ccb=9-
4&oh=01_AdRESQzwvTvP2H048vsQZf3pLO4M4bLFvK2BFNTaWw6zgA&oe=65EFA2D5&_nc_sid=000000
original_file_hash=null is_animated_sticker=0 media_name=null
has_streaming_sidecar=1 partial_media_enc_hash=null media_key=[B@ca63345
multicast_id=null page_count=0 height=1280
partial_media_hash=B98z3fJgIz9RtIMfgnwW+0n6dFHtqsqBs/44ozhCEyQ= gif_attribution=0
mute_video=0 autotransfer_retry_enabled=1 first_scan_length=4782 trim_to=0
media_key_timestamp=1707618679000 file_size=52559 chat_row_id=20
media_job_uuid=39ba1d56-e5b8-4d46-ba5e-51bf9898c148 message_row_id=6226
enc_file_hash=MCXm5QJj0A7LsAcGICy3YQ2Xl4cjM62CNZOIrwzVP3s=
file_hash=fdH/vKgW6qU67B3XXs0cXW3mX0yWoEuABC4HixTos2w= mime_type=image/jpeg
media_upload_handle=null suspicious_content=0 width=576 file_length=52559
02-11 11:22:23.618 18493 18939 E SQLiteDatabase:
android.database.sqlite.SQLiteConstraintException: UNIQUE constraint failed:
message_media.message_row_id (code 1555)
02-11 11:22:23.618 18493 18939 E SQLiteDatabase: at
android.database.sqlite.SQLiteConnection.nativeExecuteForLastInsertedRowId(Native
Method)
02-11 11:22:23.618 18493 18939 E SQLiteDatabase: at
android.database.sqlite.SQLiteConnection.executeForLastInsertedRowId(SQLiteConnecti
on.java:806)
02-11 11:22:23.618 18493 18939 E SQLiteDatabase: at
android.database.sqlite.SQLiteSession.executeForLastInsertedRowId(SQLiteSession.jav
a:788)
02-11 11:22:23.618 18493 18939 E SQLiteDatabase: at
android.database.sqlite.SQLiteStatement.executeInsert(SQLiteStatement.java:86)
02-11 11:22:23.618 18493 18939 E SQLiteDatabase: at
android.database.sqlite.SQLiteDatabase.insertWithOnConflict(SQLiteDatabase.java:154
8)
02-11 11:22:23.618 18493 18939 E SQLiteDatabase: at
android.database.sqlite.SQLiteDatabase.insert(SQLiteDatabase.java:1417)
02-11 11:22:23.618 18493 18939 E SQLiteDatabase: at X.2tm.A08(Unknown
Source:6)
02-11 11:22:23.618 18493 18939 E SQLiteDatabase: at X.35Y.A07(Unknown
Source:212)
02-11 11:22:23.618 18493 18939 E SQLiteDatabase: at X.3QF.A14(Unknown
Source:470)
02-11 11:22:23.618 18493 18939 E SQLiteDatabase: at X.3gU.run(Unknown
Source:982)
02-11 11:22:23.618 18493 18939 E SQLiteDatabase: at
android.os.Handler.handleCallback(Handler.java:790)
02-11 11:22:23.618 18493 18939 E SQLiteDatabase: at
android.os.Handler.dispatchMessage(Handler.java:99)
02-11 11:22:23.618 18493 18939 E SQLiteDatabase: at
X.0zq.dispatchMessage(Unknown Source:4)
02-11 11:22:23.618 18493 18939 E SQLiteDatabase: at
android.os.Looper.loop(Looper.java:192)
