02-10 20:38:44.049 31660 31660 E ArmVmp : Match on catch block at 0xc3 in for 0xa9
02-10 20:38:44.053 31660 31660 E ArmVmp : Match on catch block at 0xc3 in for 0xa1
02-10 20:38:44.549 31660 31660 E ArmVmp : Match on catch block at 0xc3 in for 0xa1
02-10 20:38:44.552 31660 31660 E ArmVmp : Match on catch block at 0xc3 in for 0xa5
02-10 20:38:44.673 31660 31660 E ArmVmp : Match on catch block at 0xc3 in for 0xa9
02-10 20:38:44.677 31660 31660 E ArmVmp : Match on catch block at 0xc3 in for 0xa1
02-10 20:38:44.685 31660 31660 E ArmVmp : Match on catch block at 0xc3 in for 0xa1
02-10 20:38:44.689 31660 31660 E ArmVmp : Match on catch block at 0xc3 in for 0xa5
02-10 20:38:45.066 31660 31660 E ArmVmp : Match on catch block at 0xc3 in for 0xa5
02-10 20:38:45.070 31660 31660 E ArmVmp : Match on catch block at 0xc3 in for 0xa9
02-10 20:38:45.566 31660 31660 E ArmVmp : Match on catch block at 0xc3 in for 0xa9
02-10 20:38:45.569 31660 31660 E ArmVmp : Match on catch block at 0xc3 in for 0xa1
02-10 20:38:46.065 31660 31660 E ArmVmp : Match on catch block at 0xc3 in for 0xa1
02-10 20:38:46.068 31660 31660 E ArmVmp : Match on catch block at 0xc3 in for 0xa5
02-10 20:38:46.282 31660 31660 E ArmVmp : Match on catch block at 0xc3 in for 0xa5
02-10 20:38:46.285 31660 31660 E ArmVmp : Match on catch block at 0xc3 in for 0xa9
02-10 20:38:46.297 31660 31660 E ArmVmp : Match on catch block at 0xc3 in for 0xa9
02-10 20:38:46.301 31660 31660 E ArmVmp : Match on catch block at 0xc3 in for 0xa1
02-10 20:38:46.314 31660 31660 E ArmVmp : Match on catch block at 0xc3 in for 0xa1
02-10 20:38:46.318 31660 31660 E ArmVmp : Match on catch block at 0xc3 in for 0xa5
02-10 20:38:46.331 31660 31660 E ArmVmp : Match on catch block at 0xc3 in for 0xa5
02-10 20:38:46.336 31660 31660 E ArmVmp : Match on catch block at 0xc3 in for 0xa9
02-10 20:38:46.348 31660 31660 E ArmVmp : Match on catch block at 0xc3 in for 0xa9
02-10 20:38:46.353 31660 31660 E ArmVmp : Match on catch block at 0xc3 in for 0xa1
02-10 20:38:46.364 31660 31660 E ArmVmp : Match on catch block at 0xc3 in for 0xa1
02-10 20:38:46.368 31660 31660 E ArmVmp : Match on catch block at 0xc3 in for 0xa5
02-10 20:38:46.381 31660 31660 E ArmVmp : Match on catch block at 0xc3 in for 0xa5
02-10 20:38:46.385 31660 31660 E ArmVmp : Match on catch block at 0xc3 in for 0xa9
02-10 20:38:46.397 31660 31660 E ArmVmp : Match on catch block at 0xc3 in for 0xa9
02-10 20:38:46.402 31660 31660 E ArmVmp : Match on catch block at 0xc3 in for 0xa1
02-10 20:38:46.425 31660 31660 W StaticLayout: maxLineHeight should not be -1.
maxLines:1 lineCount:1
02-10 20:38:46.427 31660 31660 W StaticLayout: maxLineHeight should not be -1.
maxLines:1 lineCount:1
02-10 20:38:46.508 31660 31694 E : nFreeSize: 3502350336
02-10 20:38:46.523 31660 31660 E ArmVmp : Match on catch block at 0xc3 in for 0xa9
02-10 20:38:46.526 31660 31660 E ArmVmp : Match on catch block at 0xc3 in for 0xa1
02-10 20:38:46.559 31660 31730 W MediaPlayer: Use of stream types is deprecated for
operations other than volume control
02-10 20:38:46.560 31660 31730 W MediaPlayer: See the documentation of
setAudioStreamType() for what to use instead with android.media.AudioAttributes to
qualify your playback use case
02-10 20:38:46.564 31660 31730 E AudioFeatures: Application cannot support or
Zenmode close
02-10 20:38:46.568 31660 31660 E ArmVmp : Match on catch block at 0xc3 in for 0xa1
02-10 20:38:46.572 31660 31660 E ArmVmp : Match on catch block at 0xc3 in for 0xa5
02-10 20:38:46.611 31660 31660 E ArmVmp : Match on catch block at 0xc3 in for 0xa1
02-10 20:38:46.614 31660 31660 E ArmVmp : Match on catch block at 0xc3 in for 0xa5
02-10 20:38:46.626 31660 31660 E ArmVmp : Match on catch block at 0xc3 in for 0xa1
02-10 20:38:46.629 31660 31660 E ArmVmp : Match on catch block at 0xc3 in for 0xa5
02-10 20:38:47.113 31660 31660 E ArmVmp : Match on catch block at 0xc3 in for 0xa9
02-10 20:38:47.116 31660 31660 E ArmVmp : Match on catch block at 0xc3 in for 0xa1
02-10 20:38:47.385 31660 31660 W PlayerBase: baseStop state not match:4
02-10 20:38:47.614 31660 31660 E ArmVmp : Match on catch block at 0xc3 in for 0xa1
02-10 20:38:47.617 31660 31660 E ArmVmp : Match on catch block at 0xc3 in for 0xa5
02-10 20:38:47.834 31660 31710 E : nFreeSize: 3502346240
02-10 20:38:47.838 31660 31710 E : nFreeSize: 3502346240
02-10 20:38:48.113 31660 31660 E ArmVmp : Match on catch block at 0xc3 in for 0xa5
02-10 20:38:48.117 31660 31660 E ArmVmp : Match on catch block at 0xc3 in for 0xa9
02-10 20:38:48.213 31660 31660 E ArmVmp : Match on catch block at 0xc3 in for 0xa9
02-10 20:38:48.216 31660 31660 E ArmVmp : Match on catch block at 0xc3 in for 0xa1
02-10 20:38:48.229 31660 31660 E ArmVmp : Match on catch block at 0xc3 in for 0xa1
02-10 20:38:48.233 31660 31660 E ArmVmp : Match on catch block at 0xc3 in for 0xa5
02-10 20:38:48.246 31660 31660 E ArmVmp : Match on catch block at 0xc3 in for 0xa5
02-10 20:38:48.250 31660 31660 E ArmVmp : Match on catch block at 0xc3 in for 0xa9
02-10 20:38:48.262 31660 31660 E ArmVmp : Match on catch block at 0xc3 in for 0xa9
02-10 20:38:48.267 31660 31660 E ArmVmp : Match on catch block at 0xc3 in for 0xa1
02-10 20:38:48.279 31660 31660 E ArmVmp : Match on catch block at 0xc3 in for 0xa1
02-10 20:38:48.283 31660 31660 E ArmVmp : Match on catch block at 0xc3 in for 0xa5
02-10 20:38:48.296 31660 31660 E ArmVmp : Match on catch block at 0xc3 in for 0xa5
02-10 20:38:48.300 31660 31660 E ArmVmp : Match on catch block at 0xc3 in for 0xa9
02-10 20:38:48.312 31660 31660 E ArmVmp : Match on catch block at 0xc3 in for 0xa9
02-10 20:38:48.316 31660 31660 E ArmVmp : Match on catch block at 0xc3 in for 0xa1
02-10 20:38:48.329 31660 31660 E ArmVmp : Match on catch block at 0xc3 in for 0xa1
02-10 20:38:48.333 31660 31660 E ArmVmp : Match on catch block at 0xc3 in for 0xa5
02-10 20:38:48.345 31660 31660 E ArmVmp : Match on catch block at 0xc3 in for 0xa5
02-10 20:38:48.350 31660 31660 E ArmVmp : Match on catch block at 0xc3 in for 0xa9
02-10 20:38:48.363 31660 31660 E ArmVmp : Match on catch block at 0xc3 in for 0xa9
02-10 20:38:48.366 31660 31660 E ArmVmp : Match on catch block at 0xc3 in for 0xa1
02-10 20:38:48.379 31660 31660 E ArmVmp : Match on catch block at 0xc3 in for 0xa1
02-10 20:38:48.383 31660 31660 E ArmVmp : Match on catch block at 0xc3 in for 0xa5
02-10 20:38:48.396 31660 31660 E ArmVmp : Match on catch block at 0xc3 in for 0xa5
02-10 20:38:48.399 31660 31660 E ArmVmp : Match on catch block at 0xc3 in for 0xa9
02-10 20:38:48.412 31660 31660 E ArmVmp : Match on catch block at 0xc3 in for 0xa9
02-10 20:38:48.416 31660 31660 E ArmVmp : Match on catch block at 0xc3 in for 0xa1
02-10 20:38:48.429 31660 31660 E ArmVmp : Match on catch block at 0xc3 in for 0xa1
02-10 20:38:48.433 31660 31660 E ArmVmp : Match on catch block at 0xc3 in for 0xa5
02-10 20:38:48.446 31660 31660 E ArmVmp : Match on catch block at 0xc3 in for 0xa5
02-10 20:38:48.450 31660 31660 E ArmVmp : Match on catch block at 0xc3 in for 0xa9
02-10 20:38:48.462 31660 31660 E ArmVmp : Match on catch block at 0xc3 in for 0xa9
02-10 20:38:48.466 31660 31660 E ArmVmp : Match on catch block at 0xc3 in for 0xa1
02-10 20:38:48.568 31660 31660 E ArmVmp : Match on catch block at 0xc3 in for 0xa5
02-10 20:38:48.571 31660 31660 E ArmVmp : Match on catch block at 0xc3 in for 0xa9
02-10 20:38:48.579 31660 31660 E ArmVmp : Match on catch block at 0xc3 in for 0xa9
02-10 20:38:48.583 31660 31660 E ArmVmp : Match on catch block at 0xc3 in for 0xa1
02-10 20:38:48.605 31660 31660 E ArmVmp : Match on catch block at 0xc3 in for 0xa9
02-10 20:38:48.608 31660 31660 E ArmVmp : Match on catch block at 0xc3 in for 0xa1
02-10 20:38:48.679 31660 31660 E ArmVmp : Match on catch block at 0xc3 in for 0xa5
02-10 20:38:48.682 31660 31660 E ArmVmp : Match on catch block at 0xc3 in for 0xa9
02-10 20:38:48.762 31660 31694 E : nFreeSize: 3502346240
02-10 20:38:48.768 31660 31694 E : nFreeSize: 3502346240
02-10 20:38:48.837 31660 31660 W PlayerBase: baseStop state not match:4
02-10 20:38:48.881 31660 31660 E ArmVmp : Match on catch block at 0xc3 in for 0xa1
02-10 20:38:48.884 31660 31660 E ArmVmp : Match on catch block at 0xc3 in for 0xa5
02-10 20:38:51.575 31660 31710 E : nFreeSize: 3502346240
02-10 20:38:51.578 31660 31710 E : nFreeSize: 3502346240
02-10 20:38:52.349 31660 31660 W StaticLayout: maxLineHeight should not be -1.
maxLines:1 lineCount:1
02-10 20:38:53.365 31660 31660 E : nFreeSize: 3502342144
02-10 20:38:53.371 31660 31660 E : nFreeSize: 3502342144
02-10 20:38:53.394 31660 31660 E ArmVmp : Match on catch block at 0x0a in for 0xc1
02-10 20:38:53.399 31660 32408 W System : ClassLoader referenced unknown path:
system/framework/mediatek-cta.jar
02-10 20:38:53.401 31660 31660 E ArmVmp : Match on catch block at 0x0a in for 0xc9
02-10 20:38:53.466 31660 31694 E : nFreeSize: 3502342144
02-10 20:38:53.581 31660 32408 W System : ClassLoader referenced unknown path:
system/framework/mediatek-cta.jar
02-10 20:38:53.752 31660 31660 E ArmVmp : Match on catch block at 0xc3 in for 0xb5
02-10 20:38:53.758 31660 31660 E ArmVmp : Match on catch block at 0xc3 in for 0xb5
02-10 20:38:53.763 31660 31660 E ArmVmp : Match on catch block at 0xc3 in for 0xb5
02-10 20:38:53.900 31660 31660 E ArmVmp : Match on catch block at 0xc3 in for 0xa9
02-10 20:38:53.903 31660 31660 E ArmVmp : Match on catch block at 0xc3 in for 0xa1
02-10 20:38:53.907 31660 31660 E ArmVmp : Match on catch block at 0xc3 in for 0xa1
02-10 20:38:54.077 31660 31866 E : nFreeSize: 3502309376
02-10 20:38:54.781 31660 31660 E ArmVmp : Match on catch block at 0xc3 in for 0xa5
02-10 20:38:54.784 31660 31660 E ArmVmp : Match on catch block at 0xc3 in for 0xa9
02-10 20:38:54.786 31660 31660 E ArmVmp : Match on catch block at 0xc3 in for 0xa9
02-10 20:38:54.808 31660 32449 E : nFreeSize: 3502247936
02-10 20:38:54.981 31660 31660 E ArmVmp : Match on catch block at 0xc3 in for 0xa5
02-10 20:38:54.984 31660 31660 E ArmVmp : Match on catch block at 0xc3 in for 0xa9
02-10 20:38:54.987 31660 31660 E ArmVmp : Match on catch block at 0xc3 in for 0xa9
02-10 20:38:55.071 31660 31660 E ArmVmp : Match on catch block at 0xc3 in for 0xa5
02-10 20:38:55.075 31660 31660 E ArmVmp : Match on catch block at 0xc3 in for 0xa9
02-10 20:38:55.077 31660 31660 E ArmVmp : Match on catch block at 0xc3 in for 0xa9
02-10 20:38:55.116 31660 31660 E ArmVmp : Match on catch block at 0xc3 in for 0xa1
02-10 20:38:55.119 31660 31660 E ArmVmp : Match on catch block at 0xc3 in for 0xa5
02-10 20:38:55.123 31660 31660 E ArmVmp : Match on catch block at 0xc3 in for 0xa5
02-10 20:38:55.159 31660 31660 E ArmVmp : Match on catch block at 0xc3 in for 0xa1
02-10 20:38:55.162 31660 31660 E ArmVmp : Match on catch block at 0xc3 in for 0xa5
02-10 20:38:55.164 31660 31660 E ArmVmp : Match on catch block at 0xc3 in for 0xa5
02-10 20:38:55.183 31660 31660 E ArmVmp : Match on catch block at 0xc3 in for 0xa9
02-10 20:38:55.186 31660 31660 E ArmVmp : Match on catch block at 0xc3 in for 0xa1
02-10 20:38:55.189 31660 31660 E ArmVmp : Match on catch block at 0xc3 in for 0xa1
02-10 20:38:55.208 31660 31660 E ArmVmp : Match on catch block at 0xc3 in for 0xa5
02-10 20:38:55.211 31660 31660 E ArmVmp : Match on catch block at 0xc3 in for 0xa9
02-10 20:38:55.214 31660 31660 E ArmVmp : Match on catch block at 0xc3 in for 0xa9
02-10 20:38:55.225 31660 31660 E ArmVmp : Match on catch block at 0xc3 in for 0xa1
02-10 20:38:55.228 31660 31660 E ArmVmp : Match on catch block at 0xc3 in for 0xa5
02-10 20:38:55.230 31660 31660 E ArmVmp : Match on catch block at 0xc3 in for 0xa5
02-10 20:38:55.362 31660 31768 E : nFreeSize: 3502166016
02-10 20:38:55.595 31660 31660 E ArmVmp : Match on catch block at 0xc3 in for 0xa5
02-10 20:38:55.599 31660 31660 E ArmVmp : Match on catch block at 0xc3 in for 0xa9
02-10 20:38:55.602 31660 31660 E ArmVmp : Match on catch block at 0xc3 in for 0xa9
02-10 20:38:55.637 31660 31660 E ArmVmp : Match on catch block at 0xc3 in for 0xa5
02-10 20:38:55.641 31660 31660 E ArmVmp : Match on catch block at 0xc3 in for 0xa9
02-10 20:38:55.644 31660 31660 E ArmVmp : Match on catch block at 0xc3 in for 0xa9
02-10 20:38:55.752 31660 31660 E ArmVmp : Match on catch block at 0xc3 in for 0xa9
02-10 20:38:55.756 31660 31660 E ArmVmp : Match on catch block at 0xc3 in for 0xa1
02-10 20:38:55.759 31660 31660 E ArmVmp : Match on catch block at 0xc3 in for 0xa1
02-10 20:38:55.789 31660 31866 E : nFreeSize: 3502084096
02-10 20:38:55.798 31660 31866 E : nFreeSize: 3502075904
02-10 20:38:55.952 31660 31660 E ArmVmp : Match on catch block at 0xc3 in for 0xa1
02-10 20:38:55.957 31660 31660 E ArmVmp : Match on catch block at 0xc3 in for 0xa5
02-10 20:38:55.960 31660 31660 E ArmVmp : Match on catch block at 0xc3 in for 0xa5
02-10 20:38:56.243 31660 31660 E ArmVmp : Match on catch block at 0xc3 in for 0xa5
02-10 20:38:56.245 31660 31660 E ArmVmp : Match on catch block at 0xc3 in for 0xa9
02-10 20:38:56.248 31660 31660 E ArmVmp : Match on catch block at 0xc3 in for 0xa9
02-10 20:38:56.396 31660 31710 E : nFreeSize: 3502026752
02-10 20:38:56.398 31660 31710 E : nFreeSize: 3502026752
02-10 20:38:57.814 31660 31660 E : nFreeSize: 3502022656
02-10 20:38:57.871 31660 31660 E : nFreeSize: 3502022656
02-10 20:38:58.201 31660 31660 E : nFreeSize: 3502022656
02-10 20:38:58.208 31660 31660 E : nFreeSize: 3502022656
02-10 20:38:58.241 31660 31660 E ArmVmp : Match on catch block at 0x0a in for 0xc1
02-10 20:38:58.245 31660 32388 W System : ClassLoader referenced unknown path:
system/framework/mediatek-cta.jar
02-10 20:38:58.246 31660 31660 E ArmVmp : Match on catch block at 0x0a in for 0xc9
02-10 20:38:58.302 31660 32394 E : nFreeSize: 3502022656
02-10 20:38:58.379 31660 32388 W System : ClassLoader referenced unknown path:
system/framework/mediatek-cta.jar
02-10 20:38:58.764 31660 31660 W View : requestLayout() improperly called by
X.4rg{e6f6641 V.E....L. ......ID 0,101-720,908} during layout: running second
layout pass
02-10 20:38:58.765 31660 31660 W View : requestLayout() improperly called by
android.widget.LinearLayout{ddc87e6 V.E...... ......ID 71,2-539,799 #7f0b0e50
app:id/main_layout} during layout: running second layout pass
02-10 20:38:58.765 31660 31660 W View : requestLayout() improperly called by
com.mbwhatsapp.conversation.conversationrow.ConversationRowImage$RowImageView{a3221
27 VFED..CL. ......ID 6,6-462,614 #7f0b0c84 app:id/image} during layout: running
second layout pass
02-10 20:38:58.776 31660 31660 E ArmVmp : Match on catch block at 0xc3 in for 0xb9
02-10 20:38:58.784 31660 31660 E ArmVmp : Match on catch block at 0xc3 in for 0xb9
02-10 20:38:58.789 31660 31660 E ArmVmp : Match on catch block at 0xc3 in for 0xb9
02-10 20:38:58.851 31660 32394 E : nFreeSize: 3502018560
02-10 20:39:00.076 31660 31660 E ArmVmp : Match on catch block at 0xc3 in for 0xa5
02-10 20:39:00.082 31660 31660 E ArmVmp : Match on catch block at 0xc3 in for 0xa9
02-10 20:39:00.085 31660 31660 E ArmVmp : Match on catch block at 0xc3 in for 0xa9
02-10 20:39:00.259 31660 31660 W View : requestLayout() improperly called by
X.4rg{e6f6641 V.E....L. ......ID 0,101-720,908} during second layout pass: posting
in next frame
02-10 20:39:00.259 31660 31660 W View : requestLayout() improperly called by
android.widget.LinearLayout{ddc87e6 V.E...... .......D 71,2-539,799 #7f0b0e50
app:id/main_layout} during second layout pass: posting in next frame
02-10 20:39:00.276 31660 31660 E ArmVmp : Match on catch block at 0xc3 in for 0xa1
02-10 20:39:00.280 31660 31660 E ArmVmp : Match on catch block at 0xc3 in for 0xa5
02-10 20:39:00.283 31660 31660 E ArmVmp : Match on catch block at 0xc3 in for 0xa5
02-10 20:39:00.329 31660 32394 E : nFreeSize: 3502039040
02-10 20:39:00.335 31660 31660 E ArmVmp : Match on catch block at 0xc3 in for 0xa1
02-10 20:39:00.341 31660 31660 E ArmVmp : Match on catch block at 0xc3 in for 0xa5
02-10 20:39:00.344 31660 31660 E ArmVmp : Match on catch block at 0xc3 in for 0xa5
02-10 20:39:00.394 31660 31660 E ArmVmp : Match on catch block at 0xc3 in for 0xa1
02-10 20:39:00.398 31660 31660 E ArmVmp : Match on catch block at 0xc3 in for 0xa5
02-10 20:39:00.402 31660 31660 E ArmVmp : Match on catch block at 0xc3 in for 0xa5
02-10 20:39:00.421 31660 31660 E ArmVmp : Match on catch block at 0xc3 in for 0xa1
02-10 20:39:00.425 31660 31660 E ArmVmp : Match on catch block at 0xc3 in for 0xa5
02-10 20:39:00.428 31660 31660 E ArmVmp : Match on catch block at 0xc3 in for 0xa5
02-10 20:39:00.448 31660 31660 E ArmVmp : Match on catch block at 0xc3 in for 0xa9
02-10 20:39:00.453 31660 31660 E ArmVmp : Match on catch block at 0xc3 in for 0xa1
02-10 20:39:00.455 31660 31660 E ArmVmp : Match on catch block at 0xc3 in for 0xa1
02-10 20:39:00.468 31660 31660 E ArmVmp : Match on catch block at 0xc3 in for 0xa5
02-10 20:39:00.472 31660 31660 E ArmVmp : Match on catch block at 0xc3 in for 0xa9
02-10 20:39:00.475 31660 31660 E ArmVmp : Match on catch block at 0xc3 in for 0xa9
02-10 20:39:00.484 31660 31660 E ArmVmp : Match on catch block at 0xc3 in for 0xa1
02-10 20:39:00.489 31660 31660 E ArmVmp : Match on catch block at 0xc3 in for 0xa5
02-10 20:39:00.493 31660 31660 E ArmVmp : Match on catch block at 0xc3 in for 0xa5
02-10 20:39:00.501 31660 31660 E ArmVmp : Match on catch block at 0xc3 in for 0xa9
02-10 20:39:00.505 31660 31660 E ArmVmp : Match on catch block at 0xc3 in for 0xa1
02-10 20:39:00.507 31660 31660 E ArmVmp : Match on catch block at 0xc3 in for 0xa1
02-10 20:39:00.517 31660 31660 E ArmVmp : Match on catch block at 0xc3 in for 0xa5
02-10 20:39:00.521 31660 31660 E ArmVmp : Match on catch block at 0xc3 in for 0xa9
02-10 20:39:00.523 31660 31660 E ArmVmp : Match on catch block at 0xc3 in for 0xa9
02-10 20:39:00.534 31660 31660 E ArmVmp : Match on catch block at 0xc3 in for 0xa1
02-10 20:39:00.538 31660 31660 E ArmVmp : Match on catch block at 0xc3 in for 0xa5
02-10 20:39:00.540 31660 31660 E ArmVmp : Match on catch block at 0xc3 in for 0xa5
02-10 20:39:00.550 31660 31660 E ArmVmp : Match on catch block at 0xc3 in for 0xa1
02-10 20:39:00.555 31660 31660 E ArmVmp : Match on catch block at 0xc3 in for 0xa5
02-10 20:39:00.557 31660 31660 E ArmVmp : Match on catch block at 0xc3 in for 0xa5
02-10 20:39:00.572 31660 31660 E ArmVmp : Match on catch block at 0xc3 in for 0xa1
02-10 20:39:00.576 31660 31660 E ArmVmp : Match on catch block at 0xc3 in for 0xa5
02-10 20:39:00.579 31660 31660 E ArmVmp : Match on catch block at 0xc3 in for 0xa5
02-10 20:39:00.594 31660 31660 E ArmVmp : Match on catch block at 0xc3 in for 0xa9
02-10 20:39:00.598 31660 31660 E ArmVmp : Match on catch block at 0xc3 in for 0xa1
02-10 20:39:00.601 31660 31660 E ArmVmp : Match on catch block at 0xc3 in for 0xa1
02-10 20:39:00.751 31660 31660 E ArmVmp : Match on catch block at 0xc3 in for 0xa5
02-10 20:39:00.756 31660 31660 E ArmVmp : Match on catch block at 0xc3 in for 0xa9
02-10 20:39:00.759 31660 31660 E ArmVmp : Match on catch block at 0xc3 in for 0xa9
02-10 20:39:01.251 31660 31660 E ArmVmp : Match on catch block at 0xc3 in for 0xa1
02-10 20:39:01.257 31660 31660 E ArmVmp : Match on catch block at 0xc3 in for 0xa5
02-10 20:39:01.259 31660 31660 E ArmVmp : Match on catch block at 0xc3 in for 0xa5
02-10 20:39:01.403 31660 31660 E ArmVmp : Match on catch block at 0xc3 in for 0xa5
02-10 20:39:01.407 31660 31660 E ArmVmp : Match on catch block at 0xc3 in for 0xa9
02-10 20:39:01.410 31660 31660 E ArmVmp : Match on catch block at 0xc3 in for 0xa9
02-10 20:39:01.423 31660 31660 E ArmVmp : Match on catch block at 0xc3 in for 0xa1
02-10 20:39:01.428 31660 31660 E ArmVmp : Match on catch block at 0xc3 in for 0xa5
02-10 20:39:01.431 31660 31660 E ArmVmp : Match on catch block at 0xc3 in for 0xa5
02-10 20:39:01.439 31660 31660 E ArmVmp : Match on catch block at 0xc3 in for 0xa5
02-10 20:39:01.445 31660 31660 E ArmVmp : Match on catch block at 0xc3 in for 0xa9
02-10 20:39:01.447 31660 31660 E ArmVmp : Match on catch block at 0xc3 in for 0xa9
02-10 20:39:01.455 31660 31660 E ArmVmp : Match on catch block at 0xc3 in for 0xa9
02-10 20:39:01.459 31660 31660 E ArmVmp : Match on catch block at 0xc3 in for 0xa1
02-10 20:39:01.463 31660 31660 E ArmVmp : Match on catch block at 0xc3 in for 0xa1
02-10 20:39:01.470 31660 31660 E ArmVmp : Match on catch block at 0xc3 in for 0xa1
02-10 20:39:01.475 31660 31660 E ArmVmp : Match on catch block at 0xc3 in for 0xa5
02-10 20:39:01.478 31660 31660 E ArmVmp : Match on catch block at 0xc3 in for 0xa5
02-10 20:39:01.485 31660 31660 E ArmVmp : Match on catch block at 0xc3 in for 0xa5
02-10 20:39:01.489 31660 31660 E ArmVmp : Match on catch block at 0xc3 in for 0xa9
02-10 20:39:01.493 31660 31660 E ArmVmp : Match on catch block at 0xc3 in for 0xa9
02-10 20:39:01.502 31660 31660 E ArmVmp : Match on catch block at 0xc3 in for 0xa9
02-10 20:39:01.507 31660 31660 E ArmVmp : Match on catch block at 0xc3 in for 0xa1
02-10 20:39:01.510 31660 31660 E ArmVmp : Match on catch block at 0xc3 in for 0xa1
02-10 20:39:01.519 31660 31660 E ArmVmp : Match on catch block at 0xc3 in for 0xa1
02-10 20:39:01.523 31660 31660 E ArmVmp : Match on catch block at 0xc3 in for 0xa5
02-10 20:39:01.526 31660 31660 E ArmVmp : Match on catch block at 0xc3 in for 0xa5
02-10 20:39:01.534 31660 31660 E ArmVmp : Match on catch block at 0xc3 in for 0xa9
02-10 20:39:01.540 31660 31660 E ArmVmp : Match on catch block at 0xc3 in for 0xa1
02-10 20:39:01.543 31660 31660 E ArmVmp : Match on catch block at 0xc3 in for 0xa1
02-10 20:39:01.550 31660 31660 E ArmVmp : Match on catch block at 0xc3 in for 0xa9
02-10 20:39:01.555 31660 31660 E ArmVmp : Match on catch block at 0xc3 in for 0xa1
02-10 20:39:01.559 31660 31660 E ArmVmp : Match on catch block at 0xc3 in for 0xa1
02-10 20:39:01.567 31660 31660 E ArmVmp : Match on catch block at 0xc3 in for 0xa9
02-10 20:39:01.572 31660 31660 E ArmVmp : Match on catch block at 0xc3 in for 0xa1
02-10 20:39:01.575 31660 31660 E ArmVmp : Match on catch block at 0xc3 in for 0xa1
02-10 20:39:01.584 31660 31660 E ArmVmp : Match on catch block at 0xc3 in for 0xa9
02-10 20:39:01.589 31660 31660 E ArmVmp : Match on catch block at 0xc3 in for 0xa1
02-10 20:39:01.592 31660 31660 E ArmVmp : Match on catch block at 0xc3 in for 0xa1
02-10 20:39:01.600 31660 31660 E ArmVmp : Match on catch block at 0xc3 in for 0xa9
02-10 20:39:01.606 31660 31660 E ArmVmp : Match on catch block at 0xc3 in for 0xa1
02-10 20:39:01.608 31660 31660 E ArmVmp : Match on catch block at 0xc3 in for 0xa1
02-10 20:39:01.617 31660 31660 E ArmVmp : Match on catch block at 0xc3 in for 0xa9
02-10 20:39:01.622 31660 31660 E ArmVmp : Match on catch block at 0xc3 in for 0xa1
02-10 20:39:01.625 31660 31660 E ArmVmp : Match on catch block at 0xc3 in for 0xa1
02-10 20:39:01.634 31660 31660 E ArmVmp : Match on catch block at 0xc3 in for 0xa9
02-10 20:39:01.639 31660 31660 E ArmVmp : Match on catch block at 0xc3 in for 0xa1
02-10 20:39:01.641 31660 31660 E ArmVmp : Match on catch block at 0xc3 in for 0xa1
02-10 20:39:01.650 31660 31660 E ArmVmp : Match on catch block at 0xc3 in for 0xa9
02-10 20:39:01.656 31660 31660 E ArmVmp : Match on catch block at 0xc3 in for 0xa1
02-10 20:39:01.658 31660 31660 E ArmVmp : Match on catch block at 0xc3 in for 0xa1
02-10 20:39:01.667 31660 31660 E ArmVmp : Match on catch block at 0xc3 in for 0xa9
02-10 20:39:01.672 31660 31660 E ArmVmp : Match on catch block at 0xc3 in for 0xa1
02-10 20:39:01.675 31660 31660 E ArmVmp : Match on catch block at 0xc3 in for 0xa1
02-10 20:39:01.684 31660 31660 E ArmVmp : Match on catch block at 0xc3 in for 0xa9
02-10 20:39:01.689 31660 31660 E ArmVmp : Match on catch block at 0xc3 in for 0xa1
02-10 20:39:01.692 31660 31660 E ArmVmp : Match on catch block at 0xc3 in for 0xa1
02-10 20:39:01.700 31660 31660 E ArmVmp : Match on catch block at 0xc3 in for 0xa9
02-10 20:39:01.706 31660 31660 E ArmVmp : Match on catch block at 0xc3 in for 0xa1
02-10 20:39:01.709 31660 31660 E ArmVmp : Match on catch block at 0xc3 in for 0xa1
02-10 20:39:01.716 31660 31660 E ArmVmp : Match on catch block at 0xc3 in for 0xa9
02-10 20:39:01.721 31660 31660 E ArmVmp : Match on catch block at 0xc3 in for 0xa1
02-10 20:39:01.725 31660 31660 E ArmVmp : Match on catch block at 0xc3 in for 0xa1
02-10 20:39:01.734 31660 31660 E ArmVmp : Match on catch block at 0xc3 in for 0xa9
02-10 20:39:01.740 31660 31660 E ArmVmp : Match on catch block at 0xc3 in for 0xa1
02-10 20:39:01.742 31660 31660 E ArmVmp : Match on catch block at 0xc3 in for 0xa1
02-10 20:39:01.750 31660 31660 E ArmVmp : Match on catch block at 0xc3 in for 0xa1
02-10 20:39:01.755 31660 31660 E ArmVmp : Match on catch block at 0xc3 in for 0xa5
02-10 20:39:01.758 31660 31660 E ArmVmp : Match on catch block at 0xc3 in for 0xa5
02-10 20:39:01.819 31660 31710 E : nFreeSize: 3502047232
02-10 20:39:01.820 31660 31710 E : nFreeSize: 3502047232
02-10 20:39:01.933 31660 31660 E ArmVmp : Match on catch block at 0xc3 in for 0xa9
02-10 20:39:01.938 31660 31660 E ArmVmp : Match on catch block at 0xc3 in for 0xa1
02-10 20:39:01.940 31660 31660 E ArmVmp : Match on catch block at 0xc3 in for 0xa1
02-10 20:39:01.950 31660 31660 E ArmVmp : Match on catch block at 0xc3 in for 0xa5
02-10 20:39:01.955 31660 31660 E ArmVmp : Match on catch block at 0xc3 in for 0xa9
02-10 20:39:01.958 31660 31660 E ArmVmp : Match on catch block at 0xc3 in for 0xa9
02-10 20:39:01.966 31660 31660 E ArmVmp : Match on catch block at 0xc3 in for 0xa1
02-10 20:39:01.972 31660 31660 E ArmVmp : Match on catch block at 0xc3 in for 0xa5
02-10 20:39:01.975 31660 31660 E ArmVmp : Match on catch block at 0xc3 in for 0xa5
02-10 20:39:01.983 31660 31660 E ArmVmp : Match on catch block at 0xc3 in for 0xa9
02-10 20:39:01.989 31660 31660 E ArmVmp : Match on catch block at 0xc3 in for 0xa1
02-10 20:39:01.992 31660 31660 E ArmVmp : Match on catch block at 0xc3 in for 0xa1
02-10 20:39:02.000 31660 31660 E ArmVmp : Match on catch block at 0xc3 in for 0xa5
02-10 20:39:02.005 31660 31660 E ArmVmp : Match on catch block at 0xc3 in for 0xa9
02-10 20:39:02.009 31660 31660 E ArmVmp : Match on catch block at 0xc3 in for 0xa9
02-10 20:39:02.016 31660 31660 E ArmVmp : Match on catch block at 0xc3 in for 0xa1
02-10 20:39:02.022 31660 31660 E ArmVmp : Match on catch block at 0xc3 in for 0xa5
02-10 20:39:02.025 31660 31660 E ArmVmp : Match on catch block at 0xc3 in for 0xa5
02-10 20:39:02.033 31660 31660 E ArmVmp : Match on catch block at 0xc3 in for 0xa9
02-10 20:39:02.038 31660 31660 E ArmVmp : Match on catch block at 0xc3 in for 0xa1
02-10 20:39:02.042 31660 31660 E ArmVmp : Match on catch block at 0xc3 in for 0xa1
02-10 20:39:02.049 31660 31660 E ArmVmp : Match on catch block at 0xc3 in for 0xa5
02-10 20:39:02.055 31660 31660 E ArmVmp : Match on catch block at 0xc3 in for 0xa9
02-10 20:39:02.058 31660 31660 E ArmVmp : Match on catch block at 0xc3 in for 0xa9
02-10 20:39:02.066 31660 31660 E ArmVmp : Match on catch block at 0xc3 in for 0xa1
02-10 20:39:02.072 31660 31660 E ArmVmp : Match on catch block at 0xc3 in for 0xa5
02-10 20:39:02.075 31660 31660 E ArmVmp : Match on catch block at 0xc3 in for 0xa5
02-10 20:39:02.083 31660 31660 E ArmVmp : Match on catch block at 0xc3 in for 0xa9
02-10 20:39:02.088 31660 31660 E ArmVmp : Match on catch block at 0xc3 in for 0xa1
02-10 20:39:02.091 31660 31660 E ArmVmp : Match on catch block at 0xc3 in for 0xa1
02-10 20:39:02.100 31660 31660 E ArmVmp : Match on catch block at 0xc3 in for 0xa5
02-10 20:39:02.106 31660 31660 E ArmVmp : Match on catch block at 0xc3 in for 0xa9
02-10 20:39:02.109 31660 31660 E ArmVmp : Match on catch block at 0xc3 in for 0xa9
02-10 20:39:02.116 31660 31660 E ArmVmp : Match on catch block at 0xc3 in for 0xa1
02-10 20:39:02.121 31660 31660 E ArmVmp : Match on catch block at 0xc3 in for 0xa5
02-10 20:39:02.125 31660 31660 E ArmVmp : Match on catch block at 0xc3 in for 0xa5
02-10 20:39:02.133 31660 31660 E ArmVmp : Match on catch block at 0xc3 in for 0xa9
02-10 20:39:02.139 31660 31660 E ArmVmp : Match on catch block at 0xc3 in for 0xa1
02-10 20:39:02.141 31660 31660 E ArmVmp : Match on catch block at 0xc3 in for 0xa1
02-10 20:39:02.149 31660 31660 E ArmVmp : Match on catch block at 0xc3 in for 0xa5
02-10 20:39:02.155 31660 31660 E ArmVmp : Match on catch block at 0xc3 in for 0xa9
02-10 20:39:02.158 31660 31660 E ArmVmp : Match on catch block at 0xc3 in for 0xa9
02-10 20:39:02.166 31660 31660 E ArmVmp : Match on catch block at 0xc3 in for 0xa1
02-10 20:39:02.172 31660 31660 E ArmVmp : Match on catch block at 0xc3 in for 0xa5
02-10 20:39:02.175 31660 31660 E ArmVmp : Match on catch block at 0xc3 in for 0xa5
02-10 20:39:02.183 31660 31660 E ArmVmp : Match on catch block at 0xc3 in for 0xa9
02-10 20:39:02.188 31660 31660 E ArmVmp : Match on catch block at 0xc3 in for 0xa1
02-10 20:39:02.191 31660 31660 E ArmVmp : Match on catch block at 0xc3 in for 0xa1
02-10 20:39:02.250 31660 31660 E ArmVmp : Match on catch block at 0xc3 in for 0xa5
02-10 20:39:02.254 31660 31660 E ArmVmp : Match on catch block at 0xc3 in for 0xa9
02-10 20:39:02.257 31660 31660 E ArmVmp : Match on catch block at 0xc3 in for 0xa9
02-10 20:39:02.767 31660 31660 E ArmVmp : Match on catch block at 0xc3 in for 0xa1
02-10 20:39:02.772 31660 31660 E ArmVmp : Match on catch block at 0xc3 in for 0xa5
02-10 20:39:02.774 31660 31660 E ArmVmp : Match on catch block at 0xc3 in for 0xa5
02-10 20:39:03.266 31660 31660 E ArmVmp : Match on catch block at 0xc3 in for 0xa1
02-10 20:39:03.270 31660 31660 E ArmVmp : Match on catch block at 0xc3 in for 0xa5
02-10 20:39:03.273 31660 31660 E ArmVmp : Match on catch block at 0xc3 in for 0xa5
02-10 20:39:03.300 31660 31660 W StaticLayout: maxLineHeight should not be -1.
maxLines:1 lineCount:1
02-10 20:39:03.303 31660 31660 W StaticLayout: maxLineHeight should not be -1.
maxLines:1 lineCount:1
02-10 20:39:03.307 31660 31660 E ArmVmp : Match on catch block at 0xc3 in for 0xa9
02-10 20:39:03.311 31660 31660 E ArmVmp : Match on catch block at 0xc3 in for 0xa1
02-10 20:39:03.314 31660 31660 E ArmVmp : Match on catch block at 0xc3 in for 0xa1
02-10 20:39:03.322 31660 31660 E ArmVmp : Match on catch block at 0xc3 in for 0xa5
02-10 20:39:03.328 31660 31660 E ArmVmp : Match on catch block at 0xc3 in for 0xa9
02-10 20:39:03.331 31660 31660 E ArmVmp : Match on catch block at 0xc3 in for 0xa9
02-10 20:39:03.765 31660 31660 E ArmVmp : Match on catch block at 0xc3 in for 0xa1
02-10 20:39:03.771 31660 31660 E ArmVmp : Match on catch block at 0xc3 in for 0xa5
02-10 20:39:03.774 31660 31660 E ArmVmp : Match on catch block at 0xc3 in for 0xa5
02-10 20:39:03.847 31660 31710 E : nFreeSize: 3502047232
02-10 20:39:03.849 31660 31710 E : nFreeSize: 3502047232
02-10 20:39:03.898 31660 31660 E ArmVmp : Match on catch block at 0xc3 in for 0xa9
02-10 20:39:03.902 31660 31660 E ArmVmp : Match on catch block at 0xc3 in for 0xa1
02-10 20:39:03.905 31660 31660 E ArmVmp : Match on catch block at 0xc3 in for 0xa1
02-10 20:39:03.915 31660 31660 E ArmVmp : Match on catch block at 0xc3 in for 0xa5
02-10 20:39:03.921 31660 31660 E ArmVmp : Match on catch block at 0xc3 in for 0xa9
02-10 20:39:03.924 31660 31660 E ArmVmp : Match on catch block at 0xc3 in for 0xa9
02-10 20:39:03.934 31660 31660 E ArmVmp : Match on catch block at 0xc3 in for 0xa9
02-10 20:39:03.939 31660 31660 E ArmVmp : Match on catch block at 0xc3 in for 0xa1
02-10 20:39:03.942 31660 31660 E ArmVmp : Match on catch block at 0xc3 in for 0xa1
02-10 20:39:03.949 31660 31660 E ArmVmp : Match on catch block at 0xc3 in for 0xa5
02-10 20:39:03.955 31660 31660 E ArmVmp : Match on catch block at 0xc3 in for 0xa9
02-10 20:39:03.957 31660 31660 E ArmVmp : Match on catch block at 0xc3 in for 0xa9
02-10 20:39:04.264 31660 31660 E ArmVmp : Match on catch block at 0xc3 in for 0xa1
02-10 20:39:04.269 31660 31660 E ArmVmp : Match on catch block at 0xc3 in for 0xa5
02-10 20:39:04.272 31660 31660 E ArmVmp : Match on catch block at 0xc3 in for 0xa5
02-10 20:39:04.764 31660 31660 E ArmVmp : Match on catch block at 0xc3 in for 0xa9
02-10 20:39:04.770 31660 31660 E ArmVmp : Match on catch block at 0xc3 in for 0xa1
02-10 20:39:04.772 31660 31660 E ArmVmp : Match on catch block at 0xc3 in for 0xa1
02-10 20:39:04.914 31660 31660 E ArmVmp : Match on catch block at 0xc3 in for 0xa5
02-10 20:39:04.918 31660 31660 E ArmVmp : Match on catch block at 0xc3 in for 0xa9
02-10 20:39:04.921 31660 31660 E ArmVmp : Match on catch block at 0xc3 in for 0xa9
02-10 20:39:04.930 31660 31660 E ArmVmp : Match on catch block at 0xc3 in for 0xa1
02-10 20:39:04.936 31660 31660 E ArmVmp : Match on catch block at 0xc3 in for 0xa5
02-10 20:39:04.940 31660 31660 E ArmVmp : Match on catch block at 0xc3 in for 0xa5
02-10 20:39:04.947 31660 31660 E ArmVmp : Match on catch block at 0xc3 in for 0xa9
02-10 20:39:04.952 31660 31660 E ArmVmp : Match on catch block at 0xc3 in for 0xa1
02-10 20:39:04.956 31660 31660 E ArmVmp : Match on catch block at 0xc3 in for 0xa1
02-10 20:39:04.964 31660 31660 E ArmVmp : Match on catch block at 0xc3 in for 0xa5
02-10 20:39:04.969 31660 31660 E ArmVmp : Match on catch block at 0xc3 in for 0xa9
02-10 20:39:04.972 31660 31660 E ArmVmp : Match on catch block at 0xc3 in for 0xa9
02-10 20:39:04.980 31660 31660 E ArmVmp : Match on catch block at 0xc3 in for 0xa1
02-10 20:39:04.986 31660 31660 E ArmVmp : Match on catch block at 0xc3 in for 0xa5
02-10 20:39:04.989 31660 31660 E ArmVmp : Match on catch block at 0xc3 in for 0xa5
02-10 20:39:04.997 31660 31660 E ArmVmp : Match on catch block at 0xc3 in for 0xa9
02-10 20:39:05.002 31660 31660 E ArmVmp : Match on catch block at 0xc3 in for 0xa1
02-10 20:39:05.006 31660 31660 E ArmVmp : Match on catch block at 0xc3 in for 0xa1
02-10 20:39:05.014 31660 31660 E ArmVmp : Match on catch block at 0xc3 in for 0xa5
02-10 20:39:05.019 31660 31660 E ArmVmp : Match on catch block at 0xc3 in for 0xa9
02-10 20:39:05.023 31660 31660 E ArmVmp : Match on catch block at 0xc3 in for 0xa9
02-10 20:39:05.030 31660 31660 E ArmVmp : Match on catch block at 0xc3 in for 0xa1
02-10 20:39:05.036 31660 31660 E ArmVmp : Match on catch block at 0xc3 in for 0xa5
02-10 20:39:05.039 31660 31660 E ArmVmp : Match on catch block at 0xc3 in for 0xa5
02-10 20:39:05.047 31660 31660 E ArmVmp : Match on catch block at 0xc3 in for 0xa9
02-10 20:39:05.052 31660 31660 E ArmVmp : Match on catch block at 0xc3 in for 0xa1
02-10 20:39:05.056 31660 31660 E ArmVmp : Match on catch block at 0xc3 in for 0xa1
02-10 20:39:05.064 31660 31660 E ArmVmp : Match on catch block at 0xc3 in for 0xa5
02-10 20:39:05.069 31660 31660 E ArmVmp : Match on catch block at 0xc3 in for 0xa9
02-10 20:39:05.072 31660 31660 E ArmVmp : Match on catch block at 0xc3 in for 0xa9
02-10 20:39:05.080 31660 31660 E ArmVmp : Match on catch block at 0xc3 in for 0xa1
02-10 20:39:05.085 31660 31660 E ArmVmp : Match on catch block at 0xc3 in for 0xa5
02-10 20:39:05.089 31660 31660 E ArmVmp : Match on catch block at 0xc3 in for 0xa5
02-10 20:39:05.097 31660 31660 E ArmVmp : Match on catch block at 0xc3 in for 0xa9
02-10 20:39:05.102 31660 31660 E ArmVmp : Match on catch block at 0xc3 in for 0xa1
02-10 20:39:05.105 31660 31660 E ArmVmp : Match on catch block at 0xc3 in for 0xa1
02-10 20:39:05.114 31660 31660 E ArmVmp : Match on catch block at 0xc3 in for 0xa5
02-10 20:39:05.120 31660 31660 E ArmVmp : Match on catch block at 0xc3 in for 0xa9
02-10 20:39:05.123 31660 31660 E ArmVmp : Match on catch block at 0xc3 in for 0xa9
02-10 20:39:05.130 31660 31660 E ArmVmp : Match on catch block at 0xc3 in for 0xa1
02-10 20:39:05.136 31660 31660 E ArmVmp : Match on catch block at 0xc3 in for 0xa5
02-10 20:39:05.139 31660 31660 E ArmVmp : Match on catch block at 0xc3 in for 0xa5
02-10 20:39:05.147 31660 31660 E ArmVmp : Match on catch block at 0xc3 in for 0xa9
02-10 20:39:05.152 31660 31660 E ArmVmp : Match on catch block at 0xc3 in for 0xa1
02-10 20:39:05.156 31660 31660 E ArmVmp : Match on catch block at 0xc3 in for 0xa1
02-10 20:39:05.163 31660 31660 E ArmVmp : Match on catch block at 0xc3 in for 0xa5
02-10 20:39:05.168 31660 31660 E ArmVmp : Match on catch block at 0xc3 in for 0xa9
02-10 20:39:05.172 31660 31660 E ArmVmp : Match on catch block at 0xc3 in for 0xa9
02-10 20:39:05.264 31660 31660 E ArmVmp : Match on catch block at 0xc3 in for 0xa1
02-10 20:39:05.268 31660 31660 E ArmVmp : Match on catch block at 0xc3 in for 0xa5
02-10 20:39:05.270 31660 31660 E ArmVmp : Match on catch block at 0xc3 in for 0xa5
02-10 20:39:05.764 31660 31660 E ArmVmp : Match on catch block at 0xc3 in for 0xa9
02-10 20:39:05.768 31660 31660 E ArmVmp : Match on catch block at 0xc3 in for 0xa1
02-10 20:39:05.771 31660 31660 E ArmVmp : Match on catch block at 0xc3 in for 0xa1
02-10 20:39:06.376 31660 31660 E ArmVmp : Match on catch block at 0xc3 in for 0xa9
02-10 20:39:06.381 31660 31660 E ArmVmp : Match on catch block at 0xc3 in for 0xa1
02-10 20:39:06.384 31660 31660 E ArmVmp : Match on catch block at 0xc3 in for 0xa1
02-10 20:39:06.423 31660 31660 E ArmVmp : Match on catch block at 0xc3 in for 0xa5
02-10 20:39:06.428 31660 31660 E ArmVmp : Match on catch block at 0xc3 in for 0xa9
02-10 20:39:06.431 31660 31863 E : nFreeSize: 3502047232
02-10 20:39:06.431 31660 31660 E ArmVmp : Match on catch block at 0xc3 in for 0xa9
02-10 20:39:16.269 31660 31660 E ArmVmp : Match on catch block at 0xc3 in for 0xa5
02-10 20:39:16.281 31660 31660 E ArmVmp : Match on catch block at 0xc3 in for 0xa9
02-10 20:39:16.288 31660 31660 E ArmVmp : Match on catch block at 0xc3 in for 0xa9
02-10 20:39:16.720 31660 31660 E ArmVmp : Match on catch block at 0xc3 in for 0xa1
02-10 20:39:16.728 31660 31660 E ArmVmp : Match on catch block at 0xc3 in for 0xa5
02-10 20:39:16.732 31660 31660 E ArmVmp : Match on catch block at 0xc3 in for 0xa5
02-10 20:39:16.945 31660 31660 E ArmVmp : Match on catch block at 0xc3 in for 0xa5
02-10 20:39:16.948 31660 31660 E ArmVmp : Match on catch block at 0xc3 in for 0xa9
02-10 20:39:16.951 31660 31660 E ArmVmp : Match on catch block at 0xc3 in for 0xa9
02-10 20:39:16.982 31660 31660 E ArmVmp : Match on catch block at 0xc3 in for 0xa1
02-10 20:39:16.988 31660 31660 E ArmVmp : Match on catch block at 0xc3 in for 0xa5
02-10 20:39:16.991 31660 31660 E ArmVmp : Match on catch block at 0xc3 in for 0xa5
02-10 20:39:17.101 31660 31660 E ArmVmp : Match on catch block at 0xc3 in for 0xa1
02-10 20:39:17.105 31660 31660 E ArmVmp : Match on catch block at 0xc3 in for 0xa5
02-10 20:39:17.108 31660 31660 E ArmVmp : Match on catch block at 0xc3 in for 0xa5
02-10 20:39:17.132 31660 31863 E : nFreeSize: 3502039040
02-10 20:39:17.140 31660 31863 E : nFreeSize: 3502039040
02-10 20:39:17.217 31660 31660 E ArmVmp : Match on catch block at 0xc3 in for 0xa5
02-10 20:39:17.221 31660 31660 E ArmVmp : Match on catch block at 0xc3 in for 0xa9
02-10 20:39:17.224 31660 31660 E ArmVmp : Match on catch block at 0xc3 in for 0xa9
02-10 20:39:18.831 31660 31710 E : nFreeSize: 3502030848
02-10 20:39:18.833 31660 31710 E : nFreeSize: 3502030848
02-10 20:39:36.690 32501 32501 W System.err: java.lang.ClassNotFoundException:
mbmodsd.mbmodsw.ui.views.btn.BtnBK
02-10 20:39:36.690 32501 32501 W System.err: at
java.lang.VMClassLoader.findLoadedClass(Native Method)
02-10 20:39:36.690 32501 32501 W System.err: at
java.lang.ClassLoader.findLoadedClass(ClassLoader.java:738)
02-10 20:39:36.690 32501 32501 W System.err: at
java.lang.ClassLoader.loadClass(ClassLoader.java:363)
02-10 20:39:36.691 32501 32501 W System.err: at
java.lang.ClassLoader.loadClass(ClassLoader.java:312)
02-10 20:39:36.691 32501 32501 W System.err: at
java.lang.Runtime.nativeLoad(Native Method)
02-10 20:39:36.691 32501 32501 W System.err: at
java.lang.Runtime.doLoad(Runtime.java:1099)
02-10 20:39:36.691 32501 32501 W System.err: at
java.lang.Runtime.loadLibrary0(Runtime.java:1014)
02-10 20:39:36.691 32501 32501 W System.err: at
java.lang.System.loadLibrary(System.java:1657)
02-10 20:39:36.691 32501 32501 W System.err: at arm.EpicVm.<clinit>(Unknown
Source:2)
02-10 20:39:36.691 32501 32501 W System.err: at
java.lang.Class.newInstance(Native Method)
02-10 20:39:36.691 32501 32501 W System.err: at
android.app.Instrumentation.newApplication(Instrumentation.java:1107)
02-10 20:39:36.691 32501 32501 W System.err: at
android.app.Instrumentation.newApplication(Instrumentation.java:1092)
02-10 20:39:36.691 32501 32501 W System.err: at
android.app.LoadedApk.makeApplication(LoadedApk.java:1001)
02-10 20:39:36.691 32501 32501 W System.err: at
android.app.ActivityThread.handleBindApplication(ActivityThread.java:5944)
02-10 20:39:36.691 32501 32501 W System.err: at android.app.ActivityThread.-
wrap1(Unknown Source:0)
02-10 20:39:36.691 32501 32501 W System.err: at
android.app.ActivityThread$H.handleMessage(ActivityThread.java:1774)
02-10 20:39:36.691 32501 32501 W System.err: at
android.os.Handler.dispatchMessage(Handler.java:106)
02-10 20:39:36.691 32501 32501 W System.err: at
android.os.Looper.loop(Looper.java:192)
02-10 20:39:36.691 32501 32501 W System.err: at
android.app.ActivityThread.main(ActivityThread.java:6759)
02-10 20:39:36.691 32501 32501 W System.err: at
java.lang.reflect.Method.invoke(Native Method)
02-10 20:39:36.691 32501 32501 W System.err: at
com.android.internal.os.RuntimeInit$MethodAndArgsCaller.run(RuntimeInit.java:556)
02-10 20:39:36.691 32501 32501 W System.err: at
com.android.internal.os.ZygoteInit.main(ZygoteInit.java:875)
02-10 20:39:36.691 32501 32501 W System.err: Caused by:
java.lang.NoClassDefFoundError: Failed resolution of:
Lcom/mbwhatsapp/components/Button;
02-10 20:39:36.691 32501 32501 W System.err: ... 18 more
02-10 20:39:36.692 32501 32501 W System.err: Caused by:
java.lang.ClassNotFoundException: Didn't find class
"com.mbwhatsapp.components.Button" on path: DexPathList[[zip file
"/data/app/com.mbwhatsapp-2eCzAfNioABUeYvUbT-fYw==/base.apk"],nativeLibraryDirector
ies=[/data/app/com.mbwhatsapp-2eCzAfNioABUeYvUbT-fYw==/lib/arm64,
/data/app/com.mbwhatsapp-2eCzAfNioABUeYvUbT-fYw==/base.apk!/lib/arm64-v8a,
/system/lib64, /vendor/lib64]]
02-10 20:39:36.692 32501 32501 W System.err: at
dalvik.system.BaseDexClassLoader.findClass(BaseDexClassLoader.java:125)
02-10 20:39:36.692 32501 32501 W System.err: at
java.lang.ClassLoader.loadClass(ClassLoader.java:379)
02-10 20:39:36.692 32501 32501 W System.err: at
java.lang.ClassLoader.loadClass(ClassLoader.java:312)
02-10 20:39:36.692 32501 32501 W System.err: ... 18 more
02-10 20:39:36.805 32501 32516 E : nFreeSize: 3503394816
02-10 20:39:36.807 32501 32501 E CustomActivityOnCrash: IMPORTANT WARNING! You
already have an UncaughtExceptionHandler, are you sure this is correct? If you use
a custom UncaughtExceptionHandler, you must initialize it AFTER
CustomActivityOnCrash! Installing anyway, but your original handler will not be
called.
02-10 20:39:37.220 32501 32501 E : nFreeSize: 3503390720
02-10 20:39:37.221 32501 32501 E : nFreeSize: 3503390720
02-10 20:39:37.240 32501 32501 W linker :
"/data/data/com.mbwhatsapp/files/decompressed/libs.spk.zst/libc++_shared.so" unused
DT entry: type 0x70000001 arg 0x0
--------- beginning of main
02-10 20:39:37.513 32501 32552 W zygote64: Class X.2rL failed lock verification and
will run slower.
02-10 20:39:37.513 32501 32552 W zygote64: Common causes for lock verification
issues are non-optimized dex code
02-10 20:39:37.514 32501 32552 W zygote64: and incorrect proguard optimizations.
02-10 20:39:37.556 32501 32501 W zygote64: Class X.0eU failed lock verification and
will run slower.
--------- beginning of system
02-10 20:39:37.989 32501 32501 W zygote64: Class com.mbwhatsapp.HomeActivity failed
lock verification and will run slower.
02-10 20:39:38.654 32501 32501 E ArmVmp : Match on catch block at 0x0a in for 0xc5
02-10 20:39:38.670 32501 32501 E : nFreeSize: 3503136768
02-10 20:39:38.677 32501 32567 W System : ClassLoader referenced unknown path:
system/framework/mediatek-cta.jar
02-10 20:39:38.696 32501 32501 E ArmVmp : Match on catch block at 0x0a in for
0x139
02-10 20:39:38.789 32501 32571 W System : ClassLoader referenced unknown path:
system/framework/mediatek-cta.jar
02-10 20:39:38.882 32501 32571 W System : ClassLoader referenced unknown path:
system/framework/mediatek-cta.jar
02-10 20:39:39.124 32501 32501 E : nFreeSize: 3503214592
02-10 20:39:39.128 32501 32501 E : nFreeSize: 3503214592
02-10 20:39:39.132 32501 32501 E : nFreeSize: 3503214592
02-10 20:39:39.134 32501 32537 E : nFreeSize: 3503210496
02-10 20:39:39.139 32501 32501 E : nFreeSize: 3503214592
02-10 20:39:39.139 32501 32535 E : nFreeSize: 3503214592
02-10 20:39:39.180 32501 32563 W System : ClassLoader referenced unknown path:
system/framework/mediatek-cta.jar
02-10 20:39:39.467 32501 32587 E : nFreeSize: 3503202304
02-10 20:39:39.717 32501 32501 W StaticLayout: maxLineHeight should not be -1.
maxLines:1 lineCount:1
02-10 20:39:39.721 32501 32501 W StaticLayout: maxLineHeight should not be -1.
maxLines:1 lineCount:1
02-10 20:39:39.757 32501 32501 W StaticLayout: maxLineHeight should not be -1.
maxLines:1 lineCount:1
02-10 20:39:39.759 32501 32501 W StaticLayout: maxLineHeight should not be -1.
maxLines:1 lineCount:1
02-10 20:39:39.809 32501 32501 W StaticLayout: maxLineHeight should not be -1.
maxLines:1 lineCount:1
02-10 20:39:39.813 32501 32501 W StaticLayout: maxLineHeight should not be -1.
maxLines:1 lineCount:1
02-10 20:39:39.902 32501 32587 E : nFreeSize: 3503190016
02-10 20:39:40.092 32501 32501 E : nFreeSize: 3503190016
02-10 20:39:40.097 32501 32501 E : nFreeSize: 3503190016
02-10 20:39:40.114 32501 32501 W System : ClassLoader referenced unknown path:
/system/vendor/framework/via-plugin.jar
02-10 20:39:40.296 32501 32501 W contact-photos-: type=1400 audit(0.0:1896323):
avc: denied { search } for name="clients" dev="debugfs" ino=1075
scontext=u:r:untrusted_app:s0:c512,c768 tcontext=u:object_r:debugfs_ion:s0
tclass=dir permissive=0
02-10 20:39:40.312 32501 32501 W contact-photos-: type=1400 audit(0.0:1896324):
avc: denied { search } for name="clients" dev="debugfs" ino=1075
scontext=u:r:untrusted_app:s0:c512,c768 tcontext=u:object_r:debugfs_ion:s0
tclass=dir permissive=0
02-10 20:39:40.384 32501 32501 W contact-photos-: type=1400 audit(0.0:1896325):
avc: denied { search } for name="clients" dev="debugfs" ino=1075
scontext=u:r:untrusted_app:s0:c512,c768 tcontext=u:object_r:debugfs_ion:s0
tclass=dir permissive=0
02-10 20:39:40.384 32501 32501 W contact-photos-: type=1400 audit(0.0:1896326):
avc: denied { search } for name="clients" dev="debugfs" ino=1075
scontext=u:r:untrusted_app:s0:c512,c768 tcontext=u:object_r:debugfs_ion:s0
tclass=dir permissive=0
02-10 20:39:40.476 32501 32501 W contact-photos-: type=1400 audit(0.0:1896327):
avc: denied { search } for name="clients" dev="debugfs" ino=1075
scontext=u:r:untrusted_app:s0:c512,c768 tcontext=u:object_r:debugfs_ion:s0
tclass=dir permissive=0
02-10 20:39:40.476 32501 32501 W contact-photos-: type=1400 audit(0.0:1896328):
avc: denied { search } for name="clients" dev="debugfs" ino=1075
scontext=u:r:untrusted_app:s0:c512,c768 tcontext=u:object_r:debugfs_ion:s0
tclass=dir permissive=0
02-10 20:39:40.479 32501 32501 E : nFreeSize: 3503190016
02-10 20:39:40.484 32501 32501 E : nFreeSize: 3503190016
02-10 20:39:40.580 32501 32501 W contact-photos-: type=1400 audit(0.0:1896329):
avc: denied { search } for name="clients" dev="debugfs" ino=1075
scontext=u:r:untrusted_app:s0:c512,c768 tcontext=u:object_r:debugfs_ion:s0
tclass=dir permissive=0
02-10 20:39:40.692 32501 32501 W contact-photos-: type=1400 audit(0.0:1896332):
avc: denied { search } for name="clients" dev="debugfs" ino=1075
scontext=u:r:untrusted_app:s0:c512,c768 tcontext=u:object_r:debugfs_ion:s0
tclass=dir permissive=0
02-10 20:39:40.780 32501 32501 W contact-photos-: type=1400 audit(0.0:1896333):
avc: denied { search } for name="clients" dev="debugfs" ino=1075
scontext=u:r:untrusted_app:s0:c512,c768 tcontext=u:object_r:debugfs_ion:s0
tclass=dir permissive=0
02-10 20:39:40.780 32501 32501 W contact-photos-: type=1400 audit(0.0:1896334):
avc: denied { search } for name="clients" dev="debugfs" ino=1075
scontext=u:r:untrusted_app:s0:c512,c768 tcontext=u:object_r:debugfs_ion:s0
tclass=dir permissive=0
02-10 20:39:40.888 32501 32501 W com.mbwhatsapp: type=1400 audit(0.0:1896335): avc:
denied { search } for name="clients" dev="debugfs" ino=1075
scontext=u:r:untrusted_app:s0:c512,c768 tcontext=u:object_r:debugfs_ion:s0
tclass=dir permissive=0
02-10 20:39:40.896 32501 32501 W contact-photos-: type=1400 audit(0.0:1896336):
avc: denied { search } for name="clients" dev="debugfs" ino=1075
scontext=u:r:untrusted_app:s0:c512,c768 tcontext=u:object_r:debugfs_ion:s0
tclass=dir permissive=0
02-10 20:39:41.060 32501 32501 W contact-photos-: type=1400 audit(0.0:1896341):
avc: denied { search } for name="clients" dev="debugfs" ino=1075
scontext=u:r:untrusted_app:s0:c512,c768 tcontext=u:object_r:debugfs_ion:s0
tclass=dir permissive=0
02-10 20:39:41.136 32501 32501 W contact-photos-: type=1400 audit(0.0:1896342):
avc: denied { search } for name="clients" dev="debugfs" ino=1075
scontext=u:r:untrusted_app:s0:c512,c768 tcontext=u:object_r:debugfs_ion:s0
tclass=dir permissive=0
02-10 20:39:41.136 32501 32501 W contact-photos-: type=1400 audit(0.0:1896343):
avc: denied { search } for name="clients" dev="debugfs" ino=1075
scontext=u:r:untrusted_app:s0:c512,c768 tcontext=u:object_r:debugfs_ion:s0
tclass=dir permissive=0
02-10 20:39:41.165 32501 32501 E RecyclerView: No adapter attached; skipping layout
02-10 20:39:41.216 32501 32553 E : nFreeSize: 3503181824
02-10 20:39:41.218 32501 32553 E : nFreeSize: 3503181824
02-10 20:39:41.223 32501 32501 E ArmVmp : Match on catch block at 0x0a in for 0xd9
02-10 20:39:41.343 32501 32501 E RecyclerView: No adapter attached; skipping layout
02-10 20:39:41.594 32501 32518 E : nFreeSize: 3503177728
02-10 20:39:41.611 32501 32518 W LibraryVersion: Failed to get app version for
libraryName: firebase-iid
02-10 20:39:41.785 32501 32537 E : nFreeSize: 3503177728
02-10 20:39:41.787 32501 32619 W LOTTIE : Animation contains merge paths. Merge
paths are only supported on KitKat+ and must be manually enabled by calling
enableMergePathsForKitKatAndAbove().
