02-11 09:37:01.956 30859 31864 E : nFreeSize: 2770690048
02-11 09:37:02.096 30859 32471 E : nFreeSize: 2770681856
02-11 09:37:02.113 30859 1264 E : nFreeSize: 2770661376
02-11 09:37:02.232 30859 1265 W System : ClassLoader referenced unknown path:
system/framework/mediatek-cta.jar
02-11 09:37:02.241 30859 1265 W System : ClassLoader referenced unknown path:
system/framework/mediatek-cta.jar
02-11 09:37:02.429 30859 1265 W System : ClassLoader referenced unknown path:
system/framework/mediatek-cta.jar
02-11 09:37:02.517 30859 1265 E : nFreeSize: 2770624512
02-11 09:37:02.550 30859 31534 W CursorWindow: Window is full: requested allocation
804 bytes, free space 259 bytes, window size 2097152 bytes
02-11 09:37:02.654 30859 31864 E : nFreeSize: 2770628608
02-11 09:37:03.109 30859 31534 W CursorWindow: Window is full: requested allocation
804 bytes, free space 55 bytes, window size 2097152 bytes
02-11 09:37:03.334 30859 31864 E : nFreeSize: 2770391040
02-11 09:37:03.402 30859 31864 E : nFreeSize: 2770628608
02-11 09:37:04.122 30859 31534 W CursorWindow: Window is full: requested allocation
804 bytes, free space 99 bytes, window size 2097152 bytes
02-11 09:37:04.313 30859 31864 E : nFreeSize: 2770640896
02-11 09:37:05.041 30859 31864 E : nFreeSize: 2770694144
02-11 09:37:05.079 30859 30986 E : nFreeSize: 2770694144
02-11 09:37:05.082 30859 30986 E : nFreeSize: 2770694144
02-11 09:37:05.160 30859 31534 W CursorWindow: Window is full: requested allocation
804 bytes, free space 419 bytes, window size 2097152 bytes
02-11 09:37:05.938 30859 31534 E : nFreeSize: 2770673664
02-11 09:37:05.944 30859 1264 E : nFreeSize: 2770669568
02-11 09:37:05.981 30859 1406 W System : ClassLoader referenced unknown path:
system/framework/mediatek-cta.jar
02-11 09:37:05.986 30859 1406 W System : ClassLoader referenced unknown path:
system/framework/mediatek-cta.jar
02-11 09:37:06.152 30859 31534 E : nFreeSize: 2770546688
02-11 09:37:06.349 30859 30984 W CursorWindow: Window is full: requested allocation
528 bytes, free space 523 bytes, window size 2097152 bytes
02-11 09:37:08.678 30859 30986 E : nFreeSize: 2770632704
02-11 09:37:08.681 30859 30986 E : nFreeSize: 2770632704
02-11 09:37:08.955 30859 31534 E : nFreeSize: 2770632704
02-11 09:37:09.760 30859 30966 E : nFreeSize: 2770624512
02-11 09:37:09.760 30859 31534 E : nFreeSize: 2770624512
02-11 09:37:10.714 30859 30986 E : nFreeSize: 2770624512
02-11 09:37:10.718 30859 30986 E : nFreeSize: 2770624512
02-11 09:37:12.257 30859 30986 E : nFreeSize: 2770620416
02-11 09:37:12.262 30859 30986 E : nFreeSize: 2770620416
02-11 09:37:13.647 30859 31534 E : nFreeSize: 2770612224
02-11 09:37:13.654 30859 30966 E : nFreeSize: 2770608128
02-11 09:37:13.656 30859 31864 E : nFreeSize: 2770604032
02-11 09:37:13.870 30859 31864 E : nFreeSize: 2770608128
02-11 09:37:13.872 30859 30966 E : nFreeSize: 2770608128
02-11 09:37:14.201 30859 31390 E : nFreeSize: 2770608128
02-11 09:37:14.419 30859 30966 E : nFreeSize: 2770595840
02-11 09:37:14.906 30859 31864 E : nFreeSize: 2770579456
02-11 09:37:14.916 30859 30966 E : nFreeSize: 2770575360
02-11 09:37:14.982 30859 31098 E : nFreeSize: 2770591744
02-11 09:37:14.992 30859 1264 E : nFreeSize: 2770587648
02-11 09:37:15.064 30859 1449 W System : ClassLoader referenced unknown path:
system/framework/mediatek-cta.jar
02-11 09:37:15.073 30859 1449 W System : ClassLoader referenced unknown path:
system/framework/mediatek-cta.jar
02-11 09:37:17.412 30859 30986 E : nFreeSize: 2770362368
02-11 09:37:17.413 30859 30986 E : nFreeSize: 2770362368
02-11 09:37:20.063 1535 1535 W System.err: java.lang.ClassNotFoundException:
mbmodsd.mbmodsw.ui.views.btn.BtnBK
02-11 09:37:20.064 1535 1535 W System.err: at
java.lang.VMClassLoader.findLoadedClass(Native Method)
02-11 09:37:20.064 1535 1535 W System.err: at
java.lang.ClassLoader.findLoadedClass(ClassLoader.java:738)
02-11 09:37:20.064 1535 1535 W System.err: at
java.lang.ClassLoader.loadClass(ClassLoader.java:363)
02-11 09:37:20.064 1535 1535 W System.err: at
java.lang.ClassLoader.loadClass(ClassLoader.java:312)
02-11 09:37:20.064 1535 1535 W System.err: at
java.lang.Runtime.nativeLoad(Native Method)
02-11 09:37:20.064 1535 1535 W System.err: at
java.lang.Runtime.doLoad(Runtime.java:1099)
02-11 09:37:20.064 1535 1535 W System.err: at
java.lang.Runtime.loadLibrary0(Runtime.java:1014)
02-11 09:37:20.064 1535 1535 W System.err: at
java.lang.System.loadLibrary(System.java:1657)
02-11 09:37:20.064 1535 1535 W System.err: at arm.EpicVm.<clinit>(Unknown
Source:2)
02-11 09:37:20.064 1535 1535 W System.err: at
java.lang.Class.newInstance(Native Method)
02-11 09:37:20.064 1535 1535 W System.err: at
android.app.Instrumentation.newApplication(Instrumentation.java:1107)
02-11 09:37:20.064 1535 1535 W System.err: at
android.app.Instrumentation.newApplication(Instrumentation.java:1092)
02-11 09:37:20.064 1535 1535 W System.err: at
android.app.LoadedApk.makeApplication(LoadedApk.java:1001)
02-11 09:37:20.064 1535 1535 W System.err: at
android.app.ActivityThread.handleBindApplication(ActivityThread.java:5944)
02-11 09:37:20.064 1535 1535 W System.err: at android.app.ActivityThread.-
wrap1(Unknown Source:0)
02-11 09:37:20.064 1535 1535 W System.err: at
android.app.ActivityThread$H.handleMessage(ActivityThread.java:1774)
02-11 09:37:20.064 1535 1535 W System.err: at
android.os.Handler.dispatchMessage(Handler.java:106)
02-11 09:37:20.064 1535 1535 W System.err: at
android.os.Looper.loop(Looper.java:192)
02-11 09:37:20.064 1535 1535 W System.err: at
android.app.ActivityThread.main(ActivityThread.java:6759)
02-11 09:37:20.064 1535 1535 W System.err: at
java.lang.reflect.Method.invoke(Native Method)
02-11 09:37:20.064 1535 1535 W System.err: at
com.android.internal.os.RuntimeInit$MethodAndArgsCaller.run(RuntimeInit.java:556)
02-11 09:37:20.064 1535 1535 W System.err: at
com.android.internal.os.ZygoteInit.main(ZygoteInit.java:875)
02-11 09:37:20.064 1535 1535 W System.err: Caused by:
java.lang.NoClassDefFoundError: Failed resolution of:
Lcom/mbwhatsapp/components/Button;
02-11 09:37:20.064 1535 1535 W System.err: ... 18 more
02-11 09:37:20.064 1535 1535 W System.err: Caused by:
java.lang.ClassNotFoundException: Didn't find class
"com.mbwhatsapp.components.Button" on path: DexPathList[[zip file
"/data/app/com.mbwhatsapp-2eCzAfNioABUeYvUbT-fYw==/base.apk"],nativeLibraryDirector
ies=[/data/app/com.mbwhatsapp-2eCzAfNioABUeYvUbT-fYw==/lib/arm64,
/data/app/com.mbwhatsapp-2eCzAfNioABUeYvUbT-fYw==/base.apk!/lib/arm64-v8a,
/system/lib64, /vendor/lib64]]
02-11 09:37:20.064 1535 1535 W System.err: at
dalvik.system.BaseDexClassLoader.findClass(BaseDexClassLoader.java:125)
02-11 09:37:20.064 1535 1535 W System.err: at
java.lang.ClassLoader.loadClass(ClassLoader.java:379)
02-11 09:37:20.065 1535 1535 W System.err: at
java.lang.ClassLoader.loadClass(ClassLoader.java:312)
02-11 09:37:20.065 1535 1535 W System.err: ... 18 more
02-11 09:37:20.187 1535 1575 E : nFreeSize: 2784796672
02-11 09:37:20.193 1535 1535 E CustomActivityOnCrash: IMPORTANT WARNING! You
already have an UncaughtExceptionHandler, are you sure this is correct? If you use
a custom UncaughtExceptionHandler, you must initialize it AFTER
CustomActivityOnCrash! Installing anyway, but your original handler will not be
called.
02-11 09:37:20.250 1535 1535 W ContextImpl: Failed to ensure
/dev/null/Android/media/com.mbwhatsapp: -404
02-11 09:37:20.857 1535 1535 E : nFreeSize: 2784792576
02-11 09:37:20.858 1535 1535 E : nFreeSize: 2784792576
02-11 09:37:20.877 1535 1535 W linker :
"/data/data/com.mbwhatsapp/files/decompressed/libs.spk.zst/libc++_shared.so" unused
DT entry: type 0x70000001 arg 0x0
--------- beginning of system
02-11 10:17:56.457 1535 1535 W ViewRootImpl[PopupWindow:811a88d]: Dropping event
due to root view being removed: MotionEvent { action=ACTION_UP, actionButton=0,
id[0]=0, x[0]=-337.0, y[0]=274.0, toolType[0]=TOOL_TYPE_UNKNOWN, buttonState=0,
metaState=0, flags=0x1, edgeFlags=0x0, pointerCount=1, historySize=0,
eventTime=1564496108, downTime=1564496108, deviceId=0, source=0x1002 }
--------- beginning of main
02-11 10:26:38.833 1535 1535 E ArmVmp : Match on catch block at 0xc3 in for 0xa5
02-11 10:26:39.145 1535 1535 E ArmVmp : Match on catch block at 0xc3 in for 0xa1
02-11 10:26:39.153 1535 1535 E ArmVmp : Match on catch block at 0xc3 in for 0xa5
02-11 10:26:39.426 1535 1535 E ArmVmp : Match on catch block at 0xc3 in for 0xa1
02-11 10:26:39.432 1535 1535 E ArmVmp : Match on catch block at 0xc3 in for 0xa5
02-11 10:26:39.930 1535 1535 E ArmVmp : Match on catch block at 0xc3 in for 0xa1
02-11 10:26:39.943 1535 1535 E ArmVmp : Match on catch block at 0xc3 in for 0xa5
02-11 10:26:40.428 1535 1535 E ArmVmp : Match on catch block at 0xc3 in for 0xa1
02-11 10:26:40.440 1535 1535 E ArmVmp : Match on catch block at 0xc3 in for 0xa5
02-11 10:26:40.924 1535 1535 E ArmVmp : Match on catch block at 0xc3 in for 0xa1
02-11 10:26:40.928 1535 1535 E ArmVmp : Match on catch block at 0xc3 in for 0xa5
02-11 10:26:40.962 1535 10660 W ContextImpl: Failed to ensure
/dev/null/Android/data/com.mbwhatsapp/cache: -404
02-11 10:26:40.986 1535 1535 E ArmVmp : Match on catch block at 0xc3 in for 0xa1
02-11 10:26:40.992 1535 1535 E ArmVmp : Match on catch block at 0xc3 in for 0xa5
02-11 10:26:41.035 1535 1535 E ArmVmp : Match on catch block at 0xc3 in for 0xa1
02-11 10:26:41.040 1535 1535 E ArmVmp : Match on catch block at 0xc3 in for 0xa5
02-11 10:26:41.052 1535 1535 E ArmVmp : Match on catch block at 0xc3 in for 0xa1
02-11 10:26:41.060 1535 1535 E ArmVmp : Match on catch block at 0xc3 in for 0xa5
02-11 10:26:41.101 1535 1535 E ArmVmp : Match on catch block at 0xc3 in for 0xa1
02-11 10:26:41.107 1535 1535 E ArmVmp : Match on catch block at 0xc3 in for 0xa5
02-11 10:26:41.188 1535 1535 E ArmVmp : Match on catch block at 0xc3 in for 0xa5
02-11 10:26:41.193 1535 1535 E ArmVmp : Match on catch block at 0xc3 in for 0xa9
02-11 10:26:41.212 1535 1535 E ArmVmp : Match on catch block at 0xc3 in for 0xa1
02-11 10:26:41.216 1535 1535 E ArmVmp : Match on catch block at 0xc3 in for 0xa5
02-11 10:26:41.228 1535 1535 E ArmVmp : Match on catch block at 0xc3 in for 0xa1
02-11 10:26:41.235 1535 1535 E ArmVmp : Match on catch block at 0xc3 in for 0xa5
02-11 10:26:41.242 1535 1535 E ArmVmp : Match on catch block at 0xc3 in for 0xa1
02-11 10:26:41.246 1535 6810 E : nFreeSize: 2742358016
02-11 10:26:41.247 1535 1535 E ArmVmp : Match on catch block at 0xc3 in for 0xa5
02-11 10:26:41.465 1535 1535 E ArmVmp : Match on catch block at 0xc3 in for 0xa1
02-11 10:26:41.469 1535 1535 E ArmVmp : Match on catch block at 0xc3 in for 0xa5
02-11 10:26:41.664 1535 1535 E ArmVmp : Match on catch block at 0xc3 in for 0xa9
02-11 10:26:41.667 1535 1535 E ArmVmp : Match on catch block at 0xc3 in for 0xa1
02-11 10:26:41.677 1535 1535 E ArmVmp : Match on catch block at 0xc3 in for 0xa9
02-11 10:26:41.682 1535 1535 E ArmVmp : Match on catch block at 0xc3 in for 0xa1
02-11 10:26:41.733 1535 13759 W MediaPlayer: Use of stream types is deprecated for
operations other than volume control
02-11 10:26:41.733 1535 13759 W MediaPlayer: See the documentation of
setAudioStreamType() for what to use instead with android.media.AudioAttributes to
qualify your playback use case
02-11 10:26:41.739 1535 13759 E AudioFeatures: Application cannot support or
Zenmode close
02-11 10:26:41.958 1535 1535 E ArmVmp : Match on catch block at 0xc3 in for 0xa1
02-11 10:26:41.963 1535 1535 E ArmVmp : Match on catch block at 0xc3 in for 0xa5
02-11 10:26:42.204 1535 1535 E ArmVmp : Match on catch block at 0xc3 in for 0xa5
02-11 10:26:42.208 1535 1535 E ArmVmp : Match on catch block at 0xc3 in for 0xa9
02-11 10:26:42.218 1535 1535 E ArmVmp : Match on catch block at 0xc3 in for 0xa5
02-11 10:26:42.225 1535 1535 E ArmVmp : Match on catch block at 0xc3 in for 0xa9
02-11 10:26:42.263 1535 1535 E ArmVmp : Match on catch block at 0xc3 in for 0xa1
02-11 10:26:42.267 1535 1535 E ArmVmp : Match on catch block at 0xc3 in for 0xa5
02-11 10:26:42.277 1535 1535 E ArmVmp : Match on catch block at 0xc3 in for 0xa1
02-11 10:26:42.282 1535 1535 E ArmVmp : Match on catch block at 0xc3 in for 0xa5
02-11 10:26:42.457 1535 1535 E ArmVmp : Match on catch block at 0xc3 in for 0xa5
02-11 10:26:42.461 1535 1535 E ArmVmp : Match on catch block at 0xc3 in for 0xa9
02-11 10:26:42.656 1535 1535 W PlayerBase: baseStop state not match:4
02-11 10:26:42.957 1535 1535 E ArmVmp : Match on catch block at 0xc3 in for 0xa5
02-11 10:26:42.963 1535 1535 E ArmVmp : Match on catch block at 0xc3 in for 0xa9
02-11 10:26:43.457 1535 1535 E ArmVmp : Match on catch block at 0xc3 in for 0xa5
02-11 10:26:43.461 1535 1535 E ArmVmp : Match on catch block at 0xc3 in for 0xa9
02-11 10:26:43.873 1535 1535 E ArmVmp : Match on catch block at 0xc3 in for 0xa5
02-11 10:26:43.879 1535 1535 E ArmVmp : Match on catch block at 0xc3 in for 0xa9
02-11 10:26:43.888 1535 1535 E ArmVmp : Match on catch block at 0xc3 in for 0xa5
02-11 10:26:43.896 1535 1535 E ArmVmp : Match on catch block at 0xc3 in for 0xa9
02-11 10:26:43.905 1535 1535 E ArmVmp : Match on catch block at 0xc3 in for 0xa5
02-11 10:26:43.912 1535 1535 E ArmVmp : Match on catch block at 0xc3 in for 0xa9
02-11 10:26:43.922 1535 1535 E ArmVmp : Match on catch block at 0xc3 in for 0xa5
02-11 10:26:43.928 1535 1535 E ArmVmp : Match on catch block at 0xc3 in for 0xa9
02-11 10:26:43.939 1535 1535 E ArmVmp : Match on catch block at 0xc3 in for 0xa5
02-11 10:26:43.944 1535 1535 E ArmVmp : Match on catch block at 0xc3 in for 0xa9
02-11 10:26:43.956 1535 1535 E ArmVmp : Match on catch block at 0xc3 in for 0xa5
02-11 10:26:43.960 1535 1535 E ArmVmp : Match on catch block at 0xc3 in for 0xa9
02-11 10:26:43.972 1535 1535 E ArmVmp : Match on catch block at 0xc3 in for 0xa5
02-11 10:26:43.977 1535 1535 E ArmVmp : Match on catch block at 0xc3 in for 0xa9
02-11 10:26:43.989 1535 1535 E ArmVmp : Match on catch block at 0xc3 in for 0xa5
02-11 10:26:43.995 1535 1535 E ArmVmp : Match on catch block at 0xc3 in for 0xa9
02-11 10:26:44.005 1535 1535 E ArmVmp : Match on catch block at 0xc3 in for 0xa5
02-11 10:26:44.011 1535 1535 E ArmVmp : Match on catch block at 0xc3 in for 0xa9
02-11 10:26:44.022 1535 1535 E ArmVmp : Match on catch block at 0xc3 in for 0xa5
02-11 10:26:44.029 1535 1535 E ArmVmp : Match on catch block at 0xc3 in for 0xa9
02-11 10:26:44.038 1535 1535 E ArmVmp : Match on catch block at 0xc3 in for 0xa5
02-11 10:26:44.044 1535 1535 E ArmVmp : Match on catch block at 0xc3 in for 0xa9
02-11 10:26:44.055 1535 1535 E ArmVmp : Match on catch block at 0xc3 in for 0xa5
02-11 10:26:44.061 1535 1535 E ArmVmp : Match on catch block at 0xc3 in for 0xa9
02-11 10:26:44.072 1535 1535 E ArmVmp : Match on catch block at 0xc3 in for 0xa5
02-11 10:26:44.078 1535 1535 E ArmVmp : Match on catch block at 0xc3 in for 0xa9
02-11 10:26:44.089 1535 1535 E ArmVmp : Match on catch block at 0xc3 in for 0xa5
02-11 10:26:44.094 1535 1535 E ArmVmp : Match on catch block at 0xc3 in for 0xa9
02-11 10:26:44.105 1535 1535 E ArmVmp : Match on catch block at 0xc3 in for 0xa5
02-11 10:26:44.112 1535 1632 E : nFreeSize: 2742349824
02-11 10:26:44.113 1535 1535 E ArmVmp : Match on catch block at 0xc3 in for 0xa9
02-11 10:26:44.114 1535 1632 E : nFreeSize: 2742349824
02-11 10:26:44.122 1535 1535 E ArmVmp : Match on catch block at 0xc3 in for 0xa5
02-11 10:26:44.128 1535 1535 E ArmVmp : Match on catch block at 0xc3 in for 0xa9
02-11 10:26:44.474 1535 1535 E ArmVmp : Match on catch block at 0xc3 in for 0xa5
02-11 10:26:44.478 1535 1535 E ArmVmp : Match on catch block at 0xc3 in for 0xa9
02-11 10:26:44.974 1535 1535 E ArmVmp : Match on catch block at 0xc3 in for 0xa5
02-11 10:26:44.979 1535 1535 E ArmVmp : Match on catch block at 0xc3 in for 0xa9
02-11 10:26:45.471 1535 1535 E ArmVmp : Match on catch block at 0xc3 in for 0xa5
02-11 10:26:45.476 1535 1535 E ArmVmp : Match on catch block at 0xc3 in for 0xa9
02-11 10:26:45.988 1535 1535 E ArmVmp : Match on catch block at 0xc3 in for 0xa5
02-11 10:26:45.992 1535 1535 E ArmVmp : Match on catch block at 0xc3 in for 0xa9
02-11 10:26:46.290 1535 1535 E ArmVmp : Match on catch block at 0xc3 in for 0xa1
02-11 10:26:46.294 1535 1535 E ArmVmp : Match on catch block at 0xc3 in for 0xa5
02-11 10:26:46.325 1535 1535 E ArmVmp : Match on catch block at 0xc3 in for 0xa1
02-11 10:26:46.333 1535 1535 E ArmVmp : Match on catch block at 0xc3 in for 0xa5
02-11 10:26:46.347 1535 1535 E ArmVmp : Match on catch block at 0xc3 in for 0xa1
02-11 10:26:46.353 1535 1535 E ArmVmp : Match on catch block at 0xc3 in for 0xa5
02-11 10:26:46.362 1535 1535 E ArmVmp : Match on catch block at 0xc3 in for 0xa1
02-11 10:26:46.367 1535 1535 E ArmVmp : Match on catch block at 0xc3 in for 0xa5
02-11 10:26:46.379 1535 1535 E ArmVmp : Match on catch block at 0xc3 in for 0xa1
02-11 10:26:46.386 1535 1535 E ArmVmp : Match on catch block at 0xc3 in for 0xa5
02-11 10:26:46.396 1535 1535 E ArmVmp : Match on catch block at 0xc3 in for 0xa1
02-11 10:26:46.400 1535 1535 E ArmVmp : Match on catch block at 0xc3 in for 0xa5
02-11 10:26:46.410 1535 1535 E ArmVmp : Match on catch block at 0xc3 in for 0xa1
02-11 10:26:46.416 1535 1535 E ArmVmp : Match on catch block at 0xc3 in for 0xa5
02-11 10:26:46.425 1535 1535 E ArmVmp : Match on catch block at 0xc3 in for 0xa1
02-11 10:26:46.432 1535 1535 E ArmVmp : Match on catch block at 0xc3 in for 0xa5
02-11 10:26:46.442 1535 1535 E ArmVmp : Match on catch block at 0xc3 in for 0xa1
02-11 10:26:46.448 1535 1535 E ArmVmp : Match on catch block at 0xc3 in for 0xa5
02-11 10:26:46.459 1535 1535 E ArmVmp : Match on catch block at 0xc3 in for 0xa1
02-11 10:26:46.465 1535 1535 E ArmVmp : Match on catch block at 0xc3 in for 0xa5
02-11 10:26:46.476 1535 1535 E ArmVmp : Match on catch block at 0xc3 in for 0xa1
02-11 10:26:46.481 1535 1535 E ArmVmp : Match on catch block at 0xc3 in for 0xa5
02-11 10:26:46.492 1535 1535 E ArmVmp : Match on catch block at 0xc3 in for 0xa1
02-11 10:26:46.498 1535 1535 E ArmVmp : Match on catch block at 0xc3 in for 0xa5
02-11 10:26:46.508 1535 1535 E ArmVmp : Match on catch block at 0xc3 in for 0xa1
02-11 10:26:46.513 1535 1535 E ArmVmp : Match on catch block at 0xc3 in for 0xa5
02-11 10:26:46.522 1535 1535 E ArmVmp : Match on catch block at 0xc3 in for 0xa1
02-11 10:26:46.528 1535 1535 E ArmVmp : Match on catch block at 0xc3 in for 0xa5
02-11 10:26:46.574 1535 1535 E ArmVmp : Match on catch block at 0xc3 in for 0xa9
02-11 10:26:46.577 1535 1535 E ArmVmp : Match on catch block at 0xc3 in for 0xa1
02-11 10:26:46.608 1535 1535 E ArmVmp : Match on catch block at 0xc3 in for 0xa1
02-11 10:26:46.611 1535 1535 E ArmVmp : Match on catch block at 0xc3 in for 0xa5
02-11 10:26:46.621 1535 1535 E ArmVmp : Match on catch block at 0xc3 in for 0xa1
02-11 10:26:46.625 1535 1535 E ArmVmp : Match on catch block at 0xc3 in for 0xa5
02-11 10:26:46.636 1535 1535 E ArmVmp : Match on catch block at 0xc3 in for 0xa1
02-11 10:26:46.641 1535 1535 E ArmVmp : Match on catch block at 0xc3 in for 0xa5
02-11 10:26:46.653 1535 1535 E ArmVmp : Match on catch block at 0xc3 in for 0xa1
02-11 10:26:46.657 1535 1535 E ArmVmp : Match on catch block at 0xc3 in for 0xa5
02-11 10:26:46.670 1535 1535 E ArmVmp : Match on catch block at 0xc3 in for 0xa1
02-11 10:26:46.674 1535 1535 E ArmVmp : Match on catch block at 0xc3 in for 0xa5
02-11 10:26:46.686 1535 1535 E ArmVmp : Match on catch block at 0xc3 in for 0xa1
02-11 10:26:46.691 1535 1535 E ArmVmp : Match on catch block at 0xc3 in for 0xa5
02-11 10:26:46.703 1535 1535 E ArmVmp : Match on catch block at 0xc3 in for 0xa1
02-11 10:26:46.708 1535 1535 E ArmVmp : Match on catch block at 0xc3 in for 0xa5
02-11 10:26:46.719 1535 1535 E ArmVmp : Match on catch block at 0xc3 in for 0xa1
02-11 10:26:46.725 1535 1535 E ArmVmp : Match on catch block at 0xc3 in for 0xa5
02-11 10:26:46.736 1535 1535 E ArmVmp : Match on catch block at 0xc3 in for 0xa1
02-11 10:26:46.742 1535 1535 E ArmVmp : Match on catch block at 0xc3 in for 0xa5
02-11 10:26:46.753 1535 1535 E ArmVmp : Match on catch block at 0xc3 in for 0xa1
02-11 10:26:46.759 1535 1535 E ArmVmp : Match on catch block at 0xc3 in for 0xa5
02-11 10:26:46.770 1535 1535 E ArmVmp : Match on catch block at 0xc3 in for 0xa1
02-11 10:26:46.775 1535 1535 E ArmVmp : Match on catch block at 0xc3 in for 0xa5
02-11 10:26:46.786 1535 1535 E ArmVmp : Match on catch block at 0xc3 in for 0xa1
02-11 10:26:46.792 1535 1535 E ArmVmp : Match on catch block at 0xc3 in for 0xa5
02-11 10:26:46.818 1535 1535 E ArmVmp : Match on catch block at 0xc3 in for 0xa9
02-11 10:26:46.822 1535 1535 E ArmVmp : Match on catch block at 0xc3 in for 0xa1
02-11 10:26:46.832 1535 1535 E ArmVmp : Match on catch block at 0xc3 in for 0xa9
02-11 10:26:46.838 1535 1535 E ArmVmp : Match on catch block at 0xc3 in for 0xa1
02-11 10:26:47.003 1535 1535 E ArmVmp : Match on catch block at 0xc3 in for 0xa9
02-11 10:26:47.007 1535 1535 E ArmVmp : Match on catch block at 0xc3 in for 0xa1
02-11 10:26:47.503 1535 1535 E ArmVmp : Match on catch block at 0xc3 in for 0xa9
02-11 10:26:47.507 1535 1535 E ArmVmp : Match on catch block at 0xc3 in for 0xa1
02-11 10:26:48.001 1535 1535 E ArmVmp : Match on catch block at 0xc3 in for 0xa9
02-11 10:26:48.005 1535 1535 E ArmVmp : Match on catch block at 0xc3 in for 0xa1
02-11 10:26:48.258 1535 1535 E ArmVmp : Match on catch block at 0xc3 in for 0xa1
02-11 10:26:48.263 1535 1535 E ArmVmp : Match on catch block at 0xc3 in for 0xa5
02-11 10:26:48.284 1535 1535 E ArmVmp : Match on catch block at 0xc3 in for 0xa9
02-11 10:26:48.289 1535 1535 E ArmVmp : Match on catch block at 0xc3 in for 0xa1
02-11 10:26:48.301 1535 1535 E ArmVmp : Match on catch block at 0xc3 in for 0xa9
02-11 10:26:48.308 1535 1535 E ArmVmp : Match on catch block at 0xc3 in for 0xa1
02-11 10:26:48.318 1535 1535 E ArmVmp : Match on catch block at 0xc3 in for 0xa9
02-11 10:26:48.326 1535 1535 E ArmVmp : Match on catch block at 0xc3 in for 0xa1
02-11 10:26:48.335 1535 1535 E ArmVmp : Match on catch block at 0xc3 in for 0xa9
02-11 10:26:48.341 1535 1535 E ArmVmp : Match on catch block at 0xc3 in for 0xa1
02-11 10:26:48.351 1535 1535 E ArmVmp : Match on catch block at 0xc3 in for 0xa9
02-11 10:26:48.355 1535 1535 E ArmVmp : Match on catch block at 0xc3 in for 0xa1
02-11 10:26:48.374 1535 1535 E ArmVmp : Match on catch block at 0xc3 in for 0xa9
02-11 10:26:48.378 1535 1535 E ArmVmp : Match on catch block at 0xc3 in for 0xa1
02-11 10:26:48.389 1535 1535 E ArmVmp : Match on catch block at 0xc3 in for 0xa9
02-11 10:26:48.396 1535 1535 E ArmVmp : Match on catch block at 0xc3 in for 0xa1
02-11 10:26:48.403 1535 1535 E ArmVmp : Match on catch block at 0xc3 in for 0xa9
02-11 10:26:48.412 1535 1535 E ArmVmp : Match on catch block at 0xc3 in for 0xa1
02-11 10:26:48.426 1535 1535 E ArmVmp : Match on catch block at 0xc3 in for 0xa9
02-11 10:26:48.431 1535 1535 E ArmVmp : Match on catch block at 0xc3 in for 0xa1
02-11 10:26:48.440 1535 1535 E ArmVmp : Match on catch block at 0xc3 in for 0xa9
02-11 10:26:48.445 1535 1535 E ArmVmp : Match on catch block at 0xc3 in for 0xa1
02-11 10:26:48.453 1535 1535 E ArmVmp : Match on catch block at 0xc3 in for 0xa9
02-11 10:26:48.460 1535 1535 E ArmVmp : Match on catch block at 0xc3 in for 0xa1
02-11 10:26:48.468 1535 1535 E ArmVmp : Match on catch block at 0xc3 in for 0xa9
02-11 10:26:48.475 1535 1535 E ArmVmp : Match on catch block at 0xc3 in for 0xa1
02-11 10:26:48.484 1535 1535 E ArmVmp : Match on catch block at 0xc3 in for 0xa9
02-11 10:26:48.491 1535 1535 E ArmVmp : Match on catch block at 0xc3 in for 0xa1
02-11 10:26:48.501 1535 1535 E ArmVmp : Match on catch block at 0xc3 in for 0xa9
02-11 10:26:48.509 1535 1535 E ArmVmp : Match on catch block at 0xc3 in for 0xa1
02-11 10:26:48.518 1535 1535 E ArmVmp : Match on catch block at 0xc3 in for 0xa9
02-11 10:26:48.523 1535 1535 E ArmVmp : Match on catch block at 0xc3 in for 0xa1
02-11 10:26:48.535 1535 1535 E ArmVmp : Match on catch block at 0xc3 in for 0xa9
02-11 10:26:48.542 1535 1535 E ArmVmp : Match on catch block at 0xc3 in for 0xa1
02-11 10:26:48.551 1535 1535 E ArmVmp : Match on catch block at 0xc3 in for 0xa9
02-11 10:26:48.559 1535 1535 E ArmVmp : Match on catch block at 0xc3 in for 0xa1
02-11 10:26:48.568 1535 1535 E ArmVmp : Match on catch block at 0xc3 in for 0xa9
02-11 10:26:48.573 1535 1535 E ArmVmp : Match on catch block at 0xc3 in for 0xa1
02-11 10:26:48.585 1535 1535 E ArmVmp : Match on catch block at 0xc3 in for 0xa9
02-11 10:26:48.591 1535 1535 E ArmVmp : Match on catch block at 0xc3 in for 0xa1
02-11 10:26:48.601 1535 1535 E ArmVmp : Match on catch block at 0xc3 in for 0xa9
02-11 10:26:48.608 1535 1535 E ArmVmp : Match on catch block at 0xc3 in for 0xa1
02-11 10:26:48.618 1535 1535 E ArmVmp : Match on catch block at 0xc3 in for 0xa9
02-11 10:26:48.625 1535 1535 E ArmVmp : Match on catch block at 0xc3 in for 0xa1
02-11 10:26:48.635 1535 1535 E ArmVmp : Match on catch block at 0xc3 in for 0xa9
02-11 10:26:48.642 1535 1535 E ArmVmp : Match on catch block at 0xc3 in for 0xa1
02-11 10:26:48.653 1535 1535 E ArmVmp : Match on catch block at 0xc3 in for 0xa9
02-11 10:26:48.658 1535 1535 E ArmVmp : Match on catch block at 0xc3 in for 0xa1
02-11 10:26:48.668 1535 1535 E ArmVmp : Match on catch block at 0xc3 in for 0xa9
02-11 10:26:48.674 1535 1535 E ArmVmp : Match on catch block at 0xc3 in for 0xa1
02-11 10:26:48.685 1535 1535 E ArmVmp : Match on catch block at 0xc3 in for 0xa9
02-11 10:26:48.691 1535 1535 E ArmVmp : Match on catch block at 0xc3 in for 0xa1
02-11 10:26:48.834 1535 1535 E ArmVmp : Match on catch block at 0xc3 in for 0xa9
02-11 10:26:48.838 1535 1535 E ArmVmp : Match on catch block at 0xc3 in for 0xa1
02-11 10:26:48.984 1535 1535 E ArmVmp : Match on catch block at 0xc3 in for 0xa9
02-11 10:26:48.988 1535 1535 E ArmVmp : Match on catch block at 0xc3 in for 0xa1
02-11 10:26:49.234 1535 1535 E ArmVmp : Match on catch block at 0xc3 in for 0xa9
02-11 10:26:49.239 1535 1535 E ArmVmp : Match on catch block at 0xc3 in for 0xa1
02-11 10:26:49.323 1535 1632 E : nFreeSize: 2742349824
02-11 10:26:49.324 1535 1632 E : nFreeSize: 2742349824
02-11 10:26:49.569 1535 1535 E ArmVmp : Match on catch block at 0xc3 in for 0xa9
02-11 10:26:49.579 1535 1535 E ArmVmp : Match on catch block at 0xc3 in for 0xa1
02-11 10:26:50.070 1535 1535 E ArmVmp : Match on catch block at 0xc3 in for 0xa9
02-11 10:26:50.084 1535 1535 E ArmVmp : Match on catch block at 0xc3 in for 0xa1
02-11 10:26:50.235 1535 1535 E ArmVmp : Match on catch block at 0xc3 in for 0xa9
02-11 10:26:50.245 1535 1535 E ArmVmp : Match on catch block at 0xc3 in for 0xa1
02-11 10:26:50.385 1535 1535 E ArmVmp : Match on catch block at 0xc3 in for 0xa9
02-11 10:26:50.393 1535 1535 E ArmVmp : Match on catch block at 0xc3 in for 0xa1
02-11 10:26:50.604 1535 1535 E ArmVmp : Match on catch block at 0xc3 in for 0xa9
02-11 10:26:50.618 1535 1535 E ArmVmp : Match on catch block at 0xc3 in for 0xa1
02-11 10:26:50.916 1535 1535 E ArmVmp : Match on catch block at 0xc3 in for 0xa9
02-11 10:26:50.927 1535 1535 E ArmVmp : Match on catch block at 0xc3 in for 0xa1
02-11 10:26:51.118 1535 1535 E ArmVmp : Match on catch block at 0xc3 in for 0xa9
02-11 10:26:51.125 1535 1535 E ArmVmp : Match on catch block at 0xc3 in for 0xa1
02-11 10:26:51.232 1535 1535 E ArmVmp : Match on catch block at 0xc3 in for 0xa9
02-11 10:26:51.237 1535 1535 E ArmVmp : Match on catch block at 0xc3 in for 0xa1
02-11 10:26:51.635 1535 1535 E ArmVmp : Match on catch block at 0xc3 in for 0xa9
02-11 10:26:51.647 1535 1535 E ArmVmp : Match on catch block at 0xc3 in for 0xa1
02-11 10:26:51.790 1535 1535 W PlayerBase: baseStop state not match:4
02-11 10:26:52.152 1535 1535 E ArmVmp : Match on catch block at 0xc3 in for 0xa9
02-11 10:26:52.164 1535 1535 E ArmVmp : Match on catch block at 0xc3 in for 0xa1
02-11 10:26:52.500 1535 1535 E ArmVmp : Match on catch block at 0xc3 in for 0xa5
02-11 10:26:52.509 1535 1535 E ArmVmp : Match on catch block at 0xc3 in for 0xa9
02-11 10:26:52.531 1535 1535 E ArmVmp : Match on catch block at 0xc3 in for 0xa1
02-11 10:26:52.536 1535 1535 E ArmVmp : Match on catch block at 0xc3 in for 0xa5
02-11 10:26:52.865 1535 1535 E ArmVmp : Match on catch block at 0xc3 in for 0xa1
02-11 10:26:52.875 1535 1535 E ArmVmp : Match on catch block at 0xc3 in for 0xa5
02-11 10:26:53.263 1535 1535 E ArmVmp : Match on catch block at 0xc3 in for 0xa1
02-11 10:26:53.270 1535 1535 E ArmVmp : Match on catch block at 0xc3 in for 0xa5
02-11 10:26:53.767 1535 1535 E ArmVmp : Match on catch block at 0xc3 in for 0xa1
02-11 10:26:53.779 1535 1535 E ArmVmp : Match on catch block at 0xc3 in for 0xa5
02-11 10:26:54.264 1535 1535 E ArmVmp : Match on catch block at 0xc3 in for 0xa1
02-11 10:26:54.273 1535 1535 E ArmVmp : Match on catch block at 0xc3 in for 0xa5
02-11 10:26:54.496 1535 1535 E ArmVmp : Match on catch block at 0xc3 in for 0xa1
02-11 10:26:54.501 1535 1535 E ArmVmp : Match on catch block at 0xc3 in for 0xa5
02-11 10:26:54.679 1535 1535 E ArmVmp : Match on catch block at 0xc3 in for 0xa1
02-11 10:26:54.684 1535 1535 E ArmVmp : Match on catch block at 0xc3 in for 0xa5
02-11 10:26:54.896 1535 1535 E ArmVmp : Match on catch block at 0xc3 in for 0xa1
02-11 10:26:54.905 1535 1535 E ArmVmp : Match on catch block at 0xc3 in for 0xa5
02-11 10:26:55.162 1535 1535 E ArmVmp : Match on catch block at 0xc3 in for 0xa1
02-11 10:26:55.167 1535 1535 E ArmVmp : Match on catch block at 0xc3 in for 0xa5
02-11 10:26:55.229 1535 1535 E ArmVmp : Match on catch block at 0xc3 in for 0xa1
02-11 10:26:55.237 1535 1535 E ArmVmp : Match on catch block at 0xc3 in for 0xa5
02-11 10:26:55.511 1535 1535 E ArmVmp : Match on catch block at 0xc3 in for 0xa1
02-11 10:26:55.517 1535 1535 E ArmVmp : Match on catch block at 0xc3 in for 0xa5
02-11 10:26:55.746 1535 1535 E ArmVmp : Match on catch block at 0xc3 in for 0xa1
02-11 10:26:55.752 1535 1535 E ArmVmp : Match on catch block at 0xc3 in for 0xa5
02-11 10:26:56.062 1535 1535 E ArmVmp : Match on catch block at 0xc3 in for 0xa5
02-11 10:26:56.069 1535 1535 E ArmVmp : Match on catch block at 0xc3 in for 0xa9
02-11 10:26:56.091 1535 13743 E : nFreeSize: 2742341632
02-11 10:26:56.296 1535 1535 E ArmVmp : Match on catch block at 0xc3 in for 0xa5
02-11 10:26:56.303 1535 1535 E ArmVmp : Match on catch block at 0xc3 in for 0xa9
02-11 10:26:56.665 1535 1535 E ArmVmp : Match on catch block at 0xc3 in for 0xa5
02-11 10:26:56.673 1535 1535 E ArmVmp : Match on catch block at 0xc3 in for 0xa9
02-11 10:26:56.945 1535 1535 E ArmVmp : Match on catch block at 0xc3 in for 0xa5
02-11 10:26:56.955 1535 1535 E ArmVmp : Match on catch block at 0xc3 in for 0xa9
02-11 10:26:57.028 1535 1632 E : nFreeSize: 2742341632
02-11 10:26:57.031 1535 1632 E : nFreeSize: 2742341632
02-11 10:26:57.410 1535 1535 E ArmVmp : Match on catch block at 0xc3 in for 0xa5
02-11 10:26:57.417 1535 1535 E ArmVmp : Match on catch block at 0xc3 in for 0xa9
02-11 10:26:57.677 1535 1535 E ArmVmp : Match on catch block at 0xc3 in for 0xa5
02-11 10:26:57.681 1535 1535 E ArmVmp : Match on catch block at 0xc3 in for 0xa9
02-11 10:26:57.907 1535 1535 E ArmVmp : Match on catch block at 0xc3 in for 0xa1
02-11 10:26:57.912 1535 1535 E ArmVmp : Match on catch block at 0xc3 in for 0xa5
02-11 10:26:57.924 1535 1535 E ArmVmp : Match on catch block at 0xc3 in for 0xa1
02-11 10:26:57.932 1535 1535 E ArmVmp : Match on catch block at 0xc3 in for 0xa5
02-11 10:26:58.095 1535 1535 E ArmVmp : Match on catch block at 0xc3 in for 0xa1
02-11 10:26:58.105 1535 1535 E ArmVmp : Match on catch block at 0xc3 in for 0xa5
02-11 10:26:58.492 1535 1535 E ArmVmp : Match on catch block at 0xc3 in for 0xa9
02-11 10:26:58.502 1535 1535 E ArmVmp : Match on catch block at 0xc3 in for 0xa1
02-11 10:26:58.694 1535 1535 E ArmVmp : Match on catch block at 0xc3 in for 0xa9
02-11 10:26:58.704 1535 1535 E ArmVmp : Match on catch block at 0xc3 in for 0xa1
02-11 10:26:58.879 1535 1535 E ArmVmp : Match on catch block at 0xc3 in for 0xa9
02-11 10:26:58.886 1535 1535 E ArmVmp : Match on catch block at 0xc3 in for 0xa1
02-11 10:26:59.124 1535 1535 E ArmVmp : Match on catch block at 0xc3 in for 0xa9
02-11 10:26:59.130 1535 1535 E ArmVmp : Match on catch block at 0xc3 in for 0xa1
02-11 10:26:59.375 1535 1535 E ArmVmp : Match on catch block at 0xc3 in for 0xa9
02-11 10:26:59.380 1535 1535 E ArmVmp : Match on catch block at 0xc3 in for 0xa1
02-11 10:26:59.497 1535 1535 E ArmVmp : Match on catch block at 0xc3 in for 0xa9
02-11 10:26:59.509 1535 1535 E ArmVmp : Match on catch block at 0xc3 in for 0xa1
02-11 10:26:59.527 1535 1535 E ArmVmp : Match on catch block at 0xc3 in for 0xa9
02-11 10:26:59.531 1535 1632 E : nFreeSize: 2742341632
02-11 10:26:59.535 1535 1632 E : nFreeSize: 2742341632
02-11 10:26:59.536 1535 1535 E ArmVmp : Match on catch block at 0xc3 in for 0xa1
02-11 10:26:59.546 1535 1535 E ArmVmp : Match on catch block at 0xc3 in for 0xa9
02-11 10:26:59.554 1535 1535 E ArmVmp : Match on catch block at 0xc3 in for 0xa1
02-11 10:26:59.563 1535 1535 E ArmVmp : Match on catch block at 0xc3 in for 0xa9
02-11 10:26:59.573 1535 1535 E ArmVmp : Match on catch block at 0xc3 in for 0xa1
02-11 10:26:59.584 1535 1535 E ArmVmp : Match on catch block at 0xc3 in for 0xa9
02-11 10:26:59.592 1535 1535 E ArmVmp : Match on catch block at 0xc3 in for 0xa1
02-11 10:26:59.609 1535 1535 E ArmVmp : Match on catch block at 0xc3 in for 0xa9
02-11 10:26:59.616 1535 1535 E ArmVmp : Match on catch block at 0xc3 in for 0xa1
02-11 10:26:59.628 1535 1535 E ArmVmp : Match on catch block at 0xc3 in for 0xa9
02-11 10:26:59.633 1535 1535 E ArmVmp : Match on catch block at 0xc3 in for 0xa1
02-11 10:26:59.641 1535 1535 E ArmVmp : Match on catch block at 0xc3 in for 0xa9
02-11 10:26:59.647 1535 1535 E ArmVmp : Match on catch block at 0xc3 in for 0xa1
02-11 10:26:59.658 1535 1535 E ArmVmp : Match on catch block at 0xc3 in for 0xa9
02-11 10:26:59.666 1535 1535 E ArmVmp : Match on catch block at 0xc3 in for 0xa1
02-11 10:26:59.675 1535 1535 E ArmVmp : Match on catch block at 0xc3 in for 0xa9
02-11 10:26:59.683 1535 1535 E ArmVmp : Match on catch block at 0xc3 in for 0xa1
02-11 10:26:59.691 1535 1535 E ArmVmp : Match on catch block at 0xc3 in for 0xa9
02-11 10:26:59.697 1535 1535 E ArmVmp : Match on catch block at 0xc3 in for 0xa1
02-11 10:26:59.708 1535 1535 E ArmVmp : Match on catch block at 0xc3 in for 0xa9
02-11 10:26:59.713 1535 1535 E ArmVmp : Match on catch block at 0xc3 in for 0xa1
02-11 10:26:59.725 1535 1535 E ArmVmp : Match on catch block at 0xc3 in for 0xa9
02-11 10:26:59.730 1535 1535 E ArmVmp : Match on catch block at 0xc3 in for 0xa1
02-11 10:26:59.741 1535 1535 E ArmVmp : Match on catch block at 0xc3 in for 0xa9
02-11 10:26:59.747 1535 1535 E ArmVmp : Match on catch block at 0xc3 in for 0xa1
02-11 10:26:59.758 1535 1535 E ArmVmp : Match on catch block at 0xc3 in for 0xa9
02-11 10:26:59.766 1535 1535 E ArmVmp : Match on catch block at 0xc3 in for 0xa1
02-11 10:27:00.009 1535 1535 E ArmVmp : Match on catch block at 0xc3 in for 0xa9
02-11 10:27:00.017 1535 1535 E ArmVmp : Match on catch block at 0xc3 in for 0xa1
02-11 10:27:00.457 1535 1535 E ArmVmp : Match on catch block at 0xc3 in for 0xa9
02-11 10:27:00.463 1535 1535 E ArmVmp : Match on catch block at 0xc3 in for 0xa1
02-11 10:27:00.827 1535 1535 E ArmVmp : Match on catch block at 0xc3 in for 0xa9
02-11 10:27:00.836 1535 1535 E ArmVmp : Match on catch block at 0xc3 in for 0xa1
02-11 10:27:01.326 1535 1535 E ArmVmp : Match on catch block at 0xc3 in for 0xa9
02-11 10:27:01.338 1535 1535 E ArmVmp : Match on catch block at 0xc3 in for 0xa1
02-11 10:27:01.630 1535 1535 E ArmVmp : Match on catch block at 0xc3 in for 0xa5
02-11 10:27:01.637 1535 1535 E ArmVmp : Match on catch block at 0xc3 in for 0xa9
02-11 10:27:01.657 1535 1535 E ArmVmp : Match on catch block at 0xc3 in for 0xa1
02-11 10:27:01.664 1535 1535 E ArmVmp : Match on catch block at 0xc3 in for 0xa5
02-11 10:27:01.796 1535 1535 E ArmVmp : Match on catch block at 0xc3 in for 0xa5
02-11 10:27:01.804 1535 1535 E ArmVmp : Match on catch block at 0xc3 in for 0xa9
02-11 10:27:02.189 1535 1535 E ArmVmp : Match on catch block at 0xc3 in for 0xa5
02-11 10:27:02.197 1535 1535 E ArmVmp : Match on catch block at 0xc3 in for 0xa9
02-11 10:27:02.488 1535 1535 E ArmVmp : Match on catch block at 0xc3 in for 0xa5
02-11 10:27:02.496 1535 1535 E ArmVmp : Match on catch block at 0xc3 in for 0xa9
02-11 10:27:02.822 1535 1535 E ArmVmp : Match on catch block at 0xc3 in for 0xa5
02-11 10:27:02.827 1535 1535 E ArmVmp : Match on catch block at 0xc3 in for 0xa9
02-11 10:27:02.925 1535 1632 E : nFreeSize: 2742329344
02-11 10:27:02.930 1535 1632 E : nFreeSize: 2742329344
02-11 10:27:03.090 1535 1535 E ArmVmp : Match on catch block at 0xc3 in for 0xa5
02-11 10:27:03.097 1535 1535 E ArmVmp : Match on catch block at 0xc3 in for 0xa9
02-11 10:27:03.545 1535 1535 E ArmVmp : Match on catch block at 0xc3 in for 0xa9
02-11 10:27:03.551 1535 1535 E ArmVmp : Match on catch block at 0xc3 in for 0xa1
02-11 10:27:03.763 1535 1535 E ArmVmp : Match on catch block at 0xc3 in for 0xa1
02-11 10:27:03.773 1535 1535 E ArmVmp : Match on catch block at 0xc3 in for 0xa5
02-11 10:27:03.946 1535 1535 E ArmVmp : Match on catch block at 0xc3 in for 0xa5
02-11 10:27:03.955 1535 1535 E ArmVmp : Match on catch block at 0xc3 in for 0xa9
02-11 10:27:04.440 1535 1535 E ArmVmp : Match on catch block at 0xc3 in for 0xa5
02-11 10:27:04.455 1535 1535 E ArmVmp : Match on catch block at 0xc3 in for 0xa9
02-11 10:27:04.570 1535 1535 E ArmVmp : Match on catch block at 0xc3 in for 0xa5
02-11 10:27:04.575 1535 1535 E ArmVmp : Match on catch block at 0xc3 in for 0xa9
02-11 10:27:04.937 1535 1535 E ArmVmp : Match on catch block at 0xc3 in for 0xa5
02-11 10:27:04.943 1535 1535 E ArmVmp : Match on catch block at 0xc3 in for 0xa9
02-11 10:27:05.236 1535 1535 E ArmVmp : Match on catch block at 0xc3 in for 0xa5
02-11 10:27:05.241 1535 1535 E ArmVmp : Match on catch block at 0xc3 in for 0xa9
02-11 10:27:05.739 1535 1535 E ArmVmp : Match on catch block at 0xc3 in for 0xa5
02-11 10:27:05.746 1535 1535 E ArmVmp : Match on catch block at 0xc3 in for 0xa9
02-11 10:27:06.119 1535 1535 E ArmVmp : Match on catch block at 0xc3 in for 0xa9
02-11 10:27:06.124 1535 1535 E ArmVmp : Match on catch block at 0xc3 in for 0xa1
02-11 10:27:06.360 1535 1632 E : nFreeSize: 2742321152
02-11 10:27:06.364 1535 1632 E : nFreeSize: 2742321152
02-11 10:27:06.619 1535 1535 E ArmVmp : Match on catch block at 0xc3 in for 0xa9
02-11 10:27:06.626 1535 1535 E ArmVmp : Match on catch block at 0xc3 in for 0xa1
02-11 10:27:06.901 1535 1535 E ArmVmp : Match on catch block at 0xc3 in for 0xa9
02-11 10:27:06.907 1535 1535 E ArmVmp : Match on catch block at 0xc3 in for 0xa1
02-11 10:27:07.234 1535 1535 E ArmVmp : Match on catch block at 0xc3 in for 0xa9
02-11 10:27:07.238 1535 1535 E ArmVmp : Match on catch block at 0xc3 in for 0xa1
02-11 10:27:07.272 1535 10660 W ContextImpl: Failed to ensure
/dev/null/Android/data/com.mbwhatsapp/cache: -404
02-11 10:27:07.316 1535 1535 E ArmVmp : Match on catch block at 0xc3 in for 0xa1
02-11 10:27:07.324 1535 1535 E ArmVmp : Match on catch block at 0xc3 in for 0xa5
02-11 10:27:07.372 1535 1535 E ArmVmp : Match on catch block at 0xc3 in for 0xa9
02-11 10:27:07.377 1535 1535 E ArmVmp : Match on catch block at 0xc3 in for 0xa1
02-11 10:27:07.389 1535 1535 E ArmVmp : Match on catch block at 0xc3 in for 0xa9
02-11 10:27:07.396 1535 1535 E ArmVmp : Match on catch block at 0xc3 in for 0xa1
02-11 10:27:07.451 1535 1535 E ArmVmp : Match on catch block at 0xc3 in for 0xa1
02-11 10:27:07.456 1535 1535 E ArmVmp : Match on catch block at 0xc3 in for 0xa5
02-11 10:27:07.481 1535 1535 E ArmVmp : Match on catch block at 0xc3 in for 0xa9
02-11 10:27:07.485 1535 1535 E ArmVmp : Match on catch block at 0xc3 in for 0xa1
02-11 10:27:07.498 1535 1535 E ArmVmp : Match on catch block at 0xc3 in for 0xa5
02-11 10:27:07.501 1535 1535 E ArmVmp : Match on catch block at 0xc3 in for 0xa9
02-11 10:27:07.507 1535 1535 E ArmVmp : Match on catch block at 0xc3 in for 0xa5
02-11 10:27:07.512 1535 1535 E ArmVmp : Match on catch block at 0xc3 in for 0xa9
02-11 10:27:07.558 1535 13743 E : nFreeSize: 2742312960
02-11 10:27:07.677 1535 1535 E ArmVmp : Match on catch block at 0xc3 in for 0xa9
02-11 10:27:07.684 1535 1535 E ArmVmp : Match on catch block at 0xc3 in for 0xa1
02-11 10:27:07.713 1535 1535 E ArmVmp : Match on catch block at 0xc3 in for 0xa5
02-11 10:27:07.719 1535 1535 E ArmVmp : Match on catch block at 0xc3 in for 0xa9
02-11 10:27:07.735 1535 1535 E ArmVmp : Match on catch block at 0xc3 in for 0xa5
02-11 10:27:07.741 1535 1535 E ArmVmp : Match on catch block at 0xc3 in for 0xa9
02-11 10:27:07.751 1535 1535 E ArmVmp : Match on catch block at 0xc3 in for 0xa5
02-11 10:27:07.758 1535 1535 E ArmVmp : Match on catch block at 0xc3 in for 0xa9
02-11 10:27:07.768 1535 1535 E ArmVmp : Match on catch block at 0xc3 in for 0xa1
02-11 10:27:07.774 1535 1535 E ArmVmp : Match on catch block at 0xc3 in for 0xa5
02-11 10:27:07.793 1535 1535 E ArmVmp : Match on catch block at 0xc3 in for 0xa5
02-11 10:27:07.798 1535 1535 E ArmVmp : Match on catch block at 0xc3 in for 0xa9
02-11 10:27:07.818 1535 1535 E ArmVmp : Match on catch block at 0xc3 in for 0xa5
02-11 10:27:07.824 1535 1535 E ArmVmp : Match on catch block at 0xc3 in for 0xa9
02-11 10:27:07.834 1535 1535 E ArmVmp : Match on catch block at 0xc3 in for 0xa5
02-11 10:27:07.840 1535 1535 E ArmVmp : Match on catch block at 0xc3 in for 0xa9
02-11 10:27:07.851 1535 1535 E ArmVmp : Match on catch block at 0xc3 in for 0xa5
02-11 10:27:07.858 1535 1535 E ArmVmp : Match on catch block at 0xc3 in for 0xa9
02-11 10:27:07.868 1535 1535 E ArmVmp : Match on catch block at 0xc3 in for 0xa5
02-11 10:27:07.874 1535 1535 E ArmVmp : Match on catch block at 0xc3 in for 0xa9
02-11 10:27:07.900 1535 1535 E ArmVmp : Match on catch block at 0xc3 in for 0xa5
02-11 10:27:07.907 1535 1535 E ArmVmp : Match on catch block at 0xc3 in for 0xa9
02-11 10:27:08.218 1535 1535 E ArmVmp : Match on catch block at 0xc3 in for 0xa5
02-11 10:27:08.226 1535 1535 E ArmVmp : Match on catch block at 0xc3 in for 0xa9
02-11 10:27:08.349 1535 1535 E ArmVmp : Match on catch block at 0xc3 in for 0xa9
02-11 10:27:08.357 1535 1535 E ArmVmp : Match on catch block at 0xc3 in for 0xa1
02-11 10:27:08.373 1535 13759 W MediaPlayer: Use of stream types is deprecated for
operations other than volume control
02-11 10:27:08.373 1535 13759 W MediaPlayer: See the documentation of
setAudioStreamType() for what to use instead with android.media.AudioAttributes to
qualify your playback use case
02-11 10:27:08.377 1535 13759 E AudioFeatures: Application cannot support or
Zenmode close
02-11 10:27:08.399 1535 1535 E ArmVmp : Match on catch block at 0xc3 in for 0xa1
02-11 10:27:08.407 1535 1535 E ArmVmp : Match on catch block at 0xc3 in for 0xa5
02-11 10:27:08.433 1535 1535 E ArmVmp : Match on catch block at 0xc3 in for 0xa1
02-11 10:27:08.440 1535 1535 E ArmVmp : Match on catch block at 0xc3 in for 0xa5
02-11 10:27:08.505 1535 6810 E : nFreeSize: 2742300672
02-11 10:27:08.595 1535 1535 E ArmVmp : Match on catch block at 0xc3 in for 0xa1
02-11 10:27:08.604 1535 1535 E ArmVmp : Match on catch block at 0xc3 in for 0xa5
02-11 10:27:08.616 1535 1535 E ArmVmp : Match on catch block at 0xc3 in for 0xa9
02-11 10:27:08.623 1535 1535 E ArmVmp : Match on catch block at 0xc3 in for 0xa1
02-11 10:27:08.774 1535 1535 E ArmVmp : Match on catch block at 0xc3 in for 0xa5
02-11 10:27:08.780 1535 1535 E ArmVmp : Match on catch block at 0xc3 in for 0xa9
02-11 10:27:08.800 1535 1535 E ArmVmp : Match on catch block at 0xc3 in for 0xa1
02-11 10:27:08.805 1535 1535 E ArmVmp : Match on catch block at 0xc3 in for 0xa5
02-11 10:27:08.941 1535 1535 W PlayerBase: baseStop state not match:4
02-11 10:27:08.971 1535 1535 E ArmVmp : Match on catch block at 0xc3 in for 0xa9
02-11 10:27:08.976 1535 1535 E ArmVmp : Match on catch block at 0xc3 in for 0xa1
02-11 10:27:08.986 1535 1535 E ArmVmp : Match on catch block at 0xc3 in for 0xa9
02-11 10:27:08.991 1535 1535 E ArmVmp : Match on catch block at 0xc3 in for 0xa1
02-11 10:27:08.999 1535 1535 E ArmVmp : Match on catch block at 0xc3 in for 0xa9
02-11 10:27:09.004 1535 1535 E ArmVmp : Match on catch block at 0xc3 in for 0xa1
02-11 10:27:09.016 1535 1535 E ArmVmp : Match on catch block at 0xc3 in for 0xa9
02-11 10:27:09.022 1535 1535 E ArmVmp : Match on catch block at 0xc3 in for 0xa1
02-11 10:27:09.032 1535 1535 E ArmVmp : Match on catch block at 0xc3 in for 0xa9
02-11 10:27:09.036 1535 1535 E ArmVmp : Match on catch block at 0xc3 in for 0xa1
02-11 10:27:09.049 1535 1535 E ArmVmp : Match on catch block at 0xc3 in for 0xa9
02-11 10:27:09.053 1535 1535 E ArmVmp : Match on catch block at 0xc3 in for 0xa1
02-11 10:27:09.066 1535 1535 E ArmVmp : Match on catch block at 0xc3 in for 0xa9
02-11 10:27:09.071 1535 1535 E ArmVmp : Match on catch block at 0xc3 in for 0xa1
02-11 10:27:09.082 1535 1535 E ArmVmp : Match on catch block at 0xc3 in for 0xa9
02-11 10:27:09.087 1535 1535 E ArmVmp : Match on catch block at 0xc3 in for 0xa1
02-11 10:27:09.099 1535 1535 E ArmVmp : Match on catch block at 0xc3 in for 0xa9
02-11 10:27:09.103 1535 1535 E ArmVmp : Match on catch block at 0xc3 in for 0xa1
02-11 10:27:09.115 1535 1535 E ArmVmp : Match on catch block at 0xc3 in for 0xa9
02-11 10:27:09.119 1535 1535 E ArmVmp : Match on catch block at 0xc3 in for 0xa1
02-11 10:27:09.132 1535 1535 E ArmVmp : Match on catch block at 0xc3 in for 0xa9
02-11 10:27:09.137 1535 1535 E ArmVmp : Match on catch block at 0xc3 in for 0xa1
02-11 10:27:09.149 1535 1535 E ArmVmp : Match on catch block at 0xc3 in for 0xa9
02-11 10:27:09.153 1535 1535 E ArmVmp : Match on catch block at 0xc3 in for 0xa1
02-11 10:27:09.165 1535 1535 E ArmVmp : Match on catch block at 0xc3 in for 0xa9
02-11 10:27:09.170 1535 1535 E ArmVmp : Match on catch block at 0xc3 in for 0xa1
02-11 10:27:09.336 1535 1535 E ArmVmp : Match on catch block at 0xc3 in for 0xa1
02-11 10:27:09.339 1535 1535 E ArmVmp : Match on catch block at 0xc3 in for 0xa5
02-11 10:27:09.357 1535 1535 E ArmVmp : Match on catch block at 0xc3 in for 0xa9
02-11 10:27:09.361 1535 1535 E ArmVmp : Match on catch block at 0xc3 in for 0xa1
02-11 10:27:09.367 1535 1535 E ArmVmp : Match on catch block at 0xc3 in for 0xa9
02-11 10:27:09.372 1535 1535 E ArmVmp : Match on catch block at 0xc3 in for 0xa1
02-11 10:27:09.382 1535 1535 E ArmVmp : Match on catch block at 0xc3 in for 0xa9
02-11 10:27:09.387 1535 1535 E ArmVmp : Match on catch block at 0xc3 in for 0xa1
02-11 10:27:09.398 1535 1535 E ArmVmp : Match on catch block at 0xc3 in for 0xa9
02-11 10:27:09.402 1535 1535 E ArmVmp : Match on catch block at 0xc3 in for 0xa1
02-11 10:27:09.415 1535 1535 E ArmVmp : Match on catch block at 0xc3 in for 0xa9
02-11 10:27:09.418 1535 1535 E ArmVmp : Match on catch block at 0xc3 in for 0xa1
02-11 10:27:09.432 1535 1535 E ArmVmp : Match on catch block at 0xc3 in for 0xa9
02-11 10:27:09.435 1535 1535 E ArmVmp : Match on catch block at 0xc3 in for 0xa1
02-11 10:27:09.448 1535 1535 E ArmVmp : Match on catch block at 0xc3 in for 0xa9
02-11 10:27:09.452 1535 1535 E ArmVmp : Match on catch block at 0xc3 in for 0xa1
02-11 10:27:09.468 1535 1535 E ArmVmp : Match on catch block at 0xc3 in for 0xa9
02-11 10:27:09.472 1535 1535 E ArmVmp : Match on catch block at 0xc3 in for 0xa1
02-11 10:27:09.482 1535 1535 E ArmVmp : Match on catch block at 0xc3 in for 0xa9
02-11 10:27:09.486 1535 1535 E ArmVmp : Match on catch block at 0xc3 in for 0xa1
02-11 10:27:09.499 1535 1535 E ArmVmp : Match on catch block at 0xc3 in for 0xa9
02-11 10:27:09.502 1535 1535 E ArmVmp : Match on catch block at 0xc3 in for 0xa1
02-11 10:27:09.515 1535 1535 E ArmVmp : Match on catch block at 0xc3 in for 0xa9
02-11 10:27:09.518 1535 1535 E ArmVmp : Match on catch block at 0xc3 in for 0xa1
02-11 10:27:09.533 1535 1535 E ArmVmp : Match on catch block at 0xc3 in for 0xa9
02-11 10:27:09.536 1535 1535 E ArmVmp : Match on catch block at 0xc3 in for 0xa1
02-11 10:27:09.765 1535 1535 E ArmVmp : Match on catch block at 0xc3 in for 0xa1
02-11 10:27:09.770 1535 1535 E ArmVmp : Match on catch block at 0xc3 in for 0xa5
02-11 10:27:09.847 1535 6810 E : nFreeSize: 2742296576
02-11 10:27:09.998 1535 1535 E ArmVmp : Match on catch block at 0xc3 in for 0xa1
02-11 10:27:10.002 1535 1535 E ArmVmp : Match on catch block at 0xc3 in for 0xa5
02-11 10:27:10.015 1535 1535 E ArmVmp : Match on catch block at 0xc3 in for 0xa1
02-11 10:27:10.019 1535 1535 E ArmVmp : Match on catch block at 0xc3 in for 0xa5
02-11 10:27:10.032 1535 1535 E ArmVmp : Match on catch block at 0xc3 in for 0xa1
02-11 10:27:10.035 1535 1535 E ArmVmp : Match on catch block at 0xc3 in for 0xa5
02-11 10:27:10.048 1535 1535 E ArmVmp : Match on catch block at 0xc3 in for 0xa1
02-11 10:27:10.052 1535 1535 E ArmVmp : Match on catch block at 0xc3 in for 0xa5
02-11 10:27:10.064 1535 1535 E ArmVmp : Match on catch block at 0xc3 in for 0xa1
02-11 10:27:10.069 1535 1535 E ArmVmp : Match on catch block at 0xc3 in for 0xa5
02-11 10:27:10.082 1535 1535 E ArmVmp : Match on catch block at 0xc3 in for 0xa1
02-11 10:27:10.087 1535 1535 E ArmVmp : Match on catch block at 0xc3 in for 0xa5
02-11 10:27:10.098 1535 1535 E ArmVmp : Match on catch block at 0xc3 in for 0xa1
02-11 10:27:10.103 1535 1535 E ArmVmp : Match on catch block at 0xc3 in for 0xa5
02-11 10:27:10.115 1535 1535 E ArmVmp : Match on catch block at 0xc3 in for 0xa1
02-11 10:27:10.119 1535 1535 E ArmVmp : Match on catch block at 0xc3 in for 0xa5
02-11 10:27:10.131 1535 1535 E ArmVmp : Match on catch block at 0xc3 in for 0xa1
02-11 10:27:10.135 1535 1535 E ArmVmp : Match on catch block at 0xc3 in for 0xa5
02-11 10:27:10.148 1535 1535 E ArmVmp : Match on catch block at 0xc3 in for 0xa1
02-11 10:27:10.152 1535 1535 E ArmVmp : Match on catch block at 0xc3 in for 0xa5
02-11 10:27:10.164 1535 1535 E ArmVmp : Match on catch block at 0xc3 in for 0xa1
02-11 10:27:10.168 1535 1535 E ArmVmp : Match on catch block at 0xc3 in for 0xa5
02-11 10:27:10.181 1535 1535 E ArmVmp : Match on catch block at 0xc3 in for 0xa1
