02-10 20:33:37.954 31076 31076 E ArmVmp : Match on catch block at 0xc3 in for 0xa1
02-10 20:33:37.965 31076 31076 E ArmVmp : Match on catch block at 0xc3 in for 0xa5
02-10 20:33:37.970 31076 31076 E ArmVmp : Match on catch block at 0xc3 in for 0xa9
02-10 20:33:37.974 31076 31076 E ArmVmp : Match on catch block at 0xc3 in for 0xa9
02-10 20:33:37.984 31076 31076 E ArmVmp : Match on catch block at 0xc3 in for 0xa1
02-10 20:33:37.989 31076 31076 E ArmVmp : Match on catch block at 0xc3 in for 0xa5
02-10 20:33:37.992 31076 31076 E ArmVmp : Match on catch block at 0xc3 in for 0xa5
02-10 20:33:38.004 31076 31076 E ArmVmp : Match on catch block at 0xc3 in for 0xa9
02-10 20:33:38.009 31076 31076 E ArmVmp : Match on catch block at 0xc3 in for 0xa1
02-10 20:33:38.013 31076 31076 E ArmVmp : Match on catch block at 0xc3 in for 0xa1
02-10 20:33:38.027 31076 31076 E ArmVmp : Match on catch block at 0xc3 in for 0xa5
02-10 20:33:38.032 31076 31076 E ArmVmp : Match on catch block at 0xc3 in for 0xa9
02-10 20:33:38.035 31076 31076 E ArmVmp : Match on catch block at 0xc3 in for 0xa9
02-10 20:33:38.043 31076 31076 E ArmVmp : Match on catch block at 0xc3 in for 0xa1
02-10 20:33:38.049 31076 31076 E ArmVmp : Match on catch block at 0xc3 in for 0xa5
02-10 20:33:38.052 31076 31076 E ArmVmp : Match on catch block at 0xc3 in for 0xa5
02-10 20:33:38.064 31076 31076 E ArmVmp : Match on catch block at 0xc3 in for 0xa9
02-10 20:33:38.069 31076 31076 E ArmVmp : Match on catch block at 0xc3 in for 0xa1
02-10 20:33:38.072 31076 31076 E ArmVmp : Match on catch block at 0xc3 in for 0xa1
02-10 20:33:38.083 31076 31076 E ArmVmp : Match on catch block at 0xc3 in for 0xa5
02-10 20:33:38.088 31076 31076 E ArmVmp : Match on catch block at 0xc3 in for 0xa9
02-10 20:33:38.092 31076 31076 E ArmVmp : Match on catch block at 0xc3 in for 0xa9
02-10 20:33:38.104 31076 31076 E ArmVmp : Match on catch block at 0xc3 in for 0xa1
02-10 20:33:38.109 31076 31076 E ArmVmp : Match on catch block at 0xc3 in for 0xa5
02-10 20:33:38.113 31076 31076 E ArmVmp : Match on catch block at 0xc3 in for 0xa5
02-10 20:33:38.393 31076 31076 E ArmVmp : Match on catch block at 0xc3 in for 0xa9
02-10 20:33:38.400 31076 31076 E ArmVmp : Match on catch block at 0xc3 in for 0xa1
02-10 20:33:38.403 31076 31076 E ArmVmp : Match on catch block at 0xc3 in for 0xa1
02-10 20:33:38.442 31076 31076 E ArmVmp : Match on catch block at 0xc3 in for 0xa9
02-10 20:33:38.447 31076 31076 E ArmVmp : Match on catch block at 0xc3 in for 0xa1
02-10 20:33:38.451 31076 31076 E ArmVmp : Match on catch block at 0xc3 in for 0xa1
02-10 20:33:38.498 31076 31076 E ArmVmp : Match on catch block at 0xc3 in for 0xa5
02-10 20:33:38.503 31076 31076 E ArmVmp : Match on catch block at 0xc3 in for 0xa9
02-10 20:33:38.505 31076 31076 E ArmVmp : Match on catch block at 0xc3 in for 0xa9
02-10 20:33:38.543 31076 31076 E ArmVmp : Match on catch block at 0xc3 in for 0xa1
02-10 20:33:38.549 31076 31076 E ArmVmp : Match on catch block at 0xc3 in for 0xa5
02-10 20:33:38.605 31076 31076 E ArmVmp : Match on catch block at 0xc3 in for 0xa5
02-10 20:33:38.611 31076 31076 E ArmVmp : Match on catch block at 0xc3 in for 0xa9
02-10 20:33:38.685 31076 31076 E ArmVmp : Match on catch block at 0xc3 in for 0xa1
02-10 20:33:38.690 31076 31076 E ArmVmp : Match on catch block at 0xc3 in for 0xa5
02-10 20:33:38.735 31076 31076 E ArmVmp : Match on catch block at 0xc3 in for 0xa1
02-10 20:33:38.739 31076 31076 E ArmVmp : Match on catch block at 0xc3 in for 0xa5
02-10 20:33:38.764 31076 31076 E ArmVmp : Match on catch block at 0xc3 in for 0xa9
02-10 20:33:38.769 31076 31076 E ArmVmp : Match on catch block at 0xc3 in for 0xa1
02-10 20:33:38.784 31076 31076 E ArmVmp : Match on catch block at 0xc3 in for 0xa5
02-10 20:33:38.793 31076 31076 E ArmVmp : Match on catch block at 0xc3 in for 0xa9
02-10 20:33:38.801 31076 31076 E ArmVmp : Match on catch block at 0xc3 in for 0xa1
02-10 20:33:38.809 31076 31076 E ArmVmp : Match on catch block at 0xc3 in for 0xa5
02-10 20:33:38.865 31076 31076 E ArmVmp : Match on catch block at 0xc3 in for 0xa9
02-10 20:33:38.872 31076 31076 E ArmVmp : Match on catch block at 0xc3 in for 0xa1
02-10 20:33:38.882 31076 31076 E ArmVmp : Match on catch block at 0xc3 in for 0xa1
02-10 20:33:38.890 31076 31076 E ArmVmp : Match on catch block at 0xc3 in for 0xa5
02-10 20:33:38.922 31076 31076 E ArmVmp : Match on catch block at 0xc3 in for 0xa5
02-10 20:33:38.927 31076 31076 E ArmVmp : Match on catch block at 0xc3 in for 0xa9
02-10 20:33:38.938 31076 31076 E ArmVmp : Match on catch block at 0xc3 in for 0xa9
02-10 20:33:38.944 31076 31076 E ArmVmp : Match on catch block at 0xc3 in for 0xa1
02-10 20:33:38.962 31076 31076 E ArmVmp : Match on catch block at 0xc3 in for 0xa1
02-10 20:33:38.968 31076 31076 E ArmVmp : Match on catch block at 0xc3 in for 0xa5
02-10 20:33:38.982 31076 31076 E ArmVmp : Match on catch block at 0xc3 in for 0xa5
02-10 20:33:38.988 31076 31076 E ArmVmp : Match on catch block at 0xc3 in for 0xa9
02-10 20:33:39.003 31076 31076 E ArmVmp : Match on catch block at 0xc3 in for 0xa9
02-10 20:33:39.009 31076 31076 E ArmVmp : Match on catch block at 0xc3 in for 0xa1
02-10 20:33:39.023 31076 31076 E ArmVmp : Match on catch block at 0xc3 in for 0xa1
02-10 20:33:39.030 31076 31076 E ArmVmp : Match on catch block at 0xc3 in for 0xa5
02-10 20:33:39.044 31076 31076 E ArmVmp : Match on catch block at 0xc3 in for 0xa5
02-10 20:33:39.050 31076 31076 E ArmVmp : Match on catch block at 0xc3 in for 0xa9
02-10 20:33:39.064 31076 31076 E ArmVmp : Match on catch block at 0xc3 in for 0xa9
02-10 20:33:39.071 31076 31076 E ArmVmp : Match on catch block at 0xc3 in for 0xa1
02-10 20:33:39.085 31076 31076 E ArmVmp : Match on catch block at 0xc3 in for 0xa1
02-10 20:33:39.091 31076 31076 E ArmVmp : Match on catch block at 0xc3 in for 0xa5
02-10 20:33:39.106 31076 31076 E ArmVmp : Match on catch block at 0xc3 in for 0xa5
02-10 20:33:39.112 31076 31076 E ArmVmp : Match on catch block at 0xc3 in for 0xa9
02-10 20:33:39.126 31076 31076 E ArmVmp : Match on catch block at 0xc3 in for 0xa9
02-10 20:33:39.133 31076 31076 E ArmVmp : Match on catch block at 0xc3 in for 0xa1
02-10 20:33:39.148 31076 31076 E ArmVmp : Match on catch block at 0xc3 in for 0xa1
02-10 20:33:39.154 31076 31076 E ArmVmp : Match on catch block at 0xc3 in for 0xa5
02-10 20:33:39.166 31076 31076 E ArmVmp : Match on catch block at 0xc3 in for 0xa5
02-10 20:33:39.172 31076 31076 E ArmVmp : Match on catch block at 0xc3 in for 0xa9
02-10 20:33:39.224 31076 31076 E ArmVmp : Match on catch block at 0xc3 in for 0xa5
02-10 20:33:39.230 31076 31076 E ArmVmp : Match on catch block at 0xc3 in for 0xa9
02-10 20:33:39.240 31076 31126 E : nFreeSize: 3463585792
02-10 20:33:39.242 31076 31076 E ArmVmp : Match on catch block at 0xc3 in for 0xa9
02-10 20:33:39.242 31076 31126 E : nFreeSize: 3463585792
02-10 20:33:39.248 31076 31076 E ArmVmp : Match on catch block at 0xc3 in for 0xa1
02-10 20:33:39.260 31076 31076 E ArmVmp : Match on catch block at 0xc3 in for 0xa5
02-10 20:33:39.265 31076 31076 E ArmVmp : Match on catch block at 0xc3 in for 0xa9
02-10 20:33:39.278 31076 31076 E ArmVmp : Match on catch block at 0xc3 in for 0xa1
02-10 20:33:39.283 31076 31076 E ArmVmp : Match on catch block at 0xc3 in for 0xa5
02-10 20:33:39.319 31076 31076 E ArmVmp : Match on catch block at 0xc3 in for 0xa5
02-10 20:33:39.324 31076 31076 E ArmVmp : Match on catch block at 0xc3 in for 0xa9
02-10 20:33:39.402 31076 31076 E ArmVmp : Match on catch block at 0xc3 in for 0xa1
02-10 20:33:39.407 31076 31076 E ArmVmp : Match on catch block at 0xc3 in for 0xa5
02-10 20:33:39.440 31076 31076 E ArmVmp : Match on catch block at 0xc3 in for 0xa5
02-10 20:33:39.444 31076 31076 E ArmVmp : Match on catch block at 0xc3 in for 0xa9
02-10 20:33:39.465 31076 31076 E ArmVmp : Match on catch block at 0xc3 in for 0xa1
02-10 20:33:39.471 31076 31076 E ArmVmp : Match on catch block at 0xc3 in for 0xa5
02-10 20:33:39.508 31076 31076 E ArmVmp : Match on catch block at 0xc3 in for 0xa5
02-10 20:33:39.513 31076 31076 E ArmVmp : Match on catch block at 0xc3 in for 0xa9
02-10 20:33:39.534 31076 31076 W StaticLayout: maxLineHeight should not be -1.
maxLines:1 lineCount:1
02-10 20:33:39.538 31076 31076 W StaticLayout: maxLineHeight should not be -1.
maxLines:1 lineCount:1
02-10 20:33:39.543 31076 31076 E ArmVmp : Match on catch block at 0xc3 in for 0xa9
02-10 20:33:39.548 31076 31076 E ArmVmp : Match on catch block at 0xc3 in for 0xa1
02-10 20:33:39.589 31076 31076 E ArmVmp : Match on catch block at 0xc3 in for 0xa9
02-10 20:33:39.596 31076 31076 E ArmVmp : Match on catch block at 0xc3 in for 0xa1
02-10 20:33:39.607 31076 31076 E ArmVmp : Match on catch block at 0xc3 in for 0xa1
02-10 20:33:39.613 31076 31076 E ArmVmp : Match on catch block at 0xc3 in for 0xa5
02-10 20:33:39.655 31076 31076 E ArmVmp : Match on catch block at 0xc3 in for 0xa1
02-10 20:33:39.660 31076 31076 E ArmVmp : Match on catch block at 0xc3 in for 0xa5
02-10 20:33:39.669 31076 31076 E ArmVmp : Match on catch block at 0xc3 in for 0xa9
02-10 20:33:39.675 31076 31076 E ArmVmp : Match on catch block at 0xc3 in for 0xa1
02-10 20:33:39.693 31076 31076 E ArmVmp : Match on catch block at 0xc3 in for 0xa9
02-10 20:33:39.698 31076 31076 E ArmVmp : Match on catch block at 0xc3 in for 0xa1
02-10 20:33:39.742 31076 31076 E ArmVmp : Match on catch block at 0xc3 in for 0xa9
02-10 20:33:39.748 31076 31076 E ArmVmp : Match on catch block at 0xc3 in for 0xa1
02-10 20:33:39.760 31076 31076 E ArmVmp : Match on catch block at 0xc3 in for 0xa1
02-10 20:33:39.766 31076 31076 E ArmVmp : Match on catch block at 0xc3 in for 0xa5
02-10 20:33:39.786 31076 31076 E ArmVmp : Match on catch block at 0xc3 in for 0xa1
02-10 20:33:39.792 31076 31076 E ArmVmp : Match on catch block at 0xc3 in for 0xa5
02-10 20:33:39.806 31076 31076 E ArmVmp : Match on catch block at 0xc3 in for 0xa9
02-10 20:33:39.812 31076 31076 E ArmVmp : Match on catch block at 0xc3 in for 0xa1
02-10 20:33:39.827 31076 31076 E ArmVmp : Match on catch block at 0xc3 in for 0xa5
02-10 20:33:39.834 31076 31076 E ArmVmp : Match on catch block at 0xc3 in for 0xa9
02-10 20:33:39.848 31076 31076 E ArmVmp : Match on catch block at 0xc3 in for 0xa1
02-10 20:33:39.853 31076 31076 E ArmVmp : Match on catch block at 0xc3 in for 0xa5
02-10 20:33:39.868 31076 31076 E ArmVmp : Match on catch block at 0xc3 in for 0xa9
02-10 20:33:39.875 31076 31076 E ArmVmp : Match on catch block at 0xc3 in for 0xa1
02-10 20:33:39.887 31076 31076 E ArmVmp : Match on catch block at 0xc3 in for 0xa5
02-10 20:33:39.893 31076 31076 E ArmVmp : Match on catch block at 0xc3 in for 0xa9
02-10 20:33:39.907 31076 31076 E ArmVmp : Match on catch block at 0xc3 in for 0xa1
02-10 20:33:39.913 31076 31076 E ArmVmp : Match on catch block at 0xc3 in for 0xa5
02-10 20:33:39.954 31076 31076 E ArmVmp : Match on catch block at 0xc3 in for 0xa5
02-10 20:33:39.959 31076 31076 E ArmVmp : Match on catch block at 0xc3 in for 0xa9
02-10 20:33:39.970 31076 31076 E ArmVmp : Match on catch block at 0xc3 in for 0xa9
02-10 20:33:39.976 31076 31076 E ArmVmp : Match on catch block at 0xc3 in for 0xa1
02-10 20:33:39.990 31076 31076 E ArmVmp : Match on catch block at 0xc3 in for 0xa1
02-10 20:33:39.996 31076 31076 E ArmVmp : Match on catch block at 0xc3 in for 0xa5
02-10 20:33:40.008 31076 31076 E ArmVmp : Match on catch block at 0xc3 in for 0xa9
02-10 20:33:40.014 31076 31076 E ArmVmp : Match on catch block at 0xc3 in for 0xa1
02-10 20:33:40.029 31076 31076 E ArmVmp : Match on catch block at 0xc3 in for 0xa1
02-10 20:33:40.036 31076 31076 E ArmVmp : Match on catch block at 0xc3 in for 0xa5
02-10 20:33:40.053 31076 31076 E ArmVmp : Match on catch block at 0xc3 in for 0xa5
02-10 20:33:40.060 31076 31076 E ArmVmp : Match on catch block at 0xc3 in for 0xa9
02-10 20:33:40.073 31076 31076 E ArmVmp : Match on catch block at 0xc3 in for 0xa9
02-10 20:33:40.080 31076 31076 E ArmVmp : Match on catch block at 0xc3 in for 0xa1
02-10 20:33:40.093 31076 31076 E ArmVmp : Match on catch block at 0xc3 in for 0xa1
02-10 20:33:40.099 31076 31076 E ArmVmp : Match on catch block at 0xc3 in for 0xa5
02-10 20:33:40.113 31076 31076 E ArmVmp : Match on catch block at 0xc3 in for 0xa5
02-10 20:33:40.118 31076 31076 E ArmVmp : Match on catch block at 0xc3 in for 0xa9
02-10 20:33:40.133 31076 31076 E ArmVmp : Match on catch block at 0xc3 in for 0xa9
02-10 20:33:40.138 31076 31076 E ArmVmp : Match on catch block at 0xc3 in for 0xa1
02-10 20:33:40.153 31076 31076 E ArmVmp : Match on catch block at 0xc3 in for 0xa1
02-10 20:33:40.161 31076 31076 E ArmVmp : Match on catch block at 0xc3 in for 0xa5
02-10 20:33:40.176 31076 31076 E ArmVmp : Match on catch block at 0xc3 in for 0xa5
02-10 20:33:40.182 31076 31076 E ArmVmp : Match on catch block at 0xc3 in for 0xa9
02-10 20:33:40.197 31076 31076 E ArmVmp : Match on catch block at 0xc3 in for 0xa9
02-10 20:33:40.203 31076 31076 E ArmVmp : Match on catch block at 0xc3 in for 0xa1
02-10 20:33:40.216 31076 31076 E ArmVmp : Match on catch block at 0xc3 in for 0xa1
02-10 20:33:40.221 31076 31076 E ArmVmp : Match on catch block at 0xc3 in for 0xa5
02-10 20:33:40.235 31076 31076 E ArmVmp : Match on catch block at 0xc3 in for 0xa5
02-10 20:33:40.242 31076 31076 E ArmVmp : Match on catch block at 0xc3 in for 0xa9
02-10 20:33:40.256 31076 31076 E ArmVmp : Match on catch block at 0xc3 in for 0xa9
02-10 20:33:40.262 31076 31076 E ArmVmp : Match on catch block at 0xc3 in for 0xa1
02-10 20:33:40.392 31076 31076 E ArmVmp : Match on catch block at 0xc3 in for 0xa9
02-10 20:33:40.397 31076 31076 E ArmVmp : Match on catch block at 0xc3 in for 0xa1
02-10 20:33:40.483 31076 31126 E : nFreeSize: 3463585792
02-10 20:33:40.488 31076 31126 E : nFreeSize: 3463585792
02-10 20:33:40.509 31076 31076 E ArmVmp : Match on catch block at 0xc3 in for 0xa1
02-10 20:33:40.513 31076 31076 E ArmVmp : Match on catch block at 0xc3 in for 0xa5
02-10 20:33:40.657 31076 31076 E ArmVmp : Match on catch block at 0xc3 in for 0xa5
02-10 20:33:40.663 31076 31076 E ArmVmp : Match on catch block at 0xc3 in for 0xa9
02-10 20:33:40.673 31076 31076 E ArmVmp : Match on catch block at 0xc3 in for 0xa9
02-10 20:33:40.679 31076 31076 E ArmVmp : Match on catch block at 0xc3 in for 0xa1
02-10 20:33:40.690 31076 31076 E ArmVmp : Match on catch block at 0xc3 in for 0xa1
02-10 20:33:40.696 31076 31076 E ArmVmp : Match on catch block at 0xc3 in for 0xa5
02-10 20:33:40.709 31076 31076 E ArmVmp : Match on catch block at 0xc3 in for 0xa5
02-10 20:33:40.714 31076 31076 E ArmVmp : Match on catch block at 0xc3 in for 0xa9
02-10 20:33:40.728 31076 31076 E ArmVmp : Match on catch block at 0xc3 in for 0xa9
02-10 20:33:40.734 31076 31076 E ArmVmp : Match on catch block at 0xc3 in for 0xa1
02-10 20:33:40.746 31076 31076 E ArmVmp : Match on catch block at 0xc3 in for 0xa1
02-10 20:33:40.753 31076 31076 E ArmVmp : Match on catch block at 0xc3 in for 0xa5
02-10 20:33:40.765 31076 31076 E ArmVmp : Match on catch block at 0xc3 in for 0xa5
02-10 20:33:40.771 31076 31076 E ArmVmp : Match on catch block at 0xc3 in for 0xa9
02-10 20:33:40.784 31076 31076 E ArmVmp : Match on catch block at 0xc3 in for 0xa9
02-10 20:33:40.791 31076 31076 E ArmVmp : Match on catch block at 0xc3 in for 0xa1
02-10 20:33:40.807 31076 31076 E ArmVmp : Match on catch block at 0xc3 in for 0xa1
02-10 20:33:40.813 31076 31076 E ArmVmp : Match on catch block at 0xc3 in for 0xa5
02-10 20:33:40.823 31076 31076 E ArmVmp : Match on catch block at 0xc3 in for 0xa5
02-10 20:33:40.829 31076 31076 E ArmVmp : Match on catch block at 0xc3 in for 0xa9
02-10 20:33:40.841 31076 31076 E ArmVmp : Match on catch block at 0xc3 in for 0xa9
02-10 20:33:40.847 31076 31076 E ArmVmp : Match on catch block at 0xc3 in for 0xa1
02-10 20:33:40.860 31076 31076 E ArmVmp : Match on catch block at 0xc3 in for 0xa1
02-10 20:33:40.866 31076 31076 E ArmVmp : Match on catch block at 0xc3 in for 0xa5
02-10 20:33:40.879 31076 31076 E ArmVmp : Match on catch block at 0xc3 in for 0xa5
02-10 20:33:40.884 31076 31076 E ArmVmp : Match on catch block at 0xc3 in for 0xa9
02-10 20:33:40.897 31076 31076 E ArmVmp : Match on catch block at 0xc3 in for 0xa9
02-10 20:33:40.903 31076 31076 E ArmVmp : Match on catch block at 0xc3 in for 0xa1
02-10 20:33:40.916 31076 31076 E ArmVmp : Match on catch block at 0xc3 in for 0xa1
02-10 20:33:40.921 31076 31076 E ArmVmp : Match on catch block at 0xc3 in for 0xa5
02-10 20:33:41.008 31076 31076 E ArmVmp : Match on catch block at 0xc3 in for 0xa5
02-10 20:33:41.012 31076 31076 E ArmVmp : Match on catch block at 0xc3 in for 0xa9
02-10 20:33:41.507 31076 31076 E ArmVmp : Match on catch block at 0xc3 in for 0xa9
02-10 20:33:41.512 31076 31076 E ArmVmp : Match on catch block at 0xc3 in for 0xa1
02-10 20:33:42.007 31076 31076 E ArmVmp : Match on catch block at 0xc3 in for 0xa1
02-10 20:33:42.012 31076 31076 E ArmVmp : Match on catch block at 0xc3 in for 0xa5
02-10 20:33:42.508 31076 31076 E ArmVmp : Match on catch block at 0xc3 in for 0xa5
02-10 20:33:42.514 31076 31076 E ArmVmp : Match on catch block at 0xc3 in for 0xa9
02-10 20:33:42.772 31076 31076 E ArmVmp : Match on catch block at 0xc3 in for 0xa9
02-10 20:33:42.778 31076 31076 E ArmVmp : Match on catch block at 0xc3 in for 0xa1
02-10 20:33:42.788 31076 31076 E ArmVmp : Match on catch block at 0xc3 in for 0xa1
02-10 20:33:42.794 31076 31076 E ArmVmp : Match on catch block at 0xc3 in for 0xa5
02-10 20:33:43.049 31076 31076 E ArmVmp : Match on catch block at 0xc3 in for 0xa1
02-10 20:33:43.056 31076 31076 E ArmVmp : Match on catch block at 0xc3 in for 0xa5
02-10 20:33:43.073 31076 31115 E : nFreeSize: 3463585792
02-10 20:33:43.214 31076 31076 E ArmVmp : Match on catch block at 0xc3 in for 0xa1
02-10 20:33:43.220 31076 31076 E ArmVmp : Match on catch block at 0xc3 in for 0xa5
02-10 20:33:43.249 31076 31076 E ArmVmp : Match on catch block at 0xc3 in for 0xa5
02-10 20:33:43.256 31076 31076 E ArmVmp : Match on catch block at 0xc3 in for 0xa9
02-10 20:33:43.285 31076 31114 E : nFreeSize: 3463585792
02-10 20:33:43.824 31076 31114 E : nFreeSize: 3463581696
02-10 20:33:44.290 31076 31076 E ArmVmp : Match on catch block at 0xc3 in for 0xa9
02-10 20:33:44.294 31076 31076 E ArmVmp : Match on catch block at 0xc3 in for 0xa1
02-10 20:33:44.345 31076 31076 E ArmVmp : Match on catch block at 0xc3 in for 0xa9
02-10 20:33:44.349 31076 31076 E ArmVmp : Match on catch block at 0xc3 in for 0xa1
02-10 20:33:44.357 31076 31076 E ArmVmp : Match on catch block at 0xc3 in for 0xa1
02-10 20:33:44.362 31076 31076 E ArmVmp : Match on catch block at 0xc3 in for 0xa5
02-10 20:33:44.723 31076 31126 E : nFreeSize: 3463581696
02-10 20:33:44.725 31076 31126 E : nFreeSize: 3463581696
02-10 20:33:44.770 31076 31076 E ArmVmp : Match on catch block at 0xc3 in for 0xa9
02-10 20:33:44.774 31076 31076 E ArmVmp : Match on catch block at 0xc3 in for 0xa1
02-10 20:33:44.954 31076 31076 E ArmVmp : Match on catch block at 0xc3 in for 0xa9
02-10 20:33:44.958 31076 31076 E ArmVmp : Match on catch block at 0xc3 in for 0xa1
02-10 20:33:44.989 31076 31076 E ArmVmp : Match on catch block at 0xc3 in for 0xa1
02-10 20:33:44.993 31076 31076 E ArmVmp : Match on catch block at 0xc3 in for 0xa5
02-10 20:33:45.140 31076 31115 E : nFreeSize: 3463577600
02-10 20:33:45.145 31076 31115 E : nFreeSize: 3463577600
02-10 20:33:45.278 31076 31076 W StaticLayout: maxLineHeight should not be -1.
maxLines:1 lineCount:1
02-10 20:33:45.309 31076 31076 E ArmVmp : Match on catch block at 0xc3 in for 0xa1
02-10 20:33:45.313 31076 31076 E ArmVmp : Match on catch block at 0xc3 in for 0xa5
02-10 20:33:45.561 31076 31076 E ArmVmp : Match on catch block at 0xc3 in for 0xa5
02-10 20:33:45.566 31076 31076 E ArmVmp : Match on catch block at 0xc3 in for 0xa9
02-10 20:33:48.002 31076 31076 W StaticLayout: maxLineHeight should not be -1.
maxLines:1 lineCount:1
02-10 20:33:50.051 31076 31126 E : nFreeSize: 3463569408
02-10 20:33:50.054 31076 31126 E : nFreeSize: 3463569408
02-10 20:33:51.088 31076 31115 E : nFreeSize: 3463561216
02-10 20:33:51.098 31076 31115 E : nFreeSize: 3463561216
02-10 20:33:52.056 31076 31126 E : nFreeSize: 3463557120
02-10 20:33:52.058 31076 31126 E : nFreeSize: 3463557120
02-10 20:33:53.282 31076 31076 W StaticLayout: maxLineHeight should not be -1.
maxLines:1 lineCount:1
02-10 20:33:53.369 31076 31076 W StaticLayout: maxLineHeight should not be -1.
maxLines:1 lineCount:1
02-10 20:33:55.336 31076 31076 W StaticLayout: maxLineHeight should not be -1.
maxLines:1 lineCount:1
02-10 20:33:55.340 31076 31076 W StaticLayout: maxLineHeight should not be -1.
maxLines:1 lineCount:1
02-10 20:33:57.947 31076 31114 E : nFreeSize: 3463544832
02-10 20:33:58.709 31076 31114 E : nFreeSize: 3463544832
02-10 20:34:02.183 31076 31115 E : nFreeSize: 3463540736
02-10 20:34:02.461 31076 31115 E : nFreeSize: 3463540736
02-10 20:34:03.578 31076 31076 W StaticLayout: maxLineHeight should not be -1.
maxLines:1 lineCount:1
02-10 20:34:04.340 31076 31076 E ArmVmp : Match on catch block at 0x0a in for
0x171
02-10 20:34:05.278 31076 31126 E : nFreeSize: 3463536640
02-10 20:34:05.283 31076 31126 E : nFreeSize: 3463536640
02-10 20:34:06.793 31076 31076 W IInputConnectionWrapper: getTextBeforeCursor on
inactive InputConnection
02-10 20:34:07.115 31076 31076 W IInputConnectionWrapper: getTextAfterCursor on
inactive InputConnection
02-10 20:34:07.193 31076 31076 W IInputConnectionWrapper: getCursorCapsMode on
inactive InputConnection
02-10 20:34:07.236 31076 31076 W IInputConnectionWrapper: getExtractedText on
inactive InputConnection
02-10 20:34:07.245 31076 31076 W IInputConnectionWrapper: getTextBeforeCursor on
inactive InputConnection
02-10 20:34:07.246 31076 31076 W IInputConnectionWrapper: getTextAfterCursor on
inactive InputConnection
02-10 20:34:07.246 31076 31076 W IInputConnectionWrapper: getCursorCapsMode on
inactive InputConnection
02-10 20:34:07.247 31076 31076 W IInputConnectionWrapper: getExtractedText on
inactive InputConnection
02-10 20:34:07.269 31076 31076 W IInputConnectionWrapper: getTextBeforeCursor on
inactive InputConnection
02-10 20:34:07.286 31076 31076 W IInputConnectionWrapper: getTextAfterCursor on
inactive InputConnection
02-10 20:34:07.288 31076 31076 W IInputConnectionWrapper: getCursorCapsMode on
inactive InputConnection
02-10 20:34:07.289 31076 31076 W IInputConnectionWrapper: getExtractedText on
inactive InputConnection
02-10 20:34:07.291 31076 31076 W IInputConnectionWrapper: getTextBeforeCursor on
inactive InputConnection
02-10 20:34:07.292 31076 31076 W IInputConnectionWrapper: getTextAfterCursor on
inactive InputConnection
02-10 20:34:07.293 31076 31076 W IInputConnectionWrapper: getCursorCapsMode on
inactive InputConnection
02-10 20:34:07.294 31076 31076 W IInputConnectionWrapper: getExtractedText on
inactive InputConnection
02-10 20:34:07.294 31076 31076 W IInputConnectionWrapper: getTextBeforeCursor on
inactive InputConnection
02-10 20:34:07.295 31076 31076 W IInputConnectionWrapper: getTextAfterCursor on
inactive InputConnection
02-10 20:34:07.296 31076 31076 W IInputConnectionWrapper: getCursorCapsMode on
inactive InputConnection
02-10 20:34:09.050 31076 31126 E : nFreeSize: 3463532544
02-10 20:34:09.052 31076 31126 E : nFreeSize: 3463532544
02-10 20:34:10.052 31076 31206 E : nFreeSize: 3463499776
02-10 20:34:11.077 31076 31126 E : nFreeSize: 3463348224
02-10 20:34:11.088 31076 31126 E : nFreeSize: 3463348224
02-10 20:34:11.387 31076 31114 E : nFreeSize: 3463323648
02-10 20:34:11.398 31076 31114 E : nFreeSize: 3463323648
02-10 20:34:12.103 31076 31076 E : nFreeSize: 3463225344
02-10 20:34:12.117 31076 31076 E : nFreeSize: 3463225344
02-10 20:34:12.142 31076 31076 E ArmVmp : Match on catch block at 0x0a in for 0xc5
02-10 20:34:12.148 31076 31347 W System : ClassLoader referenced unknown path:
system/framework/mediatek-cta.jar
02-10 20:34:12.148 31076 31076 E ArmVmp : Match on catch block at 0x0a in for 0xc1
02-10 20:34:12.205 31076 31365 E : nFreeSize: 3463213056
02-10 20:34:12.290 31076 31347 W System : ClassLoader referenced unknown path:
system/framework/mediatek-cta.jar
02-10 20:34:12.388 31076 31076 E ArmVmp : Match on catch block at 0xc3 in for 0xb1
02-10 20:34:12.392 31076 31076 E ArmVmp : Match on catch block at 0xc3 in for 0xb1
02-10 20:34:12.668 31076 31076 E ArmVmp : Match on catch block at 0xc3 in for 0xa9
02-10 20:34:12.672 31076 31076 E ArmVmp : Match on catch block at 0xc3 in for 0xa1
02-10 20:34:12.757 31076 31365 E : nFreeSize: 3463114752
02-10 20:34:12.803 31076 31076 W IInputConnectionWrapper: getExtractedText on
inactive InputConnection
02-10 20:34:12.902 31076 31076 E ArmVmp : Match on catch block at 0xc3 in for 0xa1
02-10 20:34:12.905 31076 31076 E ArmVmp : Match on catch block at 0xc3 in for 0xa5
02-10 20:34:12.954 31076 31076 W IInputConnectionWrapper: getTextBeforeCursor on
inactive InputConnection
02-10 20:34:12.995 31076 31076 E ArmVmp : Match on catch block at 0xc3 in for 0xa9
02-10 20:34:13.001 31076 31076 E ArmVmp : Match on catch block at 0xc3 in for 0xa1
02-10 20:34:13.097 31076 31076 W IInputConnectionWrapper: getTextAfterCursor on
inactive InputConnection
02-10 20:34:13.148 31076 31076 E ArmVmp : Match on catch block at 0xc3 in for 0xa5
02-10 20:34:13.152 31076 31076 E ArmVmp : Match on catch block at 0xc3 in for 0xa9
02-10 20:34:13.304 31076 31076 W StaticLayout: maxLineHeight should not be -1.
maxLines:1 lineCount:1
02-10 20:34:13.374 31076 31076 W IInputConnectionWrapper: getCursorCapsMode on
inactive InputConnection
02-10 20:34:13.390 31076 31076 E ArmVmp : Match on catch block at 0xc3 in for 0xa5
02-10 20:34:13.393 31076 31076 E ArmVmp : Match on catch block at 0xc3 in for 0xa9
02-10 20:34:13.575 31076 31076 W IInputConnectionWrapper: getExtractedText on
inactive InputConnection
02-10 20:34:13.637 31076 31076 E ArmVmp : Match on catch block at 0xc3 in for 0xa9
02-10 20:34:13.641 31076 31076 E ArmVmp : Match on catch block at 0xc3 in for 0xa1
02-10 20:34:13.697 31076 31076 W IInputConnectionWrapper: getTextBeforeCursor on
inactive InputConnection
02-10 20:34:13.701 31076 31076 E ArmVmp : Match on catch block at 0xc3 in for 0xa1
02-10 20:34:13.704 31076 31076 E ArmVmp : Match on catch block at 0xc3 in for 0xa5
02-10 20:34:13.767 31076 31076 W IInputConnectionWrapper: getTextAfterCursor on
inactive InputConnection
02-10 20:34:13.781 31076 31076 E ArmVmp : Match on catch block at 0xc3 in for 0xa9
02-10 20:34:13.785 31076 31076 E ArmVmp : Match on catch block at 0xc3 in for 0xa1
02-10 20:34:13.894 31076 31076 W IInputConnectionWrapper: getCursorCapsMode on
inactive InputConnection
02-10 20:34:13.919 31076 31076 E ArmVmp : Match on catch block at 0xc3 in for 0xa1
02-10 20:34:13.922 31076 31076 E ArmVmp : Match on catch block at 0xc3 in for 0xa5
02-10 20:34:13.947 31076 31076 W IInputConnectionWrapper: getExtractedText on
inactive InputConnection
02-10 20:34:13.952 31076 31076 W IInputConnectionWrapper: getTextBeforeCursor on
inactive InputConnection
02-10 20:34:13.954 31076 31076 W IInputConnectionWrapper: getTextAfterCursor on
inactive InputConnection
02-10 20:34:13.957 31076 31076 W IInputConnectionWrapper: getCursorCapsMode on
inactive InputConnection
02-10 20:34:13.959 31076 31076 W IInputConnectionWrapper: getExtractedText on
inactive InputConnection
02-10 20:34:13.962 31076 31076 W IInputConnectionWrapper: getTextBeforeCursor on
inactive InputConnection
02-10 20:34:13.965 31076 31076 W IInputConnectionWrapper: getTextAfterCursor on
inactive InputConnection
02-10 20:34:13.968 31076 31076 W IInputConnectionWrapper: getCursorCapsMode on
inactive InputConnection
02-10 20:34:13.971 31076 31076 W IInputConnectionWrapper: getExtractedText on
inactive InputConnection
02-10 20:34:13.972 31076 31076 W IInputConnectionWrapper: getTextBeforeCursor on
inactive InputConnection
02-10 20:34:13.975 31076 31076 W IInputConnectionWrapper: getTextAfterCursor on
inactive InputConnection
02-10 20:34:13.978 31076 31076 W IInputConnectionWrapper: getCursorCapsMode on
inactive InputConnection
02-10 20:34:14.000 31076 31126 E : nFreeSize: 3462922240
02-10 20:34:14.003 31076 31126 E : nFreeSize: 3462922240
02-10 20:34:14.077 31076 31076 E ArmVmp : Match on catch block at 0xc3 in for 0xa9
02-10 20:34:14.081 31076 31076 E ArmVmp : Match on catch block at 0xc3 in for 0xa1
02-10 20:34:14.539 31076 31076 E ArmVmp : Match on catch block at 0xc3 in for 0xa1
02-10 20:34:14.543 31076 31076 E ArmVmp : Match on catch block at 0xc3 in for 0xa5
02-10 20:34:14.586 31076 31076 E ArmVmp : Match on catch block at 0xc3 in for 0xa1
02-10 20:34:14.590 31076 31076 E ArmVmp : Match on catch block at 0xc3 in for 0xa5
02-10 20:34:14.611 31076 31076 E ArmVmp : Match on catch block at 0xc3 in for 0xa5
02-10 20:34:14.615 31076 31076 E ArmVmp : Match on catch block at 0xc3 in for 0xa9
02-10 20:34:14.637 31076 31076 E ArmVmp : Match on catch block at 0xc3 in for 0xa9
02-10 20:34:14.641 31076 31076 E ArmVmp : Match on catch block at 0xc3 in for 0xa1
02-10 20:34:14.684 31076 31076 E ArmVmp : Match on catch block at 0xc3 in for 0xa9
02-10 20:34:14.687 31076 31076 E ArmVmp : Match on catch block at 0xc3 in for 0xa1
02-10 20:34:14.700 31076 31076 E ArmVmp : Match on catch block at 0xc3 in for 0xa1
02-10 20:34:14.705 31076 31076 E ArmVmp : Match on catch block at 0xc3 in for 0xa5
02-10 20:34:14.716 31076 31076 E ArmVmp : Match on catch block at 0xc3 in for 0xa5
02-10 20:34:14.720 31076 31076 E ArmVmp : Match on catch block at 0xc3 in for 0xa9
02-10 20:34:15.027 31076 31076 E ArmVmp : Match on catch block at 0xc3 in for 0xa5
02-10 20:34:15.031 31076 31076 E ArmVmp : Match on catch block at 0xc3 in for 0xa9
02-10 20:34:15.107 31076 31076 E ArmVmp : Match on catch block at 0xc3 in for 0xa1
02-10 20:34:15.112 31076 31076 E ArmVmp : Match on catch block at 0xc3 in for 0xa5
02-10 20:34:15.223 31076 31076 E ArmVmp : Match on catch block at 0xc3 in for 0xa1
02-10 20:34:15.226 31076 31076 E ArmVmp : Match on catch block at 0xc3 in for 0xa5
02-10 20:34:15.279 31076 31076 E ArmVmp : Match on catch block at 0xc3 in for 0xa9
02-10 20:34:15.282 31076 31076 E ArmVmp : Match on catch block at 0xc3 in for 0xa1
02-10 20:34:15.322 31076 31076 E ArmVmp : Match on catch block at 0xc3 in for 0xa1
02-10 20:34:15.327 31076 31076 E ArmVmp : Match on catch block at 0xc3 in for 0xa5
02-10 20:34:15.358 31076 31076 E ArmVmp : Match on catch block at 0xc3 in for 0xa9
02-10 20:34:15.362 31076 31076 E ArmVmp : Match on catch block at 0xc3 in for 0xa1
02-10 20:34:15.443 31076 31365 E : nFreeSize: 3462709248
02-10 20:34:15.576 31076 31076 E ArmVmp : Match on catch block at 0xc3 in for 0xa1
02-10 20:34:15.580 31076 31076 E ArmVmp : Match on catch block at 0xc3 in for 0xa5
02-10 20:34:15.852 31076 31076 E ArmVmp : Match on catch block at 0xc3 in for 0xa1
02-10 20:34:15.855 31076 31076 E ArmVmp : Match on catch block at 0xc3 in for 0xa5
02-10 20:34:15.874 31076 31147 W MediaPlayer: Use of stream types is deprecated for
operations other than volume control
02-10 20:34:15.875 31076 31147 W MediaPlayer: See the documentation of
setAudioStreamType() for what to use instead with android.media.AudioAttributes to
qualify your playback use case
02-10 20:34:15.879 31076 31076 E ArmVmp : Match on catch block at 0xc3 in for 0xa9
02-10 20:34:15.881 31076 31147 E AudioFeatures: Application cannot support or
Zenmode close
02-10 20:34:15.883 31076 31076 E ArmVmp : Match on catch block at 0xc3 in for 0xa1
02-10 20:34:16.075 31076 31076 E ArmVmp : Match on catch block at 0xc3 in for 0xa1
02-10 20:34:16.079 31076 31076 E ArmVmp : Match on catch block at 0xc3 in for 0xa5
02-10 20:34:16.091 31076 31076 W PlayerBase: baseStop state not match:4
02-10 20:34:16.575 31076 31076 E ArmVmp : Match on catch block at 0xc3 in for 0xa9
02-10 20:34:16.578 31076 31076 E ArmVmp : Match on catch block at 0xc3 in for 0xa1
02-10 20:34:17.074 31076 31076 E ArmVmp : Match on catch block at 0xc3 in for 0xa1
02-10 20:34:17.078 31076 31076 E ArmVmp : Match on catch block at 0xc3 in for 0xa5
02-10 20:34:17.287 31076 31126 E : nFreeSize: 3462406144
02-10 20:34:17.290 31076 31126 E : nFreeSize: 3462406144
02-10 20:34:17.457 31076 31076 E ArmVmp : Match on catch block at 0xc3 in for 0xa5
02-10 20:34:17.461 31076 31076 E ArmVmp : Match on catch block at 0xc3 in for 0xa9
02-10 20:34:17.474 31076 31076 E ArmVmp : Match on catch block at 0xc3 in for 0xa9
02-10 20:34:17.479 31076 31076 E ArmVmp : Match on catch block at 0xc3 in for 0xa1
02-10 20:34:17.491 31076 31076 E ArmVmp : Match on catch block at 0xc3 in for 0xa1
02-10 20:34:17.495 31076 31076 E ArmVmp : Match on catch block at 0xc3 in for 0xa5
02-10 20:34:17.511 31076 31076 E ArmVmp : Match on catch block at 0xc3 in for 0xa5
02-10 20:34:17.515 31076 31076 E ArmVmp : Match on catch block at 0xc3 in for 0xa9
02-10 20:34:17.528 31076 31076 E ArmVmp : Match on catch block at 0xc3 in for 0xa9
02-10 20:34:17.532 31076 31076 E ArmVmp : Match on catch block at 0xc3 in for 0xa1
02-10 20:34:17.544 31076 31076 E ArmVmp : Match on catch block at 0xc3 in for 0xa1
02-10 20:34:17.549 31076 31076 E ArmVmp : Match on catch block at 0xc3 in for 0xa5
02-10 20:34:17.558 31076 31076 E ArmVmp : Match on catch block at 0xc3 in for 0xa5
02-10 20:34:17.563 31076 31076 E ArmVmp : Match on catch block at 0xc3 in for 0xa9
02-10 20:34:17.575 31076 31076 E ArmVmp : Match on catch block at 0xc3 in for 0xa9
02-10 20:34:17.580 31076 31076 E ArmVmp : Match on catch block at 0xc3 in for 0xa1
02-10 20:34:17.591 31076 31076 E ArmVmp : Match on catch block at 0xc3 in for 0xa1
02-10 20:34:17.597 31076 31076 E ArmVmp : Match on catch block at 0xc3 in for 0xa5
02-10 20:34:17.608 31076 31076 E ArmVmp : Match on catch block at 0xc3 in for 0xa5
02-10 20:34:17.613 31076 31076 E ArmVmp : Match on catch block at 0xc3 in for 0xa9
02-10 20:34:17.625 31076 31076 E ArmVmp : Match on catch block at 0xc3 in for 0xa9
02-10 20:34:17.630 31076 31076 E ArmVmp : Match on catch block at 0xc3 in for 0xa1
02-10 20:34:17.641 31076 31076 E ArmVmp : Match on catch block at 0xc3 in for 0xa1
02-10 20:34:17.646 31076 31076 E ArmVmp : Match on catch block at 0xc3 in for 0xa5
02-10 20:34:17.658 31076 31076 E ArmVmp : Match on catch block at 0xc3 in for 0xa5
02-10 20:34:17.662 31076 31076 E ArmVmp : Match on catch block at 0xc3 in for 0xa9
02-10 20:34:17.675 31076 31076 E ArmVmp : Match on catch block at 0xc3 in for 0xa9
02-10 20:34:17.679 31076 31076 E ArmVmp : Match on catch block at 0xc3 in for 0xa1
02-10 20:34:17.691 31076 31076 E ArmVmp : Match on catch block at 0xc3 in for 0xa1
02-10 20:34:17.696 31076 31076 E ArmVmp : Match on catch block at 0xc3 in for 0xa5
02-10 20:34:17.708 31076 31076 E ArmVmp : Match on catch block at 0xc3 in for 0xa5
02-10 20:34:17.713 31076 31076 E ArmVmp : Match on catch block at 0xc3 in for 0xa9
02-10 20:34:17.929 31076 31076 E ArmVmp : Match on catch block at 0xc3 in for 0xa5
02-10 20:34:17.933 31076 31076 E ArmVmp : Match on catch block at 0xc3 in for 0xa9
02-10 20:34:17.947 31076 31076 E ArmVmp : Match on catch block at 0xc3 in for 0xa9
02-10 20:34:17.953 31076 31076 E ArmVmp : Match on catch block at 0xc3 in for 0xa1
02-10 20:34:18.008 31076 31076 E ArmVmp : Match on catch block at 0xc3 in for 0xa5
02-10 20:34:18.012 31076 31076 E ArmVmp : Match on catch block at 0xc3 in for 0xa9
02-10 20:34:18.074 31076 31076 E ArmVmp : Match on catch block at 0xc3 in for 0xa9
02-10 20:34:18.078 31076 31076 E ArmVmp : Match on catch block at 0xc3 in for 0xa1
02-10 20:34:18.261 31076 31166 E : nFreeSize: 3462230016
02-10 20:34:18.573 31076 31076 E ArmVmp : Match on catch block at 0xc3 in for 0xa1
02-10 20:34:18.576 31076 31076 E ArmVmp : Match on catch block at 0xc3 in for 0xa5
02-10 20:34:18.880 31076 31076 E ArmVmp : Match on catch block at 0xc3 in for 0xa9
02-10 20:34:18.885 31076 31076 E ArmVmp : Match on catch block at 0xc3 in for 0xa1
02-10 20:34:18.923 31076 31076 E ArmVmp : Match on catch block at 0xc3 in for 0xa9
02-10 20:34:18.926 31076 31076 E ArmVmp : Match on catch block at 0xc3 in for 0xa1
02-10 20:34:18.946 31076 31076 E ArmVmp : Match on catch block at 0xc3 in for 0xa5
02-10 20:34:18.950 31076 31076 E ArmVmp : Match on catch block at 0xc3 in for 0xa9
02-10 20:34:19.090 31076 31076 E ArmVmp : Match on catch block at 0xc3 in for 0xa9
02-10 20:34:19.094 31076 31076 E ArmVmp : Match on catch block at 0xc3 in for 0xa1
02-10 20:34:19.139 31076 31076 E ArmVmp : Match on catch block at 0xc3 in for 0xa9
02-10 20:34:19.144 31076 31076 E ArmVmp : Match on catch block at 0xc3 in for 0xa1
02-10 20:34:19.189 31076 31076 E ArmVmp : Match on catch block at 0xc3 in for 0xa5
02-10 20:34:19.194 31076 31076 E ArmVmp : Match on catch block at 0xc3 in for 0xa9
02-10 20:34:19.540 31076 31076 E ArmVmp : Match on catch block at 0xc3 in for 0xa9
02-10 20:34:19.545 31076 31076 E ArmVmp : Match on catch block at 0xc3 in for 0xa1
02-10 20:34:19.590 31076 31076 E ArmVmp : Match on catch block at 0xc3 in for 0xa5
02-10 20:34:19.594 31076 31076 E ArmVmp : Match on catch block at 0xc3 in for 0xa9
02-10 20:34:19.772 31076 31076 E ArmVmp : Match on catch block at 0xc3 in for 0xa9
02-10 20:34:19.775 31076 31076 E ArmVmp : Match on catch block at 0xc3 in for 0xa1
02-10 20:34:19.911 31076 31126 E : nFreeSize: 3461988352
02-10 20:34:19.915 31076 31126 E : nFreeSize: 3461988352
02-10 20:34:20.088 31076 31076 E ArmVmp : Match on catch block at 0xc3 in for 0xa5
02-10 20:34:20.092 31076 31076 E ArmVmp : Match on catch block at 0xc3 in for 0xa9
02-10 20:34:20.521 31076 31076 E ArmVmp : Match on catch block at 0xc3 in for 0xa9
02-10 20:34:20.531 31076 31076 E ArmVmp : Match on catch block at 0xc3 in for 0xa1
02-10 20:34:20.554 31076 31076 E ArmVmp : Match on catch block at 0xc3 in for 0xa9
02-10 20:34:20.559 31076 31076 E ArmVmp : Match on catch block at 0xc3 in for 0xa1
02-10 20:34:20.574 31076 31076 E ArmVmp : Match on catch block at 0xc3 in for 0xa5
02-10 20:34:20.581 31076 31076 E ArmVmp : Match on catch block at 0xc3 in for 0xa9
02-10 20:34:20.592 31076 31076 E ArmVmp : Match on catch block at 0xc3 in for 0xa9
02-10 20:34:20.598 31076 31076 E ArmVmp : Match on catch block at 0xc3 in for 0xa1
02-10 20:34:20.610 31076 31076 E ArmVmp : Match on catch block at 0xc3 in for 0xa1
02-10 20:34:20.615 31076 31076 E ArmVmp : Match on catch block at 0xc3 in for 0xa5
02-10 20:34:20.626 31076 31076 E ArmVmp : Match on catch block at 0xc3 in for 0xa5
02-10 20:34:20.630 31076 31076 E ArmVmp : Match on catch block at 0xc3 in for 0xa9
02-10 20:34:20.660 31076 31076 E ArmVmp : Match on catch block at 0xc3 in for 0xa1
02-10 20:34:20.664 31076 31076 E ArmVmp : Match on catch block at 0xc3 in for 0xa5
02-10 20:34:20.695 31076 31076 E ArmVmp : Match on catch block at 0xc3 in for 0xa1
02-10 20:34:20.700 31076 31076 E ArmVmp : Match on catch block at 0xc3 in for 0xa5
02-10 20:34:20.716 31076 31076 E ArmVmp : Match on catch block at 0xc3 in for 0xa5
02-10 20:34:20.721 31076 31076 E ArmVmp : Match on catch block at 0xc3 in for 0xa9
02-10 20:34:20.739 31076 31076 E ArmVmp : Match on catch block at 0xc3 in for 0xa9
02-10 20:34:20.743 31076 31076 E ArmVmp : Match on catch block at 0xc3 in for 0xa1
02-10 20:34:20.767 31076 31076 E ArmVmp : Match on catch block at 0xc3 in for 0xa1
02-10 20:34:20.772 31076 31076 E ArmVmp : Match on catch block at 0xc3 in for 0xa5
02-10 20:34:20.788 31076 31076 E ArmVmp : Match on catch block at 0xc3 in for 0xa5
02-10 20:34:20.794 31076 31076 E ArmVmp : Match on catch block at 0xc3 in for 0xa9
02-10 20:34:20.804 31076 31076 E ArmVmp : Match on catch block at 0xc3 in for 0xa9
02-10 20:34:20.809 31076 31076 E ArmVmp : Match on catch block at 0xc3 in for 0xa1
02-10 20:34:20.821 31076 31076 E ArmVmp : Match on catch block at 0xc3 in for 0xa1
02-10 20:34:20.826 31076 31076 E ArmVmp : Match on catch block at 0xc3 in for 0xa5
02-10 20:34:20.838 31076 31076 E ArmVmp : Match on catch block at 0xc3 in for 0xa5
02-10 20:34:20.842 31076 31076 E ArmVmp : Match on catch block at 0xc3 in for 0xa9
02-10 20:34:21.154 31076 31076 E ArmVmp : Match on catch block at 0xc3 in for 0xa5
02-10 20:34:21.157 31076 31076 E ArmVmp : Match on catch block at 0xc3 in for 0xa9
02-10 20:34:21.188 31076 31076 E ArmVmp : Match on catch block at 0xc3 in for 0xa9
02-10 20:34:21.191 31076 31076 E ArmVmp : Match on catch block at 0xc3 in for 0xa1
02-10 20:34:21.229 31076 31076 E ArmVmp : Match on catch block at 0xc3 in for 0xa9
02-10 20:34:21.232 31076 31076 E ArmVmp : Match on catch block at 0xc3 in for 0xa1
02-10 20:34:21.325 31076 31076 E ArmVmp : Match on catch block at 0xc3 in for 0xa5
02-10 20:34:21.328 31076 31076 E ArmVmp : Match on catch block at 0xc3 in for 0xa9
02-10 20:34:21.380 31076 31076 E ArmVmp : Match on catch block at 0xc3 in for 0xa1
02-10 20:34:21.384 31076 31076 E ArmVmp : Match on catch block at 0xc3 in for 0xa5
02-10 20:34:21.433 31076 31076 E ArmVmp : Match on catch block at 0xc3 in for 0xa9
02-10 20:34:21.437 31076 31076 E ArmVmp : Match on catch block at 0xc3 in for 0xa1
02-10 20:34:21.468 31076 31076 E ArmVmp : Match on catch block at 0xc3 in for 0xa5
02-10 20:34:21.472 31076 31076 E ArmVmp : Match on catch block at 0xc3 in for 0xa9
02-10 20:34:21.487 31076 31076 E ArmVmp : Match on catch block at 0xc3 in for 0xa9
02-10 20:34:21.492 31076 31076 E ArmVmp : Match on catch block at 0xc3 in for 0xa1
02-10 20:34:21.530 31076 31166 E : nFreeSize: 3461750784
02-10 20:34:21.719 31076 31076 E ArmVmp : Match on catch block at 0xc3 in for 0xa9
02-10 20:34:21.723 31076 31076 E ArmVmp : Match on catch block at 0xc3 in for 0xa1
02-10 20:34:21.832 31076 31076 E ArmVmp : Match on catch block at 0xc3 in for 0xa5
02-10 20:34:21.836 31076 31076 E ArmVmp : Match on catch block at 0xc3 in for 0xa9
02-10 20:34:21.853 31076 31147 W MediaPlayer: Use of stream types is deprecated for
operations other than volume control
02-10 20:34:21.853 31076 31147 W MediaPlayer: See the documentation of
setAudioStreamType() for what to use instead with android.media.AudioAttributes to
qualify your playback use case
02-10 20:34:21.855 31076 31076 E ArmVmp : Match on catch block at 0xc3 in for 0xa9
02-10 20:34:21.859 31076 31147 E AudioFeatures: Application cannot support or
Zenmode close
02-10 20:34:21.860 31076 31076 E ArmVmp : Match on catch block at 0xc3 in for 0xa1
02-10 20:34:21.937 31076 31076 W PlayerBase: baseStop state not match:4
02-10 20:34:22.062 31076 31076 W PlayerBase: baseStop state not match:4
02-10 20:34:22.219 31076 31076 E ArmVmp : Match on catch block at 0xc3 in for 0xa1
02-10 20:34:22.223 31076 31076 E ArmVmp : Match on catch block at 0xc3 in for 0xa5
02-10 20:34:22.260 31076 31076 E ArmVmp : Match on catch block at 0xc3 in for 0xa5
02-10 20:34:22.263 31076 31076 E ArmVmp : Match on catch block at 0xc3 in for 0xa9
02-10 20:34:22.294 31076 31076 E ArmVmp : Match on catch block at 0xc3 in for 0xa5
02-10 20:34:22.298 31076 31076 E ArmVmp : Match on catch block at 0xc3 in for 0xa9
02-10 20:34:22.317 31076 31076 E ArmVmp : Match on catch block at 0xc3 in for 0xa1
02-10 20:34:22.322 31076 31076 E ArmVmp : Match on catch block at 0xc3 in for 0xa5
02-10 20:34:22.719 31076 31076 E ArmVmp : Match on catch block at 0xc3 in for 0xa9
02-10 20:34:22.721 31076 31076 E ArmVmp : Match on catch block at 0xc3 in for 0xa1
02-10 20:34:23.219 31076 31076 E ArmVmp : Match on catch block at 0xc3 in for 0xa9
02-10 20:34:23.222 31076 31076 E ArmVmp : Match on catch block at 0xc3 in for 0xa1
02-10 20:34:23.289 31076 31126 E : nFreeSize: 3461431296
02-10 20:34:23.291 31076 31126 E : nFreeSize: 3461431296
02-10 20:34:23.718 31076 31076 E ArmVmp : Match on catch block at 0xc3 in for 0xa1
02-10 20:34:23.724 31076 31076 E ArmVmp : Match on catch block at 0xc3 in for 0xa5
02-10 20:34:23.901 31076 31076 E ArmVmp : Match on catch block at 0xc3 in for 0xa5
02-10 20:34:23.905 31076 31076 E ArmVmp : Match on catch block at 0xc3 in for 0xa9
02-10 20:34:23.918 31076 31076 E ArmVmp : Match on catch block at 0xc3 in for 0xa9
02-10 20:34:23.923 31076 31076 E ArmVmp : Match on catch block at 0xc3 in for 0xa1
02-10 20:34:23.935 31076 31076 E ArmVmp : Match on catch block at 0xc3 in for 0xa5
02-10 20:34:23.940 31076 31076 E ArmVmp : Match on catch block at 0xc3 in for 0xa9
02-10 20:34:23.952 31076 31076 E ArmVmp : Match on catch block at 0xc3 in for 0xa9
02-10 20:34:23.958 31076 31076 E ArmVmp : Match on catch block at 0xc3 in for 0xa1
02-10 20:34:23.974 31076 31076 E ArmVmp : Match on catch block at 0xc3 in for 0xa1
02-10 20:34:23.978 31076 31076 E ArmVmp : Match on catch block at 0xc3 in for 0xa5
02-10 20:34:23.988 31076 31076 E ArmVmp : Match on catch block at 0xc3 in for 0xa1
02-10 20:34:23.993 31076 31076 E ArmVmp : Match on catch block at 0xc3 in for 0xa5
02-10 20:34:24.004 31076 31076 E ArmVmp : Match on catch block at 0xc3 in for 0xa9
02-10 20:34:24.008 31076 31076 E ArmVmp : Match on catch block at 0xc3 in for 0xa1
02-10 20:34:24.018 31076 31076 E ArmVmp : Match on catch block at 0xc3 in for 0xa1
02-10 20:34:24.023 31076 31076 E ArmVmp : Match on catch block at 0xc3 in for 0xa5
02-10 20:34:24.035 31076 31076 E ArmVmp : Match on catch block at 0xc3 in for 0xa5
02-10 20:34:24.039 31076 31076 E ArmVmp : Match on catch block at 0xc3 in for 0xa9
02-10 20:34:24.052 31076 31076 E ArmVmp : Match on catch block at 0xc3 in for 0xa9
02-10 20:34:24.056 31076 31076 E ArmVmp : Match on catch block at 0xc3 in for 0xa1
02-10 20:34:24.069 31076 31076 E ArmVmp : Match on catch block at 0xc3 in for 0xa1
02-10 20:34:24.073 31076 31076 E ArmVmp : Match on catch block at 0xc3 in for 0xa5
02-10 20:34:24.085 31076 31076 E ArmVmp : Match on catch block at 0xc3 in for 0xa5
02-10 20:34:24.089 31076 31076 E ArmVmp : Match on catch block at 0xc3 in for 0xa9
02-10 20:34:24.101 31076 31076 E ArmVmp : Match on catch block at 0xc3 in for 0xa9
02-10 20:34:24.105 31076 31076 E ArmVmp : Match on catch block at 0xc3 in for 0xa1
02-10 20:34:24.119 31076 31076 E ArmVmp : Match on catch block at 0xc3 in for 0xa1
02-10 20:34:24.123 31076 31076 E ArmVmp : Match on catch block at 0xc3 in for 0xa5
02-10 20:34:24.135 31076 31076 E ArmVmp : Match on catch block at 0xc3 in for 0xa5
02-10 20:34:24.139 31076 31076 E ArmVmp : Match on catch block at 0xc3 in for 0xa9
02-10 20:34:24.152 31076 31076 E ArmVmp : Match on catch block at 0xc3 in for 0xa9
02-10 20:34:24.156 31076 31076 E ArmVmp : Match on catch block at 0xc3 in for 0xa1
02-10 20:34:24.218 31076 31076 E ArmVmp : Match on catch block at 0xc3 in for 0xa1
02-10 20:34:24.223 31076 31076 E ArmVmp : Match on catch block at 0xc3 in for 0xa5
02-10 20:34:24.479 31076 31076 E ArmVmp : Match on catch block at 0xc3 in for 0xa5
02-10 20:34:24.484 31076 31076 E ArmVmp : Match on catch block at 0xc3 in for 0xa9
02-10 20:34:24.522 31076 31076 E ArmVmp : Match on catch block at 0xc3 in for 0xa5
02-10 20:34:24.529 31076 31076 E ArmVmp : Match on catch block at 0xc3 in for 0xa9
02-10 20:34:24.718 31076 31076 E ArmVmp : Match on catch block at 0xc3 in for 0xa9
02-10 20:34:24.722 31076 31076 E ArmVmp : Match on catch block at 0xc3 in for 0xa1
02-10 20:34:25.231 31076 31076 E ArmVmp : Match on catch block at 0xc3 in for 0xa5
02-10 20:34:25.234 31076 31076 E ArmVmp : Match on catch block at 0xc3 in for 0xa9
02-10 20:34:25.252 31076 31076 E ArmVmp : Match on catch block at 0xc3 in for 0xa5
02-10 20:34:25.257 31076 31076 E ArmVmp : Match on catch block at 0xc3 in for 0xa9
02-10 20:34:25.489 31076 31076 E ArmVmp : Match on catch block at 0xc3 in for 0xa1
02-10 20:34:25.492 31076 31076 E ArmVmp : Match on catch block at 0xc3 in for 0xa5
02-10 20:34:25.516 31076 31076 E ArmVmp : Match on catch block at 0xc3 in for 0xa1
02-10 20:34:25.521 31076 31076 E ArmVmp : Match on catch block at 0xc3 in for 0xa5
02-10 20:34:25.767 31076 31076 E ArmVmp : Match on catch block at 0xc3 in for 0xa5
02-10 20:34:25.770 31076 31076 E ArmVmp : Match on catch block at 0xc3 in for 0xa9
02-10 20:34:26.222 31076 31076 E ArmVmp : Match on catch block at 0xc3 in for 0xa1
02-10 20:34:26.225 31076 31076 E ArmVmp : Match on catch block at 0xc3 in for 0xa5
02-10 20:34:26.247 31076 31076 E ArmVmp : Match on catch block at 0xc3 in for 0xa1
02-10 20:34:26.252 31076 31076 E ArmVmp : Match on catch block at 0xc3 in for 0xa5
02-10 20:34:26.266 31076 31076 E ArmVmp : Match on catch block at 0xc3 in for 0xa5
02-10 20:34:26.269 31076 31076 E ArmVmp : Match on catch block at 0xc3 in for 0xa9
02-10 20:34:26.283 31076 31076 E ArmVmp : Match on catch block at 0xc3 in for 0xa9
02-10 20:34:26.285 31076 31076 E ArmVmp : Match on catch block at 0xc3 in for 0xa1
02-10 20:34:26.299 31076 31076 E ArmVmp : Match on catch block at 0xc3 in for 0xa1
02-10 20:34:26.302 31076 31076 E ArmVmp : Match on catch block at 0xc3 in for 0xa5
02-10 20:34:26.315 31076 31076 E ArmVmp : Match on catch block at 0xc3 in for 0xa5
02-10 20:34:26.318 31076 31076 E ArmVmp : Match on catch block at 0xc3 in for 0xa9
02-10 20:34:26.337 31076 31076 E ArmVmp : Match on catch block at 0xc3 in for 0xa9
02-10 20:34:26.339 31076 31076 E ArmVmp : Match on catch block at 0xc3 in for 0xa1
02-10 20:34:26.349 31076 31076 E ArmVmp : Match on catch block at 0xc3 in for 0xa1
02-10 20:34:26.353 31076 31076 E ArmVmp : Match on catch block at 0xc3 in for 0xa5
02-10 20:34:26.365 31076 31076 E ArmVmp : Match on catch block at 0xc3 in for 0xa5
02-10 20:34:26.368 31076 31076 E ArmVmp : Match on catch block at 0xc3 in for 0xa9
02-10 20:34:26.382 31076 31076 E ArmVmp : Match on catch block at 0xc3 in for 0xa9
02-10 20:34:26.384 31076 31076 E ArmVmp : Match on catch block at 0xc3 in for 0xa1
02-10 20:34:26.399 31076 31076 E ArmVmp : Match on catch block at 0xc3 in for 0xa1
02-10 20:34:26.401 31076 31076 E ArmVmp : Match on catch block at 0xc3 in for 0xa5
02-10 20:34:26.416 31076 31076 E ArmVmp : Match on catch block at 0xc3 in for 0xa5
02-10 20:34:26.418 31076 31076 E ArmVmp : Match on catch block at 0xc3 in for 0xa9
02-10 20:34:26.715 31076 31076 E ArmVmp : Match on catch block at 0xc3 in for 0xa9
02-10 20:34:26.719 31076 31076 E ArmVmp : Match on catch block at 0xc3 in for 0xa1
02-10 20:34:26.788 31076 31076 E ArmVmp : Match on catch block at 0xc3 in for 0xa9
02-10 20:34:26.791 31076 31076 E ArmVmp : Match on catch block at 0xc3 in for 0xa1
