02-10 19:54:55.806 5383 5478 E : nFreeSize: 3005493248
02-10 19:54:57.181 5383 5431 E : nFreeSize: 3005562880
02-10 19:54:57.191 5383 5431 E : nFreeSize: 3005562880
02-10 19:55:01.161 5383 5478 E : nFreeSize: 3005222912
02-10 19:55:01.275 5383 5420 E : nFreeSize: 3005210624
02-10 19:55:02.663 5383 5431 E : nFreeSize: 3005128704
02-10 19:55:02.666 5383 5431 E : nFreeSize: 3005128704
02-10 19:55:07.873 5383 5420 E : nFreeSize: 3004715008
02-10 19:55:08.005 5383 5420 E : nFreeSize: 3004706816
02-10 19:55:09.393 5383 5431 E : nFreeSize: 3004583936
02-10 19:55:09.407 5383 5431 E : nFreeSize: 3004518400
02-10 19:55:13.673 5383 5420 E : nFreeSize: 3004506112
02-10 19:55:17.576 5383 5478 E : nFreeSize: 3003932672
02-10 19:55:17.761 5383 5420 E : nFreeSize: 3003867136
02-10 19:55:19.162 5383 5431 E : nFreeSize: 3003875328
02-10 19:55:19.174 5383 5431 E : nFreeSize: 3003875328
02-10 19:55:23.576 5383 5478 E : nFreeSize: 3007553536
02-10 19:55:30.399 5383 5478 E : nFreeSize: 3004968960
02-10 19:55:30.447 5383 7342 W System : ClassLoader referenced unknown path:
system/framework/mediatek-cta.jar
02-10 19:55:30.575 5383 7342 W System : ClassLoader referenced unknown path:
system/framework/mediatek-cta.jar
02-10 19:55:30.705 5383 5383 W IInputConnectionWrapper: getExtractedText on
inactive InputConnection
02-10 19:55:30.759 5383 5383 W IInputConnectionWrapper: getTextBeforeCursor on
inactive InputConnection
02-10 19:55:30.783 5383 5383 W IInputConnectionWrapper: getTextAfterCursor on
inactive InputConnection
02-10 19:55:30.786 5383 5383 W IInputConnectionWrapper: getCursorCapsMode on
inactive InputConnection
02-10 19:55:30.834 5383 5420 E : nFreeSize: 3004956672
02-10 19:55:31.558 5383 5383 W IInputConnectionWrapper: getExtractedText on
inactive InputConnection
02-10 19:55:32.009 5383 5383 W IInputConnectionWrapper: getTextBeforeCursor on
inactive InputConnection
02-10 19:55:32.033 5383 5420 E : nFreeSize: 3004928000
02-10 19:55:32.144 5383 5383 W IInputConnectionWrapper: getTextAfterCursor on
inactive InputConnection
02-10 19:55:32.260 5383 5383 W IInputConnectionWrapper: getCursorCapsMode on
inactive InputConnection
02-10 19:55:32.310 5383 5383 W IInputConnectionWrapper: getExtractedText on
inactive InputConnection
02-10 19:55:32.367 5383 5383 W IInputConnectionWrapper: getTextBeforeCursor on
inactive InputConnection
02-10 19:55:32.370 5383 5383 W IInputConnectionWrapper: getTextAfterCursor on
inactive InputConnection
02-10 19:55:32.372 5383 5383 W IInputConnectionWrapper: getCursorCapsMode on
inactive InputConnection
02-10 19:55:33.352 5383 5431 E : nFreeSize: 3004739584
02-10 19:55:33.361 5383 5431 E : nFreeSize: 3004739584
02-10 19:55:37.551 5383 5478 E : nFreeSize: 3004624896
02-10 19:55:37.706 5383 5420 E : nFreeSize: 3004608512
02-10 19:55:38.943 5383 5431 E : nFreeSize: 3004424192
02-10 19:55:38.984 5383 5431 E : nFreeSize: 3004407808
02-10 19:55:40.660 5383 5420 E : nFreeSize: 3004317696
02-10 19:55:40.866 5383 5420 E : nFreeSize: 3004321792
02-10 19:55:40.914 5383 7596 W System : ClassLoader referenced unknown path:
system/framework/mediatek-cta.jar
02-10 19:55:42.291 5383 5431 E : nFreeSize: 3004669952
02-10 19:55:43.548 5383 5478 E : nFreeSize: 3005153280
02-10 19:55:43.714 5383 5420 E : nFreeSize: 3005210624
02-10 19:55:44.703 5383 5431 E : nFreeSize: 3005059072
02-10 19:55:44.709 5383 5431 E : nFreeSize: 3005059072
02-10 19:55:46.075 5383 5431 E : nFreeSize: 3004936192
02-10 19:55:46.078 5383 5431 E : nFreeSize: 3004936192
02-10 19:55:46.766 5383 5478 E : nFreeSize: 3004858368
02-10 19:55:59.923 5383 5478 E : nFreeSize: 3003105280
02-10 19:56:00.160 5383 5478 E : nFreeSize: 3003043840
02-10 19:56:01.670 5383 5431 E : nFreeSize: 3002634240
02-10 19:56:01.681 5383 5431 E : nFreeSize: 3002634240
02-10 19:56:13.071 8141 8141 W System.err: java.lang.ClassNotFoundException:
mbmodsd.mbmodsw.ui.views.btn.BtnBK
02-10 19:56:13.071 8141 8141 W System.err: at
java.lang.VMClassLoader.findLoadedClass(Native Method)
02-10 19:56:13.071 8141 8141 W System.err: at
java.lang.ClassLoader.findLoadedClass(ClassLoader.java:738)
02-10 19:56:13.072 8141 8141 W System.err: at
java.lang.ClassLoader.loadClass(ClassLoader.java:363)
02-10 19:56:13.072 8141 8141 W System.err: at
java.lang.ClassLoader.loadClass(ClassLoader.java:312)
02-10 19:56:13.072 8141 8141 W System.err: at
java.lang.Runtime.nativeLoad(Native Method)
02-10 19:56:13.072 8141 8141 W System.err: at
java.lang.Runtime.doLoad(Runtime.java:1099)
02-10 19:56:13.072 8141 8141 W System.err: at
java.lang.Runtime.loadLibrary0(Runtime.java:1014)
02-10 19:56:13.072 8141 8141 W System.err: at
java.lang.System.loadLibrary(System.java:1657)
02-10 19:56:13.072 8141 8141 W System.err: at arm.EpicVm.<clinit>(Unknown
Source:2)
02-10 19:56:13.072 8141 8141 W System.err: at
java.lang.Class.newInstance(Native Method)
02-10 19:56:13.072 8141 8141 W System.err: at
android.app.Instrumentation.newApplication(Instrumentation.java:1107)
02-10 19:56:13.072 8141 8141 W System.err: at
android.app.Instrumentation.newApplication(Instrumentation.java:1092)
02-10 19:56:13.072 8141 8141 W System.err: at
android.app.LoadedApk.makeApplication(LoadedApk.java:1001)
02-10 19:56:13.072 8141 8141 W System.err: at
android.app.ActivityThread.handleBindApplication(ActivityThread.java:5944)
02-10 19:56:13.072 8141 8141 W System.err: at android.app.ActivityThread.-
wrap1(Unknown Source:0)
02-10 19:56:13.072 8141 8141 W System.err: at
android.app.ActivityThread$H.handleMessage(ActivityThread.java:1774)
02-10 19:56:13.072 8141 8141 W System.err: at
android.os.Handler.dispatchMessage(Handler.java:106)
02-10 19:56:13.072 8141 8141 W System.err: at
android.os.Looper.loop(Looper.java:192)
02-10 19:56:13.072 8141 8141 W System.err: at
android.app.ActivityThread.main(ActivityThread.java:6759)
02-10 19:56:13.072 8141 8141 W System.err: at
java.lang.reflect.Method.invoke(Native Method)
02-10 19:56:13.072 8141 8141 W System.err: at
com.android.internal.os.RuntimeInit$MethodAndArgsCaller.run(RuntimeInit.java:556)
02-10 19:56:13.072 8141 8141 W System.err: at
com.android.internal.os.ZygoteInit.main(ZygoteInit.java:875)
02-10 19:56:13.072 8141 8141 W System.err: Caused by:
java.lang.NoClassDefFoundError: Failed resolution of:
Lcom/mbwhatsapp/components/Button;
02-10 19:56:13.072 8141 8141 W System.err: ... 18 more
02-10 19:56:13.072 8141 8141 W System.err: Caused by:
java.lang.ClassNotFoundException: Didn't find class
"com.mbwhatsapp.components.Button" on path: DexPathList[[zip file
"/data/app/com.mbwhatsapp-9SD3scEamtoVQZR_K5Jc8w==/base.apk"],nativeLibraryDirector
ies=[/data/app/com.mbwhatsapp-9SD3scEamtoVQZR_K5Jc8w==/lib/arm64,
/data/app/com.mbwhatsapp-9SD3scEamtoVQZR_K5Jc8w==/base.apk!/lib/arm64-v8a,
/system/lib64, /vendor/lib64]]
02-10 19:56:13.072 8141 8141 W System.err: at
dalvik.system.BaseDexClassLoader.findClass(BaseDexClassLoader.java:125)
02-10 19:56:13.072 8141 8141 W System.err: at
java.lang.ClassLoader.loadClass(ClassLoader.java:379)
02-10 19:56:13.072 8141 8141 W System.err: at
java.lang.ClassLoader.loadClass(ClassLoader.java:312)
02-10 19:56:13.072 8141 8141 W System.err: ... 18 more
02-10 19:56:13.215 8141 8171 E : nFreeSize: 2999951360
02-10 19:56:13.222 8141 8141 E CustomActivityOnCrash: IMPORTANT WARNING! You
already have an UncaughtExceptionHandler, are you sure this is correct? If you use
a custom UncaughtExceptionHandler, you must initialize it AFTER
CustomActivityOnCrash! Installing anyway, but your original handler will not be
called.
02-10 19:56:13.858 8141 8196 E : nFreeSize: 2999705600
--------- beginning of main
02-10 19:56:14.084 8141 8141 E : nFreeSize: 2999705600
02-10 19:56:14.085 8141 8141 E : nFreeSize: 2999705600
02-10 19:56:14.121 8141 8141 W linker :
"/data/data/com.mbwhatsapp/files/decompressed/libs.spk.zst/libc++_shared.so" unused
DT entry: type 0x70000001 arg 0x0
02-10 19:56:14.459 8141 8207 E : nFreeSize: 2999554048
02-10 19:56:14.619 8141 8241 E : nFreeSize: 2999541760
02-10 19:56:14.639 8141 8238 W zygote64: Class X.2rL failed lock verification and
will run slower.
02-10 19:56:14.639 8141 8238 W zygote64: Common causes for lock verification
issues are non-optimized dex code
02-10 19:56:14.639 8141 8238 W zygote64: and incorrect proguard optimizations.
02-10 19:56:14.697 8141 8141 W zygote64: Class X.0eU failed lock verification and
will run slower.
--------- beginning of system
02-10 19:56:14.903 8141 8241 E : nFreeSize: 2999611392
02-10 19:56:15.263 8141 8241 E : nFreeSize: 2999599104
02-10 19:56:15.536 8141 8203 E : nFreeSize: 2999476224
02-10 19:56:16.005 8141 8203 E : nFreeSize: 2999377920
02-10 19:56:16.017 8141 8203 E : nFreeSize: 2999377920
02-10 19:56:16.022 8141 8241 E : nFreeSize: 2999373824
02-10 19:56:16.128 8141 8141 E : nFreeSize: 2999373824
02-10 19:56:16.198 8141 8282 E : nFreeSize: 2999369728
02-10 19:56:16.316 8141 8262 W System : ClassLoader referenced unknown path:
system/framework/mediatek-cta.jar
02-10 19:56:16.402 8141 8207 E : nFreeSize: 2999365632
02-10 19:56:16.415 8141 8207 E : nFreeSize: 2999365632
02-10 19:56:16.480 8141 8265 W FirebaseMessaging: Message ack failed:
java.util.concurrent.TimeoutException: Timed out waiting for Task
02-10 19:56:16.592 8141 8241 E : nFreeSize: 2999361536
02-10 19:56:16.603 8141 8238 W System : ClassLoader referenced unknown path:
system/framework/mediatek-cta.jar
02-10 19:56:16.609 8141 8238 W System : ClassLoader referenced unknown path:
system/framework/mediatek-cta.jar
02-10 19:56:16.889 8141 8299 E PlayCore: UID: [10394] PID: [8141]
StandardIntegrity : Phonesky is not installed.
02-10 19:56:16.979 8141 8241 E : nFreeSize: 2999283712
02-10 19:56:16.982 8141 8203 E : nFreeSize: 2999283712
02-10 19:56:17.015 8141 8207 E : nFreeSize: 2999209984
02-10 19:56:17.023 8141 8262 E : nFreeSize: 2999271424
02-10 19:56:17.145 8141 8207 E : nFreeSize: 2999271424
02-10 19:56:17.236 8141 8245 E : nFreeSize: 2999140352
02-10 19:56:17.240 8141 8226 E : nFreeSize: 2999132160
02-10 19:56:17.249 8141 8301 E : nFreeSize: 2999132160
02-10 19:56:17.250 8141 8300 E : nFreeSize: 2999132160
02-10 19:56:17.250 8141 8298 E : nFreeSize: 2999132160
02-10 19:56:17.263 8141 8328 E : nFreeSize: 2999271424
02-10 19:56:17.270 8141 8245 W System : ClassLoader referenced unknown path:
system/framework/mediatek-cta.jar
02-10 19:56:17.303 8141 8300 W System : ClassLoader referenced unknown path:
system/framework/mediatek-cta.jar
02-10 19:56:17.311 8141 8226 W System : ClassLoader referenced unknown path:
system/framework/mediatek-cta.jar
02-10 19:56:17.311 8141 8207 E : nFreeSize: 2999267328
02-10 19:56:17.319 8141 8298 W System : ClassLoader referenced unknown path:
system/framework/mediatek-cta.jar
02-10 19:56:17.332 8141 8301 W System : ClassLoader referenced unknown path:
system/framework/mediatek-cta.jar
02-10 19:56:17.360 8141 8241 E : nFreeSize: 2999263232
02-10 19:56:17.372 8141 8328 W System : ClassLoader referenced unknown path:
system/framework/mediatek-cta.jar
02-10 19:56:17.411 8141 8300 W System : ClassLoader referenced unknown path:
system/framework/mediatek-cta.jar
02-10 19:56:17.414 8141 8245 W System : ClassLoader referenced unknown path:
system/framework/mediatek-cta.jar
02-10 19:56:17.417 8141 8226 W System : ClassLoader referenced unknown path:
system/framework/mediatek-cta.jar
02-10 19:56:17.424 8141 8298 W System : ClassLoader referenced unknown path:
system/framework/mediatek-cta.jar
02-10 19:56:17.464 8141 8301 W System : ClassLoader referenced unknown path:
system/framework/mediatek-cta.jar
02-10 19:56:17.471 8141 8328 W System : ClassLoader referenced unknown path:
system/framework/mediatek-cta.jar
02-10 19:56:17.563 8141 8207 E : nFreeSize: 2999263232
02-10 19:56:17.902 8141 8241 E : nFreeSize: 2999095296
02-10 19:56:18.092 8141 8207 E : nFreeSize: 2999083008
02-10 19:56:19.097 8141 8141 W System : ClassLoader referenced unknown path:
/system/vendor/framework/via-plugin.jar
02-10 19:56:19.184 8141 8207 E : nFreeSize: 2998841344
02-10 19:56:19.660 8141 8207 E : nFreeSize: 2998620160
02-10 19:56:19.666 8141 8241 E : nFreeSize: 2998583296
02-10 19:56:19.679 8141 8207 E : nFreeSize: 2998566912
02-10 19:56:19.750 8141 8241 E : nFreeSize: 2998546432
02-10 19:56:19.802 8141 8241 E : nFreeSize: 2998534144
02-10 19:56:19.803 8141 8207 E : nFreeSize: 2998517760
02-10 19:56:20.646 8141 8207 E : nFreeSize: 2999209984
02-10 19:56:20.870 8141 8340 W System : ClassLoader referenced unknown path:
system/framework/mediatek-cta.jar
02-10 19:56:20.881 8141 8340 W System : ClassLoader referenced unknown path:
system/framework/mediatek-cta.jar
02-10 19:56:20.912 8141 8241 E : nFreeSize: 2999074816
02-10 19:56:21.059 8141 8207 E : nFreeSize: 2999029760
02-10 19:56:21.551 8141 8207 E : nFreeSize: 2999066624
02-10 19:56:22.472 8141 8240 E : nFreeSize: 2998968320
02-10 19:56:22.679 8141 8240 E : nFreeSize: 2998886400
02-10 19:56:26.723 8141 8207 E : nFreeSize: 2998603776
02-10 19:56:26.875 8141 8207 E : nFreeSize: 2998599680
02-10 19:56:26.894 8141 8207 E : nFreeSize: 2998591488
02-10 19:56:26.916 8141 8567 E : nFreeSize: 2998595584
02-10 19:56:27.019 8141 8207 E : nFreeSize: 2998591488
02-10 19:56:27.223 8141 8207 E : nFreeSize: 2998554624
02-10 19:56:27.225 8141 8241 E : nFreeSize: 2998546432
02-10 19:56:27.262 8141 8203 E : nFreeSize: 2998554624
02-10 19:56:27.378 8141 8207 E : nFreeSize: 2998550528
02-10 19:56:27.427 8141 8203 E : nFreeSize: 2998546432
02-10 19:56:27.440 8141 8241 E : nFreeSize: 2998538240
02-10 19:56:27.983 8141 8207 E : nFreeSize: 2998558720
02-10 19:56:32.906 8141 8203 E : nFreeSize: 2998636544
02-10 19:56:32.912 8141 8203 E : nFreeSize: 2998636544
02-10 19:56:34.830 8141 8240 E : nFreeSize: 2998624256
02-10 19:56:34.842 8141 8240 E : nFreeSize: 2998624256
02-10 19:56:35.838 8141 8203 E : nFreeSize: 2998607872
02-10 19:56:36.257 8141 8203 E : nFreeSize: 2998603776
02-10 19:56:36.403 8141 8203 E : nFreeSize: 2998599680
02-10 19:56:36.420 8141 8240 E : nFreeSize: 2998587392
02-10 19:56:36.439 8141 8240 E : nFreeSize: 2998591488
02-10 19:56:36.689 8141 8203 E : nFreeSize: 2998575104
02-10 19:56:36.849 8141 8203 E : nFreeSize: 2998566912
02-10 19:56:37.935 8141 8240 E : nFreeSize: 2998521856
02-10 19:56:37.939 8141 8240 E : nFreeSize: 2998521856
02-10 19:56:39.296 8141 8203 E : nFreeSize: 2998403072
02-10 19:56:39.298 8141 8241 E : nFreeSize: 2998398976
02-10 19:56:40.398 8141 8240 E : nFreeSize: 2998235136
02-10 19:56:40.401 8141 8240 E : nFreeSize: 2998235136
02-10 19:56:43.474 8141 8262 W System : ClassLoader referenced unknown path:
system/framework/mediatek-cta.jar
02-10 19:56:43.777 8141 8203 E : nFreeSize: 2997727232
02-10 19:56:44.103 8141 8241 E : nFreeSize: 2997653504
02-10 19:56:44.113 8141 8203 E : nFreeSize: 2997653504
02-10 19:56:46.270 8141 8240 E : nFreeSize: 2997104640
02-10 19:56:46.273 8141 8240 E : nFreeSize: 2997104640
02-10 19:56:48.263 8141 8240 E : nFreeSize: 2996830208
02-10 19:56:48.265 8141 8240 E : nFreeSize: 2996830208
02-10 19:56:53.025 8141 8203 E : nFreeSize: 2995974144
02-10 19:56:53.065 8141 8203 E : nFreeSize: 2995974144
02-10 19:56:54.426 8141 8240 E : nFreeSize: 2995830784
02-10 19:56:54.429 8141 8240 E : nFreeSize: 2995830784
02-10 19:56:58.508 8141 8241 E : nFreeSize: 2994860032
02-10 19:56:58.595 8141 8203 E : nFreeSize: 2994266112
02-10 19:57:00.512 8141 8240 E : nFreeSize: 2993483776
02-10 19:57:00.515 8141 8240 E : nFreeSize: 2993483776
02-10 19:57:05.991 8141 8203 E : nFreeSize: 2990120960
02-10 19:57:06.040 8141 8241 E : nFreeSize: 2990116864
02-10 19:57:07.339 8141 8240 E : nFreeSize: 2990006272
02-10 19:57:07.341 8141 8240 E : nFreeSize: 2990006272
02-10 19:57:12.714 8141 8203 E : nFreeSize: 2989199360
02-10 19:57:12.786 8141 8203 E : nFreeSize: 2989199360
02-10 19:57:14.099 8141 8240 E : nFreeSize: 2989060096
02-10 19:57:14.100 8141 8240 E : nFreeSize: 2989060096
02-10 19:57:16.210 8141 8240 E : nFreeSize: 2988924928
02-10 19:57:16.212 8141 8240 E : nFreeSize: 2988924928
02-10 19:57:18.238 8141 8240 E : nFreeSize: 2988101632
02-10 19:57:18.240 8141 8240 E : nFreeSize: 2988101632
02-10 19:57:19.081 8141 8203 E : nFreeSize: 2988343296
02-10 19:57:19.189 8141 8203 E : nFreeSize: 2988335104
02-10 19:57:22.595 8141 8240 E : nFreeSize: 2988056576
02-10 19:57:22.596 8141 8240 E : nFreeSize: 2988056576
02-10 19:57:25.485 8141 8203 E : nFreeSize: 2986881024
02-10 19:57:26.758 8141 8203 E : nFreeSize: 2987339776
02-10 19:57:28.181 8141 8240 E : nFreeSize: 2987200512
02-10 19:57:28.184 8141 8240 E : nFreeSize: 2987200512
02-10 19:57:29.398 8141 8834 W System : ClassLoader referenced unknown path:
system/framework/mediatek-cta.jar
02-10 19:57:29.519 8141 8834 W System : ClassLoader referenced unknown path:
system/framework/mediatek-cta.jar
02-10 19:57:29.592 8141 8141 W IInputConnectionWrapper: getExtractedText on
inactive InputConnection
02-10 19:57:29.631 8141 8141 W IInputConnectionWrapper: getTextBeforeCursor on
inactive InputConnection
02-10 19:57:29.644 8141 8141 W IInputConnectionWrapper: getTextAfterCursor on
inactive InputConnection
02-10 19:57:29.662 8141 8141 W IInputConnectionWrapper: getCursorCapsMode on
inactive InputConnection
02-10 19:57:30.635 8141 8203 E : nFreeSize: 2986729472
02-10 19:57:32.079 8141 8240 E : nFreeSize: 2986586112
02-10 19:57:32.081 8141 8240 E : nFreeSize: 2986586112
02-10 19:57:37.565 8141 8241 E : nFreeSize: 2985795584
02-10 19:57:40.743 8141 8203 E : nFreeSize: 2985152512
02-10 19:57:42.481 8141 8241 E : nFreeSize: 2984632320
02-10 19:57:43.908 8141 8240 E : nFreeSize: 2984509440
02-10 19:57:43.931 8141 8240 E : nFreeSize: 2984505344
02-10 19:57:44.811 8141 8141 W IInputConnectionWrapper: getExtractedText on
inactive InputConnection
02-10 19:57:44.860 8141 8141 W IInputConnectionWrapper: getTextBeforeCursor on
inactive InputConnection
02-10 19:57:44.870 8141 8141 W IInputConnectionWrapper: getTextAfterCursor on
inactive InputConnection
02-10 19:57:44.872 8141 8141 W IInputConnectionWrapper: getCursorCapsMode on
inactive InputConnection
02-10 19:57:45.869 8141 8203 E : nFreeSize: 2984554496
02-10 19:57:47.255 8141 8240 E : nFreeSize: 2984198144
02-10 19:57:47.275 8141 8240 E : nFreeSize: 2984189952
02-10 19:57:47.888 8141 8141 W IInputConnectionWrapper: getExtractedText on
inactive InputConnection
02-10 19:57:47.890 8141 8141 W IInputConnectionWrapper: getTextBeforeCursor on
inactive InputConnection
02-10 19:57:47.891 8141 8141 W IInputConnectionWrapper: getTextAfterCursor on
inactive InputConnection
02-10 19:57:47.891 8141 8141 W IInputConnectionWrapper: getCursorCapsMode on
inactive InputConnection
02-10 19:57:48.701 8141 8203 E : nFreeSize: 2983845888
02-10 19:57:48.701 8141 8241 E : nFreeSize: 2983845888
02-10 19:57:48.799 8141 8902 E : nFreeSize: 2983796736
02-10 19:57:48.834 8141 8903 W System : ClassLoader referenced unknown path:
system/framework/mediatek-cta.jar
02-10 19:57:48.871 8141 8203 E : nFreeSize: 2983780352
02-10 19:57:48.958 8141 8141 W IInputConnectionWrapper: getExtractedText on
inactive InputConnection
02-10 19:57:48.964 8141 8141 W IInputConnectionWrapper: getTextBeforeCursor on
inactive InputConnection
02-10 19:57:48.977 8141 8141 W IInputConnectionWrapper: getTextAfterCursor on
inactive InputConnection
02-10 19:57:48.981 8141 8141 W IInputConnectionWrapper: getCursorCapsMode on
inactive InputConnection
02-10 19:57:49.530 8141 8207 E : nFreeSize: 2983489536
02-10 19:57:49.563 8141 8207 E : nFreeSize: 2983424000
02-10 19:57:49.567 8141 8203 E : nFreeSize: 2983415808
02-10 19:57:49.575 8141 8203 E : nFreeSize: 2983419904
02-10 19:57:49.597 8141 8203 E : nFreeSize: 2983419904
02-10 19:57:49.772 8141 8241 E : nFreeSize: 2983370752
02-10 19:57:49.772 8141 8203 E : nFreeSize: 2983370752
02-10 19:57:49.776 8141 8207 E : nFreeSize: 2983284736
02-10 19:57:49.881 8141 8241 E : nFreeSize: 2983313408
02-10 19:57:50.247 8141 8231 E : nFreeSize: 2983055360
02-10 19:57:50.307 8141 8141 E : nFreeSize: 2983030784
02-10 19:57:50.435 8141 8207 E : nFreeSize: 2982948864
02-10 19:57:50.564 8141 8909 E SQLiteLog: (1) no such table: media_job
02-10 19:57:50.572 8141 8241 E : nFreeSize: 2982768640
02-10 19:57:50.625 8141 8909 W System : ClassLoader referenced unknown path:
system/framework/mediatek-cta.jar
02-10 19:57:50.627 8141 8909 W System : ClassLoader referenced unknown path:
system/framework/mediatek-cta.jar
02-10 19:57:50.657 8141 8241 E : nFreeSize: 2982760448
02-10 19:57:50.686 8141 8196 E : nFreeSize: 2982555648
02-10 19:57:51.991 8141 8240 E : nFreeSize: 2982518784
02-10 19:57:51.995 8141 8240 E : nFreeSize: 2982518784
02-10 19:57:52.927 8141 8241 E : nFreeSize: 2982510592
02-10 19:57:53.002 8141 8909 E : nFreeSize: 2982510592
02-10 19:57:54.982 8141 8231 E : nFreeSize: 2982494208
02-10 19:57:55.081 8141 8207 E : nFreeSize: 2982469632
02-10 19:57:55.384 8141 8909 E : nFreeSize: 2982453248
02-10 19:57:55.386 8141 8909 E : nFreeSize: 2982449152
02-10 19:57:55.491 8141 8909 E : nFreeSize: 2982440960
02-10 19:57:55.522 8141 8232 E SQLiteDatabase: Error inserting media_duration=0
file_path=Media/MBWhatsApp Stickers/STK-20240210-WA0000.webp thumbnail=null
transferred=0 media_caption=null message_url=https://mmg.whatsapp.net/v/t62.15575-
24/19005213_1034435764284606_2360714000252861898_n.enc?ccb=11-
4&oh=01_AdRaYuyuKzeEGcnR2qugAR1QOPYx6mHtghKU6yG6_n-
80Q&oe=65EED513&_nc_sid=5e03e0&mms3=true media_key_timestamp=1707549746000
file_size=0 media_job_uuid=2911dff6-62a9-499d-9c10-26c12f418efb message_row_id=84
enc_file_hash=WhVyL8ltjaLVfRV5CW0Jaq0udNQ5k7zTBitRSzMiV58=
file_hash=Vl0y4FNcRie3DBAN0oh4t2k/pEkFVLCGbKcEJ/G2EoA= direct_path=/v/t62.15575-
24/19005213_1034435764284606_2360714000252861898_n.enc?ccb=11-
4&oh=01_AdRaYuyuKzeEGcnR2qugAR1QOPYx6mHtghKU6yG6_n-80Q&oe=65EED513&_nc_sid=5e03e0
mime_type=image/webp width=0 file_length=19118 media_name=null media_key=[B@902b8f8
page_count=0 height=0
02-10 19:57:55.522 8141 8232 E SQLiteDatabase:
android.database.sqlite.SQLiteConstraintException: UNIQUE constraint failed:
message_quoted_media.message_row_id (code 1555)
02-10 19:57:55.522 8141 8232 E SQLiteDatabase: at
android.database.sqlite.SQLiteConnection.nativeExecuteForLastInsertedRowId(Native
Method)
02-10 19:57:55.522 8141 8232 E SQLiteDatabase: at
android.database.sqlite.SQLiteConnection.executeForLastInsertedRowId(SQLiteConnecti
on.java:806)
02-10 19:57:55.522 8141 8232 E SQLiteDatabase: at
android.database.sqlite.SQLiteSession.executeForLastInsertedRowId(SQLiteSession.jav
a:788)
02-10 19:57:55.522 8141 8232 E SQLiteDatabase: at
android.database.sqlite.SQLiteStatement.executeInsert(SQLiteStatement.java:86)
02-10 19:57:55.522 8141 8232 E SQLiteDatabase: at
android.database.sqlite.SQLiteDatabase.insertWithOnConflict(SQLiteDatabase.java:154
8)
02-10 19:57:55.522 8141 8232 E SQLiteDatabase: at
android.database.sqlite.SQLiteDatabase.insert(SQLiteDatabase.java:1417)
02-10 19:57:55.522 8141 8232 E SQLiteDatabase: at X.2tm.A08(Unknown
Source:6)
02-10 19:57:55.522 8141 8232 E SQLiteDatabase: at X.35Y.A09(Unknown
Source:229)
02-10 19:57:55.522 8141 8232 E SQLiteDatabase: at X.3Q4.A06(Unknown
Source:36)
02-10 19:57:55.522 8141 8232 E SQLiteDatabase: at X.3e0.run(Unknown
Source:634)
02-10 19:57:55.522 8141 8232 E SQLiteDatabase: at
android.os.Handler.handleCallback(Handler.java:790)
02-10 19:57:55.522 8141 8232 E SQLiteDatabase: at
android.os.Handler.dispatchMessage(Handler.java:99)
02-10 19:57:55.522 8141 8232 E SQLiteDatabase: at
X.0zq.dispatchMessage(Unknown Source:4)
02-10 19:57:55.522 8141 8232 E SQLiteDatabase: at
android.os.Looper.loop(Looper.java:192)
02-10 19:57:55.522 8141 8232 E SQLiteDatabase: at
android.os.HandlerThread.run(HandlerThread.java:65)
02-10 19:57:55.615 8141 8196 E : nFreeSize: 2982428672
02-10 19:57:55.624 8141 8207 E : nFreeSize: 2982424576
02-10 19:57:55.631 8141 8241 E : nFreeSize: 2982420480
02-10 19:57:55.634 8141 8203 E : nFreeSize: 2982416384
02-10 19:57:55.738 8141 8203 E : nFreeSize: 2982420480
02-10 19:57:56.290 8141 8203 E : nFreeSize: 2982408192
02-10 19:57:56.560 8141 8203 E : nFreeSize: 2982379520
02-10 19:57:57.269 8141 8203 E : nFreeSize: 2982363136
02-10 19:57:58.059 8141 8241 E : nFreeSize: 2982322176
02-10 19:57:58.118 8141 8207 E : nFreeSize: 2982318080
02-10 19:57:58.120 8141 8203 E : nFreeSize: 2982313984
02-10 19:57:58.261 8141 8207 E : nFreeSize: 2982309888
02-10 19:57:58.481 8141 8207 E : nFreeSize: 2982301696
02-10 19:57:58.507 8141 8207 E : nFreeSize: 2982285312
02-10 19:57:58.607 8141 8207 E : nFreeSize: 2982232064
02-10 19:57:58.644 8141 8207 E : nFreeSize: 2982236160
02-10 19:57:58.858 8141 8203 E : nFreeSize: 2982162432
02-10 19:57:59.065 8141 8203 E : nFreeSize: 2982141952
02-10 19:57:59.066 8141 8335 E : nFreeSize: 2982137856
02-10 19:57:59.072 8141 8207 E : nFreeSize: 2982133760
02-10 19:57:59.111 8141 8207 E : nFreeSize: 2982125568
02-10 19:57:59.128 8141 8335 E : nFreeSize: 2982121472
02-10 19:57:59.259 8141 8335 E : nFreeSize: 2982105088
02-10 19:57:59.287 8141 8207 E : nFreeSize: 2982113280
02-10 19:57:59.439 8141 8203 E : nFreeSize: 2982092800
02-10 19:57:59.475 8141 8335 E : nFreeSize: 2981707776
02-10 19:57:59.597 8141 8207 E : nFreeSize: 2982072320
02-10 19:58:00.129 8141 8207 E : nFreeSize: 2982068224
02-10 19:58:00.336 8141 8203 E : nFreeSize: 2982072320
02-10 19:58:00.732 8141 8203 E : nFreeSize: 2982051840
02-10 19:58:01.042 8141 8207 E : nFreeSize: 2982023168
02-10 19:58:01.095 8141 8335 E : nFreeSize: 2982035456
02-10 19:58:01.198 8141 8335 E : nFreeSize: 2982014976
02-10 19:58:01.345 8141 8207 E : nFreeSize: 2982023168
02-10 19:58:01.359 8141 8335 E : nFreeSize: 2982023168
02-10 19:58:01.598 8141 8335 E : nFreeSize: 2981994496
02-10 19:58:01.788 8141 8335 E : nFreeSize: 2981990400
02-10 19:58:01.916 8141 8335 E : nFreeSize: 2982002688
02-10 19:58:02.017 8141 8335 E : nFreeSize: 2981994496
02-10 19:58:02.081 8141 8335 E : nFreeSize: 2981974016
02-10 19:58:02.178 8141 8335 E : nFreeSize: 2981580800
02-10 19:58:02.565 8141 8207 E : nFreeSize: 2981560320
02-10 19:58:02.882 8141 8335 E : nFreeSize: 2981912576
02-10 19:58:03.253 8141 8335 E : nFreeSize: 2981924864
02-10 19:58:03.365 8141 8335 E : nFreeSize: 2981924864
02-10 19:58:03.478 8141 8335 E : nFreeSize: 2981920768
02-10 19:58:03.670 8141 8203 E : nFreeSize: 2981912576
02-10 19:58:04.026 8141 8203 E : nFreeSize: 2981511168
02-10 19:58:04.087 8141 8335 E : nFreeSize: 2981507072
02-10 19:58:04.225 8141 8335 E : nFreeSize: 2981494784
02-10 19:58:04.398 8141 8207 E : nFreeSize: 2981412864
02-10 19:58:04.499 8141 8335 E : nFreeSize: 2981396480
02-10 19:58:05.129 8141 8203 E : nFreeSize: 2981388288
02-10 19:58:06.135 8141 8240 E : nFreeSize: 2981384192
02-10 19:58:06.144 8141 8240 E : nFreeSize: 2981384192
02-10 19:58:07.004 8141 8203 E : nFreeSize: 2980888576
02-10 19:58:07.255 8141 8207 E : nFreeSize: 2980888576
02-10 19:58:07.429 8141 8335 E : nFreeSize: 2980888576
02-10 19:58:07.472 8141 8335 E : nFreeSize: 2980884480
02-10 19:58:07.712 8141 8335 E : nFreeSize: 2980872192
02-10 19:58:07.799 8141 8335 E : nFreeSize: 2980864000
02-10 19:58:07.948 8141 8335 E : nFreeSize: 2980859904
02-10 19:58:08.047 8141 8335 E : nFreeSize: 2980831232
02-10 19:58:08.487 8141 8335 E : nFreeSize: 2980818944
02-10 19:58:08.520 8141 8335 E : nFreeSize: 2980831232
02-10 19:58:08.566 8141 8335 E : nFreeSize: 2980814848
02-10 19:58:08.644 8141 8335 E : nFreeSize: 2981056512
02-10 19:58:08.645 8141 8326 E : nFreeSize: 2981056512
02-10 19:58:08.907 8141 8335 E : nFreeSize: 2981085184
02-10 19:58:09.187 8141 8207 E : nFreeSize: 2981072896
02-10 19:58:09.278 8141 8335 E : nFreeSize: 2981089280
02-10 19:58:09.504 8141 8207 E : nFreeSize: 2981072896
02-10 19:58:09.614 8141 8335 E : nFreeSize: 2981072896
02-10 19:58:09.658 8141 8335 E : nFreeSize: 2981052416
02-10 19:58:09.825 8141 8203 E : nFreeSize: 2981072896
02-10 19:58:09.835 8141 8335 E : nFreeSize: 2980909056
02-10 19:58:09.870 8141 8335 E : nFreeSize: 2981068800
02-10 19:58:10.001 8141 8335 E : nFreeSize: 2981056512
02-10 19:58:10.081 8141 8335 E : nFreeSize: 2981040128
02-10 19:58:10.299 8141 8335 E : nFreeSize: 2981052416
02-10 19:58:10.603 8141 8207 E : nFreeSize: 2981044224
02-10 19:58:10.638 8141 8203 E : nFreeSize: 2980651008
02-10 19:58:10.707 8141 8335 E : nFreeSize: 2981044224
02-10 19:58:10.823 8141 8335 E : nFreeSize: 2981040128
02-10 19:58:10.888 8141 8335 E : nFreeSize: 2981036032
02-10 19:58:11.010 8141 8335 E : nFreeSize: 2981015552
02-10 19:58:11.037 8141 8207 E : nFreeSize: 2981023744
02-10 19:58:11.095 8141 8335 E : nFreeSize: 2980761600
02-10 19:58:11.125 8141 8241 E : nFreeSize: 2980622336
02-10 19:58:11.168 8141 8207 E : nFreeSize: 2981019648
02-10 19:58:11.251 8141 8335 E : nFreeSize: 2981019648
02-10 19:58:11.426 8141 8335 E : nFreeSize: 2981011456
02-10 19:58:11.486 8141 8335 E : nFreeSize: 2981007360
02-10 19:58:11.513 8141 8241 E : nFreeSize: 2981003264
02-10 19:58:11.568 8141 8335 E : nFreeSize: 2981396480
02-10 19:58:11.645 8141 8241 E : nFreeSize: 2981388288
02-10 19:58:11.654 8141 8335 E : nFreeSize: 2981265408
02-10 19:58:11.764 8141 8335 E : nFreeSize: 2980990976
02-10 19:58:14.551 8141 8240 E : nFreeSize: 2980925440
02-10 19:58:14.555 8141 8240 E : nFreeSize: 2980925440
02-10 19:58:15.425 8141 8207 E : nFreeSize: 2979463168
02-10 19:58:15.771 8141 8240 E : nFreeSize: 2979549184
02-10 19:58:15.793 8141 8241 E : nFreeSize: 2979549184
02-10 19:58:15.834 8141 8240 E : nFreeSize: 2979151872
02-10 19:58:16.497 8141 8241 E : nFreeSize: 2979532800
02-10 19:58:16.656 8141 8241 E : nFreeSize: 2979540992
02-10 19:58:16.825 8141 8241 E : nFreeSize: 2979540992
02-10 19:58:18.079 8141 8240 E : nFreeSize: 2981036032
02-10 19:58:18.081 8141 8240 E : nFreeSize: 2981036032
02-10 19:58:23.023 8141 8207 E : nFreeSize: 2980958208
02-10 19:58:23.266 8141 8207 E : nFreeSize: 2980958208
02-10 19:58:23.608 8141 8240 E : nFreeSize: 2980958208
02-10 19:58:23.618 8141 8240 E : nFreeSize: 2980958208
02-10 19:58:24.797 8141 9730 E : nFreeSize: 2980950016
02-10 19:58:24.910 8141 8207 E : nFreeSize: 2980945920
02-10 19:58:25.947 8141 8240 E : nFreeSize: 2980941824
02-10 19:58:25.950 8141 8240 E : nFreeSize: 2980941824
02-10 19:58:27.164 8141 8240 E : nFreeSize: 2980917248
02-10 19:58:27.169 8141 8240 E : nFreeSize: 2980917248
02-10 19:58:30.806 8141 8207 E : nFreeSize: 2980831232
02-10 19:58:31.015 8141 8241 E : nFreeSize: 2980831232
02-10 19:58:31.654 8141 8241 E : nFreeSize: 2980823040
02-10 19:58:31.788 8141 8207 E : nFreeSize: 2980823040
02-10 19:58:32.005 8141 8241 E : nFreeSize: 2980823040
02-10 19:58:32.384 8141 8241 E : nFreeSize: 2980810752
02-10 19:58:32.615 8141 8207 E : nFreeSize: 2980777984
02-10 20:00:46.958 10567 10567 W System.err: java.lang.ClassNotFoundException:
mbmodsd.mbmodsw.ui.views.btn.BtnBK
02-10 20:00:46.958 10567 10567 W System.err: at
java.lang.VMClassLoader.findLoadedClass(Native Method)
02-10 20:00:46.958 10567 10567 W System.err: at
java.lang.ClassLoader.findLoadedClass(ClassLoader.java:738)
02-10 20:00:46.958 10567 10567 W System.err: at
java.lang.ClassLoader.loadClass(ClassLoader.java:363)
02-10 20:00:46.958 10567 10567 W System.err: at
java.lang.ClassLoader.loadClass(ClassLoader.java:312)
02-10 20:00:46.958 10567 10567 W System.err: at
java.lang.Runtime.nativeLoad(Native Method)
02-10 20:00:46.958 10567 10567 W System.err: at
java.lang.Runtime.doLoad(Runtime.java:1099)
02-10 20:00:46.958 10567 10567 W System.err: at
java.lang.Runtime.loadLibrary0(Runtime.java:1014)
02-10 20:00:46.958 10567 10567 W System.err: at
java.lang.System.loadLibrary(System.java:1657)
02-10 20:00:46.958 10567 10567 W System.err: at arm.EpicVm.<clinit>(Unknown
Source:2)
02-10 20:00:46.958 10567 10567 W System.err: at
java.lang.Class.newInstance(Native Method)
02-10 20:00:46.958 10567 10567 W System.err: at
android.app.Instrumentation.newApplication(Instrumentation.java:1107)
02-10 20:00:46.958 10567 10567 W System.err: at
android.app.Instrumentation.newApplication(Instrumentation.java:1092)
02-10 20:00:46.958 10567 10567 W System.err: at
android.app.LoadedApk.makeApplication(LoadedApk.java:1001)
02-10 20:00:46.958 10567 10567 W System.err: at
android.app.ActivityThread.handleBindApplication(ActivityThread.java:5944)
02-10 20:00:46.958 10567 10567 W System.err: at android.app.ActivityThread.-
wrap1(Unknown Source:0)
02-10 20:00:46.958 10567 10567 W System.err: at
android.app.ActivityThread$H.handleMessage(ActivityThread.java:1774)
02-10 20:00:46.958 10567 10567 W System.err: at
android.os.Handler.dispatchMessage(Handler.java:106)
02-10 20:00:46.958 10567 10567 W System.err: at
android.os.Looper.loop(Looper.java:192)
02-10 20:00:46.958 10567 10567 W System.err: at
android.app.ActivityThread.main(ActivityThread.java:6759)
02-10 20:00:46.958 10567 10567 W System.err: at
java.lang.reflect.Method.invoke(Native Method)
02-10 20:00:46.958 10567 10567 W System.err: at
com.android.internal.os.RuntimeInit$MethodAndArgsCaller.run(RuntimeInit.java:556)
02-10 20:00:46.958 10567 10567 W System.err: at
com.android.internal.os.ZygoteInit.main(ZygoteInit.java:875)
02-10 20:00:46.958 10567 10567 W System.err: Caused by:
java.lang.NoClassDefFoundError: Failed resolution of:
Lcom/mbwhatsapp/components/Button;
02-10 20:00:46.959 10567 10567 W System.err: ... 18 more
02-10 20:00:46.959 10567 10567 W System.err: Caused by:
java.lang.ClassNotFoundException: Didn't find class
"com.mbwhatsapp.components.Button" on path: DexPathList[[zip file
"/data/app/com.mbwhatsapp-9SD3scEamtoVQZR_K5Jc8w==/base.apk"],nativeLibraryDirector
ies=[/data/app/com.mbwhatsapp-9SD3scEamtoVQZR_K5Jc8w==/lib/arm64,
/data/app/com.mbwhatsapp-9SD3scEamtoVQZR_K5Jc8w==/base.apk!/lib/arm64-v8a,
/system/lib64, /vendor/lib64]]
02-10 20:00:46.959 10567 10567 W System.err: at
dalvik.system.BaseDexClassLoader.findClass(BaseDexClassLoader.java:125)
02-10 20:00:46.959 10567 10567 W System.err: at
java.lang.ClassLoader.loadClass(ClassLoader.java:379)
02-10 20:00:46.959 10567 10567 W System.err: at
java.lang.ClassLoader.loadClass(ClassLoader.java:312)
02-10 20:00:46.959 10567 10567 W System.err: ... 18 more
02-10 20:00:47.153 10567 10586 E : nFreeSize: 2973523968
02-10 20:00:47.159 10567 10567 E CustomActivityOnCrash: IMPORTANT WARNING! You
already have an UncaughtExceptionHandler, are you sure this is correct? If you use
a custom UncaughtExceptionHandler, you must initialize it AFTER
CustomActivityOnCrash! Installing anyway, but your original handler will not be
called.
--------- beginning of main
02-10 20:00:47.824 10567 10567 E : nFreeSize: 2973405184
02-10 20:00:47.825 10567 10567 E : nFreeSize: 2973405184
02-10 20:00:47.846 10567 10567 W linker :
"/data/data/com.mbwhatsapp/files/decompressed/libs.spk.zst/libc++_shared.so" unused
DT entry: type 0x70000001 arg 0x0
02-10 20:00:48.234 10567 10630 W zygote64: Class X.2rL failed lock verification and
will run slower.
02-10 20:00:48.235 10567 10630 W zygote64: Common causes for lock verification
issues are non-optimized dex code
02-10 20:00:48.235 10567 10630 W zygote64: and incorrect proguard optimizations.
02-10 20:00:48.327 10567 10567 W zygote64: Class X.0eU failed lock verification and
will run slower.
--------- beginning of system
02-10 20:00:48.769 10567 10567 W zygote64: Class com.mbwhatsapp.HomeActivity failed
lock verification and will run slower.
02-10 20:00:49.471 10567 10567 E ArmVmp : Match on catch block at 0x0a in for 0xc5
02-10 20:00:49.481 10567 10567 E : nFreeSize: 2973396992
02-10 20:00:49.508 10567 10567 E ArmVmp : Match on catch block at 0x0a in for
0x131
02-10 20:00:49.550 10567 10642 W System : ClassLoader referenced unknown path:
system/framework/mediatek-cta.jar
02-10 20:00:49.610 10567 10646 W System : ClassLoader referenced unknown path:
system/framework/mediatek-cta.jar
02-10 20:00:49.694 10567 10612 E : nFreeSize: 2973507584
02-10 20:00:49.707 10567 10646 W System : ClassLoader referenced unknown path:
system/framework/mediatek-cta.jar
02-10 20:00:49.964 10567 10620 E : nFreeSize: 2973503488
02-10 20:00:49.967 10567 10617 E : nFreeSize: 2973499392
02-10 20:00:49.979 10567 10612 E : nFreeSize: 2973503488
02-10 20:00:49.991 10567 10617 E : nFreeSize: 2973503488
02-10 20:00:50.029 10567 10567 E : nFreeSize: 2973499392
02-10 20:00:50.033 10567 10567 E : nFreeSize: 2973495296
02-10 20:00:50.037 10567 10567 E : nFreeSize: 2973495296
02-10 20:00:50.046 10567 10567 E : nFreeSize: 2973495296
02-10 20:00:50.053 10567 10567 E : nFreeSize: 2973491200
02-10 20:00:50.124 10567 10636 W System : ClassLoader referenced unknown path:
system/framework/mediatek-cta.jar
02-10 20:00:50.653 10567 10567 W StaticLayout: maxLineHeight should not be -1.
maxLines:1 lineCount:1
02-10 20:00:50.657 10567 10567 W StaticLayout: maxLineHeight should not be -1.
maxLines:1 lineCount:1
02-10 20:00:50.657 10567 10617 E : nFreeSize: 2973478912
02-10 20:00:50.657 10567 10567 W StaticLayout: maxLineHeight should not be -1.
maxLines:1 lineCount:1
02-10 20:00:50.706 10567 10567 W StaticLayout: maxLineHeight should not be -1.
maxLines:1 lineCount:1
02-10 20:00:50.707 10567 10567 W StaticLayout: maxLineHeight should not be -1.
maxLines:1 lineCount:1
02-10 20:00:50.753 10567 10567 W StaticLayout: maxLineHeight should not be -1.
maxLines:1 lineCount:1
02-10 20:00:50.755 10567 10567 W StaticLayout: maxLineHeight should not be -1.
maxLines:1 lineCount:1
02-10 20:00:51.190 10567 10612 E : nFreeSize: 2973478912
02-10 20:00:51.200 10567 10567 E : nFreeSize: 2973474816
02-10 20:00:51.221 10567 10567 E : nFreeSize: 2973474816
02-10 20:00:51.445 10567 10567 W StaticLayout: maxLineHeight should not be -1.
maxLines:1 lineCount:1
02-10 20:00:51.841 10567 10567 W StaticLayout: maxLineHeight should not be -1.
maxLines:1 lineCount:1
02-10 20:00:52.002 10567 10567 E RecyclerView: No adapter attached; skipping layout
02-10 20:00:52.040 10567 10567 E ArmVmp : Match on catch block at 0x0a in for 0xd1
02-10 20:00:52.227 10567 10567 E RecyclerView: No adapter attached; skipping layout
02-10 20:00:52.231 10567 10567 W View : requestLayout() improperly called by
androidx.appcompat.view.menu.ActionMenuItemView{eef71fb VFED..C.. ......ID 149,0-
225,0 #7f0b0f8a app:id/menuitem_search} during layout: running second layout pass
02-10 20:00:52.231 10567 10567 W View : requestLayout() improperly called by
androidx.appcompat.widget.ActionMenuView{3d03218 V.E...... ......ID 378,195-
747,195} during layout: running second layout pass
02-10 20:00:52.447 10567 10620 E : nFreeSize: 2973458432
02-10 20:00:52.494 10567 10620 E : nFreeSize: 2973470720
02-10 20:00:52.627 10567 10692 W LOTTIE : Animation contains merge paths. Merge
paths are only supported on KitKat+ and must be manually enabled by calling
enableMergePathsForKitKatAndAbove().
02-10 20:00:52.644 10567 10620 E : nFreeSize: 2973470720
02-10 20:00:52.679 10567 10620 E : nFreeSize: 2973470720
02-10 20:00:52.739 10567 10620 E : nFreeSize: 2973466624
02-10 20:00:52.791 10567 10567 W StaticLayout: maxLineHeight should not be -1.
maxLines:1 lineCount:1
02-10 20:00:52.792 10567 10567 W StaticLayout: maxLineHeight should not be -1.
maxLines:1 lineCount:1
02-10 20:00:52.793 10567 10567 W StaticLayout: maxLineHeight should not be -1.
maxLines:1 lineCount:1
02-10 20:00:52.795 10567 10567 W StaticLayout: maxLineHeight should not be -1.
maxLines:1 lineCount:1
02-10 20:00:52.892 10567 10567 W StaticLayout: maxLineHeight should not be -1.
maxLines:1 lineCount:1
02-10 20:00:52.972 10567 10567 W StaticLayout: maxLineHeight should not be -1.
maxLines:1 lineCount:1
02-10 20:00:53.113 10567 10567 W View : requestLayout() improperly called by
DecorView@358ce0d[HomeActivity] during second layout pass: posting in next frame
02-10 20:00:53.184 10567 10567 W LOTTIE : Animation contains merge paths but they
are disabled.
02-10 20:00:54.189 10567 10630 E SQLiteLog: (1) no such table: notifications
02-10 20:00:54.204 10567 10617 E : nFreeSize: 2973368320
02-10 20:00:54.260 10567 10617 W System : ClassLoader referenced unknown path:
system/framework/mediatek-cta.jar
02-10 20:00:54.336 10567 10631 E : nFreeSize: 2973360128
02-10 20:00:54.342 10567 10631 E : nFreeSize: 2973360128
02-10 20:00:54.366 10567 10617 W System : ClassLoader referenced unknown path:
system/framework/mediatek-cta.jar
02-10 20:00:54.490 10567 10709 E : nFreeSize: 2973360128
02-10 20:00:54.519 10567 10620 E : nFreeSize: 2973343744
02-10 20:00:54.544 10567 10709 E : nFreeSize: 2973315072
02-10 20:00:54.550 10567 10709 E : nFreeSize: 2973306880
02-10 20:00:54.554 10567 10709 E : nFreeSize: 2973302784
02-10 20:00:54.560 10567 10709 E : nFreeSize: 2973294592
02-10 20:00:54.565 10567 10709 E : nFreeSize: 2973282304
02-10 20:00:54.570 10567 10709 E : nFreeSize: 2973278208
02-10 20:00:54.640 10567 10617 W System : ClassLoader referenced unknown path:
system/framework/mediatek-cta.jar
02-10 20:00:54.649 10567 10620 E : nFreeSize: 2973278208
02-10 20:00:54.982 10567 10567 W System : ClassLoader referenced unknown path:
/system/vendor/framework/via-plugin.jar
02-10 20:00:55.540 10567 10704 E : nFreeSize: 2973503488
02-10 20:00:55.562 10567 10620 E : nFreeSize: 2973499392
02-10 20:00:55.563 10567 10704 W System : ClassLoader referenced unknown path:
system/framework/mediatek-cta.jar
02-10 20:00:55.583 10567 10655 E : nFreeSize: 2973499392
02-10 20:00:55.709 10567 10704 W System : ClassLoader referenced unknown path:
system/framework/mediatek-cta.jar
02-10 20:00:55.765 10567 10719 E : nFreeSize: 2973474816
02-10 20:00:55.889 10567 10655 E : nFreeSize: 2973470720
02-10 20:00:55.923 10567 10567 E : nFreeSize: 2973863936
02-10 20:00:55.928 10567 10636 W System : ClassLoader referenced unknown path:
system/framework/mediatek-cta.jar
02-10 20:00:55.935 10567 10709 E : nFreeSize: 2973900800
02-10 20:00:55.999 10567 10655 E : nFreeSize: 2973896704
02-10 20:00:56.034 10567 10620 E : nFreeSize: 2973499392
02-10 20:00:56.174 10567 10617 E : nFreeSize: 2973499392
02-10 20:00:56.385 10567 10704 E : nFreeSize: 2973499392
02-10 20:00:56.943 10567 10631 E : nFreeSize: 2973491200
02-10 20:00:56.945 10567 10631 E : nFreeSize: 2973491200
02-10 20:00:59.948 10567 10612 E : nFreeSize: 2973511680
02-10 20:01:04.840 10567 10631 E : nFreeSize: 2973638656
02-10 20:01:04.841 10567 10631 E : nFreeSize: 2973638656
02-10 20:01:05.297 10567 10617 E : nFreeSize: 2973634560
02-10 20:01:05.320 10567 10567 E : nFreeSize: 2973634560
02-10 20:01:05.392 10567 10617 E : nFreeSize: 2973626368
02-10 20:01:05.395 10567 10726 E : nFreeSize: 2973622272
02-10 20:01:05.423 10567 10620 E : nFreeSize: 2973626368
02-10 20:01:05.423 10567 10726 E : nFreeSize: 2973626368
02-10 20:01:05.424 10567 10617 E : nFreeSize: 2973622272
02-10 20:01:05.426 10567 10567 E : nFreeSize: 2973609984
02-10 20:01:05.429 10567 10726 E : nFreeSize: 2973605888
02-10 20:01:05.433 10567 10567 E : nFreeSize: 2973618176
02-10 20:01:05.439 10567 10567 E : nFreeSize: 2973622272
02-10 20:01:05.449 10567 10567 E : nFreeSize: 2973622272
02-10 20:01:05.663 10567 10726 E : nFreeSize: 2973622272
02-10 20:01:05.668 10567 10709 E : nFreeSize: 2973622272
02-10 20:01:05.911 10567 10631 E : nFreeSize: 2973622272
02-10 20:01:05.913 10567 10631 E : nFreeSize: 2973622272
02-10 20:01:07.653 10567 10617 E : nFreeSize: 2973593600
02-10 20:01:07.673 10567 10650 W System : ClassLoader referenced unknown path:
system/framework/mediatek-cta.jar
02-10 20:01:07.775 10567 10620 E : nFreeSize: 2973589504
02-10 20:01:07.784 10567 10650 W System : ClassLoader referenced unknown path:
system/framework/mediatek-cta.jar
02-10 20:01:07.866 10567 10567 E : nFreeSize: 2973589504
02-10 20:01:07.923 10567 10705 W System : ClassLoader referenced unknown path:
system/framework/mediatek-cta.jar
02-10 20:01:07.925 10567 10705 W System : ClassLoader referenced unknown path:
system/framework/mediatek-cta.jar
02-10 20:01:07.975 10567 10753 E : nFreeSize: 2973589504
02-10 20:01:08.022 10567 10753 E : nFreeSize: 2973589504
02-10 20:01:08.067 10567 10753 E : nFreeSize: 2973589504
02-10 20:01:08.432 10567 10631 E : nFreeSize: 2973569024
02-10 20:01:08.435 10567 10631 E : nFreeSize: 2973569024
02-10 20:01:10.772 10567 10567 E : nFreeSize: 2973483008
02-10 20:01:10.863 10567 10653 W System : ClassLoader referenced unknown path:
system/framework/mediatek-cta.jar
02-10 20:01:10.870 10567 10653 W System : ClassLoader referenced unknown path:
system/framework/mediatek-cta.jar
02-10 20:01:10.882 10567 10752 E : nFreeSize: 2973474816
02-10 20:01:10.888 10567 10620 E : nFreeSize: 2973470720
02-10 20:01:11.866 10567 10705 E : nFreeSize: 2973466624
02-10 20:01:12.158 10567 10653 W System : ClassLoader referenced unknown path:
system/framework/mediatek-cta.jar
02-10 20:01:12.345 10567 10653 E : nFreeSize: 2973466624
02-10 20:01:12.873 10567 10620 E : nFreeSize: 2973458432
02-10 20:01:13.395 10567 10649 W OkHttpClient: A connection to
https://v.whatsapp.net/ was leaked. Did you forget to close a response body?
02-10 20:01:13.506 10567 10620 E : nFreeSize: 2973450240
02-10 20:01:13.693 10567 10620 E PlayCore: UID: [10394] PID: [10567]
StandardIntegrity : Phonesky is not installed.
02-10 20:01:13.825 10567 10620 E : nFreeSize: 2973446144
02-10 20:01:13.914 10567 10705 W System : ClassLoader referenced unknown path:
system/framework/mediatek-cta.jar
02-10 20:01:14.431 10567 10631 E : nFreeSize: 2973442048
02-10 20:01:14.435 10567 10631 E : nFreeSize: 2973442048
02-10 20:01:14.719 10567 10567 E : nFreeSize: 2973442048
02-10 20:01:14.818 10567 10753 E : nFreeSize: 2973442048
02-10 20:01:14.974 10567 10567 W IInputConnectionWrapper: getExtractedText on
inactive InputConnection
02-10 20:01:14.992 10567 10567 W IInputConnectionWrapper: getTextBeforeCursor on
inactive InputConnection
02-10 20:01:15.003 10567 10567 W IInputConnectionWrapper: getTextAfterCursor on
inactive InputConnection
02-10 20:01:15.004 10567 10567 W IInputConnectionWrapper: getCursorCapsMode on
inactive InputConnection
02-10 20:01:15.155 10567 10753 E : nFreeSize: 2973392896
02-10 20:01:15.692 10567 10631 E : nFreeSize: 2973392896
02-10 20:01:15.954 10567 10567 W IInputConnectionWrapper: getExtractedText on
inactive InputConnection
02-10 20:01:15.955 10567 10567 W IInputConnectionWrapper: getTextBeforeCursor on
inactive InputConnection
02-10 20:01:15.956 10567 10567 W IInputConnectionWrapper: getTextAfterCursor on
inactive InputConnection
02-10 20:01:15.957 10567 10567 W IInputConnectionWrapper: getCursorCapsMode on
inactive InputConnection
02-10 20:01:16.009 10567 10753 E : nFreeSize: 2973392896
02-10 20:01:16.445 10567 10567 E : nFreeSize: 2973392896
02-10 20:01:16.488 10567 10567 E : nFreeSize: 2973388800
02-10 20:01:16.555 10567 10620 E : nFreeSize: 2973388800
02-10 20:01:16.609 10567 10567 E : nFreeSize: 2973388800
02-10 20:01:16.613 10567 10567 E : nFreeSize: 2973388800
02-10 20:01:16.621 10567 10567 E : nFreeSize: 2973388800
02-10 20:01:16.665 10567 10650 W System : ClassLoader referenced unknown path:
system/framework/mediatek-cta.jar
02-10 20:01:16.667 10567 10567 E : nFreeSize: 2973384704
02-10 20:01:16.674 10567 10567 E : nFreeSize: 2973384704
02-10 20:01:16.708 10567 10567 E : nFreeSize: 2973384704
02-10 20:01:16.713 10567 10567 E : nFreeSize: 2973384704
02-10 20:01:16.761 10567 10753 E : nFreeSize: 2973384704
02-10 20:01:16.772 10567 10620 E : nFreeSize: 2973384704
02-10 20:01:17.011 10567 10620 E : nFreeSize: 2973380608
02-10 20:01:17.117 10567 10705 W System : ClassLoader referenced unknown path:
system/framework/mediatek-cta.jar
02-10 20:01:17.207 10567 10620 E : nFreeSize: 2973376512
02-10 20:01:18.154 10567 10620 E : nFreeSize: 2973376512
02-10 20:01:18.183 10567 10631 E : nFreeSize: 2973376512
02-10 20:01:18.743 10567 10567 E : nFreeSize: 2973372416
02-10 20:01:18.751 10567 10567 E : nFreeSize: 2973372416
02-10 20:01:18.758 10567 10567 E : nFreeSize: 2973372416
02-10 20:01:18.797 10567 10567 W IInputConnectionWrapper: getExtractedText on
inactive InputConnection
02-10 20:01:18.825 10567 10620 E : nFreeSize: 2973372416
02-10 20:01:18.832 10567 10567 W IInputConnectionWrapper: getTextBeforeCursor on
inactive InputConnection
02-10 20:01:18.833 10567 10567 W IInputConnectionWrapper: getTextAfterCursor on
inactive InputConnection
02-10 20:01:18.834 10567 10567 W IInputConnectionWrapper: getCursorCapsMode on
inactive InputConnection
02-10 20:01:19.761 10567 10631 E : nFreeSize: 2973372416
02-10 20:01:26.044 10567 10636 W System : ClassLoader referenced unknown path:
system/framework/mediatek-cta.jar
02-10 20:01:26.989 10567 10567 W IInputConnectionWrapper: getExtractedText on
inactive InputConnection
02-10 20:01:26.990 10567 10567 W IInputConnectionWrapper: getTextBeforeCursor on
inactive InputConnection
02-10 20:01:26.991 10567 10567 W IInputConnectionWrapper: getTextAfterCursor on
inactive InputConnection
02-10 20:01:26.991 10567 10567 W IInputConnectionWrapper: getCursorCapsMode on
inactive InputConnection
02-10 20:01:27.722 10567 10631 E : nFreeSize: 2973351936
02-10 20:01:27.725 10567 10631 E : nFreeSize: 2973351936
02-10 20:01:29.913 10567 10636 W System : ClassLoader referenced unknown path:
system/framework/mediatek-cta.jar
02-10 20:01:29.990 10567 10567 E : nFreeSize: 2973331456
02-10 20:01:30.002 10567 10814 E : nFreeSize: 2973335552
02-10 20:01:30.115 10567 10653 W System : ClassLoader referenced unknown path:
system/framework/mediatek-cta.jar
02-10 20:01:30.217 10567 10752 E : nFreeSize: 2973327360
02-10 20:01:31.485 10567 10631 E : nFreeSize: 2973323264
02-10 20:01:31.489 10567 10631 E : nFreeSize: 2973323264
02-10 20:01:31.644 10567 10567 E : nFreeSize: 2973323264
02-10 20:01:31.669 10567 10630 E : nFreeSize: 2973323264
02-10 20:01:31.740 10567 10752 E : nFreeSize: 2973319168
02-10 20:01:31.836 10567 10567 W IInputConnectionWrapper: getExtractedText on
inactive InputConnection
02-10 20:01:31.859 10567 10567 W IInputConnectionWrapper: getTextBeforeCursor on
inactive InputConnection
02-10 20:01:31.862 10567 10567 W IInputConnectionWrapper: getTextAfterCursor on
inactive InputConnection
02-10 20:01:31.881 10567 10567 W IInputConnectionWrapper: getCursorCapsMode on
inactive InputConnection
02-10 20:01:31.900 10567 10620 E : nFreeSize: 2973319168
02-10 20:01:32.633 10567 10631 E : nFreeSize: 2973315072
