02-11 07:02:59.336 27151 27151 E : nFreeSize: 2862104576
02-11 07:02:59.557 27151 27151 E : nFreeSize: 2862100480
02-11 07:02:59.562 27151 27151 E : nFreeSize: 2862100480
02-11 07:02:59.577 27151 27194 E : nFreeSize: 2862104576
02-11 07:02:59.577 27151 27242 E : nFreeSize: 2862104576
02-11 07:02:59.591 27151 27151 E : nFreeSize: 2862096384
02-11 07:02:59.596 27151 27151 E : nFreeSize: 2862096384
02-11 07:02:59.686 27151 27186 E : nFreeSize: 2862096384
02-11 07:02:59.754 27151 27151 W LOTTIE : Animation contains merge paths but they
are disabled.
02-11 07:02:59.924 27151 27242 E : nFreeSize: 2862084096
02-11 07:03:00.009 27151 27169 E : nFreeSize: 2862092288
02-11 07:03:00.042 27151 27169 W LibraryVersion: Failed to get app version for
libraryName: firebase-iid
02-11 07:03:00.144 27151 27151 E : nFreeSize: 2862080000
02-11 07:03:00.151 27151 27151 E : nFreeSize: 2862080000
02-11 07:03:00.211 27151 27186 E : nFreeSize: 2862080000
02-11 07:03:00.311 27151 27213 W System : ClassLoader referenced unknown path:
system/framework/mediatek-cta.jar
02-11 07:03:00.404 27151 27151 E : nFreeSize: 2862080000
02-11 07:03:00.409 27151 27151 E : nFreeSize: 2862080000
02-11 07:03:00.430 27151 27151 E : nFreeSize: 2862080000
02-11 07:03:00.435 27151 27151 E : nFreeSize: 2862080000
02-11 07:03:00.592 27151 27151 E : nFreeSize: 2861965312
02-11 07:03:00.612 27151 27151 E : nFreeSize: 2861965312
02-11 07:03:00.623 27151 27186 E : nFreeSize: 2861965312
02-11 07:03:00.628 27151 27217 W System : ClassLoader referenced unknown path:
system/framework/mediatek-cta.jar
02-11 07:03:00.641 27151 27186 E : nFreeSize: 2861965312
02-11 07:03:00.650 27151 27187 E : nFreeSize: 2861953024
02-11 07:03:00.759 27151 27285 W System : ClassLoader referenced unknown path:
system/framework/mediatek-cta.jar
02-11 07:03:00.761 27151 27285 W System : ClassLoader referenced unknown path:
system/framework/mediatek-cta.jar
02-11 07:03:00.825 27151 27151 E : nFreeSize: 2861953024
02-11 07:03:00.833 27151 27151 E : nFreeSize: 2861953024
02-11 07:03:00.850 27151 27151 E : nFreeSize: 2861953024
02-11 07:03:00.855 27151 27151 E : nFreeSize: 2861953024
02-11 07:03:01.039 27151 27285 E : nFreeSize: 2862067712
02-11 07:03:01.068 27151 27151 E ArmVmp : Match on catch block at 0x5b in for 0x85
02-11 07:03:01.071 27151 27285 E : nFreeSize: 2862059520
02-11 07:03:01.112 27151 27151 W StaticLayout: maxLineHeight should not be -1.
maxLines:3 lineCount:3
02-11 07:03:01.127 27151 27151 E ArmVmp : Match on catch block at 0x5b in for 0x81
02-11 07:03:01.145 27151 27187 E : nFreeSize: 2861981696
02-11 07:03:01.159 27151 27151 W StaticLayout: maxLineHeight should not be -1.
maxLines:3 lineCount:3
02-11 07:03:01.173 27151 27151 E ArmVmp : Match on catch block at 0x5b in for 0x81
02-11 07:03:01.200 27151 27151 W StaticLayout: maxLineHeight should not be -1.
maxLines:1 lineCount:1
02-11 07:03:01.224 27151 27151 E ArmVmp : Match on catch block at 0x5b in for 0x81
02-11 07:03:01.258 27151 27151 W StaticLayout: maxLineHeight should not be -1.
maxLines:3 lineCount:3
02-11 07:03:01.274 27151 27151 E ArmVmp : Match on catch block at 0x5b in for 0x85
02-11 07:03:01.308 27151 27151 W View : requestLayout() improperly called by
com.mbwhatsapp.WaDynamicRoundCornerImageView{6de5fe7 V.ED..... ......ID 582,12-
670,100 #7f0b0ee2 app:id/media_preview} during layout: running second layout pass
02-11 07:03:01.328 27151 27298 E : nFreeSize: 2861887488
02-11 07:03:01.423 27151 27187 E : nFreeSize: 2861875200
02-11 07:03:01.487 27151 27151 E : nFreeSize: 2861867008
02-11 07:03:01.495 27151 27151 E : nFreeSize: 2861867008
02-11 07:03:01.667 27151 27151 E : nFreeSize: 2861862912
02-11 07:03:01.672 27151 27151 E : nFreeSize: 2861862912
02-11 07:03:01.688 27151 27151 E : nFreeSize: 2861862912
02-11 07:03:01.693 27151 27151 E : nFreeSize: 2861862912
02-11 07:03:01.817 27151 27151 W View : requestLayout() improperly called by
DecorView@e481f84[HomeActivity] during second layout pass: posting in next frame
02-11 07:03:01.849 27151 27151 E : nFreeSize: 2861858816
02-11 07:03:01.856 27151 27151 E : nFreeSize: 2861858816
02-11 07:03:01.875 27151 27187 E : nFreeSize: 2861858816
02-11 07:03:01.910 27151 27187 E : nFreeSize: 2861858816
02-11 07:03:01.913 27151 27186 E : nFreeSize: 2861846528
02-11 07:03:01.999 27151 27151 E : nFreeSize: 2861854720
02-11 07:03:02.029 27151 27151 E : nFreeSize: 2861854720
02-11 07:03:02.124 27151 27151 W StaticLayout: maxLineHeight should not be -1.
maxLines:1 lineCount:1
02-11 07:03:02.420 27151 27187 E : nFreeSize: 2861846528
02-11 07:03:02.425 27151 27186 E : nFreeSize: 2861842432
02-11 07:03:02.787 27151 27151 E : nFreeSize: 2861838336
02-11 07:03:02.793 27151 27151 E : nFreeSize: 2861838336
02-11 07:03:02.904 27151 27151 E : nFreeSize: 2861838336
02-11 07:03:02.926 27151 27151 E : nFreeSize: 2861838336
02-11 07:03:03.038 27151 27151 E : nFreeSize: 2861834240
02-11 07:03:03.045 27151 27151 E : nFreeSize: 2861834240
02-11 07:03:03.071 27151 27267 E : nFreeSize: 2861834240
02-11 07:03:03.179 27151 27151 E : nFreeSize: 2861830144
02-11 07:03:03.251 27151 27151 E : nFreeSize: 2861830144
02-11 07:03:03.264 27151 27151 E : nFreeSize: 2861817856
02-11 07:03:03.269 27151 27151 E : nFreeSize: 2861805568
02-11 07:03:03.335 27151 27151 E : nFreeSize: 2861805568
02-11 07:03:03.364 27151 27169 E : nFreeSize: 2861805568
02-11 07:03:03.388 27151 27267 E : nFreeSize: 2861805568
02-11 07:03:03.530 27151 27195 E SQLiteDatabase: Error inserting media_duration=0
file_path=/data/user/0/com.mbwhatsapp/files/ViewOnce/IMG-lsgomq4u.jpg transferred=1
thumbnail_height_width_ratio=1.0 face_y=0 face_x=0 trim_from=0 media_caption=null
transcoded=0 message_url=https://mmg.whatsapp.net/o1/v/t62.7118-24/f1/m231/up-oil-
image-6ff583ac-785b-4e5a-b6af-9f0d3c77861d?ccb=9-
4&oh=01_AdTwuTXv_RuldbAly9QmVz7UCmoY9cXD1yHwplBUMAbT8Q&oe=65EF7FE7&_nc_sid=000000&m
ms3=true first_scan_sidecar=[B@428d841 direct_path=/o1/v/t62.7118-24/f1/m231/up-
oil-image-6ff583ac-785b-4e5a-b6af-9f0d3c77861d?ccb=9-
4&oh=01_AdTwuTXv_RuldbAly9QmVz7UCmoY9cXD1yHwplBUMAbT8Q&oe=65EF7FE7&_nc_sid=000000
original_file_hash=null is_animated_sticker=0 media_name=null
has_streaming_sidecar=1 partial_media_enc_hash=null media_key=[B@a8e11e6
multicast_id=null page_count=0 height=1280
partial_media_hash=jNzfp+ve30ls+6sesA2K7hMdwwjyZQQJaPOyc2d+G+s= gif_attribution=0
mute_video=0 autotransfer_retry_enabled=1 first_scan_length=12261 trim_to=0
media_key_timestamp=1707605641000 file_size=133679 chat_row_id=407
media_job_uuid=28e3c5e8-56b4-42c3-b718-8496883aaf91 message_row_id=3795
enc_file_hash=EhsDRFOeI1TsKGcXI7j7e40AJBEjJ6U6bmaa+MXB4+k=
file_hash=9cA278Nu9nGyhpimFffm75/cjPyi7D2cTIEdKazdnKs= mime_type=image/jpeg
media_upload_handle=null suspicious_content=0 width=1280 file_length=133679
02-11 07:03:03.530 27151 27195 E SQLiteDatabase:
android.database.sqlite.SQLiteConstraintException: UNIQUE constraint failed:
message_media.message_row_id (code 1555)
02-11 07:03:03.530 27151 27195 E SQLiteDatabase: at
android.database.sqlite.SQLiteConnection.nativeExecuteForLastInsertedRowId(Native
Method)
02-11 07:03:03.530 27151 27195 E SQLiteDatabase: at
android.database.sqlite.SQLiteConnection.executeForLastInsertedRowId(SQLiteConnecti
on.java:806)
02-11 07:03:03.530 27151 27195 E SQLiteDatabase: at
android.database.sqlite.SQLiteSession.executeForLastInsertedRowId(SQLiteSession.jav
a:788)
02-11 07:03:03.530 27151 27195 E SQLiteDatabase: at
android.database.sqlite.SQLiteStatement.executeInsert(SQLiteStatement.java:86)
02-11 07:03:03.530 27151 27195 E SQLiteDatabase: at
android.database.sqlite.SQLiteDatabase.insertWithOnConflict(SQLiteDatabase.java:154
8)
02-11 07:03:03.530 27151 27195 E SQLiteDatabase: at
android.database.sqlite.SQLiteDatabase.insert(SQLiteDatabase.java:1417)
02-11 07:03:03.530 27151 27195 E SQLiteDatabase: at X.2tm.A08(Unknown
Source:6)
02-11 07:03:03.530 27151 27195 E SQLiteDatabase: at X.35Y.A07(Unknown
Source:212)
02-11 07:03:03.530 27151 27195 E SQLiteDatabase: at X.3QF.A14(Unknown
Source:470)
02-11 07:03:03.530 27151 27195 E SQLiteDatabase: at X.3gU.run(Unknown
Source:982)
02-11 07:03:03.530 27151 27195 E SQLiteDatabase: at
android.os.Handler.handleCallback(Handler.java:790)
02-11 07:03:03.530 27151 27195 E SQLiteDatabase: at
android.os.Handler.dispatchMessage(Handler.java:99)
02-11 07:03:03.530 27151 27195 E SQLiteDatabase: at
X.0zq.dispatchMessage(Unknown Source:4)
02-11 07:03:03.530 27151 27195 E SQLiteDatabase: at
android.os.Looper.loop(Looper.java:192)
02-11 07:03:03.530 27151 27195 E SQLiteDatabase: at
android.os.HandlerThread.run(HandlerThread.java:65)
02-11 07:03:03.651 27151 27151 E : nFreeSize: 2861809664
02-11 07:03:03.669 27151 27151 E : nFreeSize: 2861809664
02-11 07:03:03.861 27151 27285 W System : ClassLoader referenced unknown path:
system/framework/mediatek-cta.jar
02-11 07:03:03.872 27151 27151 E : nFreeSize: 2861801472
02-11 07:03:03.878 27151 27151 E : nFreeSize: 2861801472
02-11 07:03:03.899 27151 27267 E : nFreeSize: 2861801472
02-11 07:03:03.903 27151 27242 E : nFreeSize: 2861789184
02-11 07:03:03.903 27151 27186 E : nFreeSize: 2861789184
02-11 07:03:03.905 27151 27187 E : nFreeSize: 2861780992
02-11 07:03:04.026 27151 27151 E : nFreeSize: 2861760512
02-11 07:03:04.030 27151 27151 E : nFreeSize: 2861760512
02-11 07:03:04.253 27151 27194 E : nFreeSize: 2861760512
02-11 07:03:04.393 27151 27151 E : nFreeSize: 2861756416
02-11 07:03:04.398 27151 27151 E : nFreeSize: 2861756416
02-11 07:03:04.570 27151 27151 E : nFreeSize: 2861752320
02-11 07:03:04.575 27151 27151 E : nFreeSize: 2861752320
02-11 07:03:04.957 27151 27186 E : nFreeSize: 2861711360
02-11 07:03:05.219 27151 27194 E : nFreeSize: 2861670400
02-11 07:03:05.268 27151 27187 E : nFreeSize: 2861658112
02-11 07:03:05.313 27151 27187 E : nFreeSize: 2861658112
02-11 07:03:05.380 27151 27186 E : nFreeSize: 2861654016
02-11 07:03:05.406 27151 27186 E : nFreeSize: 2861658112
02-11 07:03:05.408 27151 27195 E SQLiteDatabase: Error inserting media_duration=0
file_path=Media/MBWhatsApp Images/IMG-20240211-WA0008.jpg transferred=1
thumbnail_height_width_ratio=2.1176472 face_y=0 face_x=0 trim_from=0
media_caption=null transcoded=0 message_url=https://mmg.whatsapp.net/o1/v/t62.7118-
24/f1/m237/up-oil-image-adff31ed-b76f-467d-8a53-6eb6fa5a6b0e?ccb=9-
4&oh=01_AdSjS3JNyS4YuLKtqQBE8cJTCAaA8UVP7n6KF53UCPwjog&oe=65EF564D&_nc_sid=000000&m
ms3=true first_scan_sidecar=[B@ae96e7b direct_path=/o1/v/t62.7118-24/f1/m237/up-
oil-image-adff31ed-b76f-467d-8a53-6eb6fa5a6b0e?ccb=9-
4&oh=01_AdSjS3JNyS4YuLKtqQBE8cJTCAaA8UVP7n6KF53UCPwjog&oe=65EF564D&_nc_sid=000000
original_file_hash=null is_animated_sticker=0 media_name=null
has_streaming_sidecar=1 partial_media_enc_hash=null media_key=[B@32fb498
multicast_id=null page_count=0 height=1520
partial_media_hash=OLJXnpqekhXimbPShrlTv21DR4cy8nwJEB5E0Yc+qxQ= gif_attribution=0
mute_video=0 autotransfer_retry_enabled=1 first_scan_length=8333 trim_to=0
media_key_timestamp=1707568096000 file_size=107334 chat_row_id=16
media_job_uuid=de7296c1-7242-4ad2-b043-b94f309cd026 message_row_id=3805
enc_file_hash=k9n2NMssg9uOwhzHDkm+cotloM5zNTLLRKB0p4psSoQ=
file_hash=20kBrbstDwiqg7ODcQ85ZuqZhX/nBUi5WMsVFf96G3Q= mime_type=image/jpeg
media_upload_handle=null suspicious_content=0 width=720 file_length=107334
02-11 07:03:05.408 27151 27195 E SQLiteDatabase:
android.database.sqlite.SQLiteConstraintException: UNIQUE constraint failed:
message_media.message_row_id (code 1555)
02-11 07:03:05.408 27151 27195 E SQLiteDatabase: at
android.database.sqlite.SQLiteConnection.nativeExecuteForLastInsertedRowId(Native
Method)
02-11 07:03:05.408 27151 27195 E SQLiteDatabase: at
android.database.sqlite.SQLiteConnection.executeForLastInsertedRowId(SQLiteConnecti
on.java:806)
02-11 07:03:05.408 27151 27195 E SQLiteDatabase: at
android.database.sqlite.SQLiteSession.executeForLastInsertedRowId(SQLiteSession.jav
a:788)
02-11 07:03:05.408 27151 27195 E SQLiteDatabase: at
android.database.sqlite.SQLiteStatement.executeInsert(SQLiteStatement.java:86)
02-11 07:03:05.408 27151 27195 E SQLiteDatabase: at
android.database.sqlite.SQLiteDatabase.insertWithOnConflict(SQLiteDatabase.java:154
8)
02-11 07:03:05.408 27151 27195 E SQLiteDatabase: at
android.database.sqlite.SQLiteDatabase.insert(SQLiteDatabase.java:1417)
02-11 07:03:05.408 27151 27195 E SQLiteDatabase: at X.2tm.A08(Unknown
Source:6)
02-11 07:03:05.408 27151 27195 E SQLiteDatabase: at X.35Y.A07(Unknown
Source:212)
02-11 07:03:05.408 27151 27195 E SQLiteDatabase: at X.3QF.A14(Unknown
Source:470)
02-11 07:03:05.408 27151 27195 E SQLiteDatabase: at X.3gU.run(Unknown
Source:982)
02-11 07:03:05.408 27151 27195 E SQLiteDatabase: at
android.os.Handler.handleCallback(Handler.java:790)
02-11 07:03:05.408 27151 27195 E SQLiteDatabase: at
android.os.Handler.dispatchMessage(Handler.java:99)
02-11 07:03:05.408 27151 27195 E SQLiteDatabase: at
X.0zq.dispatchMessage(Unknown Source:4)
02-11 07:03:05.408 27151 27195 E SQLiteDatabase: at
android.os.Looper.loop(Looper.java:192)
02-11 07:03:05.408 27151 27195 E SQLiteDatabase: at
android.os.HandlerThread.run(HandlerThread.java:65)
02-11 07:03:05.499 27151 27182 E : nFreeSize: 2861658112
02-11 07:03:05.504 27151 27186 E : nFreeSize: 2861654016
02-11 07:03:05.506 27151 27242 E : nFreeSize: 2861629440
02-11 07:03:05.664 27151 27194 E : nFreeSize: 2861662208
02-11 07:03:05.682 27151 27187 E : nFreeSize: 2861658112
02-11 07:03:05.682 27151 27186 E : nFreeSize: 2861658112
02-11 07:03:05.783 27151 27186 E : nFreeSize: 2861658112
02-11 07:03:06.131 27151 27194 E : nFreeSize: 2861662208
02-11 07:03:06.242 27151 27186 E : nFreeSize: 2861625344
02-11 07:03:06.245 27151 27187 E : nFreeSize: 2861608960
02-11 07:03:06.302 27151 27257 W CursorWindow: Window is full: requested allocation
804 bytes, free space 12 bytes, window size 2097152 bytes
02-11 07:03:07.144 27151 27257 W CursorWindow: Window is full: requested allocation
804 bytes, free space 483 bytes, window size 2097152 bytes
02-11 07:03:07.169 27151 27199 E : nFreeSize: 2861625344
02-11 07:03:07.172 27151 27199 E : nFreeSize: 2861625344
02-11 07:03:07.610 27151 27257 W CursorWindow: Window is full: requested allocation
804 bytes, free space 443 bytes, window size 2097152 bytes
02-11 07:03:08.021 27151 27257 W CursorWindow: Window is full: requested allocation
804 bytes, free space 667 bytes, window size 2097152 bytes
02-11 07:03:08.468 27151 27257 W CursorWindow: Window is full: requested allocation
804 bytes, free space 719 bytes, window size 2097152 bytes
02-11 07:03:08.938 27151 27257 W CursorWindow: Window is full: requested allocation
804 bytes, free space 679 bytes, window size 2097152 bytes
02-11 07:03:09.867 27151 27151 E : nFreeSize: 2861617152
02-11 07:03:09.871 27151 27151 E : nFreeSize: 2861617152
02-11 07:03:10.065 27151 27151 E : nFreeSize: 2861613056
02-11 07:03:10.070 27151 27151 E : nFreeSize: 2861613056
02-11 07:03:10.439 27151 27257 W CursorWindow: Window is full: requested allocation
804 bytes, free space 399 bytes, window size 2097152 bytes
02-11 07:03:10.853 27151 27199 E : nFreeSize: 2861613056
02-11 07:03:10.855 27151 27199 E : nFreeSize: 2861613056
02-11 07:03:10.994 27151 27257 W CursorWindow: Window is full: requested allocation
804 bytes, free space 171 bytes, window size 2097152 bytes
02-11 07:03:11.321 27151 27151 W InputEventReceiver: Attempted to finish an input
event but the input event receiver has already been disposed.
02-11 07:03:11.324 27151 27257 W CursorWindow: Window is full: requested allocation
804 bytes, free space 383 bytes, window size 2097152 bytes
02-11 07:03:11.338 27151 27151 E : nFreeSize: 2861613056
02-11 07:03:11.361 27151 27151 E : nFreeSize: 2861613056
02-11 07:03:11.745 27151 27257 W CursorWindow: Window is full: requested allocation
804 bytes, free space 663 bytes, window size 2097152 bytes
02-11 07:03:12.169 27151 27257 W CursorWindow: Window is full: requested allocation
804 bytes, free space 715 bytes, window size 2097152 bytes
02-11 07:03:12.534 27151 27257 W CursorWindow: Window is full: requested allocation
804 bytes, free space 603 bytes, window size 2097152 bytes
02-11 07:03:14.025 27151 27194 E : nFreeSize: 2861613056
02-11 07:03:14.325 27151 27187 E : nFreeSize: 2861600768
02-11 07:03:14.816 27151 27187 E : nFreeSize: 2861600768
02-11 07:03:15.117 27151 27194 E : nFreeSize: 2861604864
02-11 07:03:15.295 27151 27187 E : nFreeSize: 2861596672
02-11 07:03:15.513 27151 27194 E : nFreeSize: 2861600768
02-11 07:03:15.617 27151 27186 E : nFreeSize: 2861596672
02-11 07:03:15.895 27151 27194 E : nFreeSize: 2861600768
02-11 07:03:15.998 27151 27187 E : nFreeSize: 2861592576
02-11 07:03:16.108 27151 27186 E : nFreeSize: 2861592576
02-11 07:03:16.409 27151 27194 E : nFreeSize: 2861596672
02-11 07:03:16.526 27151 27187 E : nFreeSize: 2861592576
02-11 07:03:16.663 27151 27186 E : nFreeSize: 2861592576
02-11 07:03:16.894 27151 27194 E : nFreeSize: 2861592576
02-11 07:03:17.043 27151 27187 E : nFreeSize: 2861588480
02-11 07:03:17.328 27151 27194 E : nFreeSize: 2861592576
02-11 07:03:17.447 27151 27187 E : nFreeSize: 2861592576
02-11 07:03:17.785 27151 27194 E : nFreeSize: 2861596672
02-11 07:03:18.372 27151 27186 E : nFreeSize: 2861584384
02-11 07:03:18.652 27151 27194 E : nFreeSize: 2861588480
02-11 07:03:18.785 27151 27187 E : nFreeSize: 2861584384
02-11 07:03:19.027 27151 27194 E : nFreeSize: 2861584384
02-11 07:03:19.247 27151 27186 E : nFreeSize: 2861576192
02-11 07:03:20.125 27151 27199 E : nFreeSize: 2861576192
02-11 07:03:20.130 27151 27199 E : nFreeSize: 2861576192
02-11 07:03:23.439 27151 27187 E : nFreeSize: 2861576192
02-11 07:03:23.440 27151 27186 E : nFreeSize: 2861572096
02-11 07:03:35.924 27151 27151 E AudioFeatures: Application cannot support or
Zenmode close
02-11 07:03:36.048 27151 27151 E AudioFeatures: Application cannot support or
Zenmode close
02-11 07:03:36.078 27151 27151 E AudioFeatures: Application cannot support or
Zenmode close
02-11 07:03:42.335 27151 27151 E ArmVmp : Match on catch block at 0x0a in for 0xf1
02-11 07:03:42.492 27151 27151 E ArmVmp : Match on catch block at 0x22 in for 0xb9
02-11 07:03:42.583 27151 27159 W PlayerBase: baseStop state not match:1
02-11 07:03:42.587 27151 27159 W PlayerBase: baseStop state not match:1
02-11 07:03:42.591 27151 27159 W PlayerBase: baseStop state not match:1
02-11 07:03:42.724 27151 27151 E ArmVmp : Match on catch block at 0x0a in for 0xb1
02-11 07:03:42.734 27151 27151 E BitmapFactory: Unable to decode stream:
java.io.FileNotFoundException: /data/user/0/com.mbwhatsapp/files/me.jpg (No such
file or directory)
02-11 07:03:42.765 27151 27151 E ArmVmp : Match on catch block at 0x0a in for 0xd9
02-11 07:03:42.825 27151 27151 E ArmVmp : Match on catch block at 0xc3 in for 0xb9
02-11 07:03:42.832 27151 27151 E ArmVmp : Match on catch block at 0xc3 in for 0xb5
02-11 07:03:42.836 27151 27151 E ArmVmp : Match on catch block at 0xc3 in for 0xb5
02-11 07:03:42.840 27151 27151 E ArmVmp : Match on catch block at 0xc3 in for 0xb5
02-11 07:03:42.844 27151 27151 E ArmVmp : Match on catch block at 0xc3 in for 0xb5
02-11 07:03:42.847 27151 27151 E ArmVmp : Match on catch block at 0xc3 in for 0xb5
02-11 07:03:42.850 27151 27151 E ArmVmp : Match on catch block at 0xc3 in for 0xb5
02-11 07:03:42.858 27151 27151 E ArmVmp : Match on catch block at 0xc3 in for 0xa1
02-11 07:03:42.860 27151 27151 E ArmVmp : Match on catch block at 0xc3 in for 0xa9
02-11 07:03:42.863 27151 27151 E ArmVmp : Match on catch block at 0xc3 in for 0xa1
02-11 07:03:42.865 27151 27151 E ArmVmp : Match on catch block at 0xc3 in for 0xa5
02-11 07:03:42.867 27151 27151 E ArmVmp : Match on catch block at 0xc3 in for 0xa9
02-11 07:03:42.870 27151 27151 E ArmVmp : Match on catch block at 0xc3 in for 0xa1
02-11 07:03:42.872 27151 27151 E ArmVmp : Match on catch block at 0xc3 in for 0xa5
02-11 07:03:42.905 27151 27199 E : nFreeSize: 2861568000
02-11 07:03:42.909 27151 27199 E : nFreeSize: 2861568000
02-11 07:03:42.930 27151 27151 E ArmVmp : Match on catch block at 0xc3 in for 0xa1
02-11 07:03:42.934 27151 27151 E ArmVmp : Match on catch block at 0xc3 in for 0xa5
02-11 07:03:42.937 27151 27151 E ArmVmp : Match on catch block at 0xc3 in for 0xa9
02-11 07:03:42.940 27151 27151 E ArmVmp : Match on catch block at 0xc3 in for 0xa1
02-11 07:03:42.942 27151 27151 E ArmVmp : Match on catch block at 0xc3 in for 0xa5
02-11 07:03:42.945 27151 27151 E ArmVmp : Match on catch block at 0xc3 in for 0xa9
02-11 07:03:42.947 27151 27151 E ArmVmp : Match on catch block at 0xc3 in for 0xa1
02-11 07:03:42.956 27151 27151 E ArmVmp : Match on catch block at 0xc3 in for 0xa9
02-11 07:03:42.960 27151 27151 E ArmVmp : Match on catch block at 0xc3 in for 0xa1
02-11 07:03:42.963 27151 27151 E ArmVmp : Match on catch block at 0xc3 in for 0xa5
02-11 07:03:42.966 27151 27151 E ArmVmp : Match on catch block at 0xc3 in for 0xa9
02-11 07:03:42.969 27151 27151 E ArmVmp : Match on catch block at 0xc3 in for 0xa1
02-11 07:03:42.971 27151 27151 E ArmVmp : Match on catch block at 0xc3 in for 0xa5
02-11 07:03:42.974 27151 27151 E ArmVmp : Match on catch block at 0xc3 in for 0xa9
02-11 07:03:43.004 27151 27151 E ArmVmp : Match on catch block at 0xc3 in for 0xa5
02-11 07:03:43.008 27151 27151 E ArmVmp : Match on catch block at 0xc3 in for 0xa9
02-11 07:03:43.010 27151 27151 E ArmVmp : Match on catch block at 0xc3 in for 0xa1
02-11 07:03:43.013 27151 27151 E ArmVmp : Match on catch block at 0xc3 in for 0xa5
02-11 07:03:43.015 27151 27151 E ArmVmp : Match on catch block at 0xc3 in for 0xa9
02-11 07:03:43.017 27151 27151 E ArmVmp : Match on catch block at 0xc3 in for 0xa1
02-11 07:03:43.019 27151 27151 E ArmVmp : Match on catch block at 0xc3 in for 0xa5
02-11 07:03:43.039 27151 27151 E ArmVmp : Match on catch block at 0xc3 in for 0xa1
02-11 07:03:43.042 27151 27151 E ArmVmp : Match on catch block at 0xc3 in for 0xa5
02-11 07:03:43.045 27151 27151 E ArmVmp : Match on catch block at 0xc3 in for 0xa9
02-11 07:03:43.048 27151 27151 E ArmVmp : Match on catch block at 0xc3 in for 0xa1
02-11 07:03:43.049 27151 27151 E ArmVmp : Match on catch block at 0xc3 in for 0xa5
02-11 07:03:43.052 27151 27151 E ArmVmp : Match on catch block at 0xc3 in for 0xa9
02-11 07:03:43.054 27151 27151 E ArmVmp : Match on catch block at 0xc3 in for 0xa1
02-11 07:03:43.072 27151 27151 E ArmVmp : Match on catch block at 0xc3 in for 0xa9
02-11 07:03:43.076 27151 27151 E ArmVmp : Match on catch block at 0xc3 in for 0xa1
02-11 07:03:43.078 27151 27151 E ArmVmp : Match on catch block at 0xc3 in for 0xa5
02-11 07:03:43.081 27151 27151 E ArmVmp : Match on catch block at 0xc3 in for 0xa9
02-11 07:03:43.084 27151 27151 E ArmVmp : Match on catch block at 0xc3 in for 0xa1
02-11 07:03:43.086 27151 27151 E ArmVmp : Match on catch block at 0xc3 in for 0xa5
02-11 07:03:43.088 27151 27151 E ArmVmp : Match on catch block at 0xc3 in for 0xa9
02-11 07:03:43.105 27151 27151 E ArmVmp : Match on catch block at 0xc3 in for 0xa5
02-11 07:03:43.108 27151 27151 E ArmVmp : Match on catch block at 0xc3 in for 0xa9
02-11 07:03:43.111 27151 27151 E ArmVmp : Match on catch block at 0xc3 in for 0xa1
02-11 07:03:43.113 27151 27151 E ArmVmp : Match on catch block at 0xc3 in for 0xa5
02-11 07:03:43.115 27151 27151 E ArmVmp : Match on catch block at 0xc3 in for 0xa9
02-11 07:03:43.117 27151 27151 E ArmVmp : Match on catch block at 0xc3 in for 0xa1
02-11 07:03:43.119 27151 27151 E ArmVmp : Match on catch block at 0xc3 in for 0xa5
02-11 07:03:43.138 27151 27151 E ArmVmp : Match on catch block at 0xc3 in for 0xa1
02-11 07:03:43.142 27151 27151 E ArmVmp : Match on catch block at 0xc3 in for 0xa5
02-11 07:03:43.144 27151 27151 E ArmVmp : Match on catch block at 0xc3 in for 0xa9
02-11 07:03:43.147 27151 27151 E ArmVmp : Match on catch block at 0xc3 in for 0xa1
02-11 07:03:43.148 27151 27151 E ArmVmp : Match on catch block at 0xc3 in for 0xa5
02-11 07:03:43.150 27151 27151 E ArmVmp : Match on catch block at 0xc3 in for 0xa9
02-11 07:03:43.152 27151 27151 E ArmVmp : Match on catch block at 0xc3 in for 0xa1
02-11 07:03:44.083 27151 27187 E : nFreeSize: 2861568000
02-11 07:03:44.245 27151 27186 E : nFreeSize: 2861568000
02-11 07:03:44.988 27151 27199 E : nFreeSize: 2861600768
02-11 07:03:44.990 27151 27199 E : nFreeSize: 2861600768
02-11 07:03:45.704 27151 27151 E ArmVmp : Match on catch block at 0xc3 in for 0xa9
02-11 07:03:45.707 27151 27151 E ArmVmp : Match on catch block at 0xc3 in for 0xa1
02-11 07:03:45.711 27151 27151 E ArmVmp : Match on catch block at 0xc3 in for 0xa5
02-11 07:03:45.715 27151 27151 E ArmVmp : Match on catch block at 0xc3 in for 0xa9
02-11 07:03:45.717 27151 27151 E ArmVmp : Match on catch block at 0xc3 in for 0xa1
02-11 07:03:45.721 27151 27151 E ArmVmp : Match on catch block at 0xc3 in for 0xa5
02-11 07:03:45.724 27151 27151 E ArmVmp : Match on catch block at 0xc3 in for 0xa9
02-11 07:03:45.734 27151 27151 E ArmVmp : Match on catch block at 0xc3 in for 0xa5
02-11 07:03:45.738 27151 27151 E ArmVmp : Match on catch block at 0xc3 in for 0xa9
02-11 07:03:45.741 27151 27151 E ArmVmp : Match on catch block at 0xc3 in for 0xa1
02-11 07:03:45.744 27151 27151 E ArmVmp : Match on catch block at 0xc3 in for 0xa5
02-11 07:03:45.747 27151 27151 E ArmVmp : Match on catch block at 0xc3 in for 0xa9
02-11 07:03:45.749 27151 27151 E ArmVmp : Match on catch block at 0xc3 in for 0xa1
02-11 07:03:45.752 27151 27151 E ArmVmp : Match on catch block at 0xc3 in for 0xa5
02-11 07:03:45.780 27151 27151 E ArmVmp : Match on catch block at 0xc3 in for 0xa9
02-11 07:03:45.783 27151 27151 E ArmVmp : Match on catch block at 0xc3 in for 0xa1
02-11 07:03:45.785 27151 27151 E ArmVmp : Match on catch block at 0xc3 in for 0xa5
02-11 07:03:45.788 27151 27151 E ArmVmp : Match on catch block at 0xc3 in for 0xa9
02-11 07:03:45.790 27151 27151 E ArmVmp : Match on catch block at 0xc3 in for 0xa1
02-11 07:03:45.792 27151 27151 E ArmVmp : Match on catch block at 0xc3 in for 0xa5
02-11 07:03:45.794 27151 27151 E ArmVmp : Match on catch block at 0xc3 in for 0xa9
02-11 07:03:45.881 27151 27151 W ResourceType: No package identifier when getting
value for resource number 0x00000000
02-11 07:03:46.063 27151 27151 E ArmVmp : Match on catch block at 0xc3 in for 0xa1
02-11 07:03:46.066 27151 27151 E ArmVmp : Match on catch block at 0xc3 in for 0xa5
02-11 07:03:46.068 27151 27151 E ArmVmp : Match on catch block at 0xc3 in for 0xa9
02-11 07:03:46.071 27151 27151 E ArmVmp : Match on catch block at 0xc3 in for 0xa1
02-11 07:03:46.073 27151 27151 E ArmVmp : Match on catch block at 0xc3 in for 0xa5
02-11 07:03:46.075 27151 27151 E ArmVmp : Match on catch block at 0xc3 in for 0xa9
02-11 07:03:46.076 27151 27151 E ArmVmp : Match on catch block at 0xc3 in for 0xa1
02-11 07:03:46.281 27151 27151 E : nFreeSize: 2861596672
02-11 07:03:46.292 27151 27151 E : nFreeSize: 2861596672
02-11 07:03:46.377 27151 27187 E : nFreeSize: 2861596672
02-11 07:03:47.275 27151 27199 E : nFreeSize: 2861596672
02-11 07:03:47.277 27151 27199 E : nFreeSize: 2861596672
02-11 07:03:47.744 27151 27151 E : nFreeSize: 2861596672
02-11 07:03:47.750 27151 27151 E : nFreeSize: 2861596672
02-11 07:03:48.106 27151 27151 E : nFreeSize: 2861596672
02-11 07:03:48.128 27151 27151 E : nFreeSize: 2861596672
02-11 07:03:48.132 27151 27151 E : nFreeSize: 2861596672
02-11 07:03:49.874 27151 27151 E : nFreeSize: 2861592576
02-11 07:03:49.888 27151 27151 E : nFreeSize: 2861592576
02-11 07:03:49.933 27151 27187 E : nFreeSize: 2861588480
02-11 07:03:50.831 27151 27199 E : nFreeSize: 2861588480
02-11 07:03:50.834 27151 27199 E : nFreeSize: 2861588480
02-11 07:03:53.172 27151 27151 E ArmVmp : Match on catch block at 0x0a in for 0xd1
02-11 07:03:53.204 27151 27151 E ArmVmp : Match on catch block at 0xc3 in for 0xa9
02-11 07:03:53.207 27151 27151 E ArmVmp : Match on catch block at 0xc3 in for 0xa1
02-11 07:03:53.209 27151 27151 E ArmVmp : Match on catch block at 0xc3 in for 0xa5
02-11 07:03:53.211 27151 27151 E ArmVmp : Match on catch block at 0xc3 in for 0xa9
02-11 07:03:53.213 27151 27151 E ArmVmp : Match on catch block at 0xc3 in for 0xa1
02-11 07:03:53.216 27151 27151 E ArmVmp : Match on catch block at 0xc3 in for 0xa5
02-11 07:03:53.218 27151 27151 E ArmVmp : Match on catch block at 0xc3 in for 0xa9
02-11 07:03:53.230 27151 27151 E ArmVmp : Match on catch block at 0xc3 in for 0xa5
02-11 07:03:53.233 27151 27151 E ArmVmp : Match on catch block at 0xc3 in for 0xa9
02-11 07:03:53.235 27151 27151 E ArmVmp : Match on catch block at 0xc3 in for 0xa1
02-11 07:03:53.237 27151 27151 E ArmVmp : Match on catch block at 0xc3 in for 0xa5
02-11 07:03:53.239 27151 27151 E ArmVmp : Match on catch block at 0xc3 in for 0xa9
02-11 07:03:53.241 27151 27151 E ArmVmp : Match on catch block at 0xc3 in for 0xa1
02-11 07:03:53.243 27151 27151 E ArmVmp : Match on catch block at 0xc3 in for 0xa5
02-11 07:03:55.003 27151 27151 E ArmVmp : Match on catch block at 0xc3 in for 0xa5
02-11 07:03:55.007 27151 27151 E ArmVmp : Match on catch block at 0xc3 in for 0xa9
02-11 07:03:55.011 27151 27151 E ArmVmp : Match on catch block at 0xc3 in for 0xa1
02-11 07:03:55.015 27151 27151 E ArmVmp : Match on catch block at 0xc3 in for 0xa5
02-11 07:03:55.018 27151 27151 E ArmVmp : Match on catch block at 0xc3 in for 0xa9
02-11 07:03:55.021 27151 27151 E ArmVmp : Match on catch block at 0xc3 in for 0xa1
02-11 07:03:55.024 27151 27151 E ArmVmp : Match on catch block at 0xc3 in for 0xa5
02-11 07:03:55.035 27151 27151 E ArmVmp : Match on catch block at 0xc3 in for 0xa1
02-11 07:03:55.039 27151 27151 E ArmVmp : Match on catch block at 0xc3 in for 0xa5
02-11 07:03:55.042 27151 27151 E ArmVmp : Match on catch block at 0xc3 in for 0xa9
02-11 07:03:55.046 27151 27151 E ArmVmp : Match on catch block at 0xc3 in for 0xa1
02-11 07:03:55.048 27151 27151 E ArmVmp : Match on catch block at 0xc3 in for 0xa5
02-11 07:03:55.050 27151 27151 E ArmVmp : Match on catch block at 0xc3 in for 0xa9
02-11 07:03:55.052 27151 27151 E ArmVmp : Match on catch block at 0xc3 in for 0xa1
02-11 07:03:55.080 27151 27151 E ArmVmp : Match on catch block at 0xc3 in for 0xa1
02-11 07:03:55.083 27151 27151 E ArmVmp : Match on catch block at 0xc3 in for 0xa5
02-11 07:03:55.085 27151 27151 E ArmVmp : Match on catch block at 0xc3 in for 0xa9
02-11 07:03:55.087 27151 27151 E ArmVmp : Match on catch block at 0xc3 in for 0xa1
02-11 07:03:55.089 27151 27151 E ArmVmp : Match on catch block at 0xc3 in for 0xa5
02-11 07:03:55.090 27151 27151 E ArmVmp : Match on catch block at 0xc3 in for 0xa9
02-11 07:03:55.092 27151 27151 E ArmVmp : Match on catch block at 0xc3 in for 0xa1
02-11 07:03:55.177 27151 27151 W ResourceType: No package identifier when getting
value for resource number 0x00000000
02-11 07:03:55.339 27151 27151 E ArmVmp : Match on catch block at 0xc3 in for 0xa5
02-11 07:03:55.342 27151 27151 E ArmVmp : Match on catch block at 0xc3 in for 0xa9
02-11 07:03:55.344 27151 27151 E ArmVmp : Match on catch block at 0xc3 in for 0xa1
02-11 07:03:55.346 27151 27151 E ArmVmp : Match on catch block at 0xc3 in for 0xa5
02-11 07:03:55.348 27151 27151 E ArmVmp : Match on catch block at 0xc3 in for 0xa9
02-11 07:03:55.350 27151 27151 E ArmVmp : Match on catch block at 0xc3 in for 0xa1
02-11 07:03:55.351 27151 27151 E ArmVmp : Match on catch block at 0xc3 in for 0xa5
02-11 07:03:56.484 27151 27151 E ArmVmp : Match on catch block at 0x0a in for 0xd1
02-11 07:03:56.519 27151 27151 E ArmVmp : Match on catch block at 0xc3 in for 0xa9
02-11 07:03:56.522 27151 27151 E ArmVmp : Match on catch block at 0xc3 in for 0xa1
02-11 07:03:56.524 27151 27151 E ArmVmp : Match on catch block at 0xc3 in for 0xa5
02-11 07:03:56.527 27151 27151 E ArmVmp : Match on catch block at 0xc3 in for 0xa9
02-11 07:03:56.529 27151 27151 E ArmVmp : Match on catch block at 0xc3 in for 0xa1
02-11 07:03:56.531 27151 27151 E ArmVmp : Match on catch block at 0xc3 in for 0xa5
02-11 07:03:56.533 27151 27151 E ArmVmp : Match on catch block at 0xc3 in for 0xa9
02-11 07:03:56.543 27151 27151 E ArmVmp : Match on catch block at 0xc3 in for 0xa5
02-11 07:03:56.547 27151 27151 E ArmVmp : Match on catch block at 0xc3 in for 0xa9
02-11 07:03:56.549 27151 27151 E ArmVmp : Match on catch block at 0xc3 in for 0xa1
02-11 07:03:56.551 27151 27151 E ArmVmp : Match on catch block at 0xc3 in for 0xa5
02-11 07:03:56.553 27151 27151 E ArmVmp : Match on catch block at 0xc3 in for 0xa9
02-11 07:03:56.555 27151 27151 E ArmVmp : Match on catch block at 0xc3 in for 0xa1
02-11 07:03:56.557 27151 27151 E ArmVmp : Match on catch block at 0xc3 in for 0xa5
02-11 07:03:59.699 27151 27199 E : nFreeSize: 2861580288
02-11 07:03:59.702 27151 27199 E : nFreeSize: 2861580288
02-11 07:04:02.822 27151 27151 E ArmVmp : Match on catch block at 0xc3 in for 0xa9
02-11 07:04:02.828 27151 27151 E ArmVmp : Match on catch block at 0xc3 in for 0xa1
02-11 07:04:02.831 27151 27151 E ArmVmp : Match on catch block at 0xc3 in for 0xa5
02-11 07:04:02.835 27151 27151 E ArmVmp : Match on catch block at 0xc3 in for 0xa9
02-11 07:04:02.838 27151 27151 E ArmVmp : Match on catch block at 0xc3 in for 0xa1
02-11 07:04:02.843 27151 27151 E ArmVmp : Match on catch block at 0xc3 in for 0xa5
02-11 07:04:02.848 27151 27151 E ArmVmp : Match on catch block at 0xc3 in for 0xa9
02-11 07:04:02.898 27151 27151 E ArmVmp : Match on catch block at 0xc3 in for 0xa9
02-11 07:04:02.901 27151 27151 E ArmVmp : Match on catch block at 0xc3 in for 0xa1
02-11 07:04:02.903 27151 27151 E ArmVmp : Match on catch block at 0xc3 in for 0xa5
02-11 07:04:02.905 27151 27151 E ArmVmp : Match on catch block at 0xc3 in for 0xa9
02-11 07:04:02.907 27151 27151 E ArmVmp : Match on catch block at 0xc3 in for 0xa1
02-11 07:04:02.909 27151 27151 E ArmVmp : Match on catch block at 0xc3 in for 0xa5
02-11 07:04:02.911 27151 27151 E ArmVmp : Match on catch block at 0xc3 in for 0xa9
02-11 07:04:02.936 27151 27151 E ArmVmp : Match on catch block at 0xc3 in for 0xa5
02-11 07:04:02.940 27151 27151 E ArmVmp : Match on catch block at 0xc3 in for 0xa9
02-11 07:04:02.942 27151 27151 E ArmVmp : Match on catch block at 0xc3 in for 0xa1
02-11 07:04:02.945 27151 27151 E ArmVmp : Match on catch block at 0xc3 in for 0xa5
02-11 07:04:02.947 27151 27151 E ArmVmp : Match on catch block at 0xc3 in for 0xa9
02-11 07:04:02.949 27151 27151 E ArmVmp : Match on catch block at 0xc3 in for 0xa1
02-11 07:04:02.951 27151 27151 E ArmVmp : Match on catch block at 0xc3 in for 0xa5
02-11 07:04:03.397 27151 27151 E ArmVmp : Match on catch block at 0xc3 in for 0xa1
02-11 07:04:03.400 27151 27151 E ArmVmp : Match on catch block at 0xc3 in for 0xa5
02-11 07:04:03.402 27151 27151 E ArmVmp : Match on catch block at 0xc3 in for 0xa9
02-11 07:04:03.405 27151 27151 E ArmVmp : Match on catch block at 0xc3 in for 0xa1
02-11 07:04:03.407 27151 27151 E ArmVmp : Match on catch block at 0xc3 in for 0xa5
02-11 07:04:03.409 27151 27151 E ArmVmp : Match on catch block at 0xc3 in for 0xa9
02-11 07:04:03.411 27151 27151 E ArmVmp : Match on catch block at 0xc3 in for 0xa1
02-11 07:04:06.282 27151 27151 E ArmVmp : Match on catch block at 0x0a in for 0xd1
02-11 07:04:06.311 27151 27151 E ArmVmp : Match on catch block at 0xc3 in for 0xa1
02-11 07:04:06.314 27151 27151 E ArmVmp : Match on catch block at 0xc3 in for 0xa5
02-11 07:04:06.316 27151 27151 E ArmVmp : Match on catch block at 0xc3 in for 0xa9
02-11 07:04:06.318 27151 27151 E ArmVmp : Match on catch block at 0xc3 in for 0xa1
02-11 07:04:06.321 27151 27151 E ArmVmp : Match on catch block at 0xc3 in for 0xa5
02-11 07:04:06.323 27151 27151 E ArmVmp : Match on catch block at 0xc3 in for 0xa9
02-11 07:04:06.325 27151 27151 E ArmVmp : Match on catch block at 0xc3 in for 0xa1
02-11 07:04:06.334 27151 27151 E ArmVmp : Match on catch block at 0xc3 in for 0xa9
02-11 07:04:06.338 27151 27151 E ArmVmp : Match on catch block at 0xc3 in for 0xa1
02-11 07:04:06.340 27151 27151 E ArmVmp : Match on catch block at 0xc3 in for 0xa5
02-11 07:04:06.342 27151 27151 E ArmVmp : Match on catch block at 0xc3 in for 0xa9
02-11 07:04:06.344 27151 27151 E ArmVmp : Match on catch block at 0xc3 in for 0xa1
02-11 07:04:06.346 27151 27151 E ArmVmp : Match on catch block at 0xc3 in for 0xa5
02-11 07:04:06.348 27151 27151 E ArmVmp : Match on catch block at 0xc3 in for 0xa9
02-11 07:04:07.113 27151 27187 E : nFreeSize: 2861580288
02-11 07:04:07.562 27151 27151 E ArmVmp : Match on catch block at 0xc3 in for 0xa9
02-11 07:04:07.565 27151 27151 E ArmVmp : Match on catch block at 0xc3 in for 0xa1
02-11 07:04:07.568 27151 27151 E ArmVmp : Match on catch block at 0xc3 in for 0xa5
02-11 07:04:07.570 27151 27151 E ArmVmp : Match on catch block at 0xc3 in for 0xa9
02-11 07:04:07.572 27151 27151 E ArmVmp : Match on catch block at 0xc3 in for 0xa1
02-11 07:04:07.574 27151 27151 E ArmVmp : Match on catch block at 0xc3 in for 0xa5
02-11 07:04:07.576 27151 27151 E ArmVmp : Match on catch block at 0xc3 in for 0xa9
02-11 07:04:08.249 27151 27199 E : nFreeSize: 2861576192
02-11 07:04:08.252 27151 27199 E : nFreeSize: 2861576192
02-11 07:04:11.301 27151 27199 E : nFreeSize: 2861576192
02-11 07:04:11.303 27151 27199 E : nFreeSize: 2861576192
02-11 07:04:11.718 27151 27187 E : nFreeSize: 2861576192
02-11 07:04:13.368 27151 27199 E : nFreeSize: 2861572096
02-11 07:04:13.371 27151 27199 E : nFreeSize: 2861572096
02-11 07:04:14.311 27151 27187 E : nFreeSize: 2861559808
02-11 07:04:14.395 27151 27151 W ResourceType: Too many attribute references,
stopped at: 0x01010034
02-11 07:04:14.433 27151 27151 W ResourceType: Too many attribute references,
stopped at: 0x01010034
02-11 07:04:15.273 27151 27199 E : nFreeSize: 2861555712
02-11 07:04:15.275 27151 27199 E : nFreeSize: 2861555712
02-11 07:04:16.614 27151 27187 E : nFreeSize: 2861551616
02-11 07:04:17.517 27151 27199 E : nFreeSize: 2861551616
02-11 07:04:17.519 27151 27199 E : nFreeSize: 2861551616
02-11 07:04:21.692 27151 27199 E : nFreeSize: 2861551616
02-11 07:04:21.695 27151 27199 E : nFreeSize: 2861551616
02-11 07:04:26.845 27151 27151 E : nFreeSize: 2861547520
02-11 07:04:26.852 27151 27151 E : nFreeSize: 2861547520
02-11 07:04:26.915 27151 27187 E : nFreeSize: 2861547520
02-11 07:04:27.908 27151 27199 E : nFreeSize: 2861547520
02-11 07:04:27.911 27151 27199 E : nFreeSize: 2861547520
02-11 07:04:37.268 27151 27199 E : nFreeSize: 2861543424
02-11 07:04:37.273 27151 27199 E : nFreeSize: 2861543424
02-11 07:04:39.464 27151 27186 E : nFreeSize: 2861543424
02-11 07:04:39.731 27151 27187 E : nFreeSize: 2861543424
02-11 07:04:40.409 27151 27199 E : nFreeSize: 2861543424
02-11 07:04:40.414 27151 27199 E : nFreeSize: 2861543424
02-11 07:04:45.017 27151 27199 E : nFreeSize: 2861539328
02-11 07:04:45.020 27151 27199 E : nFreeSize: 2861539328
02-11 07:04:46.217 27568 27568 W System.err: java.lang.ClassNotFoundException:
mbmodsd.mbmodsw.ui.views.btn.BtnBK
02-11 07:04:46.217 27568 27568 W System.err: at
java.lang.VMClassLoader.findLoadedClass(Native Method)
02-11 07:04:46.217 27568 27568 W System.err: at
java.lang.ClassLoader.findLoadedClass(ClassLoader.java:738)
02-11 07:04:46.217 27568 27568 W System.err: at
java.lang.ClassLoader.loadClass(ClassLoader.java:363)
02-11 07:04:46.217 27568 27568 W System.err: at
java.lang.ClassLoader.loadClass(ClassLoader.java:312)
02-11 07:04:46.217 27568 27568 W System.err: at
java.lang.Runtime.nativeLoad(Native Method)
02-11 07:04:46.217 27568 27568 W System.err: at
java.lang.Runtime.doLoad(Runtime.java:1099)
02-11 07:04:46.217 27568 27568 W System.err: at
java.lang.Runtime.loadLibrary0(Runtime.java:1014)
02-11 07:04:46.217 27568 27568 W System.err: at
java.lang.System.loadLibrary(System.java:1657)
02-11 07:04:46.217 27568 27568 W System.err: at arm.EpicVm.<clinit>(Unknown
Source:2)
02-11 07:04:46.217 27568 27568 W System.err: at
java.lang.Class.newInstance(Native Method)
02-11 07:04:46.217 27568 27568 W System.err: at
android.app.Instrumentation.newApplication(Instrumentation.java:1107)
02-11 07:04:46.217 27568 27568 W System.err: at
android.app.Instrumentation.newApplication(Instrumentation.java:1092)
02-11 07:04:46.218 27568 27568 W System.err: at
android.app.LoadedApk.makeApplication(LoadedApk.java:1001)
02-11 07:04:46.218 27568 27568 W System.err: at
android.app.ActivityThread.handleBindApplication(ActivityThread.java:5944)
02-11 07:04:46.218 27568 27568 W System.err: at android.app.ActivityThread.-
wrap1(Unknown Source:0)
02-11 07:04:46.218 27568 27568 W System.err: at
android.app.ActivityThread$H.handleMessage(ActivityThread.java:1774)
02-11 07:04:46.218 27568 27568 W System.err: at
android.os.Handler.dispatchMessage(Handler.java:106)
02-11 07:04:46.218 27568 27568 W System.err: at
android.os.Looper.loop(Looper.java:192)
02-11 07:04:46.218 27568 27568 W System.err: at
android.app.ActivityThread.main(ActivityThread.java:6759)
02-11 07:04:46.218 27568 27568 W System.err: at
java.lang.reflect.Method.invoke(Native Method)
02-11 07:04:46.218 27568 27568 W System.err: at
com.android.internal.os.RuntimeInit$MethodAndArgsCaller.run(RuntimeInit.java:556)
02-11 07:04:46.218 27568 27568 W System.err: at
com.android.internal.os.ZygoteInit.main(ZygoteInit.java:875)
02-11 07:04:46.218 27568 27568 W System.err: Caused by:
java.lang.NoClassDefFoundError: Failed resolution of:
Lcom/mbwhatsapp/components/Button;
02-11 07:04:46.218 27568 27568 W System.err: ... 18 more
02-11 07:04:46.218 27568 27568 W System.err: Caused by:
java.lang.ClassNotFoundException: Didn't find class
"com.mbwhatsapp.components.Button" on path: DexPathList[[zip file
"/data/app/com.mbwhatsapp-2eCzAfNioABUeYvUbT-fYw==/base.apk"],nativeLibraryDirector
ies=[/data/app/com.mbwhatsapp-2eCzAfNioABUeYvUbT-fYw==/lib/arm64,
/data/app/com.mbwhatsapp-2eCzAfNioABUeYvUbT-fYw==/base.apk!/lib/arm64-v8a,
/system/lib64, /vendor/lib64]]
02-11 07:04:46.218 27568 27568 W System.err: at
dalvik.system.BaseDexClassLoader.findClass(BaseDexClassLoader.java:125)
02-11 07:04:46.218 27568 27568 W System.err: at
java.lang.ClassLoader.loadClass(ClassLoader.java:379)
02-11 07:04:46.218 27568 27568 W System.err: at
java.lang.ClassLoader.loadClass(ClassLoader.java:312)
02-11 07:04:46.219 27568 27568 W System.err: ... 18 more
02-11 07:04:46.338 27568 27617 E : nFreeSize: 2862600192
02-11 07:04:46.340 27568 27568 E CustomActivityOnCrash: IMPORTANT WARNING! You
already have an UncaughtExceptionHandler, are you sure this is correct? If you use
a custom UncaughtExceptionHandler, you must initialize it AFTER
CustomActivityOnCrash! Installing anyway, but your original handler will not be
called.
02-11 07:04:46.385 27568 27568 W ContextImpl: Failed to ensure
/dev/null/Android/media/com.mbwhatsapp: -404
02-11 07:04:46.750 27568 27568 E : nFreeSize: 2862608384
02-11 07:04:46.752 27568 27568 E : nFreeSize: 2862608384
02-11 07:04:46.772 27568 27568 W linker :
"/data/data/com.mbwhatsapp/files/decompressed/libs.spk.zst/libc++_shared.so" unused
DT entry: type 0x70000001 arg 0x0
--------- beginning of main
02-11 07:04:47.005 27568 27685 W zygote64: Class X.2rL failed lock verification and
will run slower.
02-11 07:04:47.006 27568 27685 W zygote64: Common causes for lock verification
issues are non-optimized dex code
02-11 07:04:47.006 27568 27685 W zygote64: and incorrect proguard optimizations.
02-11 07:04:47.055 27568 27568 W zygote64: Class X.0eU failed lock verification and
will run slower.
--------- beginning of system
02-11 07:04:47.443 27568 27568 W zygote64: Class com.mbwhatsapp.HomeActivity failed
lock verification and will run slower.
02-11 07:04:48.107 27568 27568 E ArmVmp : Match on catch block at 0x0a in for 0xc9
02-11 07:04:48.133 27568 27568 E : nFreeSize: 2862538752
02-11 07:04:48.140 27568 27721 W System : ClassLoader referenced unknown path:
system/framework/mediatek-cta.jar
02-11 07:04:48.161 27568 27568 E ArmVmp : Match on catch block at 0x0a in for
0x139
02-11 07:04:48.218 27568 27725 W System : ClassLoader referenced unknown path:
system/framework/mediatek-cta.jar
02-11 07:04:48.259 27568 27725 W System : ClassLoader referenced unknown path:
system/framework/mediatek-cta.jar
02-11 07:04:48.530 27568 27568 E : nFreeSize: 2862579712
02-11 07:04:48.538 27568 27568 E : nFreeSize: 2862579712
02-11 07:04:48.542 27568 27660 E : nFreeSize: 2862579712
02-11 07:04:48.545 27568 27568 E : nFreeSize: 2862575616
02-11 07:04:48.556 27568 27660 E : nFreeSize: 2862575616
02-11 07:04:48.557 27568 27708 W System : ClassLoader referenced unknown path:
system/framework/mediatek-cta.jar
02-11 07:04:48.814 27568 27660 E : nFreeSize: 2862571520
02-11 07:04:49.056 27568 27568 W StaticLayout: maxLineHeight should not be -1.
maxLines:1 lineCount:1
02-11 07:04:49.059 27568 27568 W StaticLayout: maxLineHeight should not be -1.
maxLines:1 lineCount:1
02-11 07:04:49.097 27568 27568 W StaticLayout: maxLineHeight should not be -1.
maxLines:1 lineCount:1
02-11 07:04:49.099 27568 27568 W StaticLayout: maxLineHeight should not be -1.
maxLines:1 lineCount:1
02-11 07:04:49.184 27568 27568 W StaticLayout: maxLineHeight should not be -1.
maxLines:1 lineCount:1
02-11 07:04:49.189 27568 27568 W StaticLayout: maxLineHeight should not be -1.
maxLines:1 lineCount:1
02-11 07:04:49.208 27568 27660 E : nFreeSize: 2862571520
02-11 07:04:49.225 27568 27751 E : nFreeSize: 2862571520
02-11 07:04:49.379 27568 27751 E : nFreeSize: 2862571520
02-11 07:04:49.441 27568 27568 E : nFreeSize: 2862563328
02-11 07:04:49.446 27568 27568 E : nFreeSize: 2862563328
02-11 07:04:49.460 27568 27568 W System : ClassLoader referenced unknown path:
/system/vendor/framework/via-plugin.jar
02-11 07:04:49.705 27568 27751 E : nFreeSize: 2862563328
02-11 07:04:50.506 27568 27686 E : nFreeSize: 2862555136
02-11 07:04:50.508 27568 27686 E : nFreeSize: 2862555136
02-11 07:04:50.699 27568 27568 E : nFreeSize: 2862551040
02-11 07:04:50.705 27568 27568 E : nFreeSize: 2862546944
02-11 07:04:50.735 27568 27568 E RecyclerView: No adapter attached; skipping layout
02-11 07:04:50.865 27568 27568 E ArmVmp : Match on catch block at 0x0a in for 0xd9
02-11 07:04:51.002 27568 27568 E RecyclerView: No adapter attached; skipping layout
02-11 07:04:51.500 27568 27620 E : nFreeSize: 2862538752
02-11 07:04:51.518 27568 27620 W LibraryVersion: Failed to get app version for
libraryName: firebase-iid
02-11 07:04:51.735 27568 27667 E : nFreeSize: 2862534656
02-11 07:04:51.778 27568 27836 W LOTTIE : Animation contains merge paths. Merge
paths are only supported on KitKat+ and must be manually enabled by calling
enableMergePathsForKitKatAndAbove().
02-11 07:04:51.813 27568 27667 E : nFreeSize: 2862534656
02-11 07:04:51.818 27568 27568 E : nFreeSize: 2862530560
02-11 07:04:51.823 27568 27568 E : nFreeSize: 2862534656
02-11 07:04:52.017 27568 27568 E : nFreeSize: 2862530560
02-11 07:04:52.022 27568 27568 E : nFreeSize: 2862530560
02-11 07:04:52.257 27568 27568 W LOTTIE : Animation contains merge paths but they
are disabled.
02-11 07:04:52.306 27568 27667 E : nFreeSize: 2862530560
02-11 07:04:52.397 27568 27568 E : nFreeSize: 2862526464
02-11 07:04:52.402 27568 27568 E : nFreeSize: 2862526464
02-11 07:04:52.462 27568 27667 E : nFreeSize: 2862526464
02-11 07:04:52.614 27568 27568 E : nFreeSize: 2862522368
02-11 07:04:52.619 27568 27568 E : nFreeSize: 2862522368
02-11 07:04:52.853 27568 27568 E ArmVmp : Match on catch block at 0x5b in for 0x85
02-11 07:04:52.900 27568 27568 W StaticLayout: maxLineHeight should not be -1.
maxLines:3 lineCount:3
02-11 07:04:52.910 27568 27568 E ArmVmp : Match on catch block at 0x5b in for 0x89
02-11 07:04:52.936 27568 27568 W StaticLayout: maxLineHeight should not be -1.
maxLines:3 lineCount:3
02-11 07:04:52.950 27568 27568 E ArmVmp : Match on catch block at 0x5b in for 0x89
02-11 07:04:52.967 27568 27568 W StaticLayout: maxLineHeight should not be -1.
maxLines:1 lineCount:1
02-11 07:04:52.983 27568 27568 E ArmVmp : Match on catch block at 0x5b in for 0x89
02-11 07:04:53.001 27568 27568 W StaticLayout: maxLineHeight should not be -1.
maxLines:3 lineCount:3
02-11 07:04:53.013 27568 27568 E ArmVmp : Match on catch block at 0x5b in for 0x81
02-11 07:04:53.031 27568 27568 W View : requestLayout() improperly called by
com.mbwhatsapp.WaDynamicRoundCornerImageView{17c3eb6 V.ED..... ......ID 582,12-
670,100 #7f0b0ee2 app:id/media_preview} during layout: running second layout pass
02-11 07:04:53.109 27568 27568 W View : requestLayout() improperly called by
DecorView@848ccb0[HomeActivity] during second layout pass: posting in next frame
02-11 07:04:53.229 27568 27568 W StaticLayout: maxLineHeight should not be -1.
maxLines:1 lineCount:1
02-11 07:04:53.291 27568 27620 E : nFreeSize: 2862522368
02-11 07:04:53.429 27568 27686 E : nFreeSize: 2862522368
02-11 07:04:53.431 27568 27686 E : nFreeSize: 2862522368
02-11 07:04:54.316 27568 27751 E : nFreeSize: 2862481408
02-11 07:04:54.385 27568 27667 E : nFreeSize: 2862477312
02-11 07:04:54.475 27568 27816 W CursorWindow: Window is full: requested allocation
804 bytes, free space 12 bytes, window size 2097152 bytes
02-11 07:04:54.997 27568 27568 E : nFreeSize: 2862473216
02-11 07:04:55.004 27568 27568 E : nFreeSize: 2862473216
02-11 07:04:55.263 27568 27751 E : nFreeSize: 2862469120
02-11 07:04:55.382 27568 27816 W CursorWindow: Window is full: requested allocation
804 bytes, free space 443 bytes, window size 2097152 bytes
02-11 07:04:55.768 27568 27816 W CursorWindow: Window is full: requested allocation
804 bytes, free space 443 bytes, window size 2097152 bytes
02-11 07:04:56.166 27568 27686 E : nFreeSize: 2862465024
02-11 07:04:56.168 27568 27686 E : nFreeSize: 2862465024
02-11 07:04:56.196 27568 27816 W CursorWindow: Window is full: requested allocation
804 bytes, free space 667 bytes, window size 2097152 bytes
02-11 07:04:56.624 27568 27816 W CursorWindow: Window is full: requested allocation
804 bytes, free space 719 bytes, window size 2097152 bytes
02-11 07:04:57.124 27568 27816 W CursorWindow: Window is full: requested allocation
804 bytes, free space 679 bytes, window size 2097152 bytes
02-11 07:04:58.594 27568 27751 E : nFreeSize: 2858270720
02-11 07:05:00.958 27568 27751 E : nFreeSize: 2858266624
02-11 07:05:01.055 27568 27568 E : nFreeSize: 2858266624
02-11 07:05:01.074 27568 27568 E : nFreeSize: 2858266624
