02-10 20:21:34.223 24732 24797 E : nFreeSize: 3476500480
02-10 20:21:34.344 24732 24795 E : nFreeSize: 3476496384
02-10 20:21:34.575 24732 24732 W StaticLayout: maxLineHeight should not be -1.
maxLines:1 lineCount:1
02-10 20:21:34.577 24732 24732 W StaticLayout: maxLineHeight should not be -1.
maxLines:1 lineCount:1
02-10 20:21:34.725 24732 24797 E : nFreeSize: 3476434944
02-10 20:21:34.833 24732 24797 E : nFreeSize: 3476418560
02-10 20:21:34.899 24732 24732 W StaticLayout: maxLineHeight should not be -1.
maxLines:1 lineCount:1
02-10 20:21:34.901 24732 24732 W StaticLayout: maxLineHeight should not be -1.
maxLines:1 lineCount:1
02-10 20:21:35.117 24732 24732 W StaticLayout: maxLineHeight should not be -1.
maxLines:1 lineCount:1
02-10 20:21:35.119 24732 24732 W StaticLayout: maxLineHeight should not be -1.
maxLines:1 lineCount:1
02-10 20:21:35.225 24732 24797 E : nFreeSize: 3476340736
02-10 20:21:35.230 24732 24797 E : nFreeSize: 3476336640
02-10 20:21:35.256 24732 24795 E : nFreeSize: 3476336640
02-10 20:21:35.299 24732 24732 W StaticLayout: maxLineHeight should not be -1.
maxLines:1 lineCount:1
02-10 20:21:35.300 24732 24732 W StaticLayout: maxLineHeight should not be -1.
maxLines:1 lineCount:1
02-10 20:21:35.478 24732 24795 E : nFreeSize: 3476295680
02-10 20:21:35.531 24732 24795 E : nFreeSize: 3476295680
02-10 20:21:35.550 24732 24732 W StaticLayout: maxLineHeight should not be -1.
maxLines:1 lineCount:1
02-10 20:21:35.552 24732 24732 W StaticLayout: maxLineHeight should not be -1.
maxLines:1 lineCount:1
02-10 20:21:35.665 24732 24797 E : nFreeSize: 3476283392
02-10 20:21:35.730 24732 24732 W StaticLayout: maxLineHeight should not be -1.
maxLines:1 lineCount:1
02-10 20:21:35.732 24732 24732 W StaticLayout: maxLineHeight should not be -1.
maxLines:1 lineCount:1
02-10 20:21:35.829 24732 24797 E : nFreeSize: 3476275200
02-10 20:21:35.854 24732 24797 E : nFreeSize: 3476275200
02-10 20:21:35.917 24732 24732 W StaticLayout: maxLineHeight should not be -1.
maxLines:1 lineCount:1
02-10 20:21:35.920 24732 24732 W StaticLayout: maxLineHeight should not be -1.
maxLines:1 lineCount:1
02-10 20:21:35.966 24732 24797 E : nFreeSize: 3476262912
02-10 20:21:35.976 24732 24790 E : nFreeSize: 3476250624
02-10 20:21:36.088 24732 24732 W StaticLayout: maxLineHeight should not be -1.
maxLines:1 lineCount:1
02-10 20:21:36.090 24732 24732 W StaticLayout: maxLineHeight should not be -1.
maxLines:1 lineCount:1
02-10 20:21:36.095 24732 24795 E : nFreeSize: 3476254720
02-10 20:21:36.367 24732 24795 E : nFreeSize: 3476230144
02-10 20:21:36.371 24732 24797 E : nFreeSize: 3476230144
02-10 20:21:36.446 24732 24732 W StaticLayout: maxLineHeight should not be -1.
maxLines:1 lineCount:1
02-10 20:21:36.447 24732 24732 W StaticLayout: maxLineHeight should not be -1.
maxLines:1 lineCount:1
02-10 20:21:36.727 24732 24797 E : nFreeSize: 3476226048
02-10 20:21:36.727 24732 24732 W StaticLayout: maxLineHeight should not be -1.
maxLines:1 lineCount:1
02-10 20:21:36.729 24732 24732 W StaticLayout: maxLineHeight should not be -1.
maxLines:1 lineCount:1
02-10 20:21:36.781 24732 24795 E : nFreeSize: 3476221952
02-10 20:21:36.827 24732 24732 W StaticLayout: maxLineHeight should not be -1.
maxLines:1 lineCount:1
02-10 20:21:36.828 24732 24732 W StaticLayout: maxLineHeight should not be -1.
maxLines:1 lineCount:1
02-10 20:21:36.902 24732 24732 W StaticLayout: maxLineHeight should not be -1.
maxLines:1 lineCount:1
02-10 20:21:36.904 24732 24732 W StaticLayout: maxLineHeight should not be -1.
maxLines:1 lineCount:1
02-10 20:21:36.908 24732 24797 E : nFreeSize: 3476209664
02-10 20:21:37.006 24732 24732 W StaticLayout: maxLineHeight should not be -1.
maxLines:1 lineCount:1
02-10 20:21:37.007 24732 24732 W StaticLayout: maxLineHeight should not be -1.
maxLines:1 lineCount:1
02-10 20:21:37.050 24732 24795 E : nFreeSize: 3476193280
02-10 20:21:37.106 24732 24732 W StaticLayout: maxLineHeight should not be -1.
maxLines:1 lineCount:1
02-10 20:21:37.108 24732 24732 W StaticLayout: maxLineHeight should not be -1.
maxLines:1 lineCount:1
02-10 20:21:37.157 24732 24795 E : nFreeSize: 3476185088
02-10 20:21:37.204 24732 24797 E : nFreeSize: 3476180992
02-10 20:21:37.315 24732 24795 E : nFreeSize: 3476164608
02-10 20:21:37.342 24732 24732 W StaticLayout: maxLineHeight should not be -1.
maxLines:1 lineCount:1
02-10 20:21:37.344 24732 24732 W StaticLayout: maxLineHeight should not be -1.
maxLines:1 lineCount:1
02-10 20:21:37.572 24732 24797 E : nFreeSize: 3476144128
02-10 20:21:37.576 24732 24732 W StaticLayout: maxLineHeight should not be -1.
maxLines:1 lineCount:1
02-10 20:21:37.578 24732 24732 W StaticLayout: maxLineHeight should not be -1.
maxLines:1 lineCount:1
02-10 20:21:37.586 24732 24795 E : nFreeSize: 3476115456
02-10 20:21:37.877 24732 24732 W StaticLayout: maxLineHeight should not be -1.
maxLines:1 lineCount:1
02-10 20:21:37.879 24732 24732 W StaticLayout: maxLineHeight should not be -1.
maxLines:1 lineCount:1
02-10 20:21:37.974 24732 24790 E : nFreeSize: 3476099072
02-10 20:21:37.990 24732 24795 E : nFreeSize: 3476115456
02-10 20:21:38.000 24732 24732 W StaticLayout: maxLineHeight should not be -1.
maxLines:1 lineCount:1
02-10 20:21:38.002 24732 24732 W StaticLayout: maxLineHeight should not be -1.
maxLines:1 lineCount:1
02-10 20:21:38.181 24732 24790 E : nFreeSize: 3476078592
02-10 20:21:38.183 24732 24795 E : nFreeSize: 3476090880
02-10 20:21:38.238 24732 27855 E SQLiteLog: (1) no such table: media_job
02-10 20:21:38.306 24732 24795 E : nFreeSize: 3475968000
02-10 20:21:38.357 24732 24732 W StaticLayout: maxLineHeight should not be -1.
maxLines:1 lineCount:1
02-10 20:21:38.359 24732 24732 W StaticLayout: maxLineHeight should not be -1.
maxLines:1 lineCount:1
02-10 20:21:38.379 24732 24785 E : nFreeSize: 3475959808
02-10 20:21:38.400 24732 27855 W System : ClassLoader referenced unknown path:
system/framework/mediatek-cta.jar
02-10 20:21:38.422 24732 27855 W System : ClassLoader referenced unknown path:
system/framework/mediatek-cta.jar
02-10 20:21:38.439 24732 24790 E : nFreeSize: 3475955712
02-10 20:21:38.521 24732 24790 E : nFreeSize: 3475951616
02-10 20:21:38.567 24732 24790 E : nFreeSize: 3475939328
02-10 20:21:38.777 24732 24732 W StaticLayout: maxLineHeight should not be -1.
maxLines:1 lineCount:1
02-10 20:21:38.780 24732 24732 W StaticLayout: maxLineHeight should not be -1.
maxLines:1 lineCount:1
02-10 20:21:38.866 24732 24790 E : nFreeSize: 3475902464
02-10 20:21:38.882 24732 24795 E : nFreeSize: 3475906560
02-10 20:21:39.134 24732 24795 E : nFreeSize: 3475902464
02-10 20:21:39.172 24732 27855 E : nFreeSize: 3475898368
02-10 20:21:39.193 24732 24732 W StaticLayout: maxLineHeight should not be -1.
maxLines:1 lineCount:1
02-10 20:21:39.195 24732 24732 W StaticLayout: maxLineHeight should not be -1.
maxLines:1 lineCount:1
02-10 20:21:39.280 24732 24797 E : nFreeSize: 3475869696
02-10 20:21:39.283 24732 24795 E : nFreeSize: 3475857408
02-10 20:21:39.413 24732 24732 W StaticLayout: maxLineHeight should not be -1.
maxLines:1 lineCount:1
02-10 20:21:39.415 24732 24732 W StaticLayout: maxLineHeight should not be -1.
maxLines:1 lineCount:1
02-10 20:21:39.433 24732 24795 E : nFreeSize: 3475853312
02-10 20:21:39.625 24732 24797 E : nFreeSize: 3475845120
02-10 20:21:39.666 24732 24795 E : nFreeSize: 3475824640
02-10 20:21:39.797 24732 27856 E : nFreeSize: 3475804160
02-10 20:21:39.860 24732 24797 E : nFreeSize: 3475791872
02-10 20:21:39.980 24732 24790 E : nFreeSize: 3475750912
02-10 20:21:40.054 24732 24790 E : nFreeSize: 3475779584
02-10 20:21:40.067 24732 24795 E : nFreeSize: 3475755008
02-10 20:21:40.185 24732 24795 E : nFreeSize: 3475779584
02-10 20:21:40.193 24732 24790 E : nFreeSize: 3475767296
02-10 20:21:40.454 24732 24795 E : nFreeSize: 3475726336
02-10 20:21:40.458 24732 24790 E : nFreeSize: 3475709952
02-10 20:21:40.518 24732 24848 E SQLiteDatabase: Error inserting media_duration=0
file_path=Media/.Statuses/0728ba6bd54e4c4a8447e4dffa5af1d4.jpg transferred=1
thumbnail_height_width_ratio=1.7777778 face_y=0 face_x=0 trim_from=0
media_caption=null transcoded=0 message_url=https://mmg.whatsapp.net/o1/v/t62.7118-
24/f1/m236/up-oil-image-b8cb2015-1e9c-4fe9-94f3-4d73884dbe61?ccb=9-
4&oh=01_AdSXD2MmPj9IRCkTuDdxITLnifJ3l2dpwGz8up4FbioAmg&oe=65EEC1B4&_nc_sid=000000&m
ms3=true first_scan_sidecar=[B@92d0ce9 direct_path=/o1/v/t62.7118-24/f1/m236/up-
oil-image-b8cb2015-1e9c-4fe9-94f3-4d73884dbe61?ccb=9-
4&oh=01_AdSXD2MmPj9IRCkTuDdxITLnifJ3l2dpwGz8up4FbioAmg&oe=65EEC1B4&_nc_sid=000000
original_file_hash=null is_animated_sticker=0 media_name=null
has_streaming_sidecar=1 partial_media_enc_hash=null media_key=[B@753ad6e
multicast_id=null page_count=0 height=1080
partial_media_hash=kEIMJuP6FSw9XfeC8mU2JhcuIh94P8ch9uT0ClrsU64= gif_attribution=0
mute_video=0 autotransfer_retry_enabled=1 first_scan_length=4509 trim_to=0
media_key_timestamp=1707566880000 file_size=30266 chat_row_id=19
media_job_uuid=583c0a22-3953-4e4a-896d-d2ccf54f341b message_row_id=147
enc_file_hash=63hvc//YSuIozaX4K5QGbfIVfGYySXo7XY2tCGjfVDc=
file_hash=wuoQj4FX/M5oAmwEmPq5u/0tiVPJvncI9QkgweaOeYk= mime_type=image/jpeg
media_upload_handle=null suspicious_content=0 width=607 file_length=30266
02-10 20:21:40.518 24732 24848 E SQLiteDatabase:
android.database.sqlite.SQLiteConstraintException: UNIQUE constraint failed:
message_media.message_row_id (code 1555)
02-10 20:21:40.518 24732 24848 E SQLiteDatabase: at
android.database.sqlite.SQLiteConnection.nativeExecuteForLastInsertedRowId(Native
Method)
02-10 20:21:40.518 24732 24848 E SQLiteDatabase: at
android.database.sqlite.SQLiteConnection.executeForLastInsertedRowId(SQLiteConnecti
on.java:806)
02-10 20:21:40.518 24732 24848 E SQLiteDatabase: at
android.database.sqlite.SQLiteSession.executeForLastInsertedRowId(SQLiteSession.jav
a:788)
02-10 20:21:40.518 24732 24848 E SQLiteDatabase: at
android.database.sqlite.SQLiteStatement.executeInsert(SQLiteStatement.java:86)
02-10 20:21:40.518 24732 24848 E SQLiteDatabase: at
android.database.sqlite.SQLiteDatabase.insertWithOnConflict(SQLiteDatabase.java:154
8)
02-10 20:21:40.518 24732 24848 E SQLiteDatabase: at
android.database.sqlite.SQLiteDatabase.insert(SQLiteDatabase.java:1417)
02-10 20:21:40.518 24732 24848 E SQLiteDatabase: at X.2tm.A08(Unknown
Source:6)
02-10 20:21:40.518 24732 24848 E SQLiteDatabase: at X.35Y.A07(Unknown
Source:212)
02-10 20:21:40.518 24732 24848 E SQLiteDatabase: at X.3QF.A14(Unknown
Source:470)
02-10 20:21:40.518 24732 24848 E SQLiteDatabase: at X.3gU.run(Unknown
Source:982)
02-10 20:21:40.518 24732 24848 E SQLiteDatabase: at
android.os.Handler.handleCallback(Handler.java:790)
02-10 20:21:40.518 24732 24848 E SQLiteDatabase: at
android.os.Handler.dispatchMessage(Handler.java:99)
02-10 20:21:40.518 24732 24848 E SQLiteDatabase: at
X.0zq.dispatchMessage(Unknown Source:4)
02-10 20:21:40.518 24732 24848 E SQLiteDatabase: at
android.os.Looper.loop(Looper.java:192)
02-10 20:21:40.518 24732 24848 E SQLiteDatabase: at
android.os.HandlerThread.run(HandlerThread.java:65)
02-10 20:21:40.619 24732 24795 E : nFreeSize: 3475701760
02-10 20:21:40.626 24732 24797 E : nFreeSize: 3475714048
02-10 20:21:40.647 24732 24797 E : nFreeSize: 3475718144
02-10 20:21:40.691 24732 24732 W StaticLayout: maxLineHeight should not be -1.
maxLines:1 lineCount:1
02-10 20:21:40.692 24732 24732 W StaticLayout: maxLineHeight should not be -1.
maxLines:1 lineCount:1
02-10 20:21:40.855 24732 24797 E : nFreeSize: 3475709952
02-10 20:21:40.866 24732 24795 E : nFreeSize: 3475709952
02-10 20:21:41.112 24732 24795 E : nFreeSize: 3475603456
02-10 20:21:41.113 24732 24797 E : nFreeSize: 3475603456
02-10 20:21:41.351 24732 24797 E : nFreeSize: 3475664896
02-10 20:21:41.353 24732 24790 E : nFreeSize: 3475660800
02-10 20:21:41.519 24732 27855 W System : ClassLoader referenced unknown path:
system/framework/mediatek-cta.jar
02-10 20:21:41.551 24732 24790 E : nFreeSize: 3475636224
02-10 20:21:41.552 24732 24797 E : nFreeSize: 3475632128
02-10 20:21:41.553 24732 24795 E : nFreeSize: 3475632128
02-10 20:21:41.564 24732 24732 W StaticLayout: maxLineHeight should not be -1.
maxLines:1 lineCount:1
02-10 20:21:41.565 24732 24732 W StaticLayout: maxLineHeight should not be -1.
maxLines:1 lineCount:1
02-10 20:21:41.729 24732 24797 E : nFreeSize: 3475607552
02-10 20:21:41.817 24732 24732 W StaticLayout: maxLineHeight should not be -1.
maxLines:1 lineCount:1
02-10 20:21:41.818 24732 24732 W StaticLayout: maxLineHeight should not be -1.
maxLines:1 lineCount:1
02-10 20:21:41.820 24732 24795 E : nFreeSize: 3475595264
02-10 20:21:42.073 24732 24795 E : nFreeSize: 3475574784
02-10 20:21:42.099 24732 24797 E : nFreeSize: 3475587072
02-10 20:21:42.279 24732 24797 E : nFreeSize: 3475587072
02-10 20:21:42.281 24732 24795 E : nFreeSize: 3475574784
02-10 20:21:42.420 24732 24795 E : nFreeSize: 3475582976
02-10 20:21:42.530 24732 24795 E : nFreeSize: 3475566592
02-10 20:21:42.642 24732 24795 E : nFreeSize: 3475578880
02-10 20:21:42.642 24732 24790 E : nFreeSize: 3475578880
02-10 20:21:42.790 24732 24790 E : nFreeSize: 3475574784
02-10 20:21:42.792 24732 24795 E : nFreeSize: 3475562496
02-10 20:21:42.924 24732 24790 E : nFreeSize: 3476094976
02-10 20:21:42.924 24732 24795 E : nFreeSize: 3476094976
02-10 20:21:43.072 24732 24790 E : nFreeSize: 3476094976
02-10 20:21:43.076 24732 24795 E : nFreeSize: 3476082688
02-10 20:21:43.953 24732 24854 E : nFreeSize: 3476094976
02-10 20:21:43.956 24732 24854 E : nFreeSize: 3476094976
02-10 20:21:48.599 24732 24927 W System : ClassLoader referenced unknown path:
system/framework/mediatek-cta.jar
02-10 20:21:48.710 24732 24795 E : nFreeSize: 3475681280
02-10 20:21:48.864 24732 24790 E : nFreeSize: 3475820544
02-10 20:21:48.985 24732 24848 E SQLiteDatabase: Error inserting media_duration=0
file_path=Media/MBWhatsApp Images/IMG-20240210-WA0000.jpg transferred=1
thumbnail_height_width_ratio=1.3333334 face_y=0 face_x=0 trim_from=0
media_caption=null transcoded=0 message_url=https://mmg.whatsapp.net/v/t62.7118-
24/30540969_324342540572080_9104516072440837877_n.enc?ccb=11-4&oh=01_AdQ-
c8XT7S0gofdjgRraKoDMQpp1uRMbGZbUitDQEkE1sQ&oe=65EEDF3F&_nc_sid=5e03e0&mms3=true
first_scan_sidecar=[B@b5d69bc direct_path=/v/t62.7118-
24/30540969_324342540572080_9104516072440837877_n.enc?ccb=11-4&oh=01_AdQ-
c8XT7S0gofdjgRraKoDMQpp1uRMbGZbUitDQEkE1sQ&oe=65EEDF3F&_nc_sid=5e03e0
original_file_hash=null is_animated_sticker=0 media_name=null
has_streaming_sidecar=1 partial_media_enc_hash=null media_key=[B@657d45
multicast_id=null page_count=0 height=1600
partial_media_hash=0g/52u1FPuVQ1yKfp4Po2I63dooZcLplHudJbJQn7eE= gif_attribution=0
mute_video=0 autotransfer_retry_enabled=1 first_scan_length=19002 trim_to=0
media_key_timestamp=1707567505000 file_size=242228 chat_row_id=33
media_job_uuid=e54e137c-f1e3-42e6-a443-b76a9df39432 message_row_id=156
enc_file_hash=QkzCc6j/PL4wij8unXvkDu7zFkXG+KWALHgipECxs18=
file_hash=GKJa3GbWskbzXkRpyiIwjvOCYVb/kgBXqhTOqU8B098= mime_type=image/jpeg
media_upload_handle=null suspicious_content=0 width=1200 file_length=242228
02-10 20:21:48.985 24732 24848 E SQLiteDatabase:
android.database.sqlite.SQLiteConstraintException: UNIQUE constraint failed:
message_media.message_row_id (code 1555)
02-10 20:21:48.985 24732 24848 E SQLiteDatabase: at
android.database.sqlite.SQLiteConnection.nativeExecuteForLastInsertedRowId(Native
Method)
02-10 20:21:48.985 24732 24848 E SQLiteDatabase: at
android.database.sqlite.SQLiteConnection.executeForLastInsertedRowId(SQLiteConnecti
on.java:806)
02-10 20:21:48.985 24732 24848 E SQLiteDatabase: at
android.database.sqlite.SQLiteSession.executeForLastInsertedRowId(SQLiteSession.jav
a:788)
02-10 20:21:48.985 24732 24848 E SQLiteDatabase: at
android.database.sqlite.SQLiteStatement.executeInsert(SQLiteStatement.java:86)
02-10 20:21:48.985 24732 24848 E SQLiteDatabase: at
android.database.sqlite.SQLiteDatabase.insertWithOnConflict(SQLiteDatabase.java:154
8)
02-10 20:21:48.985 24732 24848 E SQLiteDatabase: at
android.database.sqlite.SQLiteDatabase.insert(SQLiteDatabase.java:1417)
02-10 20:21:48.985 24732 24848 E SQLiteDatabase: at X.2tm.A08(Unknown
Source:6)
02-10 20:21:48.985 24732 24848 E SQLiteDatabase: at X.35Y.A07(Unknown
Source:212)
02-10 20:21:48.985 24732 24848 E SQLiteDatabase: at X.3QF.A14(Unknown
Source:470)
02-10 20:21:48.985 24732 24848 E SQLiteDatabase: at X.3gU.run(Unknown
Source:982)
02-10 20:21:48.985 24732 24848 E SQLiteDatabase: at
android.os.Handler.handleCallback(Handler.java:790)
02-10 20:21:48.985 24732 24848 E SQLiteDatabase: at
android.os.Handler.dispatchMessage(Handler.java:99)
02-10 20:21:48.985 24732 24848 E SQLiteDatabase: at
X.0zq.dispatchMessage(Unknown Source:4)
02-10 20:21:48.985 24732 24848 E SQLiteDatabase: at
android.os.Looper.loop(Looper.java:192)
02-10 20:21:48.985 24732 24848 E SQLiteDatabase: at
android.os.HandlerThread.run(HandlerThread.java:65)
02-10 20:21:49.079 24732 24785 E : nFreeSize: 3475812352
02-10 20:21:49.086 24732 24790 E : nFreeSize: 3475816448
02-10 20:21:49.089 24732 24795 E : nFreeSize: 3475812352
02-10 20:21:49.090 24732 24797 E : nFreeSize: 3475812352
02-10 20:21:49.270 24732 24797 E : nFreeSize: 3475808256
02-10 20:21:49.364 24732 24790 E : nFreeSize: 3475795968
02-10 20:21:49.492 24732 24790 E : nFreeSize: 3475783680
02-10 20:21:49.493 24732 24795 E : nFreeSize: 3475783680
02-10 20:21:49.691 24732 24790 E : nFreeSize: 3475775488
02-10 20:21:50.572 24732 24854 E : nFreeSize: 3475775488
02-10 20:21:50.698 24732 24795 E : nFreeSize: 3475775488
02-10 20:21:51.569 24732 24790 E : nFreeSize: 3475759104
02-10 20:21:55.085 24732 24790 E : nFreeSize: 3475435520
02-10 20:21:55.246 24732 24732 E : nFreeSize: 3475341312
02-10 20:21:55.254 24732 24732 E : nFreeSize: 3475341312
02-10 20:21:55.270 24732 24732 E : nFreeSize: 3475296256
02-10 20:21:55.598 24732 24854 E : nFreeSize: 3475271680
02-10 20:21:55.604 24732 24854 E : nFreeSize: 3475271680
02-10 20:21:56.217 24732 24790 E : nFreeSize: 3475025920
02-10 20:21:56.223 24732 24732 E : nFreeSize: 3475013632
02-10 20:21:56.234 24732 24732 E : nFreeSize: 3475025920
02-10 20:21:56.282 24732 24732 E ArmVmp : Match on catch block at 0x0a in for 0xc9
02-10 20:21:56.308 24732 24732 E ArmVmp : Match on catch block at 0x0a in for 0xc5
02-10 20:21:56.313 24732 28166 W System : ClassLoader referenced unknown path:
system/framework/mediatek-cta.jar
02-10 20:21:56.335 24732 27897 E : nFreeSize: 3475025920
02-10 20:21:56.581 24732 28166 W System : ClassLoader referenced unknown path:
system/framework/mediatek-cta.jar
02-10 20:21:57.301 24732 27897 E : nFreeSize: 3475066880
02-10 20:21:57.501 24732 27897 E : nFreeSize: 3475054592
02-10 20:21:57.642 24732 27897 E : nFreeSize: 3475095552
02-10 20:21:57.796 24732 24732 E ArmVmp : Match on catch block at 0xc3 in for 0xb9
02-10 20:21:57.804 24732 24732 E ArmVmp : Match on catch block at 0xc3 in for 0xb9
02-10 20:21:57.814 24732 24732 E ArmVmp : Match on catch block at 0xc3 in for 0xb9
02-10 20:21:57.975 24732 24732 E ArmVmp : Match on catch block at 0xc3 in for 0xa1
02-10 20:21:57.981 24732 24732 E ArmVmp : Match on catch block at 0xc3 in for 0xa5
02-10 20:21:57.987 24732 24732 E ArmVmp : Match on catch block at 0xc3 in for 0xa5
02-10 20:21:58.371 24732 24732 E ArmVmp : Match on catch block at 0xc3 in for 0xa1
02-10 20:21:58.375 24732 24732 E ArmVmp : Match on catch block at 0xc3 in for 0xa5
02-10 20:21:58.379 24732 24732 E ArmVmp : Match on catch block at 0xc3 in for 0xa5
02-10 20:21:58.456 24732 24732 E ArmVmp : Match on catch block at 0xc3 in for 0xa1
02-10 20:21:58.460 24732 24732 E ArmVmp : Match on catch block at 0xc3 in for 0xa5
02-10 20:21:58.464 24732 24732 E ArmVmp : Match on catch block at 0xc3 in for 0xa5
02-10 20:21:58.524 24732 24732 E ArmVmp : Match on catch block at 0xc3 in for 0xa9
02-10 20:21:58.531 24732 24732 E ArmVmp : Match on catch block at 0xc3 in for 0xa1
02-10 20:21:58.534 24732 24732 E ArmVmp : Match on catch block at 0xc3 in for 0xa1
02-10 20:21:58.560 24732 24732 E ArmVmp : Match on catch block at 0xc3 in for 0xa5
02-10 20:21:58.565 24732 24732 E ArmVmp : Match on catch block at 0xc3 in for 0xa9
02-10 20:21:58.569 24732 24732 E ArmVmp : Match on catch block at 0xc3 in for 0xa9
02-10 20:21:58.600 24732 24732 E ArmVmp : Match on catch block at 0xc3 in for 0xa1
02-10 20:21:58.606 24732 24732 E ArmVmp : Match on catch block at 0xc3 in for 0xa5
02-10 20:21:58.611 24732 24732 E ArmVmp : Match on catch block at 0xc3 in for 0xa5
02-10 20:21:58.640 24732 24732 E ArmVmp : Match on catch block at 0xc3 in for 0xa9
02-10 20:21:58.646 24732 24732 E ArmVmp : Match on catch block at 0xc3 in for 0xa1
02-10 20:21:58.650 24732 24732 E ArmVmp : Match on catch block at 0xc3 in for 0xa1
02-10 20:21:58.680 24732 24732 E ArmVmp : Match on catch block at 0xc3 in for 0xa5
02-10 20:21:58.685 24732 24732 E ArmVmp : Match on catch block at 0xc3 in for 0xa9
02-10 20:21:58.691 24732 24732 E ArmVmp : Match on catch block at 0xc3 in for 0xa9
02-10 20:21:58.842 24732 24732 E ArmVmp : Match on catch block at 0xc3 in for 0xa1
02-10 20:21:58.846 24732 24732 E ArmVmp : Match on catch block at 0xc3 in for 0xa5
02-10 20:21:58.849 24732 24732 E ArmVmp : Match on catch block at 0xc3 in for 0xa5
02-10 20:21:59.342 24732 24732 E ArmVmp : Match on catch block at 0xc3 in for 0xa9
02-10 20:21:59.347 24732 24732 E ArmVmp : Match on catch block at 0xc3 in for 0xa1
02-10 20:21:59.350 24732 24732 E ArmVmp : Match on catch block at 0xc3 in for 0xa1
02-10 20:21:59.869 24732 24732 E ArmVmp : Match on catch block at 0xc3 in for 0xa1
02-10 20:21:59.873 24732 24732 E ArmVmp : Match on catch block at 0xc3 in for 0xa5
02-10 20:21:59.876 24732 24732 E ArmVmp : Match on catch block at 0xc3 in for 0xa5
02-10 20:21:59.932 24732 24732 E ArmVmp : Match on catch block at 0xc3 in for 0xa9
02-10 20:21:59.937 24732 24732 E ArmVmp : Match on catch block at 0xc3 in for 0xa1
02-10 20:21:59.941 24732 24732 E ArmVmp : Match on catch block at 0xc3 in for 0xa1
02-10 20:21:59.994 24732 27897 E : nFreeSize: 3474739200
02-10 20:22:00.058 24732 24732 E ArmVmp : Match on catch block at 0xc3 in for 0xa9
02-10 20:22:00.064 24732 24732 E ArmVmp : Match on catch block at 0xc3 in for 0xa1
02-10 20:22:00.069 24732 24732 E ArmVmp : Match on catch block at 0xc3 in for 0xa1
02-10 20:22:00.078 24732 24732 E ArmVmp : Match on catch block at 0xc3 in for 0xa5
02-10 20:22:00.087 24732 24732 E ArmVmp : Match on catch block at 0xc3 in for 0xa9
02-10 20:22:00.092 24732 24732 E ArmVmp : Match on catch block at 0xc3 in for 0xa9
02-10 20:22:00.106 24732 24732 E ArmVmp : Match on catch block at 0xc3 in for 0xa1
02-10 20:22:00.113 24732 24732 E ArmVmp : Match on catch block at 0xc3 in for 0xa5
02-10 20:22:00.121 24732 24732 E ArmVmp : Match on catch block at 0xc3 in for 0xa5
02-10 20:22:00.133 24732 24732 E ArmVmp : Match on catch block at 0xc3 in for 0xa9
02-10 20:22:00.138 24732 24732 E ArmVmp : Match on catch block at 0xc3 in for 0xa1
02-10 20:22:00.145 24732 24732 E ArmVmp : Match on catch block at 0xc3 in for 0xa1
02-10 20:22:00.155 24732 24732 E ArmVmp : Match on catch block at 0xc3 in for 0xa5
02-10 20:22:00.161 24732 24732 E ArmVmp : Match on catch block at 0xc3 in for 0xa9
02-10 20:22:00.165 24732 24732 E ArmVmp : Match on catch block at 0xc3 in for 0xa9
02-10 20:22:00.177 24732 24732 E ArmVmp : Match on catch block at 0xc3 in for 0xa1
02-10 20:22:00.181 24732 24732 E ArmVmp : Match on catch block at 0xc3 in for 0xa5
02-10 20:22:00.185 24732 24732 E ArmVmp : Match on catch block at 0xc3 in for 0xa5
02-10 20:22:00.195 24732 24732 E ArmVmp : Match on catch block at 0xc3 in for 0xa9
02-10 20:22:00.199 24732 24732 E ArmVmp : Match on catch block at 0xc3 in for 0xa1
02-10 20:22:00.203 24732 24732 E ArmVmp : Match on catch block at 0xc3 in for 0xa1
02-10 20:22:00.213 24732 24732 E ArmVmp : Match on catch block at 0xc3 in for 0xa9
02-10 20:22:00.218 24732 24732 E ArmVmp : Match on catch block at 0xc3 in for 0xa1
02-10 20:22:00.222 24732 24732 E ArmVmp : Match on catch block at 0xc3 in for 0xa1
02-10 20:22:00.242 24732 24732 E ArmVmp : Match on catch block at 0xc3 in for 0xa9
02-10 20:22:00.248 24732 24732 E ArmVmp : Match on catch block at 0xc3 in for 0xa1
02-10 20:22:00.252 24732 24732 E ArmVmp : Match on catch block at 0xc3 in for 0xa1
02-10 20:22:00.263 24732 24732 E ArmVmp : Match on catch block at 0xc3 in for 0xa5
02-10 20:22:00.267 24732 24732 E ArmVmp : Match on catch block at 0xc3 in for 0xa9
02-10 20:22:00.271 24732 24732 E ArmVmp : Match on catch block at 0xc3 in for 0xa9
02-10 20:22:00.284 24732 24732 E ArmVmp : Match on catch block at 0xc3 in for 0xa5
02-10 20:22:00.288 24732 24732 E ArmVmp : Match on catch block at 0xc3 in for 0xa9
02-10 20:22:00.292 24732 24732 E ArmVmp : Match on catch block at 0xc3 in for 0xa9
02-10 20:22:00.300 24732 24732 E ArmVmp : Match on catch block at 0xc3 in for 0xa1
02-10 20:22:00.303 24732 24732 E ArmVmp : Match on catch block at 0xc3 in for 0xa5
02-10 20:22:00.307 24732 24732 E ArmVmp : Match on catch block at 0xc3 in for 0xa5
02-10 20:22:00.407 24732 24732 E ArmVmp : Match on catch block at 0xc3 in for 0xa9
02-10 20:22:00.410 24732 24732 E ArmVmp : Match on catch block at 0xc3 in for 0xa1
02-10 20:22:00.413 24732 24732 E ArmVmp : Match on catch block at 0xc3 in for 0xa1
02-10 20:22:00.758 24732 24732 E ArmVmp : Match on catch block at 0xc3 in for 0xa1
02-10 20:22:00.762 24732 24732 E ArmVmp : Match on catch block at 0xc3 in for 0xa5
02-10 20:22:00.765 24732 24732 E ArmVmp : Match on catch block at 0xc3 in for 0xa5
02-10 20:22:00.799 24732 24732 E ArmVmp : Match on catch block at 0xc3 in for 0xa5
02-10 20:22:00.804 24732 24732 E ArmVmp : Match on catch block at 0xc3 in for 0xa9
02-10 20:22:00.808 24732 24732 E ArmVmp : Match on catch block at 0xc3 in for 0xa9
02-10 20:22:00.828 24732 24732 E ArmVmp : Match on catch block at 0xc3 in for 0xa5
02-10 20:22:00.837 24732 24732 E ArmVmp : Match on catch block at 0xc3 in for 0xa9
02-10 20:22:00.843 24732 24732 E ArmVmp : Match on catch block at 0xc3 in for 0xa9
02-10 20:22:00.856 24732 24732 E ArmVmp : Match on catch block at 0xc3 in for 0xa1
02-10 20:22:00.862 24732 24732 E ArmVmp : Match on catch block at 0xc3 in for 0xa5
02-10 20:22:00.872 24732 24732 E ArmVmp : Match on catch block at 0xc3 in for 0xa5
02-10 20:22:00.886 24732 24732 E ArmVmp : Match on catch block at 0xc3 in for 0xa9
02-10 20:22:00.898 24732 24732 E ArmVmp : Match on catch block at 0xc3 in for 0xa1
02-10 20:22:00.903 24732 24732 E ArmVmp : Match on catch block at 0xc3 in for 0xa1
02-10 20:22:00.914 24732 24732 E ArmVmp : Match on catch block at 0xc3 in for 0xa5
02-10 20:22:00.921 24732 24732 E ArmVmp : Match on catch block at 0xc3 in for 0xa9
02-10 20:22:00.926 24732 24732 E ArmVmp : Match on catch block at 0xc3 in for 0xa9
02-10 20:22:00.949 24732 24732 E ArmVmp : Match on catch block at 0xc3 in for 0xa1
02-10 20:22:00.954 24732 24732 E ArmVmp : Match on catch block at 0xc3 in for 0xa5
02-10 20:22:00.958 24732 24732 E ArmVmp : Match on catch block at 0xc3 in for 0xa5
02-10 20:22:00.967 24732 24732 E ArmVmp : Match on catch block at 0xc3 in for 0xa1
02-10 20:22:00.973 24732 24732 E ArmVmp : Match on catch block at 0xc3 in for 0xa5
02-10 20:22:00.977 24732 24732 E ArmVmp : Match on catch block at 0xc3 in for 0xa5
02-10 20:22:00.987 24732 24732 E ArmVmp : Match on catch block at 0xc3 in for 0xa1
02-10 20:22:00.995 24732 24732 E ArmVmp : Match on catch block at 0xc3 in for 0xa5
02-10 20:22:01.000 24732 24732 E ArmVmp : Match on catch block at 0xc3 in for 0xa5
02-10 20:22:01.009 24732 24732 E ArmVmp : Match on catch block at 0xc3 in for 0xa1
02-10 20:22:01.015 24732 24732 E ArmVmp : Match on catch block at 0xc3 in for 0xa5
02-10 20:22:01.018 24732 24732 E ArmVmp : Match on catch block at 0xc3 in for 0xa5
02-10 20:22:01.031 24732 24732 E ArmVmp : Match on catch block at 0xc3 in for 0xa1
02-10 20:22:01.036 24732 24732 E ArmVmp : Match on catch block at 0xc3 in for 0xa5
02-10 20:22:01.040 24732 24732 E ArmVmp : Match on catch block at 0xc3 in for 0xa5
02-10 20:22:01.050 24732 24732 E ArmVmp : Match on catch block at 0xc3 in for 0xa1
02-10 20:22:01.057 24732 24732 E ArmVmp : Match on catch block at 0xc3 in for 0xa5
02-10 20:22:01.063 24732 24732 E ArmVmp : Match on catch block at 0xc3 in for 0xa5
02-10 20:22:01.072 24732 24732 E ArmVmp : Match on catch block at 0xc3 in for 0xa1
02-10 20:22:01.078 24732 24732 E ArmVmp : Match on catch block at 0xc3 in for 0xa5
02-10 20:22:01.082 24732 24732 E ArmVmp : Match on catch block at 0xc3 in for 0xa5
02-10 20:22:01.093 24732 24732 E ArmVmp : Match on catch block at 0xc3 in for 0xa1
02-10 20:22:01.099 24732 24732 E ArmVmp : Match on catch block at 0xc3 in for 0xa5
02-10 20:22:01.114 24732 24732 E ArmVmp : Match on catch block at 0xc3 in for 0xa1
02-10 20:22:01.122 24732 24732 E ArmVmp : Match on catch block at 0xc3 in for 0xa5
02-10 20:22:01.133 24732 24732 E ArmVmp : Match on catch block at 0xc3 in for 0xa5
02-10 20:22:01.139 24732 24732 E ArmVmp : Match on catch block at 0xc3 in for 0xa9
02-10 20:22:01.400 24732 24732 E ArmVmp : Match on catch block at 0xc3 in for 0xa1
02-10 20:22:01.405 24732 24732 E ArmVmp : Match on catch block at 0xc3 in for 0xa5
02-10 20:22:01.414 24732 24732 E ArmVmp : Match on catch block at 0xc3 in for 0xa5
02-10 20:22:01.420 24732 24732 E ArmVmp : Match on catch block at 0xc3 in for 0xa9
02-10 20:22:01.456 24732 24732 E ArmVmp : Match on catch block at 0xc3 in for 0xa9
02-10 20:22:01.461 24732 24732 E ArmVmp : Match on catch block at 0xc3 in for 0xa1
02-10 20:22:01.695 24732 24854 E : nFreeSize: 3474558976
02-10 20:22:01.697 24732 24854 E : nFreeSize: 3474558976
02-10 20:22:01.956 24732 24732 E ArmVmp : Match on catch block at 0xc3 in for 0xa1
02-10 20:22:01.963 24732 24732 E ArmVmp : Match on catch block at 0xc3 in for 0xa5
02-10 20:22:02.159 24732 24732 E ArmVmp : Match on catch block at 0xc3 in for 0xa1
02-10 20:22:02.164 24732 24732 E ArmVmp : Match on catch block at 0xc3 in for 0xa5
02-10 20:22:02.175 24732 24732 E ArmVmp : Match on catch block at 0xc3 in for 0xa1
02-10 20:22:02.183 24732 24732 E ArmVmp : Match on catch block at 0xc3 in for 0xa5
02-10 20:22:02.193 24732 24732 E ArmVmp : Match on catch block at 0xc3 in for 0xa1
02-10 20:22:02.201 24732 24732 E ArmVmp : Match on catch block at 0xc3 in for 0xa5
02-10 20:22:02.216 24732 24732 E ArmVmp : Match on catch block at 0xc3 in for 0xa1
02-10 20:22:02.223 24732 24732 E ArmVmp : Match on catch block at 0xc3 in for 0xa5
02-10 20:22:02.232 24732 24732 E ArmVmp : Match on catch block at 0xc3 in for 0xa9
02-10 20:22:02.239 24732 24732 E ArmVmp : Match on catch block at 0xc3 in for 0xa1
02-10 20:22:02.246 24732 24732 E ArmVmp : Match on catch block at 0xc3 in for 0xa5
02-10 20:22:02.251 24732 24732 E ArmVmp : Match on catch block at 0xc3 in for 0xa9
02-10 20:22:02.260 24732 24732 E ArmVmp : Match on catch block at 0xc3 in for 0xa1
02-10 20:22:02.265 24732 24732 E ArmVmp : Match on catch block at 0xc3 in for 0xa5
02-10 20:22:02.274 24732 24732 E ArmVmp : Match on catch block at 0xc3 in for 0xa9
02-10 20:22:02.278 24732 24732 E ArmVmp : Match on catch block at 0xc3 in for 0xa1
02-10 20:22:02.289 24732 24732 E ArmVmp : Match on catch block at 0xc3 in for 0xa5
02-10 20:22:02.294 24732 24732 E ArmVmp : Match on catch block at 0xc3 in for 0xa9
02-10 20:22:02.306 24732 24732 E ArmVmp : Match on catch block at 0xc3 in for 0xa1
02-10 20:22:02.311 24732 24732 E ArmVmp : Match on catch block at 0xc3 in for 0xa5
02-10 20:22:02.326 24732 24732 E ArmVmp : Match on catch block at 0xc3 in for 0xa9
02-10 20:22:02.331 24732 24732 E ArmVmp : Match on catch block at 0xc3 in for 0xa1
02-10 20:22:02.339 24732 24732 E ArmVmp : Match on catch block at 0xc3 in for 0xa5
02-10 20:22:02.343 24732 24732 E ArmVmp : Match on catch block at 0xc3 in for 0xa9
02-10 20:22:02.356 24732 24732 E ArmVmp : Match on catch block at 0xc3 in for 0xa1
02-10 20:22:02.361 24732 24732 E ArmVmp : Match on catch block at 0xc3 in for 0xa5
02-10 20:22:02.373 24732 24732 E ArmVmp : Match on catch block at 0xc3 in for 0xa9
02-10 20:22:02.378 24732 24732 E ArmVmp : Match on catch block at 0xc3 in for 0xa1
02-10 20:22:02.389 24732 24732 E ArmVmp : Match on catch block at 0xc3 in for 0xa5
02-10 20:22:02.393 24732 24732 E ArmVmp : Match on catch block at 0xc3 in for 0xa9
02-10 20:22:02.405 24732 24732 E ArmVmp : Match on catch block at 0xc3 in for 0xa5
02-10 20:22:02.410 24732 24732 E ArmVmp : Match on catch block at 0xc3 in for 0xa9
02-10 20:22:02.455 24732 24732 E ArmVmp : Match on catch block at 0xc3 in for 0xa9
02-10 20:22:02.459 24732 24732 E ArmVmp : Match on catch block at 0xc3 in for 0xa1
02-10 20:22:02.752 24732 24854 E : nFreeSize: 3474456576
02-10 20:22:02.754 24732 24854 E : nFreeSize: 3474456576
02-10 20:22:02.955 24732 24732 E ArmVmp : Match on catch block at 0xc3 in for 0xa5
02-10 20:22:02.959 24732 24732 E ArmVmp : Match on catch block at 0xc3 in for 0xa9
02-10 20:22:03.005 24732 24732 E ArmVmp : Match on catch block at 0xc3 in for 0xa9
02-10 20:22:03.010 24732 24732 E ArmVmp : Match on catch block at 0xc3 in for 0xa1
02-10 20:22:03.021 24732 24732 E ArmVmp : Match on catch block at 0xc3 in for 0xa1
02-10 20:22:03.028 24732 24732 E ArmVmp : Match on catch block at 0xc3 in for 0xa5
02-10 20:22:03.038 24732 24732 E ArmVmp : Match on catch block at 0xc3 in for 0xa5
02-10 20:22:03.045 24732 24732 E ArmVmp : Match on catch block at 0xc3 in for 0xa9
02-10 20:22:03.055 24732 24732 E ArmVmp : Match on catch block at 0xc3 in for 0xa9
02-10 20:22:03.060 24732 24732 E ArmVmp : Match on catch block at 0xc3 in for 0xa1
02-10 20:22:03.071 24732 24732 E ArmVmp : Match on catch block at 0xc3 in for 0xa1
02-10 20:22:03.077 24732 24732 E ArmVmp : Match on catch block at 0xc3 in for 0xa5
02-10 20:22:03.088 24732 24732 E ArmVmp : Match on catch block at 0xc3 in for 0xa5
02-10 20:22:03.094 24732 24732 E ArmVmp : Match on catch block at 0xc3 in for 0xa9
02-10 20:22:03.105 24732 24732 E ArmVmp : Match on catch block at 0xc3 in for 0xa9
02-10 20:22:03.110 24732 24732 E ArmVmp : Match on catch block at 0xc3 in for 0xa1
02-10 20:22:03.121 24732 24732 E ArmVmp : Match on catch block at 0xc3 in for 0xa1
02-10 20:22:03.126 24732 24732 E ArmVmp : Match on catch block at 0xc3 in for 0xa5
02-10 20:22:03.138 24732 24732 E ArmVmp : Match on catch block at 0xc3 in for 0xa5
02-10 20:22:03.143 24732 24732 E ArmVmp : Match on catch block at 0xc3 in for 0xa9
02-10 20:22:03.155 24732 24732 E ArmVmp : Match on catch block at 0xc3 in for 0xa9
02-10 20:22:03.162 24732 24732 E ArmVmp : Match on catch block at 0xc3 in for 0xa1
02-10 20:22:03.171 24732 24732 E ArmVmp : Match on catch block at 0xc3 in for 0xa1
02-10 20:22:03.177 24732 24732 E ArmVmp : Match on catch block at 0xc3 in for 0xa5
02-10 20:22:03.188 24732 24732 E ArmVmp : Match on catch block at 0xc3 in for 0xa5
02-10 20:22:03.194 24732 24732 E ArmVmp : Match on catch block at 0xc3 in for 0xa9
02-10 20:22:03.205 24732 24732 E ArmVmp : Match on catch block at 0xc3 in for 0xa9
02-10 20:22:03.210 24732 24732 E ArmVmp : Match on catch block at 0xc3 in for 0xa1
02-10 20:22:03.221 24732 24732 E ArmVmp : Match on catch block at 0xc3 in for 0xa1
02-10 20:22:03.227 24732 24732 E ArmVmp : Match on catch block at 0xc3 in for 0xa5
02-10 20:22:03.238 24732 24732 E ArmVmp : Match on catch block at 0xc3 in for 0xa5
02-10 20:22:03.244 24732 24732 E ArmVmp : Match on catch block at 0xc3 in for 0xa9
02-10 20:22:03.255 24732 24732 E ArmVmp : Match on catch block at 0xc3 in for 0xa9
02-10 20:22:03.260 24732 24732 E ArmVmp : Match on catch block at 0xc3 in for 0xa1
02-10 20:22:03.455 24732 24732 E ArmVmp : Match on catch block at 0xc3 in for 0xa1
02-10 20:22:03.459 24732 24732 E ArmVmp : Match on catch block at 0xc3 in for 0xa5
02-10 20:22:03.954 24732 24732 E ArmVmp : Match on catch block at 0xc3 in for 0xa5
02-10 20:22:03.958 24732 24732 E ArmVmp : Match on catch block at 0xc3 in for 0xa9
02-10 20:22:04.229 24732 24732 E ArmVmp : Match on catch block at 0xc3 in for 0xa1
02-10 20:22:04.233 24732 24732 E ArmVmp : Match on catch block at 0xc3 in for 0xa5
02-10 20:22:04.243 24732 24732 E ArmVmp : Match on catch block at 0xc3 in for 0xa5
02-10 20:22:04.249 24732 24732 E ArmVmp : Match on catch block at 0xc3 in for 0xa9
02-10 20:22:04.279 24732 24732 E ArmVmp : Match on catch block at 0xc3 in for 0xa5
02-10 20:22:04.283 24732 24732 E ArmVmp : Match on catch block at 0xc3 in for 0xa9
02-10 20:22:04.444 24732 24732 E ArmVmp : Match on catch block at 0xc3 in for 0xa9
02-10 20:22:04.448 24732 24732 E ArmVmp : Match on catch block at 0xc3 in for 0xa1
02-10 20:22:04.463 24732 27897 E : nFreeSize: 3474190336
02-10 20:22:04.471 24732 24797 E : nFreeSize: 3474182144
02-10 20:22:04.604 24732 24732 E ArmVmp : Match on catch block at 0xc3 in for 0xa9
02-10 20:22:04.609 24732 24732 E ArmVmp : Match on catch block at 0xc3 in for 0xa1
02-10 20:22:05.061 24732 27897 E : nFreeSize: 3473801216
02-10 20:22:05.085 24732 27897 E : nFreeSize: 3473797120
02-10 20:22:05.153 24732 24790 E : nFreeSize: 3473747968
02-10 20:22:06.057 24732 24854 E : nFreeSize: 3473629184
02-10 20:22:06.059 24732 24854 E : nFreeSize: 3473629184
02-10 20:22:06.454 24732 24732 W StaticLayout: maxLineHeight should not be -1.
maxLines:1 lineCount:1
02-10 20:22:06.456 24732 24732 W StaticLayout: maxLineHeight should not be -1.
maxLines:1 lineCount:1
02-10 20:22:06.666 24732 24732 E ArmVmp : Match on catch block at 0xc3 in for 0xa9
02-10 20:22:06.671 24732 24732 E ArmVmp : Match on catch block at 0xc3 in for 0xa1
02-10 20:22:06.923 24732 24797 E : nFreeSize: 3473494016
02-10 20:22:06.964 24732 24797 E : nFreeSize: 3473485824
02-10 20:22:07.060 24732 24790 E : nFreeSize: 3473473536
02-10 20:22:07.443 24732 27897 E : nFreeSize: 3473440768
02-10 20:22:07.616 24732 27896 E : nFreeSize: 3473428480
02-10 20:22:07.740 24732 27896 E : nFreeSize: 3473420288
02-10 20:22:08.107 24732 27897 E : nFreeSize: 3473412096
02-10 20:22:08.118 24732 27896 E : nFreeSize: 3473399808
02-10 20:22:08.525 24732 27897 E : nFreeSize: 3473383424
02-10 20:22:08.657 24732 27896 E : nFreeSize: 3473375232
02-10 20:22:08.939 24732 24790 E : nFreeSize: 3473346560
02-10 20:22:08.953 24732 24790 E : nFreeSize: 3473346560
02-10 20:22:09.760 24732 24854 E : nFreeSize: 3473268736
02-10 20:22:09.763 24732 24854 E : nFreeSize: 3473268736
02-10 20:22:11.235 24732 24854 E : nFreeSize: 3473125376
02-10 20:22:11.237 24732 24854 E : nFreeSize: 3473125376
02-10 20:22:16.201 24732 24732 E : nFreeSize: 3472764928
02-10 20:22:16.217 24732 24732 E : nFreeSize: 3472764928
02-10 20:22:17.155 24732 24797 E : nFreeSize: 3472666624
02-10 20:22:17.365 24732 24854 E : nFreeSize: 3472650240
02-10 20:22:17.377 24732 24854 E : nFreeSize: 3472650240
02-10 20:22:19.640 24732 24790 E : nFreeSize: 3472031744
02-10 20:22:19.670 24732 25080 E : nFreeSize: 3472031744
02-10 20:22:20.331 24732 27896 E : nFreeSize: 3472019456
02-10 20:22:20.567 24732 27896 E : nFreeSize: 3472007168
02-10 20:22:20.660 24732 24797 E : nFreeSize: 3471998976
02-10 20:22:20.779 24732 27896 E : nFreeSize: 3471990784
02-10 20:22:20.799 24732 24797 E : nFreeSize: 3471978496
02-10 20:22:20.972 24732 24797 E : nFreeSize: 3471986688
02-10 20:22:20.996 24732 27896 E : nFreeSize: 3471974400
02-10 20:22:21.304 24732 27896 E : nFreeSize: 3471970304
02-10 20:22:21.306 24732 24797 E : nFreeSize: 3471970304
02-10 20:22:21.407 24732 27896 E : nFreeSize: 3471966208
02-10 20:22:21.645 24732 24797 E : nFreeSize: 3471958016
02-10 20:22:21.831 24732 24797 E : nFreeSize: 3471949824
02-10 20:22:21.841 24732 24790 E : nFreeSize: 3471937536
02-10 20:22:22.141 24732 24790 E : nFreeSize: 3471945728
02-10 20:22:22.152 24732 27896 E : nFreeSize: 3471945728
02-10 20:22:22.434 24732 24790 E : nFreeSize: 3471945728
02-10 20:22:22.538 24732 24854 E : nFreeSize: 3471945728
02-10 20:22:22.546 24732 24854 E : nFreeSize: 3471945728
02-10 20:22:22.547 24732 27896 E : nFreeSize: 3471945728
02-10 20:22:22.698 24732 24790 E : nFreeSize: 3471941632
02-10 20:22:22.704 24732 27896 E : nFreeSize: 3471941632
02-10 20:22:22.957 24732 27896 E : nFreeSize: 3471941632
02-10 20:22:23.116 24732 27896 E : nFreeSize: 3471937536
02-10 20:22:23.126 24732 27896 E : nFreeSize: 3471937536
02-10 20:22:23.489 24732 24790 E : nFreeSize: 3471933440
02-10 20:22:23.507 24732 27896 E : nFreeSize: 3471912960
02-10 20:22:23.544 24732 27896 E : nFreeSize: 3471933440
02-10 20:22:23.559 24732 24790 E : nFreeSize: 3471933440
02-10 20:22:23.664 24732 24732 W StaticLayout: maxLineHeight should not be -1.
maxLines:1 lineCount:1
02-10 20:22:23.666 24732 24732 W StaticLayout: maxLineHeight should not be -1.
maxLines:1 lineCount:1
02-10 20:22:23.722 24732 24790 E : nFreeSize: 3471925248
02-10 20:22:23.727 24732 27896 E : nFreeSize: 3471912960
02-10 20:22:23.815 24732 27896 E : nFreeSize: 3471925248
02-10 20:22:25.508 24732 24854 E : nFreeSize: 3471925248
02-10 20:22:25.511 24732 24854 E : nFreeSize: 3471925248
02-10 20:22:30.691 24732 24854 E : nFreeSize: 3471982592
02-10 20:22:30.695 24732 24854 E : nFreeSize: 3471982592
02-10 20:22:31.880 24732 24854 E : nFreeSize: 3471982592
02-10 20:22:31.884 24732 24854 E : nFreeSize: 3471982592
02-10 20:22:36.609 24732 27896 E : nFreeSize: 3471982592
02-10 20:22:36.612 24732 24790 E : nFreeSize: 3471978496
02-10 20:22:36.612 24732 24797 E : nFreeSize: 3471978496
02-10 20:22:36.851 24732 24732 W StaticLayout: maxLineHeight should not be -1.
maxLines:1 lineCount:1
02-10 20:22:36.858 24732 24732 W StaticLayout: maxLineHeight should not be -1.
maxLines:1 lineCount:1
02-10 20:22:37.835 24732 24790 E : nFreeSize: 3471978496
02-10 20:22:37.941 24732 24797 E : nFreeSize: 3471978496
02-10 20:22:37.941 24732 24790 E : nFreeSize: 3471978496
02-10 20:22:37.945 24732 27896 E : nFreeSize: 3471962112
02-10 20:22:38.161 24732 24732 W StaticLayout: maxLineHeight should not be -1.
maxLines:1 lineCount:1
02-10 20:22:38.164 24732 24732 W StaticLayout: maxLineHeight should not be -1.
maxLines:1 lineCount:1
02-10 20:22:41.105 24732 24732 E ArmVmp : Match on catch block at 0x0a in for
0x175
02-10 20:22:44.337 24732 24732 W InputEventReceiver: Attempted to finish an input
event but the input event receiver has already been disposed.
02-10 20:22:45.592 24732 24732 E ArmVmp : Match on catch block at 0x0a in for 0xe1
02-10 20:22:45.605 24732 24732 E ArmVmp : Match on catch block at 0x0a in for 0xd1
02-10 20:22:54.904 24732 24854 E : nFreeSize: 3472498688
02-10 20:22:54.906 24732 24854 E : nFreeSize: 3472498688
02-10 20:22:55.437 24732 24797 E : nFreeSize: 3472498688
02-10 20:22:55.444 24732 24797 E : nFreeSize: 3472498688
02-10 20:22:56.914 24732 24732 E ArmVmp : Match on catch block at 0x0a in for 0xe9
02-10 20:22:56.923 24732 24732 E ArmVmp : Match on catch block at 0x0a in for 0xd1
02-10 20:22:58.555 24732 24854 E : nFreeSize: 3472486400
02-10 20:22:58.557 24732 24854 E : nFreeSize: 3472486400
02-10 20:22:58.879 24732 24732 W InputEventReceiver: Attempted to finish an input
event but the input event receiver has already been disposed.
02-10 20:22:59.121 24732 24797 E : nFreeSize: 3472486400
02-10 20:23:00.062 24732 27896 E : nFreeSize: 3472429056
02-10 20:23:04.378 24732 24732 E ArmVmp : Match on catch block at 0x0a in for 0xe1
02-10 20:23:04.573 24732 28560 W System : ClassLoader referenced unknown path:
system/framework/mediatek-cta.jar
02-10 20:23:04.580 24732 24732 E ArmVmp : Match on catch block at 0x0a in for 0xc1
02-10 20:23:04.583 24732 28560 W System : ClassLoader referenced unknown path:
system/framework/mediatek-cta.jar
02-10 20:23:05.418 24732 24797 E : nFreeSize: 3472392192
02-10 20:23:06.379 24732 24854 E : nFreeSize: 3472392192
02-10 20:23:06.382 24732 24854 E : nFreeSize: 3472392192
02-10 20:23:07.829 24732 24854 E : nFreeSize: 3472392192
02-10 20:23:07.831 24732 24854 E : nFreeSize: 3472392192
02-10 20:23:08.444 24732 24797 E : nFreeSize: 3472392192
02-10 20:23:08.451 24732 24797 E : nFreeSize: 3472392192
02-10 20:23:08.635 24732 28548 W System : ClassLoader referenced unknown path:
system/framework/mediatek-cta.jar
02-10 20:23:12.216 24732 28548 W System : ClassLoader referenced unknown path:
system/framework/mediatek-cta.jar
02-10 20:23:12.535 24732 28548 W System : ClassLoader referenced unknown path:
system/framework/mediatek-cta.jar
02-10 20:23:14.015 24732 24854 E : nFreeSize: 3472388096
02-10 20:23:14.017 24732 24854 E : nFreeSize: 3472388096
02-10 20:23:14.359 24732 24790 E : nFreeSize: 3472388096
02-10 20:23:15.803 24732 28548 W System : ClassLoader referenced unknown path:
system/framework/mediatek-cta.jar
02-10 20:23:16.004 24732 28548 W System : ClassLoader referenced unknown path:
system/framework/mediatek-cta.jar
02-10 20:23:17.628 24732 24797 E : nFreeSize: 3472326656
02-10 20:23:17.807 24732 24854 E : nFreeSize: 3472326656
02-10 20:23:17.809 24732 24854 E : nFreeSize: 3472326656
02-10 20:23:20.392 24732 24797 E : nFreeSize: 3472293888
02-10 20:23:20.565 24732 24797 E : nFreeSize: 3472269312
02-10 20:23:20.661 24732 24797 E : nFreeSize: 3472281600
02-10 20:23:20.664 24732 27896 E : nFreeSize: 3472269312
02-10 20:23:21.013 24732 27896 E : nFreeSize: 3472277504
02-10 20:23:21.020 24732 27896 E : nFreeSize: 3472277504
02-10 20:23:21.397 24732 24790 E : nFreeSize: 3472273408
02-10 20:23:21.410 24732 24790 E : nFreeSize: 3472273408
02-10 20:23:21.495 24732 24854 E : nFreeSize: 3472273408
02-10 20:23:21.497 24732 24854 E : nFreeSize: 3472273408
02-10 20:23:21.663 24732 27896 E : nFreeSize: 3472257024
02-10 20:23:21.843 24732 27896 E : nFreeSize: 3472244736
02-10 20:23:21.853 24732 24797 E : nFreeSize: 3472244736
02-10 20:23:22.120 24732 24797 E : nFreeSize: 3472240640
02-10 20:23:22.122 24732 24790 E : nFreeSize: 3472228352
02-10 20:23:22.368 24732 24790 E : nFreeSize: 3472236544
02-10 20:23:22.372 24732 27896 E : nFreeSize: 3472224256
02-10 20:23:22.766 24732 24854 E : nFreeSize: 3472236544
02-10 20:23:22.767 24732 24854 E : nFreeSize: 3472236544
02-10 20:23:25.051 24732 24854 E : nFreeSize: 3472236544
02-10 20:23:25.053 24732 24854 E : nFreeSize: 3472236544
02-10 20:23:25.411 24732 27896 E : nFreeSize: 3472199680
02-10 20:23:25.526 24732 28548 W System : ClassLoader referenced unknown path:
system/framework/mediatek-cta.jar
02-10 20:23:25.551 24732 24797 E : nFreeSize: 3472199680
02-10 20:23:25.555 24732 27896 E : nFreeSize: 3472183296
02-10 20:23:25.826 24732 24790 E : nFreeSize: 3472191488
02-10 20:23:25.829 24732 27896 E : nFreeSize: 3472179200
02-10 20:23:26.101 24732 24797 E : nFreeSize: 3472187392
02-10 20:23:26.103 24732 27896 E : nFreeSize: 3472175104
02-10 20:23:26.559 24732 24854 E : nFreeSize: 3472183296
02-10 20:23:26.562 24732 24854 E : nFreeSize: 3472187392
02-10 20:23:29.656 24732 24854 E : nFreeSize: 3472183296
02-10 20:23:29.659 24732 24854 E : nFreeSize: 3472183296
02-10 20:23:30.139 24732 24732 W ResourceType: Requesting resource 0x7f150337
failed because it is complex
02-10 20:23:30.139 24732 24732 W ResourceType: Requesting resource 0x7f150337
failed because it is complex
02-10 20:23:30.239 24732 27896 E : nFreeSize: 3472183296
02-10 20:23:31.541 24732 24797 E : nFreeSize: 3472216064
02-10 20:23:32.135 24732 24797 E : nFreeSize: 3472211968
02-10 20:23:33.447 24732 24854 E : nFreeSize: 3472240640
02-10 20:23:33.449 24732 24854 E : nFreeSize: 3472240640
02-10 20:23:34.732 24732 28762 W System : ClassLoader referenced unknown path:
system/framework/mediatek-cta.jar
02-10 20:23:35.575 24732 24732 E ArmVmp : Match on catch block at 0x0a in for 0xf9
02-10 20:23:35.584 24732 28762 W System : ClassLoader referenced unknown path:
system/framework/mediatek-cta.jar
02-10 20:23:35.594 24732 24732 E ArmVmp : Match on catch block at 0x22 in for 0xb5
02-10 20:23:35.816 24732 24732 E ArmVmp : Match on catch block at 0x0a in for 0xb9
02-10 20:23:35.827 24732 24732 E BitmapFactory: Unable to decode stream:
java.io.FileNotFoundException: /data/user/0/com.mbwhatsapp/files/me.jpg (No such
file or directory)
02-10 20:23:35.865 24732 24732 E ArmVmp : Match on catch block at 0x0a in for 0xd9
02-10 20:23:35.945 24732 24732 E ArmVmp : Match on catch block at 0xc3 in for 0xb1
02-10 20:23:35.959 24732 24732 E ArmVmp : Match on catch block at 0xc3 in for 0xb1
02-10 20:23:35.963 24732 24732 E ArmVmp : Match on catch block at 0xc3 in for 0xb1
02-10 20:23:35.966 24732 24732 E ArmVmp : Match on catch block at 0xc3 in for 0xb1
02-10 20:23:35.970 24732 24732 E ArmVmp : Match on catch block at 0xc3 in for 0xb1
02-10 20:23:35.976 24732 24732 E ArmVmp : Match on catch block at 0xc3 in for 0xb1
02-10 20:23:35.979 24732 24732 E ArmVmp : Match on catch block at 0xc3 in for 0xb1
02-10 20:23:35.987 24732 24732 E ArmVmp : Match on catch block at 0xc3 in for 0xa9
02-10 20:23:35.991 24732 24732 E ArmVmp : Match on catch block at 0xc3 in for 0xa1
02-10 20:23:35.993 24732 24732 E ArmVmp : Match on catch block at 0xc3 in for 0xa5
02-10 20:23:35.996 24732 24732 E ArmVmp : Match on catch block at 0xc3 in for 0xa9
02-10 20:23:35.998 24732 24732 E ArmVmp : Match on catch block at 0xc3 in for 0xa1
02-10 20:23:35.999 24732 24732 E ArmVmp : Match on catch block at 0xc3 in for 0xa5
02-10 20:23:36.001 24732 24732 E ArmVmp : Match on catch block at 0xc3 in for 0xa9
02-10 20:23:36.071 24732 24732 E ArmVmp : Match on catch block at 0xc3 in for 0xa5
02-10 20:23:36.076 24732 24732 E ArmVmp : Match on catch block at 0xc3 in for 0xa9
02-10 20:23:36.078 24732 24732 E ArmVmp : Match on catch block at 0xc3 in for 0xa1
02-10 20:23:36.081 24732 24732 E ArmVmp : Match on catch block at 0xc3 in for 0xa5
02-10 20:23:36.084 24732 24732 E ArmVmp : Match on catch block at 0xc3 in for 0xa9
02-10 20:23:36.086 24732 24732 E ArmVmp : Match on catch block at 0xc3 in for 0xa1
02-10 20:23:36.088 24732 24732 E ArmVmp : Match on catch block at 0xc3 in for 0xa5
02-10 20:23:36.104 24732 24732 E ArmVmp : Match on catch block at 0xc3 in for 0xa1
02-10 20:23:36.109 24732 24732 E ArmVmp : Match on catch block at 0xc3 in for 0xa5
02-10 20:23:36.111 24732 24732 E ArmVmp : Match on catch block at 0xc3 in for 0xa9
02-10 20:23:36.114 24732 24732 E ArmVmp : Match on catch block at 0xc3 in for 0xa1
02-10 20:23:36.116 24732 24732 E ArmVmp : Match on catch block at 0xc3 in for 0xa5
