02-11 08:58:57.466 25888 25888 E ArmVmp : Match on catch block at 0xc3 in for 0xa1
02-11 08:58:58.452 25888 25989 E : nFreeSize: 2795130880
02-11 08:58:58.495 25888 25888 W StaticLayout: maxLineHeight should not be -1.
maxLines:1 lineCount:1
02-11 08:58:58.500 25888 25888 W StaticLayout: maxLineHeight should not be -1.
maxLines:1 lineCount:1
02-11 08:58:58.506 25888 25888 E ArmVmp : Match on catch block at 0xc3 in for 0xa1
02-11 08:58:58.510 25888 25888 E ArmVmp : Match on catch block at 0xc3 in for 0xa5
02-11 08:58:58.519 25888 25888 E ArmVmp : Match on catch block at 0xc3 in for 0xa5
02-11 08:58:58.524 25888 25888 E ArmVmp : Match on catch block at 0xc3 in for 0xa9
02-11 08:58:59.009 25888 25888 E ArmVmp : Match on catch block at 0xc3 in for 0xa5
02-11 08:58:59.016 25888 25888 E ArmVmp : Match on catch block at 0xc3 in for 0xa9
02-11 08:58:59.026 25888 25888 E ArmVmp : Match on catch block at 0xc3 in for 0xa9
02-11 08:58:59.034 25888 25888 E ArmVmp : Match on catch block at 0xc3 in for 0xa1
02-11 08:58:59.047 25888 25888 E ArmVmp : Match on catch block at 0xc3 in for 0xa1
02-11 08:58:59.054 25888 25888 E ArmVmp : Match on catch block at 0xc3 in for 0xa5
02-11 08:58:59.070 25888 25888 E ArmVmp : Match on catch block at 0xc3 in for 0xa5
02-11 08:58:59.076 25888 25888 E ArmVmp : Match on catch block at 0xc3 in for 0xa9
02-11 08:58:59.092 25888 25888 E ArmVmp : Match on catch block at 0xc3 in for 0xa9
02-11 08:58:59.097 25888 25888 E ArmVmp : Match on catch block at 0xc3 in for 0xa1
02-11 08:58:59.113 25888 25888 E ArmVmp : Match on catch block at 0xc3 in for 0xa1
02-11 08:58:59.119 25888 25888 E ArmVmp : Match on catch block at 0xc3 in for 0xa5
02-11 08:58:59.132 25888 25888 E ArmVmp : Match on catch block at 0xc3 in for 0xa5
02-11 08:58:59.138 25888 25888 E ArmVmp : Match on catch block at 0xc3 in for 0xa9
02-11 08:58:59.152 25888 25888 E ArmVmp : Match on catch block at 0xc3 in for 0xa9
02-11 08:58:59.157 25888 25888 E ArmVmp : Match on catch block at 0xc3 in for 0xa1
02-11 08:58:59.172 25888 25888 E ArmVmp : Match on catch block at 0xc3 in for 0xa1
02-11 08:58:59.176 25888 25888 E ArmVmp : Match on catch block at 0xc3 in for 0xa5
02-11 08:58:59.215 25888 25888 E ArmVmp : Match on catch block at 0xc3 in for 0xa9
02-11 08:58:59.219 25888 25888 E ArmVmp : Match on catch block at 0xc3 in for 0xa1
02-11 08:58:59.228 25888 25888 E ArmVmp : Match on catch block at 0xc3 in for 0xa1
02-11 08:58:59.232 25888 25888 E ArmVmp : Match on catch block at 0xc3 in for 0xa5
02-11 08:58:59.247 25888 25888 E ArmVmp : Match on catch block at 0xc3 in for 0xa5
02-11 08:58:59.252 25888 25888 E ArmVmp : Match on catch block at 0xc3 in for 0xa9
02-11 08:58:59.282 25888 25888 E ArmVmp : Match on catch block at 0xc3 in for 0xa9
02-11 08:58:59.286 25888 25888 E ArmVmp : Match on catch block at 0xc3 in for 0xa1
02-11 08:58:59.294 25888 25888 E ArmVmp : Match on catch block at 0xc3 in for 0xa1
02-11 08:58:59.298 25888 25888 E ArmVmp : Match on catch block at 0xc3 in for 0xa5
02-11 08:58:59.314 25888 25888 E ArmVmp : Match on catch block at 0xc3 in for 0xa1
02-11 08:58:59.318 25888 25888 E ArmVmp : Match on catch block at 0xc3 in for 0xa5
02-11 08:58:59.334 25888 25888 E ArmVmp : Match on catch block at 0xc3 in for 0xa5
02-11 08:58:59.338 25888 25888 E ArmVmp : Match on catch block at 0xc3 in for 0xa9
02-11 08:58:59.353 25888 25888 E ArmVmp : Match on catch block at 0xc3 in for 0xa9
02-11 08:58:59.358 25888 25888 E ArmVmp : Match on catch block at 0xc3 in for 0xa1
02-11 08:58:59.373 25888 25888 E ArmVmp : Match on catch block at 0xc3 in for 0xa1
02-11 08:58:59.378 25888 25888 E ArmVmp : Match on catch block at 0xc3 in for 0xa5
02-11 08:58:59.393 25888 25888 E ArmVmp : Match on catch block at 0xc3 in for 0xa5
02-11 08:58:59.397 25888 25888 E ArmVmp : Match on catch block at 0xc3 in for 0xa9
02-11 08:58:59.414 25888 25888 E ArmVmp : Match on catch block at 0xc3 in for 0xa9
02-11 08:58:59.418 25888 25888 E ArmVmp : Match on catch block at 0xc3 in for 0xa1
02-11 08:58:59.432 25888 25888 E ArmVmp : Match on catch block at 0xc3 in for 0xa5
02-11 08:58:59.436 25888 25888 E ArmVmp : Match on catch block at 0xc3 in for 0xa9
02-11 08:58:59.451 25888 25888 E ArmVmp : Match on catch block at 0xc3 in for 0xa1
02-11 08:58:59.455 25888 25888 E ArmVmp : Match on catch block at 0xc3 in for 0xa5
02-11 08:58:59.470 25888 25888 E ArmVmp : Match on catch block at 0xc3 in for 0xa9
02-11 08:58:59.476 25888 25888 E ArmVmp : Match on catch block at 0xc3 in for 0xa1
02-11 08:58:59.495 25888 25888 E ArmVmp : Match on catch block at 0xc3 in for 0xa5
02-11 08:58:59.500 25888 25888 E ArmVmp : Match on catch block at 0xc3 in for 0xa9
02-11 08:58:59.519 25888 25888 E ArmVmp : Match on catch block at 0xc3 in for 0xa9
02-11 08:58:59.525 25888 25888 E ArmVmp : Match on catch block at 0xc3 in for 0xa1
02-11 08:58:59.543 25888 25888 E ArmVmp : Match on catch block at 0xc3 in for 0xa5
02-11 08:58:59.548 25888 25888 E ArmVmp : Match on catch block at 0xc3 in for 0xa9
02-11 08:58:59.574 25888 25888 W com.mbwhatsapp: type=1400 audit(0.0:1935634): avc:
denied { search } for comm=4D42576861747341707020576F726B name="clients"
dev="debugfs" ino=1075 scontext=u:r:untrusted_app:s0:c512,c768
tcontext=u:object_r:debugfs_ion:s0 tclass=dir permissive=0
02-11 08:58:59.574 25888 25888 W com.mbwhatsapp: type=1400 audit(0.0:1935635): avc:
denied { search } for comm=4D42576861747341707020576F726B name="clients"
dev="debugfs" ino=1075 scontext=u:r:untrusted_app:s0:c512,c768
tcontext=u:object_r:debugfs_ion:s0 tclass=dir permissive=0
02-11 08:58:59.605 25888 26223 E : nFreeSize: 2795102208
02-11 08:58:59.761 25888 25888 E ArmVmp : Match on catch block at 0xc3 in for 0xa1
02-11 08:58:59.765 25888 25888 E ArmVmp : Match on catch block at 0xc3 in for 0xa5
02-11 08:58:59.820 25888 25888 E ArmVmp : Match on catch block at 0xc3 in for 0xa9
02-11 08:58:59.826 25888 25888 E ArmVmp : Match on catch block at 0xc3 in for 0xa1
02-11 08:58:59.838 25888 25888 W com.mbwhatsapp: type=1400 audit(0.0:1935636): avc:
denied { search } for name="clients" dev="debugfs" ino=1075
scontext=u:r:untrusted_app:s0:c512,c768 tcontext=u:object_r:debugfs_ion:s0
tclass=dir permissive=0
02-11 08:58:59.838 25888 25888 W com.mbwhatsapp: type=1400 audit(0.0:1935637): avc:
denied { search } for name="clients" dev="debugfs" ino=1075
scontext=u:r:untrusted_app:s0:c512,c768 tcontext=u:object_r:debugfs_ion:s0
tclass=dir permissive=0
02-11 08:58:59.850 25888 25888 W contact-photos-: type=1400 audit(0.0:1935638):
avc: denied { search } for name="clients" dev="debugfs" ino=1075
scontext=u:r:untrusted_app:s0:c512,c768 tcontext=u:object_r:debugfs_ion:s0
tclass=dir permissive=0
02-11 08:58:59.854 25888 25888 W contact-photos-: type=1400 audit(0.0:1935639):
avc: denied { search } for name="clients" dev="debugfs" ino=1075
scontext=u:r:untrusted_app:s0:c512,c768 tcontext=u:object_r:debugfs_ion:s0
tclass=dir permissive=0
02-11 08:58:59.881 25888 25888 E ArmVmp : Match on catch block at 0xc3 in for 0xa5
02-11 08:58:59.886 25888 25888 E ArmVmp : Match on catch block at 0xc3 in for 0xa9
02-11 08:58:59.901 25888 25888 E ArmVmp : Match on catch block at 0xc3 in for 0xa9
02-11 08:58:59.902 25888 25979 E : nFreeSize: 2795094016
02-11 08:58:59.908 25888 25888 E ArmVmp : Match on catch block at 0xc3 in for 0xa1
02-11 08:58:59.934 25888 25888 W com.mbwhatsapp: type=1400 audit(0.0:1935640): avc:
denied { search } for comm=4D42576861747341707020576F726B name="clients"
dev="debugfs" ino=1075 scontext=u:r:untrusted_app:s0:c512,c768
tcontext=u:object_r:debugfs_ion:s0 tclass=dir permissive=0
02-11 08:58:59.934 25888 25888 W com.mbwhatsapp: type=1400 audit(0.0:1935641): avc:
denied { search } for comm=4D42576861747341707020576F726B name="clients"
dev="debugfs" ino=1075 scontext=u:r:untrusted_app:s0:c512,c768
tcontext=u:object_r:debugfs_ion:s0 tclass=dir permissive=0
02-11 08:59:00.010 25888 26223 E : nFreeSize: 2795089920
02-11 08:59:00.301 25888 25979 E : nFreeSize: 2795077632
02-11 08:59:00.419 25888 25966 E : nFreeSize: 2795073536
02-11 08:59:01.728 25888 25989 E : nFreeSize: 2795073536
02-11 08:59:01.733 25888 25989 E : nFreeSize: 2795073536
02-11 08:59:02.257 25888 25888 E ArmVmp : Match on catch block at 0xc3 in for 0xa9
02-11 08:59:02.262 25888 25888 E ArmVmp : Match on catch block at 0xc3 in for 0xa1
02-11 08:59:02.314 25888 25888 W com.mbwhatsapp: type=1400 audit(0.0:1935642): avc:
denied { search } for name="clients" dev="debugfs" ino=1075
scontext=u:r:untrusted_app:s0:c512,c768 tcontext=u:object_r:debugfs_ion:s0
tclass=dir permissive=0
02-11 08:59:02.314 25888 25888 W com.mbwhatsapp: type=1400 audit(0.0:1935643): avc:
denied { search } for name="clients" dev="debugfs" ino=1075
scontext=u:r:untrusted_app:s0:c512,c768 tcontext=u:object_r:debugfs_ion:s0
tclass=dir permissive=0
02-11 08:59:02.330 25888 25888 W com.mbwhatsapp: type=1400 audit(0.0:1935644): avc:
denied { search } for comm=4D42576861747341707020576F726B name="clients"
dev="debugfs" ino=1075 scontext=u:r:untrusted_app:s0:c512,c768
tcontext=u:object_r:debugfs_ion:s0 tclass=dir permissive=0
02-11 08:59:02.330 25888 25888 W com.mbwhatsapp: type=1400 audit(0.0:1935645): avc:
denied { search } for comm=4D42576861747341707020576F726B name="clients"
dev="debugfs" ino=1075 scontext=u:r:untrusted_app:s0:c512,c768
tcontext=u:object_r:debugfs_ion:s0 tclass=dir permissive=0
02-11 08:59:04.572 25888 25888 E ArmVmp : Match on catch block at 0xc3 in for 0xa1
02-11 08:59:04.579 25888 25888 E ArmVmp : Match on catch block at 0xc3 in for 0xa5
02-11 08:59:04.659 25888 25888 E ArmVmp : Match on catch block at 0xc3 in for 0xa9
02-11 08:59:04.666 25888 25888 E ArmVmp : Match on catch block at 0xc3 in for 0xa1
02-11 08:59:04.674 25888 25888 W com.mbwhatsapp: type=1400 audit(0.0:1935646): avc:
denied { search } for name="clients" dev="debugfs" ino=1075
scontext=u:r:untrusted_app:s0:c512,c768 tcontext=u:object_r:debugfs_ion:s0
tclass=dir permissive=0
02-11 08:59:04.674 25888 25888 W com.mbwhatsapp: type=1400 audit(0.0:1935647): avc:
denied { search } for name="clients" dev="debugfs" ino=1075
scontext=u:r:untrusted_app:s0:c512,c768 tcontext=u:object_r:debugfs_ion:s0
tclass=dir permissive=0
02-11 08:59:04.699 25888 25888 E ArmVmp : Match on catch block at 0xc3 in for 0xa1
02-11 08:59:04.706 25888 25888 E ArmVmp : Match on catch block at 0xc3 in for 0xa5
02-11 08:59:04.730 25888 25888 E ArmVmp : Match on catch block at 0xc3 in for 0xa9
02-11 08:59:04.738 25888 25888 E ArmVmp : Match on catch block at 0xc3 in for 0xa1
02-11 08:59:04.747 25888 25888 E ArmVmp : Match on catch block at 0xc3 in for 0xa1
02-11 08:59:04.754 25888 25888 E ArmVmp : Match on catch block at 0xc3 in for 0xa5
02-11 08:59:04.802 25888 25888 E ArmVmp : Match on catch block at 0xc3 in for 0xa1
02-11 08:59:04.807 25888 25888 E ArmVmp : Match on catch block at 0xc3 in for 0xa5
02-11 08:59:04.852 25888 25888 E ArmVmp : Match on catch block at 0xc3 in for 0xa5
02-11 08:59:04.858 25888 25888 E ArmVmp : Match on catch block at 0xc3 in for 0xa9
02-11 08:59:04.886 25888 25888 E ArmVmp : Match on catch block at 0xc3 in for 0xa9
02-11 08:59:04.891 25888 25888 E ArmVmp : Match on catch block at 0xc3 in for 0xa1
02-11 08:59:04.919 25888 25888 E ArmVmp : Match on catch block at 0xc3 in for 0xa9
02-11 08:59:04.923 25888 25888 E ArmVmp : Match on catch block at 0xc3 in for 0xa1
02-11 08:59:04.935 25888 25888 E ArmVmp : Match on catch block at 0xc3 in for 0xa1
02-11 08:59:04.941 25888 25888 E ArmVmp : Match on catch block at 0xc3 in for 0xa5
02-11 08:59:04.953 25888 25888 E ArmVmp : Match on catch block at 0xc3 in for 0xa5
02-11 08:59:04.959 25888 25888 E ArmVmp : Match on catch block at 0xc3 in for 0xa9
02-11 08:59:04.973 25888 25888 E ArmVmp : Match on catch block at 0xc3 in for 0xa9
02-11 08:59:04.979 25888 25888 E ArmVmp : Match on catch block at 0xc3 in for 0xa1
02-11 08:59:04.994 25888 25888 E ArmVmp : Match on catch block at 0xc3 in for 0xa1
02-11 08:59:04.999 25888 25888 E ArmVmp : Match on catch block at 0xc3 in for 0xa5
02-11 08:59:05.018 25888 25888 E ArmVmp : Match on catch block at 0xc3 in for 0xa5
02-11 08:59:05.025 25888 25888 E ArmVmp : Match on catch block at 0xc3 in for 0xa9
02-11 08:59:05.039 25888 25888 E ArmVmp : Match on catch block at 0xc3 in for 0xa9
02-11 08:59:05.045 25888 25888 E ArmVmp : Match on catch block at 0xc3 in for 0xa1
02-11 08:59:05.062 25888 25888 E ArmVmp : Match on catch block at 0xc3 in for 0xa1
02-11 08:59:05.069 25888 25888 E ArmVmp : Match on catch block at 0xc3 in for 0xa5
02-11 08:59:05.085 25888 25888 E ArmVmp : Match on catch block at 0xc3 in for 0xa5
02-11 08:59:05.091 25888 25888 E ArmVmp : Match on catch block at 0xc3 in for 0xa9
02-11 08:59:05.105 25888 25888 E ArmVmp : Match on catch block at 0xc3 in for 0xa9
02-11 08:59:05.110 25888 25888 E ArmVmp : Match on catch block at 0xc3 in for 0xa1
02-11 08:59:05.125 25888 25888 E ArmVmp : Match on catch block at 0xc3 in for 0xa1
02-11 08:59:05.131 25888 25888 E ArmVmp : Match on catch block at 0xc3 in for 0xa5
02-11 08:59:05.145 25888 25888 E ArmVmp : Match on catch block at 0xc3 in for 0xa5
02-11 08:59:05.151 25888 25888 E ArmVmp : Match on catch block at 0xc3 in for 0xa9
02-11 08:59:05.165 25888 25888 E ArmVmp : Match on catch block at 0xc3 in for 0xa9
02-11 08:59:05.171 25888 25888 E ArmVmp : Match on catch block at 0xc3 in for 0xa1
02-11 08:59:05.186 25888 25888 E ArmVmp : Match on catch block at 0xc3 in for 0xa1
02-11 08:59:05.191 25888 25888 E ArmVmp : Match on catch block at 0xc3 in for 0xa5
02-11 08:59:05.206 25888 25888 E ArmVmp : Match on catch block at 0xc3 in for 0xa5
02-11 08:59:05.211 25888 25888 E ArmVmp : Match on catch block at 0xc3 in for 0xa9
02-11 08:59:05.225 25888 25888 E ArmVmp : Match on catch block at 0xc3 in for 0xa9
02-11 08:59:05.230 25888 25888 E ArmVmp : Match on catch block at 0xc3 in for 0xa1
02-11 08:59:05.245 25888 25888 E ArmVmp : Match on catch block at 0xc3 in for 0xa1
02-11 08:59:05.250 25888 25888 E ArmVmp : Match on catch block at 0xc3 in for 0xa5
02-11 08:59:05.286 25888 25888 E ArmVmp : Match on catch block at 0xc3 in for 0xa9
02-11 08:59:05.291 25888 25888 E ArmVmp : Match on catch block at 0xc3 in for 0xa1
02-11 08:59:05.302 25888 25888 E ArmVmp : Match on catch block at 0xc3 in for 0xa1
02-11 08:59:05.308 25888 25888 E ArmVmp : Match on catch block at 0xc3 in for 0xa5
02-11 08:59:05.325 25888 25888 E ArmVmp : Match on catch block at 0xc3 in for 0xa1
02-11 08:59:05.330 25888 25888 E ArmVmp : Match on catch block at 0xc3 in for 0xa5
02-11 08:59:05.347 25888 25888 E ArmVmp : Match on catch block at 0xc3 in for 0xa5
02-11 08:59:05.352 25888 25888 E ArmVmp : Match on catch block at 0xc3 in for 0xa9
02-11 08:59:05.368 25888 25888 E ArmVmp : Match on catch block at 0xc3 in for 0xa9
02-11 08:59:05.374 25888 25888 E ArmVmp : Match on catch block at 0xc3 in for 0xa1
02-11 08:59:05.389 25888 25888 E ArmVmp : Match on catch block at 0xc3 in for 0xa1
02-11 08:59:05.394 25888 25888 E ArmVmp : Match on catch block at 0xc3 in for 0xa5
02-11 08:59:05.410 25888 25888 E ArmVmp : Match on catch block at 0xc3 in for 0xa5
02-11 08:59:05.414 25888 25888 E ArmVmp : Match on catch block at 0xc3 in for 0xa9
02-11 08:59:05.430 25888 25888 E ArmVmp : Match on catch block at 0xc3 in for 0xa9
02-11 08:59:05.436 25888 25888 E ArmVmp : Match on catch block at 0xc3 in for 0xa1
02-11 08:59:05.452 25888 25888 E ArmVmp : Match on catch block at 0xc3 in for 0xa1
02-11 08:59:05.457 25888 25888 E ArmVmp : Match on catch block at 0xc3 in for 0xa5
02-11 08:59:05.472 25888 25888 E ArmVmp : Match on catch block at 0xc3 in for 0xa5
02-11 08:59:05.477 25888 25888 E ArmVmp : Match on catch block at 0xc3 in for 0xa9
02-11 08:59:05.493 25888 25888 E ArmVmp : Match on catch block at 0xc3 in for 0xa9
02-11 08:59:05.499 25888 25888 E ArmVmp : Match on catch block at 0xc3 in for 0xa1
02-11 08:59:05.514 25888 25888 E ArmVmp : Match on catch block at 0xc3 in for 0xa1
02-11 08:59:05.519 25888 25888 E ArmVmp : Match on catch block at 0xc3 in for 0xa5
02-11 08:59:05.534 25888 25888 E ArmVmp : Match on catch block at 0xc3 in for 0xa5
02-11 08:59:05.539 25888 25888 E ArmVmp : Match on catch block at 0xc3 in for 0xa9
02-11 08:59:05.554 25888 25888 E ArmVmp : Match on catch block at 0xc3 in for 0xa9
02-11 08:59:05.558 25888 25888 E ArmVmp : Match on catch block at 0xc3 in for 0xa1
02-11 08:59:05.573 25888 25888 E ArmVmp : Match on catch block at 0xc3 in for 0xa1
02-11 08:59:05.579 25888 25888 E ArmVmp : Match on catch block at 0xc3 in for 0xa5
02-11 08:59:05.593 25888 25888 E ArmVmp : Match on catch block at 0xc3 in for 0xa5
02-11 08:59:05.598 25888 25888 E ArmVmp : Match on catch block at 0xc3 in for 0xa9
02-11 08:59:05.613 25888 25888 E ArmVmp : Match on catch block at 0xc3 in for 0xa9
02-11 08:59:05.618 25888 25888 E ArmVmp : Match on catch block at 0xc3 in for 0xa1
02-11 08:59:05.633 25888 25888 E ArmVmp : Match on catch block at 0xc3 in for 0xa1
02-11 08:59:05.638 25888 25888 E ArmVmp : Match on catch block at 0xc3 in for 0xa5
02-11 08:59:05.653 25888 25888 E ArmVmp : Match on catch block at 0xc3 in for 0xa5
02-11 08:59:05.658 25888 25888 E ArmVmp : Match on catch block at 0xc3 in for 0xa9
02-11 08:59:05.752 25888 25888 E ArmVmp : Match on catch block at 0xc3 in for 0xa5
02-11 08:59:05.756 25888 25888 E ArmVmp : Match on catch block at 0xc3 in for 0xa9
02-11 08:59:06.168 25888 25888 E ArmVmp : Match on catch block at 0xc3 in for 0xa9
02-11 08:59:06.175 25888 25888 E ArmVmp : Match on catch block at 0xc3 in for 0xa1
02-11 08:59:06.184 25888 25888 E ArmVmp : Match on catch block at 0xc3 in for 0xa1
02-11 08:59:06.190 25888 25888 E ArmVmp : Match on catch block at 0xc3 in for 0xa5
02-11 08:59:06.206 25888 25888 E ArmVmp : Match on catch block at 0xc3 in for 0xa5
02-11 08:59:06.211 25888 25888 E ArmVmp : Match on catch block at 0xc3 in for 0xa9
02-11 08:59:06.227 25888 25888 E ArmVmp : Match on catch block at 0xc3 in for 0xa9
02-11 08:59:06.233 25888 25888 E ArmVmp : Match on catch block at 0xc3 in for 0xa1
02-11 08:59:06.249 25888 25888 E ArmVmp : Match on catch block at 0xc3 in for 0xa1
02-11 08:59:06.255 25888 25888 E ArmVmp : Match on catch block at 0xc3 in for 0xa5
02-11 08:59:06.271 25888 25888 E ArmVmp : Match on catch block at 0xc3 in for 0xa5
02-11 08:59:06.276 25888 25888 E ArmVmp : Match on catch block at 0xc3 in for 0xa9
02-11 08:59:06.292 25888 25888 E ArmVmp : Match on catch block at 0xc3 in for 0xa9
02-11 08:59:06.297 25888 25888 E ArmVmp : Match on catch block at 0xc3 in for 0xa1
02-11 08:59:06.322 25888 25888 E ArmVmp : Match on catch block at 0xc3 in for 0xa9
02-11 08:59:06.327 25888 25888 E ArmVmp : Match on catch block at 0xc3 in for 0xa1
02-11 08:59:06.337 25888 25888 E ArmVmp : Match on catch block at 0xc3 in for 0xa1
02-11 08:59:06.343 25888 25888 E ArmVmp : Match on catch block at 0xc3 in for 0xa5
02-11 08:59:06.359 25888 25888 E ArmVmp : Match on catch block at 0xc3 in for 0xa5
02-11 08:59:06.364 25888 25888 E ArmVmp : Match on catch block at 0xc3 in for 0xa9
02-11 08:59:06.384 25888 25888 E ArmVmp : Match on catch block at 0xc3 in for 0xa9
02-11 08:59:06.391 25888 25888 E ArmVmp : Match on catch block at 0xc3 in for 0xa1
02-11 08:59:06.419 25888 25888 E ArmVmp : Match on catch block at 0xc3 in for 0xa1
02-11 08:59:06.425 25888 25888 E ArmVmp : Match on catch block at 0xc3 in for 0xa5
02-11 08:59:06.436 25888 25888 E ArmVmp : Match on catch block at 0xc3 in for 0xa5
02-11 08:59:06.442 25888 25888 E ArmVmp : Match on catch block at 0xc3 in for 0xa9
02-11 08:59:06.460 25888 25888 E ArmVmp : Match on catch block at 0xc3 in for 0xa9
02-11 08:59:06.465 25888 25888 E ArmVmp : Match on catch block at 0xc3 in for 0xa1
02-11 08:59:06.502 25888 25888 E ArmVmp : Match on catch block at 0xc3 in for 0xa9
02-11 08:59:06.506 25888 25888 E ArmVmp : Match on catch block at 0xc3 in for 0xa1
02-11 08:59:06.539 25888 25888 E ArmVmp : Match on catch block at 0xc3 in for 0xa9
02-11 08:59:06.544 25888 25888 E ArmVmp : Match on catch block at 0xc3 in for 0xa1
02-11 08:59:06.570 25888 25888 E ArmVmp : Match on catch block at 0xc3 in for 0xa9
02-11 08:59:06.576 25888 25888 E ArmVmp : Match on catch block at 0xc3 in for 0xa1
02-11 08:59:06.666 25888 25888 E ArmVmp : Match on catch block at 0xc3 in for 0xa1
02-11 08:59:06.672 25888 25888 E ArmVmp : Match on catch block at 0xc3 in for 0xa5
02-11 08:59:06.683 25888 25888 E ArmVmp : Match on catch block at 0xc3 in for 0xa5
02-11 08:59:06.688 25888 25888 E ArmVmp : Match on catch block at 0xc3 in for 0xa9
02-11 08:59:06.710 25888 25888 W com.mbwhatsapp: type=1400 audit(0.0:1935648): avc:
denied { search } for comm=4D42576861747341707020576F726B name="clients"
dev="debugfs" ino=1075 scontext=u:r:untrusted_app:s0:c512,c768
tcontext=u:object_r:debugfs_ion:s0 tclass=dir permissive=0
02-11 08:59:06.714 25888 25888 W com.mbwhatsapp: type=1400 audit(0.0:1935649): avc:
denied { search } for comm=4D42576861747341707020576F726B name="clients"
dev="debugfs" ino=1075 scontext=u:r:untrusted_app:s0:c512,c768
tcontext=u:object_r:debugfs_ion:s0 tclass=dir permissive=0
02-11 08:59:06.724 25888 25888 E ArmVmp : Match on catch block at 0xc3 in for 0xa1
02-11 08:59:06.728 25888 25888 E ArmVmp : Match on catch block at 0xc3 in for 0xa5
02-11 08:59:06.740 25888 25888 E ArmVmp : Match on catch block at 0xc3 in for 0xa5
02-11 08:59:06.748 25888 25888 E ArmVmp : Match on catch block at 0xc3 in for 0xa9
02-11 08:59:06.815 25888 25888 E ArmVmp : Match on catch block at 0xc3 in for 0xa1
02-11 08:59:06.820 25888 25888 E ArmVmp : Match on catch block at 0xc3 in for 0xa5
02-11 08:59:06.836 25888 25888 E ArmVmp : Match on catch block at 0xc3 in for 0xa5
02-11 08:59:06.843 25888 25888 E ArmVmp : Match on catch block at 0xc3 in for 0xa9
02-11 08:59:06.857 25888 25888 E ArmVmp : Match on catch block at 0xc3 in for 0xa9
02-11 08:59:06.862 25888 25888 E ArmVmp : Match on catch block at 0xc3 in for 0xa1
02-11 08:59:06.876 25888 25888 E ArmVmp : Match on catch block at 0xc3 in for 0xa5
02-11 08:59:06.881 25888 25888 E ArmVmp : Match on catch block at 0xc3 in for 0xa9
02-11 08:59:06.923 25888 25888 E ArmVmp : Match on catch block at 0xc3 in for 0xa9
02-11 08:59:06.927 25888 25888 E ArmVmp : Match on catch block at 0xc3 in for 0xa1
02-11 08:59:06.975 25888 25888 E ArmVmp : Match on catch block at 0xc3 in for 0xa5
02-11 08:59:06.980 25888 25888 E ArmVmp : Match on catch block at 0xc3 in for 0xa9
02-11 08:59:06.987 25888 25888 E ArmVmp : Match on catch block at 0xc3 in for 0xb5
02-11 08:59:07.062 25888 25888 E ArmVmp : Match on catch block at 0xc3 in for 0xa9
02-11 08:59:07.067 25888 25888 E ArmVmp : Match on catch block at 0xc3 in for 0xa1
02-11 08:59:07.071 25888 25888 E ArmVmp : Match on catch block at 0xc3 in for 0xa1
02-11 08:59:07.150 25888 27203 W System : ClassLoader referenced unknown path:
system/framework/mediatek-cta.jar
02-11 08:59:07.169 25888 25888 E ArmVmp : Match on catch block at 0xc3 in for 0xa5
02-11 08:59:07.173 25888 25888 E ArmVmp : Match on catch block at 0xc3 in for 0xa9
02-11 08:59:07.197 25888 25888 E ArmVmp : Match on catch block at 0xc3 in for 0xa5
02-11 08:59:07.201 25888 25888 E ArmVmp : Match on catch block at 0xc3 in for 0xa9
02-11 08:59:07.216 25888 27203 E : nFreeSize: 2795065344
02-11 08:59:07.220 25888 25888 E ArmVmp : Match on catch block at 0xc3 in for 0xa9
02-11 08:59:07.229 25888 25888 E ArmVmp : Match on catch block at 0xc3 in for 0xa1
02-11 08:59:07.236 25888 25888 E ArmVmp : Match on catch block at 0xc3 in for 0xa1
02-11 08:59:07.242 25888 27203 E : nFreeSize: 2795044864
02-11 08:59:07.243 25888 25888 E ArmVmp : Match on catch block at 0xc3 in for 0xa5
02-11 08:59:07.256 25888 25888 E ArmVmp : Match on catch block at 0xc3 in for 0xa5
02-11 08:59:07.265 25888 25888 E ArmVmp : Match on catch block at 0xc3 in for 0xa9
02-11 08:59:07.282 25888 25888 E ArmVmp : Match on catch block at 0xc3 in for 0xa9
02-11 08:59:07.290 25888 25888 E ArmVmp : Match on catch block at 0xc3 in for 0xa1
02-11 08:59:07.301 25888 25888 E ArmVmp : Match on catch block at 0xc3 in for 0xa1
02-11 08:59:07.309 25888 25888 E ArmVmp : Match on catch block at 0xc3 in for 0xa5
02-11 08:59:07.322 25888 25888 E ArmVmp : Match on catch block at 0xc3 in for 0xa5
02-11 08:59:07.330 25888 25888 E ArmVmp : Match on catch block at 0xc3 in for 0xa9
02-11 08:59:07.357 25888 25888 E ArmVmp : Match on catch block at 0xc3 in for 0xa9
02-11 08:59:07.363 25888 25888 E ArmVmp : Match on catch block at 0xc3 in for 0xa1
02-11 08:59:07.373 25888 25888 E ArmVmp : Match on catch block at 0xc3 in for 0xa1
02-11 08:59:07.381 25888 25888 E ArmVmp : Match on catch block at 0xc3 in for 0xa5
02-11 08:59:07.678 25888 25966 E : nFreeSize: 2794979328
02-11 08:59:08.581 25888 25989 E : nFreeSize: 2794979328
02-11 08:59:08.585 25888 25989 E : nFreeSize: 2794979328
02-11 08:59:08.967 25888 25888 E ArmVmp : Match on catch block at 0xc3 in for 0xa5
02-11 08:59:08.981 25888 25888 E ArmVmp : Match on catch block at 0xc3 in for 0xa9
02-11 08:59:09.000 25888 25888 E ArmVmp : Match on catch block at 0xc3 in for 0xa9
02-11 08:59:09.017 25888 25888 E ArmVmp : Match on catch block at 0xc3 in for 0xa1
02-11 08:59:09.033 25888 25888 E ArmVmp : Match on catch block at 0xc3 in for 0xa1
02-11 08:59:09.045 25888 25888 E ArmVmp : Match on catch block at 0xc3 in for 0xa5
02-11 08:59:09.064 25888 25888 E ArmVmp : Match on catch block at 0xc3 in for 0xa5
02-11 08:59:09.072 25888 25888 E ArmVmp : Match on catch block at 0xc3 in for 0xa9
02-11 08:59:09.080 25888 25888 E ArmVmp : Match on catch block at 0xc3 in for 0xa9
02-11 08:59:09.086 25888 25888 E ArmVmp : Match on catch block at 0xc3 in for 0xa1
02-11 08:59:09.096 25888 25888 E ArmVmp : Match on catch block at 0xc3 in for 0xa1
02-11 08:59:09.103 25888 25888 E ArmVmp : Match on catch block at 0xc3 in for 0xa5
02-11 08:59:09.113 25888 25888 E ArmVmp : Match on catch block at 0xc3 in for 0xa5
02-11 08:59:09.120 25888 25888 E ArmVmp : Match on catch block at 0xc3 in for 0xa9
02-11 08:59:09.131 25888 25888 E ArmVmp : Match on catch block at 0xc3 in for 0xa9
02-11 08:59:09.138 25888 25888 E ArmVmp : Match on catch block at 0xc3 in for 0xa1
02-11 08:59:09.147 25888 25888 E ArmVmp : Match on catch block at 0xc3 in for 0xa1
02-11 08:59:09.154 25888 25888 E ArmVmp : Match on catch block at 0xc3 in for 0xa5
02-11 08:59:09.164 25888 25888 E ArmVmp : Match on catch block at 0xc3 in for 0xa5
02-11 08:59:09.171 25888 25888 E ArmVmp : Match on catch block at 0xc3 in for 0xa9
02-11 08:59:09.181 25888 25888 E ArmVmp : Match on catch block at 0xc3 in for 0xa9
02-11 08:59:09.187 25888 25888 E ArmVmp : Match on catch block at 0xc3 in for 0xa1
02-11 08:59:09.197 25888 25888 E ArmVmp : Match on catch block at 0xc3 in for 0xa1
02-11 08:59:09.204 25888 25888 E ArmVmp : Match on catch block at 0xc3 in for 0xa5
02-11 08:59:09.214 25888 25888 E ArmVmp : Match on catch block at 0xc3 in for 0xa5
02-11 08:59:09.220 25888 25888 E ArmVmp : Match on catch block at 0xc3 in for 0xa9
02-11 08:59:09.818 25888 25888 W contact-photos-: type=1400 audit(0.0:1935651):
avc: denied { search } for name="clients" dev="debugfs" ino=1075
scontext=u:r:untrusted_app:s0:c512,c768 tcontext=u:object_r:debugfs_ion:s0
tclass=dir permissive=0
02-11 08:59:09.818 25888 25888 W contact-photos-: type=1400 audit(0.0:1935652):
avc: denied { search } for name="clients" dev="debugfs" ino=1075
scontext=u:r:untrusted_app:s0:c512,c768 tcontext=u:object_r:debugfs_ion:s0
tclass=dir permissive=0
02-11 08:59:09.856 25888 25888 E ArmVmp : Match on catch block at 0xc3 in for 0xa9
02-11 08:59:09.861 25888 25888 E ArmVmp : Match on catch block at 0xc3 in for 0xa1
02-11 08:59:09.869 25888 25888 E ArmVmp : Match on catch block at 0xc3 in for 0xa1
02-11 08:59:09.875 25888 25888 E ArmVmp : Match on catch block at 0xc3 in for 0xa5
02-11 08:59:10.815 25888 25989 E : nFreeSize: 2794975232
02-11 08:59:10.819 25888 25989 E : nFreeSize: 2794975232
02-11 08:59:11.463 25888 25888 E ArmVmp : Match on catch block at 0xc3 in for 0xa5
02-11 08:59:11.470 25888 25888 E ArmVmp : Match on catch block at 0xc3 in for 0xa9
02-11 08:59:11.479 25888 25888 E ArmVmp : Match on catch block at 0xc3 in for 0xa9
02-11 08:59:11.485 25888 25888 E ArmVmp : Match on catch block at 0xc3 in for 0xa1
02-11 08:59:11.497 25888 25888 E ArmVmp : Match on catch block at 0xc3 in for 0xa1
02-11 08:59:11.503 25888 25888 E ArmVmp : Match on catch block at 0xc3 in for 0xa5
02-11 08:59:11.514 25888 25888 E ArmVmp : Match on catch block at 0xc3 in for 0xa5
02-11 08:59:11.520 25888 25888 E ArmVmp : Match on catch block at 0xc3 in for 0xa9
02-11 08:59:11.530 25888 25888 E ArmVmp : Match on catch block at 0xc3 in for 0xa9
02-11 08:59:11.537 25888 25888 E ArmVmp : Match on catch block at 0xc3 in for 0xa1
02-11 08:59:11.548 25888 25888 E ArmVmp : Match on catch block at 0xc3 in for 0xa1
02-11 08:59:11.554 25888 25888 E ArmVmp : Match on catch block at 0xc3 in for 0xa5
02-11 08:59:11.564 25888 25888 E ArmVmp : Match on catch block at 0xc3 in for 0xa5
02-11 08:59:11.570 25888 25888 E ArmVmp : Match on catch block at 0xc3 in for 0xa9
02-11 08:59:11.581 25888 25888 E ArmVmp : Match on catch block at 0xc3 in for 0xa9
02-11 08:59:11.588 25888 25888 E ArmVmp : Match on catch block at 0xc3 in for 0xa1
02-11 08:59:11.599 25888 25888 E ArmVmp : Match on catch block at 0xc3 in for 0xa1
02-11 08:59:11.605 25888 25888 E ArmVmp : Match on catch block at 0xc3 in for 0xa5
02-11 08:59:11.615 25888 25888 E ArmVmp : Match on catch block at 0xc3 in for 0xa5
02-11 08:59:11.622 25888 25888 E ArmVmp : Match on catch block at 0xc3 in for 0xa9
02-11 08:59:11.632 25888 25888 E ArmVmp : Match on catch block at 0xc3 in for 0xa9
02-11 08:59:11.639 25888 25888 E ArmVmp : Match on catch block at 0xc3 in for 0xa1
02-11 08:59:11.650 25888 25888 E ArmVmp : Match on catch block at 0xc3 in for 0xa1
02-11 08:59:11.657 25888 25888 E ArmVmp : Match on catch block at 0xc3 in for 0xa5
02-11 08:59:11.666 25888 25888 E ArmVmp : Match on catch block at 0xc3 in for 0xa5
02-11 08:59:11.673 25888 25888 E ArmVmp : Match on catch block at 0xc3 in for 0xa9
02-11 08:59:11.683 25888 25888 E ArmVmp : Match on catch block at 0xc3 in for 0xa9
02-11 08:59:11.690 25888 25888 E ArmVmp : Match on catch block at 0xc3 in for 0xa1
02-11 08:59:11.702 25888 25888 E ArmVmp : Match on catch block at 0xc3 in for 0xa1
02-11 08:59:11.708 25888 25888 E ArmVmp : Match on catch block at 0xc3 in for 0xa5
02-11 08:59:11.718 25888 25888 E ArmVmp : Match on catch block at 0xc3 in for 0xa5
02-11 08:59:11.724 25888 25888 E ArmVmp : Match on catch block at 0xc3 in for 0xa9
02-11 08:59:13.267 25888 25888 W StaticLayout: maxLineHeight should not be -1.
maxLines:1 lineCount:1
02-11 08:59:13.271 25888 25888 W StaticLayout: maxLineHeight should not be -1.
maxLines:1 lineCount:1
02-11 08:59:13.315 25888 25888 E ArmVmp : Match on catch block at 0xc3 in for 0xa1
02-11 08:59:13.321 25888 25888 E ArmVmp : Match on catch block at 0xc3 in for 0xa5
02-11 08:59:13.335 25888 26047 W MediaPlayer: Use of stream types is deprecated for
operations other than volume control
02-11 08:59:13.336 25888 26047 W MediaPlayer: See the documentation of
setAudioStreamType() for what to use instead with android.media.AudioAttributes to
qualify your playback use case
02-11 08:59:13.339 25888 26047 E AudioFeatures: Application cannot support or
Zenmode close
02-11 08:59:13.339 25888 25966 E : nFreeSize: 2794971136
02-11 08:59:13.359 25888 25888 E ArmVmp : Match on catch block at 0xc3 in for 0xa5
02-11 08:59:13.363 25888 25888 E ArmVmp : Match on catch block at 0xc3 in for 0xa9
02-11 08:59:13.393 25888 25888 E ArmVmp : Match on catch block at 0xc3 in for 0xa1
02-11 08:59:13.397 25888 25888 E ArmVmp : Match on catch block at 0xc3 in for 0xa5
02-11 08:59:13.964 25888 25888 W PlayerBase: baseStop state not match:4
02-11 08:59:14.636 25888 25989 E : nFreeSize: 2794971136
02-11 08:59:14.641 25888 25989 E : nFreeSize: 2794971136
02-11 08:59:14.945 25888 25888 E ArmVmp : Match on catch block at 0xc3 in for 0xa5
02-11 08:59:14.957 25888 25888 E ArmVmp : Match on catch block at 0xc3 in for 0xa9
02-11 08:59:14.972 25888 25888 E ArmVmp : Match on catch block at 0xc3 in for 0xa9
02-11 08:59:14.983 25888 25888 E ArmVmp : Match on catch block at 0xc3 in for 0xa1
02-11 08:59:15.005 25888 25888 E ArmVmp : Match on catch block at 0xc3 in for 0xa1
02-11 08:59:15.015 25888 25888 E ArmVmp : Match on catch block at 0xc3 in for 0xa5
02-11 08:59:15.028 25888 25888 E ArmVmp : Match on catch block at 0xc3 in for 0xa5
02-11 08:59:15.035 25888 25888 E ArmVmp : Match on catch block at 0xc3 in for 0xa9
02-11 08:59:15.058 25888 25888 E ArmVmp : Match on catch block at 0xc3 in for 0xa9
02-11 08:59:15.064 25888 25888 E ArmVmp : Match on catch block at 0xc3 in for 0xa1
02-11 08:59:15.075 25888 25888 E ArmVmp : Match on catch block at 0xc3 in for 0xa1
02-11 08:59:15.080 25888 25888 E ArmVmp : Match on catch block at 0xc3 in for 0xa5
02-11 08:59:15.092 25888 25888 E ArmVmp : Match on catch block at 0xc3 in for 0xa5
02-11 08:59:15.097 25888 25888 E ArmVmp : Match on catch block at 0xc3 in for 0xa9
02-11 08:59:15.108 25888 25888 E ArmVmp : Match on catch block at 0xc3 in for 0xa9
02-11 08:59:15.113 25888 25888 E ArmVmp : Match on catch block at 0xc3 in for 0xa1
02-11 08:59:15.124 25888 25888 E ArmVmp : Match on catch block at 0xc3 in for 0xa1
02-11 08:59:15.129 25888 25888 E ArmVmp : Match on catch block at 0xc3 in for 0xa5
02-11 08:59:15.141 25888 25888 E ArmVmp : Match on catch block at 0xc3 in for 0xa5
02-11 08:59:15.146 25888 25888 E ArmVmp : Match on catch block at 0xc3 in for 0xa9
02-11 08:59:15.157 25888 25888 E ArmVmp : Match on catch block at 0xc3 in for 0xa9
02-11 08:59:15.163 25888 25888 E ArmVmp : Match on catch block at 0xc3 in for 0xa1
02-11 08:59:15.174 25888 25888 E ArmVmp : Match on catch block at 0xc3 in for 0xa1
02-11 08:59:15.179 25888 25888 E ArmVmp : Match on catch block at 0xc3 in for 0xa5
02-11 08:59:15.191 25888 25888 E ArmVmp : Match on catch block at 0xc3 in for 0xa5
02-11 08:59:15.196 25888 25888 E ArmVmp : Match on catch block at 0xc3 in for 0xa9
02-11 08:59:18.705 25888 25888 E ArmVmp : Match on catch block at 0xc3 in for 0xa1
02-11 08:59:18.716 25888 25888 E ArmVmp : Match on catch block at 0xc3 in for 0xa5
02-11 08:59:18.744 25888 25888 E ArmVmp : Match on catch block at 0xc3 in for 0xa5
02-11 08:59:18.753 25888 25888 E ArmVmp : Match on catch block at 0xc3 in for 0xa9
02-11 08:59:18.805 25888 25888 E ArmVmp : Match on catch block at 0xc3 in for 0xa5
02-11 08:59:18.812 25888 25888 E ArmVmp : Match on catch block at 0xc3 in for 0xa9
02-11 08:59:18.848 25888 25888 E ArmVmp : Match on catch block at 0xc3 in for 0xa1
02-11 08:59:18.854 25888 25888 E ArmVmp : Match on catch block at 0xc3 in for 0xa5
02-11 08:59:18.858 25888 25888 E ArmVmp : Match on catch block at 0xc3 in for 0xb1
02-11 08:59:18.899 25888 25888 E ArmVmp : Match on catch block at 0xc3 in for 0xa1
02-11 08:59:18.904 25888 25888 E ArmVmp : Match on catch block at 0xc3 in for 0xa5
02-11 08:59:18.907 25888 25888 E ArmVmp : Match on catch block at 0xc3 in for 0xa5
02-11 08:59:18.951 25888 25888 E ArmVmp : Match on catch block at 0xc3 in for 0xa9
02-11 08:59:18.957 25888 25888 E ArmVmp : Match on catch block at 0xc3 in for 0xa1
02-11 08:59:18.960 25888 25888 E ArmVmp : Match on catch block at 0xc3 in for 0xa1
02-11 08:59:19.012 25888 25888 E ArmVmp : Match on catch block at 0xc3 in for 0xa9
02-11 08:59:19.016 25888 25888 E ArmVmp : Match on catch block at 0xc3 in for 0xa1
02-11 08:59:19.018 25888 25888 E ArmVmp : Match on catch block at 0xc3 in for 0xa1
02-11 08:59:19.057 25888 25888 E ArmVmp : Match on catch block at 0xc3 in for 0xa5
02-11 08:59:19.063 25888 25888 E ArmVmp : Match on catch block at 0xc3 in for 0xa9
02-11 08:59:19.095 25888 25888 E ArmVmp : Match on catch block at 0xc3 in for 0xa5
02-11 08:59:19.101 25888 25888 E ArmVmp : Match on catch block at 0xc3 in for 0xa9
02-11 08:59:19.114 25888 25888 E ArmVmp : Match on catch block at 0xc3 in for 0xa5
02-11 08:59:19.122 25888 25888 E ArmVmp : Match on catch block at 0xc3 in for 0xa9
02-11 08:59:19.141 25888 25888 E ArmVmp : Match on catch block at 0xc3 in for 0xa5
02-11 08:59:19.149 25888 25888 E ArmVmp : Match on catch block at 0xc3 in for 0xa9
02-11 08:59:19.207 25888 25888 E ArmVmp : Match on catch block at 0xc3 in for 0xa9
02-11 08:59:19.212 25888 25888 E ArmVmp : Match on catch block at 0xc3 in for 0xa1
02-11 08:59:19.224 25888 25888 E ArmVmp : Match on catch block at 0xc3 in for 0xa1
02-11 08:59:19.231 25888 25888 E ArmVmp : Match on catch block at 0xc3 in for 0xa5
02-11 08:59:19.244 25888 25888 E ArmVmp : Match on catch block at 0xc3 in for 0xa5
02-11 08:59:19.249 25888 25888 E ArmVmp : Match on catch block at 0xc3 in for 0xa9
02-11 08:59:19.263 25888 25888 E ArmVmp : Match on catch block at 0xc3 in for 0xa9
02-11 08:59:19.267 25888 25888 E ArmVmp : Match on catch block at 0xc3 in for 0xa1
02-11 08:59:19.306 25888 25888 E ArmVmp : Match on catch block at 0xc3 in for 0xa1
02-11 08:59:19.311 25888 25888 E ArmVmp : Match on catch block at 0xc3 in for 0xa5
02-11 08:59:19.326 25888 25888 E ArmVmp : Match on catch block at 0xc3 in for 0xa5
02-11 08:59:19.332 25888 25888 E ArmVmp : Match on catch block at 0xc3 in for 0xa9
02-11 08:59:19.347 25888 25888 E ArmVmp : Match on catch block at 0xc3 in for 0xa9
02-11 08:59:19.353 25888 25888 E ArmVmp : Match on catch block at 0xc3 in for 0xa1
02-11 08:59:19.367 25888 25888 E ArmVmp : Match on catch block at 0xc3 in for 0xa1
02-11 08:59:19.373 25888 25888 E ArmVmp : Match on catch block at 0xc3 in for 0xa5
02-11 08:59:19.386 25888 25888 E ArmVmp : Match on catch block at 0xc3 in for 0xa5
02-11 08:59:19.393 25888 25888 E ArmVmp : Match on catch block at 0xc3 in for 0xa9
02-11 08:59:19.407 25888 25888 E ArmVmp : Match on catch block at 0xc3 in for 0xa9
02-11 08:59:19.412 25888 25888 E ArmVmp : Match on catch block at 0xc3 in for 0xa1
02-11 08:59:19.438 25888 25888 E ArmVmp : Match on catch block at 0xc3 in for 0xa9
02-11 08:59:19.442 25888 25888 E ArmVmp : Match on catch block at 0xc3 in for 0xa1
02-11 08:59:19.451 25888 25888 E ArmVmp : Match on catch block at 0xc3 in for 0xa5
02-11 08:59:19.457 25888 25888 E ArmVmp : Match on catch block at 0xc3 in for 0xa9
02-11 08:59:19.471 25888 25888 E ArmVmp : Match on catch block at 0xc3 in for 0xa1
02-11 08:59:19.477 25888 25888 E ArmVmp : Match on catch block at 0xc3 in for 0xa5
02-11 08:59:19.491 25888 25888 E ArmVmp : Match on catch block at 0xc3 in for 0xa9
02-11 08:59:19.496 25888 25888 E ArmVmp : Match on catch block at 0xc3 in for 0xa1
02-11 08:59:19.508 25888 25888 E ArmVmp : Match on catch block at 0xc3 in for 0xa5
02-11 08:59:19.512 25888 25888 E ArmVmp : Match on catch block at 0xc3 in for 0xa9
02-11 08:59:19.525 25888 25888 E ArmVmp : Match on catch block at 0xc3 in for 0xa1
02-11 08:59:19.530 25888 25888 E ArmVmp : Match on catch block at 0xc3 in for 0xa5
02-11 08:59:19.542 25888 25888 E ArmVmp : Match on catch block at 0xc3 in for 0xa9
02-11 08:59:19.547 25888 25888 E ArmVmp : Match on catch block at 0xc3 in for 0xa1
02-11 08:59:19.564 25888 25888 E ArmVmp : Match on catch block at 0xc3 in for 0xa1
02-11 08:59:19.570 25888 25888 E ArmVmp : Match on catch block at 0xc3 in for 0xa5
02-11 08:59:19.580 25888 25888 E ArmVmp : Match on catch block at 0xc3 in for 0xa9
02-11 08:59:19.585 25888 25888 E ArmVmp : Match on catch block at 0xc3 in for 0xa1
02-11 08:59:19.598 25888 25888 E ArmVmp : Match on catch block at 0xc3 in for 0xa5
02-11 08:59:19.603 25888 25888 E ArmVmp : Match on catch block at 0xc3 in for 0xa9
02-11 08:59:19.616 25888 25888 E ArmVmp : Match on catch block at 0xc3 in for 0xa1
02-11 08:59:19.622 25888 25888 E ArmVmp : Match on catch block at 0xc3 in for 0xa5
02-11 08:59:19.635 25888 25888 E ArmVmp : Match on catch block at 0xc3 in for 0xa9
02-11 08:59:19.640 25888 25888 E ArmVmp : Match on catch block at 0xc3 in for 0xa1
02-11 08:59:19.653 25888 25888 E ArmVmp : Match on catch block at 0xc3 in for 0xa5
02-11 08:59:19.659 25888 25888 E ArmVmp : Match on catch block at 0xc3 in for 0xa9
02-11 08:59:19.672 25888 25888 E ArmVmp : Match on catch block at 0xc3 in for 0xa1
02-11 08:59:19.677 25888 25888 E ArmVmp : Match on catch block at 0xc3 in for 0xa5
02-11 08:59:19.690 25888 25888 E ArmVmp : Match on catch block at 0xc3 in for 0xa9
02-11 08:59:19.696 25888 25888 E ArmVmp : Match on catch block at 0xc3 in for 0xa1
02-11 08:59:19.710 25888 25888 E ArmVmp : Match on catch block at 0xc3 in for 0xa5
02-11 08:59:19.716 25888 25888 E ArmVmp : Match on catch block at 0xc3 in for 0xa9
02-11 08:59:19.731 25888 25888 E ArmVmp : Match on catch block at 0xc3 in for 0xa1
02-11 08:59:19.737 25888 25888 E ArmVmp : Match on catch block at 0xc3 in for 0xa5
02-11 08:59:19.749 25888 25888 E ArmVmp : Match on catch block at 0xc3 in for 0xa9
02-11 08:59:19.756 25888 25888 E ArmVmp : Match on catch block at 0xc3 in for 0xa1
02-11 08:59:19.770 25888 25888 E ArmVmp : Match on catch block at 0xc3 in for 0xa1
02-11 08:59:19.775 25888 25888 E ArmVmp : Match on catch block at 0xc3 in for 0xa5
02-11 08:59:19.788 25888 25888 E ArmVmp : Match on catch block at 0xc3 in for 0xa9
02-11 08:59:19.794 25888 25888 E ArmVmp : Match on catch block at 0xc3 in for 0xa1
02-11 08:59:19.808 25888 25888 E ArmVmp : Match on catch block at 0xc3 in for 0xa5
02-11 08:59:19.814 25888 25888 E ArmVmp : Match on catch block at 0xc3 in for 0xa9
02-11 08:59:19.827 25888 25888 E ArmVmp : Match on catch block at 0xc3 in for 0xa9
02-11 08:59:19.832 25888 25888 E ArmVmp : Match on catch block at 0xc3 in for 0xa1
02-11 08:59:19.845 25888 25888 E ArmVmp : Match on catch block at 0xc3 in for 0xa1
02-11 08:59:19.850 25888 25888 E ArmVmp : Match on catch block at 0xc3 in for 0xa5
02-11 08:59:19.877 25888 25888 E ArmVmp : Match on catch block at 0xc3 in for 0xa5
02-11 08:59:19.882 25888 25888 E ArmVmp : Match on catch block at 0xc3 in for 0xa9
02-11 08:59:19.891 25888 25888 E ArmVmp : Match on catch block at 0xc3 in for 0xa9
02-11 08:59:19.897 25888 25888 E ArmVmp : Match on catch block at 0xc3 in for 0xa1
02-11 08:59:19.929 25888 25888 E ArmVmp : Match on catch block at 0xc3 in for 0xa5
02-11 08:59:19.934 25888 25888 E ArmVmp : Match on catch block at 0xc3 in for 0xa9
02-11 08:59:19.960 25888 25888 E ArmVmp : Match on catch block at 0xc3 in for 0xa9
02-11 08:59:19.964 25888 25888 E ArmVmp : Match on catch block at 0xc3 in for 0xa1
02-11 08:59:19.977 25888 25888 E ArmVmp : Match on catch block at 0xc3 in for 0xa9
02-11 08:59:19.983 25888 25888 E ArmVmp : Match on catch block at 0xc3 in for 0xa1
02-11 08:59:19.998 25888 25888 E ArmVmp : Match on catch block at 0xc3 in for 0xa9
02-11 08:59:20.003 25888 25888 E ArmVmp : Match on catch block at 0xc3 in for 0xa1
02-11 08:59:20.013 25888 25888 E ArmVmp : Match on catch block at 0xc3 in for 0xa5
02-11 08:59:20.018 25888 25888 E ArmVmp : Match on catch block at 0xc3 in for 0xa9
02-11 08:59:20.046 25888 25888 E ArmVmp : Match on catch block at 0xc3 in for 0xa9
02-11 08:59:20.051 25888 25888 E ArmVmp : Match on catch block at 0xc3 in for 0xa1
02-11 08:59:20.064 25888 25888 E ArmVmp : Match on catch block at 0xc3 in for 0xa9
02-11 08:59:20.070 25888 25888 E ArmVmp : Match on catch block at 0xc3 in for 0xa1
02-11 08:59:20.081 25888 25888 E ArmVmp : Match on catch block at 0xc3 in for 0xa1
02-11 08:59:20.087 25888 25888 E ArmVmp : Match on catch block at 0xc3 in for 0xa5
02-11 08:59:20.116 25888 25888 E ArmVmp : Match on catch block at 0xc3 in for 0xa5
02-11 08:59:20.122 25888 25888 E ArmVmp : Match on catch block at 0xc3 in for 0xa9
02-11 08:59:20.155 25888 25888 E ArmVmp : Match on catch block at 0xc3 in for 0xa5
02-11 08:59:20.160 25888 25888 E ArmVmp : Match on catch block at 0xc3 in for 0xa9
02-11 08:59:20.183 25888 25888 E ArmVmp : Match on catch block at 0xc3 in for 0xa5
02-11 08:59:20.189 25888 25888 E ArmVmp : Match on catch block at 0xc3 in for 0xa9
02-11 08:59:20.199 25888 25888 E ArmVmp : Match on catch block at 0xc3 in for 0xa9
02-11 08:59:20.203 25888 25888 E ArmVmp : Match on catch block at 0xc3 in for 0xa1
02-11 08:59:20.239 25888 25888 E ArmVmp : Match on catch block at 0xc3 in for 0xa9
02-11 08:59:20.244 25888 25888 E ArmVmp : Match on catch block at 0xc3 in for 0xa1
02-11 08:59:20.253 25888 25888 E ArmVmp : Match on catch block at 0xc3 in for 0xa5
02-11 08:59:20.259 25888 25888 E ArmVmp : Match on catch block at 0xc3 in for 0xa9
02-11 08:59:20.293 25888 25888 E ArmVmp : Match on catch block at 0xc3 in for 0xa5
02-11 08:59:20.298 25888 25888 E ArmVmp : Match on catch block at 0xc3 in for 0xa9
02-11 08:59:20.356 25888 25888 E ArmVmp : Match on catch block at 0xc3 in for 0xa9
02-11 08:59:20.359 25888 25888 E ArmVmp : Match on catch block at 0xc3 in for 0xa1
02-11 08:59:20.393 25888 25888 E ArmVmp : Match on catch block at 0xc3 in for 0xa9
02-11 08:59:20.397 25888 25888 E ArmVmp : Match on catch block at 0xc3 in for 0xa1
02-11 08:59:20.409 25888 25888 E ArmVmp : Match on catch block at 0xc3 in for 0xa5
02-11 08:59:20.415 25888 25888 E ArmVmp : Match on catch block at 0xc3 in for 0xa9
02-11 08:59:20.435 25888 25888 E ArmVmp : Match on catch block at 0xc3 in for 0xa1
02-11 08:59:20.441 25888 25888 E ArmVmp : Match on catch block at 0xc3 in for 0xa5
02-11 08:59:20.472 25888 25888 E ArmVmp : Match on catch block at 0xc3 in for 0xa5
02-11 08:59:20.477 25888 25888 E ArmVmp : Match on catch block at 0xc3 in for 0xa9
02-11 08:59:20.518 25888 25888 E ArmVmp : Match on catch block at 0xc3 in for 0xa5
02-11 08:59:20.523 25888 25888 E ArmVmp : Match on catch block at 0xc3 in for 0xa9
02-11 08:59:20.523 25888 26223 E : nFreeSize: 2794958848
02-11 08:59:20.533 25888 25888 E ArmVmp : Match on catch block at 0xc3 in for 0xa1
02-11 08:59:20.538 25888 25888 E ArmVmp : Match on catch block at 0xc3 in for 0xa5
02-11 08:59:20.552 25888 25888 E ArmVmp : Match on catch block at 0xc3 in for 0xa9
02-11 08:59:20.557 25888 25888 E ArmVmp : Match on catch block at 0xc3 in for 0xa1
02-11 08:59:20.591 25888 25888 E ArmVmp : Match on catch block at 0xc3 in for 0xa1
02-11 08:59:20.596 25888 25888 E ArmVmp : Match on catch block at 0xc3 in for 0xa5
02-11 08:59:20.604 25888 25888 E ArmVmp : Match on catch block at 0xc3 in for 0xa9
02-11 08:59:20.609 25888 25888 E ArmVmp : Match on catch block at 0xc3 in for 0xa1
02-11 08:59:20.624 25888 25888 E ArmVmp : Match on catch block at 0xc3 in for 0xa9
02-11 08:59:20.629 25888 25888 E ArmVmp : Match on catch block at 0xc3 in for 0xa1
02-11 08:59:20.643 25888 25888 E ArmVmp : Match on catch block at 0xc3 in for 0xa1
02-11 08:59:20.647 25888 25888 E ArmVmp : Match on catch block at 0xc3 in for 0xa5
02-11 08:59:20.662 25888 25888 E ArmVmp : Match on catch block at 0xc3 in for 0xa5
02-11 08:59:20.667 25888 25888 E ArmVmp : Match on catch block at 0xc3 in for 0xa9
02-11 08:59:20.681 25888 25888 E ArmVmp : Match on catch block at 0xc3 in for 0xa9
02-11 08:59:20.686 25888 25888 E ArmVmp : Match on catch block at 0xc3 in for 0xa1
02-11 08:59:20.700 25888 25888 E ArmVmp : Match on catch block at 0xc3 in for 0xa1
02-11 08:59:20.706 25888 25888 E ArmVmp : Match on catch block at 0xc3 in for 0xa5
02-11 08:59:20.738 25888 25888 E ArmVmp : Match on catch block at 0xc3 in for 0xa1
02-11 08:59:20.743 25888 25888 E ArmVmp : Match on catch block at 0xc3 in for 0xa5
02-11 08:59:20.779 25888 25888 E ArmVmp : Match on catch block at 0xc3 in for 0xa9
02-11 08:59:20.783 25888 25888 E ArmVmp : Match on catch block at 0xc3 in for 0xa1
02-11 08:59:20.794 25888 25888 E ArmVmp : Match on catch block at 0xc3 in for 0xa5
02-11 08:59:20.800 25888 25888 E ArmVmp : Match on catch block at 0xc3 in for 0xa9
02-11 08:59:20.815 25888 25888 E ArmVmp : Match on catch block at 0xc3 in for 0xa9
02-11 08:59:20.822 25888 25888 E ArmVmp : Match on catch block at 0xc3 in for 0xa1
02-11 08:59:20.879 25888 25888 E ArmVmp : Match on catch block at 0xc3 in for 0xa9
02-11 08:59:20.884 25888 25888 E ArmVmp : Match on catch block at 0xc3 in for 0xa1
02-11 08:59:20.895 25888 25888 E ArmVmp : Match on catch block at 0xc3 in for 0xa5
02-11 08:59:20.901 25888 25888 E ArmVmp : Match on catch block at 0xc3 in for 0xa9
02-11 08:59:20.915 25888 25888 E ArmVmp : Match on catch block at 0xc3 in for 0xa9
02-11 08:59:20.921 25888 25888 E ArmVmp : Match on catch block at 0xc3 in for 0xa1
02-11 08:59:20.959 25888 25888 E ArmVmp : Match on catch block at 0xc3 in for 0xa9
02-11 08:59:20.965 25888 25888 E ArmVmp : Match on catch block at 0xc3 in for 0xa1
02-11 08:59:20.977 25888 25888 E ArmVmp : Match on catch block at 0xc3 in for 0xa5
02-11 08:59:20.982 25888 25888 E ArmVmp : Match on catch block at 0xc3 in for 0xa9
02-11 08:59:20.997 25888 25888 E ArmVmp : Match on catch block at 0xc3 in for 0xa1
02-11 08:59:21.001 25888 25888 E ArmVmp : Match on catch block at 0xc3 in for 0xa5
02-11 08:59:21.016 25888 25888 E ArmVmp : Match on catch block at 0xc3 in for 0xa9
02-11 08:59:21.021 25888 25888 E ArmVmp : Match on catch block at 0xc3 in for 0xa1
02-11 08:59:21.069 25888 25888 E ArmVmp : Match on catch block at 0xc3 in for 0xa1
02-11 08:59:21.074 25888 25888 E ArmVmp : Match on catch block at 0xc3 in for 0xa5
02-11 08:59:21.084 25888 25888 E ArmVmp : Match on catch block at 0xc3 in for 0xa9
02-11 08:59:21.089 25888 25888 E ArmVmp : Match on catch block at 0xc3 in for 0xa1
02-11 08:59:21.104 25888 25888 E ArmVmp : Match on catch block at 0xc3 in for 0xa1
02-11 08:59:21.108 25888 25888 E ArmVmp : Match on catch block at 0xc3 in for 0xa5
02-11 08:59:21.119 25888 25888 E ArmVmp : Match on catch block at 0xc3 in for 0xa9
02-11 08:59:21.123 25888 25888 E ArmVmp : Match on catch block at 0xc3 in for 0xa1
02-11 08:59:21.136 25888 25888 E ArmVmp : Match on catch block at 0xc3 in for 0xa5
02-11 08:59:21.140 25888 25888 E ArmVmp : Match on catch block at 0xc3 in for 0xa9
02-11 08:59:21.153 25888 25888 E ArmVmp : Match on catch block at 0xc3 in for 0xa1
02-11 08:59:21.158 25888 25888 E ArmVmp : Match on catch block at 0xc3 in for 0xa5
02-11 08:59:21.184 25888 25888 E ArmVmp : Match on catch block at 0xc3 in for 0xa1
02-11 08:59:21.188 25888 25888 E ArmVmp : Match on catch block at 0xc3 in for 0xa5
