02-11 07:05:16.066 27568 27568 E ArmVmp : Match on catch block at 0xc3 in for 0xa5
02-11 07:05:16.073 27568 27568 E ArmVmp : Match on catch block at 0xc3 in for 0xa5
02-11 07:05:16.080 27568 27568 E ArmVmp : Match on catch block at 0xc3 in for 0xa9
02-11 07:05:16.093 27568 27568 E ArmVmp : Match on catch block at 0xc3 in for 0xa9
02-11 07:05:16.099 27568 27568 E ArmVmp : Match on catch block at 0xc3 in for 0xa1
02-11 07:05:16.111 27568 27568 E ArmVmp : Match on catch block at 0xc3 in for 0xa1
02-11 07:05:16.116 27568 27568 E ArmVmp : Match on catch block at 0xc3 in for 0xa5
02-11 07:05:16.129 27568 27568 E ArmVmp : Match on catch block at 0xc3 in for 0xa5
02-11 07:05:16.134 27568 27568 E ArmVmp : Match on catch block at 0xc3 in for 0xa9
02-11 07:05:16.147 27568 27568 E ArmVmp : Match on catch block at 0xc3 in for 0xa9
02-11 07:05:16.153 27568 27568 E ArmVmp : Match on catch block at 0xc3 in for 0xa1
02-11 07:05:18.837 27568 27686 E : nFreeSize: 2857279488
02-11 07:05:18.840 27568 27686 E : nFreeSize: 2857279488
02-11 07:05:18.867 27568 27568 W StaticLayout: maxLineHeight should not be -1.
maxLines:1 lineCount:1
02-11 07:05:18.868 27568 27568 W StaticLayout: maxLineHeight should not be -1.
maxLines:1 lineCount:1
02-11 07:05:18.869 27568 27568 W StaticLayout: maxLineHeight should not be -1.
maxLines:1 lineCount:1
02-11 07:05:18.873 27568 27568 W StaticLayout: maxLineHeight should not be -1.
maxLines:1 lineCount:1
02-11 07:05:18.874 27568 27568 W StaticLayout: maxLineHeight should not be -1.
maxLines:1 lineCount:1
02-11 07:05:18.894 27568 27568 E ArmVmp : Match on catch block at 0xc3 in for 0xa5
02-11 07:05:18.899 27568 27568 E ArmVmp : Match on catch block at 0xc3 in for 0xa9
02-11 07:05:18.948 27568 27568 E ArmVmp : Match on catch block at 0xc3 in for 0xa5
02-11 07:05:18.956 27568 27568 E ArmVmp : Match on catch block at 0xc3 in for 0xa9
02-11 07:05:19.075 27568 27568 W StaticLayout: maxLineHeight should not be -1.
maxLines:1 lineCount:1
02-11 07:05:19.080 27568 27568 W StaticLayout: maxLineHeight should not be -1.
maxLines:1 lineCount:1
02-11 07:05:19.093 27568 27568 E ArmVmp : Match on catch block at 0xc3 in for 0xa5
02-11 07:05:19.097 27568 27568 E ArmVmp : Match on catch block at 0xc3 in for 0xa9
02-11 07:05:19.117 27568 27568 W StaticLayout: maxLineHeight should not be -1.
maxLines:1 lineCount:1
02-11 07:05:19.118 27568 27568 W StaticLayout: maxLineHeight should not be -1.
maxLines:1 lineCount:1
02-11 07:05:19.119 27568 27568 W StaticLayout: maxLineHeight should not be -1.
maxLines:1 lineCount:1
02-11 07:05:19.123 27568 27568 W StaticLayout: maxLineHeight should not be -1.
maxLines:1 lineCount:1
02-11 07:05:19.128 27568 27568 E ArmVmp : Match on catch block at 0xc3 in for 0xa9
02-11 07:05:19.133 27568 27568 E ArmVmp : Match on catch block at 0xc3 in for 0xa1
02-11 07:05:19.140 27568 27568 E ArmVmp : Match on catch block at 0xc3 in for 0xa1
02-11 07:05:19.145 27568 27568 E ArmVmp : Match on catch block at 0xc3 in for 0xa5
02-11 07:05:19.186 27568 28063 W PlayerBase: baseStop state not match:4
02-11 07:05:19.553 27568 27568 E ArmVmp : Match on catch block at 0xc3 in for 0xa9
02-11 07:05:19.557 27568 27568 E ArmVmp : Match on catch block at 0xc3 in for 0xa1
02-11 07:05:19.746 27568 27568 E ArmVmp : Match on catch block at 0xc3 in for 0xa5
02-11 07:05:19.751 27568 27568 E ArmVmp : Match on catch block at 0xc3 in for 0xa9
02-11 07:05:19.760 27568 27568 E ArmVmp : Match on catch block at 0xc3 in for 0xa9
02-11 07:05:19.767 27568 27568 E ArmVmp : Match on catch block at 0xc3 in for 0xa1
02-11 07:05:19.784 27568 27568 E ArmVmp : Match on catch block at 0xc3 in for 0xa1
02-11 07:05:19.790 27568 27568 E ArmVmp : Match on catch block at 0xc3 in for 0xa5
02-11 07:05:19.829 27568 27568 E ArmVmp : Match on catch block at 0xc3 in for 0xa9
02-11 07:05:19.833 27568 27568 E ArmVmp : Match on catch block at 0xc3 in for 0xa1
02-11 07:05:19.843 27568 27568 E ArmVmp : Match on catch block at 0xc3 in for 0xa1
02-11 07:05:19.850 27568 27568 E ArmVmp : Match on catch block at 0xc3 in for 0xa5
02-11 07:05:19.880 27568 27568 E ArmVmp : Match on catch block at 0xc3 in for 0xa5
02-11 07:05:19.885 27568 27568 E ArmVmp : Match on catch block at 0xc3 in for 0xa9
02-11 07:05:19.895 27568 27568 E ArmVmp : Match on catch block at 0xc3 in for 0xa9
02-11 07:05:19.900 27568 27568 E ArmVmp : Match on catch block at 0xc3 in for 0xa1
02-11 07:05:19.915 27568 27568 E ArmVmp : Match on catch block at 0xc3 in for 0xa1
02-11 07:05:19.921 27568 27568 E ArmVmp : Match on catch block at 0xc3 in for 0xa5
02-11 07:05:19.935 27568 27568 E ArmVmp : Match on catch block at 0xc3 in for 0xa5
02-11 07:05:19.942 27568 27568 E ArmVmp : Match on catch block at 0xc3 in for 0xa9
02-11 07:05:20.019 27568 27568 E ArmVmp : Match on catch block at 0xc3 in for 0xa9
02-11 07:05:20.025 27568 27568 E ArmVmp : Match on catch block at 0xc3 in for 0xa1
02-11 07:05:20.036 27568 27568 E ArmVmp : Match on catch block at 0xc3 in for 0xa1
02-11 07:05:20.041 27568 27568 E ArmVmp : Match on catch block at 0xc3 in for 0xa5
02-11 07:05:20.070 27568 27568 E ArmVmp : Match on catch block at 0xc3 in for 0xa1
02-11 07:05:20.075 27568 27568 E ArmVmp : Match on catch block at 0xc3 in for 0xa5
02-11 07:05:20.087 27568 27568 E ArmVmp : Match on catch block at 0xc3 in for 0xa5
02-11 07:05:20.092 27568 27568 E ArmVmp : Match on catch block at 0xc3 in for 0xa9
02-11 07:05:20.104 27568 27568 E ArmVmp : Match on catch block at 0xc3 in for 0xa9
02-11 07:05:20.109 27568 27568 E ArmVmp : Match on catch block at 0xc3 in for 0xa1
02-11 07:05:20.124 27568 27568 E ArmVmp : Match on catch block at 0xc3 in for 0xa1
02-11 07:05:20.129 27568 27568 E ArmVmp : Match on catch block at 0xc3 in for 0xa5
02-11 07:05:20.144 27568 27568 E ArmVmp : Match on catch block at 0xc3 in for 0xa5
02-11 07:05:20.148 27568 27568 E ArmVmp : Match on catch block at 0xc3 in for 0xa9
02-11 07:05:20.163 27568 27568 E ArmVmp : Match on catch block at 0xc3 in for 0xa9
02-11 07:05:20.168 27568 27568 E ArmVmp : Match on catch block at 0xc3 in for 0xa1
02-11 07:05:20.174 27568 27568 E ArmVmp : Match on catch block at 0xc3 in for 0xa1
02-11 07:05:20.178 27568 27568 E ArmVmp : Match on catch block at 0xc3 in for 0xa5
02-11 07:05:20.185 27568 27568 E ArmVmp : Match on catch block at 0xc3 in for 0xa5
02-11 07:05:20.189 27568 27568 E ArmVmp : Match on catch block at 0xc3 in for 0xa9
02-11 07:05:20.202 27568 27568 E ArmVmp : Match on catch block at 0xc3 in for 0xa9
02-11 07:05:20.206 27568 27568 E ArmVmp : Match on catch block at 0xc3 in for 0xa1
02-11 07:05:20.218 27568 27568 E ArmVmp : Match on catch block at 0xc3 in for 0xa1
02-11 07:05:20.223 27568 27568 E ArmVmp : Match on catch block at 0xc3 in for 0xa5
02-11 07:05:20.235 27568 27568 E ArmVmp : Match on catch block at 0xc3 in for 0xa5
02-11 07:05:20.240 27568 27568 E ArmVmp : Match on catch block at 0xc3 in for 0xa9
02-11 07:05:20.251 27568 27568 E ArmVmp : Match on catch block at 0xc3 in for 0xa9
02-11 07:05:20.256 27568 27568 E ArmVmp : Match on catch block at 0xc3 in for 0xa1
02-11 07:05:20.268 27568 27568 E ArmVmp : Match on catch block at 0xc3 in for 0xa1
02-11 07:05:20.272 27568 27568 E ArmVmp : Match on catch block at 0xc3 in for 0xa5
02-11 07:05:20.285 27568 27568 E ArmVmp : Match on catch block at 0xc3 in for 0xa5
02-11 07:05:20.289 27568 27568 E ArmVmp : Match on catch block at 0xc3 in for 0xa9
02-11 07:05:20.301 27568 27568 E ArmVmp : Match on catch block at 0xc3 in for 0xa9
02-11 07:05:20.306 27568 27568 E ArmVmp : Match on catch block at 0xc3 in for 0xa1
02-11 07:05:20.318 27568 27568 E ArmVmp : Match on catch block at 0xc3 in for 0xa1
02-11 07:05:20.322 27568 27568 E ArmVmp : Match on catch block at 0xc3 in for 0xa5
02-11 07:05:20.335 27568 27568 E ArmVmp : Match on catch block at 0xc3 in for 0xa1
02-11 07:05:20.339 27568 27568 E ArmVmp : Match on catch block at 0xc3 in for 0xa5
02-11 07:05:20.352 27568 27568 E ArmVmp : Match on catch block at 0xc3 in for 0xa5
02-11 07:05:20.356 27568 27568 E ArmVmp : Match on catch block at 0xc3 in for 0xa9
02-11 07:05:20.368 27568 27568 E ArmVmp : Match on catch block at 0xc3 in for 0xa9
02-11 07:05:20.372 27568 27568 E ArmVmp : Match on catch block at 0xc3 in for 0xa1
02-11 07:05:20.395 27568 27568 E ArmVmp : Match on catch block at 0xc3 in for 0xa5
02-11 07:05:20.399 27568 27568 E ArmVmp : Match on catch block at 0xc3 in for 0xa9
02-11 07:05:20.409 27568 27568 E ArmVmp : Match on catch block at 0xc3 in for 0xa9
02-11 07:05:20.414 27568 27568 E ArmVmp : Match on catch block at 0xc3 in for 0xa1
02-11 07:05:20.473 27568 27568 E ArmVmp : Match on catch block at 0xc3 in for 0xa9
02-11 07:05:20.476 27568 27568 E ArmVmp : Match on catch block at 0xc3 in for 0xa1
02-11 07:05:20.520 27568 27568 E ArmVmp : Match on catch block at 0xc3 in for 0xa5
02-11 07:05:20.524 27568 27568 E ArmVmp : Match on catch block at 0xc3 in for 0xa9
02-11 07:05:20.557 27568 27568 E ArmVmp : Match on catch block at 0xc3 in for 0xa1
02-11 07:05:20.561 27568 27568 E ArmVmp : Match on catch block at 0xc3 in for 0xa5
02-11 07:05:20.597 27568 27568 E ArmVmp : Match on catch block at 0xc3 in for 0xa9
02-11 07:05:20.601 27568 27568 E ArmVmp : Match on catch block at 0xc3 in for 0xa1
02-11 07:05:20.613 27568 27568 E ArmVmp : Match on catch block at 0xc3 in for 0xa1
02-11 07:05:20.618 27568 27568 E ArmVmp : Match on catch block at 0xc3 in for 0xa5
02-11 07:05:20.633 27568 27568 E ArmVmp : Match on catch block at 0xc3 in for 0xa5
02-11 07:05:20.638 27568 27568 E ArmVmp : Match on catch block at 0xc3 in for 0xa9
02-11 07:05:20.669 27568 27568 E ArmVmp : Match on catch block at 0xc3 in for 0xa5
02-11 07:05:20.673 27568 27568 E ArmVmp : Match on catch block at 0xc3 in for 0xa9
02-11 07:05:20.681 27568 27568 E ArmVmp : Match on catch block at 0xc3 in for 0xa1
02-11 07:05:20.686 27568 27568 E ArmVmp : Match on catch block at 0xc3 in for 0xa5
02-11 07:05:20.704 27568 27568 E ArmVmp : Match on catch block at 0xc3 in for 0xa5
02-11 07:05:20.709 27568 27568 E ArmVmp : Match on catch block at 0xc3 in for 0xa9
02-11 07:05:20.718 27568 27568 E ArmVmp : Match on catch block at 0xc3 in for 0xa9
02-11 07:05:20.723 27568 27568 E ArmVmp : Match on catch block at 0xc3 in for 0xa1
02-11 07:05:20.735 27568 27568 E ArmVmp : Match on catch block at 0xc3 in for 0xa1
02-11 07:05:20.740 27568 27568 E ArmVmp : Match on catch block at 0xc3 in for 0xa5
02-11 07:05:20.754 27568 27568 E ArmVmp : Match on catch block at 0xc3 in for 0xa5
02-11 07:05:20.758 27568 27568 E ArmVmp : Match on catch block at 0xc3 in for 0xa9
02-11 07:05:20.777 27568 27568 E ArmVmp : Match on catch block at 0xc3 in for 0xa5
02-11 07:05:20.782 27568 27568 E ArmVmp : Match on catch block at 0xc3 in for 0xa9
02-11 07:05:20.801 27568 27568 E ArmVmp : Match on catch block at 0xc3 in for 0xa9
02-11 07:05:20.806 27568 27568 E ArmVmp : Match on catch block at 0xc3 in for 0xa1
02-11 07:05:20.818 27568 27568 E ArmVmp : Match on catch block at 0xc3 in for 0xa1
02-11 07:05:20.822 27568 27568 E ArmVmp : Match on catch block at 0xc3 in for 0xa5
02-11 07:05:20.855 27568 27568 E ArmVmp : Match on catch block at 0xc3 in for 0xa5
02-11 07:05:20.858 27568 27568 E ArmVmp : Match on catch block at 0xc3 in for 0xa9
02-11 07:05:20.871 27568 27568 E ArmVmp : Match on catch block at 0xc3 in for 0xa5
02-11 07:05:20.876 27568 27568 E ArmVmp : Match on catch block at 0xc3 in for 0xa9
02-11 07:05:20.891 27568 27568 E ArmVmp : Match on catch block at 0xc3 in for 0xa5
02-11 07:05:20.896 27568 27568 E ArmVmp : Match on catch block at 0xc3 in for 0xa9
02-11 07:05:20.902 27568 27568 E ArmVmp : Match on catch block at 0xc3 in for 0xa1
02-11 07:05:20.907 27568 27568 E ArmVmp : Match on catch block at 0xc3 in for 0xa5
02-11 07:05:20.919 27568 27568 E ArmVmp : Match on catch block at 0xc3 in for 0xa9
02-11 07:05:20.924 27568 27568 E ArmVmp : Match on catch block at 0xc3 in for 0xa1
02-11 07:05:20.935 27568 27568 E ArmVmp : Match on catch block at 0xc3 in for 0xa5
02-11 07:05:20.939 27568 27568 E ArmVmp : Match on catch block at 0xc3 in for 0xa9
02-11 07:05:20.951 27568 27568 E ArmVmp : Match on catch block at 0xc3 in for 0xa1
02-11 07:05:20.957 27568 27568 E ArmVmp : Match on catch block at 0xc3 in for 0xa5
02-11 07:05:20.968 27568 27568 E ArmVmp : Match on catch block at 0xc3 in for 0xa9
02-11 07:05:20.972 27568 27568 E ArmVmp : Match on catch block at 0xc3 in for 0xa1
02-11 07:05:20.984 27568 27568 E ArmVmp : Match on catch block at 0xc3 in for 0xa5
02-11 07:05:20.989 27568 27568 E ArmVmp : Match on catch block at 0xc3 in for 0xa9
02-11 07:05:21.001 27568 27568 E ArmVmp : Match on catch block at 0xc3 in for 0xa1
02-11 07:05:21.006 27568 27568 E ArmVmp : Match on catch block at 0xc3 in for 0xa5
02-11 07:05:21.018 27568 27568 E ArmVmp : Match on catch block at 0xc3 in for 0xa9
02-11 07:05:21.022 27568 27568 E ArmVmp : Match on catch block at 0xc3 in for 0xa1
02-11 07:05:21.035 27568 27568 E ArmVmp : Match on catch block at 0xc3 in for 0xa5
02-11 07:05:21.039 27568 27568 E ArmVmp : Match on catch block at 0xc3 in for 0xa9
02-11 07:05:21.052 27568 27568 E ArmVmp : Match on catch block at 0xc3 in for 0xa1
02-11 07:05:21.056 27568 27568 E ArmVmp : Match on catch block at 0xc3 in for 0xa5
02-11 07:05:21.069 27568 27568 E ArmVmp : Match on catch block at 0xc3 in for 0xa9
02-11 07:05:21.074 27568 27568 E ArmVmp : Match on catch block at 0xc3 in for 0xa1
02-11 07:05:21.085 27568 27568 E ArmVmp : Match on catch block at 0xc3 in for 0xa5
02-11 07:05:21.090 27568 27568 E ArmVmp : Match on catch block at 0xc3 in for 0xa9
02-11 07:05:21.102 27568 27568 E ArmVmp : Match on catch block at 0xc3 in for 0xa5
02-11 07:05:21.107 27568 27568 E ArmVmp : Match on catch block at 0xc3 in for 0xa9
02-11 07:05:21.118 27568 27568 E ArmVmp : Match on catch block at 0xc3 in for 0xa9
02-11 07:05:21.123 27568 27568 E ArmVmp : Match on catch block at 0xc3 in for 0xa1
02-11 07:05:21.136 27568 27568 E ArmVmp : Match on catch block at 0xc3 in for 0xa1
02-11 07:05:21.140 27568 27568 E ArmVmp : Match on catch block at 0xc3 in for 0xa5
02-11 07:05:21.152 27568 27568 E ArmVmp : Match on catch block at 0xc3 in for 0xa5
02-11 07:05:21.161 27568 27568 E ArmVmp : Match on catch block at 0xc3 in for 0xa9
02-11 07:05:21.172 27568 27568 E ArmVmp : Match on catch block at 0xc3 in for 0xa9
02-11 07:05:21.177 27568 27568 E ArmVmp : Match on catch block at 0xc3 in for 0xa1
02-11 07:05:21.191 27568 27568 E ArmVmp : Match on catch block at 0xc3 in for 0xa1
02-11 07:05:21.196 27568 27568 E ArmVmp : Match on catch block at 0xc3 in for 0xa5
02-11 07:05:21.208 27568 27568 E ArmVmp : Match on catch block at 0xc3 in for 0xa5
02-11 07:05:21.213 27568 27568 E ArmVmp : Match on catch block at 0xc3 in for 0xa9
02-11 07:05:21.225 27568 27568 E ArmVmp : Match on catch block at 0xc3 in for 0xa9
02-11 07:05:21.230 27568 27568 E ArmVmp : Match on catch block at 0xc3 in for 0xa1
02-11 07:05:21.243 27568 27568 E ArmVmp : Match on catch block at 0xc3 in for 0xa1
02-11 07:05:21.248 27568 27568 E ArmVmp : Match on catch block at 0xc3 in for 0xa5
02-11 07:05:21.261 27568 27568 E ArmVmp : Match on catch block at 0xc3 in for 0xa5
02-11 07:05:21.266 27568 27568 E ArmVmp : Match on catch block at 0xc3 in for 0xa9
02-11 07:05:21.284 27568 27568 E ArmVmp : Match on catch block at 0xc3 in for 0xa9
02-11 07:05:21.290 27568 27568 E ArmVmp : Match on catch block at 0xc3 in for 0xa1
02-11 07:05:21.301 27568 27568 E ArmVmp : Match on catch block at 0xc3 in for 0xa1
02-11 07:05:21.307 27568 27568 E ArmVmp : Match on catch block at 0xc3 in for 0xa5
02-11 07:05:21.317 27568 27568 E ArmVmp : Match on catch block at 0xc3 in for 0xa5
02-11 07:05:21.323 27568 27568 E ArmVmp : Match on catch block at 0xc3 in for 0xa9
02-11 07:05:21.334 27568 27568 E ArmVmp : Match on catch block at 0xc3 in for 0xa9
02-11 07:05:21.340 27568 27568 E ArmVmp : Match on catch block at 0xc3 in for 0xa1
02-11 07:05:21.650 27568 27568 E ArmVmp : Match on catch block at 0xc3 in for 0xa1
02-11 07:05:21.655 27568 27568 E ArmVmp : Match on catch block at 0xc3 in for 0xa5
02-11 07:05:22.150 27568 27568 E ArmVmp : Match on catch block at 0xc3 in for 0xa1
02-11 07:05:22.154 27568 27568 E ArmVmp : Match on catch block at 0xc3 in for 0xa5
02-11 07:05:22.649 27568 27568 E ArmVmp : Match on catch block at 0xc3 in for 0xa5
02-11 07:05:22.653 27568 27568 E ArmVmp : Match on catch block at 0xc3 in for 0xa9
02-11 07:05:23.149 27568 27568 E ArmVmp : Match on catch block at 0xc3 in for 0xa9
02-11 07:05:23.153 27568 27568 E ArmVmp : Match on catch block at 0xc3 in for 0xa1
02-11 07:05:23.549 27568 27667 E : nFreeSize: 2857275392
02-11 07:05:23.649 27568 27568 E ArmVmp : Match on catch block at 0xc3 in for 0xa5
02-11 07:05:23.653 27568 27568 E ArmVmp : Match on catch block at 0xc3 in for 0xa9
02-11 07:05:24.148 27568 27568 E ArmVmp : Match on catch block at 0xc3 in for 0xa1
02-11 07:05:24.152 27568 27568 E ArmVmp : Match on catch block at 0xc3 in for 0xa5
02-11 07:05:24.499 27568 27686 E : nFreeSize: 2857308160
02-11 07:05:24.501 27568 27686 E : nFreeSize: 2857308160
02-11 07:05:24.647 27568 27568 E ArmVmp : Match on catch block at 0xc3 in for 0xa5
02-11 07:05:24.651 27568 27568 E ArmVmp : Match on catch block at 0xc3 in for 0xa9
02-11 07:05:25.147 27568 27568 E ArmVmp : Match on catch block at 0xc3 in for 0xa9
02-11 07:05:25.151 27568 27568 E ArmVmp : Match on catch block at 0xc3 in for 0xa1
02-11 07:05:25.647 27568 27568 E ArmVmp : Match on catch block at 0xc3 in for 0xa1
02-11 07:05:25.653 27568 27568 E ArmVmp : Match on catch block at 0xc3 in for 0xa5
02-11 07:05:26.146 27568 27568 E ArmVmp : Match on catch block at 0xc3 in for 0xa5
02-11 07:05:26.150 27568 27568 E ArmVmp : Match on catch block at 0xc3 in for 0xa9
02-11 07:05:26.663 27568 27568 E ArmVmp : Match on catch block at 0xc3 in for 0xa9
02-11 07:05:26.666 27568 27568 E ArmVmp : Match on catch block at 0xc3 in for 0xa1
02-11 07:05:27.162 27568 27568 E ArmVmp : Match on catch block at 0xc3 in for 0xa1
02-11 07:05:27.166 27568 27568 E ArmVmp : Match on catch block at 0xc3 in for 0xa5
02-11 07:05:27.662 27568 27568 E ArmVmp : Match on catch block at 0xc3 in for 0xa5
02-11 07:05:27.666 27568 27568 E ArmVmp : Match on catch block at 0xc3 in for 0xa9
02-11 07:05:28.161 27568 27568 E ArmVmp : Match on catch block at 0xc3 in for 0xa9
02-11 07:05:28.165 27568 27568 E ArmVmp : Match on catch block at 0xc3 in for 0xa1
02-11 07:05:28.661 27568 27568 E ArmVmp : Match on catch block at 0xc3 in for 0xa1
02-11 07:05:28.665 27568 27568 E ArmVmp : Match on catch block at 0xc3 in for 0xa5
02-11 07:05:29.160 27568 27568 E ArmVmp : Match on catch block at 0xc3 in for 0xa5
02-11 07:05:29.167 27568 27568 E ArmVmp : Match on catch block at 0xc3 in for 0xa9
02-11 07:05:29.660 27568 27568 E ArmVmp : Match on catch block at 0xc3 in for 0xa9
02-11 07:05:29.664 27568 27568 E ArmVmp : Match on catch block at 0xc3 in for 0xa1
02-11 07:05:30.159 27568 27568 E ArmVmp : Match on catch block at 0xc3 in for 0xa1
02-11 07:05:30.163 27568 27568 E ArmVmp : Match on catch block at 0xc3 in for 0xa5
02-11 07:05:30.659 27568 27568 E ArmVmp : Match on catch block at 0xc3 in for 0xa5
02-11 07:05:30.662 27568 27568 E ArmVmp : Match on catch block at 0xc3 in for 0xa9
02-11 07:05:30.737 27568 27686 E : nFreeSize: 2857304064
02-11 07:05:30.739 27568 27686 E : nFreeSize: 2857304064
02-11 07:05:31.158 27568 27568 E ArmVmp : Match on catch block at 0xc3 in for 0xa9
02-11 07:05:31.162 27568 27568 E ArmVmp : Match on catch block at 0xc3 in for 0xa1
02-11 07:05:31.658 27568 27568 E ArmVmp : Match on catch block at 0xc3 in for 0xa1
02-11 07:05:31.661 27568 27568 E ArmVmp : Match on catch block at 0xc3 in for 0xa5
02-11 07:05:32.174 27568 27568 E ArmVmp : Match on catch block at 0xc3 in for 0xa5
02-11 07:05:32.179 27568 27568 E ArmVmp : Match on catch block at 0xc3 in for 0xa9
02-11 07:05:32.327 27568 27667 E : nFreeSize: 2857299968
02-11 07:05:32.703 27568 27568 E ArmVmp : Match on catch block at 0xc3 in for 0xa5
02-11 07:05:32.710 27568 27568 E ArmVmp : Match on catch block at 0xc3 in for 0xa9
02-11 07:05:32.722 27568 27568 E ArmVmp : Match on catch block at 0xc3 in for 0xa9
02-11 07:05:32.728 27568 27568 E ArmVmp : Match on catch block at 0xc3 in for 0xa1
02-11 07:05:32.760 27568 27568 E ArmVmp : Match on catch block at 0xc3 in for 0xa9
02-11 07:05:32.765 27568 27568 E ArmVmp : Match on catch block at 0xc3 in for 0xa1
02-11 07:05:32.896 27568 27568 E ArmVmp : Match on catch block at 0xc3 in for 0xa9
02-11 07:05:32.899 27568 27568 E ArmVmp : Match on catch block at 0xc3 in for 0xa1
02-11 07:05:32.923 27568 27751 E : nFreeSize: 2857299968
02-11 07:05:32.930 27568 27751 E : nFreeSize: 2857299968
02-11 07:05:33.019 27568 27568 E ArmVmp : Match on catch block at 0xc3 in for 0xa1
02-11 07:05:33.023 27568 27568 E ArmVmp : Match on catch block at 0xc3 in for 0xa5
02-11 07:05:33.217 27568 27686 E : nFreeSize: 2857299968
02-11 07:05:33.219 27568 27686 E : nFreeSize: 2857299968
02-11 07:05:33.462 27568 27908 E SQLiteDatabase: Error inserting media_duration=9
file_path=null transferred=1 thumbnail_height_width_ratio=2.0 face_y=0 face_x=0
trim_from=0 media_caption=null transcoded=0
message_url=https://mmg.whatsapp.net/v/t62.7161-
24/13726193_897947092337571_1063800429204041657_n.enc?ccb=11-
4&oh=01_AdSy2Jn4bDcbVlp9Jq8QXF1sOyzFBPvheNPYuveFEkET9Q&oe=65EF826A&_nc_sid=5e03e0&m
ms3=true first_scan_sidecar=null direct_path=null original_file_hash=null
is_animated_sticker=0 media_name=null has_streaming_sidecar=0
partial_media_enc_hash=null media_key=null multicast_id=null page_count=0
height=864 partial_media_hash=null gif_attribution=0 mute_video=0
autotransfer_retry_enabled=1 first_scan_length=0 trim_to=0
media_key_timestamp=1707603689000 file_size=0 chat_row_id=33
media_job_uuid=0a8f2bbb-fcf5-44f1-8ad0-8b5a0cc3c671 message_row_id=3765
enc_file_hash=yGyjb/8qchZaacGsHNMptiJVXVGu4jU9RmfNoCQjedg=
file_hash=hC72HSVGF5KI2fBdaVFPVSAFOTlnYgI6E79hIEqrU+w= mime_type=video/mp4
media_upload_handle=null suspicious_content=0 width=432 file_length=898086
02-11 07:05:33.462 27568 27908 E SQLiteDatabase:
android.database.sqlite.SQLiteConstraintException: UNIQUE constraint failed:
message_media.message_row_id (code 1555)
02-11 07:05:33.462 27568 27908 E SQLiteDatabase: at
android.database.sqlite.SQLiteConnection.nativeExecuteForLastInsertedRowId(Native
Method)
02-11 07:05:33.462 27568 27908 E SQLiteDatabase: at
android.database.sqlite.SQLiteConnection.executeForLastInsertedRowId(SQLiteConnecti
on.java:806)
02-11 07:05:33.462 27568 27908 E SQLiteDatabase: at
android.database.sqlite.SQLiteSession.executeForLastInsertedRowId(SQLiteSession.jav
a:788)
02-11 07:05:33.462 27568 27908 E SQLiteDatabase: at
android.database.sqlite.SQLiteStatement.executeInsert(SQLiteStatement.java:86)
02-11 07:05:33.462 27568 27908 E SQLiteDatabase: at
android.database.sqlite.SQLiteDatabase.insertWithOnConflict(SQLiteDatabase.java:154
8)
02-11 07:05:33.462 27568 27908 E SQLiteDatabase: at
android.database.sqlite.SQLiteDatabase.insert(SQLiteDatabase.java:1417)
02-11 07:05:33.462 27568 27908 E SQLiteDatabase: at X.2tm.A08(Unknown
Source:6)
02-11 07:05:33.462 27568 27908 E SQLiteDatabase: at X.35Y.A07(Unknown
Source:212)
02-11 07:05:33.462 27568 27908 E SQLiteDatabase: at X.3QF.A0s(Unknown
Source:53)
02-11 07:05:33.462 27568 27908 E SQLiteDatabase: at X.3fl.A00(Unknown
Source:1035)
02-11 07:05:33.462 27568 27908 E SQLiteDatabase: at X.3fl.run(Unknown
Source:28)
02-11 07:05:33.462 27568 27908 E SQLiteDatabase: at
java.util.concurrent.Executors$RunnableAdapter.call(Executors.java:457)
02-11 07:05:33.462 27568 27908 E SQLiteDatabase: at
java.util.concurrent.FutureTask.run(FutureTask.java:266)
02-11 07:05:33.462 27568 27908 E SQLiteDatabase: at
java.util.concurrent.ScheduledThreadPoolExecutor$ScheduledFutureTask.run(ScheduledT
hreadPoolExecutor.java:301)
02-11 07:05:33.462 27568 27908 E SQLiteDatabase: at
java.util.concurrent.ThreadPoolExecutor.runWorker(ThreadPoolExecutor.java:1162)
02-11 07:05:33.462 27568 27908 E SQLiteDatabase: at
java.util.concurrent.ThreadPoolExecutor$Worker.run(ThreadPoolExecutor.java:636)
02-11 07:05:33.462 27568 27908 E SQLiteDatabase: at
java.lang.Thread.run(Thread.java:764)
02-11 07:05:35.976 27568 27568 E : nFreeSize: 2858201088
02-11 07:05:35.985 27568 27568 E : nFreeSize: 2858201088
02-11 07:05:36.872 27568 27568 E : nFreeSize: 2858196992
02-11 07:05:36.877 27568 27568 E : nFreeSize: 2858196992
02-11 07:05:36.886 27568 27568 E : nFreeSize: 2858196992
02-11 07:05:37.206 27568 27736 W ContextImpl: Failed to ensure
/dev/null/Android/data/com.mbwhatsapp/cache: -404
02-11 07:05:37.253 27568 27568 E : nFreeSize: 2858196992
02-11 07:05:37.263 27568 27568 E : nFreeSize: 2858196992
02-11 07:05:37.285 27568 27568 E ArmVmp : Match on catch block at 0x0a in for 0xc9
02-11 07:05:37.292 27568 28092 W System : ClassLoader referenced unknown path:
system/framework/mediatek-cta.jar
02-11 07:05:37.293 27568 27568 E ArmVmp : Match on catch block at 0x0a in for 0xc5
02-11 07:05:37.352 27568 27667 E : nFreeSize: 2858192896
02-11 07:05:37.371 27568 27686 E : nFreeSize: 2858192896
02-11 07:05:37.373 27568 27686 E : nFreeSize: 2858192896
02-11 07:05:37.385 27568 28092 W System : ClassLoader referenced unknown path:
system/framework/mediatek-cta.jar
02-11 07:05:37.923 27568 27568 E ArmVmp : Match on catch block at 0xc3 in for 0xb1
02-11 07:05:37.927 27568 27568 E ArmVmp : Match on catch block at 0xc3 in for 0xb1
02-11 07:05:37.997 27568 27568 E ArmVmp : Match on catch block at 0xc3 in for 0xa9
02-11 07:05:38.001 27568 27568 E ArmVmp : Match on catch block at 0xc3 in for 0xa1
02-11 07:05:38.009 27568 27667 E : nFreeSize: 2858192896
02-11 07:05:38.156 27568 27568 E ArmVmp : Match on catch block at 0xc3 in for 0xa9
02-11 07:05:38.160 27568 27568 E ArmVmp : Match on catch block at 0xc3 in for 0xa1
02-11 07:05:38.207 27568 27568 E ArmVmp : Match on catch block at 0xc3 in for 0xa9
02-11 07:05:38.211 27568 27568 E ArmVmp : Match on catch block at 0xc3 in for 0xa1
02-11 07:05:38.217 27568 27667 E : nFreeSize: 2858188800
02-11 07:05:38.252 27568 27568 E ArmVmp : Match on catch block at 0xc3 in for 0xa1
02-11 07:05:38.256 27568 27568 E ArmVmp : Match on catch block at 0xc3 in for 0xa5
02-11 07:05:38.397 27568 27568 E ArmVmp : Match on catch block at 0xc3 in for 0xa5
02-11 07:05:38.401 27568 27568 E ArmVmp : Match on catch block at 0xc3 in for 0xa9
02-11 07:05:38.550 27568 27674 E : nFreeSize: 2858188800
02-11 07:05:38.551 27568 27568 E : nFreeSize: 2858184704
02-11 07:05:38.556 27568 27568 E : nFreeSize: 2858184704
02-11 07:05:38.572 27568 27568 E ArmVmp : Match on catch block at 0xc3 in for 0xa5
02-11 07:05:38.574 27568 27568 E ArmVmp : Match on catch block at 0xc3 in for 0xa9
02-11 07:05:38.653 27568 27667 E : nFreeSize: 2858184704
02-11 07:05:38.656 27568 27751 E : nFreeSize: 2858184704
02-11 07:05:38.698 27568 27568 E ArmVmp : Match on catch block at 0xc3 in for 0xa5
02-11 07:05:38.701 27568 27568 E ArmVmp : Match on catch block at 0xc3 in for 0xa9
02-11 07:05:38.738 27568 27568 E ArmVmp : Match on catch block at 0xc3 in for 0xa1
02-11 07:05:38.741 27568 27568 E ArmVmp : Match on catch block at 0xc3 in for 0xa5
02-11 07:05:38.751 27568 27568 E ArmVmp : Match on catch block at 0xc3 in for 0xa9
02-11 07:05:38.755 27568 27568 E ArmVmp : Match on catch block at 0xc3 in for 0xa1
02-11 07:05:38.936 27568 27674 E : nFreeSize: 2858188800
02-11 07:05:39.039 27568 27660 E : nFreeSize: 2858184704
02-11 07:05:39.047 27568 27568 E ArmVmp : Match on catch block at 0xc3 in for 0xa9
02-11 07:05:39.050 27568 27568 E ArmVmp : Match on catch block at 0xc3 in for 0xa1
02-11 07:05:39.066 27568 27568 E ArmVmp : Match on catch block at 0xc3 in for 0xa1
02-11 07:05:39.070 27568 27568 E ArmVmp : Match on catch block at 0xc3 in for 0xa5
02-11 07:05:39.252 27568 27568 E ArmVmp : Match on catch block at 0xc3 in for 0xa5
02-11 07:05:39.255 27568 27568 E ArmVmp : Match on catch block at 0xc3 in for 0xa9
02-11 07:05:39.751 27568 27568 E ArmVmp : Match on catch block at 0xc3 in for 0xa9
02-11 07:05:39.754 27568 27568 E ArmVmp : Match on catch block at 0xc3 in for 0xa1
02-11 07:05:39.937 27568 27686 E : nFreeSize: 2858184704
02-11 07:05:39.939 27568 27686 E : nFreeSize: 2858184704
02-11 07:05:40.174 27568 27568 E ArmVmp : Match on catch block at 0xc3 in for 0xa5
02-11 07:05:40.177 27568 27568 E ArmVmp : Match on catch block at 0xc3 in for 0xa9
02-11 07:05:40.189 27568 27568 E ArmVmp : Match on catch block at 0xc3 in for 0xa9
02-11 07:05:40.192 27568 27568 E ArmVmp : Match on catch block at 0xc3 in for 0xa1
02-11 07:05:40.239 27568 27751 E : nFreeSize: 2858184704
02-11 07:05:40.251 27568 27568 E ArmVmp : Match on catch block at 0xc3 in for 0xa1
02-11 07:05:40.255 27568 27568 E ArmVmp : Match on catch block at 0xc3 in for 0xa5
02-11 07:05:40.665 27568 27568 E ArmVmp : Match on catch block at 0xc3 in for 0xa1
02-11 07:05:40.670 27568 27568 E ArmVmp : Match on catch block at 0xc3 in for 0xa5
02-11 07:05:40.690 27568 27568 E ArmVmp : Match on catch block at 0xc3 in for 0xa1
02-11 07:05:40.699 27568 27568 E ArmVmp : Match on catch block at 0xc3 in for 0xa5
02-11 07:05:40.766 27568 27568 E ArmVmp : Match on catch block at 0xc3 in for 0xa5
02-11 07:05:40.772 27568 27568 E ArmVmp : Match on catch block at 0xc3 in for 0xa9
02-11 07:05:41.267 27568 27568 E ArmVmp : Match on catch block at 0xc3 in for 0xa9
02-11 07:05:41.271 27568 27568 E ArmVmp : Match on catch block at 0xc3 in for 0xa1
02-11 07:05:41.638 27568 27568 E ArmVmp : Match on catch block at 0xc3 in for 0xa1
02-11 07:05:41.641 27568 27568 E ArmVmp : Match on catch block at 0xc3 in for 0xa5
02-11 07:05:41.663 27568 27568 E ArmVmp : Match on catch block at 0xc3 in for 0xa1
02-11 07:05:41.670 27568 27568 E ArmVmp : Match on catch block at 0xc3 in for 0xa5
02-11 07:05:41.682 27568 27568 E ArmVmp : Match on catch block at 0xc3 in for 0xa5
02-11 07:05:41.687 27568 27568 E ArmVmp : Match on catch block at 0xc3 in for 0xa9
02-11 07:05:41.698 27568 27568 E ArmVmp : Match on catch block at 0xc3 in for 0xa9
02-11 07:05:41.703 27568 27568 E ArmVmp : Match on catch block at 0xc3 in for 0xa1
02-11 07:05:41.715 27568 27568 E ArmVmp : Match on catch block at 0xc3 in for 0xa1
02-11 07:05:41.720 27568 27568 E ArmVmp : Match on catch block at 0xc3 in for 0xa5
02-11 07:05:41.732 27568 27568 E ArmVmp : Match on catch block at 0xc3 in for 0xa5
02-11 07:05:41.738 27568 27568 E ArmVmp : Match on catch block at 0xc3 in for 0xa9
02-11 07:05:41.754 27568 27568 E ArmVmp : Match on catch block at 0xc3 in for 0xa9
02-11 07:05:41.758 27568 27568 E ArmVmp : Match on catch block at 0xc3 in for 0xa1
02-11 07:05:41.766 27568 27568 E ArmVmp : Match on catch block at 0xc3 in for 0xa1
02-11 07:05:41.771 27568 27568 E ArmVmp : Match on catch block at 0xc3 in for 0xa5
02-11 07:05:41.782 27568 27568 E ArmVmp : Match on catch block at 0xc3 in for 0xa5
02-11 07:05:41.787 27568 27568 E ArmVmp : Match on catch block at 0xc3 in for 0xa9
02-11 07:05:41.799 27568 27568 E ArmVmp : Match on catch block at 0xc3 in for 0xa9
02-11 07:05:41.803 27568 27568 E ArmVmp : Match on catch block at 0xc3 in for 0xa1
02-11 07:05:41.815 27568 27568 E ArmVmp : Match on catch block at 0xc3 in for 0xa1
02-11 07:05:41.819 27568 27568 E ArmVmp : Match on catch block at 0xc3 in for 0xa5
02-11 07:05:41.832 27568 27568 E ArmVmp : Match on catch block at 0xc3 in for 0xa5
02-11 07:05:41.838 27568 27568 E ArmVmp : Match on catch block at 0xc3 in for 0xa9
02-11 07:05:41.865 27568 27568 E ArmVmp : Match on catch block at 0xc3 in for 0xa9
02-11 07:05:41.869 27568 27568 E ArmVmp : Match on catch block at 0xc3 in for 0xa1
02-11 07:05:42.065 27568 27568 E ArmVmp : Match on catch block at 0xc3 in for 0xa1
02-11 07:05:42.070 27568 27568 E ArmVmp : Match on catch block at 0xc3 in for 0xa5
02-11 07:05:42.214 27568 27568 E ArmVmp : Match on catch block at 0xc3 in for 0xa5
02-11 07:05:42.218 27568 27568 E ArmVmp : Match on catch block at 0xc3 in for 0xa9
02-11 07:05:42.231 27568 27568 E ArmVmp : Match on catch block at 0xc3 in for 0xa9
02-11 07:05:42.236 27568 27568 E ArmVmp : Match on catch block at 0xc3 in for 0xa1
02-11 07:05:42.248 27568 27568 E ArmVmp : Match on catch block at 0xc3 in for 0xa1
02-11 07:05:42.254 27568 27568 E ArmVmp : Match on catch block at 0xc3 in for 0xa5
02-11 07:05:42.265 27568 27568 E ArmVmp : Match on catch block at 0xc3 in for 0xa5
02-11 07:05:42.269 27568 27568 E ArmVmp : Match on catch block at 0xc3 in for 0xa9
02-11 07:05:42.281 27568 27568 E ArmVmp : Match on catch block at 0xc3 in for 0xa9
02-11 07:05:42.285 27568 27568 E ArmVmp : Match on catch block at 0xc3 in for 0xa1
02-11 07:05:42.298 27568 27568 E ArmVmp : Match on catch block at 0xc3 in for 0xa1
02-11 07:05:42.303 27568 27568 E ArmVmp : Match on catch block at 0xc3 in for 0xa5
02-11 07:05:42.315 27568 27568 E ArmVmp : Match on catch block at 0xc3 in for 0xa5
02-11 07:05:42.321 27568 27568 E ArmVmp : Match on catch block at 0xc3 in for 0xa9
02-11 07:05:42.331 27568 27568 E ArmVmp : Match on catch block at 0xc3 in for 0xa9
02-11 07:05:42.337 27568 27568 E ArmVmp : Match on catch block at 0xc3 in for 0xa1
02-11 07:05:42.348 27568 27568 E ArmVmp : Match on catch block at 0xc3 in for 0xa1
02-11 07:05:42.353 27568 27568 E ArmVmp : Match on catch block at 0xc3 in for 0xa5
02-11 07:05:42.365 27568 27568 E ArmVmp : Match on catch block at 0xc3 in for 0xa5
02-11 07:05:42.368 27568 27568 E ArmVmp : Match on catch block at 0xc3 in for 0xa9
02-11 07:05:42.381 27568 27568 E ArmVmp : Match on catch block at 0xc3 in for 0xa9
02-11 07:05:42.385 27568 27568 E ArmVmp : Match on catch block at 0xc3 in for 0xa1
02-11 07:05:42.398 27568 27568 E ArmVmp : Match on catch block at 0xc3 in for 0xa1
02-11 07:05:42.402 27568 27568 E ArmVmp : Match on catch block at 0xc3 in for 0xa5
02-11 07:05:42.414 27568 27568 E ArmVmp : Match on catch block at 0xc3 in for 0xa5
02-11 07:05:42.418 27568 27568 E ArmVmp : Match on catch block at 0xc3 in for 0xa9
02-11 07:05:42.431 27568 27568 E ArmVmp : Match on catch block at 0xc3 in for 0xa9
02-11 07:05:42.435 27568 27568 E ArmVmp : Match on catch block at 0xc3 in for 0xa1
02-11 07:05:42.447 27568 27568 E ArmVmp : Match on catch block at 0xc3 in for 0xa1
02-11 07:05:42.452 27568 27568 E ArmVmp : Match on catch block at 0xc3 in for 0xa5
02-11 07:05:42.464 27568 27568 E ArmVmp : Match on catch block at 0xc3 in for 0xa5
02-11 07:05:42.468 27568 27568 E ArmVmp : Match on catch block at 0xc3 in for 0xa9
02-11 07:05:42.665 27568 27686 E : nFreeSize: 2858184704
02-11 07:05:42.666 27568 27686 E : nFreeSize: 2858184704
02-11 07:05:42.847 27568 27568 E ArmVmp : Match on catch block at 0xc3 in for 0xa5
02-11 07:05:42.850 27568 27568 E ArmVmp : Match on catch block at 0xc3 in for 0xa9
02-11 07:05:42.932 27568 27568 E ArmVmp : Match on catch block at 0xc3 in for 0xa1
02-11 07:05:42.938 27568 27568 E ArmVmp : Match on catch block at 0xc3 in for 0xa5
02-11 07:05:42.965 27568 27734 W ContextImpl: Failed to ensure
/dev/null/Android/data/com.mbwhatsapp/cache: -404
02-11 07:05:42.970 27568 27568 E ArmVmp : Match on catch block at 0xc3 in for 0xa9
02-11 07:05:42.974 27568 27568 E ArmVmp : Match on catch block at 0xc3 in for 0xa1
02-11 07:05:43.010 27568 27568 E ArmVmp : Match on catch block at 0xc3 in for 0xa1
02-11 07:05:43.015 27568 27568 E ArmVmp : Match on catch block at 0xc3 in for 0xa5
02-11 07:05:43.023 27568 27568 E ArmVmp : Match on catch block at 0xc3 in for 0xa5
02-11 07:05:43.028 27568 27568 E ArmVmp : Match on catch block at 0xc3 in for 0xa9
02-11 07:05:43.122 27568 27568 E ArmVmp : Match on catch block at 0xc3 in for 0xa1
02-11 07:05:43.127 27568 27568 E ArmVmp : Match on catch block at 0xc3 in for 0xa5
02-11 07:05:43.162 27568 27568 E ArmVmp : Match on catch block at 0xc3 in for 0xa5
02-11 07:05:43.167 27568 27568 E ArmVmp : Match on catch block at 0xc3 in for 0xa9
02-11 07:05:43.191 27568 27568 E ArmVmp : Match on catch block at 0xc3 in for 0xa1
02-11 07:05:43.196 27568 27568 E ArmVmp : Match on catch block at 0xc3 in for 0xa5
02-11 07:05:43.208 27568 27751 E : nFreeSize: 2858176512
02-11 07:05:43.213 27568 27568 E ArmVmp : Match on catch block at 0xc3 in for 0xa5
02-11 07:05:43.217 27568 27568 E ArmVmp : Match on catch block at 0xc3 in for 0xa9
02-11 07:05:43.463 27568 27568 E ArmVmp : Match on catch block at 0xc3 in for 0xa9
02-11 07:05:43.467 27568 27568 E ArmVmp : Match on catch block at 0xc3 in for 0xa1
02-11 07:05:43.519 27568 27568 E ArmVmp : Match on catch block at 0xc3 in for 0xa1
02-11 07:05:43.523 27568 27568 E ArmVmp : Match on catch block at 0xc3 in for 0xa5
02-11 07:05:43.532 27568 27568 E ArmVmp : Match on catch block at 0xc3 in for 0xa5
02-11 07:05:43.536 27568 27730 W MediaPlayer: Use of stream types is deprecated for
operations other than volume control
02-11 07:05:43.536 27568 27730 W MediaPlayer: See the documentation of
setAudioStreamType() for what to use instead with android.media.AudioAttributes to
qualify your playback use case
02-11 07:05:43.539 27568 27568 E ArmVmp : Match on catch block at 0xc3 in for 0xa9
02-11 07:05:43.544 27568 27730 E AudioFeatures: Application cannot support or
Zenmode close
02-11 07:05:43.548 27568 27568 E : nFreeSize: 2858176512
02-11 07:05:43.554 27568 27568 E : nFreeSize: 2858176512
02-11 07:05:43.852 27568 27568 E ArmVmp : Match on catch block at 0xc3 in for 0xa1
02-11 07:05:43.856 27568 27568 E ArmVmp : Match on catch block at 0xc3 in for 0xa5
02-11 07:05:43.872 27568 27568 E ArmVmp : Match on catch block at 0xc3 in for 0xa1
02-11 07:05:43.876 27568 27568 E ArmVmp : Match on catch block at 0xc3 in for 0xa5
02-11 07:05:43.964 27568 27568 E ArmVmp : Match on catch block at 0xc3 in for 0xa5
02-11 07:05:43.967 27568 27568 E ArmVmp : Match on catch block at 0xc3 in for 0xa9
02-11 07:05:44.195 27568 27568 W PlayerBase: baseStop state not match:4
02-11 07:05:44.466 27568 27568 E ArmVmp : Match on catch block at 0xc3 in for 0xa9
02-11 07:05:44.469 27568 27568 E ArmVmp : Match on catch block at 0xc3 in for 0xa1
02-11 07:05:44.964 27568 27568 E ArmVmp : Match on catch block at 0xc3 in for 0xa1
02-11 07:05:44.967 27568 27568 E ArmVmp : Match on catch block at 0xc3 in for 0xa5
02-11 07:05:45.122 27568 27568 E ArmVmp : Match on catch block at 0xc3 in for 0xa1
02-11 07:05:45.127 27568 27568 E ArmVmp : Match on catch block at 0xc3 in for 0xa5
02-11 07:05:45.156 27568 27568 E ArmVmp : Match on catch block at 0xc3 in for 0xa1
02-11 07:05:45.160 27568 27568 E ArmVmp : Match on catch block at 0xc3 in for 0xa5
02-11 07:05:45.184 27568 27568 E ArmVmp : Match on catch block at 0xc3 in for 0xa9
02-11 07:05:45.188 27568 27568 E ArmVmp : Match on catch block at 0xc3 in for 0xa1
02-11 07:05:45.222 27568 27568 E ArmVmp : Match on catch block at 0xc3 in for 0xa1
02-11 07:05:45.227 27568 27568 E ArmVmp : Match on catch block at 0xc3 in for 0xa5
02-11 07:05:45.238 27568 27568 E ArmVmp : Match on catch block at 0xc3 in for 0xa5
02-11 07:05:45.243 27568 27568 E ArmVmp : Match on catch block at 0xc3 in for 0xa9
02-11 07:05:45.267 27568 27568 E ArmVmp : Match on catch block at 0xc3 in for 0xa5
02-11 07:05:45.270 27568 27568 E ArmVmp : Match on catch block at 0xc3 in for 0xa9
02-11 07:05:45.431 27568 27751 E : nFreeSize: 2858168320
02-11 07:05:45.438 27568 27751 E : nFreeSize: 2858168320
02-11 07:05:45.498 27568 27568 E ArmVmp : Match on catch block at 0xc3 in for 0xa9
02-11 07:05:45.501 27568 27568 E ArmVmp : Match on catch block at 0xc3 in for 0xa1
02-11 07:05:45.605 27568 27568 W PlayerBase: baseStop state not match:4
02-11 07:05:45.691 27568 27568 E : nFreeSize: 2858168320
02-11 07:05:45.697 27568 27568 E : nFreeSize: 2858168320
02-11 07:05:45.887 27568 27568 E ArmVmp : Match on catch block at 0xc3 in for 0xa5
02-11 07:05:45.890 27568 27568 E ArmVmp : Match on catch block at 0xc3 in for 0xa9
02-11 07:05:46.147 27568 27568 E : nFreeSize: 2858164224
02-11 07:05:46.151 27568 27568 E : nFreeSize: 2858164224
02-11 07:05:46.155 27568 27686 E : nFreeSize: 2858164224
02-11 07:05:46.157 27568 27686 E : nFreeSize: 2858164224
02-11 07:05:46.829 27568 27568 E ArmVmp : Match on catch block at 0xc3 in for 0xa9
02-11 07:05:46.833 27568 27568 E ArmVmp : Match on catch block at 0xc3 in for 0xa1
02-11 07:05:46.846 27568 27568 E ArmVmp : Match on catch block at 0xc3 in for 0xa1
02-11 07:05:46.850 27568 27568 E ArmVmp : Match on catch block at 0xc3 in for 0xa5
02-11 07:05:46.862 27568 27568 E ArmVmp : Match on catch block at 0xc3 in for 0xa5
02-11 07:05:46.867 27568 27568 E ArmVmp : Match on catch block at 0xc3 in for 0xa9
02-11 07:05:46.879 27568 27568 E ArmVmp : Match on catch block at 0xc3 in for 0xa9
02-11 07:05:46.882 27568 27568 E ArmVmp : Match on catch block at 0xc3 in for 0xa1
02-11 07:05:46.896 27568 27568 E ArmVmp : Match on catch block at 0xc3 in for 0xa1
02-11 07:05:46.899 27568 27568 E ArmVmp : Match on catch block at 0xc3 in for 0xa5
02-11 07:05:46.912 27568 27568 E ArmVmp : Match on catch block at 0xc3 in for 0xa5
02-11 07:05:46.915 27568 27568 E ArmVmp : Match on catch block at 0xc3 in for 0xa9
02-11 07:05:46.929 27568 27568 E ArmVmp : Match on catch block at 0xc3 in for 0xa9
02-11 07:05:46.932 27568 27568 E ArmVmp : Match on catch block at 0xc3 in for 0xa1
02-11 07:05:46.945 27568 27568 E ArmVmp : Match on catch block at 0xc3 in for 0xa1
02-11 07:05:46.949 27568 27568 E ArmVmp : Match on catch block at 0xc3 in for 0xa5
02-11 07:05:46.962 27568 27568 E ArmVmp : Match on catch block at 0xc3 in for 0xa5
02-11 07:05:46.965 27568 27568 E ArmVmp : Match on catch block at 0xc3 in for 0xa9
02-11 07:05:46.977 27568 27568 E ArmVmp : Match on catch block at 0xc3 in for 0xa9
02-11 07:05:46.980 27568 27568 E ArmVmp : Match on catch block at 0xc3 in for 0xa1
02-11 07:05:46.995 27568 27568 E ArmVmp : Match on catch block at 0xc3 in for 0xa1
02-11 07:05:46.998 27568 27568 E ArmVmp : Match on catch block at 0xc3 in for 0xa5
02-11 07:05:47.011 27568 27568 E ArmVmp : Match on catch block at 0xc3 in for 0xa5
02-11 07:05:47.014 27568 27568 E ArmVmp : Match on catch block at 0xc3 in for 0xa9
02-11 07:05:47.027 27568 27568 E ArmVmp : Match on catch block at 0xc3 in for 0xa9
02-11 07:05:47.030 27568 27568 E ArmVmp : Match on catch block at 0xc3 in for 0xa1
02-11 07:05:47.182 27568 27568 E ArmVmp : Match on catch block at 0xc3 in for 0xa9
02-11 07:05:47.186 27568 27568 E ArmVmp : Match on catch block at 0xc3 in for 0xa1
02-11 07:05:47.231 27568 27660 E : nFreeSize: 2858164224
02-11 07:05:47.233 27568 27751 E : nFreeSize: 2858164224
02-11 07:05:47.311 27568 27568 E ArmVmp : Match on catch block at 0xc3 in for 0xa9
02-11 07:05:47.318 27568 27568 E ArmVmp : Match on catch block at 0xc3 in for 0xa1
02-11 07:05:47.369 27568 28124 W System : ClassLoader referenced unknown path:
system/framework/mediatek-cta.jar
02-11 07:05:47.552 27568 27568 W StaticLayout: maxLineHeight should not be -1.
maxLines:1 lineCount:1
02-11 07:05:47.557 27568 27568 W StaticLayout: maxLineHeight should not be -1.
maxLines:1 lineCount:1
02-11 07:05:47.846 27568 27675 E SQLiteDatabase: Error inserting media_duration=0
file_path=Media/MBWhatsApp Images/IMG-20240211-WA0009 transferred=1
thumbnail_height_width_ratio=1.0 face_y=0 face_x=0 trim_from=0 media_caption=null
transcoded=0 message_url=null first_scan_sidecar=null
direct_path=/m1/v/t24/An8KHZUosASJbgv3D-
uAyXoW38avuxhbSL9VYP5VWe1yWoY9oms2HgAetPLl7lU-
VGbFYCXuMLpufAhm_hr_8eo6CjguibCkz8mF4iRs0Yg043Fc-jKea1X4Hpg3-Z-HiQ?ccb=10-
5&oh=01_AdQYsNq0Zi4mGOnxvJtJ_jIDYzKDA2e-JDBvTGQESZTbEw&oe=65EF5755&_nc_sid=5e03e0
original_file_hash=null is_animated_sticker=0 media_name=null
has_streaming_sidecar=0 partial_media_enc_hash=null media_key=null
multicast_id=null page_count=0 height=1600 partial_media_hash=null
gif_attribution=0 mute_video=0 autotransfer_retry_enabled=1 first_scan_length=0
trim_to=0 media_key_timestamp=0 file_size=198110 chat_row_id=434
media_job_uuid=f52f7f30-74ba-406c-9696-a3551282b1ef message_row_id=3717
enc_file_hash=null file_hash=8u1ilGhJMMCu9zBy+CsUB6DlTP7vqeykd6dAW3tOF4Y=
mime_type=image/jpeg media_upload_handle=null suspicious_content=0 width=1600
file_length=198110
02-11 07:05:47.846 27568 27675 E SQLiteDatabase:
android.database.sqlite.SQLiteConstraintException: UNIQUE constraint failed:
message_media.message_row_id (code 1555)
02-11 07:05:47.846 27568 27675 E SQLiteDatabase: at
android.database.sqlite.SQLiteConnection.nativeExecuteForLastInsertedRowId(Native
Method)
02-11 07:05:47.846 27568 27675 E SQLiteDatabase: at
android.database.sqlite.SQLiteConnection.executeForLastInsertedRowId(SQLiteConnecti
on.java:806)
02-11 07:05:47.846 27568 27675 E SQLiteDatabase: at
android.database.sqlite.SQLiteSession.executeForLastInsertedRowId(SQLiteSession.jav
a:788)
02-11 07:05:47.846 27568 27675 E SQLiteDatabase: at
android.database.sqlite.SQLiteStatement.executeInsert(SQLiteStatement.java:86)
02-11 07:05:47.846 27568 27675 E SQLiteDatabase: at
android.database.sqlite.SQLiteDatabase.insertWithOnConflict(SQLiteDatabase.java:154
8)
02-11 07:05:47.846 27568 27675 E SQLiteDatabase: at
android.database.sqlite.SQLiteDatabase.insert(SQLiteDatabase.java:1417)
02-11 07:05:47.846 27568 27675 E SQLiteDatabase: at X.2tm.A08(Unknown
Source:6)
02-11 07:05:47.846 27568 27675 E SQLiteDatabase: at X.35Y.A07(Unknown
Source:212)
02-11 07:05:47.846 27568 27675 E SQLiteDatabase: at X.3QF.A14(Unknown
Source:470)
02-11 07:05:47.846 27568 27675 E SQLiteDatabase: at X.3gU.run(Unknown
Source:982)
02-11 07:05:47.846 27568 27675 E SQLiteDatabase: at
android.os.Handler.handleCallback(Handler.java:790)
02-11 07:05:47.846 27568 27675 E SQLiteDatabase: at
android.os.Handler.dispatchMessage(Handler.java:99)
02-11 07:05:47.846 27568 27675 E SQLiteDatabase: at
X.0zq.dispatchMessage(Unknown Source:4)
02-11 07:05:47.846 27568 27675 E SQLiteDatabase: at
android.os.Looper.loop(Looper.java:192)
02-11 07:05:47.846 27568 27675 E SQLiteDatabase: at
android.os.HandlerThread.run(HandlerThread.java:65)
02-11 07:05:47.932 27568 27649 E : nFreeSize: 2857963520
02-11 07:05:47.938 27568 27568 W StaticLayout: maxLineHeight should not be -1.
maxLines:3 lineCount:3
02-11 07:05:47.944 27568 27751 E : nFreeSize: 2857955328
02-11 07:05:47.944 27568 27660 E : nFreeSize: 2857955328
02-11 07:05:48.857 27568 27686 E : nFreeSize: 2857959424
02-11 07:05:48.861 27568 27686 E : nFreeSize: 2857959424
02-11 07:05:49.211 27568 27667 E : nFreeSize: 2857959424
02-11 07:05:49.214 27568 27660 E : nFreeSize: 2857955328
02-11 07:19:27.729 31947 31947 W System.err: java.lang.ClassNotFoundException:
mbmodsd.mbmodsw.ui.views.btn.BtnBK
02-11 07:19:27.729 31947 31947 W System.err: at
java.lang.VMClassLoader.findLoadedClass(Native Method)
02-11 07:19:27.729 31947 31947 W System.err: at
java.lang.ClassLoader.findLoadedClass(ClassLoader.java:738)
02-11 07:19:27.729 31947 31947 W System.err: at
java.lang.ClassLoader.loadClass(ClassLoader.java:363)
02-11 07:19:27.729 31947 31947 W System.err: at
java.lang.ClassLoader.loadClass(ClassLoader.java:312)
02-11 07:19:27.729 31947 31947 W System.err: at
java.lang.Runtime.nativeLoad(Native Method)
02-11 07:19:27.729 31947 31947 W System.err: at
java.lang.Runtime.doLoad(Runtime.java:1099)
02-11 07:19:27.729 31947 31947 W System.err: at
java.lang.Runtime.loadLibrary0(Runtime.java:1014)
02-11 07:19:27.729 31947 31947 W System.err: at
java.lang.System.loadLibrary(System.java:1657)
02-11 07:19:27.729 31947 31947 W System.err: at arm.EpicVm.<clinit>(Unknown
Source:2)
02-11 07:19:27.729 31947 31947 W System.err: at
java.lang.Class.newInstance(Native Method)
02-11 07:19:27.729 31947 31947 W System.err: at
android.app.Instrumentation.newApplication(Instrumentation.java:1107)
02-11 07:19:27.729 31947 31947 W System.err: at
android.app.Instrumentation.newApplication(Instrumentation.java:1092)
02-11 07:19:27.729 31947 31947 W System.err: at
android.app.LoadedApk.makeApplication(LoadedApk.java:1001)
02-11 07:19:27.729 31947 31947 W System.err: at
android.app.ActivityThread.handleBindApplication(ActivityThread.java:5944)
02-11 07:19:27.729 31947 31947 W System.err: at android.app.ActivityThread.-
wrap1(Unknown Source:0)
02-11 07:19:27.729 31947 31947 W System.err: at
android.app.ActivityThread$H.handleMessage(ActivityThread.java:1774)
02-11 07:19:27.729 31947 31947 W System.err: at
android.os.Handler.dispatchMessage(Handler.java:106)
02-11 07:19:27.729 31947 31947 W System.err: at
android.os.Looper.loop(Looper.java:192)
02-11 07:19:27.729 31947 31947 W System.err: at
android.app.ActivityThread.main(ActivityThread.java:6759)
02-11 07:19:27.729 31947 31947 W System.err: at
java.lang.reflect.Method.invoke(Native Method)
02-11 07:19:27.730 31947 31947 W System.err: at
com.android.internal.os.RuntimeInit$MethodAndArgsCaller.run(RuntimeInit.java:556)
02-11 07:19:27.730 31947 31947 W System.err: at
com.android.internal.os.ZygoteInit.main(ZygoteInit.java:875)
02-11 07:19:27.730 31947 31947 W System.err: Caused by:
java.lang.NoClassDefFoundError: Failed resolution of:
Lcom/mbwhatsapp/components/Button;
02-11 07:19:27.730 31947 31947 W System.err: ... 18 more
02-11 07:19:27.730 31947 31947 W System.err: Caused by:
java.lang.ClassNotFoundException: Didn't find class
"com.mbwhatsapp.components.Button" on path: DexPathList[[zip file
"/data/app/com.mbwhatsapp-2eCzAfNioABUeYvUbT-fYw==/base.apk"],nativeLibraryDirector
ies=[/data/app/com.mbwhatsapp-2eCzAfNioABUeYvUbT-fYw==/lib/arm64,
/data/app/com.mbwhatsapp-2eCzAfNioABUeYvUbT-fYw==/base.apk!/lib/arm64-v8a,
/system/lib64, /vendor/lib64]]
02-11 07:19:27.730 31947 31947 W System.err: at
dalvik.system.BaseDexClassLoader.findClass(BaseDexClassLoader.java:125)
02-11 07:19:27.730 31947 31947 W System.err: at
java.lang.ClassLoader.loadClass(ClassLoader.java:379)
02-11 07:19:27.730 31947 31947 W System.err: at
java.lang.ClassLoader.loadClass(ClassLoader.java:312)
02-11 07:19:27.730 31947 31947 W System.err: ... 18 more
02-11 07:19:27.904 31947 32004 E : nFreeSize: 2849247232
02-11 07:19:27.914 31947 31947 E CustomActivityOnCrash: IMPORTANT WARNING! You
already have an UncaughtExceptionHandler, are you sure this is correct? If you use
a custom UncaughtExceptionHandler, you must initialize it AFTER
