02-10 20:26:56.467 24732 24732 E ArmVmp : Match on catch block at 0x0a in for 0xa9
02-10 20:26:56.493 24732 24732 E ArmVmp : Match on catch block at 0x0a in for 0xc9
02-10 20:26:56.565 24732 24785 E : nFreeSize: 3444723712
02-10 20:26:56.975 24732 24847 E : nFreeSize: 3444719616
02-10 20:26:57.347 24732 24795 E : nFreeSize: 3444670464
02-10 20:26:57.440 24732 24790 E : nFreeSize: 3444670464
02-10 20:26:58.134 24732 24847 E : nFreeSize: 3444637696
02-10 20:26:58.462 24732 24795 E : nFreeSize: 3444604928
02-10 20:26:58.541 24732 24795 E : nFreeSize: 3444604928
02-10 20:26:59.309 24732 24847 E : nFreeSize: 3444588544
02-10 20:26:59.629 24732 24790 E : nFreeSize: 3444535296
02-10 20:26:59.929 24732 24790 E : nFreeSize: 3448705024
02-10 20:27:00.087 24732 24790 E : nFreeSize: 3448684544
02-10 20:27:00.436 24732 24795 E : nFreeSize: 3448664064
02-10 20:27:01.210 24732 24847 E : nFreeSize: 3448655872
02-10 20:27:02.090 24732 24790 E : nFreeSize: 3448520704
02-10 20:27:02.156 24732 24795 E : nFreeSize: 3448520704
02-10 20:27:02.773 24732 24847 E : nFreeSize: 3448483840
02-10 20:27:02.937 24732 24790 E : nFreeSize: 3448463360
02-10 20:27:03.177 24732 24790 E : nFreeSize: 3448463360
02-10 20:27:03.613 24732 24847 E : nFreeSize: 3448463360
02-10 20:27:03.770 24732 24795 E : nFreeSize: 3448451072
02-10 20:27:03.954 24732 24795 E : nFreeSize: 3448434688
02-10 20:27:03.960 24732 24790 E : nFreeSize: 3448422400
02-10 20:27:04.322 24732 24790 E : nFreeSize: 3448406016
02-10 20:27:04.474 24732 24790 E : nFreeSize: 3448406016
02-10 20:27:04.901 24732 29646 E : nFreeSize: 3448377344
02-10 20:27:06.088 24732 24847 E : nFreeSize: 3448360960
02-10 20:27:06.589 24732 24795 E : nFreeSize: 3448258560
02-10 20:27:06.697 24732 24795 E : nFreeSize: 3448197120
02-10 20:27:07.617 24732 24790 E : nFreeSize: 3448053760
02-10 20:27:07.781 24732 24790 E : nFreeSize: 3448029184
02-10 20:27:08.130 24732 24790 E : nFreeSize: 3447984128
02-10 20:27:08.289 24732 24790 E : nFreeSize: 3447975936
02-10 20:27:10.458 24732 24847 E : nFreeSize: 3447914496
02-10 20:27:10.598 24732 24795 E : nFreeSize: 3447848960
02-10 20:27:10.717 24732 24795 E : nFreeSize: 3447832576
02-10 20:27:10.789 24732 24795 E : nFreeSize: 3447824384
02-10 20:27:10.969 24732 24795 E : nFreeSize: 3447812096
02-10 20:27:10.983 24732 29251 E : nFreeSize: 3447808000
02-10 20:27:10.985 24732 24795 E : nFreeSize: 3447795712
02-10 20:27:11.227 24732 24795 E : nFreeSize: 3447795712
02-10 20:27:11.402 24732 24795 E : nFreeSize: 3447779328
02-10 20:27:11.557 24732 24795 E : nFreeSize: 3447771136
02-10 20:27:11.704 24732 24795 E : nFreeSize: 3447754752
02-10 20:27:11.847 24732 24795 E : nFreeSize: 3447742464
02-10 20:27:11.977 24732 24795 E : nFreeSize: 3447726080
02-10 20:27:12.099 24732 24795 E : nFreeSize: 3447709696
02-10 20:27:12.573 24732 24795 E : nFreeSize: 3447640064
02-10 20:27:12.676 24732 24795 E : nFreeSize: 3447615488
02-10 20:27:12.882 24732 24795 E : nFreeSize: 3447590912
02-10 20:27:13.015 24732 24795 E : nFreeSize: 3447570432
02-10 20:27:13.135 24732 24795 E : nFreeSize: 3447558144
02-10 20:27:13.305 24732 24795 E : nFreeSize: 3447537664
02-10 20:27:13.443 24732 24795 E : nFreeSize: 3447517184
02-10 20:27:13.671 24732 24795 E : nFreeSize: 3447488512
02-10 20:27:13.831 24732 24795 E : nFreeSize: 3447496704
02-10 20:27:13.854 24732 29251 E : nFreeSize: 3447529472
02-10 20:27:13.986 24732 29251 E : nFreeSize: 3447525376
02-10 20:27:14.976 24732 24732 E AudioFeatures: Application cannot support or
Zenmode close
02-10 20:27:15.195 24732 24854 E : nFreeSize: 3447447552
02-10 20:27:15.198 24732 24854 E : nFreeSize: 3447447552
02-10 20:27:15.205 24732 24785 E : nFreeSize: 3447447552
02-10 20:27:15.829 24732 24732 W PlayerBase: baseStop state not match:4
02-10 20:27:16.606 24732 24847 E : nFreeSize: 3447414784
02-10 20:27:16.941 24732 24795 E : nFreeSize: 3447316480
02-10 20:27:17.064 24732 24740 W PlayerBase: baseStop state not match:4
02-10 20:27:17.065 24732 24740 W MediaPlayer-JNI: MediaPlayer finalized without
being released
02-10 20:27:17.319 24732 24795 E : nFreeSize: 3447263232
02-10 20:27:17.357 24732 24732 E AudioFeatures: Application cannot support or
Zenmode close
02-10 20:27:17.397 24732 24785 E : nFreeSize: 3447255040
02-10 20:27:17.443 24732 24795 E : nFreeSize: 3447255040
02-10 20:27:17.657 24732 24795 E : nFreeSize: 3447234560
02-10 20:27:17.784 24732 24795 E : nFreeSize: 3447214080
02-10 20:27:18.006 24732 24732 W PlayerBase: baseStop state not match:4
02-10 20:27:18.491 24732 24740 W PlayerBase: baseStop state not match:4
02-10 20:27:18.492 24732 24740 W MediaPlayer-JNI: MediaPlayer finalized without
being released
02-10 20:27:18.541 24732 24795 E : nFreeSize: 3447107584
02-10 20:27:18.673 24732 24795 E : nFreeSize: 3447091200
02-10 20:27:19.211 24732 24795 E : nFreeSize: 3447017472
02-10 20:27:19.414 24732 24795 E : nFreeSize: 3446992896
02-10 20:27:19.698 24732 24795 E : nFreeSize: 3446968320
02-10 20:27:19.738 24732 24795 E : nFreeSize: 3446968320
02-10 20:27:19.852 24732 29251 E : nFreeSize: 3446996992
02-10 20:27:21.289 24732 24795 E : nFreeSize: 3446902784
02-10 20:27:21.608 24732 29785 W System : ClassLoader referenced unknown path:
system/framework/mediatek-cta.jar
02-10 20:27:21.618 24732 24795 E : nFreeSize: 3446882304
02-10 20:27:21.621 24732 29251 E : nFreeSize: 3446878208
02-10 20:27:21.630 24732 24790 E : nFreeSize: 3446874112
02-10 20:27:21.716 24732 29785 E : nFreeSize: 3446865920
02-10 20:27:21.839 24732 24790 E : nFreeSize: 3446804480
02-10 20:27:21.847 24732 27897 E : nFreeSize: 3446792192
02-10 20:27:22.163 24732 24847 E : nFreeSize: 3446693888
02-10 20:27:22.343 24732 24848 E SQLiteDatabase: Error inserting media_duration=0
file_path=/data/user/0/com.mbwhatsapp/files/ViewOnce/IMG-lsg1x9w8.jpg transferred=1
thumbnail_height_width_ratio=0.75 face_y=0 face_x=0 trim_from=0 media_caption=null
transcoded=0 message_url=https://mmg.whatsapp.net/o1/v/t62.7118-24/f1/m232/up-oil-
image-40e3f5cf-afd9-4c19-b294-bb22bfc6ea42?ccb=9-4&oh=01_AdS5fcWpwv8BYgAKz-
kSivBKrWcfgLPeVy96pXxDLU-4hg&oe=65EEF6F5&_nc_sid=000000&mms3=true
first_scan_sidecar=[B@b50a56c direct_path=/o1/v/t62.7118-24/f1/m232/up-oil-image-
40e3f5cf-afd9-4c19-b294-bb22bfc6ea42?ccb=9-4&oh=01_AdS5fcWpwv8BYgAKz-
kSivBKrWcfgLPeVy96pXxDLU-4hg&oe=65EEF6F5&_nc_sid=000000 original_file_hash=null
is_animated_sticker=0 media_name=null has_streaming_sidecar=1
partial_media_enc_hash=null media_key=[B@1cae7ca multicast_id=null page_count=0
height=960 partial_media_hash=h0zdiWjd6tImdnQorzN0ela2VyWIkBdyyCvORzp7f7g=
gif_attribution=0 mute_video=0 autotransfer_retry_enabled=1 first_scan_length=11939
trim_to=0 media_key_timestamp=1707568036000 file_size=114655 chat_row_id=20
media_job_uuid=0e9d517a-aa45-40b5-9e12-fbedc2fa0957 message_row_id=632
enc_file_hash=DEcBORWsQW5wNjw+YFhisDkyP1+n2foi1H0suix6x84=
file_hash=j0O8hnLQsOQeZWgSQmMpYQ8GXOrqBMHRZiA/C6oPK8M= mime_type=image/jpeg
media_upload_handle=null suspicious_content=0 width=1280 file_length=114655
02-10 20:27:22.343 24732 24848 E SQLiteDatabase:
android.database.sqlite.SQLiteConstraintException: UNIQUE constraint failed:
message_media.message_row_id (code 1555)
02-10 20:27:22.343 24732 24848 E SQLiteDatabase: at
android.database.sqlite.SQLiteConnection.nativeExecuteForLastInsertedRowId(Native
Method)
02-10 20:27:22.343 24732 24848 E SQLiteDatabase: at
android.database.sqlite.SQLiteConnection.executeForLastInsertedRowId(SQLiteConnecti
on.java:806)
02-10 20:27:22.343 24732 24848 E SQLiteDatabase: at
android.database.sqlite.SQLiteSession.executeForLastInsertedRowId(SQLiteSession.jav
a:788)
02-10 20:27:22.343 24732 24848 E SQLiteDatabase: at
android.database.sqlite.SQLiteStatement.executeInsert(SQLiteStatement.java:86)
02-10 20:27:22.343 24732 24848 E SQLiteDatabase: at
android.database.sqlite.SQLiteDatabase.insertWithOnConflict(SQLiteDatabase.java:154
8)
02-10 20:27:22.343 24732 24848 E SQLiteDatabase: at
android.database.sqlite.SQLiteDatabase.insert(SQLiteDatabase.java:1417)
02-10 20:27:22.343 24732 24848 E SQLiteDatabase: at X.2tm.A08(Unknown
Source:6)
02-10 20:27:22.343 24732 24848 E SQLiteDatabase: at X.35Y.A07(Unknown
Source:212)
02-10 20:27:22.343 24732 24848 E SQLiteDatabase: at X.3QF.A14(Unknown
Source:470)
02-10 20:27:22.343 24732 24848 E SQLiteDatabase: at X.3gU.run(Unknown
Source:982)
02-10 20:27:22.343 24732 24848 E SQLiteDatabase: at
android.os.Handler.handleCallback(Handler.java:790)
02-10 20:27:22.343 24732 24848 E SQLiteDatabase: at
android.os.Handler.dispatchMessage(Handler.java:99)
02-10 20:27:22.343 24732 24848 E SQLiteDatabase: at
X.0zq.dispatchMessage(Unknown Source:4)
02-10 20:27:22.343 24732 24848 E SQLiteDatabase: at
android.os.Looper.loop(Looper.java:192)
02-10 20:27:22.343 24732 24848 E SQLiteDatabase: at
android.os.HandlerThread.run(HandlerThread.java:65)
02-10 20:27:22.423 24732 27897 E : nFreeSize: 3446673408
02-10 20:27:22.439 24732 27897 E : nFreeSize: 3446669312
02-10 20:27:22.440 24732 24790 E : nFreeSize: 3446665216
02-10 20:27:22.442 24732 29251 E : nFreeSize: 3446661120
02-10 20:27:23.127 24732 29251 E : nFreeSize: 3446575104
02-10 20:27:24.287 24732 29251 E : nFreeSize: 3446415360
02-10 20:27:24.415 24732 24790 E : nFreeSize: 3446403072
02-10 20:27:25.943 24732 24847 E : nFreeSize: 3446353920
02-10 20:27:26.383 24732 24790 E : nFreeSize: 3446272000
02-10 20:27:26.588 24732 24790 E : nFreeSize: 3446235136
02-10 20:27:26.764 24732 24790 E : nFreeSize: 3446214656
02-10 20:27:27.344 24732 29251 E : nFreeSize: 3446116352
02-10 20:27:27.463 24732 29251 E : nFreeSize: 3446120448
02-10 20:27:27.469 24732 29251 E : nFreeSize: 3446120448
02-10 20:27:27.478 24732 27897 E : nFreeSize: 3446104064
02-10 20:27:27.603 24732 29251 E : nFreeSize: 3446136832
02-10 20:27:29.568 24732 24847 E : nFreeSize: 3446030336
02-10 20:27:29.735 24732 27897 E : nFreeSize: 3445952512
02-10 20:27:29.791 24732 27897 E : nFreeSize: 3445948416
02-10 20:27:29.799 24732 29251 E : nFreeSize: 3445944320
02-10 20:27:30.014 24732 27897 E : nFreeSize: 3445927936
02-10 20:27:30.018 24732 29251 E : nFreeSize: 3445923840
02-10 20:27:30.156 24732 27897 E : nFreeSize: 3445915648
02-10 20:27:30.409 24732 27897 E : nFreeSize: 3445886976
02-10 20:27:30.511 24732 27897 E : nFreeSize: 3445866496
02-10 20:27:30.616 24732 27897 E : nFreeSize: 3445850112
02-10 20:27:30.899 24732 27897 E : nFreeSize: 3445809152
02-10 20:27:31.097 24732 27897 E : nFreeSize: 3445780480
02-10 20:27:31.205 24732 27897 E : nFreeSize: 3445768192
02-10 20:27:31.568 24732 27897 E : nFreeSize: 3445719040
02-10 20:27:31.585 24732 24732 E ArmVmp : Match on catch block at 0x0a in for 0xe5
02-10 20:27:31.629 24732 24732 E ArmVmp : Match on catch block at 0x0a in for 0xd5
02-10 20:27:31.711 24732 27897 E : nFreeSize: 3445698560
02-10 20:27:31.821 24732 27897 E : nFreeSize: 3445686272
02-10 20:27:31.865 24732 24732 W ResourceType: Invalid package identifier when
getting bag for resource number 0x00000000
02-10 20:27:31.866 24732 24732 W System.err:
android.content.res.Resources$NotFoundException: Array resource ID #0x0
02-10 20:27:31.867 24732 24732 W System.err:
02-10 20:27:31.872 24732 24732 W System.err: at
android.content.res.Resources.obtainTypedArray(Resources.java:651)
02-10 20:27:31.872 24732 24732 W System.err:
02-10 20:27:31.872 24732 24732 W System.err: at
mbmodsd.mbmodsw.ui.views.settings.utils.ImLi_v2.<init>(Unknown Source:32)
02-10 20:27:31.873 24732 24732 W System.err:
02-10 20:27:31.873 24732 24732 W System.err: at
java.lang.reflect.Constructor.newInstance0(Native Method)
02-10 20:27:31.873 24732 24732 W System.err:
02-10 20:27:31.874 24732 24732 W System.err: at
java.lang.reflect.Constructor.newInstance(Constructor.java:334)
02-10 20:27:31.874 24732 24732 W System.err:
02-10 20:27:31.875 24732 24732 W System.err: at
android.preference.GenericInflater.createItem(GenericInflater.java:385)
02-10 20:27:31.876 24732 24732 W System.err:
02-10 20:27:31.876 24732 24732 W System.err: at
android.preference.GenericInflater.createItemFromTag(GenericInflater.java:432)
02-10 20:27:31.876 24732 24732 W System.err:
02-10 20:27:31.877 24732 24732 W System.err: at
android.preference.GenericInflater.rInflate(GenericInflater.java:483)
02-10 20:27:31.877 24732 24732 W System.err:
02-10 20:27:31.877 24732 24732 W System.err: at
android.preference.GenericInflater.inflate(GenericInflater.java:327)
02-10 20:27:31.877 24732 24732 W System.err:
02-10 20:27:31.878 24732 24732 W System.err: at
android.preference.GenericInflater.inflate(GenericInflater.java:264)
02-10 20:27:31.878 24732 24732 W System.err:
02-10 20:27:31.878 24732 24732 W System.err: at
android.preference.PreferenceManager.inflateFromResource(PreferenceManager.java:324
)
02-10 20:27:31.878 24732 24732 W System.err:
02-10 20:27:31.879 24732 24732 W System.err: at
android.preference.PreferenceActivity.addPreferencesFromResource(PreferenceActivity
.java:1549)
02-10 20:27:31.879 24732 24732 W System.err:
02-10 20:27:31.879 24732 24732 W System.err: at
mbmodsd.mbmodsw.mbsettings.yo.MBConvoAB.onCreate(Native Method)
02-10 20:27:31.879 24732 24732 W System.err:
02-10 20:27:31.879 24732 24732 W System.err: at
android.app.Activity.performCreate(Activity.java:7147)
02-10 20:27:31.879 24732 24732 W System.err:
02-10 20:27:31.879 24732 24732 W System.err: at
android.app.Activity.performCreate(Activity.java:7138)
02-10 20:27:31.880 24732 24732 W System.err:
02-10 20:27:31.880 24732 24732 W System.err: at
android.app.Instrumentation.callActivityOnCreate(Instrumentation.java:1219)
02-10 20:27:31.880 24732 24732 W System.err:
02-10 20:27:31.880 24732 24732 W System.err: at
android.app.ActivityThread.performLaunchActivity(ActivityThread.java:2885)
02-10 20:27:31.880 24732 24732 W System.err:
02-10 20:27:31.880 24732 24732 W System.err: at
android.app.ActivityThread.handleLaunchActivity(ActivityThread.java:3010)
02-10 20:27:31.880 24732 24732 W System.err:
02-10 20:27:31.881 24732 24732 W System.err: at android.app.ActivityThread.-
wrap11(Unknown Source:0)
02-10 20:27:31.881 24732 24732 W System.err:
02-10 20:27:31.882 24732 24732 W System.err: at
android.app.ActivityThread$H.handleMessage(ActivityThread.java:1707)
02-10 20:27:31.882 24732 24732 W System.err:
02-10 20:27:31.883 24732 24732 W System.err: at
android.os.Handler.dispatchMessage(Handler.java:106)
02-10 20:27:31.883 24732 24732 W System.err:
02-10 20:27:31.883 24732 24732 W System.err: at
android.os.Looper.loop(Looper.java:192)
02-10 20:27:31.884 24732 24732 W System.err:
02-10 20:27:31.884 24732 24732 W System.err: at
android.app.ActivityThread.main(ActivityThread.java:6759)
02-10 20:27:31.884 24732 24732 W System.err:
02-10 20:27:31.885 24732 24732 W System.err: at
java.lang.reflect.Method.invoke(Native Method)
02-10 20:27:31.885 24732 24732 W System.err:
02-10 20:27:31.886 24732 24732 W System.err: at
com.android.internal.os.RuntimeInit$MethodAndArgsCaller.run(RuntimeInit.java:556)
02-10 20:27:31.886 24732 24732 W System.err:
02-10 20:27:31.886 24732 24732 W System.err: at
com.android.internal.os.ZygoteInit.main(ZygoteInit.java:875)
02-10 20:27:31.887 24732 24732 W System.err:
02-10 20:27:31.908 24732 24732 E ArmVmp : Match on catch block at 0x0a in for 0xa9
02-10 20:27:31.933 24732 24732 W Resources: Drawable
com.mbwhatsapp:drawable/input_circle has unresolved theme attributes! Consider
using Resources.getDrawable(int, Theme) or Context.getDrawable(int).
02-10 20:27:31.933 24732 24732 W Resources: java.lang.RuntimeException
02-10 20:27:31.933 24732 24732 W Resources: at
android.content.res.Resources.getDrawable(Resources.java:834)
02-10 20:27:31.933 24732 24732 W Resources: at
mbmodsd.mbmodsw.mbsettings.yo.MBConvoAB.initPreview(Native Method)
02-10 20:27:31.933 24732 24732 W Resources: at
mbmodsd.mbmodsw.mbsettings.yo.MBConvoAB.onCreate(Native Method)
02-10 20:27:31.933 24732 24732 W Resources: at
android.app.Activity.performCreate(Activity.java:7147)
02-10 20:27:31.933 24732 24732 W Resources: at
android.app.Activity.performCreate(Activity.java:7138)
02-10 20:27:31.933 24732 24732 W Resources: at
android.app.Instrumentation.callActivityOnCreate(Instrumentation.java:1219)
02-10 20:27:31.933 24732 24732 W Resources: at
android.app.ActivityThread.performLaunchActivity(ActivityThread.java:2885)
02-10 20:27:31.933 24732 24732 W Resources: at
android.app.ActivityThread.handleLaunchActivity(ActivityThread.java:3010)
02-10 20:27:31.933 24732 24732 W Resources: at android.app.ActivityThread.-
wrap11(Unknown Source:0)
02-10 20:27:31.933 24732 24732 W Resources: at
android.app.ActivityThread$H.handleMessage(ActivityThread.java:1707)
02-10 20:27:31.933 24732 24732 W Resources: at
android.os.Handler.dispatchMessage(Handler.java:106)
02-10 20:27:31.933 24732 24732 W Resources: at
android.os.Looper.loop(Looper.java:192)
02-10 20:27:31.933 24732 24732 W Resources: at
android.app.ActivityThread.main(ActivityThread.java:6759)
02-10 20:27:31.933 24732 24732 W Resources: at
java.lang.reflect.Method.invoke(Native Method)
02-10 20:27:31.933 24732 24732 W Resources: at
com.android.internal.os.RuntimeInit$MethodAndArgsCaller.run(RuntimeInit.java:556)
02-10 20:27:31.933 24732 24732 W Resources: at
com.android.internal.os.ZygoteInit.main(ZygoteInit.java:875)
02-10 20:27:31.975 24732 24732 E ArmVmp : Match on catch block at 0x0a in for 0xc5
02-10 20:27:32.007 24732 24785 E : nFreeSize: 3445653504
02-10 20:27:32.022 24732 27897 E : nFreeSize: 3445653504
02-10 20:27:32.166 24732 27897 E : nFreeSize: 3445637120
02-10 20:27:32.295 24732 27897 E : nFreeSize: 3445624832
02-10 20:27:32.714 24732 27897 E : nFreeSize: 3445559296
02-10 20:27:32.820 24732 27897 E : nFreeSize: 3445547008
02-10 20:27:32.931 24732 27897 E : nFreeSize: 3445473280
02-10 20:27:33.012 24732 27897 E : nFreeSize: 3445538816
02-10 20:27:33.133 24732 29251 E : nFreeSize: 3445563392
02-10 20:27:33.822 24732 29251 E : nFreeSize: 3445493760
02-10 20:27:35.106 24732 24732 E ArmVmp : Match on catch block at 0x0a in for 0xc1
02-10 20:27:35.303 24732 24847 E : nFreeSize: 3445460992
02-10 20:27:35.682 24732 29251 E : nFreeSize: 3445366784
02-10 20:27:36.669 24732 29251 E : nFreeSize: 3445248000
02-10 20:27:36.742 24732 24732 E ArmVmp : Match on catch block at 0x0a in for 0xe5
02-10 20:27:36.768 24732 24732 E ArmVmp : Match on catch block at 0x0a in for 0xd5
02-10 20:27:36.774 24732 29251 E : nFreeSize: 3445235712
02-10 20:27:36.912 24732 29251 E : nFreeSize: 3445219328
02-10 20:27:36.992 24732 24732 E ArmVmp : Match on catch block at 0x0a in for 0xa1
02-10 20:27:37.016 24732 24732 E ArmVmp : Match on catch block at 0x0a in for 0xc5
02-10 20:27:37.019 24732 29251 E : nFreeSize: 3445202944
02-10 20:27:37.149 24732 29251 E : nFreeSize: 3445186560
02-10 20:27:37.252 24732 29251 E : nFreeSize: 3445174272
02-10 20:27:37.361 24732 29251 E : nFreeSize: 3445157888
02-10 20:27:37.491 24732 29251 E : nFreeSize: 3445145600
02-10 20:27:37.660 24732 29251 E : nFreeSize: 3445133312
02-10 20:27:38.127 24732 29251 E : nFreeSize: 3445067776
02-10 20:27:38.141 24732 29251 E : nFreeSize: 3445067776
02-10 20:27:38.298 24732 27897 E : nFreeSize: 3445075968
02-10 20:27:38.299 24732 29251 E : nFreeSize: 3445075968
02-10 20:27:38.345 24732 29251 E : nFreeSize: 3445075968
02-10 20:27:38.480 24732 27897 E : nFreeSize: 3445104640
02-10 20:27:39.637 24732 24854 E : nFreeSize: 3445030912
02-10 20:27:39.638 24732 24854 E : nFreeSize: 3445030912
02-10 20:27:40.274 24732 24732 E ArmVmp : Match on catch block at 0x0a in for 0xc9
02-10 20:27:40.663 24732 24847 E : nFreeSize: 3445002240
02-10 20:27:40.842 24732 29251 E : nFreeSize: 3444920320
02-10 20:27:41.314 24732 29251 E : nFreeSize: 3444862976
02-10 20:27:41.435 24732 29251 E : nFreeSize: 3444846592
02-10 20:27:41.559 24732 29251 E : nFreeSize: 3444834304
02-10 20:27:41.703 24732 29251 E : nFreeSize: 3444817920
02-10 20:27:41.821 24732 29251 E : nFreeSize: 3444805632
02-10 20:27:41.940 24732 29251 E : nFreeSize: 3444789248
02-10 20:27:42.047 24732 29251 E : nFreeSize: 3444772864
02-10 20:27:42.170 24732 29251 E : nFreeSize: 3444756480
02-10 20:27:42.897 24732 29251 E : nFreeSize: 3444649984
02-10 20:27:43.009 24732 29251 E : nFreeSize: 3444633600
02-10 20:27:43.128 24732 29251 E : nFreeSize: 3444621312
02-10 20:27:43.253 24732 29251 E : nFreeSize: 3444609024
02-10 20:27:43.391 24732 29251 E : nFreeSize: 3444588544
02-10 20:27:43.777 24732 29251 E : nFreeSize: 3444535296
02-10 20:27:43.898 24732 29251 E : nFreeSize: 3444523008
02-10 20:27:44.001 24732 29251 E : nFreeSize: 3444510720
02-10 20:27:44.102 24732 29251 E : nFreeSize: 3444486144
02-10 20:27:44.208 24732 29251 E : nFreeSize: 3444477952
02-10 20:27:44.335 24732 29251 E : nFreeSize: 3444486144
02-10 20:27:44.335 24732 27897 E : nFreeSize: 3444486144
02-10 20:27:44.477 24732 27897 E : nFreeSize: 3444510720
02-10 20:27:45.170 24732 24732 W InputEventReceiver: Attempted to finish an input
event but the input event receiver has already been disposed.
02-10 20:27:45.635 24732 24854 E : nFreeSize: 3444428800
02-10 20:27:45.637 24732 24854 E : nFreeSize: 3444428800
02-10 20:27:46.874 24732 24847 E : nFreeSize: 3444391936
02-10 20:27:46.991 24732 24795 E : nFreeSize: 3444322304
02-10 20:27:47.396 24732 24795 E : nFreeSize: 3444256768
02-10 20:27:47.540 24732 27897 E : nFreeSize: 3444240384
02-10 20:27:47.636 24732 27897 E : nFreeSize: 3444232192
02-10 20:27:47.897 24732 27897 E : nFreeSize: 3444207616
02-10 20:27:48.015 24732 27897 E : nFreeSize: 3444191232
02-10 20:27:48.245 24732 27897 E : nFreeSize: 3444158464
02-10 20:27:48.359 24732 27897 E : nFreeSize: 3444146176
02-10 20:27:48.571 24732 27897 E : nFreeSize: 3444113408
02-10 20:27:48.673 24732 27897 E : nFreeSize: 3444101120
02-10 20:27:48.866 24732 27897 E : nFreeSize: 3444072448
02-10 20:27:49.362 24732 27897 E : nFreeSize: 3443994624
02-10 20:27:49.403 24732 24785 E : nFreeSize: 3444023296
02-10 20:27:49.527 24732 27897 E : nFreeSize: 3444011008
02-10 20:27:50.391 24732 24847 E : nFreeSize: 3443994624
02-10 20:27:50.709 24732 24795 E : nFreeSize: 3443949568
02-10 20:27:50.894 24732 24795 E : nFreeSize: 3443929088
02-10 20:27:51.131 24732 24795 E : nFreeSize: 3443908608
02-10 20:27:51.474 24732 24795 E : nFreeSize: 3443884032
02-10 20:27:51.502 24732 24795 E : nFreeSize: 3443879936
02-10 20:27:51.614 24732 27897 E : nFreeSize: 3443884032
02-10 20:27:52.485 24732 24847 E : nFreeSize: 3443855360
02-10 20:27:52.705 24732 27897 E : nFreeSize: 3443879936
02-10 20:27:53.001 24732 24847 E : nFreeSize: 3443916800
02-10 20:27:53.287 24732 24795 E : nFreeSize: 3443908608
02-10 20:27:53.463 24732 27897 E : nFreeSize: 3443838976
02-10 20:27:53.632 24732 27897 E : nFreeSize: 3443834880
02-10 20:27:53.635 24732 24795 E : nFreeSize: 3443822592
02-10 20:27:53.781 24732 24795 E : nFreeSize: 3443830784
02-10 20:27:53.785 24732 27897 E : nFreeSize: 3443826688
02-10 20:27:53.792 24732 27897 E : nFreeSize: 3443830784
02-10 20:27:53.955 24732 24795 E : nFreeSize: 3443830784
02-10 20:27:53.959 24732 27897 E : nFreeSize: 3443818496
02-10 20:27:54.755 24732 27897 E : nFreeSize: 3443814400
02-10 20:27:54.883 24732 24795 E : nFreeSize: 3443814400
02-10 20:27:54.884 24732 27897 E : nFreeSize: 3443814400
02-10 20:27:55.672 24732 24854 E : nFreeSize: 3443814400
02-10 20:27:55.674 24732 24854 E : nFreeSize: 3443814400
02-10 20:27:56.480 24732 24795 E : nFreeSize: 3443798016
02-10 20:27:56.560 24732 27897 E : nFreeSize: 3443798016
02-10 20:27:56.683 24732 24795 E : nFreeSize: 3443798016
02-10 20:27:56.692 24732 24795 E : nFreeSize: 3443785728
02-10 20:27:58.084 24732 24854 E : nFreeSize: 3443789824
02-10 20:27:58.086 24732 24854 E : nFreeSize: 3443789824
02-10 20:28:01.418 24732 27897 E : nFreeSize: 3443785728
02-10 20:28:01.430 24732 27897 E : nFreeSize: 3443785728
02-10 20:28:01.580 24732 24732 W StaticLayout: maxLineHeight should not be -1.
maxLines:1 lineCount:1
02-10 20:28:01.924 24732 28932 W System : ClassLoader referenced unknown path:
system/framework/mediatek-cta.jar
02-10 20:28:01.931 24732 28932 W System : ClassLoader referenced unknown path:
system/framework/mediatek-cta.jar
02-10 20:28:02.156 24732 29247 W System : ClassLoader referenced unknown path:
system/framework/mediatek-cta.jar
02-10 20:28:02.159 24732 29247 W System : ClassLoader referenced unknown path:
system/framework/mediatek-cta.jar
02-10 20:28:02.239 24732 29797 W System : ClassLoader referenced unknown path:
system/framework/mediatek-cta.jar
02-10 20:28:02.242 24732 29797 W System : ClassLoader referenced unknown path:
system/framework/mediatek-cta.jar
02-10 20:28:02.338 24732 28932 E : nFreeSize: 3443773440
02-10 20:28:02.534 24732 25080 E : nFreeSize: 3443765248
02-10 20:28:02.569 24732 28932 E : nFreeSize: 3443761152
02-10 20:28:02.584 24732 24732 W StaticLayout: maxLineHeight should not be -1.
maxLines:1 lineCount:1
02-10 20:28:02.819 24732 25080 E : nFreeSize: 3443761152
02-10 20:28:02.898 24732 25080 E : nFreeSize: 3443748864
02-10 20:28:02.916 24732 29797 E : nFreeSize: 3443752960
02-10 20:28:02.952 24732 29797 E : nFreeSize: 3443744768
02-10 20:28:02.972 24732 29247 E : nFreeSize: 3443744768
02-10 20:28:02.973 24732 25080 E : nFreeSize: 3443744768
02-10 20:28:02.977 24732 29247 E : nFreeSize: 3443736576
02-10 20:28:02.986 24732 25080 E : nFreeSize: 3443736576
02-10 20:28:04.022 24732 24854 E : nFreeSize: 3443732480
02-10 20:28:04.024 24732 24854 E : nFreeSize: 3443732480
02-10 20:28:05.115 24732 24732 W StaticLayout: maxLineHeight should not be -1.
maxLines:1 lineCount:1
02-10 20:28:05.735 24732 25080 E : nFreeSize: 3443712000
02-10 20:28:05.765 24732 24795 E : nFreeSize: 3443707904
02-10 20:28:05.809 24732 24732 W StaticLayout: maxLineHeight should not be -1.
maxLines:1 lineCount:1
02-10 20:28:05.822 24732 25080 E : nFreeSize: 3443703808
02-10 20:28:05.948 24732 24795 E : nFreeSize: 3443691520
02-10 20:28:05.949 24732 29251 E : nFreeSize: 3443679232
02-10 20:28:06.179 24732 25080 E : nFreeSize: 3443691520
02-10 20:28:06.232 24732 25080 E : nFreeSize: 3443683328
02-10 20:28:06.237 24732 29797 W System : ClassLoader referenced unknown path:
system/framework/mediatek-cta.jar
02-10 20:28:06.246 24732 25080 E : nFreeSize: 3443679232
02-10 20:28:06.291 24732 25080 E : nFreeSize: 3443671040
02-10 20:28:06.537 24732 29797 E : nFreeSize: 3443662848
02-10 20:28:06.545 24732 25080 E : nFreeSize: 3443662848
02-10 20:28:06.684 24732 25080 E : nFreeSize: 3443658752
02-10 20:28:06.999 24732 25080 E : nFreeSize: 3443650560
02-10 20:28:07.403 24732 24732 W StaticLayout: maxLineHeight should not be -1.
maxLines:1 lineCount:1
02-10 20:28:07.502 24732 24732 W StaticLayout: maxLineHeight should not be -1.
maxLines:1 lineCount:1
02-10 20:28:08.020 24732 24854 E : nFreeSize: 3443638272
02-10 20:28:08.022 24732 24854 E : nFreeSize: 3443638272
02-10 20:28:09.962 24732 29251 E : nFreeSize: 3443638272
02-10 20:28:10.583 24732 24732 W StaticLayout: maxLineHeight should not be -1.
maxLines:1 lineCount:1
02-10 20:28:10.991 24732 24927 W System : ClassLoader referenced unknown path:
system/framework/mediatek-cta.jar
02-10 20:28:11.385 24732 27897 E : nFreeSize: 3443597312
02-10 20:28:11.789 24732 29251 E : nFreeSize: 3443585024
02-10 20:28:13.513 24732 25080 E : nFreeSize: 3443564544
02-10 20:28:13.680 24732 25080 E : nFreeSize: 3443556352
02-10 20:28:13.690 24732 25080 E : nFreeSize: 3443548160
02-10 20:28:13.707 24732 25080 E : nFreeSize: 3443539968
02-10 20:28:13.714 24732 25080 E : nFreeSize: 3443535872
02-10 20:28:13.819 24732 25080 E : nFreeSize: 3443527680
02-10 20:28:14.510 24732 24732 W StaticLayout: maxLineHeight should not be -1.
maxLines:1 lineCount:1
02-10 20:28:14.585 24732 24732 W StaticLayout: maxLineHeight should not be -1.
maxLines:1 lineCount:1
02-10 20:28:14.591 24732 25080 E : nFreeSize: 3443515392
02-10 20:28:14.638 24732 25080 E : nFreeSize: 3443507200
02-10 20:28:14.798 24732 29251 E : nFreeSize: 3443494912
02-10 20:28:14.877 24732 24732 W StaticLayout: maxLineHeight should not be -1.
maxLines:1 lineCount:1
02-10 20:28:14.967 24732 29251 E : nFreeSize: 3443490816
02-10 20:28:14.969 24732 24795 E : nFreeSize: 3443478528
02-10 20:28:15.817 24732 24854 E : nFreeSize: 3443490816
02-10 20:28:15.818 24732 24854 E : nFreeSize: 3443490816
02-10 20:28:16.837 24732 24795 E : nFreeSize: 3443490816
02-10 20:28:16.840 24732 27897 E : nFreeSize: 3443490816
02-10 20:28:16.840 24732 24790 E : nFreeSize: 3443490816
02-10 20:28:17.088 24732 24732 W StaticLayout: maxLineHeight should not be -1.
maxLines:1 lineCount:1
02-10 20:28:17.095 24732 24732 W StaticLayout: maxLineHeight should not be -1.
maxLines:1 lineCount:1
02-10 20:28:46.274 30008 30008 W System.err: java.lang.ClassNotFoundException:
mbmodsd.mbmodsw.ui.views.btn.BtnBK
02-10 20:28:46.275 30008 30008 W System.err: at
java.lang.VMClassLoader.findLoadedClass(Native Method)
02-10 20:28:46.275 30008 30008 W System.err: at
java.lang.ClassLoader.findLoadedClass(ClassLoader.java:738)
02-10 20:28:46.275 30008 30008 W System.err: at
java.lang.ClassLoader.loadClass(ClassLoader.java:363)
02-10 20:28:46.275 30008 30008 W System.err: at
java.lang.ClassLoader.loadClass(ClassLoader.java:312)
02-10 20:28:46.275 30008 30008 W System.err: at
java.lang.Runtime.nativeLoad(Native Method)
02-10 20:28:46.275 30008 30008 W System.err: at
java.lang.Runtime.doLoad(Runtime.java:1099)
02-10 20:28:46.275 30008 30008 W System.err: at
java.lang.Runtime.loadLibrary0(Runtime.java:1014)
02-10 20:28:46.275 30008 30008 W System.err: at
java.lang.System.loadLibrary(System.java:1657)
02-10 20:28:46.275 30008 30008 W System.err: at arm.EpicVm.<clinit>(Unknown
Source:2)
02-10 20:28:46.275 30008 30008 W System.err: at
java.lang.Class.newInstance(Native Method)
02-10 20:28:46.275 30008 30008 W System.err: at
android.app.Instrumentation.newApplication(Instrumentation.java:1107)
02-10 20:28:46.275 30008 30008 W System.err: at
android.app.Instrumentation.newApplication(Instrumentation.java:1092)
02-10 20:28:46.275 30008 30008 W System.err: at
android.app.LoadedApk.makeApplication(LoadedApk.java:1001)
02-10 20:28:46.275 30008 30008 W System.err: at
android.app.ActivityThread.handleBindApplication(ActivityThread.java:5944)
02-10 20:28:46.275 30008 30008 W System.err: at android.app.ActivityThread.-
wrap1(Unknown Source:0)
02-10 20:28:46.275 30008 30008 W System.err: at
android.app.ActivityThread$H.handleMessage(ActivityThread.java:1774)
02-10 20:28:46.275 30008 30008 W System.err: at
android.os.Handler.dispatchMessage(Handler.java:106)
02-10 20:28:46.275 30008 30008 W System.err: at
android.os.Looper.loop(Looper.java:192)
02-10 20:28:46.275 30008 30008 W System.err: at
android.app.ActivityThread.main(ActivityThread.java:6759)
02-10 20:28:46.275 30008 30008 W System.err: at
java.lang.reflect.Method.invoke(Native Method)
02-10 20:28:46.275 30008 30008 W System.err: at
com.android.internal.os.RuntimeInit$MethodAndArgsCaller.run(RuntimeInit.java:556)
02-10 20:28:46.275 30008 30008 W System.err: at
com.android.internal.os.ZygoteInit.main(ZygoteInit.java:875)
02-10 20:28:46.275 30008 30008 W System.err: Caused by:
java.lang.NoClassDefFoundError: Failed resolution of:
Lcom/mbwhatsapp/components/Button;
02-10 20:28:46.275 30008 30008 W System.err: ... 18 more
02-10 20:28:46.275 30008 30008 W System.err: Caused by:
java.lang.ClassNotFoundException: Didn't find class
"com.mbwhatsapp.components.Button" on path: DexPathList[[zip file
"/data/app/com.mbwhatsapp-2eCzAfNioABUeYvUbT-fYw==/base.apk"],nativeLibraryDirector
ies=[/data/app/com.mbwhatsapp-2eCzAfNioABUeYvUbT-fYw==/lib/arm64,
/data/app/com.mbwhatsapp-2eCzAfNioABUeYvUbT-fYw==/base.apk!/lib/arm64-v8a,
/system/lib64, /vendor/lib64]]
02-10 20:28:46.275 30008 30008 W System.err: at
dalvik.system.BaseDexClassLoader.findClass(BaseDexClassLoader.java:125)
02-10 20:28:46.275 30008 30008 W System.err: at
java.lang.ClassLoader.loadClass(ClassLoader.java:379)
02-10 20:28:46.275 30008 30008 W System.err: at
java.lang.ClassLoader.loadClass(ClassLoader.java:312)
02-10 20:28:46.275 30008 30008 W System.err: ... 18 more
02-10 20:28:46.392 30008 30031 E : nFreeSize: 3465007104
02-10 20:28:46.395 30008 30008 E CustomActivityOnCrash: IMPORTANT WARNING! You
already have an UncaughtExceptionHandler, are you sure this is correct? If you use
a custom UncaughtExceptionHandler, you must initialize it AFTER
CustomActivityOnCrash! Installing anyway, but your original handler will not be
called.
02-10 20:28:46.976 30008 30050 E : nFreeSize: 3465003008
02-10 20:28:47.034 30008 30008 E : nFreeSize: 3464929280
02-10 20:28:47.036 30008 30008 E : nFreeSize: 3464925184
02-10 20:28:47.057 30008 30008 W linker :
"/data/data/com.mbwhatsapp/files/decompressed/libs.spk.zst/libc++_shared.so" unused
DT entry: type 0x70000001 arg 0x0
--------- beginning of main
02-10 20:28:47.299 30008 30057 E : nFreeSize: 3464921088
02-10 20:28:47.399 30008 30069 W zygote64: Class X.2rL failed lock verification and
will run slower.
02-10 20:28:47.399 30008 30069 W zygote64: Common causes for lock verification
issues are non-optimized dex code
02-10 20:28:47.399 30008 30069 W zygote64: and incorrect proguard optimizations.
02-10 20:28:47.399 30008 30008 W zygote64: Class X.0eU failed lock verification and
will run slower.
02-10 20:28:47.433 30008 30057 E : nFreeSize: 3464814592
--------- beginning of system
02-10 20:28:47.636 30008 30057 E : nFreeSize: 3464814592
02-10 20:28:47.816 30008 30008 W zygote64: Class com.mbwhatsapp.HomeActivity failed
lock verification and will run slower.
02-10 20:28:48.514 30008 30008 E ArmVmp : Match on catch block at 0x0a in for 0xc9
02-10 20:28:48.525 30008 30008 E : nFreeSize: 3464806400
02-10 20:28:48.532 30008 30090 W System : ClassLoader referenced unknown path:
system/framework/mediatek-cta.jar
02-10 20:28:48.550 30008 30008 E ArmVmp : Match on catch block at 0x0a in for
0x131
02-10 20:28:48.684 30008 30094 W System : ClassLoader referenced unknown path:
system/framework/mediatek-cta.jar
02-10 20:28:48.749 30008 30094 W System : ClassLoader referenced unknown path:
system/framework/mediatek-cta.jar
02-10 20:28:48.989 30008 30008 E : nFreeSize: 3464957952
02-10 20:28:48.993 30008 30008 E : nFreeSize: 3464957952
02-10 20:28:48.995 30008 30057 E : nFreeSize: 3464953856
02-10 20:28:48.998 30008 30008 E : nFreeSize: 3464953856
02-10 20:28:49.000 30008 30057 E : nFreeSize: 3464953856
02-10 20:28:49.006 30008 30008 E : nFreeSize: 3464957952
02-10 20:28:49.015 30008 30086 W System : ClassLoader referenced unknown path:
system/framework/mediatek-cta.jar
02-10 20:28:49.194 30008 30086 E : nFreeSize: 3464941568
02-10 20:28:49.350 30008 30057 E : nFreeSize: 3464937472
02-10 20:28:49.558 30008 30008 W StaticLayout: maxLineHeight should not be -1.
maxLines:1 lineCount:1
02-10 20:28:49.563 30008 30008 W StaticLayout: maxLineHeight should not be -1.
maxLines:1 lineCount:1
02-10 20:28:49.599 30008 30008 W StaticLayout: maxLineHeight should not be -1.
maxLines:1 lineCount:1
02-10 20:28:49.600 30008 30008 W StaticLayout: maxLineHeight should not be -1.
maxLines:1 lineCount:1
02-10 20:28:49.641 30008 30008 W StaticLayout: maxLineHeight should not be -1.
maxLines:1 lineCount:1
02-10 20:28:49.644 30008 30008 W StaticLayout: maxLineHeight should not be -1.
maxLines:1 lineCount:1
02-10 20:28:49.796 30008 30080 E : nFreeSize: 3464937472
02-10 20:28:50.039 30008 30057 E : nFreeSize: 3464929280
02-10 20:28:50.444 30008 30008 W System : ClassLoader referenced unknown path:
/system/vendor/framework/via-plugin.jar
02-10 20:28:50.800 30008 30008 W StaticLayout: maxLineHeight should not be -1.
maxLines:1 lineCount:1
02-10 20:28:51.061 30008 30008 E RecyclerView: No adapter attached; skipping layout
02-10 20:28:51.107 30008 30008 E ArmVmp : Match on catch block at 0x0a in for 0xd9
02-10 20:28:51.235 30008 30008 E RecyclerView: No adapter attached; skipping layout
02-10 20:28:51.486 30008 30033 E : nFreeSize: 3464912896
02-10 20:28:51.507 30008 30033 W LibraryVersion: Failed to get app version for
libraryName: firebase-iid
02-10 20:28:51.524 30008 30080 E : nFreeSize: 3464912896
02-10 20:28:51.759 30008 30080 E : nFreeSize: 3464908800
02-10 20:28:51.798 30008 30142 W LOTTIE : Animation contains merge paths. Merge
paths are only supported on KitKat+ and must be manually enabled by calling
enableMergePathsForKitKatAndAbove().
02-10 20:28:51.812 30008 30080 E : nFreeSize: 3464904704
02-10 20:28:51.877 30008 30008 W StaticLayout: maxLineHeight should not be -1.
maxLines:1 lineCount:1
02-10 20:28:51.885 30008 30008 W StaticLayout: maxLineHeight should not be -1.
maxLines:1 lineCount:1
02-10 20:28:51.888 30008 30080 E : nFreeSize: 3464904704
02-10 20:28:51.972 30008 30080 E : nFreeSize: 3464904704
02-10 20:28:52.061 30008 30080 E : nFreeSize: 3464904704
02-10 20:28:52.164 30008 30008 W StaticLayout: maxLineHeight should not be -1.
maxLines:1 lineCount:1
02-10 20:28:52.254 30008 30080 E : nFreeSize: 3464892416
02-10 20:28:52.509 30008 30080 E : nFreeSize: 3464892416
02-10 20:28:52.591 30008 30080 E : nFreeSize: 3464892416
02-10 20:28:52.797 30008 30008 W LOTTIE : Animation contains merge paths but they
are disabled.
02-10 20:28:52.943 30008 30074 E : nFreeSize: 3464876032
02-10 20:28:52.982 30008 30163 E : nFreeSize: 3464871936
02-10 20:28:53.224 30008 30008 W StaticLayout: maxLineHeight should not be -1.
maxLines:1 lineCount:1
02-10 20:28:53.884 30008 30163 E : nFreeSize: 3464863744
02-10 20:28:54.097 30008 30163 E : nFreeSize: 3464855552
02-10 20:28:54.101 30008 30055 E : nFreeSize: 3464851456
02-10 20:28:54.130 30008 30008 W StaticLayout: maxLineHeight should not be -1.
maxLines:1 lineCount:1
02-10 20:28:54.328 30008 30055 E : nFreeSize: 3464843264
02-10 20:28:54.336 30008 30080 E : nFreeSize: 3464839168
02-10 20:28:54.367 30008 30033 E : nFreeSize: 3464839168
02-10 20:28:54.492 30008 30080 E : nFreeSize: 3464822784
02-10 20:28:54.551 30008 30080 E : nFreeSize: 3464822784
02-10 20:28:54.633 30008 30008 W StaticLayout: maxLineHeight should not be -1.
maxLines:1 lineCount:1
02-10 20:28:54.674 30008 30080 E : nFreeSize: 3464802304
02-10 20:28:54.739 30008 30008 E ArmVmp : Match on catch block at 0x5b in for 0x81
02-10 20:28:54.792 30008 30008 E ArmVmp : Match on catch block at 0x5b in for 0x89
02-10 20:28:54.814 30008 30008 E ArmVmp : Match on catch block at 0x5b in for 0x81
02-10 20:28:54.826 30008 30069 W System : ClassLoader referenced unknown path:
system/framework/mediatek-cta.jar
02-10 20:28:54.829 30008 30069 W System : ClassLoader referenced unknown path:
system/framework/mediatek-cta.jar
02-10 20:28:54.834 30008 30063 W System : ClassLoader referenced unknown path:
system/framework/mediatek-cta.jar
02-10 20:28:54.837 30008 30063 W System : ClassLoader referenced unknown path:
system/framework/mediatek-cta.jar
02-10 20:28:54.842 30008 30085 W System : ClassLoader referenced unknown path:
system/framework/mediatek-cta.jar
02-10 20:28:54.845 30008 30085 W System : ClassLoader referenced unknown path:
system/framework/mediatek-cta.jar
02-10 20:28:54.853 30008 30008 E ArmVmp : Match on catch block at 0x5b in for 0x89
02-10 20:28:54.860 30008 30080 E : nFreeSize: 3464814592
02-10 20:28:54.868 30008 30055 E : nFreeSize: 3464802304
02-10 20:28:54.877 30008 30008 E ArmVmp : Match on catch block at 0x5b in for 0x85
02-10 20:28:54.878 30008 30164 W System : ClassLoader referenced unknown path:
system/framework/mediatek-cta.jar
02-10 20:28:54.881 30008 30164 W System : ClassLoader referenced unknown path:
system/framework/mediatek-cta.jar
02-10 20:28:54.895 30008 30129 W System : ClassLoader referenced unknown path:
system/framework/mediatek-cta.jar
02-10 20:28:54.902 30008 30008 E ArmVmp : Match on catch block at 0x5b in for 0x81
02-10 20:28:54.902 30008 30129 W System : ClassLoader referenced unknown path:
system/framework/mediatek-cta.jar
02-10 20:28:54.928 30008 30084 W System : ClassLoader referenced unknown path:
system/framework/mediatek-cta.jar
02-10 20:28:54.931 30008 30084 W System : ClassLoader referenced unknown path:
system/framework/mediatek-cta.jar
02-10 20:28:55.363 30008 30164 E : nFreeSize: 3464761344
02-10 20:28:55.371 30008 30129 E : nFreeSize: 3464744960
02-10 20:28:55.378 30008 30084 E : nFreeSize: 3464744960
02-10 20:28:55.379 30008 30129 E : nFreeSize: 3464736768
02-10 20:28:55.385 30008 30144 E : nFreeSize: 3464753152
02-10 20:28:55.396 30008 30080 E : nFreeSize: 3464744960
02-10 20:28:55.404 30008 30063 E : nFreeSize: 3464753152
02-10 20:28:55.410 30008 30063 E : nFreeSize: 3464728576
02-10 20:28:55.415 30008 30085 E : nFreeSize: 3464736768
02-10 20:28:55.415 30008 30144 E : nFreeSize: 3464736768
02-10 20:28:55.439 30008 30069 E : nFreeSize: 3464724480
02-10 20:28:55.595 30008 30084 E : nFreeSize: 3464732672
02-10 20:28:55.604 30008 30164 E : nFreeSize: 3464716288
02-10 20:28:55.626 30008 30085 E : nFreeSize: 3464728576
02-10 20:28:55.626 30008 30144 E : nFreeSize: 3464728576
02-10 20:28:55.634 30008 30144 E : nFreeSize: 3464712192
02-10 20:28:55.640 30008 30144 E : nFreeSize: 3464708096
02-10 20:28:55.651 30008 30069 E : nFreeSize: 3464704000
02-10 20:28:55.657 30008 30144 E : nFreeSize: 3464704000
02-10 20:28:55.878 30008 30163 E : nFreeSize: 3464691712
02-10 20:28:56.056 30008 30163 E : nFreeSize: 3464687616
02-10 20:28:56.064 30008 30080 E : nFreeSize: 3464675328
02-10 20:28:56.164 30008 30008 W StaticLayout: maxLineHeight should not be -1.
maxLines:1 lineCount:1
02-10 20:28:56.609 30008 30080 E : nFreeSize: 3464601600
02-10 20:28:56.747 30008 30144 E : nFreeSize: 3464613888
02-10 20:28:56.768 30008 30008 W StaticLayout: maxLineHeight should not be -1.
maxLines:1 lineCount:1
02-10 20:28:56.912 30008 30080 E : nFreeSize: 3464589312
02-10 20:28:56.919 30008 30163 E : nFreeSize: 3464589312
02-10 20:28:57.143 30008 30165 E SQLiteLog: (1) no such table: notifications
02-10 20:28:57.172 30008 30163 W System : ClassLoader referenced unknown path:
system/framework/mediatek-cta.jar
02-10 20:28:57.210 30008 30080 E : nFreeSize: 3464523776
02-10 20:28:57.214 30008 30163 W System : ClassLoader referenced unknown path:
system/framework/mediatek-cta.jar
02-10 20:28:57.306 30008 30080 E : nFreeSize: 3464404992
02-10 20:28:57.326 30008 30180 E : nFreeSize: 3464421376
02-10 20:28:57.371 30008 30180 E : nFreeSize: 3464372224
02-10 20:28:57.381 30008 30180 E : nFreeSize: 3464364032
02-10 20:28:57.388 30008 30180 E : nFreeSize: 3464470528
02-10 20:28:57.397 30008 30180 E : nFreeSize: 3464462336
02-10 20:28:57.404 30008 30180 E : nFreeSize: 3464450048
02-10 20:28:57.410 30008 30180 E : nFreeSize: 3464445952
02-10 20:28:57.417 30008 30163 W System : ClassLoader referenced unknown path:
system/framework/mediatek-cta.jar
02-10 20:28:57.487 30008 30080 E : nFreeSize: 3464445952
02-10 20:28:57.895 30008 30163 E : nFreeSize: 3464445952
02-10 20:28:57.899 30008 30080 E : nFreeSize: 3464441856
02-10 20:28:58.168 30008 30129 E : nFreeSize: 3464437760
02-10 20:28:58.169 30008 30069 E : nFreeSize: 3464437760
02-10 20:28:58.170 30008 30063 E : nFreeSize: 3464437760
02-10 20:28:58.173 30008 30084 E : nFreeSize: 3464437760
02-10 20:28:58.173 30008 30164 E : nFreeSize: 3464437760
02-10 20:28:58.173 30008 30064 E : nFreeSize: 3464437760
02-10 20:28:58.186 30008 30129 W System : ClassLoader referenced unknown path:
system/framework/mediatek-cta.jar
02-10 20:28:58.188 30008 30164 W System : ClassLoader referenced unknown path:
system/framework/mediatek-cta.jar
02-10 20:28:58.190 30008 30063 W System : ClassLoader referenced unknown path:
system/framework/mediatek-cta.jar
02-10 20:28:58.191 30008 30084 W System : ClassLoader referenced unknown path:
system/framework/mediatek-cta.jar
02-10 20:28:58.193 30008 30064 W System : ClassLoader referenced unknown path:
system/framework/mediatek-cta.jar
02-10 20:28:58.195 30008 30069 W System : ClassLoader referenced unknown path:
system/framework/mediatek-cta.jar
02-10 20:28:58.244 30008 30069 W System : ClassLoader referenced unknown path:
system/framework/mediatek-cta.jar
02-10 20:28:58.251 30008 30063 W System : ClassLoader referenced unknown path:
system/framework/mediatek-cta.jar
02-10 20:28:58.255 30008 30064 W System : ClassLoader referenced unknown path:
system/framework/mediatek-cta.jar
02-10 20:28:58.260 30008 30129 W System : ClassLoader referenced unknown path:
system/framework/mediatek-cta.jar
02-10 20:28:58.264 30008 30084 W System : ClassLoader referenced unknown path:
system/framework/mediatek-cta.jar
02-10 20:28:58.268 30008 30080 E : nFreeSize: 3464392704
02-10 20:28:58.271 30008 30164 W System : ClassLoader referenced unknown path:
system/framework/mediatek-cta.jar
02-10 20:28:58.271 30008 30163 E : nFreeSize: 3464388608
02-10 20:28:58.405 30008 30063 E : nFreeSize: 3464388608
02-10 20:28:58.415 30008 30129 E : nFreeSize: 3464388608
02-10 20:28:58.427 30008 30196 E : nFreeSize: 3464359936
02-10 20:28:58.447 30008 30055 E : nFreeSize: 3464359936
02-10 20:28:58.470 30008 30164 E : nFreeSize: 3464368128
02-10 20:28:58.508 30008 30084 E : nFreeSize: 3464335360
02-10 20:28:58.509 30008 30069 E : nFreeSize: 3464335360
02-10 20:28:58.509 30008 30064 E : nFreeSize: 3464335360
02-10 20:28:58.772 30008 30163 E : nFreeSize: 3464118272
02-10 20:28:58.829 30008 30163 E : nFreeSize: 3464118272
02-10 20:28:59.993 30008 30065 E : nFreeSize: 3464122368
02-10 20:29:00.242 30008 30055 E : nFreeSize: 3464114176
02-10 20:29:00.497 30008 30055 E : nFreeSize: 3464134656
02-10 20:29:01.023 30008 30074 E : nFreeSize: 3464134656
02-10 20:29:01.025 30008 30074 E : nFreeSize: 3464134656
02-10 20:29:03.551 30008 30090 W System : ClassLoader referenced unknown path:
system/framework/mediatek-cta.jar
02-10 20:29:03.798 30008 30055 E : nFreeSize: 3464122368
02-10 20:29:03.916 30008 30055 E : nFreeSize: 3464118272
02-10 20:29:03.934 30008 30055 E : nFreeSize: 3464101888
02-10 20:29:04.054 30008 30163 E : nFreeSize: 3464118272
02-10 20:29:04.058 30008 30055 E : nFreeSize: 3464105984
02-10 20:29:04.229 30008 30163 E : nFreeSize: 3464118272
02-10 20:29:04.365 30008 30055 E : nFreeSize: 3464114176
02-10 20:29:04.368 30008 30163 E : nFreeSize: 3464101888
02-10 20:29:04.887 30008 30074 E : nFreeSize: 3464114176
02-10 20:29:04.890 30008 30074 E : nFreeSize: 3464114176
02-10 20:29:04.989 30008 30008 W StaticLayout: maxLineHeight should not be -1.
maxLines:1 lineCount:1
02-10 20:29:06.886 30008 30080 E : nFreeSize: 3464105984
02-10 20:29:07.174 30008 30065 E : nFreeSize: 3464105984
02-10 20:29:07.347 30008 30163 E : nFreeSize: 3464101888
02-10 20:29:08.169 30008 30074 E : nFreeSize: 3464101888
02-10 20:29:08.173 30008 30074 E : nFreeSize: 3464101888
02-10 20:29:09.239 30008 30080 E : nFreeSize: 3464097792
02-10 20:29:10.143 30008 30074 E : nFreeSize: 3464097792
02-10 20:29:10.145 30008 30074 E : nFreeSize: 3464097792
02-10 20:29:11.835 30008 30074 E : nFreeSize: 3464097792
02-10 20:29:11.838 30008 30074 E : nFreeSize: 3464097792
02-10 20:29:12.875 30008 30080 E : nFreeSize: 3464093696
02-10 20:29:13.016 30008 30080 E : nFreeSize: 3464093696
02-10 20:29:13.159 30008 30163 E : nFreeSize: 3464093696
02-10 20:29:13.165 30008 30163 E : nFreeSize: 3464093696
02-10 20:29:13.916 30008 30074 E : nFreeSize: 3464093696
02-10 20:29:13.918 30008 30074 E : nFreeSize: 3464093696
02-10 20:29:15.694 30008 30074 E : nFreeSize: 3464093696
02-10 20:29:15.696 30008 30074 E : nFreeSize: 3464093696
02-10 20:29:17.464 30008 30008 W StaticLayout: maxLineHeight should not be -1.
maxLines:1 lineCount:1
02-10 20:29:17.551 30008 30008 W StaticLayout: maxLineHeight should not be -1.
maxLines:1 lineCount:1
02-10 20:29:23.531 30008 30074 E : nFreeSize: 3464081408
02-10 20:29:23.533 30008 30074 E : nFreeSize: 3464081408
02-10 20:29:24.763 30008 30074 E : nFreeSize: 3464101888
02-10 20:29:24.766 30008 30074 E : nFreeSize: 3464101888
02-10 20:29:25.147 30008 30008 W StaticLayout: maxLineHeight should not be -1.
maxLines:1 lineCount:1
02-10 20:29:26.288 30008 30074 E : nFreeSize: 3464077312
02-10 20:29:26.289 30008 30074 E : nFreeSize: 3464077312
02-10 20:29:27.274 30008 30080 E : nFreeSize: 3464077312
02-10 20:29:27.274 30008 30163 E : nFreeSize: 3464077312
02-10 20:29:27.412 30008 30163 E : nFreeSize: 3464077312
02-10 20:29:27.536 30008 30008 W StaticLayout: maxLineHeight should not be -1.
maxLines:1 lineCount:1
02-10 20:29:27.543 30008 30008 W StaticLayout: maxLineHeight should not be -1.
maxLines:1 lineCount:1
02-10 20:29:28.609 30008 30074 E : nFreeSize: 3464048640
02-10 20:29:28.612 30008 30074 E : nFreeSize: 3464048640
02-10 20:29:31.380 30008 30163 E : nFreeSize: 3464077312
02-10 20:29:31.452 30008 30163 E : nFreeSize: 3464077312
02-10 20:29:31.688 30008 30008 W StaticLayout: maxLineHeight should not be -1.
maxLines:1 lineCount:1
02-10 20:29:31.696 30008 30008 W StaticLayout: maxLineHeight should not be -1.
maxLines:1 lineCount:1
02-10 20:29:31.861 30008 30163 E : nFreeSize: 3464069120
02-10 20:29:31.868 30008 30163 E : nFreeSize: 3464056832
02-10 20:29:31.916 30008 30008 W StaticLayout: maxLineHeight should not be -1.
maxLines:1 lineCount:1
02-10 20:29:32.814 30008 30074 E : nFreeSize: 3464065024
02-10 20:29:32.816 30008 30074 E : nFreeSize: 3464065024
02-10 20:29:34.218 30008 30080 E : nFreeSize: 3464060928
02-10 20:29:36.106 30008 30008 W StaticLayout: maxLineHeight should not be -1.
maxLines:1 lineCount:1
02-10 20:29:36.755 30008 30074 E : nFreeSize: 3464052736
02-10 20:29:36.758 30008 30074 E : nFreeSize: 3464052736
02-10 20:29:39.147 30008 30074 E : nFreeSize: 3464044544
02-10 20:29:39.148 30008 30074 E : nFreeSize: 3464044544
02-10 20:29:39.365 30008 30080 E : nFreeSize: 3464040448
02-10 20:29:40.205 30008 30008 W StaticLayout: maxLineHeight should not be -1.
maxLines:1 lineCount:1
02-10 20:29:40.300 30008 30008 W StaticLayout: maxLineHeight should not be -1.
maxLines:1 lineCount:1
02-10 20:29:40.312 30008 30074 E : nFreeSize: 3464032256
02-10 20:29:40.315 30008 30074 E : nFreeSize: 3464032256
02-10 20:29:42.596 30008 30074 E : nFreeSize: 3464028160
02-10 20:29:42.601 30008 30074 E : nFreeSize: 3464028160
02-10 20:29:43.071 30008 30008 E : nFreeSize: 3464028160
02-10 20:29:43.081 30008 30008 E : nFreeSize: 3464028160
02-10 20:29:43.089 30008 30008 E : nFreeSize: 3464028160
02-10 20:29:43.391 30008 30008 W zygote64: Verification of void
