02-11 08:59:21.196 25888 25888 E ArmVmp : Match on catch block at 0xc3 in for 0xa5
02-11 08:59:21.202 25888 25888 E ArmVmp : Match on catch block at 0xc3 in for 0xa9
02-11 08:59:21.211 25888 25888 E ArmVmp : Match on catch block at 0xc3 in for 0xa1
02-11 08:59:21.216 25888 25888 E ArmVmp : Match on catch block at 0xc3 in for 0xa5
02-11 08:59:21.227 25888 25888 E ArmVmp : Match on catch block at 0xc3 in for 0xa9
02-11 08:59:21.232 25888 25888 E ArmVmp : Match on catch block at 0xc3 in for 0xa1
02-11 08:59:21.243 25888 25888 E ArmVmp : Match on catch block at 0xc3 in for 0xa5
02-11 08:59:21.248 25888 25888 E ArmVmp : Match on catch block at 0xc3 in for 0xa9
02-11 08:59:21.275 25888 25888 E ArmVmp : Match on catch block at 0xc3 in for 0xa9
02-11 08:59:21.279 25888 25888 E ArmVmp : Match on catch block at 0xc3 in for 0xa1
02-11 08:59:21.287 25888 25888 E ArmVmp : Match on catch block at 0xc3 in for 0xa1
02-11 08:59:21.293 25888 25888 E ArmVmp : Match on catch block at 0xc3 in for 0xa5
02-11 08:59:21.304 25888 25888 E ArmVmp : Match on catch block at 0xc3 in for 0xa5
02-11 08:59:21.309 25888 25888 E ArmVmp : Match on catch block at 0xc3 in for 0xa9
02-11 08:59:21.320 25888 25888 E ArmVmp : Match on catch block at 0xc3 in for 0xa1
02-11 08:59:21.325 25888 25888 E ArmVmp : Match on catch block at 0xc3 in for 0xa5
02-11 08:59:21.336 25888 25888 E ArmVmp : Match on catch block at 0xc3 in for 0xa5
02-11 08:59:21.341 25888 25888 E ArmVmp : Match on catch block at 0xc3 in for 0xa9
02-11 08:59:21.454 25888 25888 E ArmVmp : Match on catch block at 0xc3 in for 0xa9
02-11 08:59:21.457 25888 25888 E ArmVmp : Match on catch block at 0xc3 in for 0xa1
02-11 08:59:21.471 25888 25888 E ArmVmp : Match on catch block at 0xc3 in for 0xa1
02-11 08:59:21.477 25888 25888 E ArmVmp : Match on catch block at 0xc3 in for 0xa5
02-11 08:59:21.487 25888 25888 E ArmVmp : Match on catch block at 0xc3 in for 0xa5
02-11 08:59:21.493 25888 25888 E ArmVmp : Match on catch block at 0xc3 in for 0xa9
02-11 08:59:21.506 25888 25888 E ArmVmp : Match on catch block at 0xc3 in for 0xa9
02-11 08:59:21.512 25888 25888 E ArmVmp : Match on catch block at 0xc3 in for 0xa1
02-11 08:59:21.540 25888 25888 E ArmVmp : Match on catch block at 0xc3 in for 0xa1
02-11 08:59:21.545 25888 25888 E ArmVmp : Match on catch block at 0xc3 in for 0xa5
02-11 08:59:21.575 25888 25888 E ArmVmp : Match on catch block at 0xc3 in for 0xa5
02-11 08:59:21.580 25888 25888 E ArmVmp : Match on catch block at 0xc3 in for 0xa9
02-11 08:59:21.610 25888 25888 E ArmVmp : Match on catch block at 0xc3 in for 0xa5
02-11 08:59:21.615 25888 25888 E ArmVmp : Match on catch block at 0xc3 in for 0xa9
02-11 08:59:21.647 25888 25888 E ArmVmp : Match on catch block at 0xc3 in for 0xa5
02-11 08:59:21.653 25888 25888 E ArmVmp : Match on catch block at 0xc3 in for 0xa9
02-11 08:59:21.688 25888 25888 E ArmVmp : Match on catch block at 0xc3 in for 0xa1
02-11 08:59:21.692 25888 25888 E ArmVmp : Match on catch block at 0xc3 in for 0xa5
02-11 08:59:21.731 25888 25888 E ArmVmp : Match on catch block at 0xc3 in for 0xa5
02-11 08:59:21.736 25888 25888 E ArmVmp : Match on catch block at 0xc3 in for 0xa9
02-11 08:59:21.766 25888 25888 W com.mbwhatsapp: type=1400 audit(0.0:1935654): avc:
denied { search } for comm=4D42576861747341707020576F726B name="clients"
dev="debugfs" ino=1075 scontext=u:r:untrusted_app:s0:c512,c768
tcontext=u:object_r:debugfs_ion:s0 tclass=dir permissive=0
02-11 08:59:21.766 25888 25888 W com.mbwhatsapp: type=1400 audit(0.0:1935655): avc:
denied { search } for comm=4D42576861747341707020576F726B name="clients"
dev="debugfs" ino=1075 scontext=u:r:untrusted_app:s0:c512,c768
tcontext=u:object_r:debugfs_ion:s0 tclass=dir permissive=0
02-11 08:59:21.773 25888 25888 E ArmVmp : Match on catch block at 0xc3 in for 0xa9
02-11 08:59:21.778 25888 25888 E ArmVmp : Match on catch block at 0xc3 in for 0xa1
02-11 08:59:21.790 25888 25888 E ArmVmp : Match on catch block at 0xc3 in for 0xa1
02-11 08:59:21.796 25888 25888 E ArmVmp : Match on catch block at 0xc3 in for 0xa5
02-11 08:59:21.836 25888 25888 E ArmVmp : Match on catch block at 0xc3 in for 0xa9
02-11 08:59:21.841 25888 25888 E ArmVmp : Match on catch block at 0xc3 in for 0xa1
02-11 08:59:21.853 25888 25989 E : nFreeSize: 2794954752
02-11 08:59:21.856 25888 25989 E : nFreeSize: 2794954752
02-11 08:59:21.887 25888 25888 E ArmVmp : Match on catch block at 0xc3 in for 0xa1
02-11 08:59:21.893 25888 25888 E ArmVmp : Match on catch block at 0xc3 in for 0xa5
02-11 08:59:21.904 25888 25888 E ArmVmp : Match on catch block at 0xc3 in for 0xa9
02-11 08:59:21.910 25888 25888 E ArmVmp : Match on catch block at 0xc3 in for 0xa1
02-11 08:59:21.926 25888 25888 E ArmVmp : Match on catch block at 0xc3 in for 0xa1
02-11 08:59:21.933 25888 25888 E ArmVmp : Match on catch block at 0xc3 in for 0xa5
02-11 08:59:21.962 25888 25888 W com.mbwhatsapp: type=1400 audit(0.0:1935656): avc:
denied { search } for comm=4D42576861747341707020576F726B name="clients"
dev="debugfs" ino=1075 scontext=u:r:untrusted_app:s0:c512,c768
tcontext=u:object_r:debugfs_ion:s0 tclass=dir permissive=0
02-11 08:59:21.962 25888 25888 W com.mbwhatsapp: type=1400 audit(0.0:1935657): avc:
denied { search } for comm=4D42576861747341707020576F726B name="clients"
dev="debugfs" ino=1075 scontext=u:r:untrusted_app:s0:c512,c768
tcontext=u:object_r:debugfs_ion:s0 tclass=dir permissive=0
02-11 08:59:21.973 25888 25888 E ArmVmp : Match on catch block at 0xc3 in for 0xa9
02-11 08:59:21.977 25888 25888 E ArmVmp : Match on catch block at 0xc3 in for 0xa1
02-11 08:59:21.989 25888 25888 E ArmVmp : Match on catch block at 0xc3 in for 0xa1
02-11 08:59:21.994 25888 25888 E ArmVmp : Match on catch block at 0xc3 in for 0xa5
02-11 08:59:22.016 25888 25888 E ArmVmp : Match on catch block at 0xc3 in for 0xa9
02-11 08:59:22.022 25888 25888 E ArmVmp : Match on catch block at 0xc3 in for 0xa1
02-11 08:59:22.032 25888 25888 E ArmVmp : Match on catch block at 0xc3 in for 0xa5
02-11 08:59:22.037 25888 25888 E ArmVmp : Match on catch block at 0xc3 in for 0xa9
02-11 08:59:22.052 25888 25888 E ArmVmp : Match on catch block at 0xc3 in for 0xa9
02-11 08:59:22.057 25888 25888 E ArmVmp : Match on catch block at 0xc3 in for 0xa1
02-11 08:59:22.170 25888 25888 E ArmVmp : Match on catch block at 0xc3 in for 0xa1
02-11 08:59:22.173 25888 25888 E ArmVmp : Match on catch block at 0xc3 in for 0xa5
02-11 08:59:22.237 25888 25888 E ArmVmp : Match on catch block at 0xc3 in for 0xa1
02-11 08:59:22.242 25888 25888 E ArmVmp : Match on catch block at 0xc3 in for 0xa5
02-11 08:59:22.253 25888 25888 E ArmVmp : Match on catch block at 0xc3 in for 0xa5
02-11 08:59:22.259 25888 25888 E ArmVmp : Match on catch block at 0xc3 in for 0xa9
02-11 08:59:22.271 25888 25888 E ArmVmp : Match on catch block at 0xc3 in for 0xa9
02-11 08:59:22.276 25888 25888 E ArmVmp : Match on catch block at 0xc3 in for 0xa1
02-11 08:59:22.286 25888 25888 E ArmVmp : Match on catch block at 0xc3 in for 0xa1
02-11 08:59:22.289 25888 25888 E ArmVmp : Match on catch block at 0xc3 in for 0xa5
02-11 08:59:22.315 25888 25888 E ArmVmp : Match on catch block at 0xc3 in for 0xa5
02-11 08:59:22.321 25888 25888 E ArmVmp : Match on catch block at 0xc3 in for 0xa9
02-11 08:59:22.334 25888 25888 E ArmVmp : Match on catch block at 0xc3 in for 0xa9
02-11 08:59:22.340 25888 25888 E ArmVmp : Match on catch block at 0xc3 in for 0xa1
02-11 08:59:22.354 25888 25888 E ArmVmp : Match on catch block at 0xc3 in for 0xa1
02-11 08:59:22.360 25888 25888 E ArmVmp : Match on catch block at 0xc3 in for 0xa5
02-11 08:59:22.374 25888 25888 E ArmVmp : Match on catch block at 0xc3 in for 0xa5
02-11 08:59:22.379 25888 25888 E ArmVmp : Match on catch block at 0xc3 in for 0xa9
02-11 08:59:22.393 25888 25888 E ArmVmp : Match on catch block at 0xc3 in for 0xa9
02-11 08:59:22.398 25888 25888 E ArmVmp : Match on catch block at 0xc3 in for 0xa1
02-11 08:59:22.412 25888 25888 E ArmVmp : Match on catch block at 0xc3 in for 0xa1
02-11 08:59:22.417 25888 25888 E ArmVmp : Match on catch block at 0xc3 in for 0xa5
02-11 08:59:22.431 25888 25888 E ArmVmp : Match on catch block at 0xc3 in for 0xa5
02-11 08:59:22.437 25888 25888 E ArmVmp : Match on catch block at 0xc3 in for 0xa9
02-11 08:59:22.451 25888 25888 E ArmVmp : Match on catch block at 0xc3 in for 0xa9
02-11 08:59:22.456 25888 25888 E ArmVmp : Match on catch block at 0xc3 in for 0xa1
02-11 08:59:22.471 25888 25888 E ArmVmp : Match on catch block at 0xc3 in for 0xa1
02-11 08:59:22.476 25888 25888 E ArmVmp : Match on catch block at 0xc3 in for 0xa5
02-11 08:59:22.490 25888 25888 E ArmVmp : Match on catch block at 0xc3 in for 0xa5
02-11 08:59:22.496 25888 25888 E ArmVmp : Match on catch block at 0xc3 in for 0xa9
02-11 08:59:22.509 25888 25888 E ArmVmp : Match on catch block at 0xc3 in for 0xa9
02-11 08:59:22.515 25888 25888 E ArmVmp : Match on catch block at 0xc3 in for 0xa1
02-11 08:59:22.528 25888 25888 E ArmVmp : Match on catch block at 0xc3 in for 0xa1
02-11 08:59:22.533 25888 25888 E ArmVmp : Match on catch block at 0xc3 in for 0xa5
02-11 08:59:22.548 25888 25888 E ArmVmp : Match on catch block at 0xc3 in for 0xa5
02-11 08:59:22.554 25888 25888 E ArmVmp : Match on catch block at 0xc3 in for 0xa9
02-11 08:59:22.567 25888 25888 E ArmVmp : Match on catch block at 0xc3 in for 0xa9
02-11 08:59:22.573 25888 25888 E ArmVmp : Match on catch block at 0xc3 in for 0xa1
02-11 08:59:22.587 25888 25888 E ArmVmp : Match on catch block at 0xc3 in for 0xa1
02-11 08:59:22.592 25888 25888 E ArmVmp : Match on catch block at 0xc3 in for 0xa5
02-11 08:59:22.652 25888 25888 E ArmVmp : Match on catch block at 0xc3 in for 0xa1
02-11 08:59:22.658 25888 25888 E ArmVmp : Match on catch block at 0xc3 in for 0xa5
02-11 08:59:23.003 25888 25888 E ArmVmp : Match on catch block at 0xc3 in for 0xa1
02-11 08:59:23.008 25888 25888 E ArmVmp : Match on catch block at 0xc3 in for 0xa5
02-11 08:59:23.020 25888 25888 E ArmVmp : Match on catch block at 0xc3 in for 0xa5
02-11 08:59:23.024 25888 25888 E ArmVmp : Match on catch block at 0xc3 in for 0xa9
02-11 08:59:23.036 25888 25888 E ArmVmp : Match on catch block at 0xc3 in for 0xa9
02-11 08:59:23.041 25888 25888 E ArmVmp : Match on catch block at 0xc3 in for 0xa1
02-11 08:59:23.053 25888 25888 E ArmVmp : Match on catch block at 0xc3 in for 0xa1
02-11 08:59:23.058 25888 25888 E ArmVmp : Match on catch block at 0xc3 in for 0xa5
02-11 08:59:23.071 25888 25888 E ArmVmp : Match on catch block at 0xc3 in for 0xa9
02-11 08:59:23.076 25888 25888 E ArmVmp : Match on catch block at 0xc3 in for 0xa1
02-11 08:59:23.085 25888 25888 E ArmVmp : Match on catch block at 0xc3 in for 0xa1
02-11 08:59:23.091 25888 25888 E ArmVmp : Match on catch block at 0xc3 in for 0xa5
02-11 08:59:23.102 25888 25888 E ArmVmp : Match on catch block at 0xc3 in for 0xa5
02-11 08:59:23.108 25888 25888 E ArmVmp : Match on catch block at 0xc3 in for 0xa9
02-11 08:59:23.122 25888 25888 E ArmVmp : Match on catch block at 0xc3 in for 0xa5
02-11 08:59:23.127 25888 25888 E ArmVmp : Match on catch block at 0xc3 in for 0xa9
02-11 08:59:23.137 25888 25888 E ArmVmp : Match on catch block at 0xc3 in for 0xa9
02-11 08:59:23.143 25888 25888 E ArmVmp : Match on catch block at 0xc3 in for 0xa1
02-11 08:59:23.156 25888 25888 E ArmVmp : Match on catch block at 0xc3 in for 0xa1
02-11 08:59:23.161 25888 25888 E ArmVmp : Match on catch block at 0xc3 in for 0xa5
02-11 08:59:23.175 25888 25888 E ArmVmp : Match on catch block at 0xc3 in for 0xa5
02-11 08:59:23.180 25888 25888 E ArmVmp : Match on catch block at 0xc3 in for 0xa9
02-11 08:59:23.193 25888 25888 E ArmVmp : Match on catch block at 0xc3 in for 0xa9
02-11 08:59:23.198 25888 25888 E ArmVmp : Match on catch block at 0xc3 in for 0xa1
02-11 08:59:23.211 25888 25888 E ArmVmp : Match on catch block at 0xc3 in for 0xa1
02-11 08:59:23.217 25888 25888 E ArmVmp : Match on catch block at 0xc3 in for 0xa5
02-11 08:59:23.229 25888 25888 E ArmVmp : Match on catch block at 0xc3 in for 0xa5
02-11 08:59:23.236 25888 25888 E ArmVmp : Match on catch block at 0xc3 in for 0xa9
02-11 08:59:23.247 25888 25888 E ArmVmp : Match on catch block at 0xc3 in for 0xa9
02-11 08:59:23.254 25888 25888 E ArmVmp : Match on catch block at 0xc3 in for 0xa1
02-11 08:59:23.266 25888 25888 E ArmVmp : Match on catch block at 0xc3 in for 0xa1
02-11 08:59:23.272 25888 25888 E ArmVmp : Match on catch block at 0xc3 in for 0xa5
02-11 08:59:23.284 25888 25888 E ArmVmp : Match on catch block at 0xc3 in for 0xa5
02-11 08:59:23.290 25888 25888 E ArmVmp : Match on catch block at 0xc3 in for 0xa9
02-11 08:59:23.302 25888 25888 E ArmVmp : Match on catch block at 0xc3 in for 0xa9
02-11 08:59:23.308 25888 25888 E ArmVmp : Match on catch block at 0xc3 in for 0xa1
02-11 08:59:23.320 25888 25888 E ArmVmp : Match on catch block at 0xc3 in for 0xa1
02-11 08:59:23.326 25888 25888 E ArmVmp : Match on catch block at 0xc3 in for 0xa5
02-11 08:59:23.337 25888 25888 E ArmVmp : Match on catch block at 0xc3 in for 0xa5
02-11 08:59:23.343 25888 25888 E ArmVmp : Match on catch block at 0xc3 in for 0xa9
02-11 08:59:23.354 25888 25888 E ArmVmp : Match on catch block at 0xc3 in for 0xa9
02-11 08:59:23.360 25888 25888 E ArmVmp : Match on catch block at 0xc3 in for 0xa1
02-11 08:59:23.372 25888 25888 E ArmVmp : Match on catch block at 0xc3 in for 0xa1
02-11 08:59:23.378 25888 25888 E ArmVmp : Match on catch block at 0xc3 in for 0xa5
02-11 08:59:23.399 25888 25888 W PlayerBase: baseStop state not match:4
02-11 08:59:23.404 25888 25888 E ArmVmp : Match on catch block at 0xc3 in for 0xa5
02-11 08:59:23.408 25888 25888 E ArmVmp : Match on catch block at 0xc3 in for 0xa9
02-11 08:59:23.419 25888 25888 E ArmVmp : Match on catch block at 0xc3 in for 0xa9
02-11 08:59:23.424 25888 25888 E ArmVmp : Match on catch block at 0xc3 in for 0xa1
02-11 08:59:23.568 25888 25888 E ArmVmp : Match on catch block at 0xc3 in for 0xa9
02-11 08:59:23.573 25888 25888 E ArmVmp : Match on catch block at 0xc3 in for 0xa1
02-11 08:59:23.834 25888 25888 E ArmVmp : Match on catch block at 0xc3 in for 0xa1
02-11 08:59:23.840 25888 25888 E ArmVmp : Match on catch block at 0xc3 in for 0xa5
02-11 08:59:23.850 25888 25888 E ArmVmp : Match on catch block at 0xc3 in for 0xa5
02-11 08:59:23.857 25888 25888 E ArmVmp : Match on catch block at 0xc3 in for 0xa9
02-11 08:59:23.868 25888 25888 E ArmVmp : Match on catch block at 0xc3 in for 0xa9
02-11 08:59:23.875 25888 25888 E ArmVmp : Match on catch block at 0xc3 in for 0xa1
02-11 08:59:23.886 25888 25888 E ArmVmp : Match on catch block at 0xc3 in for 0xa1
02-11 08:59:23.893 25888 25888 E ArmVmp : Match on catch block at 0xc3 in for 0xa5
02-11 08:59:23.906 25888 25888 E ArmVmp : Match on catch block at 0xc3 in for 0xa5
02-11 08:59:23.912 25888 25888 E ArmVmp : Match on catch block at 0xc3 in for 0xa9
02-11 08:59:23.925 25888 25888 E ArmVmp : Match on catch block at 0xc3 in for 0xa9
02-11 08:59:23.932 25888 25888 E ArmVmp : Match on catch block at 0xc3 in for 0xa1
02-11 08:59:23.950 25888 25888 E ArmVmp : Match on catch block at 0xc3 in for 0xa1
02-11 08:59:23.957 25888 25888 E ArmVmp : Match on catch block at 0xc3 in for 0xa5
02-11 08:59:23.967 25888 25888 E ArmVmp : Match on catch block at 0xc3 in for 0xa5
02-11 08:59:23.974 25888 25888 E ArmVmp : Match on catch block at 0xc3 in for 0xa9
02-11 08:59:23.983 25888 25888 E ArmVmp : Match on catch block at 0xc3 in for 0xa9
02-11 08:59:23.990 25888 25888 E ArmVmp : Match on catch block at 0xc3 in for 0xa1
02-11 08:59:24.002 25888 25888 E ArmVmp : Match on catch block at 0xc3 in for 0xa1
02-11 08:59:24.008 25888 25888 E ArmVmp : Match on catch block at 0xc3 in for 0xa5
02-11 08:59:24.021 25888 25888 E ArmVmp : Match on catch block at 0xc3 in for 0xa5
02-11 08:59:24.028 25888 25888 E ArmVmp : Match on catch block at 0xc3 in for 0xa9
02-11 08:59:24.040 25888 25888 E ArmVmp : Match on catch block at 0xc3 in for 0xa9
02-11 08:59:24.046 25888 25888 E ArmVmp : Match on catch block at 0xc3 in for 0xa1
02-11 08:59:24.059 25888 25888 E ArmVmp : Match on catch block at 0xc3 in for 0xa1
02-11 08:59:24.066 25888 25888 E ArmVmp : Match on catch block at 0xc3 in for 0xa5
02-11 08:59:24.083 25888 25888 E ArmVmp : Match on catch block at 0xc3 in for 0xa5
02-11 08:59:24.089 25888 25888 E ArmVmp : Match on catch block at 0xc3 in for 0xa9
02-11 08:59:24.217 25888 25888 E ArmVmp : Match on catch block at 0xc3 in for 0xa1
02-11 08:59:24.222 25888 25888 E ArmVmp : Match on catch block at 0xc3 in for 0xa5
02-11 08:59:24.609 25888 25888 E ArmVmp : Match on catch block at 0xc3 in for 0xa9
02-11 08:59:24.614 25888 25888 E ArmVmp : Match on catch block at 0xc3 in for 0xa1
02-11 08:59:24.698 25888 25888 E ArmVmp : Match on catch block at 0xc3 in for 0xa1
02-11 08:59:24.709 25888 25888 E ArmVmp : Match on catch block at 0xc3 in for 0xa5
02-11 08:59:24.737 25888 25888 E ArmVmp : Match on catch block at 0xc3 in for 0xa5
02-11 08:59:24.747 25888 25888 E ArmVmp : Match on catch block at 0xc3 in for 0xa9
02-11 08:59:29.090 25888 25966 E : nFreeSize: 2794823680
02-11 08:59:29.107 25888 26223 E : nFreeSize: 2794819584
02-11 08:59:31.983 25888 26223 E : nFreeSize: 2794242048
02-11 08:59:32.931 25888 25989 E : nFreeSize: 2794233856
02-11 08:59:32.939 25888 25989 E : nFreeSize: 2794233856
02-11 08:59:38.206 25888 26223 E : nFreeSize: 2792906752
02-11 08:59:39.057 25888 25989 E : nFreeSize: 2792878080
02-11 08:59:39.059 25888 25989 E : nFreeSize: 2792878080
02-11 08:59:39.554 25888 25888 E : nFreeSize: 2792841216
02-11 08:59:39.624 25888 25966 E : nFreeSize: 2792828928
02-11 08:59:39.625 25888 26223 E : nFreeSize: 2792824832
02-11 08:59:39.641 25888 26068 E : nFreeSize: 2792820736
02-11 08:59:39.651 25888 25888 E : nFreeSize: 2792828928
02-11 08:59:39.831 25888 25888 E ArmVmp : Match on catch block at 0x0a in for 0xc1
02-11 08:59:39.854 25888 25888 E ArmVmp : Match on catch block at 0x0a in for 0xc9
02-11 08:59:39.858 25888 28079 W System : ClassLoader referenced unknown path:
system/framework/mediatek-cta.jar
02-11 08:59:40.030 25888 25888 W com.mbwhatsapp: type=1400 audit(0.0:1935673): avc:
denied { search } for comm=4D42576861747341707020576F726B name="clients"
dev="debugfs" ino=1075 scontext=u:r:untrusted_app:s0:c512,c768
tcontext=u:object_r:debugfs_ion:s0 tclass=dir permissive=0
02-11 08:59:40.030 25888 25888 W com.mbwhatsapp: type=1400 audit(0.0:1935674): avc:
denied { search } for comm=4D42576861747341707020576F726B name="clients"
dev="debugfs" ino=1075 scontext=u:r:untrusted_app:s0:c512,c768
tcontext=u:object_r:debugfs_ion:s0 tclass=dir permissive=0
02-11 08:59:40.066 25888 28079 W System : ClassLoader referenced unknown path:
system/framework/mediatek-cta.jar
02-11 08:59:40.076 25888 25888 W StaticLayout: maxLineHeight should not be -1.
maxLines:1 lineCount:1
02-11 08:59:40.077 25888 25888 W StaticLayout: maxLineHeight should not be -1.
maxLines:1 lineCount:1
02-11 08:59:40.077 25888 25888 W StaticLayout: maxLineHeight should not be -1.
maxLines:1 lineCount:1
02-11 08:59:40.082 25888 25888 W StaticLayout: maxLineHeight should not be -1.
maxLines:1 lineCount:1
02-11 08:59:40.082 25888 25888 W StaticLayout: maxLineHeight should not be -1.
maxLines:1 lineCount:1
02-11 08:59:40.083 25888 25888 W StaticLayout: maxLineHeight should not be -1.
maxLines:1 lineCount:1
02-11 08:59:40.083 25888 25888 W StaticLayout: maxLineHeight should not be -1.
maxLines:1 lineCount:1
02-11 08:59:40.172 25888 25888 E ArmVmp : Match on catch block at 0xc3 in for 0xa1
02-11 08:59:40.182 25888 25888 E ArmVmp : Match on catch block at 0xc3 in for 0xa5
02-11 08:59:40.222 25888 25888 W StaticLayout: maxLineHeight should not be -1.
maxLines:1 lineCount:1
02-11 08:59:40.225 25888 25888 W StaticLayout: maxLineHeight should not be -1.
maxLines:1 lineCount:1
02-11 08:59:40.229 25888 25888 E ArmVmp : Match on catch block at 0xc3 in for 0xa9
02-11 08:59:40.233 25888 25888 E ArmVmp : Match on catch block at 0xc3 in for 0xa1
02-11 08:59:40.296 25888 26223 E : nFreeSize: 2792861696
02-11 08:59:40.364 25888 25888 E : nFreeSize: 2792861696
02-11 08:59:40.369 25888 25888 E : nFreeSize: 2792861696
02-11 08:59:40.422 25888 25888 E : nFreeSize: 2792861696
02-11 08:59:40.426 25888 26223 E : nFreeSize: 2792861696
02-11 08:59:40.427 25888 25888 E : nFreeSize: 2792861696
02-11 08:59:40.535 25888 25888 E ArmVmp : Match on catch block at 0xc3 in for 0xa9
02-11 08:59:40.541 25888 25888 E ArmVmp : Match on catch block at 0xc3 in for 0xa1
02-11 08:59:40.608 25888 25888 E ArmVmp : Match on catch block at 0xc3 in for 0xa1
02-11 08:59:40.613 25888 25888 E ArmVmp : Match on catch block at 0xc3 in for 0xa5
02-11 08:59:40.786 25888 25888 E : nFreeSize: 2792812544
02-11 08:59:40.793 25888 25888 E : nFreeSize: 2792812544
02-11 08:59:40.868 25888 25888 E ArmVmp : Match on catch block at 0xc3 in for 0xa9
02-11 08:59:40.874 25888 25888 E ArmVmp : Match on catch block at 0xc3 in for 0xa1
02-11 08:59:40.885 25888 25888 E ArmVmp : Match on catch block at 0xc3 in for 0xa1
02-11 08:59:40.893 25888 25888 E ArmVmp : Match on catch block at 0xc3 in for 0xa5
02-11 08:59:40.918 25888 25888 E ArmVmp : Match on catch block at 0xc3 in for 0xa5
02-11 08:59:40.924 25888 25888 E ArmVmp : Match on catch block at 0xc3 in for 0xa9
02-11 08:59:40.935 25888 25888 E ArmVmp : Match on catch block at 0xc3 in for 0xa9
02-11 08:59:40.939 25888 25888 E ArmVmp : Match on catch block at 0xc3 in for 0xa1
02-11 08:59:40.954 25888 25888 E ArmVmp : Match on catch block at 0xc3 in for 0xa1
02-11 08:59:40.959 25888 25888 E ArmVmp : Match on catch block at 0xc3 in for 0xa5
02-11 08:59:40.968 25888 25888 E ArmVmp : Match on catch block at 0xc3 in for 0xa5
02-11 08:59:40.974 25888 25888 E ArmVmp : Match on catch block at 0xc3 in for 0xa9
02-11 08:59:40.985 25888 25888 E ArmVmp : Match on catch block at 0xc3 in for 0xa9
02-11 08:59:40.989 25888 25888 E ArmVmp : Match on catch block at 0xc3 in for 0xa1
02-11 08:59:41.001 25888 25888 E ArmVmp : Match on catch block at 0xc3 in for 0xa1
02-11 08:59:41.007 25888 25888 E ArmVmp : Match on catch block at 0xc3 in for 0xa5
02-11 08:59:41.022 25888 25888 E ArmVmp : Match on catch block at 0xc3 in for 0xa1
02-11 08:59:41.033 25888 25888 E ArmVmp : Match on catch block at 0xc3 in for 0xa5
02-11 08:59:41.051 25888 25888 E ArmVmp : Match on catch block at 0xc3 in for 0xa5
02-11 08:59:41.056 25888 25888 E ArmVmp : Match on catch block at 0xc3 in for 0xa9
02-11 08:59:41.068 25888 25888 E ArmVmp : Match on catch block at 0xc3 in for 0xa9
02-11 08:59:41.073 25888 25888 E ArmVmp : Match on catch block at 0xc3 in for 0xa1
02-11 08:59:41.084 25888 25888 E ArmVmp : Match on catch block at 0xc3 in for 0xa1
02-11 08:59:41.089 25888 25888 E ArmVmp : Match on catch block at 0xc3 in for 0xa5
02-11 08:59:41.103 25888 25888 E ArmVmp : Match on catch block at 0xc3 in for 0xa5
02-11 08:59:41.107 25888 25888 E ArmVmp : Match on catch block at 0xc3 in for 0xa9
02-11 08:59:41.115 25888 26223 E : nFreeSize: 2792792064
02-11 08:59:41.128 25888 25888 E ArmVmp : Match on catch block at 0xc3 in for 0xa1
02-11 08:59:41.133 25888 25888 E ArmVmp : Match on catch block at 0xc3 in for 0xa5
02-11 08:59:41.146 25888 25888 E ArmVmp : Match on catch block at 0xc3 in for 0xa5
02-11 08:59:41.154 25888 25888 E ArmVmp : Match on catch block at 0xc3 in for 0xa9
02-11 08:59:41.290 25888 25888 W com.mbwhatsapp: type=1400 audit(0.0:1935676): avc:
denied { search } for name="clients" dev="debugfs" ino=1075
scontext=u:r:untrusted_app:s0:c512,c768 tcontext=u:object_r:debugfs_ion:s0
tclass=dir permissive=0
02-11 08:59:41.308 25888 25888 E ArmVmp : Match on catch block at 0xc3 in for 0xa5
02-11 08:59:41.313 25888 25888 E ArmVmp : Match on catch block at 0xc3 in for 0xa9
02-11 08:59:41.358 25888 25888 W com.mbwhatsapp: type=1400 audit(0.0:1935677): avc:
denied { search } for comm=4D42576861747341707020576F726B name="clients"
dev="debugfs" ino=1075 scontext=u:r:untrusted_app:s0:c512,c768
tcontext=u:object_r:debugfs_ion:s0 tclass=dir permissive=0
02-11 08:59:41.358 25888 25888 W com.mbwhatsapp: type=1400 audit(0.0:1935678): avc:
denied { search } for comm=4D42576861747341707020576F726B name="clients"
dev="debugfs" ino=1075 scontext=u:r:untrusted_app:s0:c512,c768
tcontext=u:object_r:debugfs_ion:s0 tclass=dir permissive=0
02-11 08:59:41.362 25888 25888 E ArmVmp : Match on catch block at 0xc3 in for 0xa9
02-11 08:59:41.367 25888 25888 E ArmVmp : Match on catch block at 0xc3 in for 0xa1
02-11 08:59:41.451 25888 25888 E ArmVmp : Match on catch block at 0xc3 in for 0xa1
02-11 08:59:41.457 25888 25888 E ArmVmp : Match on catch block at 0xc3 in for 0xa5
02-11 08:59:41.578 25888 25888 W com.mbwhatsapp: type=1400 audit(0.0:1935679): avc:
denied { search } for comm=486967682050726920576F726B6572 name="clients"
dev="debugfs" ino=1075 scontext=u:r:untrusted_app:s0:c512,c768
tcontext=u:object_r:debugfs_ion:s0 tclass=dir permissive=0
02-11 08:59:41.578 25888 25888 W com.mbwhatsapp: type=1400 audit(0.0:1935680): avc:
denied { search } for comm=486967682050726920576F726B6572 name="clients"
dev="debugfs" ino=1075 scontext=u:r:untrusted_app:s0:c512,c768
tcontext=u:object_r:debugfs_ion:s0 tclass=dir permissive=0
02-11 08:59:41.582 25888 25888 W com.mbwhatsapp: type=1400 audit(0.0:1935681): avc:
denied { search } for name="clients" dev="debugfs" ino=1075
scontext=u:r:untrusted_app:s0:c512,c768 tcontext=u:object_r:debugfs_ion:s0
tclass=dir permissive=0
02-11 08:59:41.608 25888 25888 E ArmVmp : Match on catch block at 0xc3 in for 0xa1
02-11 08:59:41.613 25888 25888 E ArmVmp : Match on catch block at 0xc3 in for 0xa5
02-11 08:59:41.629 25888 25888 E ArmVmp : Match on catch block at 0xc3 in for 0xa1
02-11 08:59:41.634 25888 25888 E ArmVmp : Match on catch block at 0xc3 in for 0xa5
02-11 08:59:41.679 25888 25888 E ArmVmp : Match on catch block at 0xc3 in for 0xa1
02-11 08:59:41.685 25888 25888 E ArmVmp : Match on catch block at 0xc3 in for 0xa5
02-11 08:59:41.697 25888 25888 E ArmVmp : Match on catch block at 0xc3 in for 0xa9
02-11 08:59:41.702 25888 25888 E ArmVmp : Match on catch block at 0xc3 in for 0xa1
02-11 08:59:41.718 25888 25888 E ArmVmp : Match on catch block at 0xc3 in for 0xa5
02-11 08:59:41.724 25888 25888 E ArmVmp : Match on catch block at 0xc3 in for 0xa9
02-11 08:59:41.739 25888 25888 E ArmVmp : Match on catch block at 0xc3 in for 0xa1
02-11 08:59:41.744 25888 25888 E ArmVmp : Match on catch block at 0xc3 in for 0xa5
02-11 08:59:41.761 25888 25888 E ArmVmp : Match on catch block at 0xc3 in for 0xa9
02-11 08:59:41.766 25888 25888 E ArmVmp : Match on catch block at 0xc3 in for 0xa1
02-11 08:59:41.779 25888 25888 E ArmVmp : Match on catch block at 0xc3 in for 0xa9
02-11 08:59:41.784 25888 25888 E ArmVmp : Match on catch block at 0xc3 in for 0xa1
02-11 08:59:41.794 25888 25888 W com.mbwhatsapp: type=1400 audit(0.0:1935682): avc:
denied { search } for name="clients" dev="debugfs" ino=1075
scontext=u:r:untrusted_app:s0:c512,c768 tcontext=u:object_r:debugfs_ion:s0
tclass=dir permissive=0
02-11 08:59:41.794 25888 25888 W com.mbwhatsapp: type=1400 audit(0.0:1935683): avc:
denied { search } for name="clients" dev="debugfs" ino=1075
scontext=u:r:untrusted_app:s0:c512,c768 tcontext=u:object_r:debugfs_ion:s0
tclass=dir permissive=0
02-11 08:59:41.818 25888 25888 W com.mbwhatsapp: type=1400 audit(0.0:1935684): avc:
denied { search } for comm=4D42576861747341707020576F726B name="clients"
dev="debugfs" ino=1075 scontext=u:r:untrusted_app:s0:c512,c768
tcontext=u:object_r:debugfs_ion:s0 tclass=dir permissive=0
02-11 08:59:41.818 25888 25888 W com.mbwhatsapp: type=1400 audit(0.0:1935685): avc:
denied { search } for comm=4D42576861747341707020576F726B name="clients"
dev="debugfs" ino=1075 scontext=u:r:untrusted_app:s0:c512,c768
tcontext=u:object_r:debugfs_ion:s0 tclass=dir permissive=0
02-11 08:59:41.830 25888 25888 E ArmVmp : Match on catch block at 0xc3 in for 0xa1
02-11 08:59:41.835 25888 25888 E ArmVmp : Match on catch block at 0xc3 in for 0xa5
02-11 08:59:41.847 25888 25888 E ArmVmp : Match on catch block at 0xc3 in for 0xa1
02-11 08:59:41.853 25888 25888 E ArmVmp : Match on catch block at 0xc3 in for 0xa5
02-11 08:59:41.875 25888 25888 E ArmVmp : Match on catch block at 0xc3 in for 0xa5
02-11 08:59:41.881 25888 25888 E ArmVmp : Match on catch block at 0xc3 in for 0xa9
02-11 08:59:41.909 25888 25888 E ArmVmp : Match on catch block at 0xc3 in for 0xa9
02-11 08:59:41.915 25888 25888 E ArmVmp : Match on catch block at 0xc3 in for 0xa1
02-11 08:59:41.982 25888 25888 W com.mbwhatsapp: type=1400 audit(0.0:1935686): avc:
denied { search } for comm=486967682050726920576F726B6572 name="clients"
dev="debugfs" ino=1075 scontext=u:r:untrusted_app:s0:c512,c768
tcontext=u:object_r:debugfs_ion:s0 tclass=dir permissive=0
02-11 08:59:41.982 25888 25888 W com.mbwhatsapp: type=1400 audit(0.0:1935687): avc:
denied { search } for comm=486967682050726920576F726B6572 name="clients"
dev="debugfs" ino=1075 scontext=u:r:untrusted_app:s0:c512,c768
tcontext=u:object_r:debugfs_ion:s0 tclass=dir permissive=0
02-11 08:59:41.994 25888 25888 E ArmVmp : Match on catch block at 0xc3 in for 0xa5
02-11 08:59:41.998 25888 25888 E ArmVmp : Match on catch block at 0xc3 in for 0xa9
02-11 08:59:42.008 25888 25888 E ArmVmp : Match on catch block at 0xc3 in for 0xa5
02-11 08:59:42.012 25888 25888 E ArmVmp : Match on catch block at 0xc3 in for 0xa9
02-11 08:59:42.048 25888 25888 E ArmVmp : Match on catch block at 0xc3 in for 0xa1
02-11 08:59:42.053 25888 25888 E ArmVmp : Match on catch block at 0xc3 in for 0xa5
02-11 08:59:42.068 25888 25888 E ArmVmp : Match on catch block at 0xc3 in for 0xa9
02-11 08:59:42.074 25888 25888 E ArmVmp : Match on catch block at 0xc3 in for 0xa1
02-11 08:59:42.094 25888 25888 E ArmVmp : Match on catch block at 0xc3 in for 0xa9
02-11 08:59:42.100 25888 25888 E ArmVmp : Match on catch block at 0xc3 in for 0xa1
02-11 08:59:42.100 25888 25989 E : nFreeSize: 2792779776
02-11 08:59:42.104 25888 25989 E : nFreeSize: 2792779776
02-11 08:59:42.117 25888 25888 E ArmVmp : Match on catch block at 0xc3 in for 0xa9
02-11 08:59:42.124 25888 25888 E ArmVmp : Match on catch block at 0xc3 in for 0xa1
02-11 08:59:42.142 25888 25888 E ArmVmp : Match on catch block at 0xc3 in for 0xa5
02-11 08:59:42.149 25888 25888 E ArmVmp : Match on catch block at 0xc3 in for 0xa9
02-11 08:59:42.162 25888 25888 E ArmVmp : Match on catch block at 0xc3 in for 0xa5
02-11 08:59:42.169 25888 25888 E ArmVmp : Match on catch block at 0xc3 in for 0xa9
02-11 08:59:42.185 25888 25888 E ArmVmp : Match on catch block at 0xc3 in for 0xa5
02-11 08:59:42.191 25888 25888 E ArmVmp : Match on catch block at 0xc3 in for 0xa9
02-11 08:59:42.204 25888 25888 E ArmVmp : Match on catch block at 0xc3 in for 0xa9
02-11 08:59:42.209 25888 25888 E ArmVmp : Match on catch block at 0xc3 in for 0xa1
02-11 08:59:42.302 25888 25888 E ArmVmp : Match on catch block at 0xc3 in for 0xa1
02-11 08:59:42.306 25888 25888 E ArmVmp : Match on catch block at 0xc3 in for 0xa5
02-11 08:59:42.318 25888 25888 E ArmVmp : Match on catch block at 0xc3 in for 0xa5
02-11 08:59:42.323 25888 25888 E ArmVmp : Match on catch block at 0xc3 in for 0xa9
02-11 08:59:42.335 25888 25888 E ArmVmp : Match on catch block at 0xc3 in for 0xa9
02-11 08:59:42.339 25888 25888 E ArmVmp : Match on catch block at 0xc3 in for 0xa1
02-11 08:59:42.352 25888 25888 E ArmVmp : Match on catch block at 0xc3 in for 0xa1
02-11 08:59:42.357 25888 25888 E ArmVmp : Match on catch block at 0xc3 in for 0xa5
02-11 08:59:42.385 25888 25888 E ArmVmp : Match on catch block at 0xc3 in for 0xa1
02-11 08:59:42.389 25888 25888 E ArmVmp : Match on catch block at 0xc3 in for 0xa5
02-11 08:59:42.403 25888 25888 E ArmVmp : Match on catch block at 0xc3 in for 0xa5
02-11 08:59:42.407 25888 25888 E ArmVmp : Match on catch block at 0xc3 in for 0xa9
02-11 08:59:42.419 25888 25888 E ArmVmp : Match on catch block at 0xc3 in for 0xa9
02-11 08:59:42.423 25888 25888 E ArmVmp : Match on catch block at 0xc3 in for 0xa1
02-11 08:59:42.435 25888 25888 E ArmVmp : Match on catch block at 0xc3 in for 0xa1
02-11 08:59:42.440 25888 25888 E ArmVmp : Match on catch block at 0xc3 in for 0xa5
02-11 08:59:42.452 25888 25888 E ArmVmp : Match on catch block at 0xc3 in for 0xa5
02-11 08:59:42.457 25888 25888 E ArmVmp : Match on catch block at 0xc3 in for 0xa9
02-11 08:59:42.469 25888 25888 E ArmVmp : Match on catch block at 0xc3 in for 0xa9
02-11 08:59:42.474 25888 25888 E ArmVmp : Match on catch block at 0xc3 in for 0xa1
02-11 08:59:42.533 25888 25888 E ArmVmp : Match on catch block at 0xc3 in for 0xa5
02-11 08:59:42.537 25888 25888 E ArmVmp : Match on catch block at 0xc3 in for 0xa9
02-11 08:59:42.554 25888 25888 W MessageThumbsTh: type=1400 audit(0.0:1935689):
avc: denied { search } for name="clients" dev="debugfs" ino=1075
scontext=u:r:untrusted_app:s0:c512,c768 tcontext=u:object_r:debugfs_ion:s0
tclass=dir permissive=0
02-11 08:59:42.554 25888 25888 W MessageThumbsTh: type=1400 audit(0.0:1935690):
avc: denied { search } for name="clients" dev="debugfs" ino=1075
scontext=u:r:untrusted_app:s0:c512,c768 tcontext=u:object_r:debugfs_ion:s0
tclass=dir permissive=0
02-11 08:59:42.578 25888 25888 W MessageThumbsTh: type=1400 audit(0.0:1935691):
avc: denied { search } for name="clients" dev="debugfs" ino=1075
scontext=u:r:untrusted_app:s0:c512,c768 tcontext=u:object_r:debugfs_ion:s0
tclass=dir permissive=0
02-11 08:59:42.578 25888 25888 W MessageThumbsTh: type=1400 audit(0.0:1935692):
avc: denied { search } for name="clients" dev="debugfs" ino=1075
scontext=u:r:untrusted_app:s0:c512,c768 tcontext=u:object_r:debugfs_ion:s0
tclass=dir permissive=0
02-11 08:59:42.584 25888 25888 E ArmVmp : Match on catch block at 0xc3 in for 0xa9
02-11 08:59:42.589 25888 25888 E ArmVmp : Match on catch block at 0xc3 in for 0xa1
02-11 08:59:42.642 25888 25888 W MessageThumbsTh: type=1400 audit(0.0:1935693):
avc: denied { search } for name="clients" dev="debugfs" ino=1075
scontext=u:r:untrusted_app:s0:c512,c768 tcontext=u:object_r:debugfs_ion:s0
tclass=dir permissive=0
02-11 08:59:42.642 25888 25888 W MessageThumbsTh: type=1400 audit(0.0:1935694):
avc: denied { search } for name="clients" dev="debugfs" ino=1075
scontext=u:r:untrusted_app:s0:c512,c768 tcontext=u:object_r:debugfs_ion:s0
tclass=dir permissive=0
02-11 08:59:42.651 25888 25888 E ArmVmp : Match on catch block at 0xc3 in for 0xa1
02-11 08:59:42.656 25888 25888 E ArmVmp : Match on catch block at 0xc3 in for 0xa5
02-11 08:59:42.706 25888 25888 E ArmVmp : Match on catch block at 0xc3 in for 0xa5
02-11 08:59:42.709 25888 25888 E ArmVmp : Match on catch block at 0xc3 in for 0xa9
02-11 08:59:42.719 25888 25888 E ArmVmp : Match on catch block at 0xc3 in for 0xa9
02-11 08:59:42.724 25888 25888 E ArmVmp : Match on catch block at 0xc3 in for 0xa1
02-11 08:59:43.532 25888 25888 E ArmVmp : Match on catch block at 0xc3 in for 0xa5
02-11 08:59:43.537 25888 25888 E ArmVmp : Match on catch block at 0xc3 in for 0xa9
02-11 08:59:43.789 25888 25888 E ArmVmp : Match on catch block at 0xc3 in for 0xa5
02-11 08:59:43.792 25888 25888 E ArmVmp : Match on catch block at 0xc3 in for 0xa9
02-11 08:59:43.801 25888 25888 E ArmVmp : Match on catch block at 0xc3 in for 0xa9
02-11 08:59:43.806 25888 25888 E ArmVmp : Match on catch block at 0xc3 in for 0xa1
02-11 08:59:43.841 25888 25888 E ArmVmp : Match on catch block at 0xc3 in for 0xa9
02-11 08:59:43.844 25888 25888 E ArmVmp : Match on catch block at 0xc3 in for 0xa1
02-11 08:59:43.877 25888 25888 E ArmVmp : Match on catch block at 0xc3 in for 0xa1
02-11 08:59:43.880 25888 25888 E ArmVmp : Match on catch block at 0xc3 in for 0xa5
02-11 08:59:44.012 25888 25888 E ArmVmp : Match on catch block at 0xc3 in for 0xa5
02-11 08:59:44.017 25888 25888 E ArmVmp : Match on catch block at 0xc3 in for 0xa9
02-11 08:59:44.041 25888 26068 E : nFreeSize: 2792628224
02-11 08:59:44.083 25888 26068 E : nFreeSize: 2792628224
02-11 08:59:44.138 25888 25888 W contact-photos-: type=1400 audit(0.0:1935697):
avc: denied { search } for name="clients" dev="debugfs" ino=1075
scontext=u:r:untrusted_app:s0:c512,c768 tcontext=u:object_r:debugfs_ion:s0
tclass=dir permissive=0
02-11 08:59:44.138 25888 25888 W contact-photos-: type=1400 audit(0.0:1935698):
avc: denied { search } for name="clients" dev="debugfs" ino=1075
scontext=u:r:untrusted_app:s0:c512,c768 tcontext=u:object_r:debugfs_ion:s0
tclass=dir permissive=0
02-11 08:59:44.162 25888 25888 W contact-photos-: type=1400 audit(0.0:1935699):
avc: denied { search } for name="clients" dev="debugfs" ino=1075
scontext=u:r:untrusted_app:s0:c512,c768 tcontext=u:object_r:debugfs_ion:s0
tclass=dir permissive=0
02-11 08:59:44.230 25888 25888 W contact-photos-: type=1400 audit(0.0:1935706):
avc: denied { search } for name="clients" dev="debugfs" ino=1075
scontext=u:r:untrusted_app:s0:c512,c768 tcontext=u:object_r:debugfs_ion:s0
tclass=dir permissive=0
02-11 08:59:44.246 25888 25888 W contact-photos-: type=1400 audit(0.0:1935707):
avc: denied { search } for name="clients" dev="debugfs" ino=1075
scontext=u:r:untrusted_app:s0:c512,c768 tcontext=u:object_r:debugfs_ion:s0
tclass=dir permissive=0
02-11 08:59:44.246 25888 25888 W contact-photos-: type=1400 audit(0.0:1935708):
avc: denied { search } for name="clients" dev="debugfs" ino=1075
scontext=u:r:untrusted_app:s0:c512,c768 tcontext=u:object_r:debugfs_ion:s0
tclass=dir permissive=0
02-11 08:59:44.262 25888 25888 W contact-photos-: type=1400 audit(0.0:1935709):
avc: denied { search } for name="clients" dev="debugfs" ino=1075
scontext=u:r:untrusted_app:s0:c512,c768 tcontext=u:object_r:debugfs_ion:s0
tclass=dir permissive=0
02-11 08:59:44.282 25888 25888 W contact-photos-: type=1400 audit(0.0:1935712):
avc: denied { search } for name="clients" dev="debugfs" ino=1075
scontext=u:r:untrusted_app:s0:c512,c768 tcontext=u:object_r:debugfs_ion:s0
tclass=dir permissive=0
02-11 08:59:44.295 25888 25888 E : nFreeSize: 2792624128
02-11 08:59:44.300 25888 25888 E : nFreeSize: 2792624128
02-11 08:59:44.322 25888 25888 W contact-photos-: type=1400 audit(0.0:1935713):
avc: denied { search } for name="clients" dev="debugfs" ino=1075
scontext=u:r:untrusted_app:s0:c512,c768 tcontext=u:object_r:debugfs_ion:s0
tclass=dir permissive=0
02-11 08:59:44.342 25888 25888 W contact-photos-: type=1400 audit(0.0:1935716):
avc: denied { search } for name="clients" dev="debugfs" ino=1075
scontext=u:r:untrusted_app:s0:c512,c768 tcontext=u:object_r:debugfs_ion:s0
tclass=dir permissive=0
02-11 08:59:44.365 25888 25888 E ArmVmp : Match on catch block at 0xc3 in for 0xa1
02-11 08:59:44.370 25888 25888 E ArmVmp : Match on catch block at 0xc3 in for 0xa5
02-11 08:59:44.396 25888 25989 E : nFreeSize: 2792624128
02-11 08:59:44.399 25888 25989 E : nFreeSize: 2792624128
02-11 08:59:44.498 25888 25888 W contact-photos-: type=1400 audit(0.0:1935717):
avc: denied { search } for name="clients" dev="debugfs" ino=1075
scontext=u:r:untrusted_app:s0:c512,c768 tcontext=u:object_r:debugfs_ion:s0
tclass=dir permissive=0
02-11 08:59:44.518 25888 25888 W contact-photos-: type=1400 audit(0.0:1935720):
avc: denied { search } for name="clients" dev="debugfs" ino=1075
scontext=u:r:untrusted_app:s0:c512,c768 tcontext=u:object_r:debugfs_ion:s0
tclass=dir permissive=0
02-11 08:59:44.568 25888 25888 E ArmVmp : Match on catch block at 0xc3 in for 0xa1
02-11 08:59:44.574 25888 25888 E ArmVmp : Match on catch block at 0xc3 in for 0xa5
02-11 08:59:44.671 25888 25888 E ArmVmp : Match on catch block at 0xc3 in for 0xa1
02-11 08:59:44.674 25888 25888 E ArmVmp : Match on catch block at 0xc3 in for 0xa5
02-11 08:59:44.683 25888 25888 E ArmVmp : Match on catch block at 0xc3 in for 0xa5
02-11 08:59:44.687 25888 25888 E ArmVmp : Match on catch block at 0xc3 in for 0xa9
02-11 08:59:44.698 25888 25888 E ArmVmp : Match on catch block at 0xc3 in for 0xa1
02-11 08:59:44.703 25888 25888 E ArmVmp : Match on catch block at 0xc3 in for 0xa5
02-11 08:59:44.714 25888 25888 E ArmVmp : Match on catch block at 0xc3 in for 0xa5
02-11 08:59:44.720 25888 25888 E ArmVmp : Match on catch block at 0xc3 in for 0xa9
02-11 08:59:44.728 25888 25888 E ArmVmp : Match on catch block at 0xc3 in for 0xa9
02-11 08:59:44.734 25888 25888 E ArmVmp : Match on catch block at 0xc3 in for 0xa1
02-11 08:59:44.741 25888 25888 E ArmVmp : Match on catch block at 0xc3 in for 0xa1
02-11 08:59:44.745 25888 25888 E ArmVmp : Match on catch block at 0xc3 in for 0xa5
02-11 08:59:44.753 25888 25888 E ArmVmp : Match on catch block at 0xc3 in for 0xa5
02-11 08:59:44.757 25888 25888 E ArmVmp : Match on catch block at 0xc3 in for 0xa9
02-11 08:59:47.443 25888 26223 E : nFreeSize: 2792140800
02-11 08:59:47.443 25888 26068 E : nFreeSize: 2792140800
02-11 08:59:47.719 25888 25888 W StaticLayout: maxLineHeight should not be -1.
maxLines:1 lineCount:1
02-11 08:59:47.725 25888 25888 W StaticLayout: maxLineHeight should not be -1.
maxLines:1 lineCount:1
02-11 08:59:49.348 25888 25989 E : nFreeSize: 2792136704
02-11 08:59:49.350 25888 25989 E : nFreeSize: 2792136704
02-11 08:59:50.349 25888 26068 E : nFreeSize: 2792136704
02-11 08:59:50.426 25888 26068 E : nFreeSize: 2792132608
02-11 08:59:50.429 25888 26223 E : nFreeSize: 2792128512
02-11 08:59:50.643 25888 25888 W StaticLayout: maxLineHeight should not be -1.
maxLines:1 lineCount:1
02-11 08:59:50.645 25888 25888 W StaticLayout: maxLineHeight should not be -1.
maxLines:1 lineCount:1
02-11 08:59:51.224 25888 25888 E : nFreeSize: 2792132608
02-11 08:59:51.235 25888 25888 E : nFreeSize: 2792132608
02-11 08:59:51.437 25888 25966 E : nFreeSize: 2792132608
02-11 08:59:51.459 25888 28166 E : nFreeSize: 2792132608
02-11 08:59:52.550 25888 25989 E : nFreeSize: 2792132608
02-11 08:59:52.555 25888 25989 E : nFreeSize: 2792132608
02-11 09:29:45.439 30859 30859 W System.err: java.lang.ClassNotFoundException:
mbmodsd.mbmodsw.ui.views.btn.BtnBK
02-11 09:29:45.439 30859 30859 W System.err: at
java.lang.VMClassLoader.findLoadedClass(Native Method)
02-11 09:29:45.439 30859 30859 W System.err: at
java.lang.ClassLoader.findLoadedClass(ClassLoader.java:738)
02-11 09:29:45.439 30859 30859 W System.err: at
java.lang.ClassLoader.loadClass(ClassLoader.java:363)
02-11 09:29:45.439 30859 30859 W System.err: at
java.lang.ClassLoader.loadClass(ClassLoader.java:312)
02-11 09:29:45.439 30859 30859 W System.err: at
java.lang.Runtime.nativeLoad(Native Method)
02-11 09:29:45.439 30859 30859 W System.err: at
java.lang.Runtime.doLoad(Runtime.java:1099)
02-11 09:29:45.439 30859 30859 W System.err: at
java.lang.Runtime.loadLibrary0(Runtime.java:1014)
02-11 09:29:45.439 30859 30859 W System.err: at
java.lang.System.loadLibrary(System.java:1657)
02-11 09:29:45.439 30859 30859 W System.err: at arm.EpicVm.<clinit>(Unknown
Source:2)
02-11 09:29:45.439 30859 30859 W System.err: at
java.lang.Class.newInstance(Native Method)
02-11 09:29:45.439 30859 30859 W System.err: at
android.app.Instrumentation.newApplication(Instrumentation.java:1107)
02-11 09:29:45.439 30859 30859 W System.err: at
android.app.Instrumentation.newApplication(Instrumentation.java:1092)
02-11 09:29:45.439 30859 30859 W System.err: at
android.app.LoadedApk.makeApplication(LoadedApk.java:1001)
02-11 09:29:45.439 30859 30859 W System.err: at
android.app.ActivityThread.handleBindApplication(ActivityThread.java:5944)
02-11 09:29:45.439 30859 30859 W System.err: at android.app.ActivityThread.-
wrap1(Unknown Source:0)
02-11 09:29:45.439 30859 30859 W System.err: at
android.app.ActivityThread$H.handleMessage(ActivityThread.java:1774)
02-11 09:29:45.439 30859 30859 W System.err: at
android.os.Handler.dispatchMessage(Handler.java:106)
02-11 09:29:45.439 30859 30859 W System.err: at
android.os.Looper.loop(Looper.java:192)
02-11 09:29:45.439 30859 30859 W System.err: at
android.app.ActivityThread.main(ActivityThread.java:6759)
02-11 09:29:45.439 30859 30859 W System.err: at
java.lang.reflect.Method.invoke(Native Method)
02-11 09:29:45.439 30859 30859 W System.err: at
com.android.internal.os.RuntimeInit$MethodAndArgsCaller.run(RuntimeInit.java:556)
02-11 09:29:45.439 30859 30859 W System.err: at
com.android.internal.os.ZygoteInit.main(ZygoteInit.java:875)
02-11 09:29:45.440 30859 30859 W System.err: Caused by:
java.lang.NoClassDefFoundError: Failed resolution of:
Lcom/mbwhatsapp/components/Button;
02-11 09:29:45.440 30859 30859 W System.err: ... 18 more
02-11 09:29:45.440 30859 30859 W System.err: Caused by:
java.lang.ClassNotFoundException: Didn't find class
"com.mbwhatsapp.components.Button" on path: DexPathList[[zip file
"/data/app/com.mbwhatsapp-2eCzAfNioABUeYvUbT-fYw==/base.apk"],nativeLibraryDirector
ies=[/data/app/com.mbwhatsapp-2eCzAfNioABUeYvUbT-fYw==/lib/arm64,
/data/app/com.mbwhatsapp-2eCzAfNioABUeYvUbT-fYw==/base.apk!/lib/arm64-v8a,
/system/lib64, /vendor/lib64]]
02-11 09:29:45.440 30859 30859 W System.err: at
dalvik.system.BaseDexClassLoader.findClass(BaseDexClassLoader.java:125)
02-11 09:29:45.440 30859 30859 W System.err: at
java.lang.ClassLoader.loadClass(ClassLoader.java:379)
02-11 09:29:45.440 30859 30859 W System.err: at
java.lang.ClassLoader.loadClass(ClassLoader.java:312)
02-11 09:29:45.440 30859 30859 W System.err: ... 18 more
02-11 09:29:45.678 30859 30905 E : nFreeSize: 2793787392
02-11 09:29:45.679 30859 30859 E CustomActivityOnCrash: IMPORTANT WARNING! You
already have an UncaughtExceptionHandler, are you sure this is correct? If you use
a custom UncaughtExceptionHandler, you must initialize it AFTER
CustomActivityOnCrash! Installing anyway, but your original handler will not be
called.
02-11 09:29:45.897 30859 30859 W ContextImpl: Failed to ensure
/dev/null/Android/media/com.mbwhatsapp: -404
02-11 09:29:46.710 30859 30859 E : nFreeSize: 2793693184
02-11 09:29:46.713 30859 30859 E : nFreeSize: 2793693184
02-11 09:29:46.742 30859 30859 W linker :
"/data/data/com.mbwhatsapp/files/decompressed/libs.spk.zst/libc++_shared.so" unused
DT entry: type 0x70000001 arg 0x0
--------- beginning of system
--------- beginning of main
02-11 09:36:28.681 30859 31534 E : nFreeSize: 2771525632
02-11 09:36:30.100 30859 30986 E : nFreeSize: 2771521536
02-11 09:36:30.101 30859 30986 E : nFreeSize: 2771521536
02-11 09:36:30.430 30859 31864 E : nFreeSize: 2771517440
02-11 09:36:30.774 30859 30980 E : nFreeSize: 2771521536
02-11 09:36:30.878 30859 31534 E : nFreeSize: 2771517440
02-11 09:36:31.179 30859 30980 E : nFreeSize: 2771517440
02-11 09:36:31.282 30859 31864 E : nFreeSize: 2771509248
02-11 09:36:32.737 30859 30986 E : nFreeSize: 2771492864
02-11 09:36:32.738 30859 30986 E : nFreeSize: 2771492864
02-11 09:36:36.275 30859 31534 E : nFreeSize: 2771488768
02-11 09:36:36.588 30859 30980 E : nFreeSize: 2771492864
02-11 09:36:36.691 30859 31534 E : nFreeSize: 2771488768
02-11 09:36:36.999 30859 30980 E : nFreeSize: 2771488768
02-11 09:36:37.102 30859 31864 E : nFreeSize: 2771484672
02-11 09:36:38.035 30859 30986 E : nFreeSize: 2771484672
02-11 09:36:38.036 30859 30986 E : nFreeSize: 2771484672
02-11 09:36:40.125 30859 30986 E : nFreeSize: 2771476480
02-11 09:36:40.126 30859 30986 E : nFreeSize: 2771476480
02-11 09:36:41.027 30859 31864 E : nFreeSize: 2771472384
02-11 09:36:41.342 30859 30980 E : nFreeSize: 2771476480
02-11 09:36:41.446 30859 31534 E : nFreeSize: 2771468288
02-11 09:36:41.747 30859 30980 E : nFreeSize: 2771472384
02-11 09:36:41.874 30859 31864 E : nFreeSize: 2771468288
02-11 09:36:42.901 30859 31534 E : nFreeSize: 2771460096
02-11 09:36:43.191 30859 30986 E : nFreeSize: 2771460096
02-11 09:36:43.193 30859 30986 E : nFreeSize: 2771460096
02-11 09:36:45.734 30859 30859 W DynamiteModule: Local module descriptor class for
com.google.android.gms.vision.dynamite.barcode not found.
02-11 09:36:45.762 30859 30986 E : nFreeSize: 2771456000
02-11 09:36:45.763 30859 30986 E : nFreeSize: 2771456000
02-11 09:36:45.804 30859 30859 W zygote64: Unsupported class loader
02-11 09:36:45.816 30859 30859 W zygote64: Skipping duplicate class check due to
unsupported classloader
02-11 09:36:45.871 30859 30859 W zygote64: Unsupported class loader
02-11 09:36:45.879 30859 30859 W zygote64: Skipping duplicate class check due to
unsupported classloader
02-11 09:36:46.002 30859 1096 W LibraryVersion: Failed to get app version for
libraryName: optional-module-barcode
02-11 09:36:46.038 30859 1098 W DynamiteModule: Local module descriptor class for
com.google.android.gms.tflite_dynamite not found.
02-11 09:36:46.046 30859 1098 W zygote64: Unsupported class loader
02-11 09:36:46.060 30859 1098 W zygote64: Skipping duplicate class check due to
unsupported classloader
02-11 09:36:46.067 30859 1099 W Vision : Would have logged:
02-11 09:36:46.067 30859 1099 W Vision : # m.aoi@d3f2acfe
02-11 09:36:46.091 30859 1098 W DynamiteModule: Local module descriptor class for
com.google.android.gms.googlecertificates not found.
02-11 09:36:46.102 30859 1098 W zygote64: Unsupported class loader
02-11 09:36:46.106 30859 30951 E : nFreeSize: 2771423232
02-11 09:36:46.115 30859 1098 W zygote64: Skipping duplicate class check due to
unsupported classloader
02-11 09:36:48.479 30859 1177 W Vision : Would have logged:
02-11 09:36:48.479 30859 1177 W Vision : # m.aoi@f7f93236
02-11 09:36:49.831 30859 31534 E : nFreeSize: 2771406848
02-11 09:36:49.838 30859 31864 E : nFreeSize: 2771406848
02-11 09:36:49.846 30859 31534 E : nFreeSize: 2771402752
02-11 09:36:51.274 30859 31534 E : nFreeSize: 2771398656
02-11 09:36:52.192 30859 30986 E : nFreeSize: 2771398656
02-11 09:36:52.195 30859 30986 E : nFreeSize: 2771398656
02-11 09:36:53.738 30859 30966 E : nFreeSize: 2771378176
02-11 09:36:54.672 30859 30986 E : nFreeSize: 2771353600
02-11 09:36:54.677 30859 30986 E : nFreeSize: 2771353600
02-11 09:36:57.703 30859 31864 E : nFreeSize: 2771288064
02-11 09:36:57.707 30859 30966 E : nFreeSize: 2771288064
02-11 09:36:58.659 30859 30966 E : nFreeSize: 2771226624
02-11 09:37:01.189 30859 30966 E : nFreeSize: 2770759680
02-11 09:37:01.203 30859 31534 W CursorWindow: Window is full: requested allocation
804 bytes, free space 435 bytes, window size 2097152 bytes
02-11 09:37:01.339 30859 30966 E : nFreeSize: 2770763776
02-11 09:37:01.664 30859 30966 E : nFreeSize: 2770759680
02-11 09:37:01.752 30859 31864 E : nFreeSize: 2770706432
