02-11 13:05:16.138 4464 4464 E ArmVmp : Match on catch block at 0xc3 in for 0xa1
02-11 13:05:16.141 4464 12107 W AudioCapabilities: Unsupported mime audio/ape
02-11 13:05:16.142 4464 12107 W AudioCapabilities: Unsupported mime audio/ape
02-11 13:05:16.143 4464 4464 E ArmVmp : Match on catch block at 0xc3 in for 0xa5
02-11 13:05:16.143 4464 12107 W AudioCapabilities: Unsupported mime audio/dsd
02-11 13:05:16.159 4464 12107 W AudioCapabilities: Unsupported mime audio/mpeg-L1
02-11 13:05:16.160 4464 12107 W AudioCapabilities: Unsupported mime audio/mpeg-L2
02-11 13:05:16.164 4464 12107 W AudioCapabilities: Unsupported mime audio/pcm
02-11 13:05:16.165 4464 12107 W AudioCapabilities: Unsupported mime audio/ra
02-11 13:05:16.169 4464 12107 W AudioCapabilities: Unsupported mime audio/x-ms-wma
02-11 13:05:16.200 4464 12107 W VideoCapabilities: Unsupported mime video/divx
02-11 13:05:16.203 4464 12107 W VideoCapabilities: Unsupported mime video/divx3
02-11 13:05:16.206 4464 12107 W VideoCapabilities: Unsupported mime video/divx3
02-11 13:05:16.209 4464 12107 W VideoCapabilities: Unsupported mime video/flv1
02-11 13:05:16.211 4464 12107 W VideoCapabilities: Unsupported mime video/x-flv
02-11 13:05:16.225 4464 12107 W VideoCapabilities: Unsupported mime video/mjpeg
02-11 13:05:16.228 4464 12107 W VideoCapabilities: Unsupported mime video/x-
motion-jpeg
02-11 13:05:16.235 4464 12107 W VideoCapabilities: Unrecognized profile/level 1/32
for video/mp4v-es
02-11 13:05:16.235 4464 12107 W VideoCapabilities: Unrecognized profile/level
32768/2 for video/mp4v-es
02-11 13:05:16.235 4464 12107 W VideoCapabilities: Unrecognized profile/level
32768/64 for video/mp4v-es
02-11 13:05:16.242 4464 12107 W VideoCapabilities: Unsupported mime video/rv
02-11 13:05:16.259 4464 12107 W VideoCapabilities: Unsupported mime video/x-ms-wmv
02-11 13:05:16.261 4464 12107 W VideoCapabilities: Unsupported mime video/x-ms-wmv
02-11 13:05:16.263 4464 12107 W VideoCapabilities: Unsupported mime video/x-ms-
wmv2
02-11 13:05:16.265 4464 12107 W VideoCapabilities: Unsupported mime video/xvid
02-11 13:05:16.278 4464 12107 W VideoCapabilities: Unrecognized profile/level 1/32
for video/mp4v-es
02-11 13:05:16.675 4464 12110 W ACodec : [OMX.MTK.VIDEO.DECODER.AVC] setting
nBufferCountActual to 8 failed: -22
02-11 13:05:16.676 4464 12110 W ACodec : [OMX.MTK.VIDEO.DECODER.AVC] setting
nBufferCountActual to 7 failed: -22
02-11 13:05:16.683 4464 12110 W GrallocMapperPassthrough: buffer descriptor with
invalid usage bits 0x2000
02-11 13:05:16.699 4464 12110 W GrallocMapperPassthrough: buffer descriptor with
invalid usage bits 0x2000
02-11 13:05:16.705 4464 12110 W GrallocMapperPassthrough: buffer descriptor with
invalid usage bits 0x2000
02-11 13:05:16.740 4464 12110 W ACodec : [OMX.MTK.VIDEO.DECODER.AVC] setting
nBufferCountActual to 9 failed: -22
02-11 13:05:16.741 4464 12110 W ACodec : [OMX.MTK.VIDEO.DECODER.AVC] setting
nBufferCountActual to 8 failed: -22
02-11 13:05:16.749 4464 12110 W GrallocMapperPassthrough: buffer descriptor with
invalid usage bits 0x2000
02-11 13:05:16.771 4464 12110 W GrallocMapperPassthrough: buffer descriptor with
invalid usage bits 0x2000
02-11 13:05:16.865 4464 4464 E ArmVmp : Match on catch block at 0xc3 in for 0xa1
02-11 13:05:16.871 4464 4464 E ArmVmp : Match on catch block at 0xc3 in for 0xa5
02-11 13:05:16.972 4464 4464 E ArmVmp : Match on catch block at 0xc3 in for 0xa5
02-11 13:05:16.976 4464 4464 E ArmVmp : Match on catch block at 0xc3 in for 0xa9
02-11 13:05:17.125 4464 4464 E ArmVmp : Match on catch block at 0xc3 in for 0xa9
02-11 13:05:17.129 4464 4464 E ArmVmp : Match on catch block at 0xc3 in for 0xa1
02-11 13:05:17.133 4464 12110 W GrallocMapperPassthrough: buffer descriptor with
invalid usage bits 0x2000
02-11 13:05:17.141 4464 4464 E ArmVmp : Match on catch block at 0xc3 in for 0xa1
02-11 13:05:17.148 4464 4464 E ArmVmp : Match on catch block at 0xc3 in for 0xa5
02-11 13:05:17.205 4464 4464 E ArmVmp : Match on catch block at 0xc3 in for 0xa5
02-11 13:05:17.208 4464 4464 E ArmVmp : Match on catch block at 0xc3 in for 0xa9
02-11 13:05:17.272 4464 4464 E ArmVmp : Match on catch block at 0xc3 in for 0xa9
02-11 13:05:17.277 4464 4464 E ArmVmp : Match on catch block at 0xc3 in for 0xa1
02-11 13:05:17.291 4464 4464 E ArmVmp : Match on catch block at 0xc3 in for 0xa1
02-11 13:05:17.296 4464 4464 E ArmVmp : Match on catch block at 0xc3 in for 0xa5
02-11 13:05:17.305 4464 4464 E ArmVmp : Match on catch block at 0xc3 in for 0xa5
02-11 13:05:17.311 4464 4464 E ArmVmp : Match on catch block at 0xc3 in for 0xa9
02-11 13:05:17.321 4464 4464 E ArmVmp : Match on catch block at 0xc3 in for 0xa9
02-11 13:05:17.328 4464 4464 E ArmVmp : Match on catch block at 0xc3 in for 0xa1
02-11 13:05:17.339 4464 4464 E ArmVmp : Match on catch block at 0xc3 in for 0xa1
02-11 13:05:17.343 4464 4464 E ArmVmp : Match on catch block at 0xc3 in for 0xa5
02-11 13:05:17.357 4464 4464 E ArmVmp : Match on catch block at 0xc3 in for 0xa5
02-11 13:05:17.360 4464 4464 E ArmVmp : Match on catch block at 0xc3 in for 0xa9
02-11 13:05:17.372 4464 4464 E ArmVmp : Match on catch block at 0xc3 in for 0xa9
02-11 13:05:17.376 4464 4464 E ArmVmp : Match on catch block at 0xc3 in for 0xa1
02-11 13:05:17.389 4464 4464 E ArmVmp : Match on catch block at 0xc3 in for 0xa1
02-11 13:05:17.392 4464 4464 E ArmVmp : Match on catch block at 0xc3 in for 0xa5
02-11 13:05:17.404 4464 4464 E ArmVmp : Match on catch block at 0xc3 in for 0xa5
02-11 13:05:17.408 4464 4464 E ArmVmp : Match on catch block at 0xc3 in for 0xa9
02-11 13:05:17.422 4464 4464 E ArmVmp : Match on catch block at 0xc3 in for 0xa9
02-11 13:05:17.425 4464 4464 E ArmVmp : Match on catch block at 0xc3 in for 0xa1
02-11 13:05:17.438 4464 4464 E ArmVmp : Match on catch block at 0xc3 in for 0xa1
02-11 13:05:17.442 4464 4464 E ArmVmp : Match on catch block at 0xc3 in for 0xa5
02-11 13:05:17.455 4464 4464 E ArmVmp : Match on catch block at 0xc3 in for 0xa5
02-11 13:05:17.459 4464 4464 E ArmVmp : Match on catch block at 0xc3 in for 0xa9
02-11 13:05:17.472 4464 4464 E ArmVmp : Match on catch block at 0xc3 in for 0xa9
02-11 13:05:17.475 4464 4464 E ArmVmp : Match on catch block at 0xc3 in for 0xa1
02-11 13:05:17.490 4464 4464 E ArmVmp : Match on catch block at 0xc3 in for 0xa1
02-11 13:05:17.494 4464 4464 E ArmVmp : Match on catch block at 0xc3 in for 0xa5
02-11 13:05:17.505 4464 4464 E ArmVmp : Match on catch block at 0xc3 in for 0xa5
02-11 13:05:17.507 4464 9636 E : nFreeSize: 2629332992
02-11 13:05:17.509 4464 4464 E ArmVmp : Match on catch block at 0xc3 in for 0xa9
02-11 13:05:17.522 4464 4464 E ArmVmp : Match on catch block at 0xc3 in for 0xa9
02-11 13:05:17.526 4464 4464 E ArmVmp : Match on catch block at 0xc3 in for 0xa1
02-11 13:05:17.550 4464 4464 E ArmVmp : Match on catch block at 0xc3 in for 0xa5
02-11 13:05:17.553 4464 4464 E ArmVmp : Match on catch block at 0xc3 in for 0xa9
02-11 13:05:17.562 4464 4464 E ArmVmp : Match on catch block at 0xc3 in for 0xa9
02-11 13:05:17.566 4464 4464 E ArmVmp : Match on catch block at 0xc3 in for 0xa1
02-11 13:05:17.575 4464 4464 E ArmVmp : Match on catch block at 0xc3 in for 0xa1
02-11 13:05:17.580 4464 4464 E ArmVmp : Match on catch block at 0xc3 in for 0xa5
02-11 13:05:17.587 4464 4464 E ArmVmp : Match on catch block at 0xc3 in for 0xa5
02-11 13:05:17.592 4464 4464 E ArmVmp : Match on catch block at 0xc3 in for 0xa9
02-11 13:05:17.637 4464 9636 E : nFreeSize: 2629328896
02-11 13:05:17.638 4464 11512 E : nFreeSize: 2629328896
02-11 13:05:17.693 4464 4464 E ArmVmp : Match on catch block at 0xc3 in for 0xa5
02-11 13:05:17.696 4464 4464 E ArmVmp : Match on catch block at 0xc3 in for 0xa9
02-11 13:05:17.730 4464 4464 E ArmVmp : Match on catch block at 0xc3 in for 0xa5
02-11 13:05:17.734 4464 4464 E ArmVmp : Match on catch block at 0xc3 in for 0xa9
02-11 13:05:17.760 4464 4464 E ArmVmp : Match on catch block at 0xc3 in for 0xa5
02-11 13:05:17.763 4464 4464 E ArmVmp : Match on catch block at 0xc3 in for 0xa9
02-11 13:05:17.790 4464 4464 E ArmVmp : Match on catch block at 0xc3 in for 0xa1
02-11 13:05:17.794 4464 4464 E ArmVmp : Match on catch block at 0xc3 in for 0xa5
02-11 13:05:17.819 4464 4464 E ArmVmp : Match on catch block at 0xc3 in for 0xa5
02-11 13:05:17.823 4464 4464 E ArmVmp : Match on catch block at 0xc3 in for 0xa9
02-11 13:05:17.848 4464 4464 E ArmVmp : Match on catch block at 0xc3 in for 0xa1
02-11 13:05:17.852 4464 4464 E ArmVmp : Match on catch block at 0xc3 in for 0xa5
02-11 13:05:17.854 4464 4512 E : nFreeSize: 2629324800
02-11 13:05:17.857 4464 4512 E : nFreeSize: 2629443584
02-11 13:05:17.876 4464 4464 E ArmVmp : Match on catch block at 0xc3 in for 0xa5
02-11 13:05:17.880 4464 4464 E ArmVmp : Match on catch block at 0xc3 in for 0xa9
02-11 13:05:17.889 4464 4464 E ArmVmp : Match on catch block at 0xc3 in for 0xa9
02-11 13:05:17.893 4464 4464 E ArmVmp : Match on catch block at 0xc3 in for 0xa1
02-11 13:05:17.954 4464 4464 E ArmVmp : Match on catch block at 0xc3 in for 0xa1
02-11 13:05:17.957 4464 4464 E ArmVmp : Match on catch block at 0xc3 in for 0xa5
02-11 13:05:18.020 4464 4464 E ArmVmp : Match on catch block at 0xc3 in for 0xa5
02-11 13:05:18.025 4464 4464 E ArmVmp : Match on catch block at 0xc3 in for 0xa9
02-11 13:05:18.087 4464 4464 E ArmVmp : Match on catch block at 0xc3 in for 0xa9
02-11 13:05:18.090 4464 4464 E ArmVmp : Match on catch block at 0xc3 in for 0xa1
02-11 13:05:18.154 4464 4464 E ArmVmp : Match on catch block at 0xc3 in for 0xa1
02-11 13:05:18.157 4464 4464 E ArmVmp : Match on catch block at 0xc3 in for 0xa5
02-11 13:05:18.221 4464 4464 E ArmVmp : Match on catch block at 0xc3 in for 0xa5
02-11 13:05:18.225 4464 4464 E ArmVmp : Match on catch block at 0xc3 in for 0xa9
02-11 13:05:18.287 4464 4464 E ArmVmp : Match on catch block at 0xc3 in for 0xa5
02-11 13:05:18.290 4464 4464 E ArmVmp : Match on catch block at 0xc3 in for 0xa9
02-11 13:05:18.354 4464 4464 E ArmVmp : Match on catch block at 0xc3 in for 0xa9
02-11 13:05:18.357 4464 4464 E ArmVmp : Match on catch block at 0xc3 in for 0xa1
02-11 13:05:18.420 4464 4464 E ArmVmp : Match on catch block at 0xc3 in for 0xa1
02-11 13:05:18.424 4464 4464 E ArmVmp : Match on catch block at 0xc3 in for 0xa5
02-11 13:05:18.487 4464 4464 E ArmVmp : Match on catch block at 0xc3 in for 0xa5
02-11 13:05:18.490 4464 4464 E ArmVmp : Match on catch block at 0xc3 in for 0xa9
02-11 13:05:18.554 4464 4464 E ArmVmp : Match on catch block at 0xc3 in for 0xa9
02-11 13:05:18.557 4464 4464 E ArmVmp : Match on catch block at 0xc3 in for 0xa1
02-11 13:05:18.637 4464 4464 E ArmVmp : Match on catch block at 0xc3 in for 0xa1
02-11 13:05:18.640 4464 4464 E ArmVmp : Match on catch block at 0xc3 in for 0xa5
02-11 13:05:18.703 4464 4464 E ArmVmp : Match on catch block at 0xc3 in for 0xa5
02-11 13:05:18.706 4464 4464 E ArmVmp : Match on catch block at 0xc3 in for 0xa9
02-11 13:05:18.770 4464 4464 E ArmVmp : Match on catch block at 0xc3 in for 0xa9
02-11 13:05:18.773 4464 4464 E ArmVmp : Match on catch block at 0xc3 in for 0xa1
02-11 13:05:18.836 4464 4464 E ArmVmp : Match on catch block at 0xc3 in for 0xa1
02-11 13:05:18.839 4464 4464 E ArmVmp : Match on catch block at 0xc3 in for 0xa5
02-11 13:05:18.903 4464 4464 E ArmVmp : Match on catch block at 0xc3 in for 0xa5
02-11 13:05:18.907 4464 4464 E ArmVmp : Match on catch block at 0xc3 in for 0xa9
02-11 13:05:18.970 4464 4464 E ArmVmp : Match on catch block at 0xc3 in for 0xa9
02-11 13:05:18.973 4464 4464 E ArmVmp : Match on catch block at 0xc3 in for 0xa1
02-11 13:05:19.036 4464 4464 E ArmVmp : Match on catch block at 0xc3 in for 0xa1
02-11 13:05:19.039 4464 4464 E ArmVmp : Match on catch block at 0xc3 in for 0xa5
02-11 13:05:19.103 4464 4464 E ArmVmp : Match on catch block at 0xc3 in for 0xa5
02-11 13:05:19.106 4464 4464 E ArmVmp : Match on catch block at 0xc3 in for 0xa9
02-11 13:05:19.169 4464 4464 E ArmVmp : Match on catch block at 0xc3 in for 0xa9
02-11 13:05:19.172 4464 4464 E ArmVmp : Match on catch block at 0xc3 in for 0xa1
02-11 13:05:19.236 4464 4464 E ArmVmp : Match on catch block at 0xc3 in for 0xa1
02-11 13:05:19.239 4464 4464 E ArmVmp : Match on catch block at 0xc3 in for 0xa5
02-11 13:05:19.303 4464 4464 E ArmVmp : Match on catch block at 0xc3 in for 0xa5
02-11 13:05:19.306 4464 4464 E ArmVmp : Match on catch block at 0xc3 in for 0xa9
02-11 13:05:19.369 4464 4464 E ArmVmp : Match on catch block at 0xc3 in for 0xa9
02-11 13:05:19.372 4464 4464 E ArmVmp : Match on catch block at 0xc3 in for 0xa1
02-11 13:05:19.435 4464 4464 E ArmVmp : Match on catch block at 0xc3 in for 0xa1
02-11 13:05:19.439 4464 4464 E ArmVmp : Match on catch block at 0xc3 in for 0xa5
02-11 13:05:19.469 4464 4464 E ArmVmp : Match on catch block at 0xc3 in for 0xa5
02-11 13:05:19.472 4464 4464 E ArmVmp : Match on catch block at 0xc3 in for 0xa9
02-11 13:05:19.486 4464 4464 E ArmVmp : Match on catch block at 0xc3 in for 0xa9
02-11 13:05:19.490 4464 4464 E ArmVmp : Match on catch block at 0xc3 in for 0xa1
02-11 13:05:19.502 4464 4464 E ArmVmp : Match on catch block at 0xc3 in for 0xa1
02-11 13:05:19.505 4464 4464 E ArmVmp : Match on catch block at 0xc3 in for 0xa5
02-11 13:05:19.519 4464 4464 E ArmVmp : Match on catch block at 0xc3 in for 0xa5
02-11 13:05:19.522 4464 4464 E ArmVmp : Match on catch block at 0xc3 in for 0xa9
02-11 13:05:19.535 4464 4464 E ArmVmp : Match on catch block at 0xc3 in for 0xa9
02-11 13:05:19.538 4464 4464 E ArmVmp : Match on catch block at 0xc3 in for 0xa1
02-11 13:05:19.552 4464 4464 E ArmVmp : Match on catch block at 0xc3 in for 0xa1
02-11 13:05:19.555 4464 4464 E ArmVmp : Match on catch block at 0xc3 in for 0xa5
02-11 13:05:19.568 4464 4464 E ArmVmp : Match on catch block at 0xc3 in for 0xa5
02-11 13:05:19.572 4464 4464 E ArmVmp : Match on catch block at 0xc3 in for 0xa9
02-11 13:05:19.585 4464 4464 E ArmVmp : Match on catch block at 0xc3 in for 0xa9
02-11 13:05:19.588 4464 4464 E ArmVmp : Match on catch block at 0xc3 in for 0xa1
02-11 13:05:19.602 4464 4464 E ArmVmp : Match on catch block at 0xc3 in for 0xa1
02-11 13:05:19.604 4464 4464 E ArmVmp : Match on catch block at 0xc3 in for 0xa5
02-11 13:05:19.619 4464 4464 E ArmVmp : Match on catch block at 0xc3 in for 0xa5
02-11 13:05:19.622 4464 4464 E ArmVmp : Match on catch block at 0xc3 in for 0xa9
02-11 13:05:19.635 4464 4464 E ArmVmp : Match on catch block at 0xc3 in for 0xa9
02-11 13:05:19.638 4464 4464 E ArmVmp : Match on catch block at 0xc3 in for 0xa1
02-11 13:05:19.652 4464 4464 E ArmVmp : Match on catch block at 0xc3 in for 0xa1
02-11 13:05:19.655 4464 4464 E ArmVmp : Match on catch block at 0xc3 in for 0xa5
02-11 13:05:19.669 4464 4464 E ArmVmp : Match on catch block at 0xc3 in for 0xa5
02-11 13:05:19.672 4464 4464 E ArmVmp : Match on catch block at 0xc3 in for 0xa9
02-11 13:05:19.685 4464 4464 E ArmVmp : Match on catch block at 0xc3 in for 0xa9
02-11 13:05:19.688 4464 4464 E ArmVmp : Match on catch block at 0xc3 in for 0xa1
02-11 13:05:19.702 4464 4464 E ArmVmp : Match on catch block at 0xc3 in for 0xa1
02-11 13:05:19.705 4464 4464 E ArmVmp : Match on catch block at 0xc3 in for 0xa5
02-11 13:05:19.718 4464 4464 E ArmVmp : Match on catch block at 0xc3 in for 0xa5
02-11 13:05:19.721 4464 4464 E ArmVmp : Match on catch block at 0xc3 in for 0xa9
02-11 13:05:19.785 4464 4464 E ArmVmp : Match on catch block at 0xc3 in for 0xa9
02-11 13:05:19.789 4464 4464 E ArmVmp : Match on catch block at 0xc3 in for 0xa1
02-11 13:05:19.852 4464 4464 E ArmVmp : Match on catch block at 0xc3 in for 0xa1
02-11 13:05:19.855 4464 4464 E ArmVmp : Match on catch block at 0xc3 in for 0xa5
02-11 13:05:19.919 4464 4464 E ArmVmp : Match on catch block at 0xc3 in for 0xa5
02-11 13:05:19.922 4464 4464 E ArmVmp : Match on catch block at 0xc3 in for 0xa9
02-11 13:05:19.985 4464 4464 E ArmVmp : Match on catch block at 0xc3 in for 0xa9
02-11 13:05:19.989 4464 4464 E ArmVmp : Match on catch block at 0xc3 in for 0xa1
02-11 13:05:20.052 4464 4464 E ArmVmp : Match on catch block at 0xc3 in for 0xa1
02-11 13:05:20.055 4464 4464 E ArmVmp : Match on catch block at 0xc3 in for 0xa5
02-11 13:05:20.119 4464 4464 E ArmVmp : Match on catch block at 0xc3 in for 0xa5
02-11 13:05:20.121 4464 4464 E ArmVmp : Match on catch block at 0xc3 in for 0xa9
02-11 13:05:20.185 4464 4464 E ArmVmp : Match on catch block at 0xc3 in for 0xa9
02-11 13:05:20.188 4464 4464 E ArmVmp : Match on catch block at 0xc3 in for 0xa1
02-11 13:05:20.252 4464 4464 E ArmVmp : Match on catch block at 0xc3 in for 0xa1
02-11 13:05:20.255 4464 4464 E ArmVmp : Match on catch block at 0xc3 in for 0xa5
02-11 13:05:20.318 4464 4464 E ArmVmp : Match on catch block at 0xc3 in for 0xa5
02-11 13:05:20.321 4464 4464 E ArmVmp : Match on catch block at 0xc3 in for 0xa9
02-11 13:05:20.385 4464 4464 E ArmVmp : Match on catch block at 0xc3 in for 0xa9
02-11 13:05:20.388 4464 4464 E ArmVmp : Match on catch block at 0xc3 in for 0xa1
02-11 13:05:20.451 4464 4464 E ArmVmp : Match on catch block at 0xc3 in for 0xa1
02-11 13:05:20.454 4464 4464 E ArmVmp : Match on catch block at 0xc3 in for 0xa5
02-11 13:05:20.518 4464 4464 E ArmVmp : Match on catch block at 0xc3 in for 0xa5
02-11 13:05:20.521 4464 4464 E ArmVmp : Match on catch block at 0xc3 in for 0xa9
02-11 13:05:20.585 4464 4464 E ArmVmp : Match on catch block at 0xc3 in for 0xa9
02-11 13:05:20.588 4464 4464 E ArmVmp : Match on catch block at 0xc3 in for 0xa1
02-11 13:05:20.651 4464 4464 E ArmVmp : Match on catch block at 0xc3 in for 0xa1
02-11 13:05:20.654 4464 4464 E ArmVmp : Match on catch block at 0xc3 in for 0xa5
02-11 13:05:20.735 4464 4464 E ArmVmp : Match on catch block at 0xc3 in for 0xa5
02-11 13:05:20.738 4464 4464 E ArmVmp : Match on catch block at 0xc3 in for 0xa9
02-11 13:05:20.801 4464 4464 E ArmVmp : Match on catch block at 0xc3 in for 0xa9
02-11 13:05:20.804 4464 4464 E ArmVmp : Match on catch block at 0xc3 in for 0xa1
02-11 13:05:20.868 4464 4464 E ArmVmp : Match on catch block at 0xc3 in for 0xa1
02-11 13:05:20.871 4464 4464 E ArmVmp : Match on catch block at 0xc3 in for 0xa5
02-11 13:05:20.934 4464 4464 E ArmVmp : Match on catch block at 0xc3 in for 0xa5
02-11 13:05:20.937 4464 4464 E ArmVmp : Match on catch block at 0xc3 in for 0xa9
02-11 13:05:21.001 4464 4464 E ArmVmp : Match on catch block at 0xc3 in for 0xa9
02-11 13:05:21.004 4464 4464 E ArmVmp : Match on catch block at 0xc3 in for 0xa1
02-11 13:05:21.068 4464 4464 E ArmVmp : Match on catch block at 0xc3 in for 0xa1
02-11 13:05:21.071 4464 4464 E ArmVmp : Match on catch block at 0xc3 in for 0xa5
02-11 13:05:21.134 4464 4464 E ArmVmp : Match on catch block at 0xc3 in for 0xa5
02-11 13:05:21.136 4464 4464 E ArmVmp : Match on catch block at 0xc3 in for 0xa9
02-11 13:05:21.201 4464 4464 E ArmVmp : Match on catch block at 0xc3 in for 0xa9
02-11 13:05:21.205 4464 4464 E ArmVmp : Match on catch block at 0xc3 in for 0xa1
02-11 13:05:21.267 4464 4464 E ArmVmp : Match on catch block at 0xc3 in for 0xa1
02-11 13:05:21.270 4464 4464 E ArmVmp : Match on catch block at 0xc3 in for 0xa5
02-11 13:05:21.334 4464 4464 E ArmVmp : Match on catch block at 0xc3 in for 0xa5
02-11 13:05:21.337 4464 4464 E ArmVmp : Match on catch block at 0xc3 in for 0xa9
02-11 13:05:21.401 4464 4464 E ArmVmp : Match on catch block at 0xc3 in for 0xa9
02-11 13:05:21.404 4464 4464 E ArmVmp : Match on catch block at 0xc3 in for 0xa1
02-11 13:05:21.468 4464 4464 E ArmVmp : Match on catch block at 0xc3 in for 0xa1
02-11 13:05:21.471 4464 4464 E ArmVmp : Match on catch block at 0xc3 in for 0xa5
02-11 13:05:21.534 4464 4464 E ArmVmp : Match on catch block at 0xc3 in for 0xa5
02-11 13:05:21.537 4464 4464 E ArmVmp : Match on catch block at 0xc3 in for 0xa9
02-11 13:05:21.601 4464 4464 E ArmVmp : Match on catch block at 0xc3 in for 0xa9
02-11 13:05:21.604 4464 4464 E ArmVmp : Match on catch block at 0xc3 in for 0xa1
02-11 13:05:21.669 4464 4464 E ArmVmp : Match on catch block at 0xc3 in for 0xa1
02-11 13:05:21.671 4464 4464 E ArmVmp : Match on catch block at 0xc3 in for 0xa5
02-11 13:05:21.683 4464 4512 E : nFreeSize: 2629320704
02-11 13:05:21.687 4464 4512 E : nFreeSize: 2629320704
02-11 13:05:21.751 4464 4464 E ArmVmp : Match on catch block at 0xc3 in for 0xa5
02-11 13:05:21.754 4464 4464 E ArmVmp : Match on catch block at 0xc3 in for 0xa9
02-11 13:05:21.818 4464 4464 E ArmVmp : Match on catch block at 0xc3 in for 0xa9
02-11 13:05:21.821 4464 4464 E ArmVmp : Match on catch block at 0xc3 in for 0xa1
02-11 13:05:21.884 4464 4464 E ArmVmp : Match on catch block at 0xc3 in for 0xa1
02-11 13:05:21.887 4464 4464 E ArmVmp : Match on catch block at 0xc3 in for 0xa5
02-11 13:05:21.951 4464 4464 E ArmVmp : Match on catch block at 0xc3 in for 0xa5
02-11 13:05:21.955 4464 4464 E ArmVmp : Match on catch block at 0xc3 in for 0xa9
02-11 13:05:22.018 4464 4464 E ArmVmp : Match on catch block at 0xc3 in for 0xa9
02-11 13:05:22.021 4464 4464 E ArmVmp : Match on catch block at 0xc3 in for 0xa1
02-11 13:05:22.084 4464 4464 E ArmVmp : Match on catch block at 0xc3 in for 0xa1
02-11 13:05:22.087 4464 4464 E ArmVmp : Match on catch block at 0xc3 in for 0xa5
02-11 13:05:22.152 4464 4464 E ArmVmp : Match on catch block at 0xc3 in for 0xa5
02-11 13:05:22.155 4464 4464 E ArmVmp : Match on catch block at 0xc3 in for 0xa9
02-11 13:05:22.217 4464 4464 E ArmVmp : Match on catch block at 0xc3 in for 0xa9
02-11 13:05:22.220 4464 4464 E ArmVmp : Match on catch block at 0xc3 in for 0xa1
02-11 13:05:22.284 4464 4464 E ArmVmp : Match on catch block at 0xc3 in for 0xa1
02-11 13:05:22.287 4464 4464 E ArmVmp : Match on catch block at 0xc3 in for 0xa5
02-11 13:05:22.350 4464 4464 E ArmVmp : Match on catch block at 0xc3 in for 0xa5
02-11 13:05:22.353 4464 4464 E ArmVmp : Match on catch block at 0xc3 in for 0xa9
02-11 13:05:22.417 4464 4464 E ArmVmp : Match on catch block at 0xc3 in for 0xa9
02-11 13:05:22.420 4464 4464 E ArmVmp : Match on catch block at 0xc3 in for 0xa1
02-11 13:05:22.484 4464 4464 E ArmVmp : Match on catch block at 0xc3 in for 0xa1
02-11 13:05:22.487 4464 4464 E ArmVmp : Match on catch block at 0xc3 in for 0xa5
02-11 13:05:22.550 4464 4464 E ArmVmp : Match on catch block at 0xc3 in for 0xa5
02-11 13:05:22.553 4464 4464 E ArmVmp : Match on catch block at 0xc3 in for 0xa9
02-11 13:05:22.619 4464 4464 E ArmVmp : Match on catch block at 0xc3 in for 0xa1
02-11 13:05:22.623 4464 4464 E ArmVmp : Match on catch block at 0xc3 in for 0xa5
02-11 13:05:22.684 4464 4464 E ArmVmp : Match on catch block at 0xc3 in for 0xa5
02-11 13:05:22.687 4464 4464 E ArmVmp : Match on catch block at 0xc3 in for 0xa9
02-11 13:05:22.750 4464 4464 E ArmVmp : Match on catch block at 0xc3 in for 0xa9
02-11 13:05:22.753 4464 4464 E ArmVmp : Match on catch block at 0xc3 in for 0xa1
02-11 13:05:22.833 4464 4464 E ArmVmp : Match on catch block at 0xc3 in for 0xa1
02-11 13:05:22.836 4464 4464 E ArmVmp : Match on catch block at 0xc3 in for 0xa5
02-11 13:05:22.900 4464 4464 E ArmVmp : Match on catch block at 0xc3 in for 0xa5
02-11 13:05:22.903 4464 4464 E ArmVmp : Match on catch block at 0xc3 in for 0xa9
02-11 13:05:23.016 4464 4464 E ArmVmp : Match on catch block at 0xc3 in for 0xa9
02-11 13:05:23.018 4464 4464 E ArmVmp : Match on catch block at 0xc3 in for 0xa1
02-11 13:05:23.576 4464 4512 E : nFreeSize: 2629320704
02-11 13:05:23.582 4464 4512 E : nFreeSize: 2629320704
02-11 13:05:24.449 4464 11512 E : nFreeSize: 2629308416
02-11 13:05:26.079 4464 4507 E SQLiteDatabase: Error inserting media_duration=1
file_path=Media/MBWhatsApp Animated Gifs/VID-20240211-WA0053 transferred=1
thumbnail_height_width_ratio=0.75757575 face_y=0 face_x=0 trim_from=0
media_caption=null transcoded=0 message_url=null first_scan_sidecar=null
direct_path=/m1/v/t24/An8ZFq-9bmfuaokwQ_zSq5gljwpXS0GOj5Y3J9ycm_c2rlcOm9eBsAiqF1iC-
WKdID8jBwbgsGCpR54oq6WQILqU8b6NJ-w9oNwQzZcZ896ElpMAaG-cmqiskUAR-LW8Pg?ccb=10-
5&oh=01_AdSDlTZ6pZX4geIVj5Je7HKCHi1rpZZdUoX_B9I99NVoLg&oe=65EF9811&_nc_sid=5e03e0
original_file_hash=null is_animated_sticker=0 media_name=null
has_streaming_sidecar=0 partial_media_enc_hash=null media_key=null
multicast_id=null page_count=0 height=352 partial_media_hash=null gif_attribution=0
mute_video=0 autotransfer_retry_enabled=1 first_scan_length=0 trim_to=0
media_key_timestamp=0 file_size=165525 chat_row_id=441 media_job_uuid=5d1ee8b0-
4e69-409d-830d-01268182dd39 message_row_id=6332 enc_file_hash=null
file_hash=eq/N11gXn5xMXwSk8s2rqcmjViUG6BYLN8RoLILRFUQ= mime_type=video/mp4
media_upload_handle=null suspicious_content=0 width=480 file_length=165525
02-11 13:05:26.079 4464 4507 E SQLiteDatabase:
android.database.sqlite.SQLiteConstraintException: UNIQUE constraint failed:
message_media.message_row_id (code 1555)
02-11 13:05:26.079 4464 4507 E SQLiteDatabase: at
android.database.sqlite.SQLiteConnection.nativeExecuteForLastInsertedRowId(Native
Method)
02-11 13:05:26.079 4464 4507 E SQLiteDatabase: at
android.database.sqlite.SQLiteConnection.executeForLastInsertedRowId(SQLiteConnecti
on.java:806)
02-11 13:05:26.079 4464 4507 E SQLiteDatabase: at
android.database.sqlite.SQLiteSession.executeForLastInsertedRowId(SQLiteSession.jav
a:788)
02-11 13:05:26.079 4464 4507 E SQLiteDatabase: at
android.database.sqlite.SQLiteStatement.executeInsert(SQLiteStatement.java:86)
02-11 13:05:26.079 4464 4507 E SQLiteDatabase: at
android.database.sqlite.SQLiteDatabase.insertWithOnConflict(SQLiteDatabase.java:154
8)
02-11 13:05:26.079 4464 4507 E SQLiteDatabase: at
android.database.sqlite.SQLiteDatabase.insert(SQLiteDatabase.java:1417)
02-11 13:05:26.079 4464 4507 E SQLiteDatabase: at X.2tm.A08(Unknown
Source:6)
02-11 13:05:26.079 4464 4507 E SQLiteDatabase: at X.35Y.A07(Unknown
Source:212)
02-11 13:05:26.079 4464 4507 E SQLiteDatabase: at X.3QF.A14(Unknown
Source:470)
02-11 13:05:26.079 4464 4507 E SQLiteDatabase: at X.31e.A03(Unknown
Source:174)
02-11 13:05:26.079 4464 4507 E SQLiteDatabase: at X.3g7.run(Unknown
Source:1017)
02-11 13:05:26.079 4464 4507 E SQLiteDatabase: at
android.os.Handler.handleCallback(Handler.java:790)
02-11 13:05:26.079 4464 4507 E SQLiteDatabase: at
android.os.Handler.dispatchMessage(Handler.java:99)
02-11 13:05:26.079 4464 4507 E SQLiteDatabase: at
X.0zq.dispatchMessage(Unknown Source:4)
02-11 13:05:26.079 4464 4507 E SQLiteDatabase: at
android.os.Looper.loop(Looper.java:192)
02-11 13:05:26.079 4464 4507 E SQLiteDatabase: at
android.os.HandlerThread.run(HandlerThread.java:65)
02-11 13:05:27.054 4464 4464 E ArmVmp : Match on catch block at 0xc3 in for 0xa9
02-11 13:05:27.058 4464 4464 E ArmVmp : Match on catch block at 0xc3 in for 0xa1
02-11 13:05:27.076 4464 4464 E ArmVmp : Match on catch block at 0xc3 in for 0xa1
02-11 13:05:27.081 4464 4464 E ArmVmp : Match on catch block at 0xc3 in for 0xa5
02-11 13:05:27.112 4464 4464 E ArmVmp : Match on catch block at 0xc3 in for 0xa1
02-11 13:05:27.115 4464 4464 E ArmVmp : Match on catch block at 0xc3 in for 0xa5
02-11 13:05:27.313 4464 4464 E ArmVmp : Match on catch block at 0xc3 in for 0xa5
02-11 13:05:27.316 4464 4464 E ArmVmp : Match on catch block at 0xc3 in for 0xa9
02-11 13:05:27.335 4464 11512 E : nFreeSize: 2625105920
02-11 13:05:27.337 4464 9636 E : nFreeSize: 2625101824
02-11 13:05:27.470 4464 4464 E ArmVmp : Match on catch block at 0xc3 in for 0xa9
02-11 13:05:27.472 4464 4464 E ArmVmp : Match on catch block at 0xc3 in for 0xa1
02-11 13:05:27.511 4464 9636 E : nFreeSize: 2625105920
02-11 13:05:27.511 4464 4464 W StaticLayout: maxLineHeight should not be -1.
maxLines:3 lineCount:3
02-11 13:05:28.423 4464 4512 E : nFreeSize: 2625101824
02-11 13:05:28.425 4464 4512 E : nFreeSize: 2625101824
02-11 13:05:33.091 4464 4512 E : nFreeSize: 2625097728
02-11 13:05:33.095 4464 4512 E : nFreeSize: 2625097728
02-11 13:05:40.891 4464 11512 E : nFreeSize: 2625110016
02-11 13:05:40.923 4464 4512 E : nFreeSize: 2625110016
02-11 13:05:40.926 4464 4512 E : nFreeSize: 2625110016
02-11 13:05:41.024 4464 11512 E : nFreeSize: 2625110016
02-11 13:05:41.261 4464 4464 W StaticLayout: maxLineHeight should not be -1.
maxLines:1 lineCount:1
02-11 13:05:41.271 4464 4464 W StaticLayout: maxLineHeight should not be -1.
maxLines:1 lineCount:1
02-11 13:05:41.400 4464 4464 E : nFreeSize: 2625105920
02-11 13:05:41.427 4464 4464 E : nFreeSize: 2625105920
02-11 13:05:41.453 4464 4464 E : nFreeSize: 2625105920
02-11 13:05:41.465 4464 4464 E : nFreeSize: 2625105920
02-11 13:05:41.470 4464 11512 E : nFreeSize: 2625101824
02-11 13:05:41.518 4464 4464 E : nFreeSize: 2625073152
02-11 13:05:41.529 4464 4464 E : nFreeSize: 2625073152
02-11 13:05:41.569 4464 4464 E : nFreeSize: 2625073152
02-11 13:05:41.580 4464 4464 E : nFreeSize: 2625060864
02-11 13:05:41.827 4464 9636 E : nFreeSize: 2625073152
02-11 13:05:42.035 4464 9636 E : nFreeSize: 2625069056
02-11 13:05:42.044 4464 9636 E : nFreeSize: 2625069056
02-11 13:05:42.411 4464 4512 E : nFreeSize: 2625069056
02-11 13:05:42.412 4464 4512 E : nFreeSize: 2625069056
02-11 13:05:46.971 4464 4512 E : nFreeSize: 2625064960
02-11 13:05:46.972 4464 4512 E : nFreeSize: 2625064960
02-11 13:05:47.332 4464 4464 E : nFreeSize: 2625064960
02-11 13:05:47.384 4464 4464 E : nFreeSize: 2625064960
02-11 13:05:48.511 4464 9636 E : nFreeSize: 2625064960
02-11 13:05:48.512 4464 11512 E : nFreeSize: 2625048576
02-11 13:05:48.728 4464 4464 W StaticLayout: maxLineHeight should not be -1.
maxLines:1 lineCount:1
02-11 13:05:48.735 4464 4464 W StaticLayout: maxLineHeight should not be -1.
maxLines:1 lineCount:1
02-11 13:05:55.218 4464 4464 E : nFreeSize: 2625060864
02-11 13:05:55.232 4464 4464 E : nFreeSize: 2625060864
02-11 13:05:55.403 4464 10293 E : nFreeSize: 2625060864
02-11 13:05:55.405 4464 11415 E : nFreeSize: 2625056768
02-11 13:05:55.433 4464 10293 E : nFreeSize: 2625060864
02-11 13:05:56.929 4464 4464 E : nFreeSize: 2625060864
02-11 13:05:56.939 4464 4464 E : nFreeSize: 2625060864
02-11 13:05:57.937 4464 4512 E : nFreeSize: 2625060864
02-11 13:05:57.941 4464 4512 E : nFreeSize: 2625060864
02-11 13:05:59.104 4464 11415 E : nFreeSize: 2625044480
02-11 13:05:59.475 4464 10293 E : nFreeSize: 2625044480
02-11 13:06:00.039 4464 4512 E : nFreeSize: 2625032192
02-11 13:06:00.042 4464 4512 E : nFreeSize: 2625032192
02-11 13:06:04.028 4464 10036 W ContextImpl: Failed to ensure
/dev/null/Android/data/com.mbwhatsapp/cache: -404
02-11 13:06:04.086 4464 4464 E : nFreeSize: 2625032192
02-11 13:06:04.094 4464 4464 E : nFreeSize: 2625028096
02-11 13:06:04.100 4464 4464 E : nFreeSize: 2625028096
02-11 13:06:04.123 4464 11415 E : nFreeSize: 2625028096
02-11 13:06:04.127 4464 4464 E ArmVmp : Match on catch block at 0x0a in for 0xc5
02-11 13:06:04.137 4464 12233 W System : ClassLoader referenced unknown path:
system/framework/mediatek-cta.jar
02-11 13:06:04.138 4464 4464 E ArmVmp : Match on catch block at 0x0a in for 0xc1
02-11 13:06:04.183 4464 11415 E : nFreeSize: 2625028096
02-11 13:06:04.187 4464 10293 E : nFreeSize: 2625024000
02-11 13:06:04.313 4464 12233 W System : ClassLoader referenced unknown path:
system/framework/mediatek-cta.jar
02-11 13:06:04.719 4464 4464 W View : requestLayout() improperly called by
X.4rb{36fafbf V.E....L. ......ID 0,342-720,779} during layout: running second
layout pass
02-11 13:06:04.719 4464 4464 W View : requestLayout() improperly called by
android.widget.LinearLayout{ad4368c V.E...... ......ID 37,68-683,435 #7f0b0e50
app:id/main_layout} during layout: running second layout pass
02-11 13:06:04.719 4464 4464 W View : requestLayout() improperly called by
com.mbwhatsapp.conversation.conversationrow.ConversationRowDocument$DocumentPreview
View{14211d5 V.ED..... ......ID 0,0-630,131 #7f0b13bd app:id/preview} during
layout: running second layout pass
02-11 13:06:04.719 4464 4464 W View : requestLayout() improperly called by
X.4rb{a4eadea V.E....L. ......ID 0,779-720,1156} during layout: running second
layout pass
02-11 13:06:04.719 4464 4464 W View : requestLayout() improperly called by
android.widget.LinearLayout{97988db V.E...... ......ID 37,8-683,375 #7f0b0e50
app:id/main_layout} during layout: running second layout pass
02-11 13:06:04.719 4464 4464 W View : requestLayout() improperly called by
com.mbwhatsapp.conversation.conversationrow.ConversationRowDocument$DocumentPreview
View{4d42f78 V.ED..... ......ID 0,0-630,131 #7f0b13bd app:id/preview} during
layout: running second layout pass
02-11 13:06:04.728 4464 4464 E ArmVmp : Match on catch block at 0xc3 in for 0xb1
02-11 13:06:04.737 4464 4464 E ArmVmp : Match on catch block at 0xc3 in for 0xb1
02-11 13:06:04.742 4464 4464 E ArmVmp : Match on catch block at 0xc3 in for 0xb1
02-11 13:06:04.769 4464 4464 E ArmVmp : Match on catch block at 0xc3 in for 0xa9
02-11 13:06:04.773 4464 4464 E ArmVmp : Match on catch block at 0xc3 in for 0xa1
02-11 13:06:04.775 4464 4464 E ArmVmp : Match on catch block at 0xc3 in for 0xa1
02-11 13:06:04.847 4464 10293 E : nFreeSize: 2625028096
02-11 13:06:04.896 4464 4464 W View : requestLayout() improperly called by
X.4rb{36fafbf V.E....L. ......ID 0,342-720,779} during second layout pass: posting
in next frame
02-11 13:06:04.896 4464 4464 W View : requestLayout() improperly called by
android.widget.LinearLayout{ad4368c V.E...... ......ID 37,68-683,435 #7f0b0e50
app:id/main_layout} during second layout pass: posting in next frame
02-11 13:06:04.896 4464 4464 W View : requestLayout() improperly called by
X.4rb{a4eadea V.E....L. ......ID 0,779-720,1156} during second layout pass: posting
in next frame
02-11 13:06:04.896 4464 4464 W View : requestLayout() improperly called by
android.widget.LinearLayout{97988db V.E...... ......ID 37,8-683,375 #7f0b0e50
app:id/main_layout} during second layout pass: posting in next frame
02-11 13:06:05.119 4464 11415 E : nFreeSize: 2625024000
02-11 13:06:05.143 4464 4464 E ArmVmp : Match on catch block at 0xc3 in for 0xa1
02-11 13:06:05.148 4464 4464 E ArmVmp : Match on catch block at 0xc3 in for 0xa5
02-11 13:06:05.152 4464 4464 E ArmVmp : Match on catch block at 0xc3 in for 0xa5
02-11 13:06:05.219 4464 4464 E ArmVmp : Match on catch block at 0xc3 in for 0xa9
02-11 13:06:05.224 4464 4464 E ArmVmp : Match on catch block at 0xc3 in for 0xa1
02-11 13:06:05.227 4464 4464 E ArmVmp : Match on catch block at 0xc3 in for 0xa1
02-11 13:06:05.270 4464 4464 E ArmVmp : Match on catch block at 0xc3 in for 0xa5
02-11 13:06:05.275 4464 4464 E ArmVmp : Match on catch block at 0xc3 in for 0xa9
02-11 13:06:05.279 4464 4464 E ArmVmp : Match on catch block at 0xc3 in for 0xa9
02-11 13:06:05.301 4464 4464 E ArmVmp : Match on catch block at 0xc3 in for 0xa1
02-11 13:06:05.305 4464 4464 E ArmVmp : Match on catch block at 0xc3 in for 0xa5
02-11 13:06:05.308 4464 4464 E ArmVmp : Match on catch block at 0xc3 in for 0xa5
02-11 13:06:05.317 4464 4464 E ArmVmp : Match on catch block at 0xc3 in for 0xa9
02-11 13:06:05.322 4464 4464 E ArmVmp : Match on catch block at 0xc3 in for 0xa1
02-11 13:06:05.325 4464 4464 E ArmVmp : Match on catch block at 0xc3 in for 0xa1
02-11 13:06:05.344 4464 4464 E ArmVmp : Match on catch block at 0xc3 in for 0xa5
02-11 13:06:05.348 4464 4464 E ArmVmp : Match on catch block at 0xc3 in for 0xa9
02-11 13:06:05.351 4464 4464 E ArmVmp : Match on catch block at 0xc3 in for 0xa9
02-11 13:06:05.360 4464 4464 E ArmVmp : Match on catch block at 0xc3 in for 0xa1
02-11 13:06:05.365 4464 4464 E ArmVmp : Match on catch block at 0xc3 in for 0xa5
02-11 13:06:05.368 4464 4464 E ArmVmp : Match on catch block at 0xc3 in for 0xa5
02-11 13:06:05.377 4464 4464 E ArmVmp : Match on catch block at 0xc3 in for 0xa9
02-11 13:06:05.381 4464 4464 E ArmVmp : Match on catch block at 0xc3 in for 0xa1
02-11 13:06:05.384 4464 4464 E ArmVmp : Match on catch block at 0xc3 in for 0xa1
02-11 13:06:05.393 4464 4464 E ArmVmp : Match on catch block at 0xc3 in for 0xa5
02-11 13:06:05.397 4464 4464 E ArmVmp : Match on catch block at 0xc3 in for 0xa9
02-11 13:06:05.401 4464 4464 E ArmVmp : Match on catch block at 0xc3 in for 0xa9
02-11 13:06:05.410 4464 4464 E ArmVmp : Match on catch block at 0xc3 in for 0xa1
02-11 13:06:05.414 4464 4464 E ArmVmp : Match on catch block at 0xc3 in for 0xa5
02-11 13:06:05.418 4464 4464 E ArmVmp : Match on catch block at 0xc3 in for 0xa5
02-11 13:06:05.427 4464 4464 E ArmVmp : Match on catch block at 0xc3 in for 0xa9
02-11 13:06:05.431 4464 4464 E ArmVmp : Match on catch block at 0xc3 in for 0xa1
02-11 13:06:05.434 4464 4464 E ArmVmp : Match on catch block at 0xc3 in for 0xa1
02-11 13:06:05.443 4464 4464 E ArmVmp : Match on catch block at 0xc3 in for 0xa5
02-11 13:06:05.447 4464 4464 E ArmVmp : Match on catch block at 0xc3 in for 0xa9
02-11 13:06:05.450 4464 4464 E ArmVmp : Match on catch block at 0xc3 in for 0xa9
02-11 13:06:05.460 4464 4464 E ArmVmp : Match on catch block at 0xc3 in for 0xa1
02-11 13:06:05.464 4464 4464 E ArmVmp : Match on catch block at 0xc3 in for 0xa5
02-11 13:06:05.467 4464 4464 E ArmVmp : Match on catch block at 0xc3 in for 0xa5
02-11 13:06:06.631 4464 11415 E : nFreeSize: 2625019904
02-11 13:06:06.675 4464 4512 E : nFreeSize: 2625024000
02-11 13:06:06.677 4464 4512 E : nFreeSize: 2625024000
02-11 13:06:06.683 4464 4464 E ArmVmp : Match on catch block at 0xc3 in for 0xa1
02-11 13:06:06.687 4464 4464 E ArmVmp : Match on catch block at 0xc3 in for 0xa5
02-11 13:06:06.689 4464 4464 E ArmVmp : Match on catch block at 0xc3 in for 0xa5
02-11 13:06:06.699 4464 4464 E ArmVmp : Match on catch block at 0xc3 in for 0xa9
02-11 13:06:06.705 4464 4464 E ArmVmp : Match on catch block at 0xc3 in for 0xa1
02-11 13:06:06.708 4464 4464 E ArmVmp : Match on catch block at 0xc3 in for 0xa1
02-11 13:06:06.717 4464 4464 E ArmVmp : Match on catch block at 0xc3 in for 0xa5
02-11 13:06:06.722 4464 4464 E ArmVmp : Match on catch block at 0xc3 in for 0xa9
02-11 13:06:06.725 4464 4464 E ArmVmp : Match on catch block at 0xc3 in for 0xa9
02-11 13:06:06.735 4464 4464 E ArmVmp : Match on catch block at 0xc3 in for 0xa1
02-11 13:06:06.740 4464 4464 E ArmVmp : Match on catch block at 0xc3 in for 0xa5
02-11 13:06:06.743 4464 4464 E ArmVmp : Match on catch block at 0xc3 in for 0xa5
02-11 13:06:06.753 4464 4464 E ArmVmp : Match on catch block at 0xc3 in for 0xa9
02-11 13:06:06.757 4464 4464 E ArmVmp : Match on catch block at 0xc3 in for 0xa1
02-11 13:06:06.761 4464 4464 E ArmVmp : Match on catch block at 0xc3 in for 0xa1
02-11 13:06:06.771 4464 4464 E ArmVmp : Match on catch block at 0xc3 in for 0xa5
02-11 13:06:06.775 4464 4464 E ArmVmp : Match on catch block at 0xc3 in for 0xa9
02-11 13:06:06.779 4464 4464 E ArmVmp : Match on catch block at 0xc3 in for 0xa9
02-11 13:06:06.788 4464 4464 E ArmVmp : Match on catch block at 0xc3 in for 0xa1
02-11 13:06:06.794 4464 4464 E ArmVmp : Match on catch block at 0xc3 in for 0xa5
02-11 13:06:06.798 4464 4464 E ArmVmp : Match on catch block at 0xc3 in for 0xa5
02-11 13:06:06.806 4464 4464 E ArmVmp : Match on catch block at 0xc3 in for 0xa9
02-11 13:06:06.812 4464 4464 E ArmVmp : Match on catch block at 0xc3 in for 0xa1
02-11 13:06:06.815 4464 4464 E ArmVmp : Match on catch block at 0xc3 in for 0xa1
02-11 13:06:06.824 4464 4464 E ArmVmp : Match on catch block at 0xc3 in for 0xa5
02-11 13:06:06.831 4464 4464 E ArmVmp : Match on catch block at 0xc3 in for 0xa9
02-11 13:06:06.834 4464 4464 E ArmVmp : Match on catch block at 0xc3 in for 0xa9
02-11 13:06:06.842 4464 4464 E ArmVmp : Match on catch block at 0xc3 in for 0xa1
02-11 13:06:06.848 4464 4464 E ArmVmp : Match on catch block at 0xc3 in for 0xa5
02-11 13:06:06.853 4464 4464 E ArmVmp : Match on catch block at 0xc3 in for 0xa5
02-11 13:06:06.861 4464 4464 E ArmVmp : Match on catch block at 0xc3 in for 0xa9
02-11 13:06:06.867 4464 4464 E ArmVmp : Match on catch block at 0xc3 in for 0xa1
02-11 13:06:06.869 4464 4464 E ArmVmp : Match on catch block at 0xc3 in for 0xa1
02-11 13:06:06.880 4464 4464 E ArmVmp : Match on catch block at 0xc3 in for 0xa5
02-11 13:06:06.885 4464 4464 E ArmVmp : Match on catch block at 0xc3 in for 0xa9
02-11 13:06:06.888 4464 4464 E ArmVmp : Match on catch block at 0xc3 in for 0xa9
02-11 13:06:06.897 4464 4464 E ArmVmp : Match on catch block at 0xc3 in for 0xa1
02-11 13:06:06.902 4464 4464 E ArmVmp : Match on catch block at 0xc3 in for 0xa5
02-11 13:06:06.905 4464 4464 E ArmVmp : Match on catch block at 0xc3 in for 0xa5
02-11 13:06:06.914 4464 4464 E ArmVmp : Match on catch block at 0xc3 in for 0xa9
02-11 13:06:06.919 4464 4464 E ArmVmp : Match on catch block at 0xc3 in for 0xa1
02-11 13:06:06.922 4464 4464 E ArmVmp : Match on catch block at 0xc3 in for 0xa1
02-11 13:06:06.931 4464 4464 E ArmVmp : Match on catch block at 0xc3 in for 0xa5
02-11 13:06:06.936 4464 4464 E ArmVmp : Match on catch block at 0xc3 in for 0xa9
02-11 13:06:06.939 4464 4464 E ArmVmp : Match on catch block at 0xc3 in for 0xa9
02-11 13:06:06.948 4464 4464 E ArmVmp : Match on catch block at 0xc3 in for 0xa1
02-11 13:06:06.954 4464 4464 E ArmVmp : Match on catch block at 0xc3 in for 0xa5
02-11 13:06:06.958 4464 4464 E ArmVmp : Match on catch block at 0xc3 in for 0xa5
02-11 13:06:06.967 4464 4464 E ArmVmp : Match on catch block at 0xc3 in for 0xa9
02-11 13:06:06.973 4464 4464 E ArmVmp : Match on catch block at 0xc3 in for 0xa1
02-11 13:06:06.976 4464 4464 E ArmVmp : Match on catch block at 0xc3 in for 0xa1
02-11 13:06:06.985 4464 4464 E ArmVmp : Match on catch block at 0xc3 in for 0xa5
02-11 13:06:06.990 4464 4464 E ArmVmp : Match on catch block at 0xc3 in for 0xa9
02-11 13:06:06.994 4464 4464 E ArmVmp : Match on catch block at 0xc3 in for 0xa9
02-11 13:06:07.078 4464 4464 E ArmVmp : Match on catch block at 0xc3 in for 0xa5
02-11 13:06:07.081 4464 4464 E ArmVmp : Match on catch block at 0xc3 in for 0xa9
02-11 13:06:07.084 4464 4464 E ArmVmp : Match on catch block at 0xc3 in for 0xa9
02-11 13:06:07.244 4464 4464 E ArmVmp : Match on catch block at 0xc3 in for 0xa9
02-11 13:06:07.249 4464 4464 E ArmVmp : Match on catch block at 0xc3 in for 0xa1
02-11 13:06:07.253 4464 4464 E ArmVmp : Match on catch block at 0xc3 in for 0xa1
02-11 13:06:07.312 4464 4464 E ArmVmp : Match on catch block at 0xc3 in for 0xa5
02-11 13:06:07.317 4464 4464 E ArmVmp : Match on catch block at 0xc3 in for 0xa9
02-11 13:06:07.320 4464 4464 E ArmVmp : Match on catch block at 0xc3 in for 0xa9
02-11 13:06:07.378 4464 4464 E ArmVmp : Match on catch block at 0xc3 in for 0xa9
02-11 13:06:07.384 4464 4464 E ArmVmp : Match on catch block at 0xc3 in for 0xa1
02-11 13:06:07.388 4464 4464 E ArmVmp : Match on catch block at 0xc3 in for 0xa1
02-11 13:06:07.445 4464 4464 E ArmVmp : Match on catch block at 0xc3 in for 0xa1
02-11 13:06:07.451 4464 4464 E ArmVmp : Match on catch block at 0xc3 in for 0xa5
02-11 13:06:07.455 4464 4464 E ArmVmp : Match on catch block at 0xc3 in for 0xa5
02-11 13:06:07.511 4464 4464 E ArmVmp : Match on catch block at 0xc3 in for 0xa5
02-11 13:06:07.517 4464 4464 E ArmVmp : Match on catch block at 0xc3 in for 0xa9
02-11 13:06:07.520 4464 4464 E ArmVmp : Match on catch block at 0xc3 in for 0xa9
02-11 13:06:07.612 4464 4464 E ArmVmp : Match on catch block at 0xc3 in for 0xa1
02-11 13:06:07.619 4464 4464 E ArmVmp : Match on catch block at 0xc3 in for 0xa5
02-11 13:06:07.622 4464 4464 E ArmVmp : Match on catch block at 0xc3 in for 0xa5
02-11 13:06:08.028 4464 4464 E ArmVmp : Match on catch block at 0xc3 in for 0xa9
02-11 13:06:08.035 4464 4464 E ArmVmp : Match on catch block at 0xc3 in for 0xa1
02-11 13:06:08.039 4464 4464 E ArmVmp : Match on catch block at 0xc3 in for 0xa1
02-11 13:06:08.047 4464 4464 E ArmVmp : Match on catch block at 0xc3 in for 0xa5
02-11 13:06:08.053 4464 4464 E ArmVmp : Match on catch block at 0xc3 in for 0xa9
02-11 13:06:08.056 4464 4464 E ArmVmp : Match on catch block at 0xc3 in for 0xa9
02-11 13:06:08.065 4464 4464 E ArmVmp : Match on catch block at 0xc3 in for 0xa1
02-11 13:06:08.071 4464 4464 E ArmVmp : Match on catch block at 0xc3 in for 0xa5
02-11 13:06:08.074 4464 4464 E ArmVmp : Match on catch block at 0xc3 in for 0xa5
02-11 13:06:08.081 4464 4464 E ArmVmp : Match on catch block at 0xc3 in for 0xa9
02-11 13:06:08.087 4464 4464 E ArmVmp : Match on catch block at 0xc3 in for 0xa1
02-11 13:06:08.090 4464 4464 E ArmVmp : Match on catch block at 0xc3 in for 0xa1
02-11 13:06:08.098 4464 4464 E ArmVmp : Match on catch block at 0xc3 in for 0xa5
02-11 13:06:08.103 4464 4464 E ArmVmp : Match on catch block at 0xc3 in for 0xa9
02-11 13:06:08.106 4464 4464 E ArmVmp : Match on catch block at 0xc3 in for 0xa9
02-11 13:06:08.114 4464 4464 E ArmVmp : Match on catch block at 0xc3 in for 0xa1
02-11 13:06:08.120 4464 4464 E ArmVmp : Match on catch block at 0xc3 in for 0xa5
02-11 13:06:08.123 4464 4464 E ArmVmp : Match on catch block at 0xc3 in for 0xa5
02-11 13:06:08.130 4464 4464 E ArmVmp : Match on catch block at 0xc3 in for 0xa9
02-11 13:06:08.136 4464 4464 E ArmVmp : Match on catch block at 0xc3 in for 0xa1
02-11 13:06:08.139 4464 4464 E ArmVmp : Match on catch block at 0xc3 in for 0xa1
02-11 13:06:08.147 4464 4464 E ArmVmp : Match on catch block at 0xc3 in for 0xa5
02-11 13:06:08.153 4464 4464 E ArmVmp : Match on catch block at 0xc3 in for 0xa9
02-11 13:06:08.156 4464 4464 E ArmVmp : Match on catch block at 0xc3 in for 0xa9
02-11 13:06:08.163 4464 4464 E ArmVmp : Match on catch block at 0xc3 in for 0xa1
02-11 13:06:08.169 4464 4464 E ArmVmp : Match on catch block at 0xc3 in for 0xa5
02-11 13:06:08.172 4464 4464 E ArmVmp : Match on catch block at 0xc3 in for 0xa5
02-11 13:06:08.180 4464 4464 E ArmVmp : Match on catch block at 0xc3 in for 0xa9
02-11 13:06:08.185 4464 4464 E ArmVmp : Match on catch block at 0xc3 in for 0xa1
02-11 13:06:08.188 4464 4464 E ArmVmp : Match on catch block at 0xc3 in for 0xa1
02-11 13:06:08.196 4464 4464 E ArmVmp : Match on catch block at 0xc3 in for 0xa5
02-11 13:06:08.201 4464 4464 E ArmVmp : Match on catch block at 0xc3 in for 0xa9
02-11 13:06:08.204 4464 4464 E ArmVmp : Match on catch block at 0xc3 in for 0xa9
02-11 13:06:08.213 4464 4464 E ArmVmp : Match on catch block at 0xc3 in for 0xa1
02-11 13:06:08.218 4464 4464 E ArmVmp : Match on catch block at 0xc3 in for 0xa5
02-11 13:06:08.222 4464 4464 E ArmVmp : Match on catch block at 0xc3 in for 0xa5
02-11 13:06:08.230 4464 4464 E ArmVmp : Match on catch block at 0xc3 in for 0xa9
02-11 13:06:08.235 4464 4464 E ArmVmp : Match on catch block at 0xc3 in for 0xa1
02-11 13:06:08.238 4464 4464 E ArmVmp : Match on catch block at 0xc3 in for 0xa1
02-11 13:06:08.246 4464 4464 E ArmVmp : Match on catch block at 0xc3 in for 0xa5
02-11 13:06:08.252 4464 4464 E ArmVmp : Match on catch block at 0xc3 in for 0xa9
02-11 13:06:08.255 4464 4464 E ArmVmp : Match on catch block at 0xc3 in for 0xa9
02-11 13:06:08.263 4464 4464 E ArmVmp : Match on catch block at 0xc3 in for 0xa1
02-11 13:06:08.269 4464 4464 E ArmVmp : Match on catch block at 0xc3 in for 0xa5
02-11 13:06:08.273 4464 4464 E ArmVmp : Match on catch block at 0xc3 in for 0xa5
02-11 13:06:08.280 4464 4464 E ArmVmp : Match on catch block at 0xc3 in for 0xa9
02-11 13:06:08.285 4464 4464 E ArmVmp : Match on catch block at 0xc3 in for 0xa1
02-11 13:06:08.288 4464 4464 E ArmVmp : Match on catch block at 0xc3 in for 0xa1
02-11 13:06:09.175 4464 10257 W System : ClassLoader referenced unknown path:
system/framework/mediatek-cta.jar
02-11 13:06:09.185 4464 4464 E ArmVmp : Match on catch block at 0xc3 in for 0xa5
02-11 13:06:09.189 4464 4464 E ArmVmp : Match on catch block at 0xc3 in for 0xa9
02-11 13:06:09.191 4464 4464 E ArmVmp : Match on catch block at 0xc3 in for 0xa9
02-11 13:06:09.205 4464 4464 E ArmVmp : Match on catch block at 0xc3 in for 0xa1
02-11 13:06:09.210 4464 4464 E ArmVmp : Match on catch block at 0xc3 in for 0xa5
02-11 13:06:09.214 4464 4464 E ArmVmp : Match on catch block at 0xc3 in for 0xa5
02-11 13:06:09.230 4464 4464 E ArmVmp : Match on catch block at 0xc3 in for 0xa9
02-11 13:06:09.235 4464 4464 E ArmVmp : Match on catch block at 0xc3 in for 0xa1
02-11 13:06:09.239 4464 4464 E ArmVmp : Match on catch block at 0xc3 in for 0xa1
02-11 13:06:09.247 4464 4464 E ArmVmp : Match on catch block at 0xc3 in for 0xa5
02-11 13:06:09.253 4464 4464 E ArmVmp : Match on catch block at 0xc3 in for 0xa9
02-11 13:06:09.256 4464 4464 E ArmVmp : Match on catch block at 0xc3 in for 0xa9
02-11 13:06:09.274 4464 4464 E ArmVmp : Match on catch block at 0xc3 in for 0xa1
02-11 13:06:09.279 4464 4464 E ArmVmp : Match on catch block at 0xc3 in for 0xa5
02-11 13:06:09.282 4464 4464 E ArmVmp : Match on catch block at 0xc3 in for 0xa5
02-11 13:06:09.290 4464 4464 E ArmVmp : Match on catch block at 0xc3 in for 0xa9
02-11 13:06:09.296 4464 4464 E ArmVmp : Match on catch block at 0xc3 in for 0xa1
02-11 13:06:09.299 4464 4464 E ArmVmp : Match on catch block at 0xc3 in for 0xa1
02-11 13:06:09.309 4464 4464 E ArmVmp : Match on catch block at 0xc3 in for 0xa5
02-11 13:06:09.315 4464 4464 E ArmVmp : Match on catch block at 0xc3 in for 0xa9
02-11 13:06:09.318 4464 4464 E ArmVmp : Match on catch block at 0xc3 in for 0xa9
02-11 13:06:09.328 4464 4464 E ArmVmp : Match on catch block at 0xc3 in for 0xa1
02-11 13:06:09.335 4464 4464 E ArmVmp : Match on catch block at 0xc3 in for 0xa5
02-11 13:06:09.340 4464 4464 E ArmVmp : Match on catch block at 0xc3 in for 0xa5
02-11 13:06:09.358 4464 4464 E ArmVmp : Match on catch block at 0xc3 in for 0xa1
02-11 13:06:09.362 4464 4464 E ArmVmp : Match on catch block at 0xc3 in for 0xa5
02-11 13:06:09.365 4464 4464 E ArmVmp : Match on catch block at 0xc3 in for 0xa5
02-11 13:06:09.374 4464 4464 E ArmVmp : Match on catch block at 0xc3 in for 0xa9
02-11 13:06:09.380 4464 4464 E ArmVmp : Match on catch block at 0xc3 in for 0xa1
02-11 13:06:09.384 4464 4464 E ArmVmp : Match on catch block at 0xc3 in for 0xa1
02-11 13:06:10.077 4464 10197 W System : ClassLoader referenced unknown path:
system/framework/mediatek-cta.jar
02-11 13:06:10.083 4464 10197 W System : ClassLoader referenced unknown path:
system/framework/mediatek-cta.jar
02-11 13:06:10.103 4464 4464 E ArmVmp : Match on catch block at 0xc3 in for 0xa5
02-11 13:06:10.107 4464 4464 E ArmVmp : Match on catch block at 0xc3 in for 0xa9
02-11 13:06:10.110 4464 4464 E ArmVmp : Match on catch block at 0xc3 in for 0xa9
02-11 13:06:10.123 4464 4464 E ArmVmp : Match on catch block at 0xc3 in for 0xa1
02-11 13:06:10.128 4464 4464 E ArmVmp : Match on catch block at 0xc3 in for 0xa5
