02-10 20:34:49.879 31076 31076 E ArmVmp : Match on catch block at 0xc3 in for 0xa9
02-10 20:34:49.882 31076 31076 E ArmVmp : Match on catch block at 0xc3 in for 0xa1
02-10 20:34:49.895 31076 31076 E ArmVmp : Match on catch block at 0xc3 in for 0xa1
02-10 20:34:49.898 31076 31076 E ArmVmp : Match on catch block at 0xc3 in for 0xa5
02-10 20:34:49.912 31076 31076 E ArmVmp : Match on catch block at 0xc3 in for 0xa5
02-10 20:34:49.915 31076 31076 E ArmVmp : Match on catch block at 0xc3 in for 0xa9
02-10 20:34:49.929 31076 31076 E ArmVmp : Match on catch block at 0xc3 in for 0xa9
02-10 20:34:49.932 31076 31076 E ArmVmp : Match on catch block at 0xc3 in for 0xa1
02-10 20:34:49.945 31076 31076 E ArmVmp : Match on catch block at 0xc3 in for 0xa1
02-10 20:34:49.948 31076 31076 E ArmVmp : Match on catch block at 0xc3 in for 0xa5
02-10 20:34:49.962 31076 31076 E ArmVmp : Match on catch block at 0xc3 in for 0xa5
02-10 20:34:49.965 31076 31076 E ArmVmp : Match on catch block at 0xc3 in for 0xa9
02-10 20:34:50.180 31076 31076 E ArmVmp : Match on catch block at 0xc3 in for 0xa9
02-10 20:34:50.184 31076 31076 E ArmVmp : Match on catch block at 0xc3 in for 0xa1
02-10 20:34:50.679 31076 31076 E ArmVmp : Match on catch block at 0xc3 in for 0xa1
02-10 20:34:50.682 31076 31076 E ArmVmp : Match on catch block at 0xc3 in for 0xa5
02-10 20:34:51.179 31076 31076 E ArmVmp : Match on catch block at 0xc3 in for 0xa5
02-10 20:34:51.183 31076 31076 E ArmVmp : Match on catch block at 0xc3 in for 0xa9
02-10 20:34:51.678 31076 31076 E ArmVmp : Match on catch block at 0xc3 in for 0xa9
02-10 20:34:51.682 31076 31076 E ArmVmp : Match on catch block at 0xc3 in for 0xa1
02-10 20:34:52.094 31076 31076 E ArmVmp : Match on catch block at 0xc3 in for 0xa5
02-10 20:34:52.099 31076 31076 E ArmVmp : Match on catch block at 0xc3 in for 0xa9
02-10 20:34:52.123 31076 31076 E ArmVmp : Match on catch block at 0xc3 in for 0xa9
02-10 20:34:52.127 31076 31076 E ArmVmp : Match on catch block at 0xc3 in for 0xa1
02-10 20:34:52.284 31076 31392 E : nFreeSize: 3460907008
02-10 20:34:52.292 31076 31392 E : nFreeSize: 3460907008
02-10 20:34:52.432 31076 31076 E ArmVmp : Match on catch block at 0xc3 in for 0xa1
02-10 20:34:52.435 31076 31076 E ArmVmp : Match on catch block at 0xc3 in for 0xa5
02-10 20:34:52.534 31076 31076 W PlayerBase: baseStop state not match:4
02-10 20:34:52.624 31076 31076 E ArmVmp : Match on catch block at 0xc3 in for 0xa1
02-10 20:34:52.627 31076 31076 E ArmVmp : Match on catch block at 0xc3 in for 0xa5
02-10 20:34:52.929 31076 31076 W StaticLayout: maxLineHeight should not be -1.
maxLines:1 lineCount:1
02-10 20:34:52.931 31076 31076 W StaticLayout: maxLineHeight should not be -1.
maxLines:1 lineCount:1
02-10 20:34:53.067 31076 31126 E : nFreeSize: 3460902912
02-10 20:34:53.068 31076 31126 E : nFreeSize: 3460902912
02-10 20:34:55.119 31076 31126 E : nFreeSize: 3460902912
02-10 20:34:55.121 31076 31126 E : nFreeSize: 3460902912
02-10 20:34:56.184 31076 31076 E ArmVmp : Match on catch block at 0x0a in for
0x171
02-10 20:34:56.321 31076 31076 W IInputConnectionWrapper: getExtractedText on
inactive InputConnection
02-10 20:34:56.324 31076 31392 E : nFreeSize: 3459825664
02-10 20:34:56.465 31076 31076 W IInputConnectionWrapper: getTextBeforeCursor on
inactive InputConnection
02-10 20:34:56.554 31076 31076 W IInputConnectionWrapper: getTextAfterCursor on
inactive InputConnection
02-10 20:34:56.647 31076 31251 E : nFreeSize: 3459567616
02-10 20:34:56.772 31076 31076 W IInputConnectionWrapper: getCursorCapsMode on
inactive InputConnection
02-10 20:34:56.956 31076 31121 E : nFreeSize: 3459264512
02-10 20:34:57.349 31076 31392 E : nFreeSize: 3458801664
02-10 20:34:57.991 31076 31126 E : nFreeSize: 3458031616
02-10 20:34:57.993 31076 31126 E : nFreeSize: 3458031616
02-10 20:34:58.498 31076 31076 E : nFreeSize: 3457470464
02-10 20:34:58.511 31076 31076 E : nFreeSize: 3457470464
02-10 20:34:58.858 31076 31076 E : nFreeSize: 3457060864
02-10 20:34:58.863 31076 31076 E : nFreeSize: 3457056768
02-10 20:34:58.885 31076 31076 E ArmVmp : Match on catch block at 0x0a in for 0xc1
02-10 20:34:58.890 31076 31312 W System : ClassLoader referenced unknown path:
system/framework/mediatek-cta.jar
02-10 20:34:58.891 31076 31076 E ArmVmp : Match on catch block at 0x0a in for 0xc9
02-10 20:34:58.959 31076 31251 E : nFreeSize: 3456942080
02-10 20:34:59.013 31076 31312 W System : ClassLoader referenced unknown path:
system/framework/mediatek-cta.jar
02-10 20:34:59.095 31076 31076 E ArmVmp : Match on catch block at 0xc3 in for 0xb9
02-10 20:34:59.099 31076 31076 E ArmVmp : Match on catch block at 0xc3 in for 0xb9
02-10 20:34:59.151 31076 31076 E ArmVmp : Match on catch block at 0xc3 in for 0xa1
02-10 20:34:59.157 31076 31076 E ArmVmp : Match on catch block at 0xc3 in for 0xa5
02-10 20:34:59.313 31076 31076 E ArmVmp : Match on catch block at 0xc3 in for 0xa1
02-10 20:34:59.315 31076 31076 E ArmVmp : Match on catch block at 0xc3 in for 0xa5
02-10 20:34:59.354 31076 31076 E ArmVmp : Match on catch block at 0xc3 in for 0xa5
02-10 20:34:59.356 31076 31076 E ArmVmp : Match on catch block at 0xc3 in for 0xa9
02-10 20:34:59.394 31076 31076 E ArmVmp : Match on catch block at 0xc3 in for 0xa9
02-10 20:34:59.396 31076 31076 E ArmVmp : Match on catch block at 0xc3 in for 0xa1
02-10 20:34:59.424 31076 31076 E ArmVmp : Match on catch block at 0xc3 in for 0xa5
02-10 20:34:59.426 31076 31076 E ArmVmp : Match on catch block at 0xc3 in for 0xa9
02-10 20:34:59.548 31076 31076 E ArmVmp : Match on catch block at 0xc3 in for 0xa5
02-10 20:34:59.552 31076 31076 E ArmVmp : Match on catch block at 0xc3 in for 0xa9
02-10 20:34:59.562 31076 31076 E ArmVmp : Match on catch block at 0xc3 in for 0xa9
02-10 20:34:59.566 31076 31076 E ArmVmp : Match on catch block at 0xc3 in for 0xa1
02-10 20:34:59.770 31076 31076 E ArmVmp : Match on catch block at 0xc3 in for 0xa1
02-10 20:34:59.773 31076 31076 E ArmVmp : Match on catch block at 0xc3 in for 0xa5
02-10 20:34:59.787 31076 31076 E ArmVmp : Match on catch block at 0xc3 in for 0xa5
02-10 20:34:59.790 31076 31076 E ArmVmp : Match on catch block at 0xc3 in for 0xa9
02-10 20:34:59.803 31076 31076 E ArmVmp : Match on catch block at 0xc3 in for 0xa9
02-10 20:34:59.806 31076 31076 E ArmVmp : Match on catch block at 0xc3 in for 0xa1
02-10 20:34:59.819 31076 31076 E ArmVmp : Match on catch block at 0xc3 in for 0xa1
02-10 20:34:59.822 31076 31076 E ArmVmp : Match on catch block at 0xc3 in for 0xa5
02-10 20:34:59.835 31076 31076 E ArmVmp : Match on catch block at 0xc3 in for 0xa5
02-10 20:34:59.838 31076 31076 E ArmVmp : Match on catch block at 0xc3 in for 0xa9
02-10 20:34:59.852 31076 31076 E ArmVmp : Match on catch block at 0xc3 in for 0xa9
02-10 20:34:59.855 31076 31076 E ArmVmp : Match on catch block at 0xc3 in for 0xa1
02-10 20:34:59.869 31076 31076 E ArmVmp : Match on catch block at 0xc3 in for 0xa1
02-10 20:34:59.872 31076 31076 E ArmVmp : Match on catch block at 0xc3 in for 0xa5
02-10 20:34:59.885 31076 31076 E ArmVmp : Match on catch block at 0xc3 in for 0xa5
02-10 20:34:59.888 31076 31076 E ArmVmp : Match on catch block at 0xc3 in for 0xa9
02-10 20:34:59.902 31076 31076 E ArmVmp : Match on catch block at 0xc3 in for 0xa9
02-10 20:34:59.905 31076 31076 E ArmVmp : Match on catch block at 0xc3 in for 0xa1
02-10 20:34:59.919 31076 31076 E ArmVmp : Match on catch block at 0xc3 in for 0xa1
02-10 20:34:59.922 31076 31076 E ArmVmp : Match on catch block at 0xc3 in for 0xa5
02-10 20:34:59.936 31076 31076 E ArmVmp : Match on catch block at 0xc3 in for 0xa5
02-10 20:34:59.939 31076 31076 E ArmVmp : Match on catch block at 0xc3 in for 0xa9
02-10 20:34:59.952 31076 31076 E ArmVmp : Match on catch block at 0xc3 in for 0xa9
02-10 20:34:59.955 31076 31076 E ArmVmp : Match on catch block at 0xc3 in for 0xa1
02-10 20:34:59.969 31076 31076 E ArmVmp : Match on catch block at 0xc3 in for 0xa1
02-10 20:34:59.972 31076 31076 E ArmVmp : Match on catch block at 0xc3 in for 0xa5
02-10 20:34:59.985 31076 31076 E ArmVmp : Match on catch block at 0xc3 in for 0xa5
02-10 20:34:59.989 31076 31076 E ArmVmp : Match on catch block at 0xc3 in for 0xa9
02-10 20:35:00.002 31076 31076 E ArmVmp : Match on catch block at 0xc3 in for 0xa9
02-10 20:35:00.006 31076 31076 E ArmVmp : Match on catch block at 0xc3 in for 0xa1
02-10 20:35:00.019 31076 31076 E ArmVmp : Match on catch block at 0xc3 in for 0xa1
02-10 20:35:00.022 31076 31076 E ArmVmp : Match on catch block at 0xc3 in for 0xa5
02-10 20:35:00.036 31076 31076 E ArmVmp : Match on catch block at 0xc3 in for 0xa5
02-10 20:35:00.040 31076 31076 E ArmVmp : Match on catch block at 0xc3 in for 0xa9
02-10 20:35:00.054 31076 31076 E ArmVmp : Match on catch block at 0xc3 in for 0xa9
02-10 20:35:00.059 31076 31076 E ArmVmp : Match on catch block at 0xc3 in for 0xa1
02-10 20:35:00.069 31076 31076 E ArmVmp : Match on catch block at 0xc3 in for 0xa1
02-10 20:35:00.075 31076 31076 E ArmVmp : Match on catch block at 0xc3 in for 0xa5
02-10 20:35:00.099 31076 31076 E ArmVmp : Match on catch block at 0xc3 in for 0xa9
02-10 20:35:00.103 31076 31076 E ArmVmp : Match on catch block at 0xc3 in for 0xa1
02-10 20:35:00.119 31076 31076 E ArmVmp : Match on catch block at 0xc3 in for 0xa1
02-10 20:35:00.122 31076 31076 E ArmVmp : Match on catch block at 0xc3 in for 0xa5
02-10 20:35:00.285 31076 31076 E ArmVmp : Match on catch block at 0xc3 in for 0xa1
02-10 20:35:00.287 31076 31076 E ArmVmp : Match on catch block at 0xc3 in for 0xa5
02-10 20:35:00.785 31076 31076 E ArmVmp : Match on catch block at 0xc3 in for 0xa5
02-10 20:35:00.789 31076 31076 E ArmVmp : Match on catch block at 0xc3 in for 0xa9
02-10 20:35:00.830 31076 31076 E ArmVmp : Match on catch block at 0xc3 in for 0xa1
02-10 20:35:00.835 31076 31076 E ArmVmp : Match on catch block at 0xc3 in for 0xa5
02-10 20:35:00.852 31076 31076 E ArmVmp : Match on catch block at 0xc3 in for 0xa5
02-10 20:35:00.858 31076 31076 E ArmVmp : Match on catch block at 0xc3 in for 0xa9
02-10 20:35:00.868 31076 31076 E ArmVmp : Match on catch block at 0xc3 in for 0xa9
02-10 20:35:00.874 31076 31076 E ArmVmp : Match on catch block at 0xc3 in for 0xa1
02-10 20:35:00.885 31076 31076 E ArmVmp : Match on catch block at 0xc3 in for 0xa1
02-10 20:35:00.889 31076 31076 E ArmVmp : Match on catch block at 0xc3 in for 0xa5
02-10 20:35:00.901 31076 31076 E ArmVmp : Match on catch block at 0xc3 in for 0xa5
02-10 20:35:00.904 31076 31076 E ArmVmp : Match on catch block at 0xc3 in for 0xa9
02-10 20:35:00.918 31076 31076 E ArmVmp : Match on catch block at 0xc3 in for 0xa9
02-10 20:35:00.921 31076 31076 E ArmVmp : Match on catch block at 0xc3 in for 0xa1
02-10 20:35:00.940 31076 31076 E ArmVmp : Match on catch block at 0xc3 in for 0xa1
02-10 20:35:00.943 31076 31076 E ArmVmp : Match on catch block at 0xc3 in for 0xa5
02-10 20:35:00.954 31076 31076 E ArmVmp : Match on catch block at 0xc3 in for 0xa5
02-10 20:35:00.957 31076 31076 E ArmVmp : Match on catch block at 0xc3 in for 0xa9
02-10 20:35:00.968 31076 31076 E ArmVmp : Match on catch block at 0xc3 in for 0xa9
02-10 20:35:00.971 31076 31076 E ArmVmp : Match on catch block at 0xc3 in for 0xa1
02-10 20:35:00.984 31076 31076 E ArmVmp : Match on catch block at 0xc3 in for 0xa1
02-10 20:35:00.987 31076 31076 E ArmVmp : Match on catch block at 0xc3 in for 0xa5
02-10 20:35:01.001 31076 31076 E ArmVmp : Match on catch block at 0xc3 in for 0xa5
02-10 20:35:01.004 31076 31076 E ArmVmp : Match on catch block at 0xc3 in for 0xa9
02-10 20:35:01.019 31076 31076 E ArmVmp : Match on catch block at 0xc3 in for 0xa9
02-10 20:35:01.022 31076 31076 E ArmVmp : Match on catch block at 0xc3 in for 0xa1
02-10 20:35:01.151 31076 31076 E ArmVmp : Match on catch block at 0xc3 in for 0xa1
02-10 20:35:01.154 31076 31076 E ArmVmp : Match on catch block at 0xc3 in for 0xa5
02-10 20:35:01.168 31076 31076 E ArmVmp : Match on catch block at 0xc3 in for 0xa5
02-10 20:35:01.171 31076 31076 E ArmVmp : Match on catch block at 0xc3 in for 0xa9
02-10 20:35:01.184 31076 31076 E ArmVmp : Match on catch block at 0xc3 in for 0xa9
02-10 20:35:01.188 31076 31076 E ArmVmp : Match on catch block at 0xc3 in for 0xa1
02-10 20:35:01.201 31076 31076 E ArmVmp : Match on catch block at 0xc3 in for 0xa1
02-10 20:35:01.204 31076 31076 E ArmVmp : Match on catch block at 0xc3 in for 0xa5
02-10 20:35:01.217 31076 31076 E ArmVmp : Match on catch block at 0xc3 in for 0xa5
02-10 20:35:01.221 31076 31076 E ArmVmp : Match on catch block at 0xc3 in for 0xa9
02-10 20:35:01.231 31076 31126 E : nFreeSize: 3503808512
02-10 20:35:01.232 31076 31126 E : nFreeSize: 3503808512
02-10 20:35:01.234 31076 31076 E ArmVmp : Match on catch block at 0xc3 in for 0xa9
02-10 20:35:01.238 31076 31076 E ArmVmp : Match on catch block at 0xc3 in for 0xa1
02-10 20:35:01.251 31076 31076 E ArmVmp : Match on catch block at 0xc3 in for 0xa1
02-10 20:35:01.255 31076 31076 E ArmVmp : Match on catch block at 0xc3 in for 0xa5
02-10 20:35:01.267 31076 31076 E ArmVmp : Match on catch block at 0xc3 in for 0xa1
02-10 20:35:01.271 31076 31076 E ArmVmp : Match on catch block at 0xc3 in for 0xa5
02-10 20:35:01.284 31076 31076 E ArmVmp : Match on catch block at 0xc3 in for 0xa5
02-10 20:35:01.288 31076 31076 E ArmVmp : Match on catch block at 0xc3 in for 0xa9
02-10 20:35:01.301 31076 31076 E ArmVmp : Match on catch block at 0xc3 in for 0xa9
02-10 20:35:01.304 31076 31076 E ArmVmp : Match on catch block at 0xc3 in for 0xa1
02-10 20:35:01.317 31076 31076 E ArmVmp : Match on catch block at 0xc3 in for 0xa1
02-10 20:35:01.321 31076 31076 E ArmVmp : Match on catch block at 0xc3 in for 0xa5
02-10 20:35:01.334 31076 31076 E ArmVmp : Match on catch block at 0xc3 in for 0xa9
02-10 20:35:01.338 31076 31076 E ArmVmp : Match on catch block at 0xc3 in for 0xa1
02-10 20:35:01.370 31076 31076 E ArmVmp : Match on catch block at 0xc3 in for 0xa5
02-10 20:35:01.374 31076 31076 E ArmVmp : Match on catch block at 0xc3 in for 0xa9
02-10 20:35:01.436 31076 31076 E ArmVmp : Match on catch block at 0xc3 in for 0xa9
02-10 20:35:01.440 31076 31076 E ArmVmp : Match on catch block at 0xc3 in for 0xa1
02-10 20:35:01.520 31076 31076 E ArmVmp : Match on catch block at 0xc3 in for 0xa9
02-10 20:35:01.522 31076 31076 E ArmVmp : Match on catch block at 0xc3 in for 0xa1
02-10 20:35:01.530 31076 31392 E : nFreeSize: 3503804416
02-10 20:35:01.546 31076 31076 E ArmVmp : Match on catch block at 0xc3 in for 0xa5
02-10 20:35:01.549 31076 31076 E ArmVmp : Match on catch block at 0xc3 in for 0xa9
02-10 20:35:01.587 31076 31076 E ArmVmp : Match on catch block at 0xc3 in for 0xa5
02-10 20:35:01.590 31076 31076 E ArmVmp : Match on catch block at 0xc3 in for 0xa9
02-10 20:35:01.605 31076 31076 E ArmVmp : Match on catch block at 0xc3 in for 0xa1
02-10 20:35:01.608 31076 31076 E ArmVmp : Match on catch block at 0xc3 in for 0xa5
02-10 20:35:01.867 31076 31076 E ArmVmp : Match on catch block at 0xc3 in for 0xa9
02-10 20:35:01.870 31076 31076 E ArmVmp : Match on catch block at 0xc3 in for 0xa1
02-10 20:35:02.367 31076 31076 E ArmVmp : Match on catch block at 0xc3 in for 0xa9
02-10 20:35:02.371 31076 31076 E ArmVmp : Match on catch block at 0xc3 in for 0xa1
02-10 20:35:02.867 31076 31076 E ArmVmp : Match on catch block at 0xc3 in for 0xa1
02-10 20:35:02.870 31076 31076 E ArmVmp : Match on catch block at 0xc3 in for 0xa5
02-10 20:35:03.183 31076 31076 E ArmVmp : Match on catch block at 0xc3 in for 0xa5
02-10 20:35:03.187 31076 31076 E ArmVmp : Match on catch block at 0xc3 in for 0xa9
02-10 20:35:03.200 31076 31076 E ArmVmp : Match on catch block at 0xc3 in for 0xa9
02-10 20:35:03.204 31076 31076 E ArmVmp : Match on catch block at 0xc3 in for 0xa1
02-10 20:35:03.217 31076 31076 E ArmVmp : Match on catch block at 0xc3 in for 0xa1
02-10 20:35:03.221 31076 31076 E ArmVmp : Match on catch block at 0xc3 in for 0xa5
02-10 20:35:03.233 31076 31076 E ArmVmp : Match on catch block at 0xc3 in for 0xa5
02-10 20:35:03.237 31076 31076 E ArmVmp : Match on catch block at 0xc3 in for 0xa9
02-10 20:35:03.250 31076 31076 E ArmVmp : Match on catch block at 0xc3 in for 0xa9
02-10 20:35:03.254 31076 31076 E ArmVmp : Match on catch block at 0xc3 in for 0xa1
02-10 20:35:03.267 31076 31076 E ArmVmp : Match on catch block at 0xc3 in for 0xa1
02-10 20:35:03.272 31076 31076 E ArmVmp : Match on catch block at 0xc3 in for 0xa5
02-10 20:35:03.283 31076 31076 E ArmVmp : Match on catch block at 0xc3 in for 0xa5
02-10 20:35:03.287 31076 31076 E ArmVmp : Match on catch block at 0xc3 in for 0xa9
02-10 20:35:03.299 31076 31076 E ArmVmp : Match on catch block at 0xc3 in for 0xa9
02-10 20:35:03.304 31076 31076 E ArmVmp : Match on catch block at 0xc3 in for 0xa1
02-10 20:35:03.317 31076 31076 E ArmVmp : Match on catch block at 0xc3 in for 0xa1
02-10 20:35:03.322 31076 31076 E ArmVmp : Match on catch block at 0xc3 in for 0xa5
02-10 20:35:03.333 31076 31076 E ArmVmp : Match on catch block at 0xc3 in for 0xa5
02-10 20:35:03.340 31076 31076 E ArmVmp : Match on catch block at 0xc3 in for 0xa9
02-10 20:35:03.350 31076 31076 E ArmVmp : Match on catch block at 0xc3 in for 0xa9
02-10 20:35:03.353 31076 31076 E ArmVmp : Match on catch block at 0xc3 in for 0xa1
02-10 20:35:03.367 31076 31076 E ArmVmp : Match on catch block at 0xc3 in for 0xa1
02-10 20:35:03.370 31076 31076 E ArmVmp : Match on catch block at 0xc3 in for 0xa5
02-10 20:35:03.383 31076 31076 E ArmVmp : Match on catch block at 0xc3 in for 0xa5
02-10 20:35:03.387 31076 31076 E ArmVmp : Match on catch block at 0xc3 in for 0xa9
02-10 20:35:03.400 31076 31076 E ArmVmp : Match on catch block at 0xc3 in for 0xa9
02-10 20:35:03.404 31076 31076 E ArmVmp : Match on catch block at 0xc3 in for 0xa1
02-10 20:35:03.417 31076 31076 E ArmVmp : Match on catch block at 0xc3 in for 0xa1
02-10 20:35:03.421 31076 31076 E ArmVmp : Match on catch block at 0xc3 in for 0xa5
02-10 20:35:03.433 31076 31076 E ArmVmp : Match on catch block at 0xc3 in for 0xa5
02-10 20:35:03.436 31076 31076 E ArmVmp : Match on catch block at 0xc3 in for 0xa9
02-10 20:35:03.473 31076 31076 E ArmVmp : Match on catch block at 0xc3 in for 0xa1
02-10 20:35:03.478 31076 31076 E ArmVmp : Match on catch block at 0xc3 in for 0xa5
02-10 20:35:03.499 31076 31076 E ArmVmp : Match on catch block at 0xc3 in for 0xa5
02-10 20:35:03.503 31076 31076 E ArmVmp : Match on catch block at 0xc3 in for 0xa9
02-10 20:35:03.517 31076 31076 E ArmVmp : Match on catch block at 0xc3 in for 0xa9
02-10 20:35:03.520 31076 31076 E ArmVmp : Match on catch block at 0xc3 in for 0xa1
02-10 20:35:03.533 31076 31076 E ArmVmp : Match on catch block at 0xc3 in for 0xa1
02-10 20:35:03.538 31076 31076 E ArmVmp : Match on catch block at 0xc3 in for 0xa5
02-10 20:35:03.549 31076 31076 E ArmVmp : Match on catch block at 0xc3 in for 0xa5
02-10 20:35:03.552 31076 31076 E ArmVmp : Match on catch block at 0xc3 in for 0xa9
02-10 20:35:03.565 31076 31076 E ArmVmp : Match on catch block at 0xc3 in for 0xa9
02-10 20:35:03.570 31076 31076 E ArmVmp : Match on catch block at 0xc3 in for 0xa1
02-10 20:35:03.588 31076 31076 E ArmVmp : Match on catch block at 0xc3 in for 0xa1
02-10 20:35:03.592 31076 31076 E ArmVmp : Match on catch block at 0xc3 in for 0xa5
02-10 20:35:03.603 31076 31076 E ArmVmp : Match on catch block at 0xc3 in for 0xa5
02-10 20:35:03.606 31076 31076 E ArmVmp : Match on catch block at 0xc3 in for 0xa9
02-10 20:35:03.616 31076 31076 E ArmVmp : Match on catch block at 0xc3 in for 0xa9
02-10 20:35:03.621 31076 31076 E ArmVmp : Match on catch block at 0xc3 in for 0xa1
02-10 20:35:03.632 31076 31076 E ArmVmp : Match on catch block at 0xc3 in for 0xa1
02-10 20:35:03.637 31076 31076 E ArmVmp : Match on catch block at 0xc3 in for 0xa5
02-10 20:35:03.649 31076 31076 E ArmVmp : Match on catch block at 0xc3 in for 0xa5
02-10 20:35:03.652 31076 31076 E ArmVmp : Match on catch block at 0xc3 in for 0xa9
02-10 20:35:03.665 31076 31076 E ArmVmp : Match on catch block at 0xc3 in for 0xa9
02-10 20:35:03.670 31076 31076 E ArmVmp : Match on catch block at 0xc3 in for 0xa1
02-10 20:35:03.699 31076 31076 E ArmVmp : Match on catch block at 0xc3 in for 0xa1
02-10 20:35:03.704 31076 31076 E ArmVmp : Match on catch block at 0xc3 in for 0xa5
02-10 20:35:03.983 31076 31076 E ArmVmp : Match on catch block at 0xc3 in for 0xa5
02-10 20:35:03.987 31076 31076 E ArmVmp : Match on catch block at 0xc3 in for 0xa9
02-10 20:35:04.135 31076 31392 E : nFreeSize: 3503595520
02-10 20:35:04.249 31076 31076 E ArmVmp : Match on catch block at 0xc3 in for 0xa9
02-10 20:35:04.253 31076 31076 E ArmVmp : Match on catch block at 0xc3 in for 0xa1
02-10 20:35:04.531 31076 31076 E ArmVmp : Match on catch block at 0xc3 in for 0xa1
02-10 20:35:04.536 31076 31076 E ArmVmp : Match on catch block at 0xc3 in for 0xa5
02-10 20:35:04.747 31076 31076 E ArmVmp : Match on catch block at 0xc3 in for 0xa5
02-10 20:35:04.751 31076 31076 E ArmVmp : Match on catch block at 0xc3 in for 0xa9
02-10 20:35:04.947 31076 31076 E ArmVmp : Match on catch block at 0xc3 in for 0xa9
02-10 20:35:04.951 31076 31076 E ArmVmp : Match on catch block at 0xc3 in for 0xa1
02-10 20:35:05.347 31076 31076 E ArmVmp : Match on catch block at 0xc3 in for 0xa1
02-10 20:35:05.350 31076 31076 E ArmVmp : Match on catch block at 0xc3 in for 0xa5
02-10 20:35:05.377 31076 31076 E ArmVmp : Match on catch block at 0xc3 in for 0xa9
02-10 20:35:05.380 31076 31076 E ArmVmp : Match on catch block at 0xc3 in for 0xa1
02-10 20:35:05.439 31076 31076 E ArmVmp : Match on catch block at 0xc3 in for 0xa5
02-10 20:35:05.442 31076 31076 E ArmVmp : Match on catch block at 0xc3 in for 0xa9
02-10 20:35:05.464 31076 31076 E ArmVmp : Match on catch block at 0xc3 in for 0xa1
02-10 20:35:05.467 31076 31076 E ArmVmp : Match on catch block at 0xc3 in for 0xa5
02-10 20:35:05.484 31076 31076 E ArmVmp : Match on catch block at 0xc3 in for 0xa9
02-10 20:35:05.487 31076 31076 E ArmVmp : Match on catch block at 0xc3 in for 0xa1
02-10 20:35:05.505 31076 31076 E ArmVmp : Match on catch block at 0xc3 in for 0xa9
02-10 20:35:05.507 31076 31076 E ArmVmp : Match on catch block at 0xc3 in for 0xa1
02-10 20:35:05.513 31076 31076 E ArmVmp : Match on catch block at 0xc3 in for 0xa1
02-10 20:35:05.516 31076 31076 E ArmVmp : Match on catch block at 0xc3 in for 0xa5
02-10 20:35:05.529 31076 31076 E ArmVmp : Match on catch block at 0xc3 in for 0xa5
02-10 20:35:05.532 31076 31076 E ArmVmp : Match on catch block at 0xc3 in for 0xa9
02-10 20:35:05.546 31076 31076 E ArmVmp : Match on catch block at 0xc3 in for 0xa9
02-10 20:35:05.549 31076 31076 E ArmVmp : Match on catch block at 0xc3 in for 0xa1
02-10 20:35:05.563 31076 31076 E ArmVmp : Match on catch block at 0xc3 in for 0xa1
02-10 20:35:05.565 31076 31076 E ArmVmp : Match on catch block at 0xc3 in for 0xa5
02-10 20:35:05.776 31076 31126 E : nFreeSize: 3503591424
02-10 20:35:05.778 31076 31126 E : nFreeSize: 3503591424
02-10 20:35:05.879 31076 31076 E ArmVmp : Match on catch block at 0xc3 in for 0xa5
02-10 20:35:05.882 31076 31076 E ArmVmp : Match on catch block at 0xc3 in for 0xa9
02-10 20:35:06.379 31076 31076 E ArmVmp : Match on catch block at 0xc3 in for 0xa9
02-10 20:35:06.381 31076 31076 E ArmVmp : Match on catch block at 0xc3 in for 0xa1
02-10 20:35:06.501 31076 31392 E : nFreeSize: 3503595520
02-10 20:35:06.502 31076 31251 E : nFreeSize: 3503591424
02-10 20:35:06.667 31076 31076 E ArmVmp : Match on catch block at 0xc3 in for 0xa9
02-10 20:35:06.671 31076 31076 E ArmVmp : Match on catch block at 0xc3 in for 0xa1
02-10 20:35:06.681 31076 31076 E ArmVmp : Match on catch block at 0xc3 in for 0xa1
02-10 20:35:06.685 31076 31076 E ArmVmp : Match on catch block at 0xc3 in for 0xa5
02-10 20:35:06.695 31076 31076 E ArmVmp : Match on catch block at 0xc3 in for 0xa5
02-10 20:35:06.700 31076 31076 E ArmVmp : Match on catch block at 0xc3 in for 0xa9
02-10 20:35:06.713 31076 31076 E ArmVmp : Match on catch block at 0xc3 in for 0xa9
02-10 20:35:06.715 31076 31076 E ArmVmp : Match on catch block at 0xc3 in for 0xa1
02-10 20:35:06.729 31076 31076 E ArmVmp : Match on catch block at 0xc3 in for 0xa1
02-10 20:35:06.731 31076 31076 E ArmVmp : Match on catch block at 0xc3 in for 0xa5
02-10 20:35:06.745 31076 31076 E ArmVmp : Match on catch block at 0xc3 in for 0xa5
02-10 20:35:06.748 31076 31076 E ArmVmp : Match on catch block at 0xc3 in for 0xa9
02-10 20:35:06.762 31076 31076 E ArmVmp : Match on catch block at 0xc3 in for 0xa9
02-10 20:35:06.765 31076 31076 E ArmVmp : Match on catch block at 0xc3 in for 0xa1
02-10 20:35:06.782 31076 31076 E ArmVmp : Match on catch block at 0xc3 in for 0xa1
02-10 20:35:06.785 31076 31076 E ArmVmp : Match on catch block at 0xc3 in for 0xa5
02-10 20:35:06.796 31076 31076 E ArmVmp : Match on catch block at 0xc3 in for 0xa5
02-10 20:35:06.799 31076 31076 E ArmVmp : Match on catch block at 0xc3 in for 0xa9
02-10 20:35:06.812 31076 31076 E ArmVmp : Match on catch block at 0xc3 in for 0xa9
02-10 20:35:06.815 31076 31076 E ArmVmp : Match on catch block at 0xc3 in for 0xa1
02-10 20:35:06.829 31076 31076 E ArmVmp : Match on catch block at 0xc3 in for 0xa1
02-10 20:35:06.832 31076 31076 E ArmVmp : Match on catch block at 0xc3 in for 0xa5
02-10 20:35:06.846 31076 31076 E ArmVmp : Match on catch block at 0xc3 in for 0xa5
02-10 20:35:06.849 31076 31076 E ArmVmp : Match on catch block at 0xc3 in for 0xa9
02-10 20:35:06.862 31076 31076 E ArmVmp : Match on catch block at 0xc3 in for 0xa9
02-10 20:35:06.865 31076 31076 E ArmVmp : Match on catch block at 0xc3 in for 0xa1
02-10 20:35:06.912 31076 31076 E ArmVmp : Match on catch block at 0xc3 in for 0xa1
02-10 20:35:06.915 31076 31076 E ArmVmp : Match on catch block at 0xc3 in for 0xa5
02-10 20:35:07.079 31076 31076 E ArmVmp : Match on catch block at 0xc3 in for 0xa5
02-10 20:35:07.081 31076 31076 E ArmVmp : Match on catch block at 0xc3 in for 0xa9
02-10 20:35:07.095 31076 31076 E ArmVmp : Match on catch block at 0xc3 in for 0xa9
02-10 20:35:07.098 31076 31076 E ArmVmp : Match on catch block at 0xc3 in for 0xa1
02-10 20:35:07.112 31076 31076 E ArmVmp : Match on catch block at 0xc3 in for 0xa1
02-10 20:35:07.115 31076 31076 E ArmVmp : Match on catch block at 0xc3 in for 0xa5
02-10 20:35:07.128 31076 31076 E ArmVmp : Match on catch block at 0xc3 in for 0xa5
02-10 20:35:07.131 31076 31076 E ArmVmp : Match on catch block at 0xc3 in for 0xa9
02-10 20:35:07.145 31076 31076 E ArmVmp : Match on catch block at 0xc3 in for 0xa9
02-10 20:35:07.148 31076 31076 E ArmVmp : Match on catch block at 0xc3 in for 0xa1
02-10 20:35:07.162 31076 31076 E ArmVmp : Match on catch block at 0xc3 in for 0xa1
02-10 20:35:07.165 31076 31076 E ArmVmp : Match on catch block at 0xc3 in for 0xa5
02-10 20:35:07.178 31076 31076 E ArmVmp : Match on catch block at 0xc3 in for 0xa5
02-10 20:35:07.181 31076 31076 E ArmVmp : Match on catch block at 0xc3 in for 0xa9
02-10 20:35:07.195 31076 31076 E ArmVmp : Match on catch block at 0xc3 in for 0xa9
02-10 20:35:07.198 31076 31076 E ArmVmp : Match on catch block at 0xc3 in for 0xa1
02-10 20:35:07.212 31076 31076 E ArmVmp : Match on catch block at 0xc3 in for 0xa1
02-10 20:35:07.215 31076 31076 E ArmVmp : Match on catch block at 0xc3 in for 0xa5
02-10 20:35:07.228 31076 31076 E ArmVmp : Match on catch block at 0xc3 in for 0xa5
02-10 20:35:07.231 31076 31076 E ArmVmp : Match on catch block at 0xc3 in for 0xa9
02-10 20:35:07.245 31076 31076 E ArmVmp : Match on catch block at 0xc3 in for 0xa9
02-10 20:35:07.248 31076 31076 E ArmVmp : Match on catch block at 0xc3 in for 0xa1
02-10 20:35:07.262 31076 31076 E ArmVmp : Match on catch block at 0xc3 in for 0xa1
02-10 20:35:07.265 31076 31076 E ArmVmp : Match on catch block at 0xc3 in for 0xa5
02-10 20:35:07.278 31076 31076 E ArmVmp : Match on catch block at 0xc3 in for 0xa5
02-10 20:35:07.281 31076 31076 E ArmVmp : Match on catch block at 0xc3 in for 0xa9
02-10 20:35:07.295 31076 31076 E ArmVmp : Match on catch block at 0xc3 in for 0xa9
02-10 20:35:07.298 31076 31076 E ArmVmp : Match on catch block at 0xc3 in for 0xa1
02-10 20:35:07.312 31076 31076 E ArmVmp : Match on catch block at 0xc3 in for 0xa1
02-10 20:35:07.315 31076 31076 E ArmVmp : Match on catch block at 0xc3 in for 0xa5
02-10 20:35:07.328 31076 31076 E ArmVmp : Match on catch block at 0xc3 in for 0xa5
02-10 20:35:07.332 31076 31076 E ArmVmp : Match on catch block at 0xc3 in for 0xa9
02-10 20:35:07.597 31076 31251 E : nFreeSize: 3503595520
02-10 20:35:07.637 31076 31126 E : nFreeSize: 3503595520
02-10 20:35:07.639 31076 31126 E : nFreeSize: 3503595520
02-10 20:35:07.795 31076 31076 E ArmVmp : Match on catch block at 0xc3 in for 0xa1
02-10 20:35:07.798 31076 31076 E ArmVmp : Match on catch block at 0xc3 in for 0xa5
02-10 20:35:09.532 31076 31320 E ArmVmp : Match on catch block at 0x0a in for 0x75
02-10 20:35:09.533 31076 31320 W System : ClassLoader referenced unknown path:
system/framework/mediatek-cta.jar
02-10 20:35:09.662 31076 31076 E ArmVmp : Match on catch block at 0xc3 in for 0xa9
02-10 20:35:09.666 31076 31076 E ArmVmp : Match on catch block at 0xc3 in for 0xa1
02-10 20:35:09.688 31076 31076 W IInputConnectionWrapper: getExtractedText on
inactive InputConnection
02-10 20:35:09.729 31076 31076 W IInputConnectionWrapper: getTextBeforeCursor on
inactive InputConnection
02-10 20:35:09.743 31076 31076 E ArmVmp : Match on catch block at 0xc3 in for 0xa9
02-10 20:35:09.746 31076 31076 E ArmVmp : Match on catch block at 0xc3 in for 0xa1
02-10 20:35:09.756 31076 31076 W IInputConnectionWrapper: getTextAfterCursor on
inactive InputConnection
02-10 20:35:09.757 31076 31076 W IInputConnectionWrapper: getCursorCapsMode on
inactive InputConnection
02-10 20:35:09.803 31076 31076 W IInputConnectionWrapper: getExtractedText on
inactive InputConnection
02-10 20:35:09.804 31076 31076 W IInputConnectionWrapper: getTextBeforeCursor on
inactive InputConnection
02-10 20:35:09.805 31076 31076 W IInputConnectionWrapper: getTextAfterCursor on
inactive InputConnection
02-10 20:35:09.805 31076 31076 W IInputConnectionWrapper: getCursorCapsMode on
inactive InputConnection
02-10 20:35:10.243 31076 31076 E ArmVmp : Match on catch block at 0xc3 in for 0xa9
02-10 20:35:10.246 31076 31076 E ArmVmp : Match on catch block at 0xc3 in for 0xa1
02-10 20:35:10.743 31076 31076 E ArmVmp : Match on catch block at 0xc3 in for 0xa1
02-10 20:35:10.747 31076 31076 E ArmVmp : Match on catch block at 0xc3 in for 0xa5
02-10 20:35:10.938 31076 31126 E : nFreeSize: 3503591424
02-10 20:35:10.941 31076 31126 E : nFreeSize: 3503591424
02-10 20:35:11.141 31076 31076 E ArmVmp : Match on catch block at 0xc3 in for 0xa9
02-10 20:35:11.146 31076 31076 E ArmVmp : Match on catch block at 0xc3 in for 0xa1
02-10 20:35:11.164 31076 31076 E ArmVmp : Match on catch block at 0xc3 in for 0xa9
02-10 20:35:11.167 31076 31076 E ArmVmp : Match on catch block at 0xc3 in for 0xa1
02-10 20:35:11.211 31076 31076 E ArmVmp : Match on catch block at 0xc3 in for 0xa9
02-10 20:35:11.216 31076 31076 E ArmVmp : Match on catch block at 0xc3 in for 0xa1
02-10 20:35:11.230 31076 31076 E ArmVmp : Match on catch block at 0xc3 in for 0xa9
02-10 20:35:11.234 31076 31076 E ArmVmp : Match on catch block at 0xc3 in for 0xa1
02-10 20:35:11.444 31076 31076 E ArmVmp : Match on catch block at 0xc3 in for 0xa5
02-10 20:35:11.448 31076 31076 E ArmVmp : Match on catch block at 0xc3 in for 0xa9
02-10 20:35:11.628 31076 31076 E ArmVmp : Match on catch block at 0xc3 in for 0xa1
02-10 20:35:11.632 31076 31076 E ArmVmp : Match on catch block at 0xc3 in for 0xa5
02-10 20:35:11.827 31076 31076 E ArmVmp : Match on catch block at 0xc3 in for 0xa9
02-10 20:35:11.830 31076 31076 E ArmVmp : Match on catch block at 0xc3 in for 0xa1
02-10 20:35:12.033 31076 31076 E ArmVmp : Match on catch block at 0xc3 in for 0xa9
02-10 20:35:12.036 31076 31076 E ArmVmp : Match on catch block at 0xc3 in for 0xa1
02-10 20:35:12.057 31076 31076 E ArmVmp : Match on catch block at 0xc3 in for 0xa1
02-10 20:35:12.060 31076 31076 E ArmVmp : Match on catch block at 0xc3 in for 0xa5
02-10 20:35:12.074 31076 31076 E ArmVmp : Match on catch block at 0xc3 in for 0xa5
02-10 20:35:12.077 31076 31076 E ArmVmp : Match on catch block at 0xc3 in for 0xa9
02-10 20:35:12.091 31076 31076 E ArmVmp : Match on catch block at 0xc3 in for 0xa9
02-10 20:35:12.093 31076 31076 E ArmVmp : Match on catch block at 0xc3 in for 0xa1
02-10 20:35:12.107 31076 31076 E ArmVmp : Match on catch block at 0xc3 in for 0xa1
02-10 20:35:12.111 31076 31076 E ArmVmp : Match on catch block at 0xc3 in for 0xa5
02-10 20:35:12.124 31076 31076 E ArmVmp : Match on catch block at 0xc3 in for 0xa5
02-10 20:35:12.127 31076 31076 E ArmVmp : Match on catch block at 0xc3 in for 0xa9
02-10 20:35:12.140 31076 31076 E ArmVmp : Match on catch block at 0xc3 in for 0xa9
02-10 20:35:12.143 31076 31076 E ArmVmp : Match on catch block at 0xc3 in for 0xa1
02-10 20:35:12.157 31076 31076 E ArmVmp : Match on catch block at 0xc3 in for 0xa1
02-10 20:35:12.160 31076 31076 E ArmVmp : Match on catch block at 0xc3 in for 0xa5
02-10 20:35:12.174 31076 31076 E ArmVmp : Match on catch block at 0xc3 in for 0xa5
02-10 20:35:12.176 31076 31076 E ArmVmp : Match on catch block at 0xc3 in for 0xa9
02-10 20:35:12.190 31076 31076 E ArmVmp : Match on catch block at 0xc3 in for 0xa9
02-10 20:35:12.193 31076 31076 E ArmVmp : Match on catch block at 0xc3 in for 0xa1
02-10 20:35:12.207 31076 31076 E ArmVmp : Match on catch block at 0xc3 in for 0xa1
02-10 20:35:12.210 31076 31076 E ArmVmp : Match on catch block at 0xc3 in for 0xa5
02-10 20:35:12.224 31076 31076 E ArmVmp : Match on catch block at 0xc3 in for 0xa5
02-10 20:35:12.226 31076 31076 E ArmVmp : Match on catch block at 0xc3 in for 0xa9
02-10 20:35:12.540 31076 31076 E ArmVmp : Match on catch block at 0xc3 in for 0xa9
02-10 20:35:12.543 31076 31076 E ArmVmp : Match on catch block at 0xc3 in for 0xa1
02-10 20:35:12.740 31076 31076 E ArmVmp : Match on catch block at 0xc3 in for 0xa1
02-10 20:35:12.743 31076 31076 E ArmVmp : Match on catch block at 0xc3 in for 0xa5
02-10 20:35:12.756 31076 31076 E ArmVmp : Match on catch block at 0xc3 in for 0xa5
02-10 20:35:12.759 31076 31076 E ArmVmp : Match on catch block at 0xc3 in for 0xa9
02-10 20:35:12.773 31076 31076 E ArmVmp : Match on catch block at 0xc3 in for 0xa9
02-10 20:35:12.777 31076 31076 E ArmVmp : Match on catch block at 0xc3 in for 0xa1
02-10 20:35:12.790 31076 31076 E ArmVmp : Match on catch block at 0xc3 in for 0xa1
02-10 20:35:12.792 31076 31076 E ArmVmp : Match on catch block at 0xc3 in for 0xa5
02-10 20:35:12.806 31076 31076 E ArmVmp : Match on catch block at 0xc3 in for 0xa5
02-10 20:35:12.809 31076 31076 E ArmVmp : Match on catch block at 0xc3 in for 0xa9
02-10 20:35:12.823 31076 31076 E ArmVmp : Match on catch block at 0xc3 in for 0xa9
02-10 20:35:12.828 31076 31076 E ArmVmp : Match on catch block at 0xc3 in for 0xa1
02-10 20:35:12.841 31076 31076 E ArmVmp : Match on catch block at 0xc3 in for 0xa1
02-10 20:35:12.845 31076 31076 E ArmVmp : Match on catch block at 0xc3 in for 0xa5
02-10 20:35:12.857 31076 31076 E ArmVmp : Match on catch block at 0xc3 in for 0xa5
02-10 20:35:12.861 31076 31076 E ArmVmp : Match on catch block at 0xc3 in for 0xa9
02-10 20:35:12.874 31076 31076 E ArmVmp : Match on catch block at 0xc3 in for 0xa9
02-10 20:35:12.878 31076 31076 E ArmVmp : Match on catch block at 0xc3 in for 0xa1
02-10 20:35:12.892 31076 31076 E ArmVmp : Match on catch block at 0xc3 in for 0xa1
02-10 20:35:12.897 31076 31076 E ArmVmp : Match on catch block at 0xc3 in for 0xa5
02-10 20:35:12.908 31076 31076 E ArmVmp : Match on catch block at 0xc3 in for 0xa5
02-10 20:35:12.913 31076 31076 E ArmVmp : Match on catch block at 0xc3 in for 0xa9
02-10 20:35:12.933 31076 31076 E ArmVmp : Match on catch block at 0xc3 in for 0xa1
02-10 20:35:12.938 31076 31076 E ArmVmp : Match on catch block at 0xc3 in for 0xa5
02-10 20:35:12.950 31076 31076 E ArmVmp : Match on catch block at 0xc3 in for 0xa5
02-10 20:35:12.953 31076 31076 E ArmVmp : Match on catch block at 0xc3 in for 0xa9
02-10 20:35:12.962 31076 31076 E ArmVmp : Match on catch block at 0xc3 in for 0xa9
02-10 20:35:12.965 31076 31076 E ArmVmp : Match on catch block at 0xc3 in for 0xa1
02-10 20:35:12.973 31076 31076 E ArmVmp : Match on catch block at 0xc3 in for 0xa1
02-10 20:35:12.977 31076 31076 E ArmVmp : Match on catch block at 0xc3 in for 0xa5
02-10 20:35:12.990 31076 31076 E ArmVmp : Match on catch block at 0xc3 in for 0xa5
02-10 20:35:12.994 31076 31076 E ArmVmp : Match on catch block at 0xc3 in for 0xa9
02-10 20:35:13.007 31076 31076 E ArmVmp : Match on catch block at 0xc3 in for 0xa9
02-10 20:35:13.009 31076 31076 E ArmVmp : Match on catch block at 0xc3 in for 0xa1
02-10 20:35:13.024 31076 31076 E ArmVmp : Match on catch block at 0xc3 in for 0xa1
02-10 20:35:13.027 31076 31076 E ArmVmp : Match on catch block at 0xc3 in for 0xa5
02-10 20:35:13.044 31076 31076 E ArmVmp : Match on catch block at 0xc3 in for 0xa5
02-10 20:35:13.048 31076 31076 E ArmVmp : Match on catch block at 0xc3 in for 0xa9
02-10 20:35:13.057 31076 31076 E ArmVmp : Match on catch block at 0xc3 in for 0xa9
02-10 20:35:13.060 31076 31076 E ArmVmp : Match on catch block at 0xc3 in for 0xa1
02-10 20:35:13.073 31076 31076 E ArmVmp : Match on catch block at 0xc3 in for 0xa1
02-10 20:35:13.077 31076 31076 E ArmVmp : Match on catch block at 0xc3 in for 0xa5
02-10 20:35:13.090 31076 31076 E ArmVmp : Match on catch block at 0xc3 in for 0xa5
02-10 20:35:13.095 31076 31076 E ArmVmp : Match on catch block at 0xc3 in for 0xa9
02-10 20:35:13.107 31076 31076 E ArmVmp : Match on catch block at 0xc3 in for 0xa9
02-10 20:35:13.111 31076 31076 E ArmVmp : Match on catch block at 0xc3 in for 0xa1
02-10 20:35:13.124 31076 31076 E ArmVmp : Match on catch block at 0xc3 in for 0xa1
02-10 20:35:13.129 31076 31076 E ArmVmp : Match on catch block at 0xc3 in for 0xa5
02-10 20:35:13.408 31076 31076 E ArmVmp : Match on catch block at 0xc3 in for 0xa5
02-10 20:35:13.416 31076 31076 E ArmVmp : Match on catch block at 0xc3 in for 0xa9
02-10 20:35:13.575 31076 31076 E ArmVmp : Match on catch block at 0xc3 in for 0xa9
02-10 20:35:13.582 31076 31076 E ArmVmp : Match on catch block at 0xc3 in for 0xa1
02-10 20:35:13.741 31076 31076 E ArmVmp : Match on catch block at 0xc3 in for 0xa1
02-10 20:35:13.747 31076 31076 E ArmVmp : Match on catch block at 0xc3 in for 0xa5
02-10 20:35:13.849 31076 31392 E : nFreeSize: 3503587328
02-10 20:35:14.131 31076 31121 E : nFreeSize: 3503591424
02-10 20:35:14.257 31076 31076 E ArmVmp : Match on catch block at 0xc3 in for 0xa5
02-10 20:35:14.262 31076 31076 E ArmVmp : Match on catch block at 0xc3 in for 0xa9
02-10 20:35:14.321 31076 31076 E ArmVmp : Match on catch block at 0xc3 in for 0xa5
02-10 20:35:14.325 31076 31076 E ArmVmp : Match on catch block at 0xc3 in for 0xa9
02-10 20:35:14.340 31076 31076 E ArmVmp : Match on catch block at 0xc3 in for 0xa9
02-10 20:35:14.346 31076 31076 E ArmVmp : Match on catch block at 0xc3 in for 0xa1
02-10 20:35:14.364 31076 31251 E : nFreeSize: 3503583232
02-10 20:35:14.759 31076 31076 E ArmVmp : Match on catch block at 0xc3 in for 0xa1
02-10 20:35:14.769 31076 31076 E ArmVmp : Match on catch block at 0xc3 in for 0xa5
02-10 20:35:14.815 31076 31076 E ArmVmp : Match on catch block at 0xc3 in for 0xa1
02-10 20:35:14.823 31076 31076 E ArmVmp : Match on catch block at 0xc3 in for 0xa5
02-10 20:35:14.859 31076 31076 E ArmVmp : Match on catch block at 0xc3 in for 0xa1
02-10 20:35:14.866 31076 31076 E ArmVmp : Match on catch block at 0xc3 in for 0xa5
02-10 20:35:14.897 31076 31076 E ArmVmp : Match on catch block at 0xc3 in for 0xa9
02-10 20:35:14.903 31076 31076 E ArmVmp : Match on catch block at 0xc3 in for 0xa1
02-10 20:35:14.952 31076 31076 E ArmVmp : Match on catch block at 0xc3 in for 0xa5
02-10 20:35:14.956 31076 31076 E ArmVmp : Match on catch block at 0xc3 in for 0xa9
02-10 20:35:15.017 31076 31076 E ArmVmp : Match on catch block at 0xc3 in for 0xa5
02-10 20:35:15.022 31076 31076 E ArmVmp : Match on catch block at 0xc3 in for 0xa9
02-10 20:35:15.039 31076 31076 E ArmVmp : Match on catch block at 0xc3 in for 0xa9
02-10 20:35:15.044 31076 31076 E ArmVmp : Match on catch block at 0xc3 in for 0xa1
02-10 20:35:15.056 31076 31076 E ArmVmp : Match on catch block at 0xc3 in for 0xa1
02-10 20:35:15.061 31076 31076 E ArmVmp : Match on catch block at 0xc3 in for 0xa5
02-10 20:35:15.072 31076 31076 E ArmVmp : Match on catch block at 0xc3 in for 0xa5
02-10 20:35:15.078 31076 31076 E ArmVmp : Match on catch block at 0xc3 in for 0xa9
02-10 20:35:15.089 31076 31076 E ArmVmp : Match on catch block at 0xc3 in for 0xa9
02-10 20:35:15.093 31076 31076 E ArmVmp : Match on catch block at 0xc3 in for 0xa1
02-10 20:35:15.105 31076 31076 E ArmVmp : Match on catch block at 0xc3 in for 0xa1
02-10 20:35:15.108 31076 31076 E ArmVmp : Match on catch block at 0xc3 in for 0xa5
02-10 20:35:15.121 31076 31076 E ArmVmp : Match on catch block at 0xc3 in for 0xa5
02-10 20:35:15.125 31076 31076 E ArmVmp : Match on catch block at 0xc3 in for 0xa9
02-10 20:35:15.138 31076 31076 E ArmVmp : Match on catch block at 0xc3 in for 0xa9
02-10 20:35:15.142 31076 31076 E ArmVmp : Match on catch block at 0xc3 in for 0xa1
02-10 20:35:15.156 31076 31076 E ArmVmp : Match on catch block at 0xc3 in for 0xa1
02-10 20:35:15.160 31076 31076 E ArmVmp : Match on catch block at 0xc3 in for 0xa5
02-10 20:35:15.163 31076 31126 E : nFreeSize: 3503583232
02-10 20:35:15.165 31076 31126 E : nFreeSize: 3503583232
02-10 20:35:15.176 31076 31076 E ArmVmp : Match on catch block at 0xc3 in for 0xa9
02-10 20:35:15.180 31076 31076 E ArmVmp : Match on catch block at 0xc3 in for 0xa1
02-10 20:35:15.188 31076 31076 E ArmVmp : Match on catch block at 0xc3 in for 0xa1
02-10 20:35:15.193 31076 31076 E ArmVmp : Match on catch block at 0xc3 in for 0xa5
02-10 20:35:15.205 31076 31076 E ArmVmp : Match on catch block at 0xc3 in for 0xa5
02-10 20:35:15.208 31076 31076 E ArmVmp : Match on catch block at 0xc3 in for 0xa9
02-10 20:35:15.223 31076 31076 E ArmVmp : Match on catch block at 0xc3 in for 0xa5
02-10 20:35:15.226 31076 31076 E ArmVmp : Match on catch block at 0xc3 in for 0xa9
02-10 20:35:15.238 31076 31076 E ArmVmp : Match on catch block at 0xc3 in for 0xa5
02-10 20:35:15.241 31076 31076 E ArmVmp : Match on catch block at 0xc3 in for 0xa9
02-10 20:35:15.289 31076 31076 E ArmVmp : Match on catch block at 0xc3 in for 0xa1
02-10 20:35:15.292 31076 31076 E ArmVmp : Match on catch block at 0xc3 in for 0xa5
02-10 20:35:15.511 31076 31076 E ArmVmp : Match on catch block at 0xc3 in for 0xa9
02-10 20:35:15.515 31076 31076 E ArmVmp : Match on catch block at 0xc3 in for 0xa1
02-10 20:35:15.541 31076 31076 E ArmVmp : Match on catch block at 0xc3 in for 0xa1
02-10 20:35:15.545 31076 31076 E ArmVmp : Match on catch block at 0xc3 in for 0xa5
02-10 20:35:15.555 31076 31076 E ArmVmp : Match on catch block at 0xc3 in for 0xa5
02-10 20:35:15.560 31076 31076 E ArmVmp : Match on catch block at 0xc3 in for 0xa9
02-10 20:35:15.572 31076 31076 E ArmVmp : Match on catch block at 0xc3 in for 0xa9
02-10 20:35:15.577 31076 31076 E ArmVmp : Match on catch block at 0xc3 in for 0xa1
02-10 20:35:15.589 31076 31076 E ArmVmp : Match on catch block at 0xc3 in for 0xa1
02-10 20:35:15.594 31076 31076 E ArmVmp : Match on catch block at 0xc3 in for 0xa5
02-10 20:35:15.605 31076 31076 E ArmVmp : Match on catch block at 0xc3 in for 0xa5
02-10 20:35:15.609 31076 31076 E ArmVmp : Match on catch block at 0xc3 in for 0xa9
02-10 20:35:15.627 31076 31076 E ArmVmp : Match on catch block at 0xc3 in for 0xa9
02-10 20:35:15.630 31076 31076 E ArmVmp : Match on catch block at 0xc3 in for 0xa1
02-10 20:35:15.642 31076 31076 E ArmVmp : Match on catch block at 0xc3 in for 0xa1
02-10 20:35:15.646 31076 31076 E ArmVmp : Match on catch block at 0xc3 in for 0xa5
02-10 20:35:15.655 31076 31076 E ArmVmp : Match on catch block at 0xc3 in for 0xa5
02-10 20:35:15.659 31076 31076 E ArmVmp : Match on catch block at 0xc3 in for 0xa9
02-10 20:35:15.672 31076 31076 E ArmVmp : Match on catch block at 0xc3 in for 0xa9
02-10 20:35:15.675 31076 31076 E ArmVmp : Match on catch block at 0xc3 in for 0xa1
02-10 20:35:15.688 31076 31076 E ArmVmp : Match on catch block at 0xc3 in for 0xa1
02-10 20:35:15.693 31076 31076 E ArmVmp : Match on catch block at 0xc3 in for 0xa5
02-10 20:35:15.705 31076 31076 E ArmVmp : Match on catch block at 0xc3 in for 0xa5
02-10 20:35:15.709 31076 31076 E ArmVmp : Match on catch block at 0xc3 in for 0xa9
02-10 20:35:15.738 31076 31076 E ArmVmp : Match on catch block at 0xc3 in for 0xa9
02-10 20:35:15.742 31076 31076 E ArmVmp : Match on catch block at 0xc3 in for 0xa1
02-10 20:35:15.837 31076 31076 E ArmVmp : Match on catch block at 0xc3 in for 0xa1
02-10 20:35:15.840 31076 31076 E ArmVmp : Match on catch block at 0xc3 in for 0xa5
02-10 20:35:15.904 31076 31076 E ArmVmp : Match on catch block at 0xc3 in for 0xa5
02-10 20:35:15.907 31076 31076 E ArmVmp : Match on catch block at 0xc3 in for 0xa9
02-10 20:35:15.920 31076 31076 E ArmVmp : Match on catch block at 0xc3 in for 0xa9
02-10 20:35:15.924 31076 31076 E ArmVmp : Match on catch block at 0xc3 in for 0xa1
02-10 20:35:15.937 31076 31076 E ArmVmp : Match on catch block at 0xc3 in for 0xa1
02-10 20:35:15.940 31076 31076 E ArmVmp : Match on catch block at 0xc3 in for 0xa5
02-10 20:35:15.954 31076 31076 E ArmVmp : Match on catch block at 0xc3 in for 0xa5
02-10 20:35:15.959 31076 31076 E ArmVmp : Match on catch block at 0xc3 in for 0xa9
02-10 20:35:15.971 31076 31076 E ArmVmp : Match on catch block at 0xc3 in for 0xa9
02-10 20:35:15.975 31076 31076 E ArmVmp : Match on catch block at 0xc3 in for 0xa1
02-10 20:35:15.987 31076 31076 E ArmVmp : Match on catch block at 0xc3 in for 0xa1
02-10 20:35:15.991 31076 31076 E ArmVmp : Match on catch block at 0xc3 in for 0xa5
02-10 20:35:16.004 31076 31076 E ArmVmp : Match on catch block at 0xc3 in for 0xa5
02-10 20:35:16.007 31076 31076 E ArmVmp : Match on catch block at 0xc3 in for 0xa9
02-10 20:35:16.020 31076 31076 E ArmVmp : Match on catch block at 0xc3 in for 0xa9
02-10 20:35:16.025 31076 31076 E ArmVmp : Match on catch block at 0xc3 in for 0xa1
02-10 20:35:16.038 31076 31076 E ArmVmp : Match on catch block at 0xc3 in for 0xa1
02-10 20:35:16.043 31076 31076 E ArmVmp : Match on catch block at 0xc3 in for 0xa5
02-10 20:35:16.054 31076 31076 E ArmVmp : Match on catch block at 0xc3 in for 0xa5
02-10 20:35:16.057 31076 31076 E ArmVmp : Match on catch block at 0xc3 in for 0xa9
02-10 20:35:16.070 31076 31076 E ArmVmp : Match on catch block at 0xc3 in for 0xa9
02-10 20:35:16.074 31076 31076 E ArmVmp : Match on catch block at 0xc3 in for 0xa1
02-10 20:35:16.087 31076 31076 E ArmVmp : Match on catch block at 0xc3 in for 0xa1
02-10 20:35:16.091 31076 31076 E ArmVmp : Match on catch block at 0xc3 in for 0xa5
02-10 20:35:16.104 31076 31076 E ArmVmp : Match on catch block at 0xc3 in for 0xa5
02-10 20:35:16.107 31076 31076 E ArmVmp : Match on catch block at 0xc3 in for 0xa9
02-10 20:35:16.120 31076 31076 E ArmVmp : Match on catch block at 0xc3 in for 0xa9
02-10 20:35:16.124 31076 31076 E ArmVmp : Match on catch block at 0xc3 in for 0xa1
02-10 20:35:16.137 31076 31076 E ArmVmp : Match on catch block at 0xc3 in for 0xa1
02-10 20:35:16.141 31076 31076 E ArmVmp : Match on catch block at 0xc3 in for 0xa5
02-10 20:35:16.153 31076 31076 E ArmVmp : Match on catch block at 0xc3 in for 0xa5
02-10 20:35:16.157 31076 31076 E ArmVmp : Match on catch block at 0xc3 in for 0xa9
02-10 20:35:16.371 31076 31076 E ArmVmp : Match on catch block at 0xc3 in for 0xa9
02-10 20:35:16.375 31076 31076 E ArmVmp : Match on catch block at 0xc3 in for 0xa1
02-10 20:35:16.770 31076 31076 E ArmVmp : Match on catch block at 0xc3 in for 0xa1
02-10 20:35:16.773 31076 31076 E ArmVmp : Match on catch block at 0xc3 in for 0xa5
02-10 20:35:17.089 31076 31076 E ArmVmp : Match on catch block at 0xc3 in for 0xa5
02-10 20:35:17.096 31076 31076 E ArmVmp : Match on catch block at 0xc3 in for 0xa9
02-10 20:35:17.617 31076 31076 E ArmVmp : Match on catch block at 0xc3 in for 0xa5
02-10 20:35:17.622 31076 31076 E ArmVmp : Match on catch block at 0xc3 in for 0xa9
02-10 20:35:17.659 31076 31392 E : nFreeSize: 3503579136
02-10 20:35:17.755 31076 31076 E ArmVmp : Match on catch block at 0xc3 in for 0xa9
02-10 20:35:17.760 31076 31076 E ArmVmp : Match on catch block at 0xc3 in for 0xa1
02-10 20:35:17.814 31076 31076 E ArmVmp : Match on catch block at 0xc3 in for 0xa5
02-10 20:35:17.820 31076 31076 E ArmVmp : Match on catch block at 0xc3 in for 0xa9
02-10 20:35:17.904 31076 31076 E ArmVmp : Match on catch block at 0xc3 in for 0xa9
02-10 20:35:17.909 31076 31076 E ArmVmp : Match on catch block at 0xc3 in for 0xa1
02-10 20:35:17.918 31076 31076 E ArmVmp : Match on catch block at 0xc3 in for 0xa1
02-10 20:35:17.922 31076 31076 E ArmVmp : Match on catch block at 0xc3 in for 0xa5
02-10 20:35:17.946 31076 31076 E ArmVmp : Match on catch block at 0xc3 in for 0xa9
02-10 20:35:17.948 31076 31076 E ArmVmp : Match on catch block at 0xc3 in for 0xa1
02-10 20:35:17.967 31076 31076 E ArmVmp : Match on catch block at 0xc3 in for 0xa9
02-10 20:35:17.970 31076 31076 E ArmVmp : Match on catch block at 0xc3 in for 0xa1
02-10 20:35:17.991 31076 31076 E ArmVmp : Match on catch block at 0xc3 in for 0xa9
02-10 20:35:17.994 31076 31076 E ArmVmp : Match on catch block at 0xc3 in for 0xa1
02-10 20:35:18.002 31076 31076 E ArmVmp : Match on catch block at 0xc3 in for 0xa1
02-10 20:35:18.005 31076 31076 E ArmVmp : Match on catch block at 0xc3 in for 0xa5
02-10 20:35:18.312 31076 31076 E ArmVmp : Match on catch block at 0xc3 in for 0xa9
02-10 20:35:18.317 31076 31076 E ArmVmp : Match on catch block at 0xc3 in for 0xa1
02-10 20:35:18.373 31076 31392 E : nFreeSize: 3503570944
02-10 20:35:18.806 31076 31076 E ArmVmp : Match on catch block at 0xc3 in for 0xa1
02-10 20:35:18.813 31076 31076 E ArmVmp : Match on catch block at 0xc3 in for 0xa5
02-10 20:35:18.966 31076 31076 E ArmVmp : Match on catch block at 0xc3 in for 0xa9
02-10 20:35:18.970 31076 31076 E ArmVmp : Match on catch block at 0xc3 in for 0xa1
02-10 20:35:18.987 31076 31076 E ArmVmp : Match on catch block at 0xc3 in for 0xa9
02-10 20:35:18.992 31076 31076 E ArmVmp : Match on catch block at 0xc3 in for 0xa1
