02-11 07:05:01.398 27568 27568 W zygote64: Verification of void
X.5pH.A1Z(android.os.Bundle) took 144.175ms
02-11 07:05:01.920 27568 27897 W ContextImpl: Failed to ensure
/dev/null/Android/data/com.mbwhatsapp/cache: -404
02-11 07:05:01.993 27568 27568 E : nFreeSize: 2858262528
02-11 07:05:02.000 27568 27568 E : nFreeSize: 2858262528
02-11 07:05:02.005 27568 27568 E : nFreeSize: 2858262528
02-11 07:05:02.014 27568 27751 E : nFreeSize: 2858262528
02-11 07:05:02.039 27568 27568 E ArmVmp : Match on catch block at 0x0a in for 0xc9
02-11 07:05:02.046 27568 27831 W System : ClassLoader referenced unknown path:
system/framework/mediatek-cta.jar
02-11 07:05:02.047 27568 27568 E ArmVmp : Match on catch block at 0x0a in for 0xc9
02-11 07:05:02.094 27568 27667 E : nFreeSize: 2858262528
02-11 07:05:02.100 27568 27831 W System : ClassLoader referenced unknown path:
system/framework/mediatek-cta.jar
02-11 07:05:02.438 27568 27831 W System : ClassLoader referenced unknown path:
system/framework/mediatek-cta.jar
02-11 07:05:03.061 27568 27568 E ArmVmp : Match on catch block at 0xc3 in for 0xb5
02-11 07:05:03.075 27568 27568 E ArmVmp : Match on catch block at 0xc3 in for 0xb1
02-11 07:05:03.080 27568 27568 E ArmVmp : Match on catch block at 0xc3 in for 0xb1
02-11 07:05:03.649 27568 27686 E : nFreeSize: 2858258432
02-11 07:05:03.652 27568 27686 E : nFreeSize: 2858258432
02-11 07:05:03.886 27568 27568 E ArmVmp : Match on catch block at 0xc3 in for 0xa5
02-11 07:05:03.891 27568 27568 E ArmVmp : Match on catch block at 0xc3 in for 0xa1
02-11 07:05:03.894 27568 27568 E ArmVmp : Match on catch block at 0xc3 in for 0xa1
02-11 07:05:04.093 27568 27568 E ArmVmp : Match on catch block at 0xc3 in for 0xa1
02-11 07:05:04.100 27568 27568 E ArmVmp : Match on catch block at 0xc3 in for 0xa5
02-11 07:05:04.103 27568 27568 E ArmVmp : Match on catch block at 0xc3 in for 0xa5
02-11 07:05:04.110 27568 27751 E : nFreeSize: 2858258432
02-11 07:05:04.214 27568 27568 E ArmVmp : Match on catch block at 0xc3 in for 0xa1
02-11 07:05:04.222 27568 27568 E ArmVmp : Match on catch block at 0xc3 in for 0xa5
02-11 07:05:04.226 27568 27568 E ArmVmp : Match on catch block at 0xc3 in for 0xa5
02-11 07:05:04.335 27568 27568 E ArmVmp : Match on catch block at 0xc3 in for 0xa1
02-11 07:05:04.340 27568 27568 E ArmVmp : Match on catch block at 0xc3 in for 0xa5
02-11 07:05:04.343 27568 27568 E ArmVmp : Match on catch block at 0xc3 in for 0xa5
02-11 07:05:04.370 27568 27568 E ArmVmp : Match on catch block at 0xc3 in for 0xa5
02-11 07:05:04.376 27568 27568 E ArmVmp : Match on catch block at 0xc3 in for 0xa9
02-11 07:05:04.379 27568 27568 E ArmVmp : Match on catch block at 0xc3 in for 0xa9
02-11 07:05:04.533 27568 27568 E ArmVmp : Match on catch block at 0xc3 in for 0xa9
02-11 07:05:04.539 27568 27568 E ArmVmp : Match on catch block at 0xc3 in for 0xa1
02-11 07:05:04.543 27568 27568 E ArmVmp : Match on catch block at 0xc3 in for 0xa1
02-11 07:05:05.032 27568 27568 E ArmVmp : Match on catch block at 0xc3 in for 0xa9
02-11 07:05:05.037 27568 27568 E ArmVmp : Match on catch block at 0xc3 in for 0xa1
02-11 07:05:05.039 27568 27568 E ArmVmp : Match on catch block at 0xc3 in for 0xa1
02-11 07:05:05.533 27568 27568 E ArmVmp : Match on catch block at 0xc3 in for 0xa1
02-11 07:05:05.538 27568 27568 E ArmVmp : Match on catch block at 0xc3 in for 0xa5
02-11 07:05:05.541 27568 27568 E ArmVmp : Match on catch block at 0xc3 in for 0xa5
02-11 07:05:05.679 27568 27686 E : nFreeSize: 2858246144
02-11 07:05:05.681 27568 27686 E : nFreeSize: 2858246144
02-11 07:05:05.816 27568 27568 E ArmVmp : Match on catch block at 0xc3 in for 0xa9
02-11 07:05:05.821 27568 27568 E ArmVmp : Match on catch block at 0xc3 in for 0xa1
02-11 07:05:05.823 27568 27568 E ArmVmp : Match on catch block at 0xc3 in for 0xa1
02-11 07:05:05.831 27568 27568 E ArmVmp : Match on catch block at 0xc3 in for 0xa5
02-11 07:05:05.838 27568 27568 E ArmVmp : Match on catch block at 0xc3 in for 0xa9
02-11 07:05:05.841 27568 27568 E ArmVmp : Match on catch block at 0xc3 in for 0xa9
02-11 07:05:05.849 27568 27568 E ArmVmp : Match on catch block at 0xc3 in for 0xa1
02-11 07:05:05.856 27568 27568 E ArmVmp : Match on catch block at 0xc3 in for 0xa5
02-11 07:05:05.859 27568 27568 E ArmVmp : Match on catch block at 0xc3 in for 0xa5
02-11 07:05:05.869 27568 27568 E ArmVmp : Match on catch block at 0xc3 in for 0xa9
02-11 07:05:05.875 27568 27568 E ArmVmp : Match on catch block at 0xc3 in for 0xa1
02-11 07:05:05.878 27568 27568 E ArmVmp : Match on catch block at 0xc3 in for 0xa1
02-11 07:05:05.888 27568 27568 E ArmVmp : Match on catch block at 0xc3 in for 0xa5
02-11 07:05:05.895 27568 27568 E ArmVmp : Match on catch block at 0xc3 in for 0xa9
02-11 07:05:05.898 27568 27568 E ArmVmp : Match on catch block at 0xc3 in for 0xa9
02-11 07:05:05.907 27568 27568 E ArmVmp : Match on catch block at 0xc3 in for 0xa1
02-11 07:05:05.914 27568 27568 E ArmVmp : Match on catch block at 0xc3 in for 0xa5
02-11 07:05:05.917 27568 27568 E ArmVmp : Match on catch block at 0xc3 in for 0xa5
02-11 07:05:05.931 27568 27568 E ArmVmp : Match on catch block at 0xc3 in for 0xa9
02-11 07:05:05.937 27568 27568 E ArmVmp : Match on catch block at 0xc3 in for 0xa1
02-11 07:05:05.940 27568 27568 E ArmVmp : Match on catch block at 0xc3 in for 0xa1
02-11 07:05:05.948 27568 27568 E ArmVmp : Match on catch block at 0xc3 in for 0xa5
02-11 07:05:05.954 27568 27568 E ArmVmp : Match on catch block at 0xc3 in for 0xa9
02-11 07:05:05.957 27568 27568 E ArmVmp : Match on catch block at 0xc3 in for 0xa9
02-11 07:05:05.964 27568 27568 E ArmVmp : Match on catch block at 0xc3 in for 0xa1
02-11 07:05:05.970 27568 27568 E ArmVmp : Match on catch block at 0xc3 in for 0xa5
02-11 07:05:05.973 27568 27568 E ArmVmp : Match on catch block at 0xc3 in for 0xa5
02-11 07:05:05.981 27568 27568 E ArmVmp : Match on catch block at 0xc3 in for 0xa9
02-11 07:05:05.987 27568 27568 E ArmVmp : Match on catch block at 0xc3 in for 0xa1
02-11 07:05:05.989 27568 27568 E ArmVmp : Match on catch block at 0xc3 in for 0xa1
02-11 07:05:05.998 27568 27568 E ArmVmp : Match on catch block at 0xc3 in for 0xa5
02-11 07:05:06.003 27568 27568 E ArmVmp : Match on catch block at 0xc3 in for 0xa9
02-11 07:05:06.006 27568 27568 E ArmVmp : Match on catch block at 0xc3 in for 0xa9
02-11 07:05:06.014 27568 27568 E ArmVmp : Match on catch block at 0xc3 in for 0xa1
02-11 07:05:06.021 27568 27568 E ArmVmp : Match on catch block at 0xc3 in for 0xa5
02-11 07:05:06.025 27568 27568 E ArmVmp : Match on catch block at 0xc3 in for 0xa5
02-11 07:05:06.032 27568 27568 E ArmVmp : Match on catch block at 0xc3 in for 0xa9
02-11 07:05:06.037 27568 27568 E ArmVmp : Match on catch block at 0xc3 in for 0xa1
02-11 07:05:06.040 27568 27568 E ArmVmp : Match on catch block at 0xc3 in for 0xa1
02-11 07:05:06.049 27568 27568 E ArmVmp : Match on catch block at 0xc3 in for 0xa5
02-11 07:05:06.055 27568 27568 E ArmVmp : Match on catch block at 0xc3 in for 0xa9
02-11 07:05:06.058 27568 27568 E ArmVmp : Match on catch block at 0xc3 in for 0xa9
02-11 07:05:06.067 27568 27568 E ArmVmp : Match on catch block at 0xc3 in for 0xa1
02-11 07:05:06.072 27568 27568 E ArmVmp : Match on catch block at 0xc3 in for 0xa5
02-11 07:05:06.075 27568 27568 E ArmVmp : Match on catch block at 0xc3 in for 0xa5
02-11 07:05:06.548 27568 27568 E ArmVmp : Match on catch block at 0xc3 in for 0xa9
02-11 07:05:06.554 27568 27568 E ArmVmp : Match on catch block at 0xc3 in for 0xa1
02-11 07:05:06.556 27568 27568 E ArmVmp : Match on catch block at 0xc3 in for 0xa1
02-11 07:05:07.049 27568 27568 E ArmVmp : Match on catch block at 0xc3 in for 0xa5
02-11 07:05:07.053 27568 27568 E ArmVmp : Match on catch block at 0xc3 in for 0xa9
02-11 07:05:07.056 27568 27568 E ArmVmp : Match on catch block at 0xc3 in for 0xa9
02-11 07:05:07.117 27568 27568 W StaticLayout: maxLineHeight should not be -1.
maxLines:1 lineCount:1
02-11 07:05:07.120 27568 27568 W StaticLayout: maxLineHeight should not be -1.
maxLines:1 lineCount:1
02-11 07:05:07.125 27568 27568 E ArmVmp : Match on catch block at 0xc3 in for 0xa9
02-11 07:05:07.129 27568 27568 E ArmVmp : Match on catch block at 0xc3 in for 0xa1
02-11 07:05:07.131 27568 27568 E ArmVmp : Match on catch block at 0xc3 in for 0xa1
02-11 07:05:07.142 27568 27568 E ArmVmp : Match on catch block at 0xc3 in for 0xa5
02-11 07:05:07.147 27568 27568 E ArmVmp : Match on catch block at 0xc3 in for 0xa9
02-11 07:05:07.150 27568 27568 E ArmVmp : Match on catch block at 0xc3 in for 0xa9
02-11 07:05:07.547 27568 27568 E ArmVmp : Match on catch block at 0xc3 in for 0xa1
02-11 07:05:07.551 27568 27568 E ArmVmp : Match on catch block at 0xc3 in for 0xa5
02-11 07:05:07.554 27568 27568 E ArmVmp : Match on catch block at 0xc3 in for 0xa5
02-11 07:05:08.047 27568 27568 E ArmVmp : Match on catch block at 0xc3 in for 0xa9
02-11 07:05:08.051 27568 27568 E ArmVmp : Match on catch block at 0xc3 in for 0xa1
02-11 07:05:08.054 27568 27568 E ArmVmp : Match on catch block at 0xc3 in for 0xa1
02-11 07:05:08.190 27568 27568 E ArmVmp : Match on catch block at 0xc3 in for 0xa9
02-11 07:05:08.195 27568 27568 E ArmVmp : Match on catch block at 0xc3 in for 0xa1
02-11 07:05:08.199 27568 27568 E ArmVmp : Match on catch block at 0xc3 in for 0xa1
02-11 07:05:08.259 27568 27568 E ArmVmp : Match on catch block at 0xc3 in for 0xa1
02-11 07:05:08.265 27568 27568 E ArmVmp : Match on catch block at 0xc3 in for 0xa5
02-11 07:05:08.269 27568 27568 E ArmVmp : Match on catch block at 0xc3 in for 0xa5
02-11 07:05:08.282 27568 27568 E ArmVmp : Match on catch block at 0xc3 in for 0xa9
02-11 07:05:08.291 27568 27568 E ArmVmp : Match on catch block at 0xc3 in for 0xa1
02-11 07:05:08.294 27568 27568 E ArmVmp : Match on catch block at 0xc3 in for 0xa1
02-11 07:05:08.311 27568 27568 E ArmVmp : Match on catch block at 0xc3 in for 0xa5
02-11 07:05:08.318 27568 27568 E ArmVmp : Match on catch block at 0xc3 in for 0xa9
02-11 07:05:08.321 27568 27568 E ArmVmp : Match on catch block at 0xc3 in for 0xa9
02-11 07:05:08.333 27568 27568 E ArmVmp : Match on catch block at 0xc3 in for 0xa1
02-11 07:05:08.340 27568 27568 E ArmVmp : Match on catch block at 0xc3 in for 0xa5
02-11 07:05:08.344 27568 27568 E ArmVmp : Match on catch block at 0xc3 in for 0xa5
02-11 07:05:08.354 27568 27568 E ArmVmp : Match on catch block at 0xc3 in for 0xa9
02-11 07:05:08.360 27568 27568 E ArmVmp : Match on catch block at 0xc3 in for 0xa1
02-11 07:05:08.363 27568 27568 E ArmVmp : Match on catch block at 0xc3 in for 0xa1
02-11 07:05:08.374 27568 27568 E ArmVmp : Match on catch block at 0xc3 in for 0xa5
02-11 07:05:08.380 27568 27568 E ArmVmp : Match on catch block at 0xc3 in for 0xa9
02-11 07:05:08.383 27568 27568 E ArmVmp : Match on catch block at 0xc3 in for 0xa9
02-11 07:05:08.394 27568 27568 E ArmVmp : Match on catch block at 0xc3 in for 0xa1
02-11 07:05:08.401 27568 27568 E ArmVmp : Match on catch block at 0xc3 in for 0xa5
02-11 07:05:08.404 27568 27568 E ArmVmp : Match on catch block at 0xc3 in for 0xa5
02-11 07:05:08.414 27568 27568 E ArmVmp : Match on catch block at 0xc3 in for 0xa9
02-11 07:05:08.420 27568 27568 E ArmVmp : Match on catch block at 0xc3 in for 0xa1
02-11 07:05:08.423 27568 27568 E ArmVmp : Match on catch block at 0xc3 in for 0xa1
02-11 07:05:08.435 27568 27568 E ArmVmp : Match on catch block at 0xc3 in for 0xa5
02-11 07:05:08.441 27568 27568 E ArmVmp : Match on catch block at 0xc3 in for 0xa9
02-11 07:05:08.445 27568 27568 E ArmVmp : Match on catch block at 0xc3 in for 0xa9
02-11 07:05:08.456 27568 27568 E ArmVmp : Match on catch block at 0xc3 in for 0xa1
02-11 07:05:08.462 27568 27568 E ArmVmp : Match on catch block at 0xc3 in for 0xa5
02-11 07:05:08.466 27568 27568 E ArmVmp : Match on catch block at 0xc3 in for 0xa5
02-11 07:05:08.478 27568 27568 E ArmVmp : Match on catch block at 0xc3 in for 0xa9
02-11 07:05:08.484 27568 27568 E ArmVmp : Match on catch block at 0xc3 in for 0xa1
02-11 07:05:08.487 27568 27568 E ArmVmp : Match on catch block at 0xc3 in for 0xa1
02-11 07:05:08.501 27568 27568 E ArmVmp : Match on catch block at 0xc3 in for 0xa5
02-11 07:05:08.507 27568 27568 E ArmVmp : Match on catch block at 0xc3 in for 0xa9
02-11 07:05:08.510 27568 27568 E ArmVmp : Match on catch block at 0xc3 in for 0xa9
02-11 07:05:08.518 27568 27568 E ArmVmp : Match on catch block at 0xc3 in for 0xa1
02-11 07:05:08.523 27568 27568 E ArmVmp : Match on catch block at 0xc3 in for 0xa5
02-11 07:05:08.526 27568 27568 E ArmVmp : Match on catch block at 0xc3 in for 0xa5
02-11 07:05:08.537 27568 27568 E ArmVmp : Match on catch block at 0xc3 in for 0xa9
02-11 07:05:08.543 27568 27568 E ArmVmp : Match on catch block at 0xc3 in for 0xa1
02-11 07:05:08.546 27568 27568 E ArmVmp : Match on catch block at 0xc3 in for 0xa1
02-11 07:05:08.557 27568 27568 E ArmVmp : Match on catch block at 0xc3 in for 0xa5
02-11 07:05:08.563 27568 27568 E ArmVmp : Match on catch block at 0xc3 in for 0xa9
02-11 07:05:08.566 27568 27568 E ArmVmp : Match on catch block at 0xc3 in for 0xa9
02-11 07:05:08.576 27568 27568 E ArmVmp : Match on catch block at 0xc3 in for 0xa1
02-11 07:05:08.582 27568 27568 E ArmVmp : Match on catch block at 0xc3 in for 0xa5
02-11 07:05:08.585 27568 27568 E ArmVmp : Match on catch block at 0xc3 in for 0xa5
02-11 07:05:08.591 27568 27568 E ArmVmp : Match on catch block at 0xc3 in for 0xa9
02-11 07:05:08.596 27568 27568 E ArmVmp : Match on catch block at 0xc3 in for 0xa1
02-11 07:05:08.599 27568 27568 E ArmVmp : Match on catch block at 0xc3 in for 0xa1
02-11 07:05:08.605 27568 27568 E ArmVmp : Match on catch block at 0xc3 in for 0xa5
02-11 07:05:08.611 27568 27568 E ArmVmp : Match on catch block at 0xc3 in for 0xa9
02-11 07:05:08.616 27568 27568 E ArmVmp : Match on catch block at 0xc3 in for 0xa9
02-11 07:05:08.623 27568 27568 E ArmVmp : Match on catch block at 0xc3 in for 0xa1
02-11 07:05:08.629 27568 27568 E ArmVmp : Match on catch block at 0xc3 in for 0xa5
02-11 07:05:08.632 27568 27568 E ArmVmp : Match on catch block at 0xc3 in for 0xa5
02-11 07:05:08.639 27568 27568 E ArmVmp : Match on catch block at 0xc3 in for 0xa9
02-11 07:05:08.644 27568 27568 E ArmVmp : Match on catch block at 0xc3 in for 0xa1
02-11 07:05:08.646 27568 27568 E ArmVmp : Match on catch block at 0xc3 in for 0xa1
02-11 07:05:08.665 27568 27568 E ArmVmp : Match on catch block at 0xc3 in for 0xa1
02-11 07:05:08.670 27568 27568 E ArmVmp : Match on catch block at 0xc3 in for 0xa5
02-11 07:05:08.672 27568 27568 E ArmVmp : Match on catch block at 0xc3 in for 0xa5
02-11 07:05:08.679 27568 27568 E ArmVmp : Match on catch block at 0xc3 in for 0xa9
02-11 07:05:08.683 27568 27568 E ArmVmp : Match on catch block at 0xc3 in for 0xa1
02-11 07:05:08.686 27568 27568 E ArmVmp : Match on catch block at 0xc3 in for 0xa1
02-11 07:05:08.696 27568 27568 E ArmVmp : Match on catch block at 0xc3 in for 0xa5
02-11 07:05:08.700 27568 27568 E ArmVmp : Match on catch block at 0xc3 in for 0xa9
02-11 07:05:08.702 27568 27568 E ArmVmp : Match on catch block at 0xc3 in for 0xa9
02-11 07:05:08.712 27568 27568 E ArmVmp : Match on catch block at 0xc3 in for 0xa1
02-11 07:05:08.716 27568 27568 E ArmVmp : Match on catch block at 0xc3 in for 0xa5
02-11 07:05:08.719 27568 27568 E ArmVmp : Match on catch block at 0xc3 in for 0xa5
02-11 07:05:08.729 27568 27568 E ArmVmp : Match on catch block at 0xc3 in for 0xa9
02-11 07:05:08.733 27568 27568 E ArmVmp : Match on catch block at 0xc3 in for 0xa1
02-11 07:05:08.736 27568 27568 E ArmVmp : Match on catch block at 0xc3 in for 0xa1
02-11 07:05:08.746 27568 27568 E ArmVmp : Match on catch block at 0xc3 in for 0xa5
02-11 07:05:08.750 27568 27568 E ArmVmp : Match on catch block at 0xc3 in for 0xa9
02-11 07:05:08.752 27568 27568 E ArmVmp : Match on catch block at 0xc3 in for 0xa9
02-11 07:05:08.762 27568 27568 E ArmVmp : Match on catch block at 0xc3 in for 0xa1
02-11 07:05:08.766 27568 27568 E ArmVmp : Match on catch block at 0xc3 in for 0xa5
02-11 07:05:08.769 27568 27568 E ArmVmp : Match on catch block at 0xc3 in for 0xa5
02-11 07:05:08.779 27568 27568 E ArmVmp : Match on catch block at 0xc3 in for 0xa9
02-11 07:05:08.783 27568 27568 E ArmVmp : Match on catch block at 0xc3 in for 0xa1
02-11 07:05:08.785 27568 27568 E ArmVmp : Match on catch block at 0xc3 in for 0xa1
02-11 07:05:08.795 27568 27568 E ArmVmp : Match on catch block at 0xc3 in for 0xa5
02-11 07:05:08.799 27568 27568 E ArmVmp : Match on catch block at 0xc3 in for 0xa9
02-11 07:05:08.802 27568 27568 E ArmVmp : Match on catch block at 0xc3 in for 0xa9
02-11 07:05:08.812 27568 27568 E ArmVmp : Match on catch block at 0xc3 in for 0xa1
02-11 07:05:08.816 27568 27568 E ArmVmp : Match on catch block at 0xc3 in for 0xa5
02-11 07:05:08.819 27568 27568 E ArmVmp : Match on catch block at 0xc3 in for 0xa5
02-11 07:05:08.829 27568 27568 E ArmVmp : Match on catch block at 0xc3 in for 0xa9
02-11 07:05:08.833 27568 27568 E ArmVmp : Match on catch block at 0xc3 in for 0xa1
02-11 07:05:08.835 27568 27568 E ArmVmp : Match on catch block at 0xc3 in for 0xa1
02-11 07:05:08.846 27568 27568 E ArmVmp : Match on catch block at 0xc3 in for 0xa5
02-11 07:05:08.851 27568 27568 E ArmVmp : Match on catch block at 0xc3 in for 0xa9
02-11 07:05:08.854 27568 27568 E ArmVmp : Match on catch block at 0xc3 in for 0xa9
02-11 07:05:08.862 27568 27568 E ArmVmp : Match on catch block at 0xc3 in for 0xa1
02-11 07:05:08.867 27568 27568 E ArmVmp : Match on catch block at 0xc3 in for 0xa5
02-11 07:05:08.870 27568 27568 E ArmVmp : Match on catch block at 0xc3 in for 0xa5
02-11 07:05:08.881 27568 27568 E ArmVmp : Match on catch block at 0xc3 in for 0xa9
02-11 07:05:08.886 27568 27568 E ArmVmp : Match on catch block at 0xc3 in for 0xa1
02-11 07:05:08.889 27568 27568 E ArmVmp : Match on catch block at 0xc3 in for 0xa1
02-11 07:05:08.900 27568 27568 E ArmVmp : Match on catch block at 0xc3 in for 0xa5
02-11 07:05:08.906 27568 27568 E ArmVmp : Match on catch block at 0xc3 in for 0xa9
02-11 07:05:08.908 27568 27568 E ArmVmp : Match on catch block at 0xc3 in for 0xa9
02-11 07:05:08.920 27568 27568 E ArmVmp : Match on catch block at 0xc3 in for 0xa1
02-11 07:05:08.925 27568 27568 E ArmVmp : Match on catch block at 0xc3 in for 0xa5
02-11 07:05:08.928 27568 27568 E ArmVmp : Match on catch block at 0xc3 in for 0xa5
02-11 07:05:08.938 27568 27568 E ArmVmp : Match on catch block at 0xc3 in for 0xa9
02-11 07:05:08.943 27568 27568 E ArmVmp : Match on catch block at 0xc3 in for 0xa1
02-11 07:05:08.947 27568 27568 E ArmVmp : Match on catch block at 0xc3 in for 0xa1
02-11 07:05:08.958 27568 27568 E ArmVmp : Match on catch block at 0xc3 in for 0xa5
02-11 07:05:08.964 27568 27568 E ArmVmp : Match on catch block at 0xc3 in for 0xa9
02-11 07:05:08.967 27568 27568 E ArmVmp : Match on catch block at 0xc3 in for 0xa9
02-11 07:05:08.977 27568 27568 E ArmVmp : Match on catch block at 0xc3 in for 0xa1
02-11 07:05:08.984 27568 27568 E ArmVmp : Match on catch block at 0xc3 in for 0xa5
02-11 07:05:08.987 27568 27568 E ArmVmp : Match on catch block at 0xc3 in for 0xa5
02-11 07:05:08.997 27568 27568 E ArmVmp : Match on catch block at 0xc3 in for 0xa9
02-11 07:05:09.002 27568 27568 E ArmVmp : Match on catch block at 0xc3 in for 0xa1
02-11 07:05:09.005 27568 27568 E ArmVmp : Match on catch block at 0xc3 in for 0xa1
02-11 07:05:09.016 27568 27568 E ArmVmp : Match on catch block at 0xc3 in for 0xa5
02-11 07:05:09.021 27568 27568 E ArmVmp : Match on catch block at 0xc3 in for 0xa9
02-11 07:05:09.024 27568 27568 E ArmVmp : Match on catch block at 0xc3 in for 0xa9
02-11 07:05:09.034 27568 27568 E ArmVmp : Match on catch block at 0xc3 in for 0xa1
02-11 07:05:09.040 27568 27568 E ArmVmp : Match on catch block at 0xc3 in for 0xa5
02-11 07:05:09.043 27568 27568 E ArmVmp : Match on catch block at 0xc3 in for 0xa5
02-11 07:05:09.053 27568 27568 E ArmVmp : Match on catch block at 0xc3 in for 0xa9
02-11 07:05:09.059 27568 27568 E ArmVmp : Match on catch block at 0xc3 in for 0xa1
02-11 07:05:09.062 27568 27568 E ArmVmp : Match on catch block at 0xc3 in for 0xa1
02-11 07:05:09.073 27568 27568 E ArmVmp : Match on catch block at 0xc3 in for 0xa5
02-11 07:05:09.078 27568 27568 E ArmVmp : Match on catch block at 0xc3 in for 0xa9
02-11 07:05:09.081 27568 27568 E ArmVmp : Match on catch block at 0xc3 in for 0xa9
02-11 07:05:09.095 27568 27568 E ArmVmp : Match on catch block at 0xc3 in for 0xa1
02-11 07:05:09.101 27568 27568 E ArmVmp : Match on catch block at 0xc3 in for 0xa5
02-11 07:05:09.103 27568 27568 E ArmVmp : Match on catch block at 0xc3 in for 0xa5
02-11 07:05:09.389 27568 27568 E ArmVmp : Match on catch block at 0xc3 in for 0xa9
02-11 07:05:09.393 27568 27568 E ArmVmp : Match on catch block at 0xc3 in for 0xa1
02-11 07:05:09.396 27568 27568 E ArmVmp : Match on catch block at 0xc3 in for 0xa1
02-11 07:05:09.413 27568 27568 E ArmVmp : Match on catch block at 0xc3 in for 0xa1
02-11 07:05:09.419 27568 27568 E ArmVmp : Match on catch block at 0xc3 in for 0xa5
02-11 07:05:09.479 27568 27568 E ArmVmp : Match on catch block at 0xc3 in for 0xa1
02-11 07:05:09.485 27568 27568 E ArmVmp : Match on catch block at 0xc3 in for 0xa5
02-11 07:05:09.518 27568 27568 E ArmVmp : Match on catch block at 0xc3 in for 0xa9
02-11 07:05:09.524 27568 27568 E ArmVmp : Match on catch block at 0xc3 in for 0xa1
02-11 07:05:09.533 27568 27568 E ArmVmp : Match on catch block at 0xc3 in for 0xa9
02-11 07:05:09.539 27568 27568 E ArmVmp : Match on catch block at 0xc3 in for 0xa1
02-11 07:05:09.578 27568 27568 E ArmVmp : Match on catch block at 0xc3 in for 0xa1
02-11 07:05:09.585 27568 27568 E ArmVmp : Match on catch block at 0xc3 in for 0xa5
02-11 07:05:09.928 27568 27568 E ArmVmp : Match on catch block at 0xc3 in for 0xa5
02-11 07:05:09.933 27568 27568 E ArmVmp : Match on catch block at 0xc3 in for 0xa9
02-11 07:05:09.944 27568 27568 E ArmVmp : Match on catch block at 0xc3 in for 0xa1
02-11 07:05:09.952 27568 27568 E ArmVmp : Match on catch block at 0xc3 in for 0xa5
02-11 07:05:09.964 27568 27568 E ArmVmp : Match on catch block at 0xc3 in for 0xa1
02-11 07:05:09.972 27568 27568 E ArmVmp : Match on catch block at 0xc3 in for 0xa5
02-11 07:05:09.987 27568 27568 E ArmVmp : Match on catch block at 0xc3 in for 0xa9
02-11 07:05:09.995 27568 27568 E ArmVmp : Match on catch block at 0xc3 in for 0xa1
02-11 07:05:10.011 27568 27568 E ArmVmp : Match on catch block at 0xc3 in for 0xa1
02-11 07:05:10.019 27568 27568 E ArmVmp : Match on catch block at 0xc3 in for 0xa5
02-11 07:05:10.029 27568 27568 E ArmVmp : Match on catch block at 0xc3 in for 0xa5
02-11 07:05:10.038 27568 27568 E ArmVmp : Match on catch block at 0xc3 in for 0xa9
02-11 07:05:10.064 27568 27568 E ArmVmp : Match on catch block at 0xc3 in for 0xa9
02-11 07:05:10.072 27568 27568 E ArmVmp : Match on catch block at 0xc3 in for 0xa1
02-11 07:05:10.083 27568 27568 E ArmVmp : Match on catch block at 0xc3 in for 0xa1
02-11 07:05:10.089 27568 27568 E ArmVmp : Match on catch block at 0xc3 in for 0xa5
02-11 07:05:10.108 27568 27568 E ArmVmp : Match on catch block at 0xc3 in for 0xa1
02-11 07:05:10.115 27568 27568 E ArmVmp : Match on catch block at 0xc3 in for 0xa5
02-11 07:05:10.149 27568 27568 E ArmVmp : Match on catch block at 0xc3 in for 0xa1
02-11 07:05:10.155 27568 27568 E ArmVmp : Match on catch block at 0xc3 in for 0xa5
02-11 07:05:10.204 27568 27897 W System : ClassLoader referenced unknown path:
system/framework/mediatek-cta.jar
02-11 07:05:10.208 27568 27897 W System : ClassLoader referenced unknown path:
system/framework/mediatek-cta.jar
02-11 07:05:10.217 27568 27568 E ArmVmp : Match on catch block at 0xc3 in for 0xa5
02-11 07:05:10.223 27568 27568 E ArmVmp : Match on catch block at 0xc3 in for 0xa9
02-11 07:05:10.235 27568 27568 E ArmVmp : Match on catch block at 0xc3 in for 0xa9
02-11 07:05:10.242 27568 27568 E ArmVmp : Match on catch block at 0xc3 in for 0xa1
02-11 07:05:10.260 27568 27568 E ArmVmp : Match on catch block at 0xc3 in for 0xa1
02-11 07:05:10.266 27568 27568 E ArmVmp : Match on catch block at 0xc3 in for 0xa5
02-11 07:05:10.280 27568 27568 E ArmVmp : Match on catch block at 0xc3 in for 0xa5
02-11 07:05:10.285 27568 27568 E ArmVmp : Match on catch block at 0xc3 in for 0xa9
02-11 07:05:10.317 27568 27568 E ArmVmp : Match on catch block at 0xc3 in for 0xa9
02-11 07:05:10.325 27568 27568 E ArmVmp : Match on catch block at 0xc3 in for 0xa1
02-11 07:05:10.345 27568 27568 E ArmVmp : Match on catch block at 0xc3 in for 0xa1
02-11 07:05:10.351 27568 27568 E ArmVmp : Match on catch block at 0xc3 in for 0xa5
02-11 07:05:10.361 27568 27568 E ArmVmp : Match on catch block at 0xc3 in for 0xa5
02-11 07:05:10.367 27568 27568 E ArmVmp : Match on catch block at 0xc3 in for 0xa9
02-11 07:05:10.378 27568 27568 E ArmVmp : Match on catch block at 0xc3 in for 0xa9
02-11 07:05:10.383 27568 27568 E ArmVmp : Match on catch block at 0xc3 in for 0xa1
02-11 07:05:10.395 27568 27568 E ArmVmp : Match on catch block at 0xc3 in for 0xa1
02-11 07:05:10.400 27568 27568 E ArmVmp : Match on catch block at 0xc3 in for 0xa5
02-11 07:05:10.411 27568 27568 E ArmVmp : Match on catch block at 0xc3 in for 0xa5
02-11 07:05:10.417 27568 27568 E ArmVmp : Match on catch block at 0xc3 in for 0xa9
02-11 07:05:10.427 27568 27568 E ArmVmp : Match on catch block at 0xc3 in for 0xa9
02-11 07:05:10.432 27568 27568 E ArmVmp : Match on catch block at 0xc3 in for 0xa1
02-11 07:05:10.444 27568 27568 E ArmVmp : Match on catch block at 0xc3 in for 0xa1
02-11 07:05:10.446 27568 27897 E : nFreeSize: 2858237952
02-11 07:05:10.451 27568 27568 E ArmVmp : Match on catch block at 0xc3 in for 0xa5
02-11 07:05:10.454 27568 27897 E : nFreeSize: 2858229760
02-11 07:05:10.461 27568 27568 E ArmVmp : Match on catch block at 0xc3 in for 0xa5
02-11 07:05:10.466 27568 27568 E ArmVmp : Match on catch block at 0xc3 in for 0xa9
02-11 07:05:10.478 27568 27568 E ArmVmp : Match on catch block at 0xc3 in for 0xa1
02-11 07:05:10.485 27568 27568 E ArmVmp : Match on catch block at 0xc3 in for 0xa5
02-11 07:05:10.503 27568 27568 E ArmVmp : Match on catch block at 0xc3 in for 0xa5
02-11 07:05:10.509 27568 27568 E ArmVmp : Match on catch block at 0xc3 in for 0xa9
02-11 07:05:10.527 27568 27568 E ArmVmp : Match on catch block at 0xc3 in for 0xa9
02-11 07:05:10.532 27568 27568 E ArmVmp : Match on catch block at 0xc3 in for 0xa1
02-11 07:05:10.544 27568 27568 E ArmVmp : Match on catch block at 0xc3 in for 0xa1
02-11 07:05:10.549 27568 27568 E ArmVmp : Match on catch block at 0xc3 in for 0xa5
02-11 07:05:10.562 27568 27568 E ArmVmp : Match on catch block at 0xc3 in for 0xa5
02-11 07:05:10.569 27568 27568 E ArmVmp : Match on catch block at 0xc3 in for 0xa9
02-11 07:05:10.594 27568 27568 E ArmVmp : Match on catch block at 0xc3 in for 0xa9
02-11 07:05:10.599 27568 27568 E ArmVmp : Match on catch block at 0xc3 in for 0xa1
02-11 07:05:10.694 27568 27568 E ArmVmp : Match on catch block at 0xc3 in for 0xa1
02-11 07:05:10.698 27568 27568 E ArmVmp : Match on catch block at 0xc3 in for 0xa5
02-11 07:05:10.788 27568 27568 E ArmVmp : Match on catch block at 0xc3 in for 0xa1
02-11 07:05:10.792 27568 27568 E ArmVmp : Match on catch block at 0xc3 in for 0xa5
02-11 07:05:10.802 27568 27568 E ArmVmp : Match on catch block at 0xc3 in for 0xa5
02-11 07:05:10.809 27568 27568 E ArmVmp : Match on catch block at 0xc3 in for 0xa9
02-11 07:05:10.828 27568 27568 E ArmVmp : Match on catch block at 0xc3 in for 0xa9
02-11 07:05:10.837 27568 27568 E ArmVmp : Match on catch block at 0xc3 in for 0xa1
02-11 07:05:10.862 27568 27568 E ArmVmp : Match on catch block at 0xc3 in for 0xa1
02-11 07:05:10.871 27568 27568 E ArmVmp : Match on catch block at 0xc3 in for 0xa5
02-11 07:05:10.967 27568 27568 E ArmVmp : Match on catch block at 0xc3 in for 0xa5
02-11 07:05:10.974 27568 27568 E ArmVmp : Match on catch block at 0xc3 in for 0xa9
02-11 07:05:11.000 27568 27568 E ArmVmp : Match on catch block at 0xc3 in for 0xa1
02-11 07:05:11.009 27568 27568 E ArmVmp : Match on catch block at 0xc3 in for 0xa5
02-11 07:05:11.054 27568 27568 E ArmVmp : Match on catch block at 0xc3 in for 0xa1
02-11 07:05:11.061 27568 27568 E ArmVmp : Match on catch block at 0xc3 in for 0xa5
02-11 07:05:11.083 27568 27568 E ArmVmp : Match on catch block at 0xc3 in for 0xa5
02-11 07:05:11.091 27568 27568 E ArmVmp : Match on catch block at 0xc3 in for 0xa9
02-11 07:05:11.103 27568 27568 E ArmVmp : Match on catch block at 0xc3 in for 0xa9
02-11 07:05:11.111 27568 27568 E ArmVmp : Match on catch block at 0xc3 in for 0xa1
02-11 07:05:11.128 27568 27568 E ArmVmp : Match on catch block at 0xc3 in for 0xa9
02-11 07:05:11.138 27568 27568 E ArmVmp : Match on catch block at 0xc3 in for 0xa1
02-11 07:05:11.165 27568 27568 E ArmVmp : Match on catch block at 0xc3 in for 0xa1
02-11 07:05:11.172 27568 27568 E ArmVmp : Match on catch block at 0xc3 in for 0xa5
02-11 07:05:11.203 27568 27568 E ArmVmp : Match on catch block at 0xc3 in for 0xa5
02-11 07:05:11.214 27568 27568 E ArmVmp : Match on catch block at 0xc3 in for 0xa9
02-11 07:05:11.232 27568 27568 E ArmVmp : Match on catch block at 0xc3 in for 0xa9
02-11 07:05:11.240 27568 27568 E ArmVmp : Match on catch block at 0xc3 in for 0xa1
02-11 07:05:11.260 27568 27568 E ArmVmp : Match on catch block at 0xc3 in for 0xa1
02-11 07:05:11.268 27568 27568 E ArmVmp : Match on catch block at 0xc3 in for 0xa5
02-11 07:05:11.308 27568 27568 E ArmVmp : Match on catch block at 0xc3 in for 0xa9
02-11 07:05:11.317 27568 27568 E ArmVmp : Match on catch block at 0xc3 in for 0xa1
02-11 07:05:11.338 27568 27568 E ArmVmp : Match on catch block at 0xc3 in for 0xa1
02-11 07:05:11.345 27568 27568 E ArmVmp : Match on catch block at 0xc3 in for 0xa5
02-11 07:05:11.377 27568 27568 E ArmVmp : Match on catch block at 0xc3 in for 0xa9
02-11 07:05:11.383 27568 27568 E ArmVmp : Match on catch block at 0xc3 in for 0xa1
02-11 07:05:11.397 27568 27568 E ArmVmp : Match on catch block at 0xc3 in for 0xa1
02-11 07:05:11.397 27568 27667 E : nFreeSize: 2856443904
02-11 07:05:11.403 27568 27568 E ArmVmp : Match on catch block at 0xc3 in for 0xa5
02-11 07:05:11.460 27568 27568 E ArmVmp : Match on catch block at 0xc3 in for 0xa5
02-11 07:05:11.466 27568 27568 E ArmVmp : Match on catch block at 0xc3 in for 0xa9
02-11 07:05:11.477 27568 27568 E ArmVmp : Match on catch block at 0xc3 in for 0xa9
02-11 07:05:11.483 27568 27568 E ArmVmp : Match on catch block at 0xc3 in for 0xa1
02-11 07:05:11.487 27568 28006 E : nFreeSize: 2857299968
02-11 07:05:11.493 27568 27568 E ArmVmp : Match on catch block at 0xc3 in for 0xa1
02-11 07:05:11.499 27568 27568 E ArmVmp : Match on catch block at 0xc3 in for 0xa5
02-11 07:05:11.509 27568 27568 E ArmVmp : Match on catch block at 0xc3 in for 0xa5
02-11 07:05:11.516 27568 27568 E ArmVmp : Match on catch block at 0xc3 in for 0xa9
02-11 07:05:11.549 27568 27568 E ArmVmp : Match on catch block at 0xc3 in for 0xa9
02-11 07:05:11.558 27568 27568 E ArmVmp : Match on catch block at 0xc3 in for 0xa1
02-11 07:05:11.577 27568 27568 E ArmVmp : Match on catch block at 0xc3 in for 0xa1
02-11 07:05:11.586 27568 27568 E ArmVmp : Match on catch block at 0xc3 in for 0xa5
02-11 07:05:11.605 27568 27568 E ArmVmp : Match on catch block at 0xc3 in for 0xa5
02-11 07:05:11.615 27568 27568 E ArmVmp : Match on catch block at 0xc3 in for 0xa9
02-11 07:05:11.632 27568 27568 E ArmVmp : Match on catch block at 0xc3 in for 0xa9
02-11 07:05:11.640 27568 27568 E ArmVmp : Match on catch block at 0xc3 in for 0xa1
02-11 07:05:11.664 27568 27568 E ArmVmp : Match on catch block at 0xc3 in for 0xa5
02-11 07:05:11.672 27568 27568 E ArmVmp : Match on catch block at 0xc3 in for 0xa9
02-11 07:05:11.684 27568 27568 E ArmVmp : Match on catch block at 0xc3 in for 0xa9
02-11 07:05:11.693 27568 27568 E ArmVmp : Match on catch block at 0xc3 in for 0xa1
02-11 07:05:11.711 27568 27568 E ArmVmp : Match on catch block at 0xc3 in for 0xa1
02-11 07:05:11.718 27568 27568 E ArmVmp : Match on catch block at 0xc3 in for 0xa5
02-11 07:05:11.736 27568 27568 E ArmVmp : Match on catch block at 0xc3 in for 0xa1
02-11 07:05:11.743 27568 27568 E ArmVmp : Match on catch block at 0xc3 in for 0xa5
02-11 07:05:11.759 27568 27568 E ArmVmp : Match on catch block at 0xc3 in for 0xa5
02-11 07:05:11.763 27568 27675 E SQLiteDatabase: Error inserting media_duration=9
file_path=/data/user/0/com.mbwhatsapp/files/ViewOnce/VID-lsgopiqe.mp4 transferred=1
thumbnail_height_width_ratio=2.0 face_y=0 face_x=0 trim_from=0 media_caption=null
transcoded=0 message_url=https://mmg.whatsapp.net/v/t62.7161-
24/13726193_897947092337571_1063800429204041657_n.enc?ccb=11-
4&oh=01_AdSy2Jn4bDcbVlp9Jq8QXF1sOyzFBPvheNPYuveFEkET9Q&oe=65EF826A&_nc_sid=5e03e0&m
ms3=true first_scan_sidecar=null direct_path=/v/t62.7161-
24/13726193_897947092337571_1063800429204041657_n.enc?ccb=11-
4&oh=01_AdSy2Jn4bDcbVlp9Jq8QXF1sOyzFBPvheNPYuveFEkET9Q&oe=65EF826A&_nc_sid=5e03e0
original_file_hash=null is_animated_sticker=0 media_name=null
has_streaming_sidecar=0 partial_media_enc_hash=null media_key=[B@6c11f56
multicast_id=null page_count=0 height=864 partial_media_hash=null gif_attribution=0
mute_video=0 autotransfer_retry_enabled=1 first_scan_length=0 trim_to=0
media_key_timestamp=1707603689000 file_size=898086 chat_row_id=33
media_job_uuid=0a8f2bbb-fcf5-44f1-8ad0-8b5a0cc3c671 message_row_id=3765
enc_file_hash=yGyjb/8qchZaacGsHNMptiJVXVGu4jU9RmfNoCQjedg=
file_hash=hC72HSVGF5KI2fBdaVFPVSAFOTlnYgI6E79hIEqrU+w= mime_type=video/mp4
media_upload_handle=null suspicious_content=0 width=432 file_length=898086
02-11 07:05:11.763 27568 27675 E SQLiteDatabase:
android.database.sqlite.SQLiteConstraintException: UNIQUE constraint failed:
message_media.message_row_id (code 1555)
02-11 07:05:11.763 27568 27675 E SQLiteDatabase: at
android.database.sqlite.SQLiteConnection.nativeExecuteForLastInsertedRowId(Native
Method)
02-11 07:05:11.763 27568 27675 E SQLiteDatabase: at
android.database.sqlite.SQLiteConnection.executeForLastInsertedRowId(SQLiteConnecti
on.java:806)
02-11 07:05:11.763 27568 27675 E SQLiteDatabase: at
android.database.sqlite.SQLiteSession.executeForLastInsertedRowId(SQLiteSession.jav
a:788)
02-11 07:05:11.763 27568 27675 E SQLiteDatabase: at
android.database.sqlite.SQLiteStatement.executeInsert(SQLiteStatement.java:86)
02-11 07:05:11.763 27568 27675 E SQLiteDatabase: at
android.database.sqlite.SQLiteDatabase.insertWithOnConflict(SQLiteDatabase.java:154
8)
02-11 07:05:11.763 27568 27675 E SQLiteDatabase: at
android.database.sqlite.SQLiteDatabase.insert(SQLiteDatabase.java:1417)
02-11 07:05:11.763 27568 27675 E SQLiteDatabase: at X.2tm.A08(Unknown
Source:6)
02-11 07:05:11.763 27568 27675 E SQLiteDatabase: at X.35Y.A07(Unknown
Source:212)
02-11 07:05:11.763 27568 27675 E SQLiteDatabase: at X.3QF.A14(Unknown
Source:470)
02-11 07:05:11.763 27568 27675 E SQLiteDatabase: at X.3gU.run(Unknown
Source:982)
02-11 07:05:11.763 27568 27675 E SQLiteDatabase: at
android.os.Handler.handleCallback(Handler.java:790)
02-11 07:05:11.763 27568 27675 E SQLiteDatabase: at
android.os.Handler.dispatchMessage(Handler.java:99)
02-11 07:05:11.763 27568 27675 E SQLiteDatabase: at
X.0zq.dispatchMessage(Unknown Source:4)
02-11 07:05:11.763 27568 27675 E SQLiteDatabase: at
android.os.Looper.loop(Looper.java:192)
02-11 07:05:11.763 27568 27675 E SQLiteDatabase: at
android.os.HandlerThread.run(HandlerThread.java:65)
02-11 07:05:11.766 27568 27568 E ArmVmp : Match on catch block at 0xc3 in for 0xa9
02-11 07:05:11.809 27568 27568 E ArmVmp : Match on catch block at 0xc3 in for 0xa5
02-11 07:05:11.814 27568 27568 E ArmVmp : Match on catch block at 0xc3 in for 0xa9
02-11 07:05:11.824 27568 27568 E ArmVmp : Match on catch block at 0xc3 in for 0xa9
02-11 07:05:11.830 27568 27568 E ArmVmp : Match on catch block at 0xc3 in for 0xa1
02-11 07:05:11.842 27568 27667 E : nFreeSize: 2857299968
02-11 07:05:11.847 27568 27751 E : nFreeSize: 2857287680
02-11 07:05:12.311 27568 27667 E : nFreeSize: 2857291776
02-11 07:05:12.372 27568 27568 E ArmVmp : Match on catch block at 0xc3 in for 0xa5
02-11 07:05:12.377 27568 27568 E ArmVmp : Match on catch block at 0xc3 in for 0xa9
02-11 07:05:12.412 27568 27568 W GuiExt : Cannot find GuiExtService
02-11 07:05:12.490 27568 27686 E : nFreeSize: 2857291776
02-11 07:05:12.493 27568 27686 E : nFreeSize: 2857291776
02-11 07:05:12.612 27568 27675 E SQLiteDatabase: Error inserting media_duration=9
file_path=/data/user/0/com.mbwhatsapp/files/ViewOnce/VID-lsgopiqe.mp4 transferred=1
thumbnail_height_width_ratio=2.0 face_y=0 face_x=0 trim_from=0 media_caption=null
transcoded=0 message_url=https://mmg.whatsapp.net/v/t62.7161-
24/13726193_897947092337571_1063800429204041657_n.enc?ccb=11-
4&oh=01_AdSy2Jn4bDcbVlp9Jq8QXF1sOyzFBPvheNPYuveFEkET9Q&oe=65EF826A&_nc_sid=5e03e0&m
ms3=true first_scan_sidecar=null direct_path=/v/t62.7161-
24/13726193_897947092337571_1063800429204041657_n.enc?ccb=11-
4&oh=01_AdSy2Jn4bDcbVlp9Jq8QXF1sOyzFBPvheNPYuveFEkET9Q&oe=65EF826A&_nc_sid=5e03e0
original_file_hash=null is_animated_sticker=0 media_name=null
has_streaming_sidecar=0 partial_media_enc_hash=null media_key=[B@6c11f56
multicast_id=null page_count=0 height=864 partial_media_hash=null gif_attribution=0
mute_video=0 autotransfer_retry_enabled=1 first_scan_length=0 trim_to=0
media_key_timestamp=1707603689000 file_size=898086 chat_row_id=33
media_job_uuid=0a8f2bbb-fcf5-44f1-8ad0-8b5a0cc3c671 message_row_id=3765
enc_file_hash=yGyjb/8qchZaacGsHNMptiJVXVGu4jU9RmfNoCQjedg=
file_hash=hC72HSVGF5KI2fBdaVFPVSAFOTlnYgI6E79hIEqrU+w= mime_type=video/mp4
media_upload_handle=null suspicious_content=0 width=432 file_length=898086
02-11 07:05:12.612 27568 27675 E SQLiteDatabase:
android.database.sqlite.SQLiteConstraintException: UNIQUE constraint failed:
message_media.message_row_id (code 1555)
02-11 07:05:12.612 27568 27675 E SQLiteDatabase: at
android.database.sqlite.SQLiteConnection.nativeExecuteForLastInsertedRowId(Native
Method)
02-11 07:05:12.612 27568 27675 E SQLiteDatabase: at
android.database.sqlite.SQLiteConnection.executeForLastInsertedRowId(SQLiteConnecti
on.java:806)
02-11 07:05:12.612 27568 27675 E SQLiteDatabase: at
android.database.sqlite.SQLiteSession.executeForLastInsertedRowId(SQLiteSession.jav
a:788)
02-11 07:05:12.612 27568 27675 E SQLiteDatabase: at
android.database.sqlite.SQLiteStatement.executeInsert(SQLiteStatement.java:86)
02-11 07:05:12.612 27568 27675 E SQLiteDatabase: at
android.database.sqlite.SQLiteDatabase.insertWithOnConflict(SQLiteDatabase.java:154
8)
02-11 07:05:12.612 27568 27675 E SQLiteDatabase: at
android.database.sqlite.SQLiteDatabase.insert(SQLiteDatabase.java:1417)
02-11 07:05:12.612 27568 27675 E SQLiteDatabase: at X.2tm.A08(Unknown
Source:6)
02-11 07:05:12.612 27568 27675 E SQLiteDatabase: at X.35Y.A07(Unknown
Source:212)
02-11 07:05:12.612 27568 27675 E SQLiteDatabase: at X.3QF.A14(Unknown
Source:470)
02-11 07:05:12.612 27568 27675 E SQLiteDatabase: at X.31e.A03(Unknown
Source:174)
02-11 07:05:12.612 27568 27675 E SQLiteDatabase: at X.3g7.run(Unknown
Source:1017)
02-11 07:05:12.612 27568 27675 E SQLiteDatabase: at
android.os.Handler.handleCallback(Handler.java:790)
02-11 07:05:12.612 27568 27675 E SQLiteDatabase: at
android.os.Handler.dispatchMessage(Handler.java:99)
02-11 07:05:12.612 27568 27675 E SQLiteDatabase: at
X.0zq.dispatchMessage(Unknown Source:4)
02-11 07:05:12.612 27568 27675 E SQLiteDatabase: at
android.os.Looper.loop(Looper.java:192)
02-11 07:05:12.612 27568 27675 E SQLiteDatabase: at
android.os.HandlerThread.run(HandlerThread.java:65)
02-11 07:05:12.654 27568 27568 E ArmVmp : Match on catch block at 0xc3 in for 0xa9
02-11 07:05:12.660 27568 27568 E ArmVmp : Match on catch block at 0xc3 in for 0xa1
02-11 07:05:12.709 27568 27667 E : nFreeSize: 2857287680
02-11 07:05:12.725 27568 27568 E ArmVmp : Match on catch block at 0xc3 in for 0xa1
02-11 07:05:12.730 27568 27568 E ArmVmp : Match on catch block at 0xc3 in for 0xa5
02-11 07:05:12.873 27568 27568 E ArmVmp : Match on catch block at 0xc3 in for 0xa5
02-11 07:05:12.879 27568 27568 E ArmVmp : Match on catch block at 0xc3 in for 0xa9
02-11 07:05:12.896 27568 27568 W AudioManager: Use of stream types is deprecated
for operations other than volume control
02-11 07:05:12.897 27568 27568 W AudioManager: See the documentation of
requestAudioFocus() for what to use instead with android.media.AudioAttributes to
qualify your playback use case
02-11 07:05:12.964 27568 28033 W AudioCapabilities: Unsupported mime audio/x-adpcm-
ms
02-11 07:05:12.965 27568 28033 W AudioCapabilities: Unsupported mime audio/adpcm
02-11 07:05:12.966 27568 28033 W AudioCapabilities: Unsupported mime audio/x-ms-
adpcm
02-11 07:05:12.967 27568 28033 W AudioCapabilities: Unsupported mime audio/x-adpcm-
dvi-ima
02-11 07:05:12.968 27568 28033 W AudioCapabilities: Unsupported mime audio/alac
02-11 07:05:12.969 27568 28033 W AudioCapabilities: Unsupported mime audio/alac
02-11 07:05:12.971 27568 28033 W AudioCapabilities: Unsupported mime audio/ape
02-11 07:05:12.972 27568 28033 W AudioCapabilities: Unsupported mime audio/ape
02-11 07:05:12.973 27568 28033 W AudioCapabilities: Unsupported mime audio/dsd
02-11 07:05:12.984 27568 28033 W AudioCapabilities: Unsupported mime audio/mpeg-L1
02-11 07:05:12.985 27568 28033 W AudioCapabilities: Unsupported mime audio/mpeg-L2
02-11 07:05:12.989 27568 28033 W AudioCapabilities: Unsupported mime audio/pcm
02-11 07:05:12.989 27568 28033 W AudioCapabilities: Unsupported mime audio/ra
02-11 07:05:12.995 27568 28033 W AudioCapabilities: Unsupported mime audio/x-ms-wma
02-11 07:05:13.010 27568 28033 W VideoCapabilities: Unsupported mime video/divx
02-11 07:05:13.012 27568 28033 W VideoCapabilities: Unsupported mime video/divx3
02-11 07:05:13.015 27568 28033 W VideoCapabilities: Unsupported mime video/divx3
02-11 07:05:13.018 27568 28033 W VideoCapabilities: Unsupported mime video/flv1
02-11 07:05:13.020 27568 28033 W VideoCapabilities: Unsupported mime video/x-flv
02-11 07:05:13.021 27568 27680 E SQLiteDatabase: Error inserting media_duration=9
file_path=/data/user/0/com.mbwhatsapp/files/ViewOnce/VID-lsgopiqe.mp4 transferred=1
thumbnail_height_width_ratio=2.0 face_y=0 face_x=0 trim_from=0 media_caption=null
transcoded=0 message_url=https://mmg.whatsapp.net/v/t62.7161-
24/13726193_897947092337571_1063800429204041657_n.enc?ccb=11-
4&oh=01_AdSy2Jn4bDcbVlp9Jq8QXF1sOyzFBPvheNPYuveFEkET9Q&oe=65EF826A&_nc_sid=5e03e0&m
ms3=true first_scan_sidecar=null direct_path=/v/t62.7161-
24/13726193_897947092337571_1063800429204041657_n.enc?ccb=11-
4&oh=01_AdSy2Jn4bDcbVlp9Jq8QXF1sOyzFBPvheNPYuveFEkET9Q&oe=65EF826A&_nc_sid=5e03e0
original_file_hash=null is_animated_sticker=0 media_name=null
has_streaming_sidecar=0 partial_media_enc_hash=null media_key=[B@6c11f56
multicast_id=null page_count=0 height=864 partial_media_hash=null gif_attribution=0
mute_video=0 autotransfer_retry_enabled=1 first_scan_length=0 trim_to=0
media_key_timestamp=1707603689000 file_size=898086 chat_row_id=33
media_job_uuid=0a8f2bbb-fcf5-44f1-8ad0-8b5a0cc3c671 message_row_id=3765
enc_file_hash=yGyjb/8qchZaacGsHNMptiJVXVGu4jU9RmfNoCQjedg=
file_hash=hC72HSVGF5KI2fBdaVFPVSAFOTlnYgI6E79hIEqrU+w= mime_type=video/mp4
media_upload_handle=null suspicious_content=0 width=432 file_length=898086
02-11 07:05:13.021 27568 27680 E SQLiteDatabase:
android.database.sqlite.SQLiteConstraintException: UNIQUE constraint failed:
message_media.message_row_id (code 1555)
02-11 07:05:13.021 27568 27680 E SQLiteDatabase: at
android.database.sqlite.SQLiteConnection.nativeExecuteForLastInsertedRowId(Native
Method)
02-11 07:05:13.021 27568 27680 E SQLiteDatabase: at
android.database.sqlite.SQLiteConnection.executeForLastInsertedRowId(SQLiteConnecti
on.java:806)
02-11 07:05:13.021 27568 27680 E SQLiteDatabase: at
android.database.sqlite.SQLiteSession.executeForLastInsertedRowId(SQLiteSession.jav
a:788)
02-11 07:05:13.021 27568 27680 E SQLiteDatabase: at
android.database.sqlite.SQLiteStatement.executeInsert(SQLiteStatement.java:86)
02-11 07:05:13.021 27568 27680 E SQLiteDatabase: at
android.database.sqlite.SQLiteDatabase.insertWithOnConflict(SQLiteDatabase.java:154
8)
02-11 07:05:13.021 27568 27680 E SQLiteDatabase: at
android.database.sqlite.SQLiteDatabase.insert(SQLiteDatabase.java:1417)
02-11 07:05:13.021 27568 27680 E SQLiteDatabase: at X.2tm.A08(Unknown
Source:6)
02-11 07:05:13.021 27568 27680 E SQLiteDatabase: at X.35Y.A07(Unknown
Source:212)
02-11 07:05:13.021 27568 27680 E SQLiteDatabase: at X.3QF.A14(Unknown
Source:470)
02-11 07:05:13.021 27568 27680 E SQLiteDatabase: at X.31e.A03(Unknown
Source:174)
02-11 07:05:13.021 27568 27680 E SQLiteDatabase: at X.3Uz.A07(Unknown
Source:381)
02-11 07:05:13.021 27568 27680 E SQLiteDatabase: at X.3Uz.A02(Unknown
Source:692)
02-11 07:05:13.021 27568 27680 E SQLiteDatabase: at X.3eS.run(Unknown
Source:4041)
02-11 07:05:13.021 27568 27680 E SQLiteDatabase: at
android.os.Handler.handleCallback(Handler.java:790)
02-11 07:05:13.021 27568 27680 E SQLiteDatabase: at
android.os.Handler.dispatchMessage(Handler.java:99)
02-11 07:05:13.021 27568 27680 E SQLiteDatabase: at
X.0zr.dispatchMessage(Unknown Source:4)
02-11 07:05:13.021 27568 27680 E SQLiteDatabase: at
android.os.Looper.loop(Looper.java:192)
02-11 07:05:13.021 27568 27680 E SQLiteDatabase: at
android.os.HandlerThread.run(HandlerThread.java:65)
02-11 07:05:13.033 27568 28033 W VideoCapabilities: Unsupported mime video/mjpeg
02-11 07:05:13.035 27568 28033 W VideoCapabilities: Unsupported mime video/x-
motion-jpeg
02-11 07:05:13.043 27568 28033 W VideoCapabilities: Unrecognized profile/level 1/32
for video/mp4v-es
02-11 07:05:13.043 27568 28033 W VideoCapabilities: Unrecognized profile/level
32768/2 for video/mp4v-es
02-11 07:05:13.043 27568 28033 W VideoCapabilities: Unrecognized profile/level
32768/64 for video/mp4v-es
02-11 07:05:13.048 27568 28033 W VideoCapabilities: Unsupported mime video/rv
02-11 07:05:13.058 27568 27568 E ArmVmp : Match on catch block at 0xc3 in for 0xa1
02-11 07:05:13.062 27568 28033 W VideoCapabilities: Unsupported mime video/x-ms-wmv
02-11 07:05:13.063 27568 27568 E ArmVmp : Match on catch block at 0xc3 in for 0xa5
02-11 07:05:13.065 27568 28033 W VideoCapabilities: Unsupported mime video/x-ms-wmv
02-11 07:05:13.067 27568 28033 W VideoCapabilities: Unsupported mime video/x-ms-
wmv2
02-11 07:05:13.069 27568 28033 W VideoCapabilities: Unsupported mime video/xvid
02-11 07:05:13.087 27568 28033 W VideoCapabilities: Unrecognized profile/level 1/32
for video/mp4v-es
02-11 07:05:13.093 27568 27568 E ArmVmp : Match on catch block at 0xc3 in for 0xa5
02-11 07:05:13.099 27568 27568 E ArmVmp : Match on catch block at 0xc3 in for 0xa9
02-11 07:05:13.296 27568 28039 W ACodec : [OMX.MTK.VIDEO.DECODER.AVC] setting
nBufferCountActual to 8 failed: -22
02-11 07:05:13.297 27568 28039 W ACodec : [OMX.MTK.VIDEO.DECODER.AVC] setting
nBufferCountActual to 7 failed: -22
02-11 07:05:13.303 27568 28039 W GrallocMapperPassthrough: buffer descriptor with
invalid usage bits 0x2000
02-11 07:05:13.308 27568 28039 W GrallocMapperPassthrough: buffer descriptor with
invalid usage bits 0x2000
02-11 07:05:13.315 27568 28039 W GrallocMapperPassthrough: buffer descriptor with
invalid usage bits 0x2000
02-11 07:05:13.330 27568 28039 W ACodec : [OMX.MTK.VIDEO.DECODER.AVC] setting
nBufferCountActual to 13 failed: -22
02-11 07:05:13.330 27568 28039 W ACodec : [OMX.MTK.VIDEO.DECODER.AVC] setting
nBufferCountActual to 12 failed: -22
02-11 07:05:13.336 27568 28039 W GrallocMapperPassthrough: buffer descriptor with
invalid usage bits 0x2000
02-11 07:05:13.338 27568 28039 W GrallocMapperPassthrough: buffer descriptor with
invalid usage bits 0x2000
02-11 07:05:13.342 27568 28039 W GrallocMapperPassthrough: buffer descriptor with
invalid usage bits 0x2000
02-11 07:05:13.347 27568 28039 W GrallocMapperPassthrough: buffer descriptor with
invalid usage bits 0x2000
02-11 07:05:13.349 27568 28039 W GrallocMapperPassthrough: buffer descriptor with
invalid usage bits 0x2000
02-11 07:05:13.369 27568 28039 W GrallocMapperPassthrough: buffer descriptor with
invalid usage bits 0x2000
02-11 07:05:13.475 27568 28039 W GrallocMapperPassthrough: buffer descriptor with
invalid usage bits 0x2000
02-11 07:05:14.284 27568 27568 W StaticLayout: maxLineHeight should not be -1.
maxLines:1 lineCount:1
02-11 07:05:14.297 27568 27568 W StaticLayout: maxLineHeight should not be -1.
maxLines:1 lineCount:1
02-11 07:05:14.330 27568 27568 E ArmVmp : Match on catch block at 0xc3 in for 0xa5
02-11 07:05:14.337 27568 27568 E ArmVmp : Match on catch block at 0xc3 in for 0xa9
02-11 07:05:14.404 27568 27568 E ArmVmp : Match on catch block at 0xc3 in for 0xa5
02-11 07:05:14.412 27568 27568 E ArmVmp : Match on catch block at 0xc3 in for 0xa9
02-11 07:05:15.086 27568 27686 E : nFreeSize: 2857283584
02-11 07:05:15.089 27568 27686 E : nFreeSize: 2857283584
02-11 07:05:15.890 27568 27568 E ArmVmp : Match on catch block at 0xc3 in for 0xa5
02-11 07:05:15.896 27568 27568 E ArmVmp : Match on catch block at 0xc3 in for 0xa9
02-11 07:05:15.907 27568 27568 E ArmVmp : Match on catch block at 0xc3 in for 0xa9
02-11 07:05:15.913 27568 27568 E ArmVmp : Match on catch block at 0xc3 in for 0xa1
02-11 07:05:15.927 27568 27568 E ArmVmp : Match on catch block at 0xc3 in for 0xa1
02-11 07:05:15.933 27568 27568 E ArmVmp : Match on catch block at 0xc3 in for 0xa5
02-11 07:05:15.947 27568 27568 E ArmVmp : Match on catch block at 0xc3 in for 0xa5
02-11 07:05:15.954 27568 27568 E ArmVmp : Match on catch block at 0xc3 in for 0xa9
02-11 07:05:15.968 27568 27568 E ArmVmp : Match on catch block at 0xc3 in for 0xa9
02-11 07:05:15.974 27568 27568 E ArmVmp : Match on catch block at 0xc3 in for 0xa1
02-11 07:05:15.989 27568 27568 E ArmVmp : Match on catch block at 0xc3 in for 0xa1
02-11 07:05:15.996 27568 27568 E ArmVmp : Match on catch block at 0xc3 in for 0xa5
02-11 07:05:16.007 27568 27568 E ArmVmp : Match on catch block at 0xc3 in for 0xa5
02-11 07:05:16.013 27568 27568 E ArmVmp : Match on catch block at 0xc3 in for 0xa9
02-11 07:05:16.026 27568 27568 E ArmVmp : Match on catch block at 0xc3 in for 0xa9
02-11 07:05:16.031 27568 27568 E ArmVmp : Match on catch block at 0xc3 in for 0xa1
02-11 07:05:16.060 27568 27568 E ArmVmp : Match on catch block at 0xc3 in for 0xa1
