02-10 20:33:15.913 31076 31076 E ArmVmp : Match on catch block at 0xc3 in for 0xa9
02-10 20:33:15.919 31076 31076 E ArmVmp : Match on catch block at 0xc3 in for 0xa1
02-10 20:33:15.922 31076 31076 E ArmVmp : Match on catch block at 0xc3 in for 0xa1
02-10 20:33:16.297 31076 31076 E ArmVmp : Match on catch block at 0xc3 in for 0xa5
02-10 20:33:16.301 31076 31076 E ArmVmp : Match on catch block at 0xc3 in for 0xa9
02-10 20:33:16.304 31076 31076 E ArmVmp : Match on catch block at 0xc3 in for 0xa9
02-10 20:33:16.312 31076 31076 E ArmVmp : Match on catch block at 0xc3 in for 0xa1
02-10 20:33:16.318 31076 31076 E ArmVmp : Match on catch block at 0xc3 in for 0xa5
02-10 20:33:16.320 31076 31076 E ArmVmp : Match on catch block at 0xc3 in for 0xa5
02-10 20:33:16.329 31076 31076 E ArmVmp : Match on catch block at 0xc3 in for 0xa9
02-10 20:33:16.334 31076 31076 E ArmVmp : Match on catch block at 0xc3 in for 0xa1
02-10 20:33:16.337 31076 31076 E ArmVmp : Match on catch block at 0xc3 in for 0xa1
02-10 20:33:16.346 31076 31076 E ArmVmp : Match on catch block at 0xc3 in for 0xa5
02-10 20:33:16.351 31076 31076 E ArmVmp : Match on catch block at 0xc3 in for 0xa9
02-10 20:33:16.354 31076 31076 E ArmVmp : Match on catch block at 0xc3 in for 0xa9
02-10 20:33:16.362 31076 31076 E ArmVmp : Match on catch block at 0xc3 in for 0xa1
02-10 20:33:16.368 31076 31076 E ArmVmp : Match on catch block at 0xc3 in for 0xa5
02-10 20:33:16.371 31076 31076 E ArmVmp : Match on catch block at 0xc3 in for 0xa5
02-10 20:33:16.379 31076 31076 E ArmVmp : Match on catch block at 0xc3 in for 0xa9
02-10 20:33:16.384 31076 31076 E ArmVmp : Match on catch block at 0xc3 in for 0xa1
02-10 20:33:16.387 31076 31076 E ArmVmp : Match on catch block at 0xc3 in for 0xa1
02-10 20:33:16.395 31076 31076 E ArmVmp : Match on catch block at 0xc3 in for 0xa5
02-10 20:33:16.401 31076 31076 E ArmVmp : Match on catch block at 0xc3 in for 0xa9
02-10 20:33:16.403 31076 31076 E ArmVmp : Match on catch block at 0xc3 in for 0xa9
02-10 20:33:16.412 31076 31076 E ArmVmp : Match on catch block at 0xc3 in for 0xa1
02-10 20:33:16.418 31076 31076 E ArmVmp : Match on catch block at 0xc3 in for 0xa5
02-10 20:33:16.421 31076 31076 E ArmVmp : Match on catch block at 0xc3 in for 0xa5
02-10 20:33:16.429 31076 31076 E ArmVmp : Match on catch block at 0xc3 in for 0xa9
02-10 20:33:16.434 31076 31076 E ArmVmp : Match on catch block at 0xc3 in for 0xa1
02-10 20:33:16.437 31076 31076 E ArmVmp : Match on catch block at 0xc3 in for 0xa1
02-10 20:33:16.445 31076 31076 E ArmVmp : Match on catch block at 0xc3 in for 0xa5
02-10 20:33:16.451 31076 31076 E ArmVmp : Match on catch block at 0xc3 in for 0xa9
02-10 20:33:16.454 31076 31076 E ArmVmp : Match on catch block at 0xc3 in for 0xa9
02-10 20:33:16.462 31076 31076 E ArmVmp : Match on catch block at 0xc3 in for 0xa1
02-10 20:33:16.467 31076 31076 E ArmVmp : Match on catch block at 0xc3 in for 0xa5
02-10 20:33:16.470 31076 31076 E ArmVmp : Match on catch block at 0xc3 in for 0xa5
02-10 20:33:16.479 31076 31076 E ArmVmp : Match on catch block at 0xc3 in for 0xa9
02-10 20:33:16.484 31076 31076 E ArmVmp : Match on catch block at 0xc3 in for 0xa1
02-10 20:33:16.486 31076 31076 E ArmVmp : Match on catch block at 0xc3 in for 0xa1
02-10 20:33:16.495 31076 31076 E ArmVmp : Match on catch block at 0xc3 in for 0xa5
02-10 20:33:16.500 31076 31076 E ArmVmp : Match on catch block at 0xc3 in for 0xa9
02-10 20:33:16.503 31076 31076 E ArmVmp : Match on catch block at 0xc3 in for 0xa9
02-10 20:33:16.512 31076 31076 E ArmVmp : Match on catch block at 0xc3 in for 0xa1
02-10 20:33:16.517 31076 31076 E ArmVmp : Match on catch block at 0xc3 in for 0xa5
02-10 20:33:16.519 31076 31076 E ArmVmp : Match on catch block at 0xc3 in for 0xa5
02-10 20:33:16.529 31076 31076 E ArmVmp : Match on catch block at 0xc3 in for 0xa9
02-10 20:33:16.534 31076 31076 E ArmVmp : Match on catch block at 0xc3 in for 0xa1
02-10 20:33:16.536 31076 31076 E ArmVmp : Match on catch block at 0xc3 in for 0xa1
02-10 20:33:16.545 31076 31076 E ArmVmp : Match on catch block at 0xc3 in for 0xa5
02-10 20:33:16.550 31076 31076 E ArmVmp : Match on catch block at 0xc3 in for 0xa9
02-10 20:33:16.553 31076 31076 E ArmVmp : Match on catch block at 0xc3 in for 0xa9
02-10 20:33:16.738 31076 31147 W MediaPlayer: Use of stream types is deprecated for
operations other than volume control
02-10 20:33:16.739 31076 31147 W MediaPlayer: See the documentation of
setAudioStreamType() for what to use instead with android.media.AudioAttributes to
qualify your playback use case
02-10 20:33:16.748 31076 31147 E AudioFeatures: Application cannot support or
Zenmode close
02-10 20:33:16.816 31076 31076 E ArmVmp : Match on catch block at 0xc3 in for 0xa9
02-10 20:33:16.819 31076 31166 E : nFreeSize: 3463692288
02-10 20:33:16.819 31076 31115 E : nFreeSize: 3463692288
02-10 20:33:16.823 31076 31076 E ArmVmp : Match on catch block at 0xc3 in for 0xa1
02-10 20:33:16.827 31076 31076 E ArmVmp : Match on catch block at 0xc3 in for 0xa1
02-10 20:33:16.827 31076 31114 E : nFreeSize: 3463688192
02-10 20:33:16.832 31076 31251 E : nFreeSize: 3463675904
02-10 20:33:16.861 31076 31247 W System : ClassLoader referenced unknown path:
system/framework/mediatek-cta.jar
02-10 20:33:16.865 31076 31247 W System : ClassLoader referenced unknown path:
system/framework/mediatek-cta.jar
02-10 20:33:17.023 31076 31076 E ArmVmp : Match on catch block at 0xc3 in for 0xa5
02-10 20:33:17.029 31076 31076 E ArmVmp : Match on catch block at 0xc3 in for 0xa9
02-10 20:33:17.033 31076 31076 E ArmVmp : Match on catch block at 0xc3 in for 0xa9
02-10 20:33:17.109 31076 31076 E ArmVmp : Match on catch block at 0xc3 in for 0xa5
02-10 20:33:17.114 31076 31076 E ArmVmp : Match on catch block at 0xc3 in for 0xa9
02-10 20:33:17.117 31076 31076 E ArmVmp : Match on catch block at 0xc3 in for 0xa9
02-10 20:33:17.147 31076 31076 E ArmVmp : Match on catch block at 0xc3 in for 0xa9
02-10 20:33:17.153 31076 31076 E ArmVmp : Match on catch block at 0xc3 in for 0xa1
02-10 20:33:17.155 31076 31076 E ArmVmp : Match on catch block at 0xc3 in for 0xa1
02-10 20:33:17.181 31076 31076 E ArmVmp : Match on catch block at 0xc3 in for 0xa9
02-10 20:33:17.187 31076 31076 E ArmVmp : Match on catch block at 0xc3 in for 0xa1
02-10 20:33:17.191 31076 31076 E ArmVmp : Match on catch block at 0xc3 in for 0xa1
02-10 20:33:17.196 31076 31247 E : nFreeSize: 3463688192
02-10 20:33:17.204 31076 31076 E ArmVmp : Match on catch block at 0xc3 in for 0xa5
02-10 20:33:17.212 31076 31076 E ArmVmp : Match on catch block at 0xc3 in for 0xa9
02-10 20:33:17.216 31076 31076 E ArmVmp : Match on catch block at 0xc3 in for 0xa9
02-10 20:33:17.216 31076 31247 E : nFreeSize: 3463675904
02-10 20:33:17.232 31076 31076 E ArmVmp : Match on catch block at 0xc3 in for 0xa1
02-10 20:33:17.239 31076 31076 E ArmVmp : Match on catch block at 0xc3 in for 0xa5
02-10 20:33:17.242 31076 31076 E ArmVmp : Match on catch block at 0xc3 in for 0xa5
02-10 20:33:17.281 31076 31076 E ArmVmp : Match on catch block at 0xc3 in for 0xa1
02-10 20:33:17.288 31076 31076 E ArmVmp : Match on catch block at 0xc3 in for 0xa5
02-10 20:33:17.291 31076 31076 E ArmVmp : Match on catch block at 0xc3 in for 0xa5
02-10 20:33:17.311 31076 31076 E ArmVmp : Match on catch block at 0xc3 in for 0xa9
02-10 20:33:17.317 31076 31076 E ArmVmp : Match on catch block at 0xc3 in for 0xa1
02-10 20:33:17.321 31076 31076 E ArmVmp : Match on catch block at 0xc3 in for 0xa1
02-10 20:33:17.345 31076 31076 E ArmVmp : Match on catch block at 0xc3 in for 0xa5
02-10 20:33:17.352 31076 31076 E ArmVmp : Match on catch block at 0xc3 in for 0xa9
02-10 20:33:17.354 31076 31076 E ArmVmp : Match on catch block at 0xc3 in for 0xa9
02-10 20:33:17.363 31076 31076 E ArmVmp : Match on catch block at 0xc3 in for 0xa1
02-10 20:33:17.369 31076 31076 E ArmVmp : Match on catch block at 0xc3 in for 0xa5
02-10 20:33:17.372 31076 31076 E ArmVmp : Match on catch block at 0xc3 in for 0xa5
02-10 20:33:17.386 31076 31076 E ArmVmp : Match on catch block at 0xc3 in for 0xa9
02-10 20:33:17.392 31076 31076 E ArmVmp : Match on catch block at 0xc3 in for 0xa1
02-10 20:33:17.395 31076 31076 E ArmVmp : Match on catch block at 0xc3 in for 0xa1
02-10 20:33:17.405 31076 31251 E : nFreeSize: 3463614464
02-10 20:33:17.411 31076 31076 E ArmVmp : Match on catch block at 0xc3 in for 0xa5
02-10 20:33:17.416 31076 31076 E ArmVmp : Match on catch block at 0xc3 in for 0xa9
02-10 20:33:17.419 31076 31076 E ArmVmp : Match on catch block at 0xc3 in for 0xa9
02-10 20:33:17.428 31076 31076 E ArmVmp : Match on catch block at 0xc3 in for 0xa1
02-10 20:33:17.434 31076 31076 E ArmVmp : Match on catch block at 0xc3 in for 0xa5
02-10 20:33:17.436 31076 31076 E ArmVmp : Match on catch block at 0xc3 in for 0xa5
02-10 20:33:17.448 31076 31076 E ArmVmp : Match on catch block at 0xc3 in for 0xa5
02-10 20:33:17.453 31076 31076 E ArmVmp : Match on catch block at 0xc3 in for 0xa9
02-10 20:33:17.455 31076 31076 E ArmVmp : Match on catch block at 0xc3 in for 0xa9
02-10 20:33:17.463 31076 31076 E ArmVmp : Match on catch block at 0xc3 in for 0xa1
02-10 20:33:17.466 31076 31122 E SQLiteDatabase: Error inserting media_duration=0
file_path=/data/user/0/com.mbwhatsapp/files/ViewOnce/IMG-lsg24vw7.jpg transferred=1
thumbnail_height_width_ratio=1.8 face_y=0 face_x=0 trim_from=0 media_caption=null
transcoded=0 message_url=https://mmg.whatsapp.net/o1/v/t62.7118-24/f1/m231/up-oil-
image-bd4392fc-93cb-4db0-a3d6-46b1dd9dc397?ccb=9-
4&oh=01_AdS0YrQHruztVO6amzoqkiO8h_CrmDizdpaLTAemLP59hA&oe=65EEE9AF&_nc_sid=000000&m
ms3=true first_scan_sidecar=[B@92734c2 direct_path=/o1/v/t62.7118-24/f1/m231/up-
oil-image-bd4392fc-93cb-4db0-a3d6-46b1dd9dc397?ccb=9-
4&oh=01_AdS0YrQHruztVO6amzoqkiO8h_CrmDizdpaLTAemLP59hA&oe=65EEE9AF&_nc_sid=000000
original_file_hash=null is_animated_sticker=0 media_name=null
has_streaming_sidecar=1 partial_media_enc_hash=null media_key=[B@7d0c2d3
multicast_id=null page_count=0 height=1600
partial_media_hash=CUpWhthL4DwbZ3v0HyJhqsGEW8TB5hWa8nB9hBDphYM= gif_attribution=0
mute_video=0 autotransfer_retry_enabled=1 first_scan_length=10184 trim_to=0
media_key_timestamp=1707568391000 file_size=59585 chat_row_id=20
media_job_uuid=5a82e34a-bfae-4cca-ba13-6ac74f2cc773 message_row_id=671
enc_file_hash=zc8kfw6LQPSahOAAkHVpOREvwOIV5QxaTaSApALpo1Q=
file_hash=VwJUegKhrYV7ekJ30cqg8b0gKpYoq7BjWsEjl35wfVM= mime_type=image/jpeg
media_upload_handle=null suspicious_content=0 width=900 file_length=59585
02-10 20:33:17.466 31076 31122 E SQLiteDatabase:
android.database.sqlite.SQLiteConstraintException: UNIQUE constraint failed:
message_media.message_row_id (code 1555)
02-10 20:33:17.466 31076 31122 E SQLiteDatabase: at
android.database.sqlite.SQLiteConnection.nativeExecuteForLastInsertedRowId(Native
Method)
02-10 20:33:17.466 31076 31122 E SQLiteDatabase: at
android.database.sqlite.SQLiteConnection.executeForLastInsertedRowId(SQLiteConnecti
on.java:806)
02-10 20:33:17.466 31076 31122 E SQLiteDatabase: at
android.database.sqlite.SQLiteSession.executeForLastInsertedRowId(SQLiteSession.jav
a:788)
02-10 20:33:17.466 31076 31122 E SQLiteDatabase: at
android.database.sqlite.SQLiteStatement.executeInsert(SQLiteStatement.java:86)
02-10 20:33:17.466 31076 31122 E SQLiteDatabase: at
android.database.sqlite.SQLiteDatabase.insertWithOnConflict(SQLiteDatabase.java:154
8)
02-10 20:33:17.466 31076 31122 E SQLiteDatabase: at
android.database.sqlite.SQLiteDatabase.insert(SQLiteDatabase.java:1417)
02-10 20:33:17.466 31076 31122 E SQLiteDatabase: at X.2tm.A08(Unknown
Source:6)
02-10 20:33:17.466 31076 31122 E SQLiteDatabase: at X.35Y.A07(Unknown
Source:212)
02-10 20:33:17.466 31076 31122 E SQLiteDatabase: at X.3QF.A14(Unknown
Source:470)
02-10 20:33:17.466 31076 31122 E SQLiteDatabase: at X.3gU.run(Unknown
Source:982)
02-10 20:33:17.466 31076 31122 E SQLiteDatabase: at
android.os.Handler.handleCallback(Handler.java:790)
02-10 20:33:17.466 31076 31122 E SQLiteDatabase: at
android.os.Handler.dispatchMessage(Handler.java:99)
02-10 20:33:17.466 31076 31122 E SQLiteDatabase: at
X.0zq.dispatchMessage(Unknown Source:4)
02-10 20:33:17.466 31076 31122 E SQLiteDatabase: at
android.os.Looper.loop(Looper.java:192)
02-10 20:33:17.466 31076 31122 E SQLiteDatabase: at
android.os.HandlerThread.run(HandlerThread.java:65)
02-10 20:33:17.469 31076 31076 E ArmVmp : Match on catch block at 0xc3 in for 0xa5
02-10 20:33:17.472 31076 31076 E ArmVmp : Match on catch block at 0xc3 in for 0xa5
02-10 20:33:17.509 31076 31076 E ArmVmp : Match on catch block at 0xc3 in for 0xa9
02-10 20:33:17.513 31076 31076 E ArmVmp : Match on catch block at 0xc3 in for 0xa1
02-10 20:33:17.516 31076 31076 E ArmVmp : Match on catch block at 0xc3 in for 0xa1
02-10 20:33:17.528 31076 31076 E ArmVmp : Match on catch block at 0xc3 in for 0xa5
02-10 20:33:17.536 31076 31076 E ArmVmp : Match on catch block at 0xc3 in for 0xa9
02-10 20:33:17.541 31076 31076 E ArmVmp : Match on catch block at 0xc3 in for 0xa9
02-10 20:33:17.547 31076 31251 E : nFreeSize: 3463610368
02-10 20:33:17.550 31076 31115 E : nFreeSize: 3463610368
02-10 20:33:17.552 31076 31114 E : nFreeSize: 3463593984
02-10 20:33:17.591 31076 31076 E ArmVmp : Match on catch block at 0xc3 in for 0xa9
02-10 20:33:17.596 31076 31076 E ArmVmp : Match on catch block at 0xc3 in for 0xa1
02-10 20:33:17.599 31076 31076 E ArmVmp : Match on catch block at 0xc3 in for 0xa1
02-10 20:33:17.609 31076 31076 E ArmVmp : Match on catch block at 0xc3 in for 0xa9
02-10 20:33:17.615 31076 31076 E ArmVmp : Match on catch block at 0xc3 in for 0xa1
02-10 20:33:17.618 31076 31076 E ArmVmp : Match on catch block at 0xc3 in for 0xa1
02-10 20:33:18.112 31076 31076 E ArmVmp : Match on catch block at 0xc3 in for 0xa5
02-10 20:33:18.116 31076 31076 E ArmVmp : Match on catch block at 0xc3 in for 0xa9
02-10 20:33:18.118 31076 31076 E ArmVmp : Match on catch block at 0xc3 in for 0xa9
02-10 20:33:18.575 31076 31126 E : nFreeSize: 3463610368
02-10 20:33:18.577 31076 31126 E : nFreeSize: 3463610368
02-10 20:33:18.627 31076 31076 E ArmVmp : Match on catch block at 0xc3 in for 0xa1
02-10 20:33:18.632 31076 31076 E ArmVmp : Match on catch block at 0xc3 in for 0xa5
02-10 20:33:18.634 31076 31076 E ArmVmp : Match on catch block at 0xc3 in for 0xa5
02-10 20:33:18.667 31076 31076 E ArmVmp : Match on catch block at 0xc3 in for 0xa5
02-10 20:33:18.671 31076 31076 E ArmVmp : Match on catch block at 0xc3 in for 0xa9
02-10 20:33:18.674 31076 31076 E ArmVmp : Match on catch block at 0xc3 in for 0xa9
02-10 20:33:18.683 31076 31076 E ArmVmp : Match on catch block at 0xc3 in for 0xa1
02-10 20:33:18.688 31076 31076 E ArmVmp : Match on catch block at 0xc3 in for 0xa5
02-10 20:33:18.692 31076 31076 E ArmVmp : Match on catch block at 0xc3 in for 0xa5
02-10 20:33:19.128 31076 31076 E ArmVmp : Match on catch block at 0xc3 in for 0xa9
02-10 20:33:19.133 31076 31076 E ArmVmp : Match on catch block at 0xc3 in for 0xa1
02-10 20:33:19.136 31076 31076 E ArmVmp : Match on catch block at 0xc3 in for 0xa1
02-10 20:33:19.214 31076 31076 W PlayerBase: baseStop state not match:4
02-10 20:33:19.627 31076 31076 E ArmVmp : Match on catch block at 0xc3 in for 0xa5
02-10 20:33:19.633 31076 31076 E ArmVmp : Match on catch block at 0xc3 in for 0xa9
02-10 20:33:19.636 31076 31076 E ArmVmp : Match on catch block at 0xc3 in for 0xa9
02-10 20:33:19.671 31076 31126 E : nFreeSize: 3463610368
02-10 20:33:19.676 31076 31126 E : nFreeSize: 3463610368
02-10 20:33:19.810 31076 31147 W MediaPlayer: Use of stream types is deprecated for
operations other than volume control
02-10 20:33:19.810 31076 31147 W MediaPlayer: See the documentation of
setAudioStreamType() for what to use instead with android.media.AudioAttributes to
qualify your playback use case
02-10 20:33:19.813 31076 31147 E AudioFeatures: Application cannot support or
Zenmode close
02-10 20:33:19.911 31076 31114 E : nFreeSize: 3463606272
02-10 20:33:20.074 31076 31076 E ArmVmp : Match on catch block at 0xc3 in for 0xa5
02-10 20:33:20.083 31076 31076 E ArmVmp : Match on catch block at 0xc3 in for 0xa9
02-10 20:33:20.086 31076 31076 E ArmVmp : Match on catch block at 0xc3 in for 0xa9
02-10 20:33:20.165 31076 31076 E ArmVmp : Match on catch block at 0xc3 in for 0xa5
02-10 20:33:20.172 31076 31076 E ArmVmp : Match on catch block at 0xc3 in for 0xa9
02-10 20:33:20.176 31076 31076 E ArmVmp : Match on catch block at 0xc3 in for 0xa9
02-10 20:33:20.208 31076 31076 W PlayerBase: baseStop state not match:4
02-10 20:33:20.228 31076 31076 E ArmVmp : Match on catch block at 0xc3 in for 0xa5
02-10 20:33:20.234 31076 31076 E ArmVmp : Match on catch block at 0xc3 in for 0xa9
02-10 20:33:20.239 31076 31076 E ArmVmp : Match on catch block at 0xc3 in for 0xa9
02-10 20:33:20.727 31076 31076 E ArmVmp : Match on catch block at 0xc3 in for 0xa1
02-10 20:33:20.732 31076 31076 E ArmVmp : Match on catch block at 0xc3 in for 0xa5
02-10 20:33:20.735 31076 31076 E ArmVmp : Match on catch block at 0xc3 in for 0xa5
02-10 20:33:21.224 31076 31126 E : nFreeSize: 3463602176
02-10 20:33:21.227 31076 31076 E ArmVmp : Match on catch block at 0xc3 in for 0xa9
02-10 20:33:21.227 31076 31126 E : nFreeSize: 3463602176
02-10 20:33:21.232 31076 31076 E ArmVmp : Match on catch block at 0xc3 in for 0xa1
02-10 20:33:21.235 31076 31076 E ArmVmp : Match on catch block at 0xc3 in for 0xa1
02-10 20:33:21.726 31076 31076 E ArmVmp : Match on catch block at 0xc3 in for 0xa5
02-10 20:33:21.732 31076 31076 E ArmVmp : Match on catch block at 0xc3 in for 0xa9
02-10 20:33:21.735 31076 31076 E ArmVmp : Match on catch block at 0xc3 in for 0xa9
02-10 20:33:21.743 31076 31076 E ArmVmp : Match on catch block at 0xc3 in for 0xa1
02-10 20:33:21.750 31076 31076 E ArmVmp : Match on catch block at 0xc3 in for 0xa5
02-10 20:33:21.754 31076 31076 E ArmVmp : Match on catch block at 0xc3 in for 0xa5
02-10 20:33:21.765 31076 31076 E ArmVmp : Match on catch block at 0xc3 in for 0xa9
02-10 20:33:21.773 31076 31076 E ArmVmp : Match on catch block at 0xc3 in for 0xa1
02-10 20:33:21.777 31076 31076 E ArmVmp : Match on catch block at 0xc3 in for 0xa1
02-10 20:33:21.791 31076 31076 E ArmVmp : Match on catch block at 0xc3 in for 0xa5
02-10 20:33:21.800 31076 31076 E ArmVmp : Match on catch block at 0xc3 in for 0xa9
02-10 20:33:21.803 31076 31076 E ArmVmp : Match on catch block at 0xc3 in for 0xa9
02-10 20:33:21.811 31076 31076 E ArmVmp : Match on catch block at 0xc3 in for 0xa1
02-10 20:33:21.818 31076 31076 E ArmVmp : Match on catch block at 0xc3 in for 0xa5
02-10 20:33:21.821 31076 31076 E ArmVmp : Match on catch block at 0xc3 in for 0xa5
02-10 20:33:21.833 31076 31076 E ArmVmp : Match on catch block at 0xc3 in for 0xa9
02-10 20:33:21.840 31076 31076 E ArmVmp : Match on catch block at 0xc3 in for 0xa1
02-10 20:33:21.844 31076 31076 E ArmVmp : Match on catch block at 0xc3 in for 0xa1
02-10 20:33:21.858 31076 31076 E ArmVmp : Match on catch block at 0xc3 in for 0xa5
02-10 20:33:21.866 31076 31076 E ArmVmp : Match on catch block at 0xc3 in for 0xa9
02-10 20:33:21.869 31076 31076 E ArmVmp : Match on catch block at 0xc3 in for 0xa9
02-10 20:33:21.877 31076 31076 E ArmVmp : Match on catch block at 0xc3 in for 0xa1
02-10 20:33:21.884 31076 31076 E ArmVmp : Match on catch block at 0xc3 in for 0xa5
02-10 20:33:21.887 31076 31076 E ArmVmp : Match on catch block at 0xc3 in for 0xa5
02-10 20:33:21.898 31076 31076 E ArmVmp : Match on catch block at 0xc3 in for 0xa9
02-10 20:33:21.905 31076 31076 E ArmVmp : Match on catch block at 0xc3 in for 0xa1
02-10 20:33:21.909 31076 31076 E ArmVmp : Match on catch block at 0xc3 in for 0xa1
02-10 20:33:21.919 31076 31076 E ArmVmp : Match on catch block at 0xc3 in for 0xa5
02-10 20:33:21.926 31076 31076 E ArmVmp : Match on catch block at 0xc3 in for 0xa9
02-10 20:33:21.930 31076 31076 E ArmVmp : Match on catch block at 0xc3 in for 0xa9
02-10 20:33:21.941 31076 31076 E ArmVmp : Match on catch block at 0xc3 in for 0xa1
02-10 20:33:21.947 31076 31076 E ArmVmp : Match on catch block at 0xc3 in for 0xa5
02-10 20:33:21.951 31076 31076 E ArmVmp : Match on catch block at 0xc3 in for 0xa5
02-10 20:33:21.962 31076 31076 E ArmVmp : Match on catch block at 0xc3 in for 0xa9
02-10 20:33:21.970 31076 31076 E ArmVmp : Match on catch block at 0xc3 in for 0xa1
02-10 20:33:21.974 31076 31076 E ArmVmp : Match on catch block at 0xc3 in for 0xa1
02-10 20:33:21.984 31076 31076 E ArmVmp : Match on catch block at 0xc3 in for 0xa5
02-10 20:33:21.990 31076 31076 E ArmVmp : Match on catch block at 0xc3 in for 0xa9
02-10 20:33:21.994 31076 31076 E ArmVmp : Match on catch block at 0xc3 in for 0xa9
02-10 20:33:22.462 31076 31076 W PlayerBase: baseStop state not match:4
02-10 20:33:22.537 31076 31115 E : nFreeSize: 3463602176
02-10 20:33:22.703 31076 31076 E ArmVmp : Match on catch block at 0xc3 in for 0xa1
02-10 20:33:22.711 31076 31076 E ArmVmp : Match on catch block at 0xc3 in for 0xa5
02-10 20:33:22.714 31076 31076 E ArmVmp : Match on catch block at 0xc3 in for 0xa5
02-10 20:33:23.034 31076 31114 E : nFreeSize: 3463602176
02-10 20:33:23.124 31076 31076 E ArmVmp : Match on catch block at 0xc3 in for 0xa9
02-10 20:33:23.128 31076 31076 E ArmVmp : Match on catch block at 0xc3 in for 0xa1
02-10 20:33:23.130 31076 31076 E ArmVmp : Match on catch block at 0xc3 in for 0xa1
02-10 20:33:23.156 31076 31076 E ArmVmp : Match on catch block at 0xc3 in for 0xa9
02-10 20:33:23.163 31076 31076 E ArmVmp : Match on catch block at 0xc3 in for 0xa1
02-10 20:33:23.166 31076 31076 E ArmVmp : Match on catch block at 0xc3 in for 0xa1
02-10 20:33:24.333 31076 31114 E : nFreeSize: 3463585792
02-10 20:33:24.606 31076 31076 E ArmVmp : Match on catch block at 0xc3 in for 0xa5
02-10 20:33:24.612 31076 31076 E ArmVmp : Match on catch block at 0xc3 in for 0xa9
02-10 20:33:24.615 31076 31076 E ArmVmp : Match on catch block at 0xc3 in for 0xa9
02-10 20:33:24.624 31076 31076 E ArmVmp : Match on catch block at 0xc3 in for 0xa1
02-10 20:33:24.632 31076 31076 E ArmVmp : Match on catch block at 0xc3 in for 0xa5
02-10 20:33:24.636 31076 31076 E ArmVmp : Match on catch block at 0xc3 in for 0xa5
02-10 20:33:24.646 31076 31076 E ArmVmp : Match on catch block at 0xc3 in for 0xa9
02-10 20:33:24.652 31076 31076 E ArmVmp : Match on catch block at 0xc3 in for 0xa1
02-10 20:33:24.656 31076 31076 E ArmVmp : Match on catch block at 0xc3 in for 0xa1
02-10 20:33:24.666 31076 31076 E ArmVmp : Match on catch block at 0xc3 in for 0xa5
02-10 20:33:24.672 31076 31076 E ArmVmp : Match on catch block at 0xc3 in for 0xa9
02-10 20:33:24.676 31076 31076 E ArmVmp : Match on catch block at 0xc3 in for 0xa9
02-10 20:33:24.688 31076 31076 E ArmVmp : Match on catch block at 0xc3 in for 0xa1
02-10 20:33:24.695 31076 31076 E ArmVmp : Match on catch block at 0xc3 in for 0xa5
02-10 20:33:24.698 31076 31076 E ArmVmp : Match on catch block at 0xc3 in for 0xa5
02-10 20:33:24.706 31076 31076 E ArmVmp : Match on catch block at 0xc3 in for 0xa9
02-10 20:33:24.712 31076 31076 E ArmVmp : Match on catch block at 0xc3 in for 0xa1
02-10 20:33:24.716 31076 31076 E ArmVmp : Match on catch block at 0xc3 in for 0xa1
02-10 20:33:24.725 31076 31076 E ArmVmp : Match on catch block at 0xc3 in for 0xa5
02-10 20:33:24.731 31076 31076 E ArmVmp : Match on catch block at 0xc3 in for 0xa9
02-10 20:33:24.734 31076 31076 E ArmVmp : Match on catch block at 0xc3 in for 0xa9
02-10 20:33:24.745 31076 31076 E ArmVmp : Match on catch block at 0xc3 in for 0xa1
02-10 20:33:24.751 31076 31076 E ArmVmp : Match on catch block at 0xc3 in for 0xa5
02-10 20:33:24.754 31076 31076 E ArmVmp : Match on catch block at 0xc3 in for 0xa5
02-10 20:33:24.763 31076 31076 E ArmVmp : Match on catch block at 0xc3 in for 0xa9
02-10 20:33:24.770 31076 31076 E ArmVmp : Match on catch block at 0xc3 in for 0xa1
02-10 20:33:24.774 31076 31076 E ArmVmp : Match on catch block at 0xc3 in for 0xa1
02-10 20:33:24.788 31076 31076 E ArmVmp : Match on catch block at 0xc3 in for 0xa5
02-10 20:33:24.794 31076 31076 E ArmVmp : Match on catch block at 0xc3 in for 0xa9
02-10 20:33:24.798 31076 31076 E ArmVmp : Match on catch block at 0xc3 in for 0xa9
02-10 20:33:24.805 31076 31076 E ArmVmp : Match on catch block at 0xc3 in for 0xa1
02-10 20:33:24.811 31076 31076 E ArmVmp : Match on catch block at 0xc3 in for 0xa5
02-10 20:33:24.814 31076 31076 E ArmVmp : Match on catch block at 0xc3 in for 0xa5
02-10 20:33:24.824 31076 31076 E ArmVmp : Match on catch block at 0xc3 in for 0xa9
02-10 20:33:24.830 31076 31076 E ArmVmp : Match on catch block at 0xc3 in for 0xa1
02-10 20:33:24.833 31076 31076 E ArmVmp : Match on catch block at 0xc3 in for 0xa1
02-10 20:33:24.844 31076 31076 E ArmVmp : Match on catch block at 0xc3 in for 0xa5
02-10 20:33:24.851 31076 31076 E ArmVmp : Match on catch block at 0xc3 in for 0xa9
02-10 20:33:24.854 31076 31076 E ArmVmp : Match on catch block at 0xc3 in for 0xa9
02-10 20:33:24.864 31076 31076 E ArmVmp : Match on catch block at 0xc3 in for 0xa1
02-10 20:33:24.870 31076 31076 E ArmVmp : Match on catch block at 0xc3 in for 0xa5
02-10 20:33:24.873 31076 31076 E ArmVmp : Match on catch block at 0xc3 in for 0xa5
02-10 20:33:25.212 31076 31126 E : nFreeSize: 3463585792
02-10 20:33:25.213 31076 31126 E : nFreeSize: 3463585792
02-10 20:33:25.719 31076 31076 E ArmVmp : Match on catch block at 0xc3 in for 0xa9
02-10 20:33:25.724 31076 31076 E ArmVmp : Match on catch block at 0xc3 in for 0xa1
02-10 20:33:25.726 31076 31076 E ArmVmp : Match on catch block at 0xc3 in for 0xa1
02-10 20:33:25.776 31076 31076 E ArmVmp : Match on catch block at 0xc3 in for 0xa1
02-10 20:33:25.781 31076 31076 E ArmVmp : Match on catch block at 0xc3 in for 0xa5
02-10 20:33:25.783 31076 31076 E ArmVmp : Match on catch block at 0xc3 in for 0xa5
02-10 20:33:25.806 31076 31076 W PlayerBase: baseStop state not match:4
02-10 20:33:25.810 31076 31076 E ArmVmp : Match on catch block at 0xc3 in for 0xa9
02-10 20:33:25.814 31076 31076 E ArmVmp : Match on catch block at 0xc3 in for 0xa1
02-10 20:33:25.816 31076 31076 E ArmVmp : Match on catch block at 0xc3 in for 0xa1
02-10 20:33:26.204 31076 31076 E ArmVmp : Match on catch block at 0xc3 in for 0xa1
02-10 20:33:26.209 31076 31076 E ArmVmp : Match on catch block at 0xc3 in for 0xa5
02-10 20:33:26.212 31076 31076 E ArmVmp : Match on catch block at 0xc3 in for 0xa5
02-10 20:33:26.561 31076 31076 E ArmVmp : Match on catch block at 0xc3 in for 0xa5
02-10 20:33:26.565 31076 31076 E ArmVmp : Match on catch block at 0xc3 in for 0xa9
02-10 20:33:26.568 31076 31076 E ArmVmp : Match on catch block at 0xc3 in for 0xa9
02-10 20:33:26.576 31076 31076 E ArmVmp : Match on catch block at 0xc3 in for 0xa1
02-10 20:33:26.582 31076 31076 E ArmVmp : Match on catch block at 0xc3 in for 0xa5
02-10 20:33:26.585 31076 31076 E ArmVmp : Match on catch block at 0xc3 in for 0xa5
02-10 20:33:26.704 31076 31076 E ArmVmp : Match on catch block at 0xc3 in for 0xa9
02-10 20:33:26.709 31076 31076 E ArmVmp : Match on catch block at 0xc3 in for 0xa1
02-10 20:33:26.712 31076 31076 E ArmVmp : Match on catch block at 0xc3 in for 0xa1
02-10 20:33:27.287 31076 31076 E ArmVmp : Match on catch block at 0xc3 in for 0xa1
02-10 20:33:27.291 31076 31076 E ArmVmp : Match on catch block at 0xc3 in for 0xa5
02-10 20:33:27.294 31076 31076 E ArmVmp : Match on catch block at 0xc3 in for 0xa5
02-10 20:33:27.314 31076 31114 E : nFreeSize: 3463581696
02-10 20:33:27.316 31076 31115 E : nFreeSize: 3463581696
02-10 20:33:27.481 31076 31076 E ArmVmp : Match on catch block at 0xc3 in for 0xa1
02-10 20:33:27.487 31076 31076 E ArmVmp : Match on catch block at 0xc3 in for 0xa5
02-10 20:33:27.490 31076 31076 E ArmVmp : Match on catch block at 0xc3 in for 0xa5
02-10 20:33:27.501 31076 31076 E ArmVmp : Match on catch block at 0xc3 in for 0xa9
02-10 20:33:27.508 31076 31076 E ArmVmp : Match on catch block at 0xc3 in for 0xa1
02-10 20:33:27.512 31076 31076 E ArmVmp : Match on catch block at 0xc3 in for 0xa1
02-10 20:33:27.548 31076 31115 E : nFreeSize: 3463581696
02-10 20:33:27.707 31076 31115 E : nFreeSize: 3463577600
02-10 20:33:27.780 31076 31076 E ArmVmp : Match on catch block at 0xc3 in for 0xa9
02-10 20:33:27.785 31076 31076 E ArmVmp : Match on catch block at 0xc3 in for 0xa1
02-10 20:33:27.788 31076 31076 E ArmVmp : Match on catch block at 0xc3 in for 0xa1
02-10 20:33:27.835 31076 31076 E ArmVmp : Match on catch block at 0xc3 in for 0xa5
02-10 20:33:27.839 31076 31076 E ArmVmp : Match on catch block at 0xc3 in for 0xa9
02-10 20:33:27.841 31076 31076 E ArmVmp : Match on catch block at 0xc3 in for 0xa9
02-10 20:33:27.868 31076 31076 E ArmVmp : Match on catch block at 0xc3 in for 0xa5
02-10 20:33:27.872 31076 31076 E ArmVmp : Match on catch block at 0xc3 in for 0xa9
02-10 20:33:27.876 31076 31076 E ArmVmp : Match on catch block at 0xc3 in for 0xa9
02-10 20:33:27.904 31076 31076 E ArmVmp : Match on catch block at 0xc3 in for 0xa9
02-10 20:33:27.908 31076 31076 E ArmVmp : Match on catch block at 0xc3 in for 0xa1
02-10 20:33:27.910 31076 31076 E ArmVmp : Match on catch block at 0xc3 in for 0xa1
02-10 20:33:27.917 31076 31076 E ArmVmp : Match on catch block at 0xc3 in for 0xa5
02-10 20:33:27.921 31076 31076 E ArmVmp : Match on catch block at 0xc3 in for 0xa9
02-10 20:33:27.924 31076 31076 E ArmVmp : Match on catch block at 0xc3 in for 0xa9
02-10 20:33:28.318 31076 31076 E ArmVmp : Match on catch block at 0xc3 in for 0xa9
02-10 20:33:28.322 31076 31076 E ArmVmp : Match on catch block at 0xc3 in for 0xa1
02-10 20:33:28.324 31076 31076 E ArmVmp : Match on catch block at 0xc3 in for 0xa1
02-10 20:33:28.378 31076 31076 E ArmVmp : Match on catch block at 0xc3 in for 0xa1
02-10 20:33:28.382 31076 31076 E ArmVmp : Match on catch block at 0xc3 in for 0xa5
02-10 20:33:28.385 31076 31076 E ArmVmp : Match on catch block at 0xc3 in for 0xa5
02-10 20:33:28.386 31076 31115 E : nFreeSize: 3463573504
02-10 20:33:28.408 31076 31076 E ArmVmp : Match on catch block at 0xc3 in for 0xa1
02-10 20:33:28.413 31076 31076 E ArmVmp : Match on catch block at 0xc3 in for 0xa5
02-10 20:33:28.416 31076 31076 E ArmVmp : Match on catch block at 0xc3 in for 0xa5
02-10 20:33:28.802 31076 31076 E ArmVmp : Match on catch block at 0xc3 in for 0xa9
02-10 20:33:28.806 31076 31076 E ArmVmp : Match on catch block at 0xc3 in for 0xa1
02-10 20:33:28.808 31076 31076 E ArmVmp : Match on catch block at 0xc3 in for 0xa1
02-10 20:33:29.301 31076 31076 E ArmVmp : Match on catch block at 0xc3 in for 0xa1
02-10 20:33:29.305 31076 31076 E ArmVmp : Match on catch block at 0xc3 in for 0xa5
02-10 20:33:29.307 31076 31076 E ArmVmp : Match on catch block at 0xc3 in for 0xa5
02-10 20:33:29.369 31076 31076 E ArmVmp : Match on catch block at 0xc3 in for 0xa5
02-10 20:33:29.373 31076 31076 E ArmVmp : Match on catch block at 0xc3 in for 0xa9
02-10 20:33:29.375 31076 31076 E ArmVmp : Match on catch block at 0xc3 in for 0xa9
02-10 20:33:29.386 31076 31076 E ArmVmp : Match on catch block at 0xc3 in for 0xa9
02-10 20:33:29.391 31076 31076 E ArmVmp : Match on catch block at 0xc3 in for 0xa1
02-10 20:33:29.394 31076 31076 E ArmVmp : Match on catch block at 0xc3 in for 0xa1
02-10 20:33:29.402 31076 31076 E ArmVmp : Match on catch block at 0xc3 in for 0xa1
02-10 20:33:29.406 31076 31076 E ArmVmp : Match on catch block at 0xc3 in for 0xa5
02-10 20:33:29.410 31076 31076 E ArmVmp : Match on catch block at 0xc3 in for 0xa5
02-10 20:33:29.420 31076 31076 E ArmVmp : Match on catch block at 0xc3 in for 0xa9
02-10 20:33:29.424 31076 31076 E ArmVmp : Match on catch block at 0xc3 in for 0xa1
02-10 20:33:29.427 31076 31076 E ArmVmp : Match on catch block at 0xc3 in for 0xa1
02-10 20:33:29.446 31076 31076 E ArmVmp : Match on catch block at 0xc3 in for 0xa9
02-10 20:33:29.452 31076 31076 E ArmVmp : Match on catch block at 0xc3 in for 0xa1
02-10 20:33:29.455 31076 31076 E ArmVmp : Match on catch block at 0xc3 in for 0xa1
02-10 20:33:29.465 31076 31076 E ArmVmp : Match on catch block at 0xc3 in for 0xa9
02-10 20:33:29.470 31076 31076 E ArmVmp : Match on catch block at 0xc3 in for 0xa1
02-10 20:33:29.473 31076 31076 E ArmVmp : Match on catch block at 0xc3 in for 0xa1
02-10 20:33:29.483 31076 31076 E ArmVmp : Match on catch block at 0xc3 in for 0xa9
02-10 20:33:29.488 31076 31076 E ArmVmp : Match on catch block at 0xc3 in for 0xa1
02-10 20:33:29.492 31076 31076 E ArmVmp : Match on catch block at 0xc3 in for 0xa1
02-10 20:33:29.505 31076 31076 E ArmVmp : Match on catch block at 0xc3 in for 0xa9
02-10 20:33:29.511 31076 31076 E ArmVmp : Match on catch block at 0xc3 in for 0xa1
02-10 20:33:29.515 31076 31076 E ArmVmp : Match on catch block at 0xc3 in for 0xa1
02-10 20:33:29.527 31076 31076 E ArmVmp : Match on catch block at 0xc3 in for 0xa9
02-10 20:33:29.534 31076 31076 E ArmVmp : Match on catch block at 0xc3 in for 0xa1
02-10 20:33:29.538 31076 31076 E ArmVmp : Match on catch block at 0xc3 in for 0xa1
02-10 20:33:29.552 31076 31076 E ArmVmp : Match on catch block at 0xc3 in for 0xa9
02-10 20:33:29.558 31076 31076 E ArmVmp : Match on catch block at 0xc3 in for 0xa1
02-10 20:33:29.561 31076 31076 E ArmVmp : Match on catch block at 0xc3 in for 0xa1
02-10 20:33:29.574 31076 31076 E ArmVmp : Match on catch block at 0xc3 in for 0xa9
02-10 20:33:29.580 31076 31076 E ArmVmp : Match on catch block at 0xc3 in for 0xa1
02-10 20:33:29.583 31076 31076 E ArmVmp : Match on catch block at 0xc3 in for 0xa1
02-10 20:33:29.595 31076 31076 E ArmVmp : Match on catch block at 0xc3 in for 0xa9
02-10 20:33:29.600 31076 31076 E ArmVmp : Match on catch block at 0xc3 in for 0xa1
02-10 20:33:29.604 31076 31076 E ArmVmp : Match on catch block at 0xc3 in for 0xa1
02-10 20:33:29.615 31076 31076 E ArmVmp : Match on catch block at 0xc3 in for 0xa9
02-10 20:33:29.621 31076 31076 E ArmVmp : Match on catch block at 0xc3 in for 0xa1
02-10 20:33:29.625 31076 31076 E ArmVmp : Match on catch block at 0xc3 in for 0xa1
02-10 20:33:29.635 31076 31076 E ArmVmp : Match on catch block at 0xc3 in for 0xa1
02-10 20:33:29.641 31076 31076 E ArmVmp : Match on catch block at 0xc3 in for 0xa5
02-10 20:33:29.645 31076 31076 E ArmVmp : Match on catch block at 0xc3 in for 0xa5
02-10 20:33:29.660 31076 31114 E : nFreeSize: 3463598080
02-10 20:33:29.801 31076 31076 E ArmVmp : Match on catch block at 0xc3 in for 0xa9
02-10 20:33:29.807 31076 31076 E ArmVmp : Match on catch block at 0xc3 in for 0xa1
02-10 20:33:29.809 31076 31076 E ArmVmp : Match on catch block at 0xc3 in for 0xa1
02-10 20:33:29.924 31076 31121 E : nFreeSize: 3463602176
02-10 20:33:30.042 31076 31115 E : nFreeSize: 3463598080
02-10 20:33:30.228 31076 31076 E ArmVmp : Match on catch block at 0xc3 in for 0xa9
02-10 20:33:30.234 31076 31076 E ArmVmp : Match on catch block at 0xc3 in for 0xa1
02-10 20:33:30.237 31076 31076 E ArmVmp : Match on catch block at 0xc3 in for 0xa1
02-10 20:33:30.266 31076 31076 E ArmVmp : Match on catch block at 0xc3 in for 0xa5
02-10 20:33:30.272 31076 31076 E ArmVmp : Match on catch block at 0xc3 in for 0xa9
02-10 20:33:30.276 31076 31076 E ArmVmp : Match on catch block at 0xc3 in for 0xa9
02-10 20:33:30.300 31076 31076 E ArmVmp : Match on catch block at 0xc3 in for 0xa1
02-10 20:33:30.306 31076 31076 E ArmVmp : Match on catch block at 0xc3 in for 0xa5
02-10 20:33:30.310 31076 31076 E ArmVmp : Match on catch block at 0xc3 in for 0xa5
02-10 20:33:30.572 31076 31076 E ArmVmp : Match on catch block at 0xc3 in for 0xa5
02-10 20:33:30.576 31076 31076 E ArmVmp : Match on catch block at 0xc3 in for 0xa9
02-10 20:33:30.579 31076 31076 E ArmVmp : Match on catch block at 0xc3 in for 0xa9
02-10 20:33:30.587 31076 31076 E ArmVmp : Match on catch block at 0xc3 in for 0xa1
02-10 20:33:30.592 31076 31076 E ArmVmp : Match on catch block at 0xc3 in for 0xa5
02-10 20:33:30.595 31076 31076 E ArmVmp : Match on catch block at 0xc3 in for 0xa5
02-10 20:33:30.800 31076 31076 E ArmVmp : Match on catch block at 0xc3 in for 0xa9
02-10 20:33:30.805 31076 31076 E ArmVmp : Match on catch block at 0xc3 in for 0xa1
02-10 20:33:30.808 31076 31076 E ArmVmp : Match on catch block at 0xc3 in for 0xa1
02-10 20:33:31.300 31076 31076 E ArmVmp : Match on catch block at 0xc3 in for 0xa1
02-10 20:33:31.304 31076 31076 E ArmVmp : Match on catch block at 0xc3 in for 0xa5
02-10 20:33:31.306 31076 31076 E ArmVmp : Match on catch block at 0xc3 in for 0xa5
02-10 20:33:31.347 31076 31126 E : nFreeSize: 3463593984
02-10 20:33:31.349 31076 31126 E : nFreeSize: 3463593984
02-10 20:33:31.799 31076 31076 E ArmVmp : Match on catch block at 0xc3 in for 0xa9
02-10 20:33:31.808 31076 31076 E ArmVmp : Match on catch block at 0xc3 in for 0xa1
02-10 20:33:31.811 31076 31076 E ArmVmp : Match on catch block at 0xc3 in for 0xa1
02-10 20:33:32.182 31076 31076 E ArmVmp : Match on catch block at 0xc3 in for 0xa5
02-10 20:33:32.187 31076 31076 E ArmVmp : Match on catch block at 0xc3 in for 0xa9
02-10 20:33:32.189 31076 31076 E ArmVmp : Match on catch block at 0xc3 in for 0xa9
02-10 20:33:32.198 31076 31076 E ArmVmp : Match on catch block at 0xc3 in for 0xa1
02-10 20:33:32.203 31076 31076 E ArmVmp : Match on catch block at 0xc3 in for 0xa5
02-10 20:33:32.206 31076 31076 E ArmVmp : Match on catch block at 0xc3 in for 0xa5
02-10 20:33:32.215 31076 31076 E ArmVmp : Match on catch block at 0xc3 in for 0xa9
02-10 20:33:32.220 31076 31076 E ArmVmp : Match on catch block at 0xc3 in for 0xa1
02-10 20:33:32.224 31076 31076 E ArmVmp : Match on catch block at 0xc3 in for 0xa1
02-10 20:33:32.234 31076 31076 E ArmVmp : Match on catch block at 0xc3 in for 0xa5
02-10 20:33:32.239 31076 31076 E ArmVmp : Match on catch block at 0xc3 in for 0xa9
02-10 20:33:32.241 31076 31076 E ArmVmp : Match on catch block at 0xc3 in for 0xa9
02-10 20:33:32.252 31076 31076 E ArmVmp : Match on catch block at 0xc3 in for 0xa1
02-10 20:33:32.257 31076 31076 E ArmVmp : Match on catch block at 0xc3 in for 0xa5
02-10 20:33:32.260 31076 31076 E ArmVmp : Match on catch block at 0xc3 in for 0xa5
02-10 20:33:32.270 31076 31076 E ArmVmp : Match on catch block at 0xc3 in for 0xa9
02-10 20:33:32.275 31076 31076 E ArmVmp : Match on catch block at 0xc3 in for 0xa1
02-10 20:33:32.278 31076 31076 E ArmVmp : Match on catch block at 0xc3 in for 0xa1
02-10 20:33:32.288 31076 31076 E ArmVmp : Match on catch block at 0xc3 in for 0xa5
02-10 20:33:32.292 31076 31076 E ArmVmp : Match on catch block at 0xc3 in for 0xa9
02-10 20:33:32.295 31076 31076 E ArmVmp : Match on catch block at 0xc3 in for 0xa9
02-10 20:33:32.305 31076 31076 E ArmVmp : Match on catch block at 0xc3 in for 0xa1
02-10 20:33:32.310 31076 31076 E ArmVmp : Match on catch block at 0xc3 in for 0xa5
02-10 20:33:32.313 31076 31076 E ArmVmp : Match on catch block at 0xc3 in for 0xa5
02-10 20:33:32.323 31076 31076 E ArmVmp : Match on catch block at 0xc3 in for 0xa9
02-10 20:33:32.328 31076 31076 E ArmVmp : Match on catch block at 0xc3 in for 0xa1
02-10 20:33:32.331 31076 31076 E ArmVmp : Match on catch block at 0xc3 in for 0xa1
02-10 20:33:32.341 31076 31076 E ArmVmp : Match on catch block at 0xc3 in for 0xa5
02-10 20:33:32.345 31076 31076 E ArmVmp : Match on catch block at 0xc3 in for 0xa9
02-10 20:33:32.348 31076 31076 E ArmVmp : Match on catch block at 0xc3 in for 0xa9
02-10 20:33:32.359 31076 31076 E ArmVmp : Match on catch block at 0xc3 in for 0xa1
02-10 20:33:32.364 31076 31076 E ArmVmp : Match on catch block at 0xc3 in for 0xa5
02-10 20:33:32.368 31076 31076 E ArmVmp : Match on catch block at 0xc3 in for 0xa5
02-10 20:33:32.381 31076 31076 E ArmVmp : Match on catch block at 0xc3 in for 0xa9
02-10 20:33:32.386 31076 31076 E ArmVmp : Match on catch block at 0xc3 in for 0xa1
02-10 20:33:32.389 31076 31076 E ArmVmp : Match on catch block at 0xc3 in for 0xa1
02-10 20:33:32.398 31076 31076 E ArmVmp : Match on catch block at 0xc3 in for 0xa5
02-10 20:33:32.403 31076 31076 E ArmVmp : Match on catch block at 0xc3 in for 0xa9
02-10 20:33:32.406 31076 31076 E ArmVmp : Match on catch block at 0xc3 in for 0xa9
02-10 20:33:32.415 31076 31076 E ArmVmp : Match on catch block at 0xc3 in for 0xa1
02-10 20:33:32.420 31076 31076 E ArmVmp : Match on catch block at 0xc3 in for 0xa5
02-10 20:33:32.423 31076 31076 E ArmVmp : Match on catch block at 0xc3 in for 0xa5
02-10 20:33:32.433 31076 31076 E ArmVmp : Match on catch block at 0xc3 in for 0xa9
02-10 20:33:32.437 31076 31076 E ArmVmp : Match on catch block at 0xc3 in for 0xa1
02-10 20:33:32.440 31076 31076 E ArmVmp : Match on catch block at 0xc3 in for 0xa1
02-10 20:33:32.717 31076 31076 W StaticLayout: maxLineHeight should not be -1.
maxLines:1 lineCount:1
02-10 20:33:32.720 31076 31076 W StaticLayout: maxLineHeight should not be -1.
maxLines:1 lineCount:1
02-10 20:33:32.725 31076 31076 E ArmVmp : Match on catch block at 0xc3 in for 0xa5
02-10 20:33:32.729 31076 31076 E ArmVmp : Match on catch block at 0xc3 in for 0xa9
02-10 20:33:32.731 31076 31076 E ArmVmp : Match on catch block at 0xc3 in for 0xa9
02-10 20:33:32.741 31076 31076 E ArmVmp : Match on catch block at 0xc3 in for 0xa1
02-10 20:33:32.746 31076 31076 E ArmVmp : Match on catch block at 0xc3 in for 0xa5
02-10 20:33:32.749 31076 31076 E ArmVmp : Match on catch block at 0xc3 in for 0xa5
02-10 20:33:32.831 31076 31076 E ArmVmp : Match on catch block at 0xc3 in for 0xa9
02-10 20:33:32.835 31076 31076 E ArmVmp : Match on catch block at 0xc3 in for 0xa1
02-10 20:33:32.838 31076 31076 E ArmVmp : Match on catch block at 0xc3 in for 0xa1
02-10 20:33:33.331 31076 31076 E ArmVmp : Match on catch block at 0xc3 in for 0xa5
02-10 20:33:33.335 31076 31076 E ArmVmp : Match on catch block at 0xc3 in for 0xa9
02-10 20:33:33.338 31076 31076 E ArmVmp : Match on catch block at 0xc3 in for 0xa9
02-10 20:33:33.529 31076 31076 E ArmVmp : Match on catch block at 0xc3 in for 0xa9
02-10 20:33:33.533 31076 31076 E ArmVmp : Match on catch block at 0xc3 in for 0xa1
02-10 20:33:33.535 31076 31076 E ArmVmp : Match on catch block at 0xc3 in for 0xa1
02-10 20:33:33.542 31076 31076 E ArmVmp : Match on catch block at 0xc3 in for 0xa5
02-10 20:33:33.546 31076 31076 E ArmVmp : Match on catch block at 0xc3 in for 0xa9
02-10 20:33:33.549 31076 31076 E ArmVmp : Match on catch block at 0xc3 in for 0xa9
02-10 20:33:33.831 31076 31076 E ArmVmp : Match on catch block at 0xc3 in for 0xa1
02-10 20:33:33.835 31076 31076 E ArmVmp : Match on catch block at 0xc3 in for 0xa5
02-10 20:33:33.838 31076 31076 E ArmVmp : Match on catch block at 0xc3 in for 0xa5
02-10 20:33:34.349 31076 31076 E ArmVmp : Match on catch block at 0xc3 in for 0xa9
02-10 20:33:34.354 31076 31076 E ArmVmp : Match on catch block at 0xc3 in for 0xa1
02-10 20:33:34.357 31076 31076 E ArmVmp : Match on catch block at 0xc3 in for 0xa1
02-10 20:33:34.501 31076 31126 E : nFreeSize: 3463593984
02-10 20:33:34.506 31076 31126 E : nFreeSize: 3463593984
02-10 20:33:34.847 31076 31076 E ArmVmp : Match on catch block at 0xc3 in for 0xa5
02-10 20:33:34.852 31076 31076 E ArmVmp : Match on catch block at 0xc3 in for 0xa9
02-10 20:33:34.855 31076 31076 E ArmVmp : Match on catch block at 0xc3 in for 0xa9
02-10 20:33:35.130 31076 31076 E ArmVmp : Match on catch block at 0xc3 in for 0xa1
02-10 20:33:35.135 31076 31076 E ArmVmp : Match on catch block at 0xc3 in for 0xa5
02-10 20:33:35.138 31076 31076 E ArmVmp : Match on catch block at 0xc3 in for 0xa5
02-10 20:33:35.146 31076 31076 E ArmVmp : Match on catch block at 0xc3 in for 0xa9
02-10 20:33:35.151 31076 31076 E ArmVmp : Match on catch block at 0xc3 in for 0xa1
02-10 20:33:35.154 31076 31076 E ArmVmp : Match on catch block at 0xc3 in for 0xa1
02-10 20:33:35.167 31076 31076 E ArmVmp : Match on catch block at 0xc3 in for 0xa5
02-10 20:33:35.172 31076 31076 E ArmVmp : Match on catch block at 0xc3 in for 0xa9
02-10 20:33:35.176 31076 31076 E ArmVmp : Match on catch block at 0xc3 in for 0xa9
02-10 20:33:35.187 31076 31076 E ArmVmp : Match on catch block at 0xc3 in for 0xa1
02-10 20:33:35.193 31076 31076 E ArmVmp : Match on catch block at 0xc3 in for 0xa5
02-10 20:33:35.196 31076 31076 E ArmVmp : Match on catch block at 0xc3 in for 0xa5
02-10 20:33:35.207 31076 31076 E ArmVmp : Match on catch block at 0xc3 in for 0xa9
02-10 20:33:35.213 31076 31076 E ArmVmp : Match on catch block at 0xc3 in for 0xa1
02-10 20:33:35.216 31076 31076 E ArmVmp : Match on catch block at 0xc3 in for 0xa1
02-10 20:33:35.229 31076 31076 E ArmVmp : Match on catch block at 0xc3 in for 0xa5
02-10 20:33:35.235 31076 31076 E ArmVmp : Match on catch block at 0xc3 in for 0xa9
02-10 20:33:35.238 31076 31076 E ArmVmp : Match on catch block at 0xc3 in for 0xa9
02-10 20:33:35.248 31076 31076 E ArmVmp : Match on catch block at 0xc3 in for 0xa1
02-10 20:33:35.253 31076 31076 E ArmVmp : Match on catch block at 0xc3 in for 0xa5
02-10 20:33:35.256 31076 31076 E ArmVmp : Match on catch block at 0xc3 in for 0xa5
02-10 20:33:35.267 31076 31076 E ArmVmp : Match on catch block at 0xc3 in for 0xa9
02-10 20:33:35.272 31076 31076 E ArmVmp : Match on catch block at 0xc3 in for 0xa1
02-10 20:33:35.275 31076 31076 E ArmVmp : Match on catch block at 0xc3 in for 0xa1
02-10 20:33:35.288 31076 31076 E ArmVmp : Match on catch block at 0xc3 in for 0xa5
02-10 20:33:35.293 31076 31076 E ArmVmp : Match on catch block at 0xc3 in for 0xa9
02-10 20:33:35.297 31076 31076 E ArmVmp : Match on catch block at 0xc3 in for 0xa9
02-10 20:33:35.308 31076 31076 E ArmVmp : Match on catch block at 0xc3 in for 0xa1
02-10 20:33:35.314 31076 31076 E ArmVmp : Match on catch block at 0xc3 in for 0xa5
02-10 20:33:35.317 31076 31076 E ArmVmp : Match on catch block at 0xc3 in for 0xa5
02-10 20:33:35.329 31076 31076 E ArmVmp : Match on catch block at 0xc3 in for 0xa9
02-10 20:33:35.335 31076 31076 E ArmVmp : Match on catch block at 0xc3 in for 0xa1
02-10 20:33:35.338 31076 31076 E ArmVmp : Match on catch block at 0xc3 in for 0xa1
02-10 20:33:35.348 31076 31076 E ArmVmp : Match on catch block at 0xc3 in for 0xa5
02-10 20:33:35.354 31076 31076 E ArmVmp : Match on catch block at 0xc3 in for 0xa9
02-10 20:33:35.357 31076 31076 E ArmVmp : Match on catch block at 0xc3 in for 0xa9
02-10 20:33:35.368 31076 31076 E ArmVmp : Match on catch block at 0xc3 in for 0xa1
02-10 20:33:35.374 31076 31076 E ArmVmp : Match on catch block at 0xc3 in for 0xa5
02-10 20:33:35.377 31076 31076 E ArmVmp : Match on catch block at 0xc3 in for 0xa5
02-10 20:33:35.389 31076 31076 E ArmVmp : Match on catch block at 0xc3 in for 0xa9
02-10 20:33:35.394 31076 31076 E ArmVmp : Match on catch block at 0xc3 in for 0xa1
02-10 20:33:35.398 31076 31076 E ArmVmp : Match on catch block at 0xc3 in for 0xa1
02-10 20:33:35.864 31076 31076 E ArmVmp : Match on catch block at 0xc3 in for 0xa5
02-10 20:33:35.869 31076 31076 E ArmVmp : Match on catch block at 0xc3 in for 0xa9
02-10 20:33:35.872 31076 31076 E ArmVmp : Match on catch block at 0xc3 in for 0xa9
02-10 20:33:36.007 31076 31076 W StaticLayout: maxLineHeight should not be -1.
maxLines:1 lineCount:1
02-10 20:33:36.009 31076 31076 W StaticLayout: maxLineHeight should not be -1.
maxLines:1 lineCount:1
02-10 20:33:36.014 31076 31076 E ArmVmp : Match on catch block at 0xc3 in for 0xa1
02-10 20:33:36.018 31076 31076 E ArmVmp : Match on catch block at 0xc3 in for 0xa5
02-10 20:33:36.021 31076 31076 E ArmVmp : Match on catch block at 0xc3 in for 0xa5
02-10 20:33:36.031 31076 31076 E ArmVmp : Match on catch block at 0xc3 in for 0xa9
02-10 20:33:36.038 31076 31076 E ArmVmp : Match on catch block at 0xc3 in for 0xa1
02-10 20:33:36.042 31076 31076 E ArmVmp : Match on catch block at 0xc3 in for 0xa1
02-10 20:33:36.246 31076 31076 E ArmVmp : Match on catch block at 0xc3 in for 0xa1
02-10 20:33:36.250 31076 31076 E ArmVmp : Match on catch block at 0xc3 in for 0xa5
02-10 20:33:36.253 31076 31076 E ArmVmp : Match on catch block at 0xc3 in for 0xa5
02-10 20:33:36.261 31076 31076 E ArmVmp : Match on catch block at 0xc3 in for 0xa9
02-10 20:33:36.267 31076 31076 E ArmVmp : Match on catch block at 0xc3 in for 0xa1
02-10 20:33:36.270 31076 31076 E ArmVmp : Match on catch block at 0xc3 in for 0xa1
02-10 20:33:36.362 31076 31076 E ArmVmp : Match on catch block at 0xc3 in for 0xa5
02-10 20:33:36.367 31076 31076 E ArmVmp : Match on catch block at 0xc3 in for 0xa9
02-10 20:33:36.370 31076 31076 E ArmVmp : Match on catch block at 0xc3 in for 0xa9
02-10 20:33:36.862 31076 31076 E ArmVmp : Match on catch block at 0xc3 in for 0xa1
02-10 20:33:36.867 31076 31076 E ArmVmp : Match on catch block at 0xc3 in for 0xa5
02-10 20:33:36.870 31076 31076 E ArmVmp : Match on catch block at 0xc3 in for 0xa5
02-10 20:33:37.234 31076 31126 E : nFreeSize: 3463589888
02-10 20:33:37.239 31076 31126 E : nFreeSize: 3463589888
02-10 20:33:37.361 31076 31076 E ArmVmp : Match on catch block at 0xc3 in for 0xa9
02-10 20:33:37.367 31076 31076 E ArmVmp : Match on catch block at 0xc3 in for 0xa1
02-10 20:33:37.372 31076 31076 E ArmVmp : Match on catch block at 0xc3 in for 0xa1
02-10 20:33:37.846 31076 31076 E ArmVmp : Match on catch block at 0xc3 in for 0xa5
02-10 20:33:37.853 31076 31076 E ArmVmp : Match on catch block at 0xc3 in for 0xa9
02-10 20:33:37.856 31076 31076 E ArmVmp : Match on catch block at 0xc3 in for 0xa9
02-10 20:33:37.864 31076 31076 E ArmVmp : Match on catch block at 0xc3 in for 0xa1
02-10 20:33:37.869 31076 31076 E ArmVmp : Match on catch block at 0xc3 in for 0xa5
02-10 20:33:37.872 31076 31076 E ArmVmp : Match on catch block at 0xc3 in for 0xa5
02-10 20:33:37.883 31076 31076 E ArmVmp : Match on catch block at 0xc3 in for 0xa9
02-10 20:33:37.888 31076 31076 E ArmVmp : Match on catch block at 0xc3 in for 0xa1
02-10 20:33:37.892 31076 31076 E ArmVmp : Match on catch block at 0xc3 in for 0xa1
02-10 20:33:37.904 31076 31076 E ArmVmp : Match on catch block at 0xc3 in for 0xa5
02-10 20:33:37.909 31076 31076 E ArmVmp : Match on catch block at 0xc3 in for 0xa9
02-10 20:33:37.913 31076 31076 E ArmVmp : Match on catch block at 0xc3 in for 0xa9
02-10 20:33:37.927 31076 31076 E ArmVmp : Match on catch block at 0xc3 in for 0xa1
02-10 20:33:37.934 31076 31076 E ArmVmp : Match on catch block at 0xc3 in for 0xa5
02-10 20:33:37.937 31076 31076 E ArmVmp : Match on catch block at 0xc3 in for 0xa5
02-10 20:33:37.946 31076 31076 E ArmVmp : Match on catch block at 0xc3 in for 0xa9
02-10 20:33:37.951 31076 31076 E ArmVmp : Match on catch block at 0xc3 in for 0xa1
