02-11 23:34:12.870 15812 15812 E ArmVmp : Match on catch block at 0xc3 in for 0x95
02-11 23:34:12.875 15812 15812 E ArmVmp : Match on catch block at 0xc3 in for 0x95
02-11 23:34:12.980 15812 15812 E ArmVmp : Match on catch block at 0xc3 in for 0x99
02-11 23:34:12.988 15812 15812 E ArmVmp : Match on catch block at 0xc3 in for 0x91
02-11 23:34:12.992 15812 15812 E ArmVmp : Match on catch block at 0xc3 in for 0x91
02-11 23:34:13.000 15812 15812 E ArmVmp : Match on catch block at 0xc3 in for 0x95
02-11 23:34:13.007 15812 15812 E ArmVmp : Match on catch block at 0xc3 in for 0x99
02-11 23:34:13.016 15812 15812 E ArmVmp : Match on catch block at 0xc3 in for 0x99
02-11 23:34:13.024 15812 15812 E ArmVmp : Match on catch block at 0xc3 in for 0x91
02-11 23:34:13.032 15812 15812 E ArmVmp : Match on catch block at 0xc3 in for 0x95
02-11 23:34:13.036 15812 15812 E ArmVmp : Match on catch block at 0xc3 in for 0x95
02-11 23:34:13.048 15812 15812 E ArmVmp : Match on catch block at 0xc3 in for 0x99
02-11 23:34:13.054 15812 15812 E ArmVmp : Match on catch block at 0xc3 in for 0x91
02-11 23:34:13.058 15812 15812 E ArmVmp : Match on catch block at 0xc3 in for 0x91
02-11 23:34:13.064 15812 15812 E ArmVmp : Match on catch block at 0xc3 in for 0x95
02-11 23:34:13.071 15812 15812 E ArmVmp : Match on catch block at 0xc3 in for 0x99
02-11 23:34:13.074 15812 15812 E ArmVmp : Match on catch block at 0xc3 in for 0x99
02-11 23:34:13.082 15812 15812 E ArmVmp : Match on catch block at 0xc3 in for 0x91
02-11 23:34:13.088 15812 15812 E ArmVmp : Match on catch block at 0xc3 in for 0x95
02-11 23:34:13.092 15812 15812 E ArmVmp : Match on catch block at 0xc3 in for 0x95
02-11 23:34:13.099 15812 15812 E ArmVmp : Match on catch block at 0xc3 in for 0x99
02-11 23:34:13.105 15812 15812 E ArmVmp : Match on catch block at 0xc3 in for 0x91
02-11 23:34:13.108 15812 15812 E ArmVmp : Match on catch block at 0xc3 in for 0x91
02-11 23:34:13.115 15812 15812 E ArmVmp : Match on catch block at 0xc3 in for 0x95
02-11 23:34:13.121 15812 15812 E ArmVmp : Match on catch block at 0xc3 in for 0x99
02-11 23:34:13.124 15812 15812 E ArmVmp : Match on catch block at 0xc3 in for 0x99
02-11 23:34:13.131 15812 15812 E ArmVmp : Match on catch block at 0xc3 in for 0x91
02-11 23:34:13.136 15812 15812 E ArmVmp : Match on catch block at 0xc3 in for 0x95
02-11 23:34:13.140 15812 15812 E ArmVmp : Match on catch block at 0xc3 in for 0x95
02-11 23:34:13.147 15812 15812 E ArmVmp : Match on catch block at 0xc3 in for 0x99
02-11 23:34:13.152 15812 15812 E ArmVmp : Match on catch block at 0xc3 in for 0x91
02-11 23:34:13.156 15812 15812 E ArmVmp : Match on catch block at 0xc3 in for 0x91
02-11 23:34:13.164 15812 15812 E ArmVmp : Match on catch block at 0xc3 in for 0x95
02-11 23:34:13.170 15812 15812 E ArmVmp : Match on catch block at 0xc3 in for 0x99
02-11 23:34:13.173 15812 15812 E ArmVmp : Match on catch block at 0xc3 in for 0x99
02-11 23:34:13.181 15812 15812 E ArmVmp : Match on catch block at 0xc3 in for 0x91
02-11 23:34:13.186 15812 15812 E ArmVmp : Match on catch block at 0xc3 in for 0x95
02-11 23:34:13.189 15812 15812 E ArmVmp : Match on catch block at 0xc3 in for 0x95
02-11 23:34:13.197 15812 15812 E ArmVmp : Match on catch block at 0xc3 in for 0x99
02-11 23:34:13.202 15812 15812 E ArmVmp : Match on catch block at 0xc3 in for 0x91
02-11 23:34:13.205 15812 15812 E ArmVmp : Match on catch block at 0xc3 in for 0x91
02-11 23:34:13.214 15812 15812 E ArmVmp : Match on catch block at 0xc3 in for 0x95
02-11 23:34:13.219 15812 15812 E ArmVmp : Match on catch block at 0xc3 in for 0x99
02-11 23:34:13.222 15812 15812 E ArmVmp : Match on catch block at 0xc3 in for 0x99
02-11 23:34:13.232 15812 15812 E ArmVmp : Match on catch block at 0xc3 in for 0x91
02-11 23:34:13.237 15812 15812 E ArmVmp : Match on catch block at 0xc3 in for 0x95
02-11 23:34:13.240 15812 15812 E ArmVmp : Match on catch block at 0xc3 in for 0x95
02-11 23:34:13.248 15812 15812 E ArmVmp : Match on catch block at 0xc3 in for 0x99
02-11 23:34:13.253 15812 15812 E ArmVmp : Match on catch block at 0xc3 in for 0x91
02-11 23:34:13.256 15812 15812 E ArmVmp : Match on catch block at 0xc3 in for 0x91
02-11 23:34:13.365 15812 15812 E ArmVmp : Match on catch block at 0xc3 in for 0x95
02-11 23:34:13.371 15812 15812 E ArmVmp : Match on catch block at 0xc3 in for 0x99
02-11 23:34:13.375 15812 15812 E ArmVmp : Match on catch block at 0xc3 in for 0x99
02-11 23:34:13.700 15812 15812 E ArmVmp : Match on catch block at 0xc3 in for 0x91
02-11 23:34:13.707 15812 15812 E ArmVmp : Match on catch block at 0xc3 in for 0x95
02-11 23:34:13.709 15812 15812 E ArmVmp : Match on catch block at 0xc3 in for 0x95
02-11 23:34:13.717 15812 15812 E ArmVmp : Match on catch block at 0xc3 in for 0x99
02-11 23:34:13.721 15812 15812 E ArmVmp : Match on catch block at 0xc3 in for 0x91
02-11 23:34:13.724 15812 15812 E ArmVmp : Match on catch block at 0xc3 in for 0x91
02-11 23:34:13.866 15812 15812 E ArmVmp : Match on catch block at 0xc3 in for 0x95
02-11 23:34:13.874 15812 15812 E ArmVmp : Match on catch block at 0xc3 in for 0x99
02-11 23:34:13.878 15812 15812 E ArmVmp : Match on catch block at 0xc3 in for 0x99
02-11 23:34:14.367 15812 15812 E ArmVmp : Match on catch block at 0xc3 in for 0x91
02-11 23:34:14.376 15812 15812 E ArmVmp : Match on catch block at 0xc3 in for 0x95
02-11 23:34:14.384 15812 15812 E ArmVmp : Match on catch block at 0xc3 in for 0x95
02-11 23:34:14.453 15812 15812 E ArmVmp : Match on catch block at 0xc3 in for 0x91
02-11 23:34:14.458 15812 15812 E ArmVmp : Match on catch block at 0xc3 in for 0x95
02-11 23:34:14.464 15812 15812 E ArmVmp : Match on catch block at 0xc3 in for 0x95
02-11 23:34:14.476 15812 15812 E ArmVmp : Match on catch block at 0xc3 in for 0x99
02-11 23:34:14.483 15812 15812 E ArmVmp : Match on catch block at 0xc3 in for 0x91
02-11 23:34:14.488 15812 15812 E ArmVmp : Match on catch block at 0xc3 in for 0x91
02-11 23:34:14.868 15812 15812 E ArmVmp : Match on catch block at 0xc3 in for 0x95
02-11 23:34:14.874 15812 15812 E ArmVmp : Match on catch block at 0xc3 in for 0x99
02-11 23:34:14.878 15812 15812 E ArmVmp : Match on catch block at 0xc3 in for 0x99
02-11 23:34:15.370 15812 15812 E ArmVmp : Match on catch block at 0xc3 in for 0x91
02-11 23:34:15.377 15812 15812 E ArmVmp : Match on catch block at 0xc3 in for 0x95
02-11 23:34:15.382 15812 15812 E ArmVmp : Match on catch block at 0xc3 in for 0x95
02-11 23:34:15.872 15812 15812 E ArmVmp : Match on catch block at 0xc3 in for 0x99
02-11 23:34:15.879 15812 15812 E ArmVmp : Match on catch block at 0xc3 in for 0x91
02-11 23:34:15.883 15812 15812 E ArmVmp : Match on catch block at 0xc3 in for 0x91
02-11 23:34:16.022 15812 15812 E ArmVmp : Match on catch block at 0xc3 in for 0x95
02-11 23:34:16.028 15812 15812 E ArmVmp : Match on catch block at 0xc3 in for 0x99
02-11 23:34:16.032 15812 15812 E ArmVmp : Match on catch block at 0xc3 in for 0x99
02-11 23:34:16.038 15812 15812 E ArmVmp : Match on catch block at 0xc3 in for 0x91
02-11 23:34:16.045 15812 15812 E ArmVmp : Match on catch block at 0xc3 in for 0x95
02-11 23:34:16.049 15812 15812 E ArmVmp : Match on catch block at 0xc3 in for 0x95
02-11 23:34:16.057 15812 15812 E ArmVmp : Match on catch block at 0xc3 in for 0x99
02-11 23:34:16.063 15812 15812 E ArmVmp : Match on catch block at 0xc3 in for 0x91
02-11 23:34:16.068 15812 15812 E ArmVmp : Match on catch block at 0xc3 in for 0x91
02-11 23:34:16.075 15812 15812 E ArmVmp : Match on catch block at 0xc3 in for 0x95
02-11 23:34:16.080 15812 15812 E ArmVmp : Match on catch block at 0xc3 in for 0x99
02-11 23:34:16.085 15812 15812 E ArmVmp : Match on catch block at 0xc3 in for 0x99
02-11 23:34:16.092 15812 15812 E ArmVmp : Match on catch block at 0xc3 in for 0x91
02-11 23:34:16.099 15812 15812 E ArmVmp : Match on catch block at 0xc3 in for 0x95
02-11 23:34:16.103 15812 15812 E ArmVmp : Match on catch block at 0xc3 in for 0x95
02-11 23:34:16.110 15812 15812 E ArmVmp : Match on catch block at 0xc3 in for 0x99
02-11 23:34:16.116 15812 15812 E ArmVmp : Match on catch block at 0xc3 in for 0x91
02-11 23:34:16.123 15812 15812 E ArmVmp : Match on catch block at 0xc3 in for 0x91
02-11 23:34:16.128 15812 15812 E ArmVmp : Match on catch block at 0xc3 in for 0x95
02-11 23:34:16.134 15812 15812 E ArmVmp : Match on catch block at 0xc3 in for 0x99
02-11 23:34:16.140 15812 15812 E ArmVmp : Match on catch block at 0xc3 in for 0x99
02-11 23:34:16.144 15812 15812 E ArmVmp : Match on catch block at 0xc3 in for 0x91
02-11 23:34:16.150 15812 15812 E ArmVmp : Match on catch block at 0xc3 in for 0x95
02-11 23:34:16.155 15812 15812 E ArmVmp : Match on catch block at 0xc3 in for 0x95
02-11 23:34:16.160 15812 15812 E ArmVmp : Match on catch block at 0xc3 in for 0x99
02-11 23:34:16.165 15812 15812 E ArmVmp : Match on catch block at 0xc3 in for 0x91
02-11 23:34:16.169 15812 15812 E ArmVmp : Match on catch block at 0xc3 in for 0x91
02-11 23:34:16.175 15812 15812 E ArmVmp : Match on catch block at 0xc3 in for 0x95
02-11 23:34:16.180 15812 15812 E ArmVmp : Match on catch block at 0xc3 in for 0x99
02-11 23:34:16.184 15812 15812 E ArmVmp : Match on catch block at 0xc3 in for 0x99
02-11 23:34:16.191 15812 15812 E ArmVmp : Match on catch block at 0xc3 in for 0x91
02-11 23:34:16.196 15812 15812 E ArmVmp : Match on catch block at 0xc3 in for 0x95
02-11 23:34:16.199 15812 15812 E ArmVmp : Match on catch block at 0xc3 in for 0x95
02-11 23:34:16.206 15812 15812 E ArmVmp : Match on catch block at 0xc3 in for 0x99
02-11 23:34:16.211 15812 15812 E ArmVmp : Match on catch block at 0xc3 in for 0x91
02-11 23:34:16.214 15812 15812 E ArmVmp : Match on catch block at 0xc3 in for 0x91
02-11 23:34:16.221 15812 15812 E ArmVmp : Match on catch block at 0xc3 in for 0x95
02-11 23:34:16.227 15812 15812 E ArmVmp : Match on catch block at 0xc3 in for 0x99
02-11 23:34:16.230 15812 15812 E ArmVmp : Match on catch block at 0xc3 in for 0x99
02-11 23:34:16.239 15812 15812 E ArmVmp : Match on catch block at 0xc3 in for 0x91
02-11 23:34:16.244 15812 15812 E ArmVmp : Match on catch block at 0xc3 in for 0x95
02-11 23:34:16.247 15812 15812 E ArmVmp : Match on catch block at 0xc3 in for 0x95
02-11 23:34:16.255 15812 15812 E ArmVmp : Match on catch block at 0xc3 in for 0x99
02-11 23:34:16.261 15812 15812 E ArmVmp : Match on catch block at 0xc3 in for 0x91
02-11 23:34:16.264 15812 15812 E ArmVmp : Match on catch block at 0xc3 in for 0x91
02-11 23:34:16.271 15812 15812 E ArmVmp : Match on catch block at 0xc3 in for 0x95
02-11 23:34:16.276 15812 15812 E ArmVmp : Match on catch block at 0xc3 in for 0x99
02-11 23:34:16.280 15812 15812 E ArmVmp : Match on catch block at 0xc3 in for 0x99
02-11 23:34:16.355 15812 15812 E ArmVmp : Match on catch block at 0xc3 in for 0x91
02-11 23:34:16.360 15812 15812 E ArmVmp : Match on catch block at 0xc3 in for 0x95
02-11 23:34:16.364 15812 15812 E ArmVmp : Match on catch block at 0xc3 in for 0x95
02-11 23:34:16.399 15812 15812 E ArmVmp : Match on catch block at 0xc3 in for 0x95
02-11 23:34:16.404 15812 15812 E ArmVmp : Match on catch block at 0xc3 in for 0x99
02-11 23:34:16.408 15812 15812 E ArmVmp : Match on catch block at 0xc3 in for 0x99
02-11 23:34:16.423 15812 15812 E ArmVmp : Match on catch block at 0xc3 in for 0x99
02-11 23:34:16.428 15812 15812 E ArmVmp : Match on catch block at 0xc3 in for 0x91
02-11 23:34:16.432 15812 15812 E ArmVmp : Match on catch block at 0xc3 in for 0x91
02-11 23:34:16.455 15812 15812 E ArmVmp : Match on catch block at 0xc3 in for 0x95
02-11 23:34:16.464 15812 15812 E ArmVmp : Match on catch block at 0xc3 in for 0x99
02-11 23:34:16.467 15812 15812 E ArmVmp : Match on catch block at 0xc3 in for 0x99
02-11 23:34:16.474 15812 15812 E ArmVmp : Match on catch block at 0xc3 in for 0x91
02-11 23:34:16.480 15812 15812 E ArmVmp : Match on catch block at 0xc3 in for 0x95
02-11 23:34:16.485 15812 15812 E ArmVmp : Match on catch block at 0xc3 in for 0x95
02-11 23:34:16.507 15812 15812 E ArmVmp : Match on catch block at 0xc3 in for 0x99
02-11 23:34:16.511 15812 15812 E ArmVmp : Match on catch block at 0xc3 in for 0x91
02-11 23:34:16.514 15812 15812 E ArmVmp : Match on catch block at 0xc3 in for 0x91
02-11 23:34:16.526 15812 15812 E ArmVmp : Match on catch block at 0xc3 in for 0x95
02-11 23:34:16.530 15812 15812 E ArmVmp : Match on catch block at 0xc3 in for 0x99
02-11 23:34:16.534 15812 15812 E ArmVmp : Match on catch block at 0xc3 in for 0x99
02-11 23:34:16.542 15812 15812 E ArmVmp : Match on catch block at 0xc3 in for 0x91
02-11 23:34:16.547 15812 15812 E ArmVmp : Match on catch block at 0xc3 in for 0x95
02-11 23:34:16.550 15812 15812 E ArmVmp : Match on catch block at 0xc3 in for 0x95
02-11 23:34:16.557 15812 15812 E ArmVmp : Match on catch block at 0xc3 in for 0x99
02-11 23:34:16.563 15812 15812 E ArmVmp : Match on catch block at 0xc3 in for 0x91
02-11 23:34:16.567 15812 15812 E ArmVmp : Match on catch block at 0xc3 in for 0x91
02-11 23:34:16.572 15812 15812 E ArmVmp : Match on catch block at 0xc3 in for 0x95
02-11 23:34:16.579 15812 15812 E ArmVmp : Match on catch block at 0xc3 in for 0x99
02-11 23:34:16.584 15812 15812 E ArmVmp : Match on catch block at 0xc3 in for 0x99
02-11 23:34:16.591 15812 15812 E ArmVmp : Match on catch block at 0xc3 in for 0x91
02-11 23:34:16.596 15812 15812 E ArmVmp : Match on catch block at 0xc3 in for 0x95
02-11 23:34:16.599 15812 15812 E ArmVmp : Match on catch block at 0xc3 in for 0x95
02-11 23:34:16.907 15812 15812 E ArmVmp : Match on catch block at 0xc3 in for 0x99
02-11 23:34:16.913 15812 15812 E ArmVmp : Match on catch block at 0xc3 in for 0x91
02-11 23:34:16.917 15812 15812 E ArmVmp : Match on catch block at 0xc3 in for 0x91
02-11 23:34:17.408 15812 15812 E ArmVmp : Match on catch block at 0xc3 in for 0x95
02-11 23:34:17.415 15812 15812 E ArmVmp : Match on catch block at 0xc3 in for 0x99
02-11 23:34:17.420 15812 15812 E ArmVmp : Match on catch block at 0xc3 in for 0x99
02-11 23:34:17.909 15812 15812 E ArmVmp : Match on catch block at 0xc3 in for 0x91
02-11 23:34:17.914 15812 15812 E ArmVmp : Match on catch block at 0xc3 in for 0x95
02-11 23:34:17.917 15812 15812 E ArmVmp : Match on catch block at 0xc3 in for 0x95
02-11 23:34:17.977 15812 15812 E ArmVmp : Match on catch block at 0xc3 in for 0x99
02-11 23:34:17.981 15812 15812 E ArmVmp : Match on catch block at 0xc3 in for 0x91
02-11 23:34:17.985 15812 15812 E ArmVmp : Match on catch block at 0xc3 in for 0x91
02-11 23:34:18.478 15812 15812 E ArmVmp : Match on catch block at 0xc3 in for 0x95
02-11 23:34:18.484 15812 15812 E ArmVmp : Match on catch block at 0xc3 in for 0x99
02-11 23:34:18.489 15812 15812 E ArmVmp : Match on catch block at 0xc3 in for 0x99
02-11 23:34:18.980 15812 15812 E ArmVmp : Match on catch block at 0xc3 in for 0x91
02-11 23:34:18.986 15812 15812 E ArmVmp : Match on catch block at 0xc3 in for 0x95
02-11 23:34:18.991 15812 15812 E ArmVmp : Match on catch block at 0xc3 in for 0x95
02-11 23:34:19.483 15812 15812 E ArmVmp : Match on catch block at 0xc3 in for 0x99
02-11 23:34:19.489 15812 15812 E ArmVmp : Match on catch block at 0xc3 in for 0x91
02-11 23:34:19.501 15812 15812 E ArmVmp : Match on catch block at 0xc3 in for 0x91
02-11 23:34:19.883 15812 15812 E ArmVmp : Match on catch block at 0xc3 in for 0x95
02-11 23:34:19.889 15812 15812 E ArmVmp : Match on catch block at 0xc3 in for 0x99
02-11 23:34:19.895 15812 15812 E ArmVmp : Match on catch block at 0xc3 in for 0x99
02-11 23:34:20.383 15812 15812 E ArmVmp : Match on catch block at 0xc3 in for 0x91
02-11 23:34:20.392 15812 15812 E ArmVmp : Match on catch block at 0xc3 in for 0x95
02-11 23:34:20.396 15812 15812 E ArmVmp : Match on catch block at 0xc3 in for 0x95
02-11 23:34:20.885 15812 15812 E ArmVmp : Match on catch block at 0xc3 in for 0x99
02-11 23:34:20.892 15812 15812 E ArmVmp : Match on catch block at 0xc3 in for 0x91
02-11 23:34:20.896 15812 15812 E ArmVmp : Match on catch block at 0xc3 in for 0x91
02-11 23:34:21.384 15812 15812 E ArmVmp : Match on catch block at 0xc3 in for 0x95
02-11 23:34:21.390 15812 15812 E ArmVmp : Match on catch block at 0xc3 in for 0x99
02-11 23:34:21.395 15812 15812 E ArmVmp : Match on catch block at 0xc3 in for 0x99
02-11 23:34:21.502 15812 15812 E ArmVmp : Match on catch block at 0xc3 in for 0x91
02-11 23:34:21.512 15812 15812 E ArmVmp : Match on catch block at 0xc3 in for 0x95
02-11 23:34:21.517 15812 15812 E ArmVmp : Match on catch block at 0xc3 in for 0x95
02-11 23:34:21.553 15812 15812 E ArmVmp : Match on catch block at 0xc3 in for 0x91
02-11 23:34:21.557 15812 15812 E ArmVmp : Match on catch block at 0xc3 in for 0x95
02-11 23:34:21.560 15812 15812 E ArmVmp : Match on catch block at 0xc3 in for 0x95
02-11 23:34:21.588 15812 15812 E ArmVmp : Match on catch block at 0xc3 in for 0x99
02-11 23:34:21.594 15812 15812 E ArmVmp : Match on catch block at 0xc3 in for 0x91
02-11 23:34:21.605 15812 15812 E ArmVmp : Match on catch block at 0xc3 in for 0x91
02-11 23:34:21.613 15812 15812 E ArmVmp : Match on catch block at 0xc3 in for 0x95
02-11 23:34:21.635 15812 15812 E ArmVmp : Match on catch block at 0xc3 in for 0x91
02-11 23:34:21.640 15812 15812 E ArmVmp : Match on catch block at 0xc3 in for 0x95
02-11 23:34:21.652 15812 15812 E ArmVmp : Match on catch block at 0xc3 in for 0x91
02-11 23:34:21.657 15812 15812 E ArmVmp : Match on catch block at 0xc3 in for 0x95
02-11 23:34:21.669 15812 15812 E ArmVmp : Match on catch block at 0xc3 in for 0x91
02-11 23:34:21.675 15812 15812 E ArmVmp : Match on catch block at 0xc3 in for 0x95
02-11 23:34:21.686 15812 15812 E ArmVmp : Match on catch block at 0xc3 in for 0x91
02-11 23:34:21.694 15812 15812 E ArmVmp : Match on catch block at 0xc3 in for 0x95
02-11 23:34:21.702 15812 15812 E ArmVmp : Match on catch block at 0xc3 in for 0x91
02-11 23:34:21.709 15812 15812 E ArmVmp : Match on catch block at 0xc3 in for 0x95
02-11 23:34:21.773 15812 15812 E ArmVmp : Match on catch block at 0xc3 in for 0x99
02-11 23:34:21.777 15812 15812 E ArmVmp : Match on catch block at 0xc3 in for 0x91
02-11 23:34:21.805 15812 15812 E ArmVmp : Match on catch block at 0xc3 in for 0x99
02-11 23:34:21.811 15812 15812 E ArmVmp : Match on catch block at 0xc3 in for 0x91
02-11 23:34:21.829 15812 15812 E ArmVmp : Match on catch block at 0xc3 in for 0x99
02-11 23:34:21.836 15812 15812 E ArmVmp : Match on catch block at 0xc3 in for 0x91
02-11 23:34:21.944 15812 15812 E ArmVmp : Match on catch block at 0xc3 in for 0x99
02-11 23:34:21.948 15812 15812 E ArmVmp : Match on catch block at 0xc3 in for 0x91
02-11 23:34:21.957 15812 15812 E ArmVmp : Match on catch block at 0xc3 in for 0x99
02-11 23:34:21.963 15812 15812 E ArmVmp : Match on catch block at 0xc3 in for 0x91
02-11 23:34:21.994 15812 15879 W MediaPlayer: Use of stream types is deprecated for
operations other than volume control
02-11 23:34:21.995 15812 15879 W MediaPlayer: See the documentation of
setAudioStreamType() for what to use instead with android.media.AudioAttributes to
qualify your playback use case
02-11 23:34:22.052 15812 15812 E ArmVmp : Match on catch block at 0xc3 in for 0x95
02-11 23:34:22.058 15812 15812 E ArmVmp : Match on catch block at 0xc3 in for 0x99
02-11 23:34:22.555 15812 15812 E ArmVmp : Match on catch block at 0xc3 in for 0x99
02-11 23:34:22.562 15812 15812 E ArmVmp : Match on catch block at 0xc3 in for 0x91
02-11 23:34:23.056 15812 15812 E ArmVmp : Match on catch block at 0xc3 in for 0x99
02-11 23:34:23.064 15812 15812 E ArmVmp : Match on catch block at 0xc3 in for 0x91
02-11 23:34:23.542 15812 15812 E ArmVmp : Match on catch block at 0xc3 in for 0x99
02-11 23:34:23.549 15812 15812 E ArmVmp : Match on catch block at 0xc3 in for 0x91
02-11 23:34:23.558 15812 15812 E ArmVmp : Match on catch block at 0xc3 in for 0x99
02-11 23:34:23.565 15812 15812 E ArmVmp : Match on catch block at 0xc3 in for 0x91
02-11 23:34:23.575 15812 15812 E ArmVmp : Match on catch block at 0xc3 in for 0x99
02-11 23:34:23.582 15812 15812 E ArmVmp : Match on catch block at 0xc3 in for 0x91
02-11 23:34:23.592 15812 15812 E ArmVmp : Match on catch block at 0xc3 in for 0x99
02-11 23:34:23.597 15812 15812 E ArmVmp : Match on catch block at 0xc3 in for 0x91
02-11 23:34:23.609 15812 15812 E ArmVmp : Match on catch block at 0xc3 in for 0x99
02-11 23:34:23.616 15812 15812 E ArmVmp : Match on catch block at 0xc3 in for 0x91
02-11 23:34:23.625 15812 15812 E ArmVmp : Match on catch block at 0xc3 in for 0x99
02-11 23:34:23.631 15812 15812 E ArmVmp : Match on catch block at 0xc3 in for 0x91
02-11 23:34:23.641 15812 15812 E ArmVmp : Match on catch block at 0xc3 in for 0x99
02-11 23:34:23.647 15812 15812 E ArmVmp : Match on catch block at 0xc3 in for 0x91
02-11 23:34:23.658 15812 15812 E ArmVmp : Match on catch block at 0xc3 in for 0x99
02-11 23:34:23.664 15812 15812 E ArmVmp : Match on catch block at 0xc3 in for 0x91
02-11 23:34:23.674 15812 15812 E ArmVmp : Match on catch block at 0xc3 in for 0x99
02-11 23:34:23.681 15812 15812 E ArmVmp : Match on catch block at 0xc3 in for 0x91
02-11 23:34:23.693 15812 15812 E ArmVmp : Match on catch block at 0xc3 in for 0x99
02-11 23:34:23.698 15812 15812 E ArmVmp : Match on catch block at 0xc3 in for 0x91
02-11 23:34:23.708 15812 15812 E ArmVmp : Match on catch block at 0xc3 in for 0x99
02-11 23:34:23.715 15812 15812 E ArmVmp : Match on catch block at 0xc3 in for 0x91
02-11 23:34:23.724 15812 15812 E ArmVmp : Match on catch block at 0xc3 in for 0x99
02-11 23:34:23.730 15812 15812 E ArmVmp : Match on catch block at 0xc3 in for 0x91
02-11 23:34:23.741 15812 15812 E ArmVmp : Match on catch block at 0xc3 in for 0x99
02-11 23:34:23.747 15812 15812 E ArmVmp : Match on catch block at 0xc3 in for 0x91
02-11 23:34:23.759 15812 15812 E ArmVmp : Match on catch block at 0xc3 in for 0x99
02-11 23:34:23.765 15812 15812 E ArmVmp : Match on catch block at 0xc3 in for 0x91
02-11 23:34:23.774 15812 15812 E ArmVmp : Match on catch block at 0xc3 in for 0x99
02-11 23:34:23.780 15812 15812 E ArmVmp : Match on catch block at 0xc3 in for 0x91
02-11 23:34:23.792 15812 15812 E ArmVmp : Match on catch block at 0xc3 in for 0x99
02-11 23:34:23.798 15812 15812 E ArmVmp : Match on catch block at 0xc3 in for 0x91
02-11 23:34:23.808 15812 15812 E ArmVmp : Match on catch block at 0xc3 in for 0x99
02-11 23:34:23.814 15812 15812 E ArmVmp : Match on catch block at 0xc3 in for 0x91
02-11 23:34:24.059 15812 15812 E ArmVmp : Match on catch block at 0xc3 in for 0x99
02-11 23:34:24.066 15812 15812 E ArmVmp : Match on catch block at 0xc3 in for 0x91
02-11 23:34:24.561 15812 15812 E ArmVmp : Match on catch block at 0xc3 in for 0x99
02-11 23:34:24.567 15812 15812 E ArmVmp : Match on catch block at 0xc3 in for 0x91
02-11 23:34:25.080 15812 15812 E ArmVmp : Match on catch block at 0xc3 in for 0x99
02-11 23:34:25.085 15812 15812 E ArmVmp : Match on catch block at 0xc3 in for 0x91
02-11 23:34:25.100 15812 15899 W Adreno-ES20: <core_glFinish:34>: glFinish skipped:
0
02-11 23:34:25.112 15812 15899 W Adreno-ES20: <core_glFinish:34>: glFinish skipped:
0
02-11 23:34:25.128 15812 15899 W Adreno-ES20: <core_glFinish:34>: glFinish skipped:
0
02-11 23:34:25.130 15812 15899 W Adreno-ES20: <core_glFinish:34>: glFinish skipped:
0
02-11 23:34:25.209 15812 15899 W Adreno-ES20: <core_glFinish:34>: glFinish skipped:
0
02-11 23:34:25.210 15812 15899 W Adreno-ES20: <core_glFinish:34>: glFinish skipped:
0
02-11 23:35:50.066 15812 15899 W Adreno-ES20: <core_glFinish:34>: glFinish skipped:
0
02-11 23:35:50.073 15812 15899 W Adreno-ES20: <core_glFinish:34>: glFinish skipped:
0
02-11 23:36:52.224 15812 15812 E ArmVmp : Match on catch block at 0x0a in for 0xb1
02-11 23:36:52.234 15812 15812 E ArmVmp : Match on catch block at 0x0a in for 0xb9
02-11 23:36:52.360 15812 15899 W Adreno-ES20: <get_gpu_clk:229>: open failed: errno
13
02-11 23:36:52.346 15812 15812 W RenderThread: type=1400 audit(0.0:321489): avc:
denied { search } for name="kgsl-3d0" dev="sysfs" ino=20173
scontext=u:r:untrusted_app:s0:c512,c768 tcontext=u:object_r:sysfs_kgsl:s0
tclass=dir permissive=0
02-11 23:36:52.364 15812 15899 W Adreno-EGL: <qeglDrvAPI_eglGetConfigAttrib:612>:
EGL_BAD_ATTRIBUTE
02-11 23:36:52.366 15812 15899 W Adreno-EGL: <qeglDrvAPI_eglGetConfigAttrib:612>:
EGL_BAD_ATTRIBUTE
02-11 23:36:52.436 15812 15812 E ArmVmp : Match on catch block at 0xc3 in for 0x95
02-11 23:36:52.444 15812 15812 E ArmVmp : Match on catch block at 0xc3 in for 0x99
02-11 23:36:52.513 15812 15812 E ArmVmp : Match on catch block at 0xc3 in for 0x99
02-11 23:36:52.519 15812 15812 E ArmVmp : Match on catch block at 0xc3 in for 0x91
02-11 23:36:52.668 15812 15899 W Adreno-ES20: <core_glFinish:34>: glFinish skipped:
0
02-11 23:36:52.730 15812 15899 W Adreno-ES20: <core_glFinish:34>: glFinish skipped:
0
02-11 23:36:52.734 15812 15899 W Adreno-ES20: <core_glFinish:34>: glFinish skipped:
0
02-11 23:36:53.068 15812 15812 E ArmVmp : Match on catch block at 0x0a in for 0xb1
02-11 23:36:53.076 15812 15812 E ArmVmp : Match on catch block at 0x0a in for 0xb9
02-11 23:36:53.209 15812 15899 W Adreno-EGL: <qeglDrvAPI_eglGetConfigAttrib:612>:
EGL_BAD_ATTRIBUTE
02-11 23:36:53.577 15812 15820 E SpellCheckerSession: ignoring processOrEnqueueTask
due to unexpected mState=TASK_CLOSE scp.mWhat=TASK_CLOSE
02-11 23:36:53.578 15812 15899 W Adreno-ES20: <core_glFinish:34>: glFinish skipped:
0
02-11 23:36:53.580 15812 15812 E ArmVmp : Match on catch block at 0xc3 in for 0xa9
02-11 23:36:53.590 15812 15812 E ArmVmp : Match on catch block at 0xc3 in for 0xa9
02-11 23:36:53.592 15812 15812 W IInputConnectionWrapper: getTextBeforeCursor on
inactive InputConnection
02-11 23:36:53.646 15812 15812 E ArmVmp : Match on catch block at 0xc3 in for 0x91
02-11 23:36:53.651 15812 15812 E ArmVmp : Match on catch block at 0xc3 in for 0x95
02-11 23:36:53.695 15812 15812 W IInputConnectionWrapper: getTextAfterCursor on
inactive InputConnection
02-11 23:36:53.712 15812 15812 E ArmVmp : Match on catch block at 0xc3 in for 0x91
02-11 23:36:53.719 15812 15812 E ArmVmp : Match on catch block at 0xc3 in for 0x95
02-11 23:36:53.730 15812 15812 W IInputConnectionWrapper: getSelectedText on
inactive InputConnection
02-11 23:36:53.733 15812 15812 E ArmVmp : Match on catch block at 0xc3 in for 0x95
02-11 23:36:53.738 15812 15812 E ArmVmp : Match on catch block at 0xc3 in for 0x99
02-11 23:36:53.743 15812 15812 W IInputConnectionWrapper: performPrivateCommand on
inactive InputConnection
02-11 23:36:53.744 15812 15812 W IInputConnectionWrapper: requestCursorAnchorInfo
on inactive InputConnection
02-11 23:36:53.752 15812 15812 E ArmVmp : Match on catch block at 0xc3 in for 0x99
02-11 23:36:53.757 15812 15812 E ArmVmp : Match on catch block at 0xc3 in for 0x91
02-11 23:36:53.759 15812 15812 W IInputConnectionWrapper: requestCursorAnchorInfo
on inactive InputConnection
02-11 23:36:53.770 15812 15812 E ArmVmp : Match on catch block at 0xc3 in for 0x91
02-11 23:36:53.775 15812 15812 E ArmVmp : Match on catch block at 0xc3 in for 0x95
02-11 23:36:53.785 15812 15812 E ArmVmp : Match on catch block at 0xc3 in for 0x95
02-11 23:36:53.790 15812 15812 E ArmVmp : Match on catch block at 0xc3 in for 0x99
02-11 23:36:53.801 15812 15812 E ArmVmp : Match on catch block at 0xc3 in for 0x99
02-11 23:36:53.806 15812 15812 E ArmVmp : Match on catch block at 0xc3 in for 0x91
02-11 23:36:53.818 15812 15812 E ArmVmp : Match on catch block at 0xc3 in for 0x91
02-11 23:36:53.824 15812 15812 E ArmVmp : Match on catch block at 0xc3 in for 0x95
02-11 23:36:53.968 15812 15812 E ArmVmp : Match on catch block at 0xc3 in for 0x95
02-11 23:36:53.975 15812 15812 E ArmVmp : Match on catch block at 0xc3 in for 0x99
02-11 23:36:53.985 15812 15812 E ArmVmp : Match on catch block at 0xc3 in for 0x99
02-11 23:36:53.991 15812 15812 E ArmVmp : Match on catch block at 0xc3 in for 0x91
02-11 23:36:54.004 15812 15812 E ArmVmp : Match on catch block at 0xc3 in for 0x91
02-11 23:36:54.011 15812 15812 E ArmVmp : Match on catch block at 0xc3 in for 0x95
02-11 23:36:54.019 15812 15812 E ArmVmp : Match on catch block at 0xc3 in for 0x95
02-11 23:36:54.023 15812 15812 E ArmVmp : Match on catch block at 0xc3 in for 0x99
02-11 23:36:54.036 15812 15812 E ArmVmp : Match on catch block at 0xc3 in for 0x99
02-11 23:36:54.040 15812 15812 E ArmVmp : Match on catch block at 0xc3 in for 0x91
02-11 23:36:54.052 15812 15812 E ArmVmp : Match on catch block at 0xc3 in for 0x91
02-11 23:36:54.056 15812 15812 E ArmVmp : Match on catch block at 0xc3 in for 0x95
02-11 23:36:54.068 15812 15812 E ArmVmp : Match on catch block at 0xc3 in for 0x95
02-11 23:36:54.074 15812 15812 E ArmVmp : Match on catch block at 0xc3 in for 0x99
02-11 23:36:54.085 15812 15812 E ArmVmp : Match on catch block at 0xc3 in for 0x99
02-11 23:36:54.090 15812 15812 E ArmVmp : Match on catch block at 0xc3 in for 0x91
02-11 23:36:54.102 15812 15812 E ArmVmp : Match on catch block at 0xc3 in for 0x91
02-11 23:36:54.107 15812 15812 E ArmVmp : Match on catch block at 0xc3 in for 0x95
02-11 23:36:54.119 15812 15812 E ArmVmp : Match on catch block at 0xc3 in for 0x95
02-11 23:36:54.124 15812 15812 E ArmVmp : Match on catch block at 0xc3 in for 0x99
02-11 23:36:54.135 15812 15812 E ArmVmp : Match on catch block at 0xc3 in for 0x99
02-11 23:36:54.140 15812 15812 E ArmVmp : Match on catch block at 0xc3 in for 0x91
02-11 23:36:54.152 15812 15812 E ArmVmp : Match on catch block at 0xc3 in for 0x91
02-11 23:36:54.157 15812 15812 E ArmVmp : Match on catch block at 0xc3 in for 0x95
02-11 23:36:54.169 15812 15812 E ArmVmp : Match on catch block at 0xc3 in for 0x95
02-11 23:36:54.174 15812 15812 E ArmVmp : Match on catch block at 0xc3 in for 0x99
02-11 23:36:54.186 15812 15812 E ArmVmp : Match on catch block at 0xc3 in for 0x99
02-11 23:36:54.190 15812 15812 E ArmVmp : Match on catch block at 0xc3 in for 0x91
02-11 23:36:54.202 15812 15812 E ArmVmp : Match on catch block at 0xc3 in for 0x91
02-11 23:36:54.207 15812 15812 E ArmVmp : Match on catch block at 0xc3 in for 0x95
02-11 23:36:54.219 15812 15812 E ArmVmp : Match on catch block at 0xc3 in for 0x95
02-11 23:36:54.224 15812 15812 E ArmVmp : Match on catch block at 0xc3 in for 0x99
02-11 23:36:54.236 15812 15812 E ArmVmp : Match on catch block at 0xc3 in for 0x99
02-11 23:36:54.241 15812 15812 E ArmVmp : Match on catch block at 0xc3 in for 0x91
02-11 23:36:54.253 15812 15812 E ArmVmp : Match on catch block at 0xc3 in for 0x91
02-11 23:36:54.258 15812 15812 E ArmVmp : Match on catch block at 0xc3 in for 0x95
02-11 23:36:54.269 15812 15812 E ArmVmp : Match on catch block at 0xc3 in for 0x95
02-11 23:36:54.275 15812 15812 E ArmVmp : Match on catch block at 0xc3 in for 0x99
02-11 23:36:54.286 15812 15812 E ArmVmp : Match on catch block at 0xc3 in for 0x99
02-11 23:36:54.291 15812 15812 E ArmVmp : Match on catch block at 0xc3 in for 0x91
02-11 23:36:54.704 15812 15812 E ArmVmp : Match on catch block at 0xc3 in for 0x91
02-11 23:36:54.711 15812 15812 E ArmVmp : Match on catch block at 0xc3 in for 0x95
02-11 23:36:55.212 15812 15812 E ArmVmp : Match on catch block at 0xc3 in for 0x95
02-11 23:36:55.219 15812 15812 E ArmVmp : Match on catch block at 0xc3 in for 0x99
02-11 23:36:55.229 15812 15812 E ArmVmp : Match on catch block at 0xc3 in for 0x99
02-11 23:36:55.236 15812 15812 E ArmVmp : Match on catch block at 0xc3 in for 0x91
02-11 23:36:55.257 15812 15812 E ArmVmp : Match on catch block at 0xc3 in for 0x91
02-11 23:36:55.262 15812 15812 E ArmVmp : Match on catch block at 0xc3 in for 0x95
02-11 23:36:55.352 15812 15899 W Adreno-EGL: <qeglDrvAPI_eglGetConfigAttrib:612>:
EGL_BAD_ATTRIBUTE
02-11 23:36:55.372 15812 15812 E ArmVmp : Match on catch block at 0xc3 in for 0x95
02-11 23:36:55.377 15812 15812 E ArmVmp : Match on catch block at 0xc3 in for 0x99
02-11 23:36:55.493 15812 15899 W Adreno-EGL: <qeglDrvAPI_eglGetConfigAttrib:612>:
EGL_BAD_ATTRIBUTE
02-11 23:36:55.554 15812 15899 W Adreno-ES20: <core_glFinish:34>: glFinish skipped:
0
02-11 23:36:55.558 15812 15899 W Adreno-ES20: <core_glFinish:34>: glFinish skipped:
0
02-11 23:36:55.567 15812 15812 E ArmVmp : Match on catch block at 0xc3 in for 0x99
02-11 23:36:55.573 15812 15812 E ArmVmp : Match on catch block at 0xc3 in for 0x91
02-11 23:36:55.894 15812 15899 W Adreno-ES20: <core_glFinish:34>: glFinish skipped:
0
02-11 23:36:55.912 15812 15899 W Adreno-ES20: <core_glFinish:34>: glFinish skipped:
0
02-11 23:36:55.913 15812 15899 W Adreno-ES20: <core_glFinish:34>: glFinish skipped:
0
02-11 23:37:03.930 15812 15899 W Adreno-ES20: <core_glFinish:34>: glFinish skipped:
0
02-11 23:37:03.950 15812 15899 W Adreno-ES20: <core_glFinish:34>: glFinish skipped:
0
02-11 23:37:03.952 15812 15899 W Adreno-ES20: <core_glFinish:34>: glFinish skipped:
0
02-11 23:37:04.027 15812 15899 W Adreno-ES20: <core_glFinish:34>: glFinish skipped:
0
02-11 23:37:04.027 15812 15899 W Adreno-ES20: <core_glFinish:34>: glFinish skipped:
0
02-11 23:37:09.452 15812 15899 W Adreno-ES20: <core_glFinish:34>: glFinish skipped:
0
02-11 23:37:09.453 15812 15820 E SpellCheckerSession: ignoring processOrEnqueueTask
due to unexpected mState=TASK_CLOSE scp.mWhat=TASK_CLOSE
02-11 23:38:28.915 15812 15899 W Adreno-ES20: <core_glFinish:34>: glFinish skipped:
0
02-11 23:38:28.918 15812 15899 W Adreno-ES20: <core_glFinish:34>: glFinish skipped:
0
02-11 23:39:15.936 15812 15812 W RenderThread: type=1400 audit(0.0:322050): avc:
denied { search } for name="kgsl-3d0" dev="sysfs" ino=20173
scontext=u:r:untrusted_app:s0:c512,c768 tcontext=u:object_r:sysfs_kgsl:s0
tclass=dir permissive=0
02-11 23:39:15.944 15812 15899 W Adreno-ES20: <get_gpu_clk:229>: open failed: errno
13
02-11 23:39:15.947 15812 15899 W Adreno-EGL: <qeglDrvAPI_eglGetConfigAttrib:612>:
EGL_BAD_ATTRIBUTE
02-11 23:39:15.951 15812 15899 W Adreno-EGL: <qeglDrvAPI_eglGetConfigAttrib:612>:
EGL_BAD_ATTRIBUTE
02-11 23:39:16.658 15812 15899 W Adreno-EGL: <qeglDrvAPI_eglGetConfigAttrib:612>:
EGL_BAD_ATTRIBUTE
02-11 23:39:16.690 15812 15899 W Adreno-EGL: <qeglDrvAPI_eglGetConfigAttrib:612>:
EGL_BAD_ATTRIBUTE
02-11 23:39:16.721 15812 15899 W Adreno-EGL: <qeglDrvAPI_eglGetConfigAttrib:612>:
EGL_BAD_ATTRIBUTE
02-11 23:39:16.754 15812 15899 W Adreno-EGL: <qeglDrvAPI_eglGetConfigAttrib:612>:
EGL_BAD_ATTRIBUTE
02-11 23:39:16.788 15812 15899 W Adreno-EGL: <qeglDrvAPI_eglGetConfigAttrib:612>:
EGL_BAD_ATTRIBUTE
02-11 23:39:16.823 15812 15899 W Adreno-EGL: <qeglDrvAPI_eglGetConfigAttrib:612>:
EGL_BAD_ATTRIBUTE
02-11 23:39:16.859 15812 15899 W Adreno-EGL: <qeglDrvAPI_eglGetConfigAttrib:612>:
EGL_BAD_ATTRIBUTE
02-11 23:39:16.889 15812 15899 W Adreno-EGL: <qeglDrvAPI_eglGetConfigAttrib:612>:
EGL_BAD_ATTRIBUTE
02-11 23:39:16.923 15812 15899 W Adreno-EGL: <qeglDrvAPI_eglGetConfigAttrib:612>:
EGL_BAD_ATTRIBUTE
02-11 23:39:16.957 15812 15899 W Adreno-EGL: <qeglDrvAPI_eglGetConfigAttrib:612>:
EGL_BAD_ATTRIBUTE
02-11 23:39:17.924 15812 15899 W Adreno-ES20: <core_glFinish:34>: glFinish skipped:
0
02-11 23:39:17.937 15812 15899 W Adreno-ES20: <core_glFinish:34>: glFinish skipped:
0
02-11 23:39:46.702 15812 15812 W RenderThread: type=1400 audit(0.0:322171): avc:
denied { search } for name="kgsl-3d0" dev="sysfs" ino=20173
scontext=u:r:untrusted_app:s0:c512,c768 tcontext=u:object_r:sysfs_kgsl:s0
tclass=dir permissive=0
02-11 23:39:46.711 15812 15899 W Adreno-ES20: <get_gpu_clk:229>: open failed: errno
13
02-11 23:39:46.713 15812 15899 W Adreno-EGL: <qeglDrvAPI_eglGetConfigAttrib:612>:
EGL_BAD_ATTRIBUTE
02-11 23:39:47.416 15812 15899 W Adreno-EGL: <qeglDrvAPI_eglGetConfigAttrib:612>:
EGL_BAD_ATTRIBUTE
02-11 23:39:47.444 15812 15899 W Adreno-EGL: <qeglDrvAPI_eglGetConfigAttrib:612>:
EGL_BAD_ATTRIBUTE
02-11 23:39:47.478 15812 15899 W Adreno-EGL: <qeglDrvAPI_eglGetConfigAttrib:612>:
EGL_BAD_ATTRIBUTE
02-11 23:39:47.510 15812 15899 W Adreno-EGL: <qeglDrvAPI_eglGetConfigAttrib:612>:
EGL_BAD_ATTRIBUTE
02-11 23:39:47.544 15812 15899 W Adreno-EGL: <qeglDrvAPI_eglGetConfigAttrib:612>:
EGL_BAD_ATTRIBUTE
02-11 23:39:47.577 15812 15899 W Adreno-EGL: <qeglDrvAPI_eglGetConfigAttrib:612>:
EGL_BAD_ATTRIBUTE
02-11 23:39:47.615 15812 15899 W Adreno-EGL: <qeglDrvAPI_eglGetConfigAttrib:612>:
EGL_BAD_ATTRIBUTE
02-11 23:39:47.646 15812 15899 W Adreno-EGL: <qeglDrvAPI_eglGetConfigAttrib:612>:
EGL_BAD_ATTRIBUTE
02-11 23:39:47.679 15812 15899 W Adreno-EGL: <qeglDrvAPI_eglGetConfigAttrib:612>:
EGL_BAD_ATTRIBUTE
02-11 23:39:47.711 15812 15899 W Adreno-EGL: <qeglDrvAPI_eglGetConfigAttrib:612>:
EGL_BAD_ATTRIBUTE
02-11 23:39:48.689 15812 15899 W Adreno-ES20: <core_glFinish:34>: glFinish skipped:
0
02-11 23:39:48.701 15812 15899 W Adreno-ES20: <core_glFinish:34>: glFinish skipped:
0
02-11 23:40:50.118 15812 15854 E SQLiteDatabase: Error inserting media_duration=18
file_path=null transferred=0 thumbnail_height_width_ratio=0.4375 face_y=0 face_x=0
trim_from=0 media_caption=null transcoded=0
message_url=https://mmg.whatsapp.net/v/t62.7161-
24/29023852_742512350925047_5439393424712880253_n.enc?ccb=11-
4&oh=01_AdQJHWi5VDR9n8aO4M6YfdhcdrzxnhCYEygkP0fn0Asqvw&oe=65F10675&_nc_sid=5e03e0&m
ms3=true first_scan_sidecar=null direct_path=/v/t62.7161-
24/29023852_742512350925047_5439393424712880253_n.enc?ccb=11-
4&oh=01_AdQJHWi5VDR9n8aO4M6YfdhcdrzxnhCYEygkP0fn0Asqvw&oe=65F10675&_nc_sid=5e03e0
original_file_hash=null is_animated_sticker=0 media_name=null
has_streaming_sidecar=1 partial_media_enc_hash=null media_key=[B@e26b3a6
multicast_id=null page_count=0 height=720 partial_media_hash=null gif_attribution=0
mute_video=0 autotransfer_retry_enabled=1 first_scan_length=0 trim_to=0
media_key_timestamp=1707709227000 file_size=0 chat_row_id=11
media_job_uuid=03189f4d-a4dd-4fa0-b02d-b911da756f9d message_row_id=2659
enc_file_hash=1QiFjCvfhIqQZV4LVviRYjHhp9xbjIt8Fm3wi6ZoeFU=
file_hash=n4Fu5/rMO/qOHfVwtu7AFCZryKMDsa6AUm7XXztd/tk= mime_type=video/mp4
media_upload_handle=null suspicious_content=0 width=1640 file_length=9236443
02-11 23:40:50.118 15812 15854 E SQLiteDatabase:
android.database.sqlite.SQLiteConstraintException: UNIQUE constraint failed:
message_media.message_row_id (code 1555)
02-11 23:40:50.118 15812 15854 E SQLiteDatabase: at
android.database.sqlite.SQLiteConnection.nativeExecuteForLastInsertedRowId(Native
Method)
02-11 23:40:50.118 15812 15854 E SQLiteDatabase: at
android.database.sqlite.SQLiteConnection.executeForLastInsertedRowId(SQLiteConnecti
on.java:790)
02-11 23:40:50.118 15812 15854 E SQLiteDatabase: at
android.database.sqlite.SQLiteSession.executeForLastInsertedRowId(SQLiteSession.jav
a:788)
02-11 23:40:50.118 15812 15854 E SQLiteDatabase: at
android.database.sqlite.SQLiteStatement.executeInsert(SQLiteStatement.java:86)
02-11 23:40:50.118 15812 15854 E SQLiteDatabase: at
android.database.sqlite.SQLiteDatabase.insertWithOnConflict(SQLiteDatabase.java:154
8)
02-11 23:40:50.118 15812 15854 E SQLiteDatabase: at
android.database.sqlite.SQLiteDatabase.insert(SQLiteDatabase.java:1417)
02-11 23:40:50.118 15812 15854 E SQLiteDatabase: at X.2tm.A08(Unknown
Source:6)
02-11 23:40:50.118 15812 15854 E SQLiteDatabase: at X.35Y.A07(Unknown
Source:212)
02-11 23:40:50.118 15812 15854 E SQLiteDatabase: at X.3QF.A14(Unknown
Source:470)
02-11 23:40:50.118 15812 15854 E SQLiteDatabase: at X.3gU.run(Unknown
Source:982)
02-11 23:40:50.118 15812 15854 E SQLiteDatabase: at
android.os.Handler.handleCallback(Handler.java:790)
02-11 23:40:50.118 15812 15854 E SQLiteDatabase: at
android.os.Handler.dispatchMessage(Handler.java:99)
02-11 23:40:50.118 15812 15854 E SQLiteDatabase: at
X.0zq.dispatchMessage(Unknown Source:4)
02-11 23:40:50.118 15812 15854 E SQLiteDatabase: at
android.os.Looper.loop(Looper.java:164)
02-11 23:40:50.118 15812 15854 E SQLiteDatabase: at
android.os.HandlerThread.run(HandlerThread.java:65)
02-11 23:40:57.912 15812 15812 W RenderThread: type=1400 audit(0.0:322455): avc:
denied { search } for name="kgsl-3d0" dev="sysfs" ino=20173
scontext=u:r:untrusted_app:s0:c512,c768 tcontext=u:object_r:sysfs_kgsl:s0
tclass=dir permissive=0
02-11 23:40:57.920 15812 15899 W Adreno-ES20: <get_gpu_clk:229>: open failed: errno
13
02-11 23:40:57.923 15812 15899 W Adreno-EGL: <qeglDrvAPI_eglGetConfigAttrib:612>:
EGL_BAD_ATTRIBUTE
02-11 23:40:57.925 15812 15899 W Adreno-EGL: <qeglDrvAPI_eglGetConfigAttrib:612>:
EGL_BAD_ATTRIBUTE
02-11 23:40:58.642 15812 15899 W Adreno-EGL: <qeglDrvAPI_eglGetConfigAttrib:612>:
EGL_BAD_ATTRIBUTE
02-11 23:40:58.679 15812 15899 W Adreno-EGL: <qeglDrvAPI_eglGetConfigAttrib:612>:
EGL_BAD_ATTRIBUTE
02-11 23:40:58.719 15812 15899 W Adreno-EGL: <qeglDrvAPI_eglGetConfigAttrib:612>:
EGL_BAD_ATTRIBUTE
02-11 23:40:58.765 15812 15899 W Adreno-EGL: <qeglDrvAPI_eglGetConfigAttrib:612>:
EGL_BAD_ATTRIBUTE
02-11 23:40:58.797 15812 15899 W Adreno-EGL: <qeglDrvAPI_eglGetConfigAttrib:612>:
EGL_BAD_ATTRIBUTE
02-11 23:40:58.826 15812 15899 W Adreno-EGL: <qeglDrvAPI_eglGetConfigAttrib:612>:
EGL_BAD_ATTRIBUTE
02-11 23:40:58.857 15812 15899 W Adreno-EGL: <qeglDrvAPI_eglGetConfigAttrib:612>:
EGL_BAD_ATTRIBUTE
02-11 23:40:58.894 15812 15899 W Adreno-EGL: <qeglDrvAPI_eglGetConfigAttrib:612>:
EGL_BAD_ATTRIBUTE
02-11 23:40:58.927 15812 15899 W Adreno-EGL: <qeglDrvAPI_eglGetConfigAttrib:612>:
EGL_BAD_ATTRIBUTE
02-11 23:40:59.918 15812 15899 W Adreno-ES20: <core_glFinish:34>: glFinish skipped:
0
02-11 23:40:59.940 15812 15899 W Adreno-ES20: <core_glFinish:34>: glFinish skipped:
0
02-11 23:41:09.802 15812 15812 W RenderThread: type=1400 audit(0.0:322504): avc:
denied { search } for name="kgsl-3d0" dev="sysfs" ino=20173
scontext=u:r:untrusted_app:s0:c512,c768 tcontext=u:object_r:sysfs_kgsl:s0
tclass=dir permissive=0
02-11 23:41:09.810 15812 15899 W Adreno-ES20: <get_gpu_clk:229>: open failed: errno
13
02-11 23:41:09.813 15812 15899 W Adreno-EGL: <qeglDrvAPI_eglGetConfigAttrib:612>:
EGL_BAD_ATTRIBUTE
02-11 23:41:09.817 15812 15899 W Adreno-EGL: <qeglDrvAPI_eglGetConfigAttrib:612>:
EGL_BAD_ATTRIBUTE
02-11 23:41:10.137 15812 15899 W Adreno-ES20: <core_glFinish:34>: glFinish skipped:
0
02-11 23:41:10.303 15812 15899 W Adreno-ES20: <core_glFinish:34>: glFinish skipped:
0
02-11 23:41:10.305 15812 15899 W Adreno-ES20: <core_glFinish:34>: glFinish skipped:
0
02-11 23:41:10.494 15812 15812 W ResourceType: Too many attribute references,
stopped at: 0x01010034
02-11 23:41:10.502 15812 15812 W ResourceType: Too many attribute references,
stopped at: 0x01010034
02-11 23:41:10.836 15812 15812 E ArmVmp : Match on catch block at 0x0a in for 0xb5
02-11 23:41:10.888 15812 15812 E ArmVmp : Match on catch block at 0x0a in for
0x121
02-11 23:41:11.253 15812 15812 W StaticLayout: maxLineHeight should not be -1.
maxLines:1 lineCount:1
02-11 23:41:11.254 15812 15812 W StaticLayout: maxLineHeight should not be -1.
maxLines:1 lineCount:1
02-11 23:41:11.254 15812 15812 W StaticLayout: maxLineHeight should not be -1.
maxLines:1 lineCount:1
02-11 23:41:11.256 15812 15812 W StaticLayout: maxLineHeight should not be -1.
maxLines:1 lineCount:1
02-11 23:41:11.261 15812 15899 W Adreno-ES20: <core_glFinish:34>: glFinish skipped:
0
02-11 23:41:11.272 15812 15812 W StaticLayout: maxLineHeight should not be -1.
maxLines:1 lineCount:1
02-11 23:41:11.273 15812 15812 W StaticLayout: maxLineHeight should not be -1.
maxLines:1 lineCount:1
02-11 23:41:11.285 15812 15899 W Adreno-EGL: <qeglDrvAPI_eglGetConfigAttrib:612>:
EGL_BAD_ATTRIBUTE
02-11 23:41:11.304 15812 15812 W StaticLayout: maxLineHeight should not be -1.
maxLines:1 lineCount:1
02-11 23:41:11.305 15812 15812 W StaticLayout: maxLineHeight should not be -1.
maxLines:1 lineCount:1
02-11 23:41:12.016 15812 15812 E RecyclerView: No adapter attached; skipping layout
02-11 23:41:12.498 15812 15812 E RecyclerView: No adapter attached; skipping layout
02-11 23:41:12.620 15812 15812 E ArmVmp : Match on catch block at 0x0a in for 0xc1
02-11 23:41:13.283 15812 15812 E ArmVmp : Match on catch block at 0x0a in for 0xb5
02-11 23:41:13.294 15812 15812 E ArmVmp : Match on catch block at 0x0a in for 0xb1
02-11 23:41:13.624 15812 15899 W Adreno-EGL: <qeglDrvAPI_eglGetConfigAttrib:612>:
EGL_BAD_ATTRIBUTE
02-11 23:41:13.791 15812 15812 E ArmVmp : Match on catch block at 0xc3 in for 0xa5
02-11 23:41:13.804 15812 15812 E ArmVmp : Match on catch block at 0xc3 in for 0xa5
02-11 23:41:13.862 15812 15812 E ArmVmp : Match on catch block at 0xc3 in for 0x99
02-11 23:41:13.865 15812 15812 E ArmVmp : Match on catch block at 0xc3 in for 0x91
02-11 23:41:14.011 15812 15812 E ArmVmp : Match on catch block at 0xc3 in for 0x91
02-11 23:41:14.014 15812 15812 E ArmVmp : Match on catch block at 0xc3 in for 0x95
02-11 23:41:14.047 15812 15899 W Adreno-ES20: <core_glFinish:34>: glFinish skipped:
0
02-11 23:41:14.049 15812 15899 W Adreno-ES20: <core_glFinish:34>: glFinish skipped:
0
02-11 23:41:14.061 15812 15812 E ArmVmp : Match on catch block at 0xc3 in for 0x91
02-11 23:41:14.065 15812 15812 E ArmVmp : Match on catch block at 0xc3 in for 0x95
02-11 23:41:14.076 15812 15812 E ArmVmp : Match on catch block at 0xc3 in for 0x99
02-11 23:41:14.079 15812 15812 E ArmVmp : Match on catch block at 0xc3 in for 0x91
02-11 23:41:14.093 15812 15812 E ArmVmp : Match on catch block at 0xc3 in for 0x99
02-11 23:41:14.098 15812 15812 E ArmVmp : Match on catch block at 0xc3 in for 0x91
02-11 23:41:14.202 15812 15812 E ArmVmp : Match on catch block at 0xc3 in for 0x99
02-11 23:41:14.209 15812 15812 E ArmVmp : Match on catch block at 0xc3 in for 0x91
02-11 23:41:14.219 15812 15812 E ArmVmp : Match on catch block at 0xc3 in for 0x91
02-11 23:41:14.223 15812 15812 E ArmVmp : Match on catch block at 0xc3 in for 0x95
02-11 23:41:14.243 15812 15812 E ArmVmp : Match on catch block at 0xc3 in for 0x95
02-11 23:41:14.249 15812 15812 E ArmVmp : Match on catch block at 0xc3 in for 0x99
02-11 23:41:14.274 15812 15812 E ArmVmp : Match on catch block at 0xc3 in for 0x99
02-11 23:41:14.288 15812 15812 E ArmVmp : Match on catch block at 0xc3 in for 0x91
02-11 23:41:14.309 15812 15812 E ArmVmp : Match on catch block at 0xc3 in for 0x91
02-11 23:41:14.313 15812 15812 E ArmVmp : Match on catch block at 0xc3 in for 0x95
02-11 23:41:14.325 15812 15899 W Adreno-ES20: <core_glFinish:34>: glFinish skipped:
0
02-11 23:41:14.333 15812 15812 E ArmVmp : Match on catch block at 0xc3 in for 0x95
02-11 23:41:14.345 15812 15812 E ArmVmp : Match on catch block at 0xc3 in for 0x99
02-11 23:41:14.370 15812 15812 E ArmVmp : Match on catch block at 0xc3 in for 0x99
02-11 23:41:14.376 15812 15812 E ArmVmp : Match on catch block at 0xc3 in for 0x91
02-11 23:41:14.388 15812 15812 E ArmVmp : Match on catch block at 0xc3 in for 0x91
02-11 23:41:14.392 15812 15812 E ArmVmp : Match on catch block at 0xc3 in for 0x95
02-11 23:41:14.403 15812 15812 E ArmVmp : Match on catch block at 0xc3 in for 0x95
02-11 23:41:14.407 15812 15812 E ArmVmp : Match on catch block at 0xc3 in for 0x99
02-11 23:41:14.421 15812 15812 E ArmVmp : Match on catch block at 0xc3 in for 0x99
02-11 23:41:14.426 15812 15812 E ArmVmp : Match on catch block at 0xc3 in for 0x91
02-11 23:41:14.437 15812 15812 E ArmVmp : Match on catch block at 0xc3 in for 0x91
02-11 23:41:14.440 15812 15812 E ArmVmp : Match on catch block at 0xc3 in for 0x95
02-11 23:41:14.453 15812 15812 E ArmVmp : Match on catch block at 0xc3 in for 0x95
02-11 23:41:14.457 15812 15812 E ArmVmp : Match on catch block at 0xc3 in for 0x99
02-11 23:41:14.473 15812 15812 E ArmVmp : Match on catch block at 0xc3 in for 0x99
02-11 23:41:14.477 15812 15812 E ArmVmp : Match on catch block at 0xc3 in for 0x91
02-11 23:41:14.488 15812 15812 E ArmVmp : Match on catch block at 0xc3 in for 0x91
02-11 23:41:14.493 15812 15812 E ArmVmp : Match on catch block at 0xc3 in for 0x95
02-11 23:41:14.506 15812 15812 E ArmVmp : Match on catch block at 0xc3 in for 0x95
02-11 23:41:14.514 15812 15812 E ArmVmp : Match on catch block at 0xc3 in for 0x99
02-11 23:41:14.523 15812 15812 E ArmVmp : Match on catch block at 0xc3 in for 0x99
02-11 23:41:14.526 15812 15812 E ArmVmp : Match on catch block at 0xc3 in for 0x91
02-11 23:41:14.956 15812 15812 E ArmVmp : Match on catch block at 0xc3 in for 0x91
02-11 23:41:14.960 15812 15812 E ArmVmp : Match on catch block at 0xc3 in for 0x95
02-11 23:41:15.458 15812 15812 E ArmVmp : Match on catch block at 0xc3 in for 0x95
02-11 23:41:15.462 15812 15812 E ArmVmp : Match on catch block at 0xc3 in for 0x99
02-11 23:41:15.540 15812 15812 E ArmVmp : Match on catch block at 0xc3 in for 0x99
02-11 23:41:15.545 15812 15812 E ArmVmp : Match on catch block at 0xc3 in for 0x91
02-11 23:41:15.557 15812 15812 E ArmVmp : Match on catch block at 0xc3 in for 0x91
02-11 23:41:15.561 15812 15812 E ArmVmp : Match on catch block at 0xc3 in for 0x95
02-11 23:41:15.573 15812 15812 E ArmVmp : Match on catch block at 0xc3 in for 0x95
02-11 23:41:15.578 15812 15812 E ArmVmp : Match on catch block at 0xc3 in for 0x99
02-11 23:41:15.591 15812 15812 E ArmVmp : Match on catch block at 0xc3 in for 0x99
02-11 23:41:15.596 15812 15812 E ArmVmp : Match on catch block at 0xc3 in for 0x91
02-11 23:41:15.607 15812 15812 E ArmVmp : Match on catch block at 0xc3 in for 0x91
02-11 23:41:15.613 15812 15812 E ArmVmp : Match on catch block at 0xc3 in for 0x95
02-11 23:41:15.624 15812 15812 E ArmVmp : Match on catch block at 0xc3 in for 0x95
02-11 23:41:15.629 15812 15812 E ArmVmp : Match on catch block at 0xc3 in for 0x99
02-11 23:41:15.641 15812 15812 E ArmVmp : Match on catch block at 0xc3 in for 0x99
02-11 23:41:15.645 15812 15812 E ArmVmp : Match on catch block at 0xc3 in for 0x91
02-11 23:41:15.657 15812 15812 E ArmVmp : Match on catch block at 0xc3 in for 0x91
02-11 23:41:15.663 15812 15812 E ArmVmp : Match on catch block at 0xc3 in for 0x95
02-11 23:41:15.676 15812 15812 E ArmVmp : Match on catch block at 0xc3 in for 0x95
02-11 23:41:15.681 15812 15812 E ArmVmp : Match on catch block at 0xc3 in for 0x99
02-11 23:41:15.691 15812 15812 E ArmVmp : Match on catch block at 0xc3 in for 0x99
02-11 23:41:15.696 15812 15812 E ArmVmp : Match on catch block at 0xc3 in for 0x91
02-11 23:41:15.709 15812 15812 E ArmVmp : Match on catch block at 0xc3 in for 0x91
02-11 23:41:15.714 15812 15812 E ArmVmp : Match on catch block at 0xc3 in for 0x95
02-11 23:41:15.724 15812 15812 E ArmVmp : Match on catch block at 0xc3 in for 0x95
02-11 23:41:15.731 15812 15812 E ArmVmp : Match on catch block at 0xc3 in for 0x99
