02-11 23:42:29.853 15812 15899 W Adreno-EGL: <qeglDrvAPI_eglGetConfigAttrib:612>:
EGL_BAD_ATTRIBUTE
02-11 23:42:30.562 15812 15899 W Adreno-EGL: <qeglDrvAPI_eglGetConfigAttrib:612>:
EGL_BAD_ATTRIBUTE
02-11 23:42:30.589 15812 15899 W Adreno-EGL: <qeglDrvAPI_eglGetConfigAttrib:612>:
EGL_BAD_ATTRIBUTE
02-11 23:42:30.623 15812 15899 W Adreno-EGL: <qeglDrvAPI_eglGetConfigAttrib:612>:
EGL_BAD_ATTRIBUTE
02-11 23:42:30.658 15812 15899 W Adreno-EGL: <qeglDrvAPI_eglGetConfigAttrib:612>:
EGL_BAD_ATTRIBUTE
02-11 23:42:30.691 15812 15899 W Adreno-EGL: <qeglDrvAPI_eglGetConfigAttrib:612>:
EGL_BAD_ATTRIBUTE
02-11 23:42:30.722 15812 15899 W Adreno-EGL: <qeglDrvAPI_eglGetConfigAttrib:612>:
EGL_BAD_ATTRIBUTE
02-11 23:42:30.762 15812 15899 W Adreno-EGL: <qeglDrvAPI_eglGetConfigAttrib:612>:
EGL_BAD_ATTRIBUTE
02-11 23:42:30.790 15812 15899 W Adreno-EGL: <qeglDrvAPI_eglGetConfigAttrib:612>:
EGL_BAD_ATTRIBUTE
02-11 23:42:30.823 15812 15899 W Adreno-EGL: <qeglDrvAPI_eglGetConfigAttrib:612>:
EGL_BAD_ATTRIBUTE
02-11 23:42:30.854 15812 15899 W Adreno-EGL: <qeglDrvAPI_eglGetConfigAttrib:612>:
EGL_BAD_ATTRIBUTE
02-11 23:43:39.364 15812 15899 W Adreno-ES20: <core_glFinish:34>: glFinish skipped:
0
02-11 23:43:39.380 15812 15899 W Adreno-ES20: <core_glFinish:34>: glFinish skipped:
0
02-11 23:44:07.367 15812 15812 E ArmVmp : Match on catch block at 0x0a in for 0xb1
02-11 23:44:07.376 15812 15812 E ArmVmp : Match on catch block at 0x0a in for 0xb9
02-11 23:44:07.512 15812 15812 W RenderThread: type=1400 audit(0.0:323202): avc:
denied { search } for name="kgsl-3d0" dev="sysfs" ino=20173
scontext=u:r:untrusted_app:s0:c512,c768 tcontext=u:object_r:sysfs_kgsl:s0
tclass=dir permissive=0
02-11 23:44:07.524 15812 15899 W Adreno-ES20: <get_gpu_clk:229>: open failed: errno
13
02-11 23:44:07.528 15812 15899 W Adreno-EGL: <qeglDrvAPI_eglGetConfigAttrib:612>:
EGL_BAD_ATTRIBUTE
02-11 23:44:07.530 15812 15899 W Adreno-EGL: <qeglDrvAPI_eglGetConfigAttrib:612>:
EGL_BAD_ATTRIBUTE
02-11 23:44:07.571 15812 15812 E ArmVmp : Match on catch block at 0xc3 in for 0x99
02-11 23:44:07.579 15812 15812 E ArmVmp : Match on catch block at 0xc3 in for 0x91
02-11 23:44:07.582 15812 15812 E ArmVmp : Match on catch block at 0xc3 in for 0x91
02-11 23:44:07.615 15812 15812 E ArmVmp : Match on catch block at 0xc3 in for 0x99
02-11 23:44:07.621 15812 15812 E ArmVmp : Match on catch block at 0xc3 in for 0x91
02-11 23:44:07.625 15812 15812 E ArmVmp : Match on catch block at 0xc3 in for 0x91
02-11 23:44:07.755 15812 15899 W Adreno-ES20: <core_glFinish:34>: glFinish skipped:
0
02-11 23:44:07.789 15812 15899 W Adreno-ES20: <core_glFinish:34>: glFinish skipped:
0
02-11 23:44:07.791 15812 15899 W Adreno-ES20: <core_glFinish:34>: glFinish skipped:
0
02-11 23:44:08.116 15812 15812 E ArmVmp : Match on catch block at 0x0a in for 0xb9
02-11 23:44:08.124 15812 15812 E ArmVmp : Match on catch block at 0x0a in for 0xb5
02-11 23:44:08.261 15812 15899 W Adreno-EGL: <qeglDrvAPI_eglGetConfigAttrib:612>:
EGL_BAD_ATTRIBUTE
02-11 23:44:08.715 15812 15812 E ArmVmp : Match on catch block at 0xc3 in for 0xa5
02-11 23:44:08.723 15812 15812 E ArmVmp : Match on catch block at 0xc3 in for 0xa5
02-11 23:44:08.733 15812 15812 W IInputConnectionWrapper: getTextBeforeCursor on
inactive InputConnection
02-11 23:44:08.782 15812 15899 W Adreno-ES20: <core_glFinish:34>: glFinish skipped:
0
02-11 23:44:08.783 15812 15820 E SpellCheckerSession: ignoring processOrEnqueueTask
due to unexpected mState=TASK_CLOSE scp.mWhat=TASK_CLOSE
02-11 23:44:08.801 15812 15812 E ArmVmp : Match on catch block at 0xc3 in for 0x99
02-11 23:44:08.807 15812 15812 E ArmVmp : Match on catch block at 0xc3 in for 0x91
02-11 23:44:08.890 15812 15812 W IInputConnectionWrapper: getTextAfterCursor on
inactive InputConnection
02-11 23:44:08.938 15812 15812 E ArmVmp : Match on catch block at 0xc3 in for 0x91
02-11 23:44:08.943 15812 15812 E ArmVmp : Match on catch block at 0xc3 in for 0x95
02-11 23:44:08.955 15812 15812 W IInputConnectionWrapper: getSelectedText on
inactive InputConnection
02-11 23:44:08.960 15812 15812 E ArmVmp : Match on catch block at 0xc3 in for 0x95
02-11 23:44:08.964 15812 15812 E ArmVmp : Match on catch block at 0xc3 in for 0x99
02-11 23:44:08.976 15812 15812 E ArmVmp : Match on catch block at 0xc3 in for 0x99
02-11 23:44:08.981 15812 15812 E ArmVmp : Match on catch block at 0xc3 in for 0x91
02-11 23:44:08.984 15812 15812 W IInputConnectionWrapper: performPrivateCommand on
inactive InputConnection
02-11 23:44:08.988 15812 15812 W IInputConnectionWrapper: requestCursorAnchorInfo
on inactive InputConnection
02-11 23:44:08.994 15812 15812 E ArmVmp : Match on catch block at 0xc3 in for 0x91
02-11 23:44:08.999 15812 15812 E ArmVmp : Match on catch block at 0xc3 in for 0x95
02-11 23:44:09.005 15812 15812 W IInputConnectionWrapper: requestCursorAnchorInfo
on inactive InputConnection
02-11 23:44:09.011 15812 15812 E ArmVmp : Match on catch block at 0xc3 in for 0x95
02-11 23:44:09.017 15812 15812 E ArmVmp : Match on catch block at 0xc3 in for 0x99
02-11 23:44:09.044 15812 15812 E ArmVmp : Match on catch block at 0xc3 in for 0x99
02-11 23:44:09.063 15812 15812 E ArmVmp : Match on catch block at 0xc3 in for 0x91
02-11 23:44:09.099 15812 15812 E ArmVmp : Match on catch block at 0xc3 in for 0x91
02-11 23:44:09.109 15812 15812 E ArmVmp : Match on catch block at 0xc3 in for 0x95
02-11 23:44:09.304 15812 15812 E ArmVmp : Match on catch block at 0xc3 in for 0x99
02-11 23:44:09.311 15812 15812 E ArmVmp : Match on catch block at 0xc3 in for 0x91
02-11 23:44:09.327 15812 15812 E ArmVmp : Match on catch block at 0xc3 in for 0x99
02-11 23:44:09.335 15812 15812 E ArmVmp : Match on catch block at 0xc3 in for 0x91
02-11 23:44:09.377 15812 15812 E ArmVmp : Match on catch block at 0xc3 in for 0x91
02-11 23:44:09.382 15812 15812 E ArmVmp : Match on catch block at 0xc3 in for 0x95
02-11 23:44:09.878 15812 15812 E ArmVmp : Match on catch block at 0xc3 in for 0x95
02-11 23:44:09.884 15812 15812 E ArmVmp : Match on catch block at 0xc3 in for 0x99
02-11 23:44:10.380 15812 15812 E ArmVmp : Match on catch block at 0xc3 in for 0x99
02-11 23:44:10.386 15812 15812 E ArmVmp : Match on catch block at 0xc3 in for 0x91
02-11 23:44:10.730 15812 15812 E ArmVmp : Match on catch block at 0xc3 in for 0x91
02-11 23:44:10.736 15812 15812 E ArmVmp : Match on catch block at 0xc3 in for 0x95
02-11 23:44:10.747 15812 15812 E ArmVmp : Match on catch block at 0xc3 in for 0x95
02-11 23:44:10.752 15812 15812 E ArmVmp : Match on catch block at 0xc3 in for 0x99
02-11 23:44:10.765 15812 15812 E ArmVmp : Match on catch block at 0xc3 in for 0x99
02-11 23:44:10.770 15812 15812 E ArmVmp : Match on catch block at 0xc3 in for 0x91
02-11 23:44:10.782 15812 15812 E ArmVmp : Match on catch block at 0xc3 in for 0x91
02-11 23:44:10.787 15812 15812 E ArmVmp : Match on catch block at 0xc3 in for 0x95
02-11 23:44:10.797 15812 15812 E ArmVmp : Match on catch block at 0xc3 in for 0x95
02-11 23:44:10.803 15812 15812 E ArmVmp : Match on catch block at 0xc3 in for 0x99
02-11 23:44:10.815 15812 15812 E ArmVmp : Match on catch block at 0xc3 in for 0x99
02-11 23:44:10.820 15812 15812 E ArmVmp : Match on catch block at 0xc3 in for 0x91
02-11 23:44:10.832 15812 15812 E ArmVmp : Match on catch block at 0xc3 in for 0x91
02-11 23:44:10.837 15812 15812 E ArmVmp : Match on catch block at 0xc3 in for 0x95
02-11 23:44:10.847 15812 15812 E ArmVmp : Match on catch block at 0xc3 in for 0x95
02-11 23:44:10.854 15812 15812 E ArmVmp : Match on catch block at 0xc3 in for 0x99
02-11 23:44:10.866 15812 15812 E ArmVmp : Match on catch block at 0xc3 in for 0x99
02-11 23:44:10.871 15812 15812 E ArmVmp : Match on catch block at 0xc3 in for 0x91
02-11 23:44:10.881 15812 15812 E ArmVmp : Match on catch block at 0xc3 in for 0x91
02-11 23:44:10.887 15812 15812 E ArmVmp : Match on catch block at 0xc3 in for 0x95
02-11 23:44:10.900 15812 15812 E ArmVmp : Match on catch block at 0xc3 in for 0x95
02-11 23:44:10.905 15812 15812 E ArmVmp : Match on catch block at 0xc3 in for 0x99
02-11 23:44:10.918 15812 15812 E ArmVmp : Match on catch block at 0xc3 in for 0x99
02-11 23:44:10.922 15812 15812 E ArmVmp : Match on catch block at 0xc3 in for 0x91
02-11 23:44:10.935 15812 15812 E ArmVmp : Match on catch block at 0xc3 in for 0x91
02-11 23:44:10.940 15812 15812 E ArmVmp : Match on catch block at 0xc3 in for 0x95
02-11 23:44:10.952 15812 15812 E ArmVmp : Match on catch block at 0xc3 in for 0x95
02-11 23:44:10.956 15812 15812 E ArmVmp : Match on catch block at 0xc3 in for 0x99
02-11 23:44:10.964 15812 15812 E ArmVmp : Match on catch block at 0xc3 in for 0x99
02-11 23:44:10.971 15812 15812 E ArmVmp : Match on catch block at 0xc3 in for 0x91
02-11 23:44:10.981 15812 15812 E ArmVmp : Match on catch block at 0xc3 in for 0x91
02-11 23:44:10.989 15812 15812 E ArmVmp : Match on catch block at 0xc3 in for 0x95
02-11 23:44:10.998 15812 15812 E ArmVmp : Match on catch block at 0xc3 in for 0x95
02-11 23:44:11.004 15812 15812 E ArmVmp : Match on catch block at 0xc3 in for 0x99
02-11 23:44:11.443 15812 15812 E ArmVmp : Match on catch block at 0xc3 in for 0x91
02-11 23:44:11.447 15812 15812 E ArmVmp : Match on catch block at 0xc3 in for 0x95
02-11 23:44:11.469 15812 15812 E ArmVmp : Match on catch block at 0xc3 in for 0x99
02-11 23:44:11.474 15812 15812 E ArmVmp : Match on catch block at 0xc3 in for 0x91
02-11 23:44:11.484 15812 15812 E ArmVmp : Match on catch block at 0xc3 in for 0x91
02-11 23:44:11.489 15812 15812 E ArmVmp : Match on catch block at 0xc3 in for 0x95
02-11 23:44:11.501 15812 15812 E ArmVmp : Match on catch block at 0xc3 in for 0x95
02-11 23:44:11.506 15812 15812 E ArmVmp : Match on catch block at 0xc3 in for 0x99
02-11 23:44:11.517 15812 15812 E ArmVmp : Match on catch block at 0xc3 in for 0x99
02-11 23:44:11.523 15812 15812 E ArmVmp : Match on catch block at 0xc3 in for 0x91
02-11 23:44:11.533 15812 15812 E ArmVmp : Match on catch block at 0xc3 in for 0x91
02-11 23:44:11.538 15812 15812 E ArmVmp : Match on catch block at 0xc3 in for 0x95
02-11 23:44:11.550 15812 15812 E ArmVmp : Match on catch block at 0xc3 in for 0x95
02-11 23:44:11.554 15812 15812 E ArmVmp : Match on catch block at 0xc3 in for 0x99
02-11 23:44:11.567 15812 15812 E ArmVmp : Match on catch block at 0xc3 in for 0x99
02-11 23:44:11.574 15812 15812 E ArmVmp : Match on catch block at 0xc3 in for 0x91
02-11 23:44:11.583 15812 15812 E ArmVmp : Match on catch block at 0xc3 in for 0x91
02-11 23:44:11.588 15812 15812 E ArmVmp : Match on catch block at 0xc3 in for 0x95
02-11 23:44:11.602 15812 15812 E ArmVmp : Match on catch block at 0xc3 in for 0x95
02-11 23:44:11.608 15812 15812 E ArmVmp : Match on catch block at 0xc3 in for 0x99
02-11 23:44:11.617 15812 15812 E ArmVmp : Match on catch block at 0xc3 in for 0x99
02-11 23:44:11.621 15812 15812 E ArmVmp : Match on catch block at 0xc3 in for 0x91
02-11 23:44:11.634 15812 15812 E ArmVmp : Match on catch block at 0xc3 in for 0x91
02-11 23:44:11.639 15812 15812 E ArmVmp : Match on catch block at 0xc3 in for 0x95
02-11 23:44:11.650 15812 15812 E ArmVmp : Match on catch block at 0xc3 in for 0x95
02-11 23:44:11.655 15812 15812 E ArmVmp : Match on catch block at 0xc3 in for 0x99
02-11 23:44:11.667 15812 15812 E ArmVmp : Match on catch block at 0xc3 in for 0x99
02-11 23:44:11.672 15812 15812 E ArmVmp : Match on catch block at 0xc3 in for 0x91
02-11 23:44:11.684 15812 15812 E ArmVmp : Match on catch block at 0xc3 in for 0x91
02-11 23:44:11.690 15812 15812 E ArmVmp : Match on catch block at 0xc3 in for 0x95
02-11 23:44:11.700 15812 15812 E ArmVmp : Match on catch block at 0xc3 in for 0x95
02-11 23:44:11.705 15812 15812 E ArmVmp : Match on catch block at 0xc3 in for 0x99
02-11 23:44:11.718 15812 15812 E ArmVmp : Match on catch block at 0xc3 in for 0x99
02-11 23:44:11.724 15812 15812 E ArmVmp : Match on catch block at 0xc3 in for 0x91
02-11 23:44:11.735 15812 15812 E ArmVmp : Match on catch block at 0xc3 in for 0x91
02-11 23:44:11.740 15812 15812 E ArmVmp : Match on catch block at 0xc3 in for 0x95
02-11 23:44:11.756 15812 15812 E ArmVmp : Match on catch block at 0xc3 in for 0x95
02-11 23:44:11.761 15812 15812 E ArmVmp : Match on catch block at 0xc3 in for 0x99
02-11 23:44:11.769 15812 15812 E ArmVmp : Match on catch block at 0xc3 in for 0x99
02-11 23:44:11.774 15812 15812 E ArmVmp : Match on catch block at 0xc3 in for 0x91
02-11 23:44:11.917 15812 15812 E ArmVmp : Match on catch block at 0xc3 in for 0x91
02-11 23:44:11.921 15812 15812 E ArmVmp : Match on catch block at 0xc3 in for 0x95
02-11 23:44:12.418 15812 15812 E ArmVmp : Match on catch block at 0xc3 in for 0x95
02-11 23:44:12.424 15812 15812 E ArmVmp : Match on catch block at 0xc3 in for 0x99
02-11 23:44:12.920 15812 15812 E ArmVmp : Match on catch block at 0xc3 in for 0x99
02-11 23:44:12.924 15812 15812 E ArmVmp : Match on catch block at 0xc3 in for 0x91
02-11 23:44:13.356 15812 15812 E ArmVmp : Match on catch block at 0xc3 in for 0x91
02-11 23:44:13.363 15812 15812 E ArmVmp : Match on catch block at 0xc3 in for 0x95
02-11 23:44:13.371 15812 15812 E ArmVmp : Match on catch block at 0xc3 in for 0x95
02-11 23:44:13.380 15812 15812 E ArmVmp : Match on catch block at 0xc3 in for 0x99
02-11 23:44:13.389 15812 15812 E ArmVmp : Match on catch block at 0xc3 in for 0x99
02-11 23:44:13.399 15812 15812 E ArmVmp : Match on catch block at 0xc3 in for 0x91
02-11 23:44:13.406 15812 15812 E ArmVmp : Match on catch block at 0xc3 in for 0x91
02-11 23:44:13.413 15812 15812 E ArmVmp : Match on catch block at 0xc3 in for 0x95
02-11 23:44:13.423 15812 15812 E ArmVmp : Match on catch block at 0xc3 in for 0x95
02-11 23:44:13.429 15812 15812 E ArmVmp : Match on catch block at 0xc3 in for 0x99
02-11 23:44:13.438 15812 15812 E ArmVmp : Match on catch block at 0xc3 in for 0x99
02-11 23:44:13.445 15812 15812 E ArmVmp : Match on catch block at 0xc3 in for 0x91
02-11 23:44:13.455 15812 15812 E ArmVmp : Match on catch block at 0xc3 in for 0x91
02-11 23:44:13.462 15812 15812 E ArmVmp : Match on catch block at 0xc3 in for 0x95
02-11 23:44:13.471 15812 15812 E ArmVmp : Match on catch block at 0xc3 in for 0x95
02-11 23:44:13.479 15812 15812 E ArmVmp : Match on catch block at 0xc3 in for 0x99
02-11 23:44:13.488 15812 15812 E ArmVmp : Match on catch block at 0xc3 in for 0x99
02-11 23:44:13.497 15812 15812 E ArmVmp : Match on catch block at 0xc3 in for 0x91
02-11 23:44:13.506 15812 15812 E ArmVmp : Match on catch block at 0xc3 in for 0x91
02-11 23:44:13.513 15812 15812 E ArmVmp : Match on catch block at 0xc3 in for 0x95
02-11 23:44:13.522 15812 15812 E ArmVmp : Match on catch block at 0xc3 in for 0x95
02-11 23:44:13.528 15812 15812 E ArmVmp : Match on catch block at 0xc3 in for 0x99
02-11 23:44:13.540 15812 15812 E ArmVmp : Match on catch block at 0xc3 in for 0x99
02-11 23:44:13.546 15812 15812 E ArmVmp : Match on catch block at 0xc3 in for 0x91
02-11 23:44:13.555 15812 15812 E ArmVmp : Match on catch block at 0xc3 in for 0x91
02-11 23:44:13.562 15812 15812 E ArmVmp : Match on catch block at 0xc3 in for 0x95
02-11 23:44:13.571 15812 15812 E ArmVmp : Match on catch block at 0xc3 in for 0x95
02-11 23:44:13.579 15812 15812 E ArmVmp : Match on catch block at 0xc3 in for 0x99
02-11 23:44:13.589 15812 15812 E ArmVmp : Match on catch block at 0xc3 in for 0x99
02-11 23:44:13.595 15812 15812 E ArmVmp : Match on catch block at 0xc3 in for 0x91
02-11 23:44:13.605 15812 15812 E ArmVmp : Match on catch block at 0xc3 in for 0x91
02-11 23:44:13.612 15812 15812 E ArmVmp : Match on catch block at 0xc3 in for 0x95
02-11 23:44:13.623 15812 15812 E ArmVmp : Match on catch block at 0xc3 in for 0x95
02-11 23:44:13.629 15812 15812 E ArmVmp : Match on catch block at 0xc3 in for 0x99
02-11 23:44:13.923 15812 15812 E ArmVmp : Match on catch block at 0xc3 in for 0x99
02-11 23:44:13.930 15812 15812 E ArmVmp : Match on catch block at 0xc3 in for 0x91
02-11 23:44:14.424 15812 15812 E ArmVmp : Match on catch block at 0xc3 in for 0x91
02-11 23:44:14.434 15812 15812 E ArmVmp : Match on catch block at 0xc3 in for 0x95
02-11 23:44:14.926 15812 15812 E ArmVmp : Match on catch block at 0xc3 in for 0x95
02-11 23:44:14.932 15812 15812 E ArmVmp : Match on catch block at 0xc3 in for 0x99
02-11 23:44:15.127 15812 15812 E ArmVmp : Match on catch block at 0xc3 in for 0x91
02-11 23:44:15.132 15812 15812 E ArmVmp : Match on catch block at 0xc3 in for 0x95
02-11 23:44:15.140 15812 15812 E ArmVmp : Match on catch block at 0xc3 in for 0x95
02-11 23:44:15.148 15812 15812 E ArmVmp : Match on catch block at 0xc3 in for 0x99
02-11 23:44:15.308 15812 15812 E ArmVmp : Match on catch block at 0xc3 in for 0x99
02-11 23:44:15.313 15812 15812 E ArmVmp : Match on catch block at 0xc3 in for 0x91
02-11 23:44:15.326 15812 15812 E ArmVmp : Match on catch block at 0xc3 in for 0x99
02-11 23:44:15.331 15812 15812 E ArmVmp : Match on catch block at 0xc3 in for 0x91
02-11 23:44:15.427 15812 15812 E ArmVmp : Match on catch block at 0xc3 in for 0x91
02-11 23:44:15.434 15812 15812 E ArmVmp : Match on catch block at 0xc3 in for 0x95
02-11 23:44:15.928 15812 15812 E ArmVmp : Match on catch block at 0xc3 in for 0x95
02-11 23:44:15.935 15812 15812 E ArmVmp : Match on catch block at 0xc3 in for 0x99
02-11 23:44:16.214 15812 15812 E ArmVmp : Match on catch block at 0xc3 in for 0x95
02-11 23:44:16.221 15812 15812 E ArmVmp : Match on catch block at 0xc3 in for 0x99
02-11 23:44:16.232 15812 15812 E ArmVmp : Match on catch block at 0xc3 in for 0x99
02-11 23:44:16.240 15812 15812 E ArmVmp : Match on catch block at 0xc3 in for 0x91
02-11 23:44:16.249 15812 15812 E ArmVmp : Match on catch block at 0xc3 in for 0x91
02-11 23:44:16.257 15812 15812 E ArmVmp : Match on catch block at 0xc3 in for 0x95
02-11 23:44:16.272 15812 15812 E ArmVmp : Match on catch block at 0xc3 in for 0x99
02-11 23:44:16.277 15812 15812 E ArmVmp : Match on catch block at 0xc3 in for 0x91
02-11 23:44:16.286 15812 15812 E ArmVmp : Match on catch block at 0xc3 in for 0x91
02-11 23:44:16.291 15812 15812 E ArmVmp : Match on catch block at 0xc3 in for 0x95
02-11 23:44:16.302 15812 15812 E ArmVmp : Match on catch block at 0xc3 in for 0x95
02-11 23:44:16.307 15812 15812 E ArmVmp : Match on catch block at 0xc3 in for 0x99
02-11 23:44:16.315 15812 15812 E ArmVmp : Match on catch block at 0xc3 in for 0x99
02-11 23:44:16.321 15812 15812 E ArmVmp : Match on catch block at 0xc3 in for 0x91
02-11 23:44:16.332 15812 15812 E ArmVmp : Match on catch block at 0xc3 in for 0x91
02-11 23:44:16.338 15812 15812 E ArmVmp : Match on catch block at 0xc3 in for 0x95
02-11 23:44:16.350 15812 15812 E ArmVmp : Match on catch block at 0xc3 in for 0x95
02-11 23:44:16.358 15812 15812 E ArmVmp : Match on catch block at 0xc3 in for 0x99
02-11 23:44:16.367 15812 15812 E ArmVmp : Match on catch block at 0xc3 in for 0x99
02-11 23:44:16.373 15812 15812 E ArmVmp : Match on catch block at 0xc3 in for 0x91
02-11 23:44:16.384 15812 15812 E ArmVmp : Match on catch block at 0xc3 in for 0x91
02-11 23:44:16.391 15812 15812 E ArmVmp : Match on catch block at 0xc3 in for 0x95
02-11 23:44:16.475 15812 15812 E ArmVmp : Match on catch block at 0xc3 in for 0x99
02-11 23:44:16.479 15812 15812 E ArmVmp : Match on catch block at 0xc3 in for 0x91
02-11 23:44:16.515 15812 15812 E ArmVmp : Match on catch block at 0xc3 in for 0x95
02-11 23:44:16.520 15812 15812 E ArmVmp : Match on catch block at 0xc3 in for 0x99
02-11 23:44:16.529 15812 15812 E ArmVmp : Match on catch block at 0xc3 in for 0x99
02-11 23:44:16.534 15812 15812 E ArmVmp : Match on catch block at 0xc3 in for 0x91
02-11 23:44:16.547 15812 15812 E ArmVmp : Match on catch block at 0xc3 in for 0x91
02-11 23:44:16.552 15812 15812 E ArmVmp : Match on catch block at 0xc3 in for 0x95
02-11 23:44:16.563 15812 15812 E ArmVmp : Match on catch block at 0xc3 in for 0x95
02-11 23:44:16.568 15812 15812 E ArmVmp : Match on catch block at 0xc3 in for 0x99
02-11 23:44:16.580 15812 15812 E ArmVmp : Match on catch block at 0xc3 in for 0x99
02-11 23:44:16.585 15812 15812 E ArmVmp : Match on catch block at 0xc3 in for 0x91
02-11 23:44:16.596 15812 15812 E ArmVmp : Match on catch block at 0xc3 in for 0x91
02-11 23:44:16.602 15812 15812 E ArmVmp : Match on catch block at 0xc3 in for 0x95
02-11 23:44:16.612 15812 15812 E ArmVmp : Match on catch block at 0xc3 in for 0x95
02-11 23:44:16.620 15812 15812 E ArmVmp : Match on catch block at 0xc3 in for 0x99
02-11 23:44:16.629 15812 15812 E ArmVmp : Match on catch block at 0xc3 in for 0x99
02-11 23:44:16.635 15812 15812 E ArmVmp : Match on catch block at 0xc3 in for 0x91
02-11 23:44:16.646 15812 15812 E ArmVmp : Match on catch block at 0xc3 in for 0x91
02-11 23:44:16.652 15812 15812 E ArmVmp : Match on catch block at 0xc3 in for 0x95
02-11 23:44:16.664 15812 15812 E ArmVmp : Match on catch block at 0xc3 in for 0x95
02-11 23:44:16.670 15812 15812 E ArmVmp : Match on catch block at 0xc3 in for 0x99
02-11 23:44:16.680 15812 15812 E ArmVmp : Match on catch block at 0xc3 in for 0x99
02-11 23:44:16.685 15812 15812 E ArmVmp : Match on catch block at 0xc3 in for 0x91
02-11 23:44:16.696 15812 15812 E ArmVmp : Match on catch block at 0xc3 in for 0x91
02-11 23:44:16.702 15812 15812 E ArmVmp : Match on catch block at 0xc3 in for 0x95
02-11 23:44:16.729 15812 15812 E ArmVmp : Match on catch block at 0xc3 in for 0x91
02-11 23:44:16.734 15812 15812 E ArmVmp : Match on catch block at 0xc3 in for 0x95
02-11 23:44:16.741 15812 15812 E ArmVmp : Match on catch block at 0xc3 in for 0x95
02-11 23:44:16.747 15812 15812 E ArmVmp : Match on catch block at 0xc3 in for 0x99
02-11 23:44:16.998 15812 15812 E ArmVmp : Match on catch block at 0xc3 in for 0x99
02-11 23:44:17.005 15812 15812 E ArmVmp : Match on catch block at 0xc3 in for 0x91
02-11 23:44:17.500 15812 15812 E ArmVmp : Match on catch block at 0xc3 in for 0x91
02-11 23:44:17.507 15812 15812 E ArmVmp : Match on catch block at 0xc3 in for 0x95
02-11 23:44:17.621 15812 15812 E ArmVmp : Match on catch block at 0xc3 in for 0x99
02-11 23:44:17.627 15812 15812 E ArmVmp : Match on catch block at 0xc3 in for 0x91
02-11 23:44:17.649 15812 15812 E ArmVmp : Match on catch block at 0xc3 in for 0x99
02-11 23:44:17.654 15812 15812 E ArmVmp : Match on catch block at 0xc3 in for 0x91
02-11 23:44:17.665 15812 15812 E ArmVmp : Match on catch block at 0xc3 in for 0x91
02-11 23:44:17.672 15812 15812 E ArmVmp : Match on catch block at 0xc3 in for 0x95
02-11 23:44:17.682 15812 15812 E ArmVmp : Match on catch block at 0xc3 in for 0x95
02-11 23:44:17.688 15812 15812 E ArmVmp : Match on catch block at 0xc3 in for 0x99
02-11 23:44:17.706 15812 15812 E ArmVmp : Match on catch block at 0xc3 in for 0x99
02-11 23:44:17.711 15812 15812 E ArmVmp : Match on catch block at 0xc3 in for 0x91
02-11 23:44:17.731 15812 15812 E ArmVmp : Match on catch block at 0xc3 in for 0x91
02-11 23:44:17.736 15812 15812 E ArmVmp : Match on catch block at 0xc3 in for 0x95
02-11 23:44:17.752 15812 15812 E ArmVmp : Match on catch block at 0xc3 in for 0x95
02-11 23:44:17.757 15812 15812 E ArmVmp : Match on catch block at 0xc3 in for 0x99
02-11 23:44:17.765 15812 15812 E ArmVmp : Match on catch block at 0xc3 in for 0x99
02-11 23:44:17.771 15812 15812 E ArmVmp : Match on catch block at 0xc3 in for 0x91
02-11 23:44:17.782 15812 15812 E ArmVmp : Match on catch block at 0xc3 in for 0x91
02-11 23:44:17.787 15812 15812 E ArmVmp : Match on catch block at 0xc3 in for 0x95
02-11 23:44:17.799 15812 15812 E ArmVmp : Match on catch block at 0xc3 in for 0x95
02-11 23:44:17.805 15812 15812 E ArmVmp : Match on catch block at 0xc3 in for 0x99
02-11 23:44:17.815 15812 15812 E ArmVmp : Match on catch block at 0xc3 in for 0x99
02-11 23:44:17.821 15812 15812 E ArmVmp : Match on catch block at 0xc3 in for 0x91
02-11 23:44:17.934 15812 15812 E ArmVmp : Match on catch block at 0xc3 in for 0x91
02-11 23:44:17.939 15812 15812 E ArmVmp : Match on catch block at 0xc3 in for 0x95
02-11 23:44:18.316 15812 15812 E ArmVmp : Match on catch block at 0xc3 in for 0x95
02-11 23:44:18.320 15812 15812 E ArmVmp : Match on catch block at 0xc3 in for 0x99
02-11 23:44:18.334 15812 15812 E ArmVmp : Match on catch block at 0xc3 in for 0x99
02-11 23:44:18.339 15812 15812 E ArmVmp : Match on catch block at 0xc3 in for 0x91
02-11 23:44:18.350 15812 15812 E ArmVmp : Match on catch block at 0xc3 in for 0x91
02-11 23:44:18.356 15812 15812 E ArmVmp : Match on catch block at 0xc3 in for 0x95
02-11 23:44:18.366 15812 15812 E ArmVmp : Match on catch block at 0xc3 in for 0x95
02-11 23:44:18.371 15812 15812 E ArmVmp : Match on catch block at 0xc3 in for 0x99
02-11 23:44:18.384 15812 15812 E ArmVmp : Match on catch block at 0xc3 in for 0x99
02-11 23:44:18.388 15812 15812 E ArmVmp : Match on catch block at 0xc3 in for 0x91
02-11 23:44:18.401 15812 15812 E ArmVmp : Match on catch block at 0xc3 in for 0x91
02-11 23:44:18.406 15812 15812 E ArmVmp : Match on catch block at 0xc3 in for 0x95
02-11 23:44:18.417 15812 15812 E ArmVmp : Match on catch block at 0xc3 in for 0x95
02-11 23:44:18.423 15812 15812 E ArmVmp : Match on catch block at 0xc3 in for 0x99
02-11 23:44:18.434 15812 15812 E ArmVmp : Match on catch block at 0xc3 in for 0x99
02-11 23:44:18.440 15812 15812 E ArmVmp : Match on catch block at 0xc3 in for 0x91
02-11 23:44:18.450 15812 15812 E ArmVmp : Match on catch block at 0xc3 in for 0x91
02-11 23:44:18.456 15812 15812 E ArmVmp : Match on catch block at 0xc3 in for 0x95
02-11 23:44:18.468 15812 15812 E ArmVmp : Match on catch block at 0xc3 in for 0x95
02-11 23:44:18.474 15812 15812 E ArmVmp : Match on catch block at 0xc3 in for 0x99
02-11 23:44:18.483 15812 15812 E ArmVmp : Match on catch block at 0xc3 in for 0x99
02-11 23:44:18.488 15812 15812 E ArmVmp : Match on catch block at 0xc3 in for 0x91
02-11 23:44:18.501 15812 15812 E ArmVmp : Match on catch block at 0xc3 in for 0x91
02-11 23:44:18.506 15812 15812 E ArmVmp : Match on catch block at 0xc3 in for 0x95
02-11 23:44:18.517 15812 15812 E ArmVmp : Match on catch block at 0xc3 in for 0x95
02-11 23:44:18.523 15812 15812 E ArmVmp : Match on catch block at 0xc3 in for 0x99
02-11 23:44:18.534 15812 15812 E ArmVmp : Match on catch block at 0xc3 in for 0x99
02-11 23:44:18.540 15812 15812 E ArmVmp : Match on catch block at 0xc3 in for 0x91
02-11 23:44:18.550 15812 15812 E ArmVmp : Match on catch block at 0xc3 in for 0x91
02-11 23:44:18.555 15812 15812 E ArmVmp : Match on catch block at 0xc3 in for 0x95
02-11 23:44:18.569 15812 15812 E ArmVmp : Match on catch block at 0xc3 in for 0x95
02-11 23:44:18.575 15812 15812 E ArmVmp : Match on catch block at 0xc3 in for 0x99
02-11 23:44:18.585 15812 15812 E ArmVmp : Match on catch block at 0xc3 in for 0x99
02-11 23:44:18.590 15812 15812 E ArmVmp : Match on catch block at 0xc3 in for 0x91
02-11 23:44:18.887 15812 15812 E ArmVmp : Match on catch block at 0xc3 in for 0x91
02-11 23:44:18.892 15812 15812 E ArmVmp : Match on catch block at 0xc3 in for 0x95
02-11 23:44:19.257 15812 15812 E ArmVmp : Match on catch block at 0xc3 in for 0x99
02-11 23:44:19.265 15812 15812 E ArmVmp : Match on catch block at 0xc3 in for 0x91
02-11 23:44:19.286 15812 15812 E ArmVmp : Match on catch block at 0xc3 in for 0x91
02-11 23:44:19.293 15812 15812 E ArmVmp : Match on catch block at 0xc3 in for 0x95
02-11 23:44:19.303 15812 15812 E ArmVmp : Match on catch block at 0xc3 in for 0x95
02-11 23:44:19.309 15812 15812 E ArmVmp : Match on catch block at 0xc3 in for 0x99
02-11 23:44:19.320 15812 15812 E ArmVmp : Match on catch block at 0xc3 in for 0x99
02-11 23:44:19.326 15812 15812 E ArmVmp : Match on catch block at 0xc3 in for 0x91
02-11 23:44:19.337 15812 15812 E ArmVmp : Match on catch block at 0xc3 in for 0x91
02-11 23:44:19.342 15812 15812 E ArmVmp : Match on catch block at 0xc3 in for 0x95
02-11 23:44:19.354 15812 15812 E ArmVmp : Match on catch block at 0xc3 in for 0x95
02-11 23:44:19.360 15812 15812 E ArmVmp : Match on catch block at 0xc3 in for 0x99
02-11 23:44:19.369 15812 15812 E ArmVmp : Match on catch block at 0xc3 in for 0x99
02-11 23:44:19.374 15812 15812 E ArmVmp : Match on catch block at 0xc3 in for 0x91
02-11 23:44:19.387 15812 15812 E ArmVmp : Match on catch block at 0xc3 in for 0x91
02-11 23:44:19.393 15812 15812 E ArmVmp : Match on catch block at 0xc3 in for 0x95
02-11 23:44:19.404 15812 15812 E ArmVmp : Match on catch block at 0xc3 in for 0x95
02-11 23:44:19.412 15812 15812 E ArmVmp : Match on catch block at 0xc3 in for 0x99
02-11 23:44:19.422 15812 15812 E ArmVmp : Match on catch block at 0xc3 in for 0x99
02-11 23:44:19.427 15812 15812 E ArmVmp : Match on catch block at 0xc3 in for 0x91
02-11 23:44:19.450 15812 15812 E ArmVmp : Match on catch block at 0xc3 in for 0x91
02-11 23:44:19.456 15812 15812 E ArmVmp : Match on catch block at 0xc3 in for 0x95
02-11 23:44:19.462 15812 15812 E ArmVmp : Match on catch block at 0xc3 in for 0x95
02-11 23:44:19.469 15812 15812 E ArmVmp : Match on catch block at 0xc3 in for 0x99
02-11 23:44:19.755 15812 15812 E ArmVmp : Match on catch block at 0xc3 in for 0x99
02-11 23:44:19.762 15812 15812 E ArmVmp : Match on catch block at 0xc3 in for 0x91
02-11 23:44:20.255 15812 15812 E ArmVmp : Match on catch block at 0xc3 in for 0x91
02-11 23:44:20.261 15812 15812 E ArmVmp : Match on catch block at 0xc3 in for 0x95
02-11 23:44:20.757 15812 15812 E ArmVmp : Match on catch block at 0xc3 in for 0x95
02-11 23:44:20.764 15812 15812 E ArmVmp : Match on catch block at 0xc3 in for 0x99
02-11 23:44:21.041 15812 15812 E ArmVmp : Match on catch block at 0xc3 in for 0x99
02-11 23:44:21.047 15812 15812 E ArmVmp : Match on catch block at 0xc3 in for 0x91
02-11 23:44:21.057 15812 15812 E ArmVmp : Match on catch block at 0xc3 in for 0x91
02-11 23:44:21.066 15812 15812 E ArmVmp : Match on catch block at 0xc3 in for 0x95
02-11 23:44:21.076 15812 15812 E ArmVmp : Match on catch block at 0xc3 in for 0x95
02-11 23:44:21.081 15812 15812 E ArmVmp : Match on catch block at 0xc3 in for 0x99
02-11 23:44:21.090 15812 15812 E ArmVmp : Match on catch block at 0xc3 in for 0x99
02-11 23:44:21.097 15812 15812 E ArmVmp : Match on catch block at 0xc3 in for 0x91
02-11 23:44:21.113 15812 15812 E ArmVmp : Match on catch block at 0xc3 in for 0x95
02-11 23:44:21.119 15812 15812 E ArmVmp : Match on catch block at 0xc3 in for 0x99
02-11 23:44:21.128 15812 15812 E ArmVmp : Match on catch block at 0xc3 in for 0x95
02-11 23:44:21.134 15812 15812 E ArmVmp : Match on catch block at 0xc3 in for 0x99
02-11 23:44:21.140 15812 15812 E ArmVmp : Match on catch block at 0xc3 in for 0x99
02-11 23:44:21.146 15812 15812 E ArmVmp : Match on catch block at 0xc3 in for 0x91
02-11 23:44:21.156 15812 15812 E ArmVmp : Match on catch block at 0xc3 in for 0x91
02-11 23:44:21.167 15812 15812 E ArmVmp : Match on catch block at 0xc3 in for 0x95
02-11 23:44:21.175 15812 15812 E ArmVmp : Match on catch block at 0xc3 in for 0x95
02-11 23:44:21.181 15812 15812 E ArmVmp : Match on catch block at 0xc3 in for 0x99
02-11 23:44:21.192 15812 15812 E ArmVmp : Match on catch block at 0xc3 in for 0x99
02-11 23:44:21.196 15812 15812 E ArmVmp : Match on catch block at 0xc3 in for 0x91
02-11 23:44:21.206 15812 15812 E ArmVmp : Match on catch block at 0xc3 in for 0x91
02-11 23:44:21.211 15812 15812 E ArmVmp : Match on catch block at 0xc3 in for 0x95
02-11 23:44:21.228 15812 15812 E ArmVmp : Match on catch block at 0xc3 in for 0x95
02-11 23:44:21.233 15812 15812 E ArmVmp : Match on catch block at 0xc3 in for 0x99
02-11 23:44:21.241 15812 15812 E ArmVmp : Match on catch block at 0xc3 in for 0x99
02-11 23:44:21.247 15812 15812 E ArmVmp : Match on catch block at 0xc3 in for 0x91
02-11 23:44:21.258 15812 15812 E ArmVmp : Match on catch block at 0xc3 in for 0x91
02-11 23:44:21.263 15812 15812 E ArmVmp : Match on catch block at 0xc3 in for 0x95
02-11 23:44:21.274 15812 15812 E ArmVmp : Match on catch block at 0xc3 in for 0x95
02-11 23:44:21.279 15812 15812 E ArmVmp : Match on catch block at 0xc3 in for 0x99
02-11 23:44:21.292 15812 15812 E ArmVmp : Match on catch block at 0xc3 in for 0x99
02-11 23:44:21.298 15812 15812 E ArmVmp : Match on catch block at 0xc3 in for 0x91
02-11 23:44:21.309 15812 15812 E ArmVmp : Match on catch block at 0xc3 in for 0x91
02-11 23:44:21.316 15812 15812 E ArmVmp : Match on catch block at 0xc3 in for 0x95
02-11 23:44:21.410 15812 15812 E ArmVmp : Match on catch block at 0xc3 in for 0x95
02-11 23:44:21.422 15812 15812 E ArmVmp : Match on catch block at 0xc3 in for 0x99
02-11 23:44:21.910 15812 15812 E ArmVmp : Match on catch block at 0xc3 in for 0x99
02-11 23:44:21.916 15812 15812 E ArmVmp : Match on catch block at 0xc3 in for 0x91
02-11 23:44:21.945 15812 15812 E ArmVmp : Match on catch block at 0xc3 in for 0x91
02-11 23:44:21.952 15812 15812 E ArmVmp : Match on catch block at 0xc3 in for 0x95
02-11 23:44:22.444 15812 15812 E ArmVmp : Match on catch block at 0xc3 in for 0x95
02-11 23:44:22.450 15812 15812 E ArmVmp : Match on catch block at 0xc3 in for 0x99
02-11 23:44:22.811 15812 15812 E ArmVmp : Match on catch block at 0xc3 in for 0x99
02-11 23:44:22.819 15812 15812 E ArmVmp : Match on catch block at 0xc3 in for 0x91
02-11 23:44:23.313 15812 15812 E ArmVmp : Match on catch block at 0xc3 in for 0x91
02-11 23:44:23.319 15812 15812 E ArmVmp : Match on catch block at 0xc3 in for 0x95
02-11 23:44:23.813 15812 15812 E ArmVmp : Match on catch block at 0xc3 in for 0x95
02-11 23:44:23.818 15812 15812 E ArmVmp : Match on catch block at 0xc3 in for 0x99
02-11 23:44:23.902 15812 15863 W System.err: FileClientSessionCache: Error writing
session data for 157.240.14.52 to
/data/user/0/com.whatsapp/cache/SSLSessionCache/157.240.14.52.443.
02-11 23:44:23.902 15812 15863 W System.err:
02-11 23:44:23.902 15812 15863 W System.err: java.io.FileNotFoundException:
/data/user/0/com.whatsapp/cache/SSLSessionCache/157.240.14.52.443 (No such file or
directory)
02-11 23:44:23.902 15812 15863 W System.err:
02-11 23:44:23.903 15812 15863 W System.err: at
java.io.FileOutputStream.open0(Native Method)
02-11 23:44:23.903 15812 15863 W System.err:
02-11 23:44:23.903 15812 15863 W System.err: at
java.io.FileOutputStream.open(FileOutputStream.java:287)
02-11 23:44:23.903 15812 15863 W System.err:
02-11 23:44:23.903 15812 15863 W System.err: at
java.io.FileOutputStream.<init>(FileOutputStream.java:223)
02-11 23:44:23.903 15812 15863 W System.err:
02-11 23:44:23.903 15812 15863 W System.err: at
java.io.FileOutputStream.<init>(FileOutputStream.java:171)
02-11 23:44:23.903 15812 15863 W System.err:
02-11 23:44:23.903 15812 15863 W System.err: at
com.android.org.conscrypt.FileClientSessionCache$Impl.putSessionData(FileClientSess
ionCache.java:205)
02-11 23:44:23.903 15812 15863 W System.err:
02-11 23:44:23.903 15812 15863 W System.err: at
com.android.org.conscrypt.ClientSessionContext.onBeforeAddSession(ClientSessionCont
ext.java:151)
02-11 23:44:23.904 15812 15863 W System.err:
02-11 23:44:23.904 15812 15863 W System.err: at
com.android.org.conscrypt.AbstractSessionContext.cacheSession(AbstractSessionContex
t.java:202)
02-11 23:44:23.904 15812 15863 W System.err:
02-11 23:44:23.904 15812 15863 W System.err: at
com.android.org.conscrypt.ConscryptFileDescriptorSocket.onNewSessionEstablished(Con
scryptFileDescriptorSocket.java:368)
02-11 23:44:23.904 15812 15863 W System.err:
02-11 23:44:23.904 15812 15863 W System.err: at
com.android.org.conscrypt.NativeCrypto.SSL_read(Native Method)
02-11 23:44:23.904 15812 15863 W System.err:
02-11 23:44:23.904 15812 15863 W System.err: at
com.android.org.conscrypt.SslWrapper.read(SslWrapper.java:384)
02-11 23:44:23.904 15812 15863 W System.err:
02-11 23:44:23.905 15812 15863 W System.err: at
com.android.org.conscrypt.ConscryptFileDescriptorSocket$SSLInputStream.read(Conscry
ptFileDescriptorSocket.java:541)
02-11 23:44:23.905 15812 15863 W System.err:
02-11 23:44:23.905 15812 15863 W System.err: at
com.android.okhttp.okio.Okio$2.read(Okio.java:136)
02-11 23:44:23.905 15812 15863 W System.err:
02-11 23:44:23.905 15812 15863 W System.err: at
com.android.okhttp.okio.AsyncTimeout$2.read(AsyncTimeout.java:211)
02-11 23:44:23.905 15812 15863 W System.err:
02-11 23:44:23.905 15812 15863 W System.err: at
com.android.okhttp.okio.RealBufferedSource.indexOf(RealBufferedSource.java:306)
02-11 23:44:23.905 15812 15863 W System.err:
02-11 23:44:23.905 15812 15863 W System.err: at
com.android.okhttp.okio.RealBufferedSource.indexOf(RealBufferedSource.java:300)
02-11 23:44:23.905 15812 15863 W System.err:
02-11 23:44:23.905 15812 15863 W System.err: at
com.android.okhttp.okio.RealBufferedSource.readUtf8LineStrict(RealBufferedSource.ja
va:196)
02-11 23:44:23.906 15812 15863 W System.err:
02-11 23:44:23.906 15812 15863 W System.err: at
com.android.okhttp.internal.http.Http1xStream.readResponse(Http1xStream.java:186)
02-11 23:44:23.906 15812 15863 W System.err:
02-11 23:44:23.906 15812 15863 W System.err: at
com.android.okhttp.internal.http.Http1xStream.readResponseHeaders(Http1xStream.java
:127)
02-11 23:44:23.906 15812 15863 W System.err:
02-11 23:44:23.906 15812 15863 W System.err: at
com.android.okhttp.internal.http.HttpEngine.readNetworkResponse(HttpEngine.java:737
)
02-11 23:44:23.906 15812 15863 W System.err:
02-11 23:44:23.906 15812 15863 W System.err: at
com.android.okhttp.internal.http.HttpEngine.readResponse(HttpEngine.java:609)
02-11 23:44:23.906 15812 15863 W System.err:
02-11 23:44:23.906 15812 15863 W System.err: at
com.android.okhttp.internal.huc.HttpURLConnectionImpl.execute(HttpURLConnectionImpl
.java:471)
02-11 23:44:23.907 15812 15863 W System.err:
02-11 23:44:23.907 15812 15863 W System.err: at
com.android.okhttp.internal.huc.HttpURLConnectionImpl.getResponse(HttpURLConnection
Impl.java:407)
02-11 23:44:23.907 15812 15863 W System.err:
02-11 23:44:23.907 15812 15863 W System.err: at
com.android.okhttp.internal.huc.HttpURLConnectionImpl.getResponseCode(HttpURLConnec
tionImpl.java:538)
02-11 23:44:23.907 15812 15863 W System.err:
02-11 23:44:23.907 15812 15863 W System.err: at
com.android.okhttp.internal.huc.DelegatingHttpsURLConnection.getResponseCode(Delega
tingHttpsURLConnection.java:105)
02-11 23:44:23.907 15812 15863 W System.err:
02-11 23:44:23.907 15812 15863 W System.err: at
com.android.okhttp.internal.huc.HttpsURLConnectionImpl.getResponseCode(Unknown
Source:0)
02-11 23:44:23.907 15812 15863 W System.err:
02-11 23:44:23.907 15812 15863 W System.err: at X.3Qr.A00(Unknown Source:916)
02-11 23:44:23.908 15812 15863 W System.err:
02-11 23:44:23.908 15812 15863 W System.err: at X.3Qr.BdL(Unknown Source:6)
02-11 23:44:23.908 15812 15863 W System.err:
02-11 23:44:23.908 15812 15863 W System.err: at X.3gF.run(Unknown Source:1059)
02-11 23:44:23.908 15812 15863 W System.err:
02-11 23:44:23.908 15812 15863 W System.err: at X.0yM.A1J(Unknown Source:2)
02-11 23:44:23.908 15812 15863 W System.err:
02-11 23:44:23.908 15812 15863 W System.err: at X.1nX.run(Unknown Source:91)
02-11 23:44:23.908 15812 15863 W System.err:
02-11 23:44:23.909 15812 15863 W System.err: at
java.util.concurrent.ThreadPoolExecutor.runWorker(ThreadPoolExecutor.java:1162)
02-11 23:44:23.909 15812 15863 W System.err:
02-11 23:44:23.909 15812 15863 W System.err: at
java.util.concurrent.ThreadPoolExecutor$Worker.run(ThreadPoolExecutor.java:636)
02-11 23:44:23.909 15812 15863 W System.err:
02-11 23:44:23.909 15812 15863 W System.err: at X.3gH.run(Unknown Source:1548)
02-11 23:44:23.909 15812 15863 W System.err:
02-11 23:44:23.909 15812 15863 W System.err: at
java.lang.Thread.run(Thread.java:764)
02-11 23:44:23.909 15812 15863 W System.err:
02-11 23:44:24.316 15812 15812 E ArmVmp : Match on catch block at 0xc3 in for 0x99
02-11 23:44:24.324 15812 15812 E ArmVmp : Match on catch block at 0xc3 in for 0x91
02-11 23:44:24.349 15812 15812 E ArmVmp : Match on catch block at 0xc3 in for 0x91
02-11 23:44:24.356 15812 15812 E ArmVmp : Match on catch block at 0xc3 in for 0x95
02-11 23:44:24.616 15812 15812 E ArmVmp : Match on catch block at 0xc3 in for 0x95
02-11 23:44:24.623 15812 15812 E ArmVmp : Match on catch block at 0xc3 in for 0x99
02-11 23:44:25.120 15812 15812 E ArmVmp : Match on catch block at 0xc3 in for 0x99
02-11 23:44:25.126 15812 15812 E ArmVmp : Match on catch block at 0xc3 in for 0x91
02-11 23:44:25.152 15812 15812 E ArmVmp : Match on catch block at 0xc3 in for 0x91
02-11 23:44:25.159 15812 15812 E ArmVmp : Match on catch block at 0xc3 in for 0x95
02-11 23:44:25.651 15812 15812 E ArmVmp : Match on catch block at 0xc3 in for 0x95
02-11 23:44:25.658 15812 15812 E ArmVmp : Match on catch block at 0xc3 in for 0x99
02-11 23:44:25.786 15812 15812 E ArmVmp : Match on catch block at 0xc3 in for 0x99
02-11 23:44:25.792 15812 15812 E ArmVmp : Match on catch block at 0xc3 in for 0x91
02-11 23:44:26.288 15812 15812 E ArmVmp : Match on catch block at 0xc3 in for 0x91
02-11 23:44:26.294 15812 15812 E ArmVmp : Match on catch block at 0xc3 in for 0x95
02-11 23:44:26.587 15812 15812 E ArmVmp : Match on catch block at 0xc3 in for 0x95
02-11 23:44:26.596 15812 15812 E ArmVmp : Match on catch block at 0xc3 in for 0x99
02-11 23:44:27.089 15812 15812 E ArmVmp : Match on catch block at 0xc3 in for 0x99
02-11 23:44:27.096 15812 15812 E ArmVmp : Match on catch block at 0xc3 in for 0x91
02-11 23:44:27.376 15812 15812 E ArmVmp : Match on catch block at 0xc3 in for 0x99
02-11 23:44:27.383 15812 15812 E ArmVmp : Match on catch block at 0xc3 in for 0x91
02-11 23:44:27.392 15812 15812 E ArmVmp : Match on catch block at 0xc3 in for 0x91
02-11 23:44:27.398 15812 15812 E ArmVmp : Match on catch block at 0xc3 in for 0x95
02-11 23:44:27.842 15812 15812 E ArmVmp : Match on catch block at 0xc3 in for 0x95
02-11 23:44:27.850 15812 15812 E ArmVmp : Match on catch block at 0xc3 in for 0x99
02-11 23:44:27.941 15812 15812 E ArmVmp : Match on catch block at 0xc3 in for 0x99
02-11 23:44:27.948 15812 15812 E ArmVmp : Match on catch block at 0xc3 in for 0x91
02-11 23:44:27.997 15812 15812 E ArmVmp : Match on catch block at 0xc3 in for 0x95
02-11 23:44:28.003 15812 15812 E ArmVmp : Match on catch block at 0xc3 in for 0x99
02-11 23:44:28.044 15812 15812 E ArmVmp : Match on catch block at 0xc3 in for 0x99
02-11 23:44:28.050 15812 15812 E ArmVmp : Match on catch block at 0xc3 in for 0x91
02-11 23:44:28.058 15812 15812 E ArmVmp : Match on catch block at 0xc3 in for 0x91
02-11 23:44:28.063 15812 15812 E ArmVmp : Match on catch block at 0xc3 in for 0x95
02-11 23:44:28.074 15812 15812 E ArmVmp : Match on catch block at 0xc3 in for 0x95
02-11 23:44:28.080 15812 15812 E ArmVmp : Match on catch block at 0xc3 in for 0x99
02-11 23:44:28.156 15812 15812 E ArmVmp : Match on catch block at 0xc3 in for 0x99
02-11 23:44:28.161 15812 15812 E ArmVmp : Match on catch block at 0xc3 in for 0x91
02-11 23:44:28.189 15812 15812 E ArmVmp : Match on catch block at 0xc3 in for 0x91
02-11 23:44:28.195 15812 15812 E ArmVmp : Match on catch block at 0xc3 in for 0x95
02-11 23:44:28.211 15812 15812 E ArmVmp : Match on catch block at 0xc3 in for 0x95
02-11 23:44:28.216 15812 15812 E ArmVmp : Match on catch block at 0xc3 in for 0x99
02-11 23:44:28.224 15812 15812 E ArmVmp : Match on catch block at 0xc3 in for 0x99
02-11 23:44:28.232 15812 15812 E ArmVmp : Match on catch block at 0xc3 in for 0x91
02-11 23:44:28.264 15812 15812 E ArmVmp : Match on catch block at 0xc3 in for 0x99
02-11 23:44:28.268 15812 15812 E ArmVmp : Match on catch block at 0xc3 in for 0x91
02-11 23:44:28.277 15812 15812 E ArmVmp : Match on catch block at 0xc3 in for 0x91
02-11 23:44:28.280 15812 17481 W MediaPlayer: Use of stream types is deprecated for
operations other than volume control
02-11 23:44:28.280 15812 17481 W MediaPlayer: See the documentation of
setAudioStreamType() for what to use instead with android.media.AudioAttributes to
qualify your playback use case
02-11 23:44:28.283 15812 15812 E ArmVmp : Match on catch block at 0xc3 in for 0x95
02-11 23:44:28.476 15812 15812 E ArmVmp : Match on catch block at 0xc3 in for 0x91
02-11 23:44:28.484 15812 15812 E ArmVmp : Match on catch block at 0xc3 in for 0x95
02-11 23:44:28.977 15812 15812 E ArmVmp : Match on catch block at 0xc3 in for 0x99
02-11 23:44:28.982 15812 15812 E ArmVmp : Match on catch block at 0xc3 in for 0x91
02-11 23:44:29.494 15812 15899 W Adreno-ES20: <core_glFinish:34>: glFinish skipped:
0
02-11 23:44:29.505 15812 15899 W Adreno-ES20: <core_glFinish:34>: glFinish skipped:
0
02-11 23:44:29.508 15812 15899 W Adreno-ES20: <core_glFinish:34>: glFinish skipped:
0
02-11 23:44:29.530 15812 15899 W Adreno-ES20: <core_glFinish:34>: glFinish skipped:
0
02-11 23:44:29.579 15812 15899 W Adreno-ES20: <core_glFinish:34>: glFinish skipped:
0
02-11 23:44:29.583 15812 15899 W Adreno-ES20: <core_glFinish:34>: glFinish skipped:
0
02-11 23:45:23.139 15812 15899 W Adreno-ES20: <core_glFinish:34>: glFinish skipped:
0
02-11 23:45:23.139 15812 15899 W Adreno-ES20: <core_glFinish:34>: glFinish skipped:
0
02-11 23:45:23.235 15812 15812 E ArmVmp : Match on catch block at 0x0a in for 0xb5
02-11 23:45:23.249 15812 15812 E ArmVmp : Match on catch block at 0x0a in for 0xb1
02-11 23:45:23.329 15812 15880 W OkHttpClient: A connection to
https://157.240.14.52/ was leaked. Did you forget to close a response body?
02-11 23:45:23.330 15812 15880 W OkHttpClient: A connection to
https://157.240.14.52/ was leaked. Did you forget to close a response body?
02-11 23:45:23.365 15812 15899 W Adreno-EGL: <qeglDrvAPI_eglGetConfigAttrib:612>:
EGL_BAD_ATTRIBUTE
02-11 23:45:23.405 15812 15812 E ArmVmp : Match on catch block at 0xc3 in for 0x95
02-11 23:45:23.411 15812 15812 E ArmVmp : Match on catch block at 0xc3 in for 0x99
02-11 23:45:23.443 15812 15812 E ArmVmp : Match on catch block at 0xc3 in for 0x91
02-11 23:45:23.448 15812 15812 E ArmVmp : Match on catch block at 0xc3 in for 0x95
02-11 23:45:23.505 15812 15812 E ArmVmp : Match on catch block at 0xc3 in for 0x95
02-11 23:45:23.512 15812 15812 E ArmVmp : Match on catch block at 0xc3 in for 0x99
02-11 23:45:23.702 15812 15812 E ArmVmp : Match on catch block at 0xc3 in for 0x99
02-11 23:45:23.709 15812 15812 E ArmVmp : Match on catch block at 0xc3 in for 0x91
02-11 23:45:23.729 15812 15812 E ArmVmp : Match on catch block at 0xc3 in for 0x99
02-11 23:45:23.734 15812 15812 E ArmVmp : Match on catch block at 0xc3 in for 0x91
02-11 23:45:23.994 15812 15812 E ArmVmp : Match on catch block at 0xc3 in for 0x91
02-11 23:45:24.000 15812 15812 E ArmVmp : Match on catch block at 0xc3 in for 0x95
02-11 23:45:24.144 15812 15812 E ArmVmp : Match on catch block at 0xc3 in for 0x95
02-11 23:45:24.150 15812 15812 E ArmVmp : Match on catch block at 0xc3 in for 0x99
02-11 23:45:24.161 15812 15812 E ArmVmp : Match on catch block at 0xc3 in for 0x99
02-11 23:45:24.167 15812 15812 E ArmVmp : Match on catch block at 0xc3 in for 0x91
02-11 23:45:24.177 15812 15812 E ArmVmp : Match on catch block at 0xc3 in for 0x91
02-11 23:45:24.183 15812 15812 E ArmVmp : Match on catch block at 0xc3 in for 0x95
02-11 23:45:24.194 15812 15812 E ArmVmp : Match on catch block at 0xc3 in for 0x95
02-11 23:45:24.199 15812 15812 E ArmVmp : Match on catch block at 0xc3 in for 0x99
02-11 23:45:24.212 15812 15812 E ArmVmp : Match on catch block at 0xc3 in for 0x99
02-11 23:45:24.218 15812 15812 E ArmVmp : Match on catch block at 0xc3 in for 0x91
02-11 23:45:24.228 15812 15812 E ArmVmp : Match on catch block at 0xc3 in for 0x91
02-11 23:45:24.236 15812 15812 E ArmVmp : Match on catch block at 0xc3 in for 0x95
02-11 23:45:24.247 15812 15812 E ArmVmp : Match on catch block at 0xc3 in for 0x95
02-11 23:45:24.254 15812 15812 E ArmVmp : Match on catch block at 0xc3 in for 0x99
02-11 23:45:24.260 15812 15812 E ArmVmp : Match on catch block at 0xc3 in for 0x99
02-11 23:45:24.266 15812 15812 E ArmVmp : Match on catch block at 0xc3 in for 0x91
02-11 23:45:24.277 15812 15812 E ArmVmp : Match on catch block at 0xc3 in for 0x91
02-11 23:45:24.283 15812 15812 E ArmVmp : Match on catch block at 0xc3 in for 0x95
02-11 23:45:24.294 15812 15812 E ArmVmp : Match on catch block at 0xc3 in for 0x95
02-11 23:45:24.301 15812 15812 E ArmVmp : Match on catch block at 0xc3 in for 0x99
02-11 23:45:24.313 15812 15812 E ArmVmp : Match on catch block at 0xc3 in for 0x99
02-11 23:45:24.318 15812 15812 E ArmVmp : Match on catch block at 0xc3 in for 0x91
02-11 23:45:24.328 15812 15812 E ArmVmp : Match on catch block at 0xc3 in for 0x91
02-11 23:45:24.334 15812 15812 E ArmVmp : Match on catch block at 0xc3 in for 0x95
02-11 23:45:24.344 15812 15812 E ArmVmp : Match on catch block at 0xc3 in for 0x95
02-11 23:45:24.350 15812 15812 E ArmVmp : Match on catch block at 0xc3 in for 0x99
02-11 23:45:24.362 15812 15812 E ArmVmp : Match on catch block at 0xc3 in for 0x99
02-11 23:45:24.367 15812 15812 E ArmVmp : Match on catch block at 0xc3 in for 0x91
02-11 23:45:24.378 15812 15812 E ArmVmp : Match on catch block at 0xc3 in for 0x91
02-11 23:45:24.383 15812 15812 E ArmVmp : Match on catch block at 0xc3 in for 0x95
02-11 23:45:24.395 15812 15812 E ArmVmp : Match on catch block at 0xc3 in for 0x95
02-11 23:45:24.401 15812 15812 E ArmVmp : Match on catch block at 0xc3 in for 0x99
02-11 23:45:24.412 15812 15812 E ArmVmp : Match on catch block at 0xc3 in for 0x99
02-11 23:45:24.417 15812 15812 E ArmVmp : Match on catch block at 0xc3 in for 0x91
02-11 23:45:24.428 15812 15812 E ArmVmp : Match on catch block at 0xc3 in for 0x91
02-11 23:45:24.434 15812 15812 E ArmVmp : Match on catch block at 0xc3 in for 0x95
02-11 23:45:24.444 15812 15812 E ArmVmp : Match on catch block at 0xc3 in for 0x95
02-11 23:45:24.450 15812 15812 E ArmVmp : Match on catch block at 0xc3 in for 0x99
02-11 23:45:24.461 15812 15812 E ArmVmp : Match on catch block at 0xc3 in for 0x99
02-11 23:45:24.467 15812 15812 E ArmVmp : Match on catch block at 0xc3 in for 0x91
02-11 23:45:24.495 15812 15812 E ArmVmp : Match on catch block at 0xc3 in for 0x91
02-11 23:45:24.501 15812 15812 E ArmVmp : Match on catch block at 0xc3 in for 0x95
02-11 23:45:24.997 15812 15812 E ArmVmp : Match on catch block at 0xc3 in for 0x95
02-11 23:45:25.004 15812 15812 E ArmVmp : Match on catch block at 0xc3 in for 0x99
02-11 23:45:25.248 15812 15812 E ArmVmp : Match on catch block at 0xc3 in for 0x99
02-11 23:45:25.256 15812 15812 E ArmVmp : Match on catch block at 0xc3 in for 0x91
