02-11 23:58:10.943 15812 15812 E ArmVmp : Match on catch block at 0xc3 in for 0x95
02-11 23:58:11.439 15812 15812 E ArmVmp : Match on catch block at 0xc3 in for 0x91
02-11 23:58:11.445 15812 15812 E ArmVmp : Match on catch block at 0xc3 in for 0x95
02-11 23:58:11.942 15812 15812 E ArmVmp : Match on catch block at 0xc3 in for 0x91
02-11 23:58:11.948 15812 15812 E ArmVmp : Match on catch block at 0xc3 in for 0x95
02-11 23:58:12.441 15812 15812 E ArmVmp : Match on catch block at 0xc3 in for 0x91
02-11 23:58:12.446 15812 15812 E ArmVmp : Match on catch block at 0xc3 in for 0x95
02-11 23:58:12.946 15812 15812 E ArmVmp : Match on catch block at 0xc3 in for 0x91
02-11 23:58:12.952 15812 15812 E ArmVmp : Match on catch block at 0xc3 in for 0x95
02-11 23:58:13.432 15812 15812 E ArmVmp : Match on catch block at 0xc3 in for 0x91
02-11 23:58:13.439 15812 15812 E ArmVmp : Match on catch block at 0xc3 in for 0x95
02-11 23:58:13.946 15812 15812 E ArmVmp : Match on catch block at 0xc3 in for 0x91
02-11 23:58:13.953 15812 15812 E ArmVmp : Match on catch block at 0xc3 in for 0x95
02-11 23:58:14.443 15812 15812 E ArmVmp : Match on catch block at 0xc3 in for 0x91
02-11 23:58:14.448 15812 15812 E ArmVmp : Match on catch block at 0xc3 in for 0x95
02-11 23:58:14.944 15812 15812 E ArmVmp : Match on catch block at 0xc3 in for 0x91
02-11 23:58:14.951 15812 15812 E ArmVmp : Match on catch block at 0xc3 in for 0x95
02-11 23:58:15.454 15812 15812 E ArmVmp : Match on catch block at 0xc3 in for 0x91
02-11 23:58:15.460 15812 15812 E ArmVmp : Match on catch block at 0xc3 in for 0x95
02-11 23:58:15.956 15812 15812 E ArmVmp : Match on catch block at 0xc3 in for 0x91
02-11 23:58:15.962 15812 15812 E ArmVmp : Match on catch block at 0xc3 in for 0x95
02-11 23:58:16.450 15812 15812 E ArmVmp : Match on catch block at 0xc3 in for 0x91
02-11 23:58:16.456 15812 15812 E ArmVmp : Match on catch block at 0xc3 in for 0x95
02-11 23:58:16.952 15812 15812 E ArmVmp : Match on catch block at 0xc3 in for 0x91
02-11 23:58:16.958 15812 15812 E ArmVmp : Match on catch block at 0xc3 in for 0x95
02-11 23:58:17.452 15812 15812 E ArmVmp : Match on catch block at 0xc3 in for 0x91
02-11 23:58:17.458 15812 15812 E ArmVmp : Match on catch block at 0xc3 in for 0x95
02-11 23:58:17.951 15812 15812 E ArmVmp : Match on catch block at 0xc3 in for 0x91
02-11 23:58:17.955 15812 15812 E ArmVmp : Match on catch block at 0xc3 in for 0x95
02-11 23:58:18.454 15812 15812 E ArmVmp : Match on catch block at 0xc3 in for 0x91
02-11 23:58:18.460 15812 15812 E ArmVmp : Match on catch block at 0xc3 in for 0x95
02-11 23:58:18.955 15812 15812 E ArmVmp : Match on catch block at 0xc3 in for 0x91
02-11 23:58:18.961 15812 15812 E ArmVmp : Match on catch block at 0xc3 in for 0x95
02-11 23:58:19.458 15812 15812 E ArmVmp : Match on catch block at 0xc3 in for 0x91
02-11 23:58:19.464 15812 15812 E ArmVmp : Match on catch block at 0xc3 in for 0x95
02-11 23:58:19.957 15812 15812 E ArmVmp : Match on catch block at 0xc3 in for 0x91
02-11 23:58:19.963 15812 15812 E ArmVmp : Match on catch block at 0xc3 in for 0x95
02-11 23:58:20.460 15812 15812 E ArmVmp : Match on catch block at 0xc3 in for 0x91
02-11 23:58:20.466 15812 15812 E ArmVmp : Match on catch block at 0xc3 in for 0x95
02-11 23:58:20.962 15812 15812 E ArmVmp : Match on catch block at 0xc3 in for 0x91
02-11 23:58:20.967 15812 15812 E ArmVmp : Match on catch block at 0xc3 in for 0x95
02-11 23:58:21.463 15812 15812 E ArmVmp : Match on catch block at 0xc3 in for 0x91
02-11 23:58:21.469 15812 15812 E ArmVmp : Match on catch block at 0xc3 in for 0x95
02-11 23:58:21.964 15812 15812 E ArmVmp : Match on catch block at 0xc3 in for 0x91
02-11 23:58:21.970 15812 15812 E ArmVmp : Match on catch block at 0xc3 in for 0x95
02-11 23:58:22.468 15812 15812 E ArmVmp : Match on catch block at 0xc3 in for 0x91
02-11 23:58:22.474 15812 15812 E ArmVmp : Match on catch block at 0xc3 in for 0x95
02-11 23:58:22.971 15812 15812 E ArmVmp : Match on catch block at 0xc3 in for 0x91
02-11 23:58:22.978 15812 15812 E ArmVmp : Match on catch block at 0xc3 in for 0x95
02-11 23:58:23.471 15812 15812 E ArmVmp : Match on catch block at 0xc3 in for 0x91
02-11 23:58:23.476 15812 15812 E ArmVmp : Match on catch block at 0xc3 in for 0x95
02-11 23:58:23.970 15812 15812 E ArmVmp : Match on catch block at 0xc3 in for 0x91
02-11 23:58:23.976 15812 15812 E ArmVmp : Match on catch block at 0xc3 in for 0x95
02-11 23:58:24.470 15812 15812 E ArmVmp : Match on catch block at 0xc3 in for 0x91
02-11 23:58:24.476 15812 15812 E ArmVmp : Match on catch block at 0xc3 in for 0x95
02-11 23:58:24.975 15812 15812 E ArmVmp : Match on catch block at 0xc3 in for 0x91
02-11 23:58:24.982 15812 15812 E ArmVmp : Match on catch block at 0xc3 in for 0x95
02-11 23:58:25.472 15812 15812 E ArmVmp : Match on catch block at 0xc3 in for 0x91
02-11 23:58:25.478 15812 15812 E ArmVmp : Match on catch block at 0xc3 in for 0x95
02-11 23:58:25.973 15812 15812 E ArmVmp : Match on catch block at 0xc3 in for 0x91
02-11 23:58:25.979 15812 15812 E ArmVmp : Match on catch block at 0xc3 in for 0x95
02-11 23:58:26.474 15812 15812 E ArmVmp : Match on catch block at 0xc3 in for 0x91
02-11 23:58:26.480 15812 15812 E ArmVmp : Match on catch block at 0xc3 in for 0x95
02-11 23:58:26.975 15812 15812 E ArmVmp : Match on catch block at 0xc3 in for 0x91
02-11 23:58:26.982 15812 15812 E ArmVmp : Match on catch block at 0xc3 in for 0x95
02-11 23:58:27.476 15812 15812 E ArmVmp : Match on catch block at 0xc3 in for 0x91
02-11 23:58:27.483 15812 15812 E ArmVmp : Match on catch block at 0xc3 in for 0x95
02-11 23:58:27.981 15812 15812 E ArmVmp : Match on catch block at 0xc3 in for 0x91
02-11 23:58:27.986 15812 15812 E ArmVmp : Match on catch block at 0xc3 in for 0x95
02-11 23:58:28.485 15812 15812 E ArmVmp : Match on catch block at 0xc3 in for 0x91
02-11 23:58:28.492 15812 15812 E ArmVmp : Match on catch block at 0xc3 in for 0x95
02-11 23:58:29.365 15812 15812 E ArmVmp : Match on catch block at 0xc3 in for 0x91
02-11 23:58:29.372 15812 15812 E ArmVmp : Match on catch block at 0xc3 in for 0x95
02-11 23:58:29.866 15812 15812 E ArmVmp : Match on catch block at 0xc3 in for 0x91
02-11 23:58:29.872 15812 15812 E ArmVmp : Match on catch block at 0xc3 in for 0x95
02-11 23:58:30.369 15812 15812 E ArmVmp : Match on catch block at 0xc3 in for 0x91
02-11 23:58:30.375 15812 15812 E ArmVmp : Match on catch block at 0xc3 in for 0x95
02-11 23:58:30.870 15812 15812 E ArmVmp : Match on catch block at 0xc3 in for 0x91
02-11 23:58:30.876 15812 15812 E ArmVmp : Match on catch block at 0xc3 in for 0x95
02-11 23:58:31.370 15812 15812 E ArmVmp : Match on catch block at 0xc3 in for 0x91
02-11 23:58:31.377 15812 15812 E ArmVmp : Match on catch block at 0xc3 in for 0x95
02-11 23:58:31.872 15812 15812 E ArmVmp : Match on catch block at 0xc3 in for 0x91
02-11 23:58:31.878 15812 15812 E ArmVmp : Match on catch block at 0xc3 in for 0x95
02-11 23:58:32.374 15812 15812 E ArmVmp : Match on catch block at 0xc3 in for 0x91
02-11 23:58:32.380 15812 15812 E ArmVmp : Match on catch block at 0xc3 in for 0x95
02-11 23:58:32.873 15812 15812 E ArmVmp : Match on catch block at 0xc3 in for 0x91
02-11 23:58:32.879 15812 15812 E ArmVmp : Match on catch block at 0xc3 in for 0x95
02-11 23:58:33.375 15812 15812 E ArmVmp : Match on catch block at 0xc3 in for 0x91
02-11 23:58:33.379 15812 15812 E ArmVmp : Match on catch block at 0xc3 in for 0x95
02-11 23:58:33.880 15812 15812 E ArmVmp : Match on catch block at 0xc3 in for 0x91
02-11 23:58:33.886 15812 15812 E ArmVmp : Match on catch block at 0xc3 in for 0x95
02-11 23:58:34.379 15812 15812 E ArmVmp : Match on catch block at 0xc3 in for 0x91
02-11 23:58:34.385 15812 15812 E ArmVmp : Match on catch block at 0xc3 in for 0x95
02-11 23:58:34.879 15812 15812 E ArmVmp : Match on catch block at 0xc3 in for 0x91
02-11 23:58:34.885 15812 15812 E ArmVmp : Match on catch block at 0xc3 in for 0x95
02-11 23:58:35.381 15812 15812 E ArmVmp : Match on catch block at 0xc3 in for 0x91
02-11 23:58:35.387 15812 15812 E ArmVmp : Match on catch block at 0xc3 in for 0x95
02-11 23:58:35.882 15812 15812 E ArmVmp : Match on catch block at 0xc3 in for 0x91
02-11 23:58:35.888 15812 15812 E ArmVmp : Match on catch block at 0xc3 in for 0x95
02-11 23:58:36.382 15812 15812 E ArmVmp : Match on catch block at 0xc3 in for 0x91
02-11 23:58:36.388 15812 15812 E ArmVmp : Match on catch block at 0xc3 in for 0x95
02-11 23:58:36.886 15812 15812 E ArmVmp : Match on catch block at 0xc3 in for 0x91
02-11 23:58:36.892 15812 15812 E ArmVmp : Match on catch block at 0xc3 in for 0x95
02-11 23:58:37.386 15812 15812 E ArmVmp : Match on catch block at 0xc3 in for 0x91
02-11 23:58:37.392 15812 15812 E ArmVmp : Match on catch block at 0xc3 in for 0x95
02-11 23:58:37.887 15812 15812 E ArmVmp : Match on catch block at 0xc3 in for 0x91
02-11 23:58:37.893 15812 15812 E ArmVmp : Match on catch block at 0xc3 in for 0x95
02-11 23:58:38.391 15812 15812 E ArmVmp : Match on catch block at 0xc3 in for 0x91
02-11 23:58:38.397 15812 15812 E ArmVmp : Match on catch block at 0xc3 in for 0x95
02-11 23:58:38.892 15812 15812 E ArmVmp : Match on catch block at 0xc3 in for 0x91
02-11 23:58:38.898 15812 15812 E ArmVmp : Match on catch block at 0xc3 in for 0x95
02-11 23:58:39.391 15812 15812 E ArmVmp : Match on catch block at 0xc3 in for 0x91
02-11 23:58:39.397 15812 15812 E ArmVmp : Match on catch block at 0xc3 in for 0x95
02-11 23:58:39.894 15812 15812 E ArmVmp : Match on catch block at 0xc3 in for 0x91
02-11 23:58:39.900 15812 15812 E ArmVmp : Match on catch block at 0xc3 in for 0x95
02-11 23:58:40.401 15812 15812 E ArmVmp : Match on catch block at 0xc3 in for 0x91
02-11 23:58:40.407 15812 15812 E ArmVmp : Match on catch block at 0xc3 in for 0x95
02-11 23:58:40.895 15812 15812 E ArmVmp : Match on catch block at 0xc3 in for 0x91
02-11 23:58:40.901 15812 15812 E ArmVmp : Match on catch block at 0xc3 in for 0x95
02-11 23:58:41.395 15812 15812 E ArmVmp : Match on catch block at 0xc3 in for 0x91
02-11 23:58:41.401 15812 15812 E ArmVmp : Match on catch block at 0xc3 in for 0x95
02-11 23:58:41.897 15812 15812 E ArmVmp : Match on catch block at 0xc3 in for 0x91
02-11 23:58:41.903 15812 15812 E ArmVmp : Match on catch block at 0xc3 in for 0x95
02-11 23:58:42.398 15812 15812 E ArmVmp : Match on catch block at 0xc3 in for 0x91
02-11 23:58:42.407 15812 15812 E ArmVmp : Match on catch block at 0xc3 in for 0x95
02-11 23:58:42.473 15812 15812 E ArmVmp : Match on catch block at 0xc3 in for 0x91
02-11 23:58:42.480 15812 15812 E ArmVmp : Match on catch block at 0xc3 in for 0x95
02-11 23:58:42.496 15812 15812 E ArmVmp : Match on catch block at 0xc3 in for 0x91
02-11 23:58:42.502 15812 15812 E ArmVmp : Match on catch block at 0xc3 in for 0x95
02-11 23:58:42.900 15812 15812 E ArmVmp : Match on catch block at 0xc3 in for 0x91
02-11 23:58:42.907 15812 15812 E ArmVmp : Match on catch block at 0xc3 in for 0x95
02-11 23:58:43.400 15812 15812 E ArmVmp : Match on catch block at 0xc3 in for 0x91
02-11 23:58:43.407 15812 15812 E ArmVmp : Match on catch block at 0xc3 in for 0x95
02-11 23:58:43.905 15812 15812 E ArmVmp : Match on catch block at 0xc3 in for 0x91
02-11 23:58:43.912 15812 15812 E ArmVmp : Match on catch block at 0xc3 in for 0x95
02-11 23:58:44.069 15812 15812 E ArmVmp : Match on catch block at 0xc3 in for 0x91
02-11 23:58:44.076 15812 15812 E ArmVmp : Match on catch block at 0xc3 in for 0x95
02-11 23:58:44.090 15812 15812 E ArmVmp : Match on catch block at 0xc3 in for 0x91
02-11 23:58:44.096 15812 15812 E ArmVmp : Match on catch block at 0xc3 in for 0x95
02-11 23:58:44.105 15812 15812 E ArmVmp : Match on catch block at 0xc3 in for 0x91
02-11 23:58:44.112 15812 15812 E ArmVmp : Match on catch block at 0xc3 in for 0x95
02-11 23:58:44.119 15812 15812 E ArmVmp : Match on catch block at 0xc3 in for 0x91
02-11 23:58:44.126 15812 15812 E ArmVmp : Match on catch block at 0xc3 in for 0x95
02-11 23:58:44.135 15812 15812 E ArmVmp : Match on catch block at 0xc3 in for 0x91
02-11 23:58:44.142 15812 15812 E ArmVmp : Match on catch block at 0xc3 in for 0x95
02-11 23:58:44.154 15812 15812 E ArmVmp : Match on catch block at 0xc3 in for 0x91
02-11 23:58:44.160 15812 15812 E ArmVmp : Match on catch block at 0xc3 in for 0x95
02-11 23:58:44.170 15812 15812 E ArmVmp : Match on catch block at 0xc3 in for 0x91
02-11 23:58:44.176 15812 15812 E ArmVmp : Match on catch block at 0xc3 in for 0x95
02-11 23:58:44.187 15812 15812 E ArmVmp : Match on catch block at 0xc3 in for 0x91
02-11 23:58:44.193 15812 15812 E ArmVmp : Match on catch block at 0xc3 in for 0x95
02-11 23:58:44.202 15812 15812 E ArmVmp : Match on catch block at 0xc3 in for 0x91
02-11 23:58:44.208 15812 15812 E ArmVmp : Match on catch block at 0xc3 in for 0x95
02-11 23:58:44.220 15812 15812 E ArmVmp : Match on catch block at 0xc3 in for 0x91
02-11 23:58:44.226 15812 15812 E ArmVmp : Match on catch block at 0xc3 in for 0x95
02-11 23:58:44.237 15812 15812 E ArmVmp : Match on catch block at 0xc3 in for 0x91
02-11 23:58:44.243 15812 15812 E ArmVmp : Match on catch block at 0xc3 in for 0x95
02-11 23:58:44.253 15812 15812 E ArmVmp : Match on catch block at 0xc3 in for 0x91
02-11 23:58:44.258 15812 15812 E ArmVmp : Match on catch block at 0xc3 in for 0x95
02-11 23:58:44.269 15812 15812 E ArmVmp : Match on catch block at 0xc3 in for 0x91
02-11 23:58:44.274 15812 15812 E ArmVmp : Match on catch block at 0xc3 in for 0x95
02-11 23:58:44.286 15812 15812 E ArmVmp : Match on catch block at 0xc3 in for 0x91
02-11 23:58:44.292 15812 15812 E ArmVmp : Match on catch block at 0xc3 in for 0x95
02-11 23:58:44.303 15812 15812 E ArmVmp : Match on catch block at 0xc3 in for 0x91
02-11 23:58:44.309 15812 15812 E ArmVmp : Match on catch block at 0xc3 in for 0x95
02-11 23:58:44.319 15812 15812 E ArmVmp : Match on catch block at 0xc3 in for 0x91
02-11 23:58:44.325 15812 15812 E ArmVmp : Match on catch block at 0xc3 in for 0x95
02-11 23:58:44.336 15812 15812 E ArmVmp : Match on catch block at 0xc3 in for 0x91
02-11 23:58:44.342 15812 15812 E ArmVmp : Match on catch block at 0xc3 in for 0x95
02-11 23:58:44.421 15812 15812 E ArmVmp : Match on catch block at 0xc3 in for 0x91
02-11 23:58:44.428 15812 15812 E ArmVmp : Match on catch block at 0xc3 in for 0x95
02-11 23:58:44.923 15812 15812 E ArmVmp : Match on catch block at 0xc3 in for 0x91
02-11 23:58:44.929 15812 15812 E ArmVmp : Match on catch block at 0xc3 in for 0x95
02-11 23:58:45.422 15812 15812 E ArmVmp : Match on catch block at 0xc3 in for 0x91
02-11 23:58:45.428 15812 15812 E ArmVmp : Match on catch block at 0xc3 in for 0x95
02-11 23:58:45.925 15812 15812 E ArmVmp : Match on catch block at 0xc3 in for 0x91
02-11 23:58:45.932 15812 15812 E ArmVmp : Match on catch block at 0xc3 in for 0x95
02-11 23:58:46.426 15812 15812 E ArmVmp : Match on catch block at 0xc3 in for 0x91
02-11 23:58:46.432 15812 15812 E ArmVmp : Match on catch block at 0xc3 in for 0x95
02-11 23:58:46.930 15812 15812 E ArmVmp : Match on catch block at 0xc3 in for 0x91
02-11 23:58:46.936 15812 15812 E ArmVmp : Match on catch block at 0xc3 in for 0x95
02-11 23:58:47.429 15812 15812 E ArmVmp : Match on catch block at 0xc3 in for 0x91
02-11 23:58:47.435 15812 15812 E ArmVmp : Match on catch block at 0xc3 in for 0x95
02-11 23:58:47.931 15812 15812 E ArmVmp : Match on catch block at 0xc3 in for 0x91
02-11 23:58:47.938 15812 15812 E ArmVmp : Match on catch block at 0xc3 in for 0x95
02-11 23:58:48.432 15812 15812 E ArmVmp : Match on catch block at 0xc3 in for 0x91
02-11 23:58:48.439 15812 15812 E ArmVmp : Match on catch block at 0xc3 in for 0x95
02-11 23:58:48.935 15812 15812 E ArmVmp : Match on catch block at 0xc3 in for 0x91
02-11 23:58:48.942 15812 15812 E ArmVmp : Match on catch block at 0xc3 in for 0x95
02-11 23:58:49.438 15812 15812 E ArmVmp : Match on catch block at 0xc3 in for 0x91
02-11 23:58:49.444 15812 15812 E ArmVmp : Match on catch block at 0xc3 in for 0x95
02-11 23:58:49.756 15812 15812 E ArmVmp : Match on catch block at 0xc3 in for 0x95
02-11 23:58:49.761 15812 15812 E ArmVmp : Match on catch block at 0xc3 in for 0x99
02-11 23:58:49.800 15812 15812 E ArmVmp : Match on catch block at 0xc3 in for 0x95
02-11 23:58:49.805 15812 15812 E ArmVmp : Match on catch block at 0xc3 in for 0x99
02-11 23:58:49.816 15812 15812 E ArmVmp : Match on catch block at 0xc3 in for 0x95
02-11 23:58:49.820 15812 15812 E ArmVmp : Match on catch block at 0xc3 in for 0x99
02-11 23:58:49.833 15812 15812 E ArmVmp : Match on catch block at 0xc3 in for 0x95
02-11 23:58:49.837 15812 15812 E ArmVmp : Match on catch block at 0xc3 in for 0x99
02-11 23:58:49.850 15812 15812 E ArmVmp : Match on catch block at 0xc3 in for 0x95
02-11 23:58:49.855 15812 15812 E ArmVmp : Match on catch block at 0xc3 in for 0x99
02-11 23:58:49.866 15812 15812 E ArmVmp : Match on catch block at 0xc3 in for 0x95
02-11 23:58:49.871 15812 15812 E ArmVmp : Match on catch block at 0xc3 in for 0x99
02-11 23:58:49.884 15812 15812 E ArmVmp : Match on catch block at 0xc3 in for 0x95
02-11 23:58:49.888 15812 15812 E ArmVmp : Match on catch block at 0xc3 in for 0x99
02-11 23:58:49.900 15812 15812 E ArmVmp : Match on catch block at 0xc3 in for 0x95
02-11 23:58:49.910 15812 15812 E ArmVmp : Match on catch block at 0xc3 in for 0x99
02-11 23:58:49.917 15812 15812 E ArmVmp : Match on catch block at 0xc3 in for 0x95
02-11 23:58:49.921 15812 15812 E ArmVmp : Match on catch block at 0xc3 in for 0x99
02-11 23:58:49.933 15812 15812 E ArmVmp : Match on catch block at 0xc3 in for 0x95
02-11 23:58:49.938 15812 15812 E ArmVmp : Match on catch block at 0xc3 in for 0x99
02-11 23:58:49.950 15812 15812 E ArmVmp : Match on catch block at 0xc3 in for 0x95
02-11 23:58:49.954 15812 15812 E ArmVmp : Match on catch block at 0xc3 in for 0x99
02-11 23:58:50.269 15812 15812 E ArmVmp : Match on catch block at 0xc3 in for 0x95
02-11 23:58:50.275 15812 15812 E ArmVmp : Match on catch block at 0xc3 in for 0x99
02-11 23:58:50.623 15812 15812 E ArmVmp : Match on catch block at 0xc3 in for 0x99
02-11 23:58:50.628 15812 15812 E ArmVmp : Match on catch block at 0xc3 in for 0x91
02-11 23:58:50.653 15812 15812 E ArmVmp : Match on catch block at 0xc3 in for 0x95
02-11 23:58:50.659 15812 15812 E ArmVmp : Match on catch block at 0xc3 in for 0x99
02-11 23:58:50.670 15812 15812 E ArmVmp : Match on catch block at 0xc3 in for 0x95
02-11 23:58:50.675 15812 15812 E ArmVmp : Match on catch block at 0xc3 in for 0x99
02-11 23:58:50.687 15812 15812 E ArmVmp : Match on catch block at 0xc3 in for 0x95
02-11 23:58:50.692 15812 15812 E ArmVmp : Match on catch block at 0xc3 in for 0x99
02-11 23:58:50.702 15812 15812 E ArmVmp : Match on catch block at 0xc3 in for 0x95
02-11 23:58:50.707 15812 15812 E ArmVmp : Match on catch block at 0xc3 in for 0x99
02-11 23:58:50.719 15812 15812 E ArmVmp : Match on catch block at 0xc3 in for 0x95
02-11 23:58:50.724 15812 15812 E ArmVmp : Match on catch block at 0xc3 in for 0x99
02-11 23:58:50.739 15812 15812 E ArmVmp : Match on catch block at 0xc3 in for 0x95
02-11 23:58:50.744 15812 15812 E ArmVmp : Match on catch block at 0xc3 in for 0x99
02-11 23:58:50.753 15812 15812 E ArmVmp : Match on catch block at 0xc3 in for 0x95
02-11 23:58:50.759 15812 15812 E ArmVmp : Match on catch block at 0xc3 in for 0x99
02-11 23:58:50.768 15812 15812 E ArmVmp : Match on catch block at 0xc3 in for 0x95
02-11 23:58:50.774 15812 15812 E ArmVmp : Match on catch block at 0xc3 in for 0x99
02-11 23:58:50.786 15812 15812 E ArmVmp : Match on catch block at 0xc3 in for 0x95
02-11 23:58:50.792 15812 15812 E ArmVmp : Match on catch block at 0xc3 in for 0x99
02-11 23:58:50.802 15812 15812 E ArmVmp : Match on catch block at 0xc3 in for 0x95
02-11 23:58:50.807 15812 15812 E ArmVmp : Match on catch block at 0xc3 in for 0x99
02-11 23:58:50.820 15812 15812 E ArmVmp : Match on catch block at 0xc3 in for 0x95
02-11 23:58:50.825 15812 15812 E ArmVmp : Match on catch block at 0xc3 in for 0x99
02-11 23:58:50.953 15812 15812 E ArmVmp : Match on catch block at 0xc3 in for 0x95
02-11 23:58:50.962 15812 15812 E ArmVmp : Match on catch block at 0xc3 in for 0x99
02-11 23:58:51.454 15812 15812 E ArmVmp : Match on catch block at 0xc3 in for 0x95
02-11 23:58:51.459 15812 15812 E ArmVmp : Match on catch block at 0xc3 in for 0x99
02-11 23:58:51.722 15812 15812 E ArmVmp : Match on catch block at 0xc3 in for 0x95
02-11 23:58:51.727 15812 15812 E ArmVmp : Match on catch block at 0xc3 in for 0x99
02-11 23:58:52.226 15812 15812 E ArmVmp : Match on catch block at 0xc3 in for 0x95
02-11 23:58:52.233 15812 15812 E ArmVmp : Match on catch block at 0xc3 in for 0x99
02-11 23:58:52.415 15812 15812 E ArmVmp : Match on catch block at 0xc3 in for 0x95
02-11 23:58:52.425 15812 15812 E ArmVmp : Match on catch block at 0xc3 in for 0x99
02-11 23:58:52.923 15812 15812 E ArmVmp : Match on catch block at 0xc3 in for 0x95
02-11 23:58:52.929 15812 15812 E ArmVmp : Match on catch block at 0xc3 in for 0x99
02-11 23:58:53.413 15812 15812 E ArmVmp : Match on catch block at 0xc3 in for 0x95
02-11 23:58:53.419 15812 15812 E ArmVmp : Match on catch block at 0xc3 in for 0x99
02-11 23:58:53.729 15812 15812 E ArmVmp : Match on catch block at 0xc3 in for 0x95
02-11 23:58:53.738 15812 15812 E ArmVmp : Match on catch block at 0xc3 in for 0x99
02-11 23:58:54.233 15812 15812 E ArmVmp : Match on catch block at 0xc3 in for 0x95
02-11 23:58:54.240 15812 15812 E ArmVmp : Match on catch block at 0xc3 in for 0x99
02-11 23:58:54.126 15812 15812 E ArmVmp : Match on catch block at 0xc3 in for 0x95
02-11 23:58:54.131 15812 15812 E ArmVmp : Match on catch block at 0xc3 in for 0x99
02-11 23:58:55.131 15812 15812 E ArmVmp : Match on catch block at 0xc3 in for 0x95
02-11 23:58:55.135 15812 15812 E ArmVmp : Match on catch block at 0xc3 in for 0x99
02-11 23:58:55.634 15812 15812 E ArmVmp : Match on catch block at 0xc3 in for 0x95
02-11 23:58:55.640 15812 15812 E ArmVmp : Match on catch block at 0xc3 in for 0x99
02-11 23:58:56.135 15812 15812 E ArmVmp : Match on catch block at 0xc3 in for 0x95
02-11 23:58:56.141 15812 15812 E ArmVmp : Match on catch block at 0xc3 in for 0x99
02-11 23:58:56.653 15812 15812 E ArmVmp : Match on catch block at 0xc3 in for 0x95
02-11 23:58:56.660 15812 15812 E ArmVmp : Match on catch block at 0xc3 in for 0x99
02-11 23:58:57.137 15812 15812 E ArmVmp : Match on catch block at 0xc3 in for 0x95
02-11 23:58:57.144 15812 15812 E ArmVmp : Match on catch block at 0xc3 in for 0x99
02-11 23:58:57.639 15812 15812 E ArmVmp : Match on catch block at 0xc3 in for 0x95
02-11 23:58:57.645 15812 15812 E ArmVmp : Match on catch block at 0xc3 in for 0x99
02-11 23:58:58.140 15812 15812 E ArmVmp : Match on catch block at 0xc3 in for 0x95
02-11 23:58:58.146 15812 15812 E ArmVmp : Match on catch block at 0xc3 in for 0x99
02-11 23:58:58.642 15812 15812 E ArmVmp : Match on catch block at 0xc3 in for 0x95
02-11 23:58:58.649 15812 15812 E ArmVmp : Match on catch block at 0xc3 in for 0x99
02-11 23:58:59.144 15812 15812 E ArmVmp : Match on catch block at 0xc3 in for 0x95
02-11 23:58:59.150 15812 15812 E ArmVmp : Match on catch block at 0xc3 in for 0x99
02-11 23:58:59.649 15812 15812 E ArmVmp : Match on catch block at 0xc3 in for 0x95
02-11 23:58:59.656 15812 15812 E ArmVmp : Match on catch block at 0xc3 in for 0x99
02-11 23:59:00.146 15812 15812 E ArmVmp : Match on catch block at 0xc3 in for 0x95
02-11 23:59:00.153 15812 15812 E ArmVmp : Match on catch block at 0xc3 in for 0x99
02-11 23:59:00.649 15812 15812 E ArmVmp : Match on catch block at 0xc3 in for 0x95
02-11 23:59:00.655 15812 15812 E ArmVmp : Match on catch block at 0xc3 in for 0x99
02-11 23:59:01.148 15812 15812 E ArmVmp : Match on catch block at 0xc3 in for 0x91
02-11 23:59:01.153 15812 15812 E ArmVmp : Match on catch block at 0xc3 in for 0x95
02-11 23:59:01.182 15812 15812 E ArmVmp : Match on catch block at 0xc3 in for 0x95
02-11 23:59:01.189 15812 15812 E ArmVmp : Match on catch block at 0xc3 in for 0x99
02-11 23:59:01.220 15812 15812 E ArmVmp : Match on catch block at 0xc3 in for 0x99
02-11 23:59:01.224 15812 15812 E ArmVmp : Match on catch block at 0xc3 in for 0x91
02-11 23:59:01.257 15812 15812 E ArmVmp : Match on catch block at 0xc3 in for 0x99
02-11 23:59:01.262 15812 15812 E ArmVmp : Match on catch block at 0xc3 in for 0x91
02-11 23:59:01.323 15812 15812 E ArmVmp : Match on catch block at 0xc3 in for 0x95
02-11 23:59:01.328 15812 15812 E ArmVmp : Match on catch block at 0xc3 in for 0x99
02-11 23:59:01.348 15812 15812 E ArmVmp : Match on catch block at 0xc3 in for 0x95
02-11 23:59:01.353 15812 15812 E ArmVmp : Match on catch block at 0xc3 in for 0x99
02-11 23:59:01.370 15812 15812 E ArmVmp : Match on catch block at 0xc3 in for 0x91
02-11 23:59:01.375 15812 15812 E ArmVmp : Match on catch block at 0xc3 in for 0x95
02-11 23:59:01.385 15812 15812 E ArmVmp : Match on catch block at 0xc3 in for 0x91
02-11 23:59:01.390 15812 15812 E ArmVmp : Match on catch block at 0xc3 in for 0x95
02-11 23:59:01.397 15812 15812 E ArmVmp : Match on catch block at 0xc3 in for 0x91
02-11 23:59:01.403 15812 15812 E ArmVmp : Match on catch block at 0xc3 in for 0x95
02-11 23:59:01.451 15812 15812 E ArmVmp : Match on catch block at 0xc3 in for 0x99
02-11 23:59:01.456 15812 15812 E ArmVmp : Match on catch block at 0xc3 in for 0x91
02-11 23:59:01.473 15812 15812 E ArmVmp : Match on catch block at 0xc3 in for 0x95
02-11 23:59:01.470 15812 23518 W MediaPlayer: Use of stream types is deprecated for
operations other than volume control
02-11 23:59:01.477 15812 23518 W MediaPlayer: See the documentation of
setAudioStreamType() for what to use instead with android.media.AudioAttributes to
qualify your playback use case
02-11 23:59:01.482 15812 15812 E ArmVmp : Match on catch block at 0xc3 in for 0x99
02-11 23:59:01.715 15812 15812 E ArmVmp : Match on catch block at 0xc3 in for 0x91
02-11 23:59:01.723 15812 15812 E ArmVmp : Match on catch block at 0xc3 in for 0x95
02-11 23:59:01.870 15812 15812 E ArmVmp : Match on catch block at 0xc3 in for 0x99
02-11 23:59:01.876 15812 15812 E ArmVmp : Match on catch block at 0xc3 in for 0x91
02-11 23:59:01.896 15812 15812 E ArmVmp : Match on catch block at 0xc3 in for 0x95
02-11 23:59:01.902 15812 15812 E ArmVmp : Match on catch block at 0xc3 in for 0x99
02-11 23:59:01.921 15812 15812 E ArmVmp : Match on catch block at 0xc3 in for 0x91
02-11 23:59:01.927 15812 15812 E ArmVmp : Match on catch block at 0xc3 in for 0x95
02-11 23:59:02.218 15812 15812 E ArmVmp : Match on catch block at 0xc3 in for 0x95
02-11 23:59:02.225 15812 15812 E ArmVmp : Match on catch block at 0xc3 in for 0x99
02-11 23:59:02.719 15812 15812 E ArmVmp : Match on catch block at 0xc3 in for 0x95
02-11 23:59:02.726 15812 15812 E ArmVmp : Match on catch block at 0xc3 in for 0x99
02-11 23:59:03.219 15812 15812 E ArmVmp : Match on catch block at 0xc3 in for 0x95
02-11 23:59:03.227 15812 15812 E ArmVmp : Match on catch block at 0xc3 in for 0x99
02-11 23:59:03.486 15812 15812 E ArmVmp : Match on catch block at 0xc3 in for 0x95
02-11 23:59:03.494 15812 15812 E ArmVmp : Match on catch block at 0xc3 in for 0x99
02-11 23:59:03.503 15812 15812 E ArmVmp : Match on catch block at 0xc3 in for 0x95
02-11 23:59:03.512 15812 15812 E ArmVmp : Match on catch block at 0xc3 in for 0x99
02-11 23:59:03.520 15812 15812 E ArmVmp : Match on catch block at 0xc3 in for 0x95
02-11 23:59:03.527 15812 15812 E ArmVmp : Match on catch block at 0xc3 in for 0x99
02-11 23:59:03.536 15812 15812 E ArmVmp : Match on catch block at 0xc3 in for 0x95
02-11 23:59:03.543 15812 15812 E ArmVmp : Match on catch block at 0xc3 in for 0x99
02-11 23:59:03.553 15812 15812 E ArmVmp : Match on catch block at 0xc3 in for 0x95
02-11 23:59:03.560 15812 15812 E ArmVmp : Match on catch block at 0xc3 in for 0x99
02-11 23:59:03.570 15812 15812 E ArmVmp : Match on catch block at 0xc3 in for 0x95
02-11 23:59:03.576 15812 15812 E ArmVmp : Match on catch block at 0xc3 in for 0x99
02-11 23:59:03.586 15812 15812 E ArmVmp : Match on catch block at 0xc3 in for 0x95
02-11 23:59:03.593 15812 15812 E ArmVmp : Match on catch block at 0xc3 in for 0x99
02-11 23:59:03.603 15812 15812 E ArmVmp : Match on catch block at 0xc3 in for 0x95
02-11 23:59:03.609 15812 15812 E ArmVmp : Match on catch block at 0xc3 in for 0x99
02-11 23:59:03.620 15812 15812 E ArmVmp : Match on catch block at 0xc3 in for 0x95
02-11 23:59:03.626 15812 15812 E ArmVmp : Match on catch block at 0xc3 in for 0x99
02-11 23:59:03.637 15812 15812 E ArmVmp : Match on catch block at 0xc3 in for 0x95
02-11 23:59:03.643 15812 15812 E ArmVmp : Match on catch block at 0xc3 in for 0x99
02-11 23:59:03.653 15812 15812 E ArmVmp : Match on catch block at 0xc3 in for 0x95
02-11 23:59:03.659 15812 15812 E ArmVmp : Match on catch block at 0xc3 in for 0x99
02-11 23:59:03.669 15812 15812 E ArmVmp : Match on catch block at 0xc3 in for 0x95
02-11 23:59:03.675 15812 15812 E ArmVmp : Match on catch block at 0xc3 in for 0x99
02-11 23:59:03.686 15812 15812 E ArmVmp : Match on catch block at 0xc3 in for 0x95
02-11 23:59:03.692 15812 15812 E ArmVmp : Match on catch block at 0xc3 in for 0x99
02-11 23:59:03.704 15812 15812 E ArmVmp : Match on catch block at 0xc3 in for 0x95
02-11 23:59:03.710 15812 15812 E ArmVmp : Match on catch block at 0xc3 in for 0x99
02-11 23:59:03.721 15812 15812 E ArmVmp : Match on catch block at 0xc3 in for 0x95
02-11 23:59:03.727 15812 15812 E ArmVmp : Match on catch block at 0xc3 in for 0x99
02-11 23:59:03.737 15812 15812 E ArmVmp : Match on catch block at 0xc3 in for 0x95
02-11 23:59:03.743 15812 15812 E ArmVmp : Match on catch block at 0xc3 in for 0x99
02-11 23:59:03.755 15812 15812 E ArmVmp : Match on catch block at 0xc3 in for 0x95
02-11 23:59:03.761 15812 15812 E ArmVmp : Match on catch block at 0xc3 in for 0x99
02-11 23:59:04.223 15812 15812 E ArmVmp : Match on catch block at 0xc3 in for 0x95
02-11 23:59:04.229 15812 15812 E ArmVmp : Match on catch block at 0xc3 in for 0x99
02-11 23:59:04.724 15812 15812 E ArmVmp : Match on catch block at 0xc3 in for 0x95
02-11 23:59:04.731 15812 15812 E ArmVmp : Match on catch block at 0xc3 in for 0x99
02-11 23:59:05.225 15812 15812 E ArmVmp : Match on catch block at 0xc3 in for 0x95
02-11 23:59:05.231 15812 15812 E ArmVmp : Match on catch block at 0xc3 in for 0x99
02-11 23:59:05.726 15812 15812 E ArmVmp : Match on catch block at 0xc3 in for 0x95
02-11 23:59:05.733 15812 15812 E ArmVmp : Match on catch block at 0xc3 in for 0x99
02-11 23:59:06.228 15812 15812 E ArmVmp : Match on catch block at 0xc3 in for 0x95
02-11 23:59:06.234 15812 15812 E ArmVmp : Match on catch block at 0xc3 in for 0x99
02-11 23:59:06.731 15812 15812 E ArmVmp : Match on catch block at 0xc3 in for 0x95
02-11 23:59:06.738 15812 15812 E ArmVmp : Match on catch block at 0xc3 in for 0x99
02-11 23:59:07.233 15812 15812 E ArmVmp : Match on catch block at 0xc3 in for 0x95
02-11 23:59:07.240 15812 15812 E ArmVmp : Match on catch block at 0xc3 in for 0x99
02-11 23:59:07.731 15812 15812 E ArmVmp : Match on catch block at 0xc3 in for 0x95
02-11 23:59:07.738 15812 15812 E ArmVmp : Match on catch block at 0xc3 in for 0x99
02-11 23:59:08.233 15812 15812 E ArmVmp : Match on catch block at 0xc3 in for 0x95
02-11 23:59:08.239 15812 15812 E ArmVmp : Match on catch block at 0xc3 in for 0x99
02-11 23:59:08.734 15812 15812 E ArmVmp : Match on catch block at 0xc3 in for 0x95
02-11 23:59:08.740 15812 15812 E ArmVmp : Match on catch block at 0xc3 in for 0x99
02-11 23:59:09.235 15812 15812 E ArmVmp : Match on catch block at 0xc3 in for 0x95
02-11 23:59:09.242 15812 15812 E ArmVmp : Match on catch block at 0xc3 in for 0x99
02-11 23:59:09.735 15812 15812 E ArmVmp : Match on catch block at 0xc3 in for 0x95
02-11 23:59:09.742 15812 15812 E ArmVmp : Match on catch block at 0xc3 in for 0x99
02-11 23:59:10.238 15812 15812 E ArmVmp : Match on catch block at 0xc3 in for 0x95
02-11 23:59:10.244 15812 15812 E ArmVmp : Match on catch block at 0xc3 in for 0x99
02-11 23:59:10.741 15812 15812 E ArmVmp : Match on catch block at 0xc3 in for 0x95
02-11 23:59:10.748 15812 15812 E ArmVmp : Match on catch block at 0xc3 in for 0x99
02-11 23:59:10.809 15812 15812 E ArmVmp : Match on catch block at 0xc3 in for 0x99
02-11 23:59:10.815 15812 15812 E ArmVmp : Match on catch block at 0xc3 in for 0x91
02-11 23:59:10.840 15812 15812 E ArmVmp : Match on catch block at 0xc3 in for 0x95
02-11 23:59:10.846 15812 15812 E ArmVmp : Match on catch block at 0xc3 in for 0x99
02-11 23:59:10.855 15812 15812 E ArmVmp : Match on catch block at 0xc3 in for 0x95
02-11 23:59:10.863 15812 15812 E ArmVmp : Match on catch block at 0xc3 in for 0x99
02-11 23:59:10.873 15812 15812 E ArmVmp : Match on catch block at 0xc3 in for 0x95
02-11 23:59:10.879 15812 15812 E ArmVmp : Match on catch block at 0xc3 in for 0x99
02-11 23:59:10.889 15812 15812 E ArmVmp : Match on catch block at 0xc3 in for 0x95
02-11 23:59:10.894 15812 15812 E ArmVmp : Match on catch block at 0xc3 in for 0x99
02-11 23:59:10.904 15812 15812 E ArmVmp : Match on catch block at 0xc3 in for 0x95
02-11 23:59:10.909 15812 15812 E ArmVmp : Match on catch block at 0xc3 in for 0x99
02-11 23:59:10.926 15812 15812 E ArmVmp : Match on catch block at 0xc3 in for 0x95
02-11 23:59:10.930 15812 15812 E ArmVmp : Match on catch block at 0xc3 in for 0x99
02-11 23:59:10.937 15812 15812 E ArmVmp : Match on catch block at 0xc3 in for 0x95
02-11 23:59:10.944 15812 15812 E ArmVmp : Match on catch block at 0xc3 in for 0x99
02-11 23:59:10.956 15812 15812 E ArmVmp : Match on catch block at 0xc3 in for 0x95
02-11 23:59:10.962 15812 15812 E ArmVmp : Match on catch block at 0xc3 in for 0x99
02-11 23:59:10.973 15812 15812 E ArmVmp : Match on catch block at 0xc3 in for 0x95
02-11 23:59:10.979 15812 15812 E ArmVmp : Match on catch block at 0xc3 in for 0x99
02-11 23:59:10.988 15812 15812 E ArmVmp : Match on catch block at 0xc3 in for 0x95
02-11 23:59:10.994 15812 15812 E ArmVmp : Match on catch block at 0xc3 in for 0x99
02-11 23:59:11.006 15812 15812 E ArmVmp : Match on catch block at 0xc3 in for 0x95
02-11 23:59:11.010 15812 15812 E ArmVmp : Match on catch block at 0xc3 in for 0x99
02-11 23:59:11.309 15812 15812 E ArmVmp : Match on catch block at 0xc3 in for 0x95
02-11 23:59:11.315 15812 15812 E ArmVmp : Match on catch block at 0xc3 in for 0x99
02-11 23:59:11.565 15812 15812 E ArmVmp : Match on catch block at 0xc3 in for 0x95
02-11 23:59:11.572 15812 15812 E ArmVmp : Match on catch block at 0xc3 in for 0x99
02-11 23:59:12.059 15812 15812 E ArmVmp : Match on catch block at 0xc3 in for 0x95
02-11 23:59:12.065 15812 15812 E ArmVmp : Match on catch block at 0xc3 in for 0x99
02-11 23:59:12.242 15812 15812 E ArmVmp : Match on catch block at 0xc3 in for 0x95
02-11 23:59:12.250 15812 15812 E ArmVmp : Match on catch block at 0xc3 in for 0x99
02-11 23:59:12.743 15812 15812 E ArmVmp : Match on catch block at 0xc3 in for 0x95
02-11 23:59:12.750 15812 15812 E ArmVmp : Match on catch block at 0xc3 in for 0x99
02-11 23:59:13.244 15812 15812 E ArmVmp : Match on catch block at 0xc3 in for 0x95
02-11 23:59:13.250 15812 15812 E ArmVmp : Match on catch block at 0xc3 in for 0x99
02-11 23:59:13.747 15812 15812 E ArmVmp : Match on catch block at 0xc3 in for 0x95
02-11 23:59:13.753 15812 15812 E ArmVmp : Match on catch block at 0xc3 in for 0x99
02-11 23:59:14.250 15812 15812 E ArmVmp : Match on catch block at 0xc3 in for 0x95
02-11 23:59:14.263 15812 15812 E ArmVmp : Match on catch block at 0xc3 in for 0x99
02-11 23:59:14.282 15812 15812 E ArmVmp : Match on catch block at 0xc3 in for 0x95
02-11 23:59:14.287 15812 15812 E ArmVmp : Match on catch block at 0xc3 in for 0x99
02-11 23:59:14.785 15812 15812 E ArmVmp : Match on catch block at 0xc3 in for 0x95
02-11 23:59:14.792 15812 15812 E ArmVmp : Match on catch block at 0xc3 in for 0x99
02-11 23:59:15.284 15812 15812 E ArmVmp : Match on catch block at 0xc3 in for 0x95
02-11 23:59:15.291 15812 15812 E ArmVmp : Match on catch block at 0xc3 in for 0x99
02-11 23:59:15.467 15812 15812 E ArmVmp : Match on catch block at 0xc3 in for 0x95
02-11 23:59:15.474 15812 15812 E ArmVmp : Match on catch block at 0xc3 in for 0x99
02-11 23:59:15.971 15812 15812 E ArmVmp : Match on catch block at 0xc3 in for 0x95
02-11 23:59:15.978 15812 15812 E ArmVmp : Match on catch block at 0xc3 in for 0x99
02-11 23:59:16.103 15812 15812 E ArmVmp : Match on catch block at 0xc3 in for 0x95
02-11 23:59:16.108 15812 15812 E ArmVmp : Match on catch block at 0xc3 in for 0x99
02-11 23:59:16.603 15812 15812 E ArmVmp : Match on catch block at 0xc3 in for 0x95
02-11 23:59:16.609 15812 15812 E ArmVmp : Match on catch block at 0xc3 in for 0x99
02-11 23:59:17.109 15812 15812 E ArmVmp : Match on catch block at 0xc3 in for 0x95
02-11 23:59:17.116 15812 15812 E ArmVmp : Match on catch block at 0xc3 in for 0x99
02-11 23:59:17.433 15812 15812 E ArmVmp : Match on catch block at 0xc3 in for 0x95
02-11 23:59:17.438 15812 15812 E ArmVmp : Match on catch block at 0xc3 in for 0x99
02-11 23:59:17.451 15812 15812 E ArmVmp : Match on catch block at 0xc3 in for 0x95
02-11 23:59:17.457 15812 15812 E ArmVmp : Match on catch block at 0xc3 in for 0x99
02-11 23:59:17.904 15812 15812 E ArmVmp : Match on catch block at 0xc3 in for 0x95
02-11 23:59:17.910 15812 15812 E ArmVmp : Match on catch block at 0xc3 in for 0x99
02-11 23:59:18.345 15812 15812 E ArmVmp : Match on catch block at 0xc3 in for 0x95
02-11 23:59:18.351 15812 15812 E ArmVmp : Match on catch block at 0xc3 in for 0x99
02-11 23:59:18.846 15812 15812 E ArmVmp : Match on catch block at 0xc3 in for 0x95
02-11 23:59:18.852 15812 15812 E ArmVmp : Match on catch block at 0xc3 in for 0x99
02-11 23:59:19.009 15812 15812 E ArmVmp : Match on catch block at 0xc3 in for 0x95
02-11 23:59:19.016 15812 15812 E ArmVmp : Match on catch block at 0xc3 in for 0x99
02-11 23:59:19.026 15812 15812 E ArmVmp : Match on catch block at 0xc3 in for 0x95
02-11 23:59:19.037 15812 15812 E ArmVmp : Match on catch block at 0xc3 in for 0x99
02-11 23:59:19.045 15812 15812 E ArmVmp : Match on catch block at 0xc3 in for 0x95
02-11 23:59:19.053 15812 15812 E ArmVmp : Match on catch block at 0xc3 in for 0x99
02-11 23:59:19.063 15812 15812 E ArmVmp : Match on catch block at 0xc3 in for 0x95
02-11 23:59:19.069 15812 15812 E ArmVmp : Match on catch block at 0xc3 in for 0x99
02-11 23:59:19.076 15812 15812 E ArmVmp : Match on catch block at 0xc3 in for 0x95
02-11 23:59:19.083 15812 15812 E ArmVmp : Match on catch block at 0xc3 in for 0x99
02-11 23:59:19.092 15812 15812 E ArmVmp : Match on catch block at 0xc3 in for 0x95
02-11 23:59:19.098 15812 15812 E ArmVmp : Match on catch block at 0xc3 in for 0x99
02-11 23:59:19.110 15812 15812 E ArmVmp : Match on catch block at 0xc3 in for 0x95
02-11 23:59:19.116 15812 15812 E ArmVmp : Match on catch block at 0xc3 in for 0x99
02-11 23:59:19.127 15812 15812 E ArmVmp : Match on catch block at 0xc3 in for 0x95
02-11 23:59:19.133 15812 15812 E ArmVmp : Match on catch block at 0xc3 in for 0x99
02-11 23:59:19.141 15812 15812 E ArmVmp : Match on catch block at 0xc3 in for 0x95
02-11 23:59:19.149 15812 15812 E ArmVmp : Match on catch block at 0xc3 in for 0x99
02-11 23:59:19.160 15812 15812 E ArmVmp : Match on catch block at 0xc3 in for 0x95
02-11 23:59:19.166 15812 15812 E ArmVmp : Match on catch block at 0xc3 in for 0x99
02-11 23:59:19.176 15812 15812 E ArmVmp : Match on catch block at 0xc3 in for 0x95
02-11 23:59:19.182 15812 15812 E ArmVmp : Match on catch block at 0xc3 in for 0x99
02-11 23:59:19.192 15812 15812 E ArmVmp : Match on catch block at 0xc3 in for 0x95
02-11 23:59:19.197 15812 15812 E ArmVmp : Match on catch block at 0xc3 in for 0x99
02-11 23:59:19.208 15812 15812 E ArmVmp : Match on catch block at 0xc3 in for 0x95
02-11 23:59:19.213 15812 15812 E ArmVmp : Match on catch block at 0xc3 in for 0x99
02-11 23:59:19.226 15812 15812 E ArmVmp : Match on catch block at 0xc3 in for 0x95
02-11 23:59:19.231 15812 15812 E ArmVmp : Match on catch block at 0xc3 in for 0x99
02-11 23:59:19.241 15812 15812 E ArmVmp : Match on catch block at 0xc3 in for 0x95
02-11 23:59:19.249 15812 15812 E ArmVmp : Match on catch block at 0xc3 in for 0x99
02-11 23:59:19.259 15812 15812 E ArmVmp : Match on catch block at 0xc3 in for 0x95
02-11 23:59:19.265 15812 15812 E ArmVmp : Match on catch block at 0xc3 in for 0x99
02-11 23:59:19.275 15812 15812 E ArmVmp : Match on catch block at 0xc3 in for 0x95
02-11 23:59:19.280 15812 15812 E ArmVmp : Match on catch block at 0xc3 in for 0x99
02-11 23:59:19.309 15812 15812 E ArmVmp : Match on catch block at 0xc3 in for 0x95
02-11 23:59:19.314 15812 15812 E ArmVmp : Match on catch block at 0xc3 in for 0x99
02-11 23:59:19.809 15812 15812 E ArmVmp : Match on catch block at 0xc3 in for 0x95
02-11 23:59:19.814 15812 15812 E ArmVmp : Match on catch block at 0xc3 in for 0x99
02-11 23:59:20.313 15812 15812 E ArmVmp : Match on catch block at 0xc3 in for 0x95
02-11 23:59:20.319 15812 15812 E ArmVmp : Match on catch block at 0xc3 in for 0x99
02-11 23:59:20.781 15812 15812 E ArmVmp : Match on catch block at 0xc3 in for 0x95
02-11 23:59:20.787 15812 15812 E ArmVmp : Match on catch block at 0xc3 in for 0x99
02-11 23:59:20.826 15812 15812 E ArmVmp : Match on catch block at 0xc3 in for 0x99
02-11 23:59:20.830 15812 15812 E ArmVmp : Match on catch block at 0xc3 in for 0x91
02-11 23:59:20.850 15812 15812 E ArmVmp : Match on catch block at 0xc3 in for 0x99
02-11 23:59:20.856 15812 15812 E ArmVmp : Match on catch block at 0xc3 in for 0x91
02-11 23:59:20.868 15812 15812 E ArmVmp : Match on catch block at 0xc3 in for 0x99
02-11 23:59:20.873 15812 15812 E ArmVmp : Match on catch block at 0xc3 in for 0x91
02-11 23:59:20.882 15812 15812 E ArmVmp : Match on catch block at 0xc3 in for 0x99
02-11 23:59:20.888 15812 15812 E ArmVmp : Match on catch block at 0xc3 in for 0x91
02-11 23:59:20.897 15812 15812 E ArmVmp : Match on catch block at 0xc3 in for 0x99
02-11 23:59:20.903 15812 15812 E ArmVmp : Match on catch block at 0xc3 in for 0x91
02-11 23:59:20.914 15812 15812 E ArmVmp : Match on catch block at 0xc3 in for 0x99
02-11 23:59:20.921 15812 15812 E ArmVmp : Match on catch block at 0xc3 in for 0x91
02-11 23:59:21.001 15812 15812 E ArmVmp : Match on catch block at 0xc3 in for 0x99
02-11 23:59:21.006 15812 15812 E ArmVmp : Match on catch block at 0xc3 in for 0x91
02-11 23:59:21.033 15812 15812 E ArmVmp : Match on catch block at 0xc3 in for 0x91
02-11 23:59:21.038 15812 15812 E ArmVmp : Match on catch block at 0xc3 in for 0x95
02-11 23:59:21.053 15812 15812 E ArmVmp : Match on catch block at 0xc3 in for 0x99
02-11 23:59:21.058 15812 15812 E ArmVmp : Match on catch block at 0xc3 in for 0x91
02-11 23:59:21.064 15812 15812 E ArmVmp : Match on catch block at 0xc3 in for 0x99
02-11 23:59:21.071 15812 15812 E ArmVmp : Match on catch block at 0xc3 in for 0x91
02-11 23:59:21.119 15812 15812 E ArmVmp : Match on catch block at 0xc3 in for 0x99
02-11 23:59:21.124 15812 15812 E ArmVmp : Match on catch block at 0xc3 in for 0x91
02-11 23:59:21.132 15812 15812 E ArmVmp : Match on catch block at 0xc3 in for 0x99
02-11 23:59:21.134 15812 23518 W MediaPlayer: Use of stream types is deprecated for
operations other than volume control
02-11 23:59:21.134 15812 23518 W MediaPlayer: See the documentation of
setAudioStreamType() for what to use instead with android.media.AudioAttributes to
qualify your playback use case
02-11 23:59:21.138 15812 15812 E ArmVmp : Match on catch block at 0xc3 in for 0x91
02-11 23:59:21.314 15812 15812 E ArmVmp : Match on catch block at 0xc3 in for 0x95
02-11 23:59:21.322 15812 15812 E ArmVmp : Match on catch block at 0xc3 in for 0x99
02-11 23:59:21.817 15812 15812 E ArmVmp : Match on catch block at 0xc3 in for 0x91
02-11 23:59:21.824 15812 15812 E ArmVmp : Match on catch block at 0xc3 in for 0x95
02-11 23:59:22.317 15812 15812 E ArmVmp : Match on catch block at 0xc3 in for 0x91
02-11 23:59:22.324 15812 15812 E ArmVmp : Match on catch block at 0xc3 in for 0x95
02-11 23:59:22.718 15812 15812 E ArmVmp : Match on catch block at 0xc3 in for 0x91
02-11 23:59:22.726 15812 15812 E ArmVmp : Match on catch block at 0xc3 in for 0x95
02-11 23:59:22.735 15812 15812 E ArmVmp : Match on catch block at 0xc3 in for 0x91
02-11 23:59:22.744 15812 15812 E ArmVmp : Match on catch block at 0xc3 in for 0x95
02-11 23:59:22.751 15812 15812 E ArmVmp : Match on catch block at 0xc3 in for 0x91
02-11 23:59:22.759 15812 15812 E ArmVmp : Match on catch block at 0xc3 in for 0x95
02-11 23:59:22.768 15812 15812 E ArmVmp : Match on catch block at 0xc3 in for 0x91
02-11 23:59:22.774 15812 15812 E ArmVmp : Match on catch block at 0xc3 in for 0x95
02-11 23:59:22.786 15812 15812 E ArmVmp : Match on catch block at 0xc3 in for 0x91
02-11 23:59:22.791 15812 15812 E ArmVmp : Match on catch block at 0xc3 in for 0x95
02-11 23:59:22.801 15812 15812 E ArmVmp : Match on catch block at 0xc3 in for 0x91
02-11 23:59:22.807 15812 15812 E ArmVmp : Match on catch block at 0xc3 in for 0x95
02-11 23:59:22.819 15812 15812 E ArmVmp : Match on catch block at 0xc3 in for 0x91
02-11 23:59:22.825 15812 15812 E ArmVmp : Match on catch block at 0xc3 in for 0x95
02-11 23:59:22.835 15812 15812 E ArmVmp : Match on catch block at 0xc3 in for 0x91
02-11 23:59:22.843 15812 15812 E ArmVmp : Match on catch block at 0xc3 in for 0x95
02-11 23:59:22.852 15812 15812 E ArmVmp : Match on catch block at 0xc3 in for 0x91
02-11 23:59:22.859 15812 15812 E ArmVmp : Match on catch block at 0xc3 in for 0x95
02-11 23:59:22.868 15812 15812 E ArmVmp : Match on catch block at 0xc3 in for 0x91
02-11 23:59:22.874 15812 15812 E ArmVmp : Match on catch block at 0xc3 in for 0x95
02-11 23:59:22.885 15812 15812 E ArmVmp : Match on catch block at 0xc3 in for 0x91
02-11 23:59:22.891 15812 15812 E ArmVmp : Match on catch block at 0xc3 in for 0x95
02-11 23:59:22.902 15812 15812 E ArmVmp : Match on catch block at 0xc3 in for 0x91
02-11 23:59:22.908 15812 15812 E ArmVmp : Match on catch block at 0xc3 in for 0x95
02-11 23:59:22.918 15812 15812 E ArmVmp : Match on catch block at 0xc3 in for 0x91
02-11 23:59:22.924 15812 15812 E ArmVmp : Match on catch block at 0xc3 in for 0x95
02-11 23:59:22.935 15812 15812 E ArmVmp : Match on catch block at 0xc3 in for 0x91
02-11 23:59:22.942 15812 15812 E ArmVmp : Match on catch block at 0xc3 in for 0x95
02-11 23:59:22.951 15812 15812 E ArmVmp : Match on catch block at 0xc3 in for 0x91
02-11 23:59:22.960 15812 15812 E ArmVmp : Match on catch block at 0xc3 in for 0x95
02-11 23:59:22.968 15812 15812 E ArmVmp : Match on catch block at 0xc3 in for 0x91
02-11 23:59:22.974 15812 15812 E ArmVmp : Match on catch block at 0xc3 in for 0x95
02-11 23:59:23.320 15812 15812 E ArmVmp : Match on catch block at 0xc3 in for 0x91
02-11 23:59:23.328 15812 15812 E ArmVmp : Match on catch block at 0xc3 in for 0x95
02-11 23:59:23.821 15812 15812 E ArmVmp : Match on catch block at 0xc3 in for 0x91
02-11 23:59:23.828 15812 15812 E ArmVmp : Match on catch block at 0xc3 in for 0x95
02-11 23:59:24.322 15812 15812 E ArmVmp : Match on catch block at 0xc3 in for 0x91
02-11 23:59:24.329 15812 15812 E ArmVmp : Match on catch block at 0xc3 in for 0x95
02-11 23:59:24.591 15812 15812 E ArmVmp : Match on catch block at 0xc3 in for 0x91
02-11 23:59:24.597 15812 15812 E ArmVmp : Match on catch block at 0xc3 in for 0x95
02-11 23:59:24.624 15812 15812 E ArmVmp : Match on catch block at 0xc3 in for 0x99
02-11 23:59:24.630 15812 15812 E ArmVmp : Match on catch block at 0xc3 in for 0x91
02-11 23:59:24.654 15812 15812 E ArmVmp : Match on catch block at 0xc3 in for 0x99
02-11 23:59:24.659 15812 15812 E ArmVmp : Match on catch block at 0xc3 in for 0x91
02-11 23:59:24.765 15812 15899 W Adreno-EGL: <qeglDrvAPI_eglGetConfigAttrib:612>:
EGL_BAD_ATTRIBUTE
02-11 23:59:24.786 15812 15812 E ArmVmp : Match on catch block at 0xc3 in for 0x99
02-11 23:59:24.793 15812 15812 E ArmVmp : Match on catch block at 0xc3 in for 0x91
02-11 23:59:24.945 15812 15812 W IInputConnectionWrapper: requestCursorAnchorInfo
on inactive InputConnection
02-11 23:59:25.011 15812 15899 W Adreno-ES20: <core_glFinish:34>: glFinish skipped:
0
02-11 23:59:25.015 15812 15899 W Adreno-ES20: <core_glFinish:34>: glFinish skipped:
0
02-11 23:59:25.024 15812 15812 E ArmVmp : Match on catch block at 0xc3 in for 0x91
02-11 23:59:25.030 15812 15812 E ArmVmp : Match on catch block at 0xc3 in for 0x95
02-11 23:59:25.063 15812 15812 W StaticLayout: maxLineHeight should not be -1.
maxLines:1 lineCount:1
02-11 23:59:25.064 15812 15812 W StaticLayout: maxLineHeight should not be -1.
maxLines:1 lineCount:1
02-11 23:59:25.302 15812 15899 W Adreno-ES20: <core_glFinish:34>: glFinish skipped:
0
02-11 23:59:25.327 15812 15899 W Adreno-ES20: <core_glFinish:34>: glFinish skipped:
0
02-11 23:59:25.327 15812 15899 W Adreno-ES20: <core_glFinish:34>: glFinish skipped:
0
02-11 23:59:27.618 15812 15899 W Adreno-ES20: <core_glFinish:34>: glFinish skipped:
0
02-11 23:59:27.626 15812 15899 W Adreno-ES20: <core_glFinish:34>: glFinish skipped:
0
02-11 23:59:27.631 15812 15899 W Adreno-ES20: <core_glFinish:34>: glFinish skipped:
0
02-11 23:59:27.665 15812 15899 W Adreno-ES20: <core_glFinish:34>: glFinish skipped:
0
02-11 23:59:28.096 15812 15899 W Adreno-ES20: <core_glFinish:34>: glFinish skipped:
0
02-11 23:59:28.098 15812 15820 E SpellCheckerSession: ignoring processOrEnqueueTask
due to unexpected mState=TASK_CLOSE scp.mWhat=TASK_CLOSE
02-12 00:00:00.184 15812 15880 W OkHttpClient: A connection to
https://157.240.14.52/ was leaked. Did you forget to close a response body?
02-12 00:00:00.184 15812 15880 W OkHttpClient: A connection to
https://157.240.14.52/ was leaked. Did you forget to close a response body?
02-12 00:00:59.533 15812 15899 W Adreno-ES20: <core_glFinish:34>: glFinish skipped:
0
02-12 00:00:59.600 15812 15899 W Adreno-ES20: <core_glFinish:34>: glFinish skipped:
0
02-12 00:00:59.623 15812 15899 W Adreno-ES20: <core_glFinish:34>: glFinish skipped:
0
02-12 00:02:16.574 15812 15812 W RenderThread: type=1400 audit(0.0:323527): avc:
denied { search } for name="kgsl-3d0" dev="sysfs" ino=20173
scontext=u:r:untrusted_app:s0:c512,c768 tcontext=u:object_r:sysfs_kgsl:s0
tclass=dir permissive=0
02-12 00:02:16.585 15812 15899 W Adreno-ES20: <get_gpu_clk:229>: open failed: errno
13
