02-11 23:52:51.768 15812 15812 E ArmVmp : Match on catch block at 0xc3 in for 0x99
02-11 23:52:51.772 15812 15812 E ArmVmp : Match on catch block at 0xc3 in for 0x91
02-11 23:52:51.775 15812 15812 E ArmVmp : Match on catch block at 0xc3 in for 0x91
02-11 23:52:51.786 15812 15812 E ArmVmp : Match on catch block at 0xc3 in for 0x95
02-11 23:52:51.790 15812 15812 E ArmVmp : Match on catch block at 0xc3 in for 0x99
02-11 23:52:51.792 15812 15812 E ArmVmp : Match on catch block at 0xc3 in for 0x99
02-11 23:52:51.803 15812 15812 E ArmVmp : Match on catch block at 0xc3 in for 0x95
02-11 23:52:51.807 15812 15812 E ArmVmp : Match on catch block at 0xc3 in for 0x99
02-11 23:52:51.810 15812 15812 E ArmVmp : Match on catch block at 0xc3 in for 0x99
02-11 23:52:51.825 15812 15812 E ArmVmp : Match on catch block at 0xc3 in for 0x95
02-11 23:52:51.829 15812 15812 E ArmVmp : Match on catch block at 0xc3 in for 0x99
02-11 23:52:51.833 15812 15812 E ArmVmp : Match on catch block at 0xc3 in for 0x99
02-11 23:52:51.844 15812 15812 E ArmVmp : Match on catch block at 0xc3 in for 0x91
02-11 23:52:51.849 15812 15812 E ArmVmp : Match on catch block at 0xc3 in for 0x95
02-11 23:52:51.854 15812 15812 E ArmVmp : Match on catch block at 0xc3 in for 0x95
02-11 23:52:51.871 15812 15812 E ArmVmp : Match on catch block at 0xc3 in for 0x99
02-11 23:52:51.876 15812 15812 E ArmVmp : Match on catch block at 0xc3 in for 0x91
02-11 23:52:51.879 15812 15812 E ArmVmp : Match on catch block at 0xc3 in for 0x91
02-11 23:52:51.886 15812 15812 E ArmVmp : Match on catch block at 0xc3 in for 0x95
02-11 23:52:51.889 15812 15812 E ArmVmp : Match on catch block at 0xc3 in for 0x99
02-11 23:52:51.892 15812 15812 E ArmVmp : Match on catch block at 0xc3 in for 0x99
02-11 23:52:51.902 15812 15812 E ArmVmp : Match on catch block at 0xc3 in for 0x91
02-11 23:52:51.906 15812 15812 E ArmVmp : Match on catch block at 0xc3 in for 0x95
02-11 23:52:51.919 15812 15812 E ArmVmp : Match on catch block at 0xc3 in for 0x95
02-11 23:52:51.923 15812 15812 E ArmVmp : Match on catch block at 0xc3 in for 0x99
02-11 23:52:51.926 15812 15812 E ArmVmp : Match on catch block at 0xc3 in for 0x99
02-11 23:52:51.935 15812 15812 E ArmVmp : Match on catch block at 0xc3 in for 0x91
02-11 23:52:51.939 15812 15812 E ArmVmp : Match on catch block at 0xc3 in for 0x95
02-11 23:52:51.942 15812 15812 E ArmVmp : Match on catch block at 0xc3 in for 0x95
02-11 23:52:51.952 15812 15812 E ArmVmp : Match on catch block at 0xc3 in for 0x99
02-11 23:52:51.956 15812 15812 E ArmVmp : Match on catch block at 0xc3 in for 0x91
02-11 23:52:51.958 15812 15812 E ArmVmp : Match on catch block at 0xc3 in for 0x91
02-11 23:52:51.969 15812 15812 E ArmVmp : Match on catch block at 0xc3 in for 0x95
02-11 23:52:51.973 15812 15812 E ArmVmp : Match on catch block at 0xc3 in for 0x99
02-11 23:52:51.976 15812 15812 E ArmVmp : Match on catch block at 0xc3 in for 0x99
02-11 23:52:51.987 15812 15812 E ArmVmp : Match on catch block at 0xc3 in for 0x91
02-11 23:52:51.991 15812 15812 E ArmVmp : Match on catch block at 0xc3 in for 0x95
02-11 23:52:51.994 15812 15812 E ArmVmp : Match on catch block at 0xc3 in for 0x95
02-11 23:52:52.003 15812 15812 E ArmVmp : Match on catch block at 0xc3 in for 0x99
02-11 23:52:52.007 15812 15812 E ArmVmp : Match on catch block at 0xc3 in for 0x91
02-11 23:52:52.010 15812 15812 E ArmVmp : Match on catch block at 0xc3 in for 0x91
02-11 23:52:52.019 15812 15812 E ArmVmp : Match on catch block at 0xc3 in for 0x95
02-11 23:52:52.023 15812 15812 E ArmVmp : Match on catch block at 0xc3 in for 0x99
02-11 23:52:52.026 15812 15812 E ArmVmp : Match on catch block at 0xc3 in for 0x99
02-11 23:52:52.049 15812 15899 W Adreno-ES20: <core_glFinish:34>: glFinish skipped:
0
02-11 23:52:52.503 15812 15812 E ArmVmp : Match on catch block at 0xc3 in for 0x91
02-11 23:52:52.509 15812 15812 E ArmVmp : Match on catch block at 0xc3 in for 0x95
02-11 23:52:52.512 15812 15812 E ArmVmp : Match on catch block at 0xc3 in for 0x95
02-11 23:52:52.722 15812 15812 E ArmVmp : Match on catch block at 0xc3 in for 0x99
02-11 23:52:52.728 15812 15812 E ArmVmp : Match on catch block at 0xc3 in for 0x91
02-11 23:52:52.733 15812 15812 E ArmVmp : Match on catch block at 0xc3 in for 0x91
02-11 23:52:52.753 15812 15812 E ArmVmp : Match on catch block at 0xc3 in for 0x91
02-11 23:52:52.761 15812 15812 E ArmVmp : Match on catch block at 0xc3 in for 0x95
02-11 23:52:52.767 15812 15812 E ArmVmp : Match on catch block at 0xc3 in for 0x95
02-11 23:52:52.792 15812 15812 E ArmVmp : Match on catch block at 0xc3 in for 0x99
02-11 23:52:52.798 15812 15812 E ArmVmp : Match on catch block at 0xc3 in for 0x91
02-11 23:52:52.802 15812 15812 E ArmVmp : Match on catch block at 0xc3 in for 0x91
02-11 23:52:52.846 15812 15812 E ArmVmp : Match on catch block at 0xc3 in for 0x95
02-11 23:52:52.849 15812 15812 E ArmVmp : Match on catch block at 0xc3 in for 0x99
02-11 23:52:52.855 15812 15812 E ArmVmp : Match on catch block at 0xc3 in for 0x99
02-11 23:52:52.886 15812 15899 W Adreno-EGL: <qeglDrvAPI_eglGetConfigAttrib:612>:
EGL_BAD_ATTRIBUTE
02-11 23:52:53.024 15812 15899 W Adreno-ES20: <core_glFinish:34>: glFinish skipped:
0
02-11 23:52:53.026 15812 15899 W Adreno-ES20: <core_glFinish:34>: glFinish skipped:
0
02-11 23:52:53.034 15812 15812 E ArmVmp : Match on catch block at 0xc3 in for 0x99
02-11 23:52:53.039 15812 15812 E ArmVmp : Match on catch block at 0xc3 in for 0x91
02-11 23:52:53.206 15812 15812 E ArmVmp : Match on catch block at 0xc3 in for 0x91
02-11 23:52:53.210 15812 15812 E ArmVmp : Match on catch block at 0xc3 in for 0x95
02-11 23:52:53.214 15812 15812 E ArmVmp : Match on catch block at 0xc3 in for 0x95
02-11 23:52:53.221 15812 15812 E ArmVmp : Match on catch block at 0xc3 in for 0x99
02-11 23:52:53.226 15812 15812 E ArmVmp : Match on catch block at 0xc3 in for 0x91
02-11 23:52:53.229 15812 15812 E ArmVmp : Match on catch block at 0xc3 in for 0x91
02-11 23:52:53.238 15812 15812 E ArmVmp : Match on catch block at 0xc3 in for 0x95
02-11 23:52:53.243 15812 15812 E ArmVmp : Match on catch block at 0xc3 in for 0x99
02-11 23:52:53.246 15812 15812 E ArmVmp : Match on catch block at 0xc3 in for 0x99
02-11 23:52:53.255 15812 15812 E ArmVmp : Match on catch block at 0xc3 in for 0x91
02-11 23:52:53.260 15812 15812 E ArmVmp : Match on catch block at 0xc3 in for 0x95
02-11 23:52:53.263 15812 15812 E ArmVmp : Match on catch block at 0xc3 in for 0x95
02-11 23:52:53.271 15812 15812 E ArmVmp : Match on catch block at 0xc3 in for 0x99
02-11 23:52:53.276 15812 15812 E ArmVmp : Match on catch block at 0xc3 in for 0x91
02-11 23:52:53.279 15812 15812 E ArmVmp : Match on catch block at 0xc3 in for 0x91
02-11 23:52:53.288 15812 15812 E ArmVmp : Match on catch block at 0xc3 in for 0x95
02-11 23:52:53.293 15812 15812 E ArmVmp : Match on catch block at 0xc3 in for 0x99
02-11 23:52:53.296 15812 15812 E ArmVmp : Match on catch block at 0xc3 in for 0x99
02-11 23:52:53.305 15812 15812 E ArmVmp : Match on catch block at 0xc3 in for 0x91
02-11 23:52:53.311 15812 15812 E ArmVmp : Match on catch block at 0xc3 in for 0x95
02-11 23:52:53.315 15812 15812 E ArmVmp : Match on catch block at 0xc3 in for 0x95
02-11 23:52:53.322 15812 15812 E ArmVmp : Match on catch block at 0xc3 in for 0x99
02-11 23:52:53.328 15812 15812 E ArmVmp : Match on catch block at 0xc3 in for 0x91
02-11 23:52:53.332 15812 15812 E ArmVmp : Match on catch block at 0xc3 in for 0x91
02-11 23:52:53.339 15812 15812 E ArmVmp : Match on catch block at 0xc3 in for 0x95
02-11 23:52:53.345 15812 15812 E ArmVmp : Match on catch block at 0xc3 in for 0x99
02-11 23:52:53.349 15812 15812 E ArmVmp : Match on catch block at 0xc3 in for 0x99
02-11 23:52:53.356 15812 15812 E ArmVmp : Match on catch block at 0xc3 in for 0x91
02-11 23:52:53.362 15812 15812 E ArmVmp : Match on catch block at 0xc3 in for 0x95
02-11 23:52:53.366 15812 15812 E ArmVmp : Match on catch block at 0xc3 in for 0x95
02-11 23:52:53.372 15812 15812 E ArmVmp : Match on catch block at 0xc3 in for 0x99
02-11 23:52:53.378 15812 15812 E ArmVmp : Match on catch block at 0xc3 in for 0x91
02-11 23:52:53.382 15812 15812 E ArmVmp : Match on catch block at 0xc3 in for 0x91
02-11 23:52:53.390 15812 15899 W Adreno-ES20: <core_glFinish:34>: glFinish skipped:
0
02-11 23:52:53.413 15812 15899 W Adreno-ES20: <core_glFinish:34>: glFinish skipped:
0
02-11 23:52:53.413 15812 15899 W Adreno-ES20: <core_glFinish:34>: glFinish skipped:
0
02-11 23:52:55.625 15812 15812 E ArmVmp : Match on catch block at 0x0a in for 0xb9
02-11 23:52:55.633 15812 15812 E ArmVmp : Match on catch block at 0x0a in for 0xb5
02-11 23:52:55.748 15812 15899 W Adreno-EGL: <qeglDrvAPI_eglGetConfigAttrib:612>:
EGL_BAD_ATTRIBUTE
02-11 23:52:55.921 15812 15812 E ArmVmp : Match on catch block at 0xc3 in for 0xa5
02-11 23:52:55.929 15812 15812 E ArmVmp : Match on catch block at 0xc3 in for 0xa5
02-11 23:52:55.986 15812 15812 E ArmVmp : Match on catch block at 0xc3 in for 0x95
02-11 23:52:55.993 15812 15812 E ArmVmp : Match on catch block at 0xc3 in for 0x99
02-11 23:52:56.100 15812 15812 E ArmVmp : Match on catch block at 0xc3 in for 0x91
02-11 23:52:56.105 15812 15812 E ArmVmp : Match on catch block at 0xc3 in for 0x95
02-11 23:52:56.172 15812 15812 E ArmVmp : Match on catch block at 0xc3 in for 0x99
02-11 23:52:56.178 15812 15812 E ArmVmp : Match on catch block at 0xc3 in for 0x91
02-11 23:52:56.211 15812 15899 W Adreno-ES20: <core_glFinish:34>: glFinish skipped:
0
02-11 23:52:56.215 15812 15899 W Adreno-ES20: <core_glFinish:34>: glFinish skipped:
0
02-11 23:52:56.224 15812 15812 E ArmVmp : Match on catch block at 0xc3 in for 0x91
02-11 23:52:56.228 15812 15812 E ArmVmp : Match on catch block at 0xc3 in for 0x95
02-11 23:52:56.249 15812 15812 E ArmVmp : Match on catch block at 0xc3 in for 0x95
02-11 23:52:56.254 15812 15812 E ArmVmp : Match on catch block at 0xc3 in for 0x99
02-11 23:52:56.416 15812 15899 W Adreno-ES20: <core_glFinish:34>: glFinish skipped:
0
02-11 23:52:56.529 15812 15812 E ArmVmp : Match on catch block at 0xc3 in for 0x99
02-11 23:52:56.536 15812 15812 E ArmVmp : Match on catch block at 0xc3 in for 0x91
02-11 23:52:56.547 15812 15812 E ArmVmp : Match on catch block at 0xc3 in for 0x91
02-11 23:52:56.552 15812 15812 E ArmVmp : Match on catch block at 0xc3 in for 0x95
02-11 23:52:56.565 15812 15812 E ArmVmp : Match on catch block at 0xc3 in for 0x95
02-11 23:52:56.569 15812 15812 E ArmVmp : Match on catch block at 0xc3 in for 0x99
02-11 23:52:56.582 15812 15812 E ArmVmp : Match on catch block at 0xc3 in for 0x99
02-11 23:52:56.587 15812 15812 E ArmVmp : Match on catch block at 0xc3 in for 0x91
02-11 23:52:56.600 15812 15812 E ArmVmp : Match on catch block at 0xc3 in for 0x91
02-11 23:52:56.605 15812 15812 E ArmVmp : Match on catch block at 0xc3 in for 0x95
02-11 23:52:56.616 15812 15812 E ArmVmp : Match on catch block at 0xc3 in for 0x95
02-11 23:52:56.620 15812 15812 E ArmVmp : Match on catch block at 0xc3 in for 0x99
02-11 23:52:56.632 15812 15812 E ArmVmp : Match on catch block at 0xc3 in for 0x99
02-11 23:52:56.636 15812 15812 E ArmVmp : Match on catch block at 0xc3 in for 0x91
02-11 23:52:56.650 15812 15812 E ArmVmp : Match on catch block at 0xc3 in for 0x99
02-11 23:52:56.655 15812 15812 E ArmVmp : Match on catch block at 0xc3 in for 0x91
02-11 23:52:56.670 15812 15812 E ArmVmp : Match on catch block at 0xc3 in for 0x91
02-11 23:52:56.675 15812 15812 E ArmVmp : Match on catch block at 0xc3 in for 0x95
02-11 23:52:56.698 15812 15812 E ArmVmp : Match on catch block at 0xc3 in for 0x99
02-11 23:52:56.702 15812 15812 E ArmVmp : Match on catch block at 0xc3 in for 0x91
02-11 23:52:56.786 15812 15812 E ArmVmp : Match on catch block at 0xc3 in for 0x91
02-11 23:52:56.791 15812 15812 E ArmVmp : Match on catch block at 0xc3 in for 0x95
02-11 23:52:56.821 15812 15812 E ArmVmp : Match on catch block at 0xc3 in for 0x95
02-11 23:52:56.828 15812 15812 E ArmVmp : Match on catch block at 0xc3 in for 0x99
02-11 23:52:56.845 15812 15812 E ArmVmp : Match on catch block at 0xc3 in for 0x91
02-11 23:52:56.856 15812 15812 E ArmVmp : Match on catch block at 0xc3 in for 0x95
02-11 23:52:56.867 15812 15812 E ArmVmp : Match on catch block at 0xc3 in for 0x95
02-11 23:52:56.875 15812 15812 E ArmVmp : Match on catch block at 0xc3 in for 0x99
02-11 23:52:56.887 15812 15812 E ArmVmp : Match on catch block at 0xc3 in for 0x95
02-11 23:52:56.895 15812 15812 E ArmVmp : Match on catch block at 0xc3 in for 0x99
02-11 23:52:56.905 15812 15812 E ArmVmp : Match on catch block at 0xc3 in for 0x99
02-11 23:52:56.915 15812 15812 E ArmVmp : Match on catch block at 0xc3 in for 0x91
02-11 23:52:56.922 15812 15812 E ArmVmp : Match on catch block at 0xc3 in for 0x91
02-11 23:52:56.936 15812 15812 E ArmVmp : Match on catch block at 0xc3 in for 0x95
02-11 23:52:56.970 15812 15812 E ArmVmp : Match on catch block at 0xc3 in for 0x91
02-11 23:52:56.979 15812 15812 E ArmVmp : Match on catch block at 0xc3 in for 0x95
02-11 23:52:56.986 15812 15812 E ArmVmp : Match on catch block at 0xc3 in for 0x95
02-11 23:52:57.001 15812 15812 E ArmVmp : Match on catch block at 0xc3 in for 0x99
02-11 23:52:57.008 15812 15812 E ArmVmp : Match on catch block at 0xc3 in for 0x99
02-11 23:52:57.017 15812 15812 E ArmVmp : Match on catch block at 0xc3 in for 0x91
02-11 23:52:57.033 15812 15812 E ArmVmp : Match on catch block at 0xc3 in for 0x99
02-11 23:52:57.041 15812 15812 E ArmVmp : Match on catch block at 0xc3 in for 0x91
02-11 23:52:57.064 15812 15812 E ArmVmp : Match on catch block at 0xc3 in for 0x99
02-11 23:52:57.071 15812 15812 E ArmVmp : Match on catch block at 0xc3 in for 0x91
02-11 23:52:57.084 15812 15812 E ArmVmp : Match on catch block at 0xc3 in for 0x91
02-11 23:52:57.090 15812 15812 E ArmVmp : Match on catch block at 0xc3 in for 0x95
02-11 23:52:57.132 15812 15812 E ArmVmp : Match on catch block at 0xc3 in for 0x95
02-11 23:52:57.139 15812 15812 E ArmVmp : Match on catch block at 0xc3 in for 0x99
02-11 23:52:57.234 15812 15812 E ArmVmp : Match on catch block at 0xc3 in for 0x99
02-11 23:52:57.241 15812 15812 E ArmVmp : Match on catch block at 0xc3 in for 0x91
02-11 23:52:57.267 15812 15812 E ArmVmp : Match on catch block at 0xc3 in for 0x91
02-11 23:52:57.274 15812 15812 E ArmVmp : Match on catch block at 0xc3 in for 0x95
02-11 23:52:57.333 15812 15812 E ArmVmp : Match on catch block at 0xc3 in for 0x95
02-11 23:52:57.340 15812 15812 E ArmVmp : Match on catch block at 0xc3 in for 0x99
02-11 23:52:57.369 15812 15812 E ArmVmp : Match on catch block at 0xc3 in for 0x99
02-11 23:52:57.375 15812 15812 E ArmVmp : Match on catch block at 0xc3 in for 0x91
02-11 23:52:57.383 15812 15812 E ArmVmp : Match on catch block at 0xc3 in for 0x91
02-11 23:52:57.390 15812 15812 E ArmVmp : Match on catch block at 0xc3 in for 0x95
02-11 23:52:57.402 15812 15812 E ArmVmp : Match on catch block at 0xc3 in for 0x95
02-11 23:52:57.408 15812 15812 E ArmVmp : Match on catch block at 0xc3 in for 0x99
02-11 23:52:57.419 15812 15812 E ArmVmp : Match on catch block at 0xc3 in for 0x99
02-11 23:52:57.425 15812 15812 E ArmVmp : Match on catch block at 0xc3 in for 0x91
02-11 23:52:57.434 15812 15812 E ArmVmp : Match on catch block at 0xc3 in for 0x91
02-11 23:52:57.440 15812 15812 E ArmVmp : Match on catch block at 0xc3 in for 0x95
02-11 23:52:57.467 15812 15812 E ArmVmp : Match on catch block at 0xc3 in for 0x95
02-11 23:52:57.473 15812 15812 E ArmVmp : Match on catch block at 0xc3 in for 0x99
02-11 23:52:57.484 15812 15812 E ArmVmp : Match on catch block at 0xc3 in for 0x99
02-11 23:52:57.489 15812 15812 E ArmVmp : Match on catch block at 0xc3 in for 0x91
02-11 23:52:57.517 15812 15812 E ArmVmp : Match on catch block at 0xc3 in for 0x91
02-11 23:52:57.522 15812 15812 E ArmVmp : Match on catch block at 0xc3 in for 0x95
02-11 23:52:57.534 15812 15812 E ArmVmp : Match on catch block at 0xc3 in for 0x95
02-11 23:52:57.540 15812 15812 E ArmVmp : Match on catch block at 0xc3 in for 0x99
02-11 23:52:57.569 15812 15812 E ArmVmp : Match on catch block at 0xc3 in for 0x99
02-11 23:52:57.575 15812 15812 E ArmVmp : Match on catch block at 0xc3 in for 0x91
02-11 23:52:57.871 15812 15812 E ArmVmp : Match on catch block at 0xc3 in for 0x99
02-11 23:52:57.878 15812 15812 E ArmVmp : Match on catch block at 0xc3 in for 0x91
02-11 23:52:57.890 15812 15812 E ArmVmp : Match on catch block at 0xc3 in for 0x91
02-11 23:52:57.899 15812 15812 E ArmVmp : Match on catch block at 0xc3 in for 0x95
02-11 23:52:57.915 15812 15812 E ArmVmp : Match on catch block at 0xc3 in for 0x95
02-11 23:52:57.923 15812 15812 E ArmVmp : Match on catch block at 0xc3 in for 0x99
02-11 23:52:57.935 15812 15812 E ArmVmp : Match on catch block at 0xc3 in for 0x99
02-11 23:52:57.944 15812 15812 E ArmVmp : Match on catch block at 0xc3 in for 0x91
02-11 23:52:57.956 15812 15812 E ArmVmp : Match on catch block at 0xc3 in for 0x91
02-11 23:52:57.963 15812 15812 E ArmVmp : Match on catch block at 0xc3 in for 0x95
02-11 23:52:57.991 15812 15812 E ArmVmp : Match on catch block at 0xc3 in for 0x91
02-11 23:52:57.997 15812 15812 E ArmVmp : Match on catch block at 0xc3 in for 0x95
02-11 23:52:58.007 15812 15812 E ArmVmp : Match on catch block at 0xc3 in for 0x95
02-11 23:52:58.012 15812 15812 E ArmVmp : Match on catch block at 0xc3 in for 0x99
02-11 23:52:58.028 15812 15812 E ArmVmp : Match on catch block at 0xc3 in for 0x91
02-11 23:52:58.034 15812 15812 E ArmVmp : Match on catch block at 0xc3 in for 0x95
02-11 23:52:58.041 15812 15812 E ArmVmp : Match on catch block at 0xc3 in for 0x99
02-11 23:52:58.045 15812 15812 E ArmVmp : Match on catch block at 0xc3 in for 0x91
02-11 23:52:58.063 15812 15812 E ArmVmp : Match on catch block at 0xc3 in for 0x95
02-11 23:52:58.070 15812 15812 E ArmVmp : Match on catch block at 0xc3 in for 0x99
02-11 23:52:58.080 15812 15812 E ArmVmp : Match on catch block at 0xc3 in for 0x91
02-11 23:52:58.086 15812 15812 E ArmVmp : Match on catch block at 0xc3 in for 0x95
02-11 23:52:58.098 15812 15812 E ArmVmp : Match on catch block at 0xc3 in for 0x99
02-11 23:52:58.105 15812 15812 E ArmVmp : Match on catch block at 0xc3 in for 0x91
02-11 23:52:58.113 15812 15812 E ArmVmp : Match on catch block at 0xc3 in for 0x95
02-11 23:52:58.119 15812 15812 E ArmVmp : Match on catch block at 0xc3 in for 0x99
02-11 23:52:58.129 15812 15812 E ArmVmp : Match on catch block at 0xc3 in for 0x91
02-11 23:52:58.136 15812 15812 E ArmVmp : Match on catch block at 0xc3 in for 0x95
02-11 23:52:58.146 15812 15812 E ArmVmp : Match on catch block at 0xc3 in for 0x99
02-11 23:52:58.152 15812 15812 E ArmVmp : Match on catch block at 0xc3 in for 0x91
02-11 23:52:58.163 15812 15812 E ArmVmp : Match on catch block at 0xc3 in for 0x95
02-11 23:52:58.169 15812 15812 E ArmVmp : Match on catch block at 0xc3 in for 0x99
02-11 23:52:58.179 15812 15812 E ArmVmp : Match on catch block at 0xc3 in for 0x91
02-11 23:52:58.187 15812 15812 E ArmVmp : Match on catch block at 0xc3 in for 0x95
02-11 23:52:58.196 15812 15812 E ArmVmp : Match on catch block at 0xc3 in for 0x99
02-11 23:52:58.203 15812 15812 E ArmVmp : Match on catch block at 0xc3 in for 0x91
02-11 23:52:58.213 15812 15812 E ArmVmp : Match on catch block at 0xc3 in for 0x95
02-11 23:52:58.219 15812 15812 E ArmVmp : Match on catch block at 0xc3 in for 0x99
02-11 23:52:58.230 15812 15812 E ArmVmp : Match on catch block at 0xc3 in for 0x91
02-11 23:52:58.237 15812 15812 E ArmVmp : Match on catch block at 0xc3 in for 0x95
02-11 23:52:58.247 15812 15812 E ArmVmp : Match on catch block at 0xc3 in for 0x99
02-11 23:52:58.254 15812 15812 E ArmVmp : Match on catch block at 0xc3 in for 0x91
02-11 23:52:58.264 15812 15812 E ArmVmp : Match on catch block at 0xc3 in for 0x95
02-11 23:52:58.271 15812 15812 E ArmVmp : Match on catch block at 0xc3 in for 0x99
02-11 23:52:58.280 15812 15812 E ArmVmp : Match on catch block at 0xc3 in for 0x91
02-11 23:52:58.287 15812 15812 E ArmVmp : Match on catch block at 0xc3 in for 0x95
02-11 23:52:58.299 15812 15812 E ArmVmp : Match on catch block at 0xc3 in for 0x99
02-11 23:52:58.306 15812 15812 E ArmVmp : Match on catch block at 0xc3 in for 0x91
02-11 23:52:58.314 15812 15812 E ArmVmp : Match on catch block at 0xc3 in for 0x91
02-11 23:52:58.321 15812 15812 E ArmVmp : Match on catch block at 0xc3 in for 0x95
02-11 23:52:58.587 15812 15812 E ArmVmp : Match on catch block at 0xc3 in for 0x95
02-11 23:52:58.594 15812 15812 E ArmVmp : Match on catch block at 0xc3 in for 0x99
02-11 23:52:58.703 15812 15812 E ArmVmp : Match on catch block at 0xc3 in for 0x95
02-11 23:52:58.713 15812 15812 E ArmVmp : Match on catch block at 0xc3 in for 0x99
02-11 23:52:58.720 15812 15812 E ArmVmp : Match on catch block at 0xc3 in for 0x99
02-11 23:52:58.733 15812 15812 E ArmVmp : Match on catch block at 0xc3 in for 0x91
02-11 23:52:58.747 15812 15812 E ArmVmp : Match on catch block at 0xc3 in for 0x91
02-11 23:52:58.756 15812 15812 E ArmVmp : Match on catch block at 0xc3 in for 0x95
02-11 23:52:58.769 15812 15812 E ArmVmp : Match on catch block at 0xc3 in for 0x95
02-11 23:52:58.776 15812 15812 E ArmVmp : Match on catch block at 0xc3 in for 0x99
02-11 23:52:58.785 15812 15812 E ArmVmp : Match on catch block at 0xc3 in for 0x99
02-11 23:52:58.792 15812 15812 E ArmVmp : Match on catch block at 0xc3 in for 0x91
02-11 23:52:58.804 15812 15812 E ArmVmp : Match on catch block at 0xc3 in for 0x91
02-11 23:52:58.811 15812 15812 E ArmVmp : Match on catch block at 0xc3 in for 0x95
02-11 23:52:58.818 15812 15812 E ArmVmp : Match on catch block at 0xc3 in for 0x95
02-11 23:52:58.824 15812 15812 E ArmVmp : Match on catch block at 0xc3 in for 0x99
02-11 23:52:58.849 15812 15812 E ArmVmp : Match on catch block at 0xc3 in for 0x99
02-11 23:52:58.857 15812 15812 E ArmVmp : Match on catch block at 0xc3 in for 0x91
02-11 23:52:58.869 15812 15812 E ArmVmp : Match on catch block at 0xc3 in for 0x91
02-11 23:52:58.876 15812 15812 E ArmVmp : Match on catch block at 0xc3 in for 0x95
02-11 23:52:58.888 15812 15812 E ArmVmp : Match on catch block at 0xc3 in for 0x95
02-11 23:52:58.900 15812 15812 E ArmVmp : Match on catch block at 0xc3 in for 0x99
02-11 23:52:58.908 15812 15812 E ArmVmp : Match on catch block at 0xc3 in for 0x95
02-11 23:52:58.913 15812 15812 E ArmVmp : Match on catch block at 0xc3 in for 0x99
02-11 23:52:58.920 15812 15812 E ArmVmp : Match on catch block at 0xc3 in for 0x99
02-11 23:52:58.926 15812 15812 E ArmVmp : Match on catch block at 0xc3 in for 0x91
02-11 23:52:58.937 15812 15812 E ArmVmp : Match on catch block at 0xc3 in for 0x91
02-11 23:52:58.943 15812 15812 E ArmVmp : Match on catch block at 0xc3 in for 0x95
02-11 23:52:58.954 15812 15812 E ArmVmp : Match on catch block at 0xc3 in for 0x95
02-11 23:52:58.960 15812 15812 E ArmVmp : Match on catch block at 0xc3 in for 0x99
02-11 23:52:59.003 15812 15812 E ArmVmp : Match on catch block at 0xc3 in for 0x91
02-11 23:52:59.010 15812 15812 E ArmVmp : Match on catch block at 0xc3 in for 0x95
02-11 23:52:59.030 15812 15812 E ArmVmp : Match on catch block at 0xc3 in for 0x91
02-11 23:52:59.040 15812 15812 E ArmVmp : Match on catch block at 0xc3 in for 0x95
02-11 23:52:59.065 15812 15812 E ArmVmp : Match on catch block at 0xc3 in for 0x95
02-11 23:52:59.071 15812 15812 E ArmVmp : Match on catch block at 0xc3 in for 0x99
02-11 23:52:59.131 15812 15899 W Adreno-EGL: <qeglDrvAPI_eglGetConfigAttrib:612>:
EGL_BAD_ATTRIBUTE
02-11 23:52:59.142 15812 15812 E ArmVmp : Match on catch block at 0xc3 in for 0x99
02-11 23:52:59.148 15812 15812 E ArmVmp : Match on catch block at 0xc3 in for 0x91
02-11 23:52:59.303 15812 15899 W Adreno-ES20: <core_glFinish:34>: glFinish skipped:
0
02-11 23:52:59.306 15812 15899 W Adreno-ES20: <core_glFinish:34>: glFinish skipped:
0
02-11 23:52:59.315 15812 15812 E ArmVmp : Match on catch block at 0xc3 in for 0x99
02-11 23:52:59.323 15812 15812 E ArmVmp : Match on catch block at 0xc3 in for 0x91
02-11 23:52:59.357 15812 15812 E ArmVmp : Match on catch block at 0xc3 in for 0x95
02-11 23:52:59.363 15812 15812 E ArmVmp : Match on catch block at 0xc3 in for 0x99
02-11 23:52:59.672 15812 15899 W Adreno-ES20: <core_glFinish:34>: glFinish skipped:
0
02-11 23:52:59.701 15812 15899 W Adreno-ES20: <core_glFinish:34>: glFinish skipped:
0
02-11 23:52:59.702 15812 15899 W Adreno-ES20: <core_glFinish:34>: glFinish skipped:
0
02-11 23:53:22.278 15812 15899 W Adreno-EGL: <qeglDrvAPI_eglGetConfigAttrib:612>:
EGL_BAD_ATTRIBUTE
02-11 23:53:22.982 15812 15899 W Adreno-EGL: <qeglDrvAPI_eglGetConfigAttrib:612>:
EGL_BAD_ATTRIBUTE
02-11 23:53:23.019 15812 15899 W Adreno-EGL: <qeglDrvAPI_eglGetConfigAttrib:612>:
EGL_BAD_ATTRIBUTE
02-11 23:53:23.048 15812 15899 W Adreno-EGL: <qeglDrvAPI_eglGetConfigAttrib:612>:
EGL_BAD_ATTRIBUTE
02-11 23:53:23.082 15812 15899 W Adreno-EGL: <qeglDrvAPI_eglGetConfigAttrib:612>:
EGL_BAD_ATTRIBUTE
02-11 23:53:23.120 15812 15899 W Adreno-EGL: <qeglDrvAPI_eglGetConfigAttrib:612>:
EGL_BAD_ATTRIBUTE
02-11 23:53:23.152 15812 15899 W Adreno-EGL: <qeglDrvAPI_eglGetConfigAttrib:612>:
EGL_BAD_ATTRIBUTE
02-11 23:53:23.183 15812 15899 W Adreno-EGL: <qeglDrvAPI_eglGetConfigAttrib:612>:
EGL_BAD_ATTRIBUTE
02-11 23:53:23.338 15812 15899 W Adreno-EGL: <qeglDrvAPI_eglGetConfigAttrib:612>:
EGL_BAD_ATTRIBUTE
02-11 23:53:24.258 15812 15899 W Adreno-ES20: <core_glFinish:34>: glFinish skipped:
0
02-11 23:53:24.261 15812 15899 W Adreno-ES20: <core_glFinish:34>: glFinish skipped:
0
02-11 23:54:59.789 15812 21947 W System.err: FileClientSessionCache: Error writing
session data for media-mia3-1.cdn.whatsapp.net to
/data/user/0/com.whatsapp/cache/SSLSessionCache/media-mia3-1.cdn.whatsapp.net.443.
02-11 23:54:59.789 15812 21947 W System.err:
02-11 23:54:59.789 15812 21947 W System.err: java.io.FileNotFoundException:
/data/user/0/com.whatsapp/cache/SSLSessionCache/media-mia3-1.cdn.whatsapp.net.443
(No such file or directory)
02-11 23:54:59.789 15812 21947 W System.err:
02-11 23:54:59.799 15812 21947 W System.err: at
java.io.FileOutputStream.open0(Native Method)
02-11 23:54:59.799 15812 21947 W System.err:
02-11 23:54:59.799 15812 21947 W System.err: at
java.io.FileOutputStream.open(FileOutputStream.java:287)
02-11 23:54:59.799 15812 21947 W System.err:
02-11 23:54:59.799 15812 21947 W System.err: at
java.io.FileOutputStream.<init>(FileOutputStream.java:223)
02-11 23:54:59.799 15812 21947 W System.err:
02-11 23:54:59.799 15812 21947 W System.err: at
java.io.FileOutputStream.<init>(FileOutputStream.java:171)
02-11 23:54:59.800 15812 21947 W System.err:
02-11 23:54:59.800 15812 21947 W System.err: at
com.android.org.conscrypt.FileClientSessionCache$Impl.putSessionData(FileClientSess
ionCache.java:205)
02-11 23:54:59.800 15812 21947 W System.err:
02-11 23:54:59.800 15812 21947 W System.err: at
com.android.org.conscrypt.ClientSessionContext.onBeforeAddSession(ClientSessionCont
ext.java:151)
02-11 23:54:59.800 15812 21947 W System.err:
02-11 23:54:59.800 15812 21947 W System.err: at
com.android.org.conscrypt.AbstractSessionContext.cacheSession(AbstractSessionContex
t.java:202)
02-11 23:54:59.800 15812 21947 W System.err:
02-11 23:54:59.800 15812 21947 W System.err: at
com.android.org.conscrypt.ConscryptFileDescriptorSocket.onNewSessionEstablished(Con
scryptFileDescriptorSocket.java:368)
02-11 23:54:59.800 15812 21947 W System.err:
02-11 23:54:59.800 15812 21947 W System.err: at
com.android.org.conscrypt.NativeCrypto.SSL_read(Native Method)
02-11 23:54:59.801 15812 21947 W System.err:
02-11 23:54:59.801 15812 21947 W System.err: at
com.android.org.conscrypt.SslWrapper.read(SslWrapper.java:384)
02-11 23:54:59.801 15812 21947 W System.err:
02-11 23:54:59.801 15812 21947 W System.err: at
com.android.org.conscrypt.ConscryptFileDescriptorSocket$SSLInputStream.read(Conscry
ptFileDescriptorSocket.java:541)
02-11 23:54:59.801 15812 21947 W System.err:
02-11 23:54:59.801 15812 21947 W System.err: at
com.android.okhttp.okio.Okio$2.read(Okio.java:136)
02-11 23:54:59.801 15812 21947 W System.err:
02-11 23:54:59.801 15812 21947 W System.err: at
com.android.okhttp.okio.AsyncTimeout$2.read(AsyncTimeout.java:211)
02-11 23:54:59.801 15812 21947 W System.err:
02-11 23:54:59.801 15812 21947 W System.err: at
com.android.okhttp.okio.RealBufferedSource.indexOf(RealBufferedSource.java:306)
02-11 23:54:59.801 15812 21947 W System.err:
02-11 23:54:59.802 15812 21947 W System.err: at
com.android.okhttp.okio.RealBufferedSource.indexOf(RealBufferedSource.java:300)
02-11 23:54:59.802 15812 21947 W System.err:
02-11 23:54:59.802 15812 21947 W System.err: at
com.android.okhttp.okio.RealBufferedSource.readUtf8LineStrict(RealBufferedSource.ja
va:196)
02-11 23:54:59.802 15812 21947 W System.err:
02-11 23:54:59.802 15812 21947 W System.err: at
com.android.okhttp.internal.http.Http1xStream.readResponse(Http1xStream.java:186)
02-11 23:54:59.802 15812 21947 W System.err:
02-11 23:54:59.802 15812 21947 W System.err: at
com.android.okhttp.internal.http.Http1xStream.readResponseHeaders(Http1xStream.java
:127)
02-11 23:54:59.802 15812 21947 W System.err:
02-11 23:54:59.802 15812 21947 W System.err: at
com.android.okhttp.internal.http.HttpEngine.readNetworkResponse(HttpEngine.java:737
)
02-11 23:54:59.802 15812 21947 W System.err:
02-11 23:54:59.803 15812 21947 W System.err: at
com.android.okhttp.internal.http.HttpEngine.readResponse(HttpEngine.java:609)
02-11 23:54:59.803 15812 21947 W System.err:
02-11 23:54:59.803 15812 21947 W System.err: at
com.android.okhttp.internal.huc.HttpURLConnectionImpl.execute(HttpURLConnectionImpl
.java:471)
02-11 23:54:59.803 15812 21947 W System.err:
02-11 23:54:59.803 15812 21947 W System.err: at
com.android.okhttp.internal.huc.HttpURLConnectionImpl.getResponse(HttpURLConnection
Impl.java:407)
02-11 23:54:59.803 15812 21947 W System.err:
02-11 23:54:59.803 15812 21947 W System.err: at
com.android.okhttp.internal.huc.HttpURLConnectionImpl.getResponseCode(HttpURLConnec
tionImpl.java:538)
02-11 23:54:59.803 15812 21947 W System.err:
02-11 23:54:59.803 15812 21947 W System.err: at
com.android.okhttp.internal.huc.DelegatingHttpsURLConnection.getResponseCode(Delega
tingHttpsURLConnection.java:105)
02-11 23:54:59.803 15812 21947 W System.err:
02-11 23:54:59.804 15812 21947 W System.err: at
com.android.okhttp.internal.huc.HttpsURLConnectionImpl.getResponseCode(Unknown
Source:0)
02-11 23:54:59.804 15812 21947 W System.err:
02-11 23:54:59.804 15812 21947 W System.err: at X.2p5.A01(Unknown Source:58)
02-11 23:54:59.804 15812 21947 W System.err:
02-11 23:54:59.804 15812 21947 W System.err: at X.2eH.A00(Unknown Source:220)
02-11 23:54:59.804 15812 21947 W System.err:
02-11 23:54:59.804 15812 21947 W System.err: at
com.whatsapp.stickers.stickerpack.FetchDownloadableStickerPackWorker.A09(Unknown
Source:2)
02-11 23:54:59.804 15812 21947 W System.err:
02-11 23:54:59.804 15812 21947 W System.err: at X.0kB.run(Unknown Source:2)
02-11 23:54:59.804 15812 21947 W System.err:
02-11 23:54:59.805 15812 21947 W System.err: at
java.util.concurrent.ThreadPoolExecutor.runWorker(ThreadPoolExecutor.java:1162)
02-11 23:54:59.805 15812 21947 W System.err:
02-11 23:54:59.805 15812 21947 W System.err: at
java.util.concurrent.ThreadPoolExecutor$Worker.run(ThreadPoolExecutor.java:636)
02-11 23:54:59.805 15812 21947 W System.err:
02-11 23:54:59.805 15812 21947 W System.err: at
java.lang.Thread.run(Thread.java:764)
02-11 23:54:59.805 15812 21947 W System.err:
02-11 23:56:02.481 15812 15899 W Adreno-EGL: <qeglDrvAPI_eglGetConfigAttrib:612>:
EGL_BAD_ATTRIBUTE
02-11 23:56:02.544 15812 15899 W Adreno-EGL: <qeglDrvAPI_eglGetConfigAttrib:612>:
EGL_BAD_ATTRIBUTE
02-11 23:56:03.174 15812 15899 W Adreno-EGL: <qeglDrvAPI_eglGetConfigAttrib:612>:
EGL_BAD_ATTRIBUTE
02-11 23:56:03.208 15812 15899 W Adreno-EGL: <qeglDrvAPI_eglGetConfigAttrib:612>:
EGL_BAD_ATTRIBUTE
02-11 23:56:03.246 15812 15899 W Adreno-EGL: <qeglDrvAPI_eglGetConfigAttrib:612>:
EGL_BAD_ATTRIBUTE
02-11 23:56:03.379 15812 15899 W Adreno-EGL: <qeglDrvAPI_eglGetConfigAttrib:612>:
EGL_BAD_ATTRIBUTE
02-11 23:56:03.406 15812 15899 W Adreno-EGL: <qeglDrvAPI_eglGetConfigAttrib:612>:
EGL_BAD_ATTRIBUTE
02-11 23:56:03.443 15812 15899 W Adreno-EGL: <qeglDrvAPI_eglGetConfigAttrib:612>:
EGL_BAD_ATTRIBUTE
02-11 23:56:03.474 15812 15899 W Adreno-EGL: <qeglDrvAPI_eglGetConfigAttrib:612>:
EGL_BAD_ATTRIBUTE
02-11 23:56:03.544 15812 15899 W Adreno-EGL: <qeglDrvAPI_eglGetConfigAttrib:612>:
EGL_BAD_ATTRIBUTE
02-11 23:56:04.498 15812 15899 W Adreno-ES20: <core_glFinish:34>: glFinish skipped:
0
02-11 23:56:04.504 15812 15899 W Adreno-ES20: <core_glFinish:34>: glFinish skipped:
0
02-11 23:56:15.687 15812 15812 E ArmVmp : Match on catch block at 0x0a in for 0xb9
02-11 23:56:15.696 15812 15812 E ArmVmp : Match on catch block at 0x0a in for 0xb5
02-11 23:56:15.823 15812 15899 W Adreno-EGL: <qeglDrvAPI_eglGetConfigAttrib:612>:
EGL_BAD_ATTRIBUTE
02-11 23:56:16.153 15812 15812 E ArmVmp : Match on catch block at 0xc3 in for 0xa9
02-11 23:56:16.164 15812 15812 E ArmVmp : Match on catch block at 0xc3 in for 0xa9
02-11 23:56:16.208 15812 15812 E ArmVmp : Match on catch block at 0xc3 in for 0x95
02-11 23:56:16.213 15812 15812 E ArmVmp : Match on catch block at 0xc3 in for 0x99
02-11 23:56:16.217 15812 15812 E ArmVmp : Match on catch block at 0xc3 in for 0x99
02-11 23:56:16.340 15812 15899 W Adreno-ES20: <core_glFinish:34>: glFinish skipped:
0
02-11 23:56:16.344 15812 15899 W Adreno-ES20: <core_glFinish:34>: glFinish skipped:
0
02-11 23:56:16.345 15812 15820 E SpellCheckerSession: ignoring processOrEnqueueTask
due to unexpected mState=TASK_CLOSE scp.mWhat=TASK_CLOSE
02-11 23:56:16.348 15812 15899 W Adreno-ES20: <core_glFinish:34>: glFinish skipped:
0
02-11 23:56:16.354 15812 15820 E SpellCheckerSession: ignoring processOrEnqueueTask
due to unexpected mState=TASK_CLOSE scp.mWhat=TASK_CLOSE
02-11 23:56:16.357 15812 15899 W Adreno-ES20: <core_glFinish:34>: glFinish skipped:
0
02-11 23:56:16.374 15812 15812 E ArmVmp : Match on catch block at 0xc3 in for 0x99
02-11 23:56:16.378 15812 15812 E ArmVmp : Match on catch block at 0xc3 in for 0x91
02-11 23:56:16.385 15812 15812 E ArmVmp : Match on catch block at 0xc3 in for 0x91
02-11 23:56:16.408 15812 15812 E ArmVmp : Match on catch block at 0xc3 in for 0x95
02-11 23:56:16.412 15812 15812 E ArmVmp : Match on catch block at 0xc3 in for 0x99
02-11 23:56:16.419 15812 15812 E ArmVmp : Match on catch block at 0xc3 in for 0x99
02-11 23:56:16.433 15812 15899 W Adreno-ES20: <core_glFinish:34>: glFinish skipped:
0
02-11 23:56:16.435 15812 15899 W Adreno-ES20: <core_glFinish:34>: glFinish skipped:
0
02-11 23:56:16.455 15812 15812 E ArmVmp : Match on catch block at 0xc3 in for 0x91
02-11 23:56:16.459 15812 15812 E ArmVmp : Match on catch block at 0xc3 in for 0x95
02-11 23:56:16.462 15812 15812 E ArmVmp : Match on catch block at 0xc3 in for 0x95
02-11 23:56:16.474 15812 15812 E ArmVmp : Match on catch block at 0xc3 in for 0x99
02-11 23:56:16.478 15812 15812 E ArmVmp : Match on catch block at 0xc3 in for 0x91
02-11 23:56:16.481 15812 15812 E ArmVmp : Match on catch block at 0xc3 in for 0x91
02-11 23:56:16.584 15812 15812 E ArmVmp : Match on catch block at 0xc3 in for 0x95
02-11 23:56:16.590 15812 15812 E ArmVmp : Match on catch block at 0xc3 in for 0x99
02-11 23:56:16.594 15812 15812 E ArmVmp : Match on catch block at 0xc3 in for 0x99
02-11 23:56:16.602 15812 15812 E ArmVmp : Match on catch block at 0xc3 in for 0x91
02-11 23:56:16.608 15812 15812 E ArmVmp : Match on catch block at 0xc3 in for 0x95
02-11 23:56:16.611 15812 15812 E ArmVmp : Match on catch block at 0xc3 in for 0x95
02-11 23:56:16.619 15812 15812 E ArmVmp : Match on catch block at 0xc3 in for 0x99
02-11 23:56:16.624 15812 15812 E ArmVmp : Match on catch block at 0xc3 in for 0x91
02-11 23:56:16.629 15812 15812 E ArmVmp : Match on catch block at 0xc3 in for 0x91
02-11 23:56:16.650 15812 15812 E ArmVmp : Match on catch block at 0xc3 in for 0x99
02-11 23:56:16.655 15812 15812 E ArmVmp : Match on catch block at 0xc3 in for 0x91
02-11 23:56:16.673 15812 15812 E ArmVmp : Match on catch block at 0xc3 in for 0x91
02-11 23:56:16.678 15812 15812 E ArmVmp : Match on catch block at 0xc3 in for 0x95
02-11 23:56:16.683 15812 15812 E ArmVmp : Match on catch block at 0xc3 in for 0x95
02-11 23:56:16.697 15812 15899 W Adreno-ES20: <core_glFinish:34>: glFinish skipped:
0
02-11 23:56:16.701 15812 15812 E ArmVmp : Match on catch block at 0xc3 in for 0x99
02-11 23:56:16.707 15812 15812 E ArmVmp : Match on catch block at 0xc3 in for 0x91
02-11 23:56:16.727 15812 15812 E ArmVmp : Match on catch block at 0xc3 in for 0x91
02-11 23:56:16.733 15812 15812 E ArmVmp : Match on catch block at 0xc3 in for 0x95
02-11 23:56:16.738 15812 15812 E ArmVmp : Match on catch block at 0xc3 in for 0x95
02-11 23:56:16.750 15812 15812 E ArmVmp : Match on catch block at 0xc3 in for 0x99
02-11 23:56:16.755 15812 15812 E ArmVmp : Match on catch block at 0xc3 in for 0x91
02-11 23:56:16.759 15812 15812 E ArmVmp : Match on catch block at 0xc3 in for 0x91
02-11 23:56:16.767 15812 15812 E ArmVmp : Match on catch block at 0xc3 in for 0x95
02-11 23:56:16.772 15812 15812 E ArmVmp : Match on catch block at 0xc3 in for 0x99
02-11 23:56:16.777 15812 15812 E ArmVmp : Match on catch block at 0xc3 in for 0x99
02-11 23:56:16.785 15812 15812 E ArmVmp : Match on catch block at 0xc3 in for 0x91
02-11 23:56:16.790 15812 15812 E ArmVmp : Match on catch block at 0xc3 in for 0x95
02-11 23:56:16.794 15812 15812 E ArmVmp : Match on catch block at 0xc3 in for 0x95
02-11 23:56:16.802 15812 15812 E ArmVmp : Match on catch block at 0xc3 in for 0x99
02-11 23:56:16.806 15812 15812 E ArmVmp : Match on catch block at 0xc3 in for 0x91
02-11 23:56:16.810 15812 15812 E ArmVmp : Match on catch block at 0xc3 in for 0x91
02-11 23:56:16.818 15812 15812 E ArmVmp : Match on catch block at 0xc3 in for 0x95
02-11 23:56:16.823 15812 15812 E ArmVmp : Match on catch block at 0xc3 in for 0x99
02-11 23:56:16.826 15812 15812 E ArmVmp : Match on catch block at 0xc3 in for 0x99
02-11 23:56:16.834 15812 15812 E ArmVmp : Match on catch block at 0xc3 in for 0x91
02-11 23:56:16.839 15812 15812 E ArmVmp : Match on catch block at 0xc3 in for 0x95
02-11 23:56:16.842 15812 15812 E ArmVmp : Match on catch block at 0xc3 in for 0x95
02-11 23:56:16.852 15812 15812 E ArmVmp : Match on catch block at 0xc3 in for 0x99
02-11 23:56:16.857 15812 15812 E ArmVmp : Match on catch block at 0xc3 in for 0x91
02-11 23:56:16.860 15812 15812 E ArmVmp : Match on catch block at 0xc3 in for 0x91
02-11 23:56:16.867 15812 15812 E ArmVmp : Match on catch block at 0xc3 in for 0x95
02-11 23:56:16.872 15812 15812 E ArmVmp : Match on catch block at 0xc3 in for 0x99
02-11 23:56:16.875 15812 15812 E ArmVmp : Match on catch block at 0xc3 in for 0x99
02-11 23:56:16.884 15812 15812 E ArmVmp : Match on catch block at 0xc3 in for 0x91
02-11 23:56:16.889 15812 15812 E ArmVmp : Match on catch block at 0xc3 in for 0x95
02-11 23:56:16.892 15812 15812 E ArmVmp : Match on catch block at 0xc3 in for 0x95
02-11 23:56:16.902 15812 15812 E ArmVmp : Match on catch block at 0xc3 in for 0x99
02-11 23:56:16.906 15812 15812 E ArmVmp : Match on catch block at 0xc3 in for 0x91
02-11 23:56:16.909 15812 15812 E ArmVmp : Match on catch block at 0xc3 in for 0x91
02-11 23:56:17.353 15812 15812 E ArmVmp : Match on catch block at 0xc3 in for 0x95
02-11 23:56:17.361 15812 15812 E ArmVmp : Match on catch block at 0xc3 in for 0x99
02-11 23:56:17.365 15812 15812 E ArmVmp : Match on catch block at 0xc3 in for 0x99
02-11 23:56:17.853 15812 15812 E ArmVmp : Match on catch block at 0xc3 in for 0x91
02-11 23:56:17.858 15812 15812 E ArmVmp : Match on catch block at 0xc3 in for 0x95
02-11 23:56:17.862 15812 15812 E ArmVmp : Match on catch block at 0xc3 in for 0x95
02-11 23:56:17.954 15812 15812 E ArmVmp : Match on catch block at 0xc3 in for 0x99
02-11 23:56:17.960 15812 15812 E ArmVmp : Match on catch block at 0xc3 in for 0x91
02-11 23:56:17.964 15812 15812 E ArmVmp : Match on catch block at 0xc3 in for 0x91
02-11 23:56:17.973 15812 15812 E ArmVmp : Match on catch block at 0xc3 in for 0x95
02-11 23:56:17.978 15812 15812 E ArmVmp : Match on catch block at 0xc3 in for 0x99
02-11 23:56:17.982 15812 15812 E ArmVmp : Match on catch block at 0xc3 in for 0x99
02-11 23:56:17.987 15812 15812 E ArmVmp : Match on catch block at 0xc3 in for 0x91
02-11 23:56:17.993 15812 15812 E ArmVmp : Match on catch block at 0xc3 in for 0x95
02-11 23:56:17.997 15812 15812 E ArmVmp : Match on catch block at 0xc3 in for 0x95
02-11 23:56:18.003 15812 15812 E ArmVmp : Match on catch block at 0xc3 in for 0x99
02-11 23:56:18.009 15812 15812 E ArmVmp : Match on catch block at 0xc3 in for 0x91
02-11 23:56:18.012 15812 15812 E ArmVmp : Match on catch block at 0xc3 in for 0x91
02-11 23:56:18.020 15812 15812 E ArmVmp : Match on catch block at 0xc3 in for 0x95
02-11 23:56:18.030 15812 15812 E ArmVmp : Match on catch block at 0xc3 in for 0x99
02-11 23:56:18.033 15812 15812 E ArmVmp : Match on catch block at 0xc3 in for 0x99
02-11 23:56:18.041 15812 15812 E ArmVmp : Match on catch block at 0xc3 in for 0x91
02-11 23:56:18.046 15812 15812 E ArmVmp : Match on catch block at 0xc3 in for 0x95
02-11 23:56:18.050 15812 15812 E ArmVmp : Match on catch block at 0xc3 in for 0x95
02-11 23:56:18.057 15812 15812 E ArmVmp : Match on catch block at 0xc3 in for 0x99
02-11 23:56:18.064 15812 15812 E ArmVmp : Match on catch block at 0xc3 in for 0x91
02-11 23:56:18.067 15812 15812 E ArmVmp : Match on catch block at 0xc3 in for 0x91
02-11 23:56:18.073 15812 15812 E ArmVmp : Match on catch block at 0xc3 in for 0x95
02-11 23:56:18.080 15812 15812 E ArmVmp : Match on catch block at 0xc3 in for 0x99
02-11 23:56:18.088 15812 15812 E ArmVmp : Match on catch block at 0xc3 in for 0x99
02-11 23:56:18.093 15812 15812 E ArmVmp : Match on catch block at 0xc3 in for 0x91
02-11 23:56:18.098 15812 15812 E ArmVmp : Match on catch block at 0xc3 in for 0x95
02-11 23:56:18.103 15812 15812 E ArmVmp : Match on catch block at 0xc3 in for 0x95
02-11 23:56:18.111 15812 15812 E ArmVmp : Match on catch block at 0xc3 in for 0x99
02-11 23:56:18.117 15812 15812 E ArmVmp : Match on catch block at 0xc3 in for 0x91
02-11 23:56:18.121 15812 15812 E ArmVmp : Match on catch block at 0xc3 in for 0x91
02-11 23:56:18.138 15812 15812 E ArmVmp : Match on catch block at 0xc3 in for 0x95
02-11 23:56:18.143 15812 15812 E ArmVmp : Match on catch block at 0xc3 in for 0x99
02-11 23:56:18.147 15812 15812 E ArmVmp : Match on catch block at 0xc3 in for 0x99
02-11 23:56:18.153 15812 15812 E ArmVmp : Match on catch block at 0xc3 in for 0x91
02-11 23:56:18.160 15812 15812 E ArmVmp : Match on catch block at 0xc3 in for 0x95
02-11 23:56:18.163 15812 15812 E ArmVmp : Match on catch block at 0xc3 in for 0x95
02-11 23:56:18.171 15812 15812 E ArmVmp : Match on catch block at 0xc3 in for 0x99
02-11 23:56:18.178 15812 15812 E ArmVmp : Match on catch block at 0xc3 in for 0x91
02-11 23:56:18.182 15812 15812 E ArmVmp : Match on catch block at 0xc3 in for 0x91
02-11 23:56:18.190 15812 15812 E ArmVmp : Match on catch block at 0xc3 in for 0x95
02-11 23:56:18.197 15812 15812 E ArmVmp : Match on catch block at 0xc3 in for 0x99
02-11 23:56:18.201 15812 15812 E ArmVmp : Match on catch block at 0xc3 in for 0x99
02-11 23:56:18.208 15812 15812 E ArmVmp : Match on catch block at 0xc3 in for 0x91
02-11 23:56:18.219 15812 15812 E ArmVmp : Match on catch block at 0xc3 in for 0x95
02-11 23:56:18.223 15812 15812 E ArmVmp : Match on catch block at 0xc3 in for 0x95
02-11 23:56:18.355 15812 15812 E ArmVmp : Match on catch block at 0xc3 in for 0x99
02-11 23:56:18.363 15812 15812 E ArmVmp : Match on catch block at 0xc3 in for 0x91
02-11 23:56:18.368 15812 15812 E ArmVmp : Match on catch block at 0xc3 in for 0x91
02-11 23:56:18.856 15812 15812 E ArmVmp : Match on catch block at 0xc3 in for 0x91
02-11 23:56:18.861 15812 15812 E ArmVmp : Match on catch block at 0xc3 in for 0x95
02-11 23:56:18.864 15812 15812 E ArmVmp : Match on catch block at 0xc3 in for 0x95
02-11 23:56:19.357 15812 15812 E ArmVmp : Match on catch block at 0xc3 in for 0x99
02-11 23:56:19.364 15812 15812 E ArmVmp : Match on catch block at 0xc3 in for 0x91
02-11 23:56:19.368 15812 15812 E ArmVmp : Match on catch block at 0xc3 in for 0x91
02-11 23:56:19.859 15812 15812 E ArmVmp : Match on catch block at 0xc3 in for 0x95
02-11 23:56:19.865 15812 15812 E ArmVmp : Match on catch block at 0xc3 in for 0x99
02-11 23:56:19.870 15812 15812 E ArmVmp : Match on catch block at 0xc3 in for 0x99
02-11 23:56:20.359 15812 15812 E ArmVmp : Match on catch block at 0xc3 in for 0x91
02-11 23:56:20.365 15812 15812 E ArmVmp : Match on catch block at 0xc3 in for 0x95
02-11 23:56:20.369 15812 15812 E ArmVmp : Match on catch block at 0xc3 in for 0x95
02-11 23:56:20.877 15812 15812 E ArmVmp : Match on catch block at 0xc3 in for 0x99
02-11 23:56:20.883 15812 15812 E ArmVmp : Match on catch block at 0xc3 in for 0x91
02-11 23:56:20.887 15812 15812 E ArmVmp : Match on catch block at 0xc3 in for 0x91
02-11 23:56:21.376 15812 15812 E ArmVmp : Match on catch block at 0xc3 in for 0x95
02-11 23:56:21.382 15812 15812 E ArmVmp : Match on catch block at 0xc3 in for 0x99
02-11 23:56:21.386 15812 15812 E ArmVmp : Match on catch block at 0xc3 in for 0x99
02-11 23:56:21.875 15812 15812 E ArmVmp : Match on catch block at 0xc3 in for 0x91
02-11 23:56:21.881 15812 15812 E ArmVmp : Match on catch block at 0xc3 in for 0x95
02-11 23:56:21.886 15812 15812 E ArmVmp : Match on catch block at 0xc3 in for 0x95
02-11 23:56:22.373 15812 15812 E ArmVmp : Match on catch block at 0xc3 in for 0x99
02-11 23:56:22.379 15812 15812 E ArmVmp : Match on catch block at 0xc3 in for 0x91
02-11 23:56:22.383 15812 15812 E ArmVmp : Match on catch block at 0xc3 in for 0x91
02-11 23:56:22.880 15812 15812 E ArmVmp : Match on catch block at 0xc3 in for 0x95
02-11 23:56:22.886 15812 15812 E ArmVmp : Match on catch block at 0xc3 in for 0x99
02-11 23:56:22.890 15812 15812 E ArmVmp : Match on catch block at 0xc3 in for 0x99
02-11 23:56:23.378 15812 15812 E ArmVmp : Match on catch block at 0xc3 in for 0x91
02-11 23:56:23.384 15812 15812 E ArmVmp : Match on catch block at 0xc3 in for 0x95
02-11 23:56:23.388 15812 15812 E ArmVmp : Match on catch block at 0xc3 in for 0x95
02-11 23:56:23.874 15812 15812 E ArmVmp : Match on catch block at 0xc3 in for 0x99
02-11 23:56:23.879 15812 15812 E ArmVmp : Match on catch block at 0xc3 in for 0x91
02-11 23:56:23.884 15812 15812 E ArmVmp : Match on catch block at 0xc3 in for 0x91
02-11 23:56:24.376 15812 15812 E ArmVmp : Match on catch block at 0xc3 in for 0x95
02-11 23:56:24.382 15812 15812 E ArmVmp : Match on catch block at 0xc3 in for 0x99
02-11 23:56:24.387 15812 15812 E ArmVmp : Match on catch block at 0xc3 in for 0x99
02-11 23:56:24.664 15812 15812 E ArmVmp : Match on catch block at 0xc3 in for 0x91
02-11 23:56:24.670 15812 15812 E ArmVmp : Match on catch block at 0xc3 in for 0x95
02-11 23:56:24.674 15812 15812 E ArmVmp : Match on catch block at 0xc3 in for 0x95
02-11 23:56:24.687 15812 15812 E ArmVmp : Match on catch block at 0xc3 in for 0x99
02-11 23:56:24.692 15812 15812 E ArmVmp : Match on catch block at 0xc3 in for 0x91
02-11 23:56:24.696 15812 15812 E ArmVmp : Match on catch block at 0xc3 in for 0x91
02-11 23:56:24.711 15812 15812 E ArmVmp : Match on catch block at 0xc3 in for 0x95
02-11 23:56:24.717 15812 15812 E ArmVmp : Match on catch block at 0xc3 in for 0x99
02-11 23:56:24.721 15812 15812 E ArmVmp : Match on catch block at 0xc3 in for 0x99
02-11 23:56:24.729 15812 15812 E ArmVmp : Match on catch block at 0xc3 in for 0x91
02-11 23:56:24.735 15812 15812 E ArmVmp : Match on catch block at 0xc3 in for 0x95
02-11 23:56:24.741 15812 15812 E ArmVmp : Match on catch block at 0xc3 in for 0x95
02-11 23:56:24.814 15812 15812 E ArmVmp : Match on catch block at 0xc3 in for 0x99
02-11 23:56:24.817 15812 15812 E ArmVmp : Match on catch block at 0xc3 in for 0x91
02-11 23:56:24.854 15812 15812 E ArmVmp : Match on catch block at 0xc3 in for 0x95
02-11 23:56:24.858 15812 15812 E ArmVmp : Match on catch block at 0xc3 in for 0x99
02-11 23:56:24.879 15812 15812 E ArmVmp : Match on catch block at 0xc3 in for 0x95
02-11 23:56:24.885 15812 15812 E ArmVmp : Match on catch block at 0xc3 in for 0x99
02-11 23:56:24.891 15812 15812 E ArmVmp : Match on catch block at 0xc3 in for 0x99
02-11 23:56:24.897 15812 15812 E ArmVmp : Match on catch block at 0xc3 in for 0x91
02-11 23:56:24.905 15812 15812 E ArmVmp : Match on catch block at 0xc3 in for 0x95
02-11 23:56:24.910 15812 15812 E ArmVmp : Match on catch block at 0xc3 in for 0x95
02-11 23:56:24.916 15812 15812 E ArmVmp : Match on catch block at 0xc3 in for 0x99
02-11 23:56:24.923 15812 15812 E ArmVmp : Match on catch block at 0xc3 in for 0x91
02-11 23:56:24.929 15812 15812 E ArmVmp : Match on catch block at 0xc3 in for 0x91
02-11 23:56:24.935 15812 15812 E ArmVmp : Match on catch block at 0xc3 in for 0x95
02-11 23:56:24.944 15812 15812 E ArmVmp : Match on catch block at 0xc3 in for 0x99
02-11 23:56:24.949 15812 15812 E ArmVmp : Match on catch block at 0xc3 in for 0x99
02-11 23:56:24.956 15812 15812 E ArmVmp : Match on catch block at 0xc3 in for 0x91
02-11 23:56:24.962 15812 15812 E ArmVmp : Match on catch block at 0xc3 in for 0x95
02-11 23:56:24.965 15812 15812 E ArmVmp : Match on catch block at 0xc3 in for 0x95
02-11 23:56:24.971 15812 15812 E ArmVmp : Match on catch block at 0xc3 in for 0x99
02-11 23:56:24.977 15812 15812 E ArmVmp : Match on catch block at 0xc3 in for 0x91
02-11 23:56:24.980 15812 15812 E ArmVmp : Match on catch block at 0xc3 in for 0x91
02-11 23:56:24.987 15812 15812 E ArmVmp : Match on catch block at 0xc3 in for 0x95
02-11 23:56:24.992 15812 15812 E ArmVmp : Match on catch block at 0xc3 in for 0x99
02-11 23:56:25.032 15812 15812 E ArmVmp : Match on catch block at 0xc3 in for 0x99
02-11 23:56:25.037 15812 15812 E ArmVmp : Match on catch block at 0xc3 in for 0x91
02-11 23:56:25.040 15812 15812 E ArmVmp : Match on catch block at 0xc3 in for 0x91
02-11 23:56:25.047 15812 15812 E ArmVmp : Match on catch block at 0xc3 in for 0x95
02-11 23:56:25.054 15812 15812 E ArmVmp : Match on catch block at 0xc3 in for 0x99
