02-23 20:53:43.766 13540 13540 E ArmVmp : Match on catch block at 0xc3 in for 0x91
02-23 20:53:43.769 13540 13540 E ArmVmp : Match on catch block at 0xc3 in for 0x91
02-23 20:53:43.777 13540 13540 E ArmVmp : Match on catch block at 0xc3 in for 0x95
02-23 20:53:43.782 13540 13540 E ArmVmp : Match on catch block at 0xc3 in for 0x99
02-23 20:53:43.785 13540 13540 E ArmVmp : Match on catch block at 0xc3 in for 0x99
02-23 20:53:43.794 13540 13540 E ArmVmp : Match on catch block at 0xc3 in for 0x91
02-23 20:53:43.801 13540 13540 E ArmVmp : Match on catch block at 0xc3 in for 0x95
02-23 20:53:43.804 13540 13540 E ArmVmp : Match on catch block at 0xc3 in for 0x95
02-23 20:53:43.815 13540 13540 E ArmVmp : Match on catch block at 0xc3 in for 0x99
02-23 20:53:43.820 13540 13540 E ArmVmp : Match on catch block at 0xc3 in for 0x91
02-23 20:53:43.824 13540 13540 E ArmVmp : Match on catch block at 0xc3 in for 0x91
02-23 20:53:43.843 13540 13540 E ArmVmp : Match on catch block at 0xc3 in for 0x95
02-23 20:53:43.848 13540 13540 E ArmVmp : Match on catch block at 0xc3 in for 0x99
02-23 20:53:43.852 13540 13540 E ArmVmp : Match on catch block at 0xc3 in for 0x99
02-23 20:53:43.860 13540 13540 E ArmVmp : Match on catch block at 0xc3 in for 0x91
02-23 20:53:43.865 13540 13540 E ArmVmp : Match on catch block at 0xc3 in for 0x95
02-23 20:53:43.868 13540 13540 E ArmVmp : Match on catch block at 0xc3 in for 0x95
02-23 20:53:43.876 13540 13540 E ArmVmp : Match on catch block at 0xc3 in for 0x99
02-23 20:53:43.881 13540 13540 E ArmVmp : Match on catch block at 0xc3 in for 0x91
02-23 20:53:43.884 13540 13540 E ArmVmp : Match on catch block at 0xc3 in for 0x91
02-23 20:53:43.893 13540 13540 E ArmVmp : Match on catch block at 0xc3 in for 0x95
02-23 20:53:43.898 13540 13540 E ArmVmp : Match on catch block at 0xc3 in for 0x99
02-23 20:53:43.901 13540 13540 E ArmVmp : Match on catch block at 0xc3 in for 0x99
02-23 20:53:43.910 13540 13540 E ArmVmp : Match on catch block at 0xc3 in for 0x91
02-23 20:53:43.916 13540 13540 E ArmVmp : Match on catch block at 0xc3 in for 0x95
02-23 20:53:43.920 13540 13540 E ArmVmp : Match on catch block at 0xc3 in for 0x95
02-23 20:53:43.927 13540 13540 E ArmVmp : Match on catch block at 0xc3 in for 0x99
02-23 20:53:43.932 13540 13540 E ArmVmp : Match on catch block at 0xc3 in for 0x91
02-23 20:53:43.936 13540 13540 E ArmVmp : Match on catch block at 0xc3 in for 0x91
02-23 20:53:43.943 13540 13540 E ArmVmp : Match on catch block at 0xc3 in for 0x95
02-23 20:53:43.948 13540 13540 E ArmVmp : Match on catch block at 0xc3 in for 0x99
02-23 20:53:43.952 13540 13540 E ArmVmp : Match on catch block at 0xc3 in for 0x99
02-23 20:53:43.960 13540 13540 E ArmVmp : Match on catch block at 0xc3 in for 0x91
02-23 20:53:43.965 13540 13540 E ArmVmp : Match on catch block at 0xc3 in for 0x95
02-23 20:53:43.969 13540 13540 E ArmVmp : Match on catch block at 0xc3 in for 0x95
02-23 20:53:43.976 13540 13540 E ArmVmp : Match on catch block at 0xc3 in for 0x99
02-23 20:53:43.983 13540 13540 E ArmVmp : Match on catch block at 0xc3 in for 0x91
02-23 20:53:43.986 13540 13540 E ArmVmp : Match on catch block at 0xc3 in for 0x91
02-23 20:53:43.993 13540 13540 E ArmVmp : Match on catch block at 0xc3 in for 0x95
02-23 20:53:43.998 13540 13540 E ArmVmp : Match on catch block at 0xc3 in for 0x99
02-23 20:53:44.001 13540 13540 E ArmVmp : Match on catch block at 0xc3 in for 0x99
02-23 20:53:44.058 13540 13540 E ArmVmp : Match on catch block at 0xc3 in for 0x91
02-23 20:53:44.064 13540 13540 E ArmVmp : Match on catch block at 0xc3 in for 0x95
02-23 20:53:44.068 13540 13540 E ArmVmp : Match on catch block at 0xc3 in for 0x95
02-23 20:53:44.538 13540 13540 E ArmVmp : Match on catch block at 0xc3 in for 0x99
02-23 20:53:44.548 13540 13540 E ArmVmp : Match on catch block at 0xc3 in for 0x91
02-23 20:53:44.553 13540 13540 E ArmVmp : Match on catch block at 0xc3 in for 0x91
02-23 20:53:45.050 13540 13540 E ArmVmp : Match on catch block at 0xc3 in for 0x95
02-23 20:53:45.055 13540 13540 E ArmVmp : Match on catch block at 0xc3 in for 0x99
02-23 20:53:45.059 13540 13540 E ArmVmp : Match on catch block at 0xc3 in for 0x99
02-23 20:53:45.470 13540 13540 E ArmVmp : Match on catch block at 0xc3 in for 0x95
02-23 20:53:45.476 13540 13540 E ArmVmp : Match on catch block at 0xc3 in for 0x99
02-23 20:53:45.479 13540 13540 E ArmVmp : Match on catch block at 0xc3 in for 0x99
02-23 20:53:45.491 13540 22374 W MediaPlayer: Use of stream types is deprecated for
operations other than volume control
02-23 20:53:45.491 13540 22374 W MediaPlayer: See the documentation of
setAudioStreamType() for what to use instead with android.media.AudioAttributes to
qualify your playback use case
02-23 20:53:45.517 13540 13540 E ArmVmp : Match on catch block at 0xc3 in for 0x95
02-23 20:53:45.524 13540 13540 E ArmVmp : Match on catch block at 0xc3 in for 0x99
02-23 20:53:45.528 13540 13540 E ArmVmp : Match on catch block at 0xc3 in for 0x99
02-23 20:53:45.557 13540 13540 E ArmVmp : Match on catch block at 0xc3 in for 0x99
02-23 20:53:45.562 13540 13540 E ArmVmp : Match on catch block at 0xc3 in for 0x91
02-23 20:53:45.566 13540 13540 E ArmVmp : Match on catch block at 0xc3 in for 0x91
02-23 20:53:45.654 13540 13540 E ArmVmp : Match on catch block at 0xc3 in for 0x99
02-23 20:53:45.659 13540 13540 E ArmVmp : Match on catch block at 0xc3 in for 0x91
02-23 20:53:45.663 13540 13540 E ArmVmp : Match on catch block at 0xc3 in for 0x91
02-23 20:53:45.687 13540 13540 E ArmVmp : Match on catch block at 0xc3 in for 0x95
02-23 20:53:45.695 13540 13540 E ArmVmp : Match on catch block at 0xc3 in for 0x99
02-23 20:53:45.699 13540 13540 E ArmVmp : Match on catch block at 0xc3 in for 0x99
02-23 20:53:46.075 13540 13540 E ArmVmp : Match on catch block at 0xc3 in for 0x91
02-23 20:53:46.084 13540 13540 E ArmVmp : Match on catch block at 0xc3 in for 0x95
02-23 20:53:46.090 13540 13540 E ArmVmp : Match on catch block at 0xc3 in for 0x95
02-23 20:53:46.405 13540 13540 E ArmVmp : Match on catch block at 0xc3 in for 0x99
02-23 20:53:46.412 13540 13540 E ArmVmp : Match on catch block at 0xc3 in for 0x91
02-23 20:53:46.417 13540 13540 E ArmVmp : Match on catch block at 0xc3 in for 0x91
02-23 20:53:46.899 13540 13540 E ArmVmp : Match on catch block at 0xc3 in for 0x95
02-23 20:53:46.907 13540 13540 E ArmVmp : Match on catch block at 0xc3 in for 0x99
02-23 20:53:46.914 13540 13540 E ArmVmp : Match on catch block at 0xc3 in for 0x99
02-23 20:53:47.230 13540 13540 E ArmVmp : Match on catch block at 0xc3 in for 0x91
02-23 20:53:47.237 13540 13540 E ArmVmp : Match on catch block at 0xc3 in for 0x95
02-23 20:53:47.242 13540 13540 E ArmVmp : Match on catch block at 0xc3 in for 0x95
02-23 20:53:47.252 13540 13540 E ArmVmp : Match on catch block at 0xc3 in for 0x99
02-23 20:53:47.259 13540 13540 E ArmVmp : Match on catch block at 0xc3 in for 0x91
02-23 20:53:47.264 13540 13540 E ArmVmp : Match on catch block at 0xc3 in for 0x91
02-23 20:53:47.280 13540 13540 E ArmVmp : Match on catch block at 0xc3 in for 0x95
02-23 20:53:47.288 13540 13540 E ArmVmp : Match on catch block at 0xc3 in for 0x99
02-23 20:53:47.294 13540 13540 E ArmVmp : Match on catch block at 0xc3 in for 0x99
02-23 20:53:47.301 13540 13540 E ArmVmp : Match on catch block at 0xc3 in for 0x91
02-23 20:53:47.307 13540 13540 E ArmVmp : Match on catch block at 0xc3 in for 0x95
02-23 20:53:47.310 13540 13540 E ArmVmp : Match on catch block at 0xc3 in for 0x95
02-23 20:53:47.317 13540 13540 E ArmVmp : Match on catch block at 0xc3 in for 0x99
02-23 20:53:47.324 13540 13540 E ArmVmp : Match on catch block at 0xc3 in for 0x91
02-23 20:53:47.327 13540 13540 E ArmVmp : Match on catch block at 0xc3 in for 0x91
02-23 20:53:47.335 13540 13540 E ArmVmp : Match on catch block at 0xc3 in for 0x95
02-23 20:53:47.341 13540 13540 E ArmVmp : Match on catch block at 0xc3 in for 0x99
02-23 20:53:47.344 13540 13540 E ArmVmp : Match on catch block at 0xc3 in for 0x99
02-23 20:53:47.351 13540 13540 E ArmVmp : Match on catch block at 0xc3 in for 0x91
02-23 20:53:47.357 13540 13540 E ArmVmp : Match on catch block at 0xc3 in for 0x95
02-23 20:53:47.361 13540 13540 E ArmVmp : Match on catch block at 0xc3 in for 0x95
02-23 20:53:47.367 13540 13540 E ArmVmp : Match on catch block at 0xc3 in for 0x99
02-23 20:53:47.373 13540 13540 E ArmVmp : Match on catch block at 0xc3 in for 0x91
02-23 20:53:47.377 13540 13540 E ArmVmp : Match on catch block at 0xc3 in for 0x91
02-23 20:53:47.383 13540 13540 E ArmVmp : Match on catch block at 0xc3 in for 0x95
02-23 20:53:47.390 13540 13540 E ArmVmp : Match on catch block at 0xc3 in for 0x99
02-23 20:53:47.394 13540 13540 E ArmVmp : Match on catch block at 0xc3 in for 0x99
02-23 20:53:47.401 13540 13540 E ArmVmp : Match on catch block at 0xc3 in for 0x91
02-23 20:53:47.407 13540 13540 E ArmVmp : Match on catch block at 0xc3 in for 0x95
02-23 20:53:47.411 13540 13540 E ArmVmp : Match on catch block at 0xc3 in for 0x95
02-23 20:53:47.419 13540 13540 E ArmVmp : Match on catch block at 0xc3 in for 0x99
02-23 20:53:47.426 13540 13540 E ArmVmp : Match on catch block at 0xc3 in for 0x91
02-23 20:53:47.429 13540 13540 E ArmVmp : Match on catch block at 0xc3 in for 0x91
02-23 20:53:47.444 13540 13540 E ArmVmp : Match on catch block at 0xc3 in for 0x95
02-23 20:53:47.450 13540 13540 E ArmVmp : Match on catch block at 0xc3 in for 0x99
02-23 20:53:47.454 13540 13540 E ArmVmp : Match on catch block at 0xc3 in for 0x99
02-23 20:53:47.461 13540 13540 E ArmVmp : Match on catch block at 0xc3 in for 0x91
02-23 20:53:47.468 13540 13540 E ArmVmp : Match on catch block at 0xc3 in for 0x95
02-23 20:53:47.471 13540 13540 E ArmVmp : Match on catch block at 0xc3 in for 0x95
02-23 20:53:47.478 13540 13540 E ArmVmp : Match on catch block at 0xc3 in for 0x99
02-23 20:53:47.485 13540 13540 E ArmVmp : Match on catch block at 0xc3 in for 0x91
02-23 20:53:47.488 13540 13540 E ArmVmp : Match on catch block at 0xc3 in for 0x91
02-23 20:53:47.495 13540 13540 E ArmVmp : Match on catch block at 0xc3 in for 0x95
02-23 20:53:47.500 13540 13540 E ArmVmp : Match on catch block at 0xc3 in for 0x99
02-23 20:53:47.504 13540 13540 E ArmVmp : Match on catch block at 0xc3 in for 0x99
02-23 20:53:47.924 13540 13540 E ArmVmp : Match on catch block at 0xc3 in for 0x91
02-23 20:53:47.931 13540 13540 E ArmVmp : Match on catch block at 0xc3 in for 0x95
02-23 20:53:47.937 13540 13540 E ArmVmp : Match on catch block at 0xc3 in for 0x95
02-23 20:53:48.437 13540 13540 E ArmVmp : Match on catch block at 0xc3 in for 0x99
02-23 20:53:48.444 13540 13540 E ArmVmp : Match on catch block at 0xc3 in for 0x91
02-23 20:53:48.450 13540 13540 E ArmVmp : Match on catch block at 0xc3 in for 0x91
02-23 20:53:48.932 13540 13540 E ArmVmp : Match on catch block at 0xc3 in for 0x95
02-23 20:53:48.939 13540 13540 E ArmVmp : Match on catch block at 0xc3 in for 0x99
02-23 20:53:48.944 13540 13540 E ArmVmp : Match on catch block at 0xc3 in for 0x99
02-23 20:53:49.427 13540 13540 E ArmVmp : Match on catch block at 0xc3 in for 0x91
02-23 20:53:49.434 13540 13540 E ArmVmp : Match on catch block at 0xc3 in for 0x95
02-23 20:53:49.440 13540 13540 E ArmVmp : Match on catch block at 0xc3 in for 0x95
02-23 20:53:49.939 13540 13540 E ArmVmp : Match on catch block at 0xc3 in for 0x99
02-23 20:53:49.946 13540 13540 E ArmVmp : Match on catch block at 0xc3 in for 0x91
02-23 20:53:49.951 13540 13540 E ArmVmp : Match on catch block at 0xc3 in for 0x91
02-23 20:53:50.435 13540 13540 E ArmVmp : Match on catch block at 0xc3 in for 0x95
02-23 20:53:50.441 13540 13540 E ArmVmp : Match on catch block at 0xc3 in for 0x99
02-23 20:53:50.446 13540 13540 E ArmVmp : Match on catch block at 0xc3 in for 0x99
02-23 20:53:50.648 13540 13540 E ArmVmp : Match on catch block at 0xc3 in for 0x99
02-23 20:53:50.656 13540 13540 E ArmVmp : Match on catch block at 0xc3 in for 0x91
02-23 20:53:50.660 13540 13540 E ArmVmp : Match on catch block at 0xc3 in for 0x91
02-23 20:53:51.143 13540 13540 E ArmVmp : Match on catch block at 0xc3 in for 0x91
02-23 20:53:51.149 13540 13540 E ArmVmp : Match on catch block at 0xc3 in for 0x95
02-23 20:53:51.154 13540 13540 E ArmVmp : Match on catch block at 0xc3 in for 0x95
02-23 20:53:51.177 13540 13540 E ArmVmp : Match on catch block at 0xc3 in for 0x95
02-23 20:53:51.184 13540 13540 E ArmVmp : Match on catch block at 0xc3 in for 0x99
02-23 20:53:51.188 13540 13540 E ArmVmp : Match on catch block at 0xc3 in for 0x99
02-23 20:53:51.268 13540 13540 E ArmVmp : Match on catch block at 0xc3 in for 0x91
02-23 20:53:51.274 13540 13540 E ArmVmp : Match on catch block at 0xc3 in for 0x95
02-23 20:53:51.277 13540 13540 E ArmVmp : Match on catch block at 0xc3 in for 0x95
02-23 20:53:51.296 13540 13540 E ArmVmp : Match on catch block at 0xc3 in for 0x99
02-23 20:53:51.302 13540 13540 E ArmVmp : Match on catch block at 0xc3 in for 0x91
02-23 20:53:51.307 13540 13540 E ArmVmp : Match on catch block at 0xc3 in for 0x91
02-23 20:53:51.575 13540 13540 E ArmVmp : Match on catch block at 0xc3 in for 0x95
02-23 20:53:51.584 13540 13540 E ArmVmp : Match on catch block at 0xc3 in for 0x99
02-23 20:53:51.589 13540 13540 E ArmVmp : Match on catch block at 0xc3 in for 0x99
02-23 20:53:51.651 13540 13540 E ArmVmp : Match on catch block at 0xc3 in for 0x95
02-23 20:53:51.659 13540 13540 E ArmVmp : Match on catch block at 0xc3 in for 0x99
02-23 20:53:51.665 13540 13540 E ArmVmp : Match on catch block at 0xc3 in for 0x99
02-23 20:53:51.722 13540 13540 E ArmVmp : Match on catch block at 0xc3 in for 0x95
02-23 20:53:51.729 13540 13540 E ArmVmp : Match on catch block at 0xc3 in for 0x99
02-23 20:53:51.786 13540 13540 E ArmVmp : Match on catch block at 0xc3 in for 0x95
02-23 20:53:51.792 13540 13540 E ArmVmp : Match on catch block at 0xc3 in for 0x99
02-23 20:53:51.827 13540 13540 E ArmVmp : Match on catch block at 0xc3 in for 0x95
02-23 20:53:51.832 13540 13540 E ArmVmp : Match on catch block at 0xc3 in for 0x99
02-23 20:53:51.848 13540 13540 E ArmVmp : Match on catch block at 0xc3 in for 0x91
02-23 20:53:51.853 13540 13540 E ArmVmp : Match on catch block at 0xc3 in for 0x95
02-23 20:53:51.861 13540 13540 E ArmVmp : Match on catch block at 0xc3 in for 0x91
02-23 20:53:51.867 13540 13540 E ArmVmp : Match on catch block at 0xc3 in for 0x95
02-23 20:53:51.946 13540 13540 E ArmVmp : Match on catch block at 0xc3 in for 0x91
02-23 20:53:51.951 13540 13540 E ArmVmp : Match on catch block at 0xc3 in for 0x95
02-23 20:53:51.960 13540 22374 W MediaPlayer: Use of stream types is deprecated for
operations other than volume control
02-23 20:53:51.960 13540 22374 W MediaPlayer: See the documentation of
setAudioStreamType() for what to use instead with android.media.AudioAttributes to
qualify your playback use case
02-23 20:53:51.961 13540 13540 E ArmVmp : Match on catch block at 0xc3 in for 0x91
02-23 20:53:51.968 13540 13540 E ArmVmp : Match on catch block at 0xc3 in for 0x95
02-23 20:53:52.118 13540 13540 E ArmVmp : Match on catch block at 0xc3 in for 0x99
02-23 20:53:52.123 13540 13540 E ArmVmp : Match on catch block at 0xc3 in for 0x91
02-23 20:53:52.194 13540 13540 E ArmVmp : Match on catch block at 0xc3 in for 0x99
02-23 20:53:52.200 13540 13540 E ArmVmp : Match on catch block at 0xc3 in for 0x91
02-23 20:53:52.222 13540 13540 E ArmVmp : Match on catch block at 0xc3 in for 0x99
02-23 20:53:52.227 13540 13540 E ArmVmp : Match on catch block at 0xc3 in for 0x91
02-23 20:53:52.245 13540 13540 E ArmVmp : Match on catch block at 0xc3 in for 0x95
02-23 20:53:52.251 13540 13540 E ArmVmp : Match on catch block at 0xc3 in for 0x99
02-23 20:53:52.621 13540 13540 E ArmVmp : Match on catch block at 0xc3 in for 0x91
02-23 20:53:52.636 13540 13540 E ArmVmp : Match on catch block at 0xc3 in for 0x95
02-23 20:53:52.742 13540 13540 E ArmVmp : Match on catch block at 0xc3 in for 0x95
02-23 20:53:52.747 13540 13540 E ArmVmp : Match on catch block at 0xc3 in for 0x99
02-23 20:53:52.769 13540 13540 E ArmVmp : Match on catch block at 0xc3 in for 0x91
02-23 20:53:52.774 13540 13540 E ArmVmp : Match on catch block at 0xc3 in for 0x95
02-23 20:53:52.795 13540 13540 E ArmVmp : Match on catch block at 0xc3 in for 0x91
02-23 20:53:52.801 13540 13540 E ArmVmp : Match on catch block at 0xc3 in for 0x95
02-23 20:53:52.811 13540 13540 E ArmVmp : Match on catch block at 0xc3 in for 0x91
02-23 20:53:52.817 13540 13540 E ArmVmp : Match on catch block at 0xc3 in for 0x95
02-23 20:53:52.828 13540 13540 E ArmVmp : Match on catch block at 0xc3 in for 0x91
02-23 20:53:52.833 13540 13540 E ArmVmp : Match on catch block at 0xc3 in for 0x95
02-23 20:53:52.844 13540 13540 E ArmVmp : Match on catch block at 0xc3 in for 0x91
02-23 20:53:52.850 13540 13540 E ArmVmp : Match on catch block at 0xc3 in for 0x95
02-23 20:53:52.867 13540 13540 E ArmVmp : Match on catch block at 0xc3 in for 0x91
02-23 20:53:52.872 13540 13540 E ArmVmp : Match on catch block at 0xc3 in for 0x95
02-23 20:53:52.894 13540 13540 E ArmVmp : Match on catch block at 0xc3 in for 0x91
02-23 20:53:52.901 13540 13540 E ArmVmp : Match on catch block at 0xc3 in for 0x95
02-23 20:53:52.916 13540 13540 E ArmVmp : Match on catch block at 0xc3 in for 0x91
02-23 20:53:52.921 13540 13540 E ArmVmp : Match on catch block at 0xc3 in for 0x95
02-23 20:53:52.928 13540 13540 E ArmVmp : Match on catch block at 0xc3 in for 0x91
02-23 20:53:52.935 13540 13540 E ArmVmp : Match on catch block at 0xc3 in for 0x95
02-23 20:53:52.994 13540 13540 E ArmVmp : Match on catch block at 0xc3 in for 0x91
02-23 20:53:53.000 13540 13540 E ArmVmp : Match on catch block at 0xc3 in for 0x95
02-23 20:53:53.142 13540 13540 E ArmVmp : Match on catch block at 0xc3 in for 0x91
02-23 20:53:53.149 13540 13540 E ArmVmp : Match on catch block at 0xc3 in for 0x95
02-23 20:53:53.324 13540 13540 E ArmVmp : Match on catch block at 0xc3 in for 0x91
02-23 20:53:53.330 13540 13540 E ArmVmp : Match on catch block at 0xc3 in for 0x95
02-23 20:53:53.802 13540 13540 E ArmVmp : Match on catch block at 0xc3 in for 0x91
02-23 20:53:53.808 13540 13540 E ArmVmp : Match on catch block at 0xc3 in for 0x95
02-23 20:53:53.819 13540 13540 E ArmVmp : Match on catch block at 0xc3 in for 0x91
02-23 20:53:53.825 13540 13540 E ArmVmp : Match on catch block at 0xc3 in for 0x95
02-23 20:53:53.836 13540 13540 E ArmVmp : Match on catch block at 0xc3 in for 0x91
02-23 20:53:53.841 13540 13540 E ArmVmp : Match on catch block at 0xc3 in for 0x95
02-23 20:53:53.852 13540 13540 E ArmVmp : Match on catch block at 0xc3 in for 0x91
02-23 20:53:53.857 13540 13540 E ArmVmp : Match on catch block at 0xc3 in for 0x95
02-23 20:53:53.869 13540 13540 E ArmVmp : Match on catch block at 0xc3 in for 0x91
02-23 20:53:53.874 13540 13540 E ArmVmp : Match on catch block at 0xc3 in for 0x95
02-23 20:53:53.885 13540 13540 E ArmVmp : Match on catch block at 0xc3 in for 0x91
02-23 20:53:53.890 13540 13540 E ArmVmp : Match on catch block at 0xc3 in for 0x95
02-23 20:53:53.902 13540 13540 E ArmVmp : Match on catch block at 0xc3 in for 0x91
02-23 20:53:53.907 13540 13540 E ArmVmp : Match on catch block at 0xc3 in for 0x95
02-23 20:53:53.918 13540 13540 E ArmVmp : Match on catch block at 0xc3 in for 0x91
02-23 20:53:53.924 13540 13540 E ArmVmp : Match on catch block at 0xc3 in for 0x95
02-23 20:53:53.936 13540 13540 E ArmVmp : Match on catch block at 0xc3 in for 0x91
02-23 20:53:53.943 13540 13540 E ArmVmp : Match on catch block at 0xc3 in for 0x95
02-23 20:53:53.952 13540 13540 E ArmVmp : Match on catch block at 0xc3 in for 0x91
02-23 20:53:53.959 13540 13540 E ArmVmp : Match on catch block at 0xc3 in for 0x95
02-23 20:53:53.968 13540 13540 E ArmVmp : Match on catch block at 0xc3 in for 0x91
02-23 20:53:53.974 13540 13540 E ArmVmp : Match on catch block at 0xc3 in for 0x95
02-23 20:53:53.986 13540 13540 E ArmVmp : Match on catch block at 0xc3 in for 0x91
02-23 20:53:53.992 13540 13540 E ArmVmp : Match on catch block at 0xc3 in for 0x95
02-23 20:53:54.001 13540 13540 E ArmVmp : Match on catch block at 0xc3 in for 0x91
02-23 20:53:54.007 13540 13540 E ArmVmp : Match on catch block at 0xc3 in for 0x95
02-23 20:53:54.018 13540 13540 E ArmVmp : Match on catch block at 0xc3 in for 0x91
02-23 20:53:54.026 13540 13540 E ArmVmp : Match on catch block at 0xc3 in for 0x95
02-23 20:53:54.034 13540 13540 E ArmVmp : Match on catch block at 0xc3 in for 0x91
02-23 20:53:54.040 13540 13540 E ArmVmp : Match on catch block at 0xc3 in for 0x95
02-23 20:53:54.051 13540 13540 E ArmVmp : Match on catch block at 0xc3 in for 0x91
02-23 20:53:54.058 13540 13540 E ArmVmp : Match on catch block at 0xc3 in for 0x95
02-23 20:53:54.067 13540 13540 E ArmVmp : Match on catch block at 0xc3 in for 0x91
02-23 20:53:54.073 13540 13540 E ArmVmp : Match on catch block at 0xc3 in for 0x95
02-23 20:53:54.185 13540 13540 E ArmVmp : Match on catch block at 0xc3 in for 0x91
02-23 20:53:54.192 13540 13540 E ArmVmp : Match on catch block at 0xc3 in for 0x95
02-23 20:53:54.233 13540 13540 E ArmVmp : Match on catch block at 0xc3 in for 0x91
02-23 20:53:54.239 13540 13540 E ArmVmp : Match on catch block at 0xc3 in for 0x95
02-23 20:53:54.282 13540 13540 E ArmVmp : Match on catch block at 0xc3 in for 0x91
02-23 20:53:54.289 13540 13540 E ArmVmp : Match on catch block at 0xc3 in for 0x95
02-23 20:53:54.348 13540 13540 E ArmVmp : Match on catch block at 0xc3 in for 0x91
02-23 20:53:54.354 13540 13540 E ArmVmp : Match on catch block at 0xc3 in for 0x95
02-23 20:53:54.395 13540 13540 E ArmVmp : Match on catch block at 0xc3 in for 0x95
02-23 20:53:54.400 13540 13540 E ArmVmp : Match on catch block at 0xc3 in for 0x99
02-23 20:53:54.414 13540 13540 E ArmVmp : Match on catch block at 0xc3 in for 0x95
02-23 20:53:54.419 13540 13540 E ArmVmp : Match on catch block at 0xc3 in for 0x99
02-23 20:53:54.431 13540 13540 E ArmVmp : Match on catch block at 0xc3 in for 0x95
02-23 20:53:54.436 13540 13540 E ArmVmp : Match on catch block at 0xc3 in for 0x99
02-23 20:53:54.447 13540 13540 E ArmVmp : Match on catch block at 0xc3 in for 0x95
02-23 20:53:54.452 13540 13540 E ArmVmp : Match on catch block at 0xc3 in for 0x99
02-23 20:53:54.463 13540 13540 E ArmVmp : Match on catch block at 0xc3 in for 0x95
02-23 20:53:54.469 13540 13540 E ArmVmp : Match on catch block at 0xc3 in for 0x99
02-23 20:53:54.489 13540 13540 E ArmVmp : Match on catch block at 0xc3 in for 0x91
02-23 20:53:54.494 13540 13540 E ArmVmp : Match on catch block at 0xc3 in for 0x95
02-23 20:53:54.502 13540 13540 E ArmVmp : Match on catch block at 0xc3 in for 0x91
02-23 20:53:54.508 13540 13540 E ArmVmp : Match on catch block at 0xc3 in for 0x95
02-23 20:53:54.514 13540 13540 E ArmVmp : Match on catch block at 0xc3 in for 0x91
02-23 20:53:54.520 13540 13540 E ArmVmp : Match on catch block at 0xc3 in for 0x95
02-23 20:53:54.532 13540 13540 E ArmVmp : Match on catch block at 0xc3 in for 0x95
02-23 20:53:54.537 13540 13540 E ArmVmp : Match on catch block at 0xc3 in for 0x99
02-23 20:53:54.546 13540 13540 E ArmVmp : Match on catch block at 0xc3 in for 0x95
02-23 20:53:54.551 13540 13540 E ArmVmp : Match on catch block at 0xc3 in for 0x99
02-23 20:53:54.562 13540 13540 E ArmVmp : Match on catch block at 0xc3 in for 0x95
02-23 20:53:54.567 13540 13540 E ArmVmp : Match on catch block at 0xc3 in for 0x99
02-23 20:53:54.579 13540 13540 E ArmVmp : Match on catch block at 0xc3 in for 0x95
02-23 20:53:54.586 13540 13540 E ArmVmp : Match on catch block at 0xc3 in for 0x99
02-23 20:53:54.598 13540 13540 E ArmVmp : Match on catch block at 0xc3 in for 0x99
02-23 20:53:54.603 13540 13540 E ArmVmp : Match on catch block at 0xc3 in for 0x91
02-23 20:53:54.836 13540 13540 E ArmVmp : Match on catch block at 0xc3 in for 0x91
02-23 20:53:54.842 13540 13540 E ArmVmp : Match on catch block at 0xc3 in for 0x95
02-23 20:53:54.862 13540 13540 E ArmVmp : Match on catch block at 0xc3 in for 0x99
02-23 20:53:54.868 13540 13540 E ArmVmp : Match on catch block at 0xc3 in for 0x91
02-23 20:53:54.876 13540 13540 E ArmVmp : Match on catch block at 0xc3 in for 0x99
02-23 20:53:54.881 13540 13540 E ArmVmp : Match on catch block at 0xc3 in for 0x91
02-23 20:53:54.893 13540 13540 E ArmVmp : Match on catch block at 0xc3 in for 0x99
02-23 20:53:54.898 13540 13540 E ArmVmp : Match on catch block at 0xc3 in for 0x91
02-23 20:53:54.909 13540 13540 E ArmVmp : Match on catch block at 0xc3 in for 0x99
02-23 20:53:54.915 13540 13540 E ArmVmp : Match on catch block at 0xc3 in for 0x91
02-23 20:53:54.926 13540 13540 E ArmVmp : Match on catch block at 0xc3 in for 0x99
02-23 20:53:54.932 13540 13540 E ArmVmp : Match on catch block at 0xc3 in for 0x91
02-23 20:53:54.943 13540 13540 E ArmVmp : Match on catch block at 0xc3 in for 0x99
02-23 20:53:54.949 13540 13540 E ArmVmp : Match on catch block at 0xc3 in for 0x91
02-23 20:53:54.963 13540 13540 E ArmVmp : Match on catch block at 0xc3 in for 0x99
02-23 20:53:54.968 13540 13540 E ArmVmp : Match on catch block at 0xc3 in for 0x91
02-23 20:53:54.976 13540 13540 E ArmVmp : Match on catch block at 0xc3 in for 0x99
02-23 20:53:54.981 13540 13540 E ArmVmp : Match on catch block at 0xc3 in for 0x91
02-23 20:53:54.991 13540 13540 E ArmVmp : Match on catch block at 0xc3 in for 0x99
02-23 20:53:54.996 13540 13540 E ArmVmp : Match on catch block at 0xc3 in for 0x91
02-23 20:53:55.008 13540 13540 E ArmVmp : Match on catch block at 0xc3 in for 0x99
02-23 20:53:55.014 13540 13540 E ArmVmp : Match on catch block at 0xc3 in for 0x91
02-23 20:53:55.027 13540 13540 E ArmVmp : Match on catch block at 0xc3 in for 0x99
02-23 20:53:55.033 13540 13540 E ArmVmp : Match on catch block at 0xc3 in for 0x91
02-23 20:53:55.240 13540 13540 E ArmVmp : Match on catch block at 0xc3 in for 0x99
02-23 20:53:55.246 13540 13540 E ArmVmp : Match on catch block at 0xc3 in for 0x91
02-23 20:53:55.537 13540 13540 E ArmVmp : Match on catch block at 0xc3 in for 0x99
02-23 20:53:55.544 13540 13540 E ArmVmp : Match on catch block at 0xc3 in for 0x91
02-23 20:53:55.685 13540 13540 E ArmVmp : Match on catch block at 0xc3 in for 0x99
02-23 20:53:55.692 13540 13540 E ArmVmp : Match on catch block at 0xc3 in for 0x91
02-23 20:53:55.801 13540 13540 E ArmVmp : Match on catch block at 0xc3 in for 0x99
02-23 20:53:55.808 13540 13540 E ArmVmp : Match on catch block at 0xc3 in for 0x91
02-23 20:53:55.968 13540 13540 E ArmVmp : Match on catch block at 0xc3 in for 0x99
02-23 20:53:55.975 13540 13540 E ArmVmp : Match on catch block at 0xc3 in for 0x91
02-23 20:53:56.082 13540 13540 E ArmVmp : Match on catch block at 0xc3 in for 0x99
02-23 20:53:56.087 13540 13540 E ArmVmp : Match on catch block at 0xc3 in for 0x91
02-23 20:53:56.098 13540 13540 E ArmVmp : Match on catch block at 0xc3 in for 0x99
02-23 20:53:56.103 13540 13540 E ArmVmp : Match on catch block at 0xc3 in for 0x91
02-23 20:53:56.115 13540 13540 E ArmVmp : Match on catch block at 0xc3 in for 0x99
02-23 20:53:56.120 13540 13540 E ArmVmp : Match on catch block at 0xc3 in for 0x91
02-23 20:53:56.131 13540 13540 E ArmVmp : Match on catch block at 0xc3 in for 0x99
02-23 20:53:56.136 13540 13540 E ArmVmp : Match on catch block at 0xc3 in for 0x91
02-23 20:53:56.147 13540 13540 E ArmVmp : Match on catch block at 0xc3 in for 0x99
02-23 20:53:56.153 13540 13540 E ArmVmp : Match on catch block at 0xc3 in for 0x91
02-23 20:53:56.165 13540 13540 E ArmVmp : Match on catch block at 0xc3 in for 0x99
02-23 20:53:56.172 13540 13540 E ArmVmp : Match on catch block at 0xc3 in for 0x91
02-23 20:53:56.183 13540 13540 E ArmVmp : Match on catch block at 0xc3 in for 0x99
02-23 20:53:56.190 13540 13540 E ArmVmp : Match on catch block at 0xc3 in for 0x91
02-23 20:53:56.198 13540 13540 E ArmVmp : Match on catch block at 0xc3 in for 0x99
02-23 20:53:56.205 13540 13540 E ArmVmp : Match on catch block at 0xc3 in for 0x91
02-23 20:53:56.214 13540 13540 E ArmVmp : Match on catch block at 0xc3 in for 0x99
02-23 20:53:56.220 13540 13540 E ArmVmp : Match on catch block at 0xc3 in for 0x91
02-23 20:53:56.230 13540 13540 E ArmVmp : Match on catch block at 0xc3 in for 0x99
02-23 20:53:56.235 13540 13540 E ArmVmp : Match on catch block at 0xc3 in for 0x91
02-23 20:53:56.247 13540 13540 E ArmVmp : Match on catch block at 0xc3 in for 0x99
02-23 20:53:56.252 13540 13540 E ArmVmp : Match on catch block at 0xc3 in for 0x91
02-23 20:53:56.263 13540 13540 E ArmVmp : Match on catch block at 0xc3 in for 0x99
02-23 20:53:56.269 13540 13540 E ArmVmp : Match on catch block at 0xc3 in for 0x91
02-23 20:53:56.281 13540 13540 E ArmVmp : Match on catch block at 0xc3 in for 0x99
02-23 20:53:56.286 13540 13540 E ArmVmp : Match on catch block at 0xc3 in for 0x91
02-23 20:53:56.296 13540 13540 E ArmVmp : Match on catch block at 0xc3 in for 0x99
02-23 20:53:56.303 13540 13540 E ArmVmp : Match on catch block at 0xc3 in for 0x91
02-23 20:53:56.313 13540 13540 E ArmVmp : Match on catch block at 0xc3 in for 0x99
02-23 20:53:56.317 13540 13540 E ArmVmp : Match on catch block at 0xc3 in for 0x91
02-23 20:53:56.329 13540 13540 E ArmVmp : Match on catch block at 0xc3 in for 0x99
02-23 20:53:56.334 13540 13540 E ArmVmp : Match on catch block at 0xc3 in for 0x91
02-23 20:53:56.347 13540 13540 E ArmVmp : Match on catch block at 0xc3 in for 0x99
02-23 20:53:56.352 13540 13540 E ArmVmp : Match on catch block at 0xc3 in for 0x91
02-23 20:53:56.362 13540 13540 E ArmVmp : Match on catch block at 0xc3 in for 0x99
02-23 20:53:56.370 13540 13540 E ArmVmp : Match on catch block at 0xc3 in for 0x91
02-23 20:53:56.627 13540 13540 E ArmVmp : Match on catch block at 0xc3 in for 0x99
02-23 20:53:56.633 13540 13540 E ArmVmp : Match on catch block at 0xc3 in for 0x91
02-23 20:53:57.122 13540 13540 E ArmVmp : Match on catch block at 0xc3 in for 0x99
02-23 20:53:57.128 13540 13540 E ArmVmp : Match on catch block at 0xc3 in for 0x91
02-23 20:53:57.389 13540 13540 E ArmVmp : Match on catch block at 0xc3 in for 0x99
02-23 20:53:57.396 13540 13540 E ArmVmp : Match on catch block at 0xc3 in for 0x91
02-23 20:53:57.683 13540 13540 E ArmVmp : Match on catch block at 0xc3 in for 0x99
02-23 20:53:57.689 13540 13540 E ArmVmp : Match on catch block at 0xc3 in for 0x91
02-23 20:53:58.197 13540 13540 E ArmVmp : Match on catch block at 0xc3 in for 0x99
02-23 20:53:58.205 13540 13540 E ArmVmp : Match on catch block at 0xc3 in for 0x91
02-23 20:53:58.477 13540 13540 E ArmVmp : Match on catch block at 0xc3 in for 0x99
02-23 20:53:58.484 13540 13540 E ArmVmp : Match on catch block at 0xc3 in for 0x91
02-23 20:53:58.791 13540 13540 E ArmVmp : Match on catch block at 0xc3 in for 0x99
02-23 20:53:58.797 13540 13540 E ArmVmp : Match on catch block at 0xc3 in for 0x91
02-23 20:53:58.973 13540 13540 E ArmVmp : Match on catch block at 0xc3 in for 0x99
02-23 20:53:58.979 13540 13540 E ArmVmp : Match on catch block at 0xc3 in for 0x91
02-23 20:53:59.154 13540 13540 E ArmVmp : Match on catch block at 0xc3 in for 0x99
02-23 20:53:59.161 13540 13540 E ArmVmp : Match on catch block at 0xc3 in for 0x91
02-23 20:53:59.269 13540 13540 E ArmVmp : Match on catch block at 0xc3 in for 0x99
02-23 20:53:59.275 13540 13540 E ArmVmp : Match on catch block at 0xc3 in for 0x91
02-23 20:53:59.550 13540 13540 E ArmVmp : Match on catch block at 0xc3 in for 0x99
02-23 20:53:59.557 13540 13540 E ArmVmp : Match on catch block at 0xc3 in for 0x91
02-23 20:53:59.733 13540 13540 E ArmVmp : Match on catch block at 0xc3 in for 0x99
02-23 20:53:59.739 13540 13540 E ArmVmp : Match on catch block at 0xc3 in for 0x91
02-23 20:54:00.228 13540 13540 E ArmVmp : Match on catch block at 0xc3 in for 0x99
02-23 20:54:00.234 13540 13540 E ArmVmp : Match on catch block at 0xc3 in for 0x91
02-23 20:54:00.493 13540 13540 E ArmVmp : Match on catch block at 0xc3 in for 0x91
02-23 20:54:00.499 13540 13540 E ArmVmp : Match on catch block at 0xc3 in for 0x95
02-23 20:54:00.511 13540 13540 E ArmVmp : Match on catch block at 0xc3 in for 0x91
02-23 20:54:00.516 13540 13540 E ArmVmp : Match on catch block at 0xc3 in for 0x95
02-23 20:54:00.954 13540 13540 E ArmVmp : Match on catch block at 0xc3 in for 0x91
02-23 20:54:00.960 13540 13540 E ArmVmp : Match on catch block at 0xc3 in for 0x95
02-23 20:54:01.185 13540 13540 E ArmVmp : Match on catch block at 0xc3 in for 0x91
02-23 20:54:01.191 13540 13540 E ArmVmp : Match on catch block at 0xc3 in for 0x95
02-23 20:54:01.565 13540 13540 E ArmVmp : Match on catch block at 0xc3 in for 0x91
02-23 20:54:01.572 13540 13540 E ArmVmp : Match on catch block at 0xc3 in for 0x95
02-23 20:54:01.814 13540 13540 E ArmVmp : Match on catch block at 0xc3 in for 0x91
02-23 20:54:01.819 13540 13540 E ArmVmp : Match on catch block at 0xc3 in for 0x95
02-23 20:54:02.011 13540 13540 E ArmVmp : Match on catch block at 0xc3 in for 0x91
02-23 20:54:02.018 13540 13540 E ArmVmp : Match on catch block at 0xc3 in for 0x95
02-23 20:54:02.060 13540 13540 E ArmVmp : Match on catch block at 0xc3 in for 0x91
02-23 20:54:02.066 13540 13540 E ArmVmp : Match on catch block at 0xc3 in for 0x95
02-23 20:54:02.077 13540 13540 E ArmVmp : Match on catch block at 0xc3 in for 0x91
02-23 20:54:02.083 13540 13540 E ArmVmp : Match on catch block at 0xc3 in for 0x95
02-23 20:54:02.094 13540 13540 E ArmVmp : Match on catch block at 0xc3 in for 0x91
02-23 20:54:02.101 13540 13540 E ArmVmp : Match on catch block at 0xc3 in for 0x95
02-23 20:54:02.110 13540 13540 E ArmVmp : Match on catch block at 0xc3 in for 0x91
02-23 20:54:02.116 13540 13540 E ArmVmp : Match on catch block at 0xc3 in for 0x95
02-23 20:54:02.127 13540 13540 E ArmVmp : Match on catch block at 0xc3 in for 0x91
02-23 20:54:02.133 13540 13540 E ArmVmp : Match on catch block at 0xc3 in for 0x95
02-23 20:54:02.144 13540 13540 E ArmVmp : Match on catch block at 0xc3 in for 0x91
02-23 20:54:02.150 13540 13540 E ArmVmp : Match on catch block at 0xc3 in for 0x95
02-23 20:54:02.160 13540 13540 E ArmVmp : Match on catch block at 0xc3 in for 0x91
02-23 20:54:02.166 13540 13540 E ArmVmp : Match on catch block at 0xc3 in for 0x95
02-23 20:54:02.176 13540 13540 E ArmVmp : Match on catch block at 0xc3 in for 0x91
02-23 20:54:02.182 13540 13540 E ArmVmp : Match on catch block at 0xc3 in for 0x95
02-23 20:54:02.193 13540 13540 E ArmVmp : Match on catch block at 0xc3 in for 0x91
02-23 20:54:02.199 13540 13540 E ArmVmp : Match on catch block at 0xc3 in for 0x95
02-23 20:54:02.209 13540 13540 E ArmVmp : Match on catch block at 0xc3 in for 0x91
02-23 20:54:02.215 13540 13540 E ArmVmp : Match on catch block at 0xc3 in for 0x95
02-23 20:54:02.226 13540 13540 E ArmVmp : Match on catch block at 0xc3 in for 0x91
02-23 20:54:02.232 13540 13540 E ArmVmp : Match on catch block at 0xc3 in for 0x95
02-23 20:54:02.243 13540 13540 E ArmVmp : Match on catch block at 0xc3 in for 0x91
02-23 20:54:02.248 13540 13540 E ArmVmp : Match on catch block at 0xc3 in for 0x95
02-23 20:54:02.258 13540 13540 E ArmVmp : Match on catch block at 0xc3 in for 0x91
02-23 20:54:02.264 13540 13540 E ArmVmp : Match on catch block at 0xc3 in for 0x95
02-23 20:54:02.275 13540 13540 E ArmVmp : Match on catch block at 0xc3 in for 0x91
02-23 20:54:02.280 13540 13540 E ArmVmp : Match on catch block at 0xc3 in for 0x95
02-23 20:54:02.291 13540 13540 E ArmVmp : Match on catch block at 0xc3 in for 0x91
02-23 20:54:02.296 13540 13540 E ArmVmp : Match on catch block at 0xc3 in for 0x95
02-23 20:54:02.308 13540 13540 E ArmVmp : Match on catch block at 0xc3 in for 0x91
02-23 20:54:02.315 13540 13540 E ArmVmp : Match on catch block at 0xc3 in for 0x95
02-23 20:54:02.325 13540 13540 E ArmVmp : Match on catch block at 0xc3 in for 0x91
02-23 20:54:02.330 13540 13540 E ArmVmp : Match on catch block at 0xc3 in for 0x95
02-23 20:54:02.840 13540 13540 E ArmVmp : Match on catch block at 0xc3 in for 0x91
02-23 20:54:02.846 13540 13540 E ArmVmp : Match on catch block at 0xc3 in for 0x95
02-23 20:54:03.335 13540 13540 E ArmVmp : Match on catch block at 0xc3 in for 0x91
02-23 20:54:03.342 13540 13540 E ArmVmp : Match on catch block at 0xc3 in for 0x95
02-23 20:54:03.846 13540 13540 E ArmVmp : Match on catch block at 0xc3 in for 0x91
02-23 20:54:03.853 13540 13540 E ArmVmp : Match on catch block at 0xc3 in for 0x95
02-23 20:54:04.341 13540 13540 E ArmVmp : Match on catch block at 0xc3 in for 0x91
02-23 20:54:04.348 13540 13540 E ArmVmp : Match on catch block at 0xc3 in for 0x95
02-23 20:54:04.855 13540 13540 E ArmVmp : Match on catch block at 0xc3 in for 0x91
02-23 20:54:04.863 13540 13540 E ArmVmp : Match on catch block at 0xc3 in for 0x95
02-23 20:54:05.167 13540 13540 E ArmVmp : Match on catch block at 0xc3 in for 0x91
02-23 20:54:05.175 13540 13540 E ArmVmp : Match on catch block at 0xc3 in for 0x95
02-23 20:54:05.239 13540 13540 E ArmVmp : Match on catch block at 0xc3 in for 0x99
02-23 20:54:05.248 13540 13540 E ArmVmp : Match on catch block at 0xc3 in for 0x91
02-23 20:54:05.306 13540 13540 E ArmVmp : Match on catch block at 0xc3 in for 0x91
02-23 20:54:05.314 13540 13540 E ArmVmp : Match on catch block at 0xc3 in for 0x95
02-23 20:54:05.324 13540 13540 E ArmVmp : Match on catch block at 0xc3 in for 0x91
02-23 20:54:05.331 13540 13540 E ArmVmp : Match on catch block at 0xc3 in for 0x95
02-23 20:54:05.384 13540 13540 E ArmVmp : Match on catch block at 0xc3 in for 0x95
02-23 20:54:05.389 13540 13540 E ArmVmp : Match on catch block at 0xc3 in for 0x99
02-23 20:54:05.435 13540 13540 E ArmVmp : Match on catch block at 0xc3 in for 0x95
02-23 20:54:05.440 13540 13540 E ArmVmp : Match on catch block at 0xc3 in for 0x99
02-23 20:54:05.456 13540 13540 E ArmVmp : Match on catch block at 0xc3 in for 0x91
02-23 20:54:05.461 13540 13540 E ArmVmp : Match on catch block at 0xc3 in for 0x95
02-23 20:54:05.535 13540 13540 E ArmVmp : Match on catch block at 0xc3 in for 0x91
02-23 20:54:05.540 13540 13540 E ArmVmp : Match on catch block at 0xc3 in for 0x95
02-23 20:54:05.548 13540 22374 W MediaPlayer: Use of stream types is deprecated for
operations other than volume control
02-23 20:54:05.548 13540 22374 W MediaPlayer: See the documentation of
setAudioStreamType() for what to use instead with android.media.AudioAttributes to
qualify your playback use case
02-23 20:54:05.550 13540 13540 E ArmVmp : Match on catch block at 0xc3 in for 0x91
02-23 20:54:05.555 13540 13540 E ArmVmp : Match on catch block at 0xc3 in for 0x95
02-23 20:54:05.694 13540 13540 E ArmVmp : Match on catch block at 0xc3 in for 0x99
02-23 20:54:05.699 13540 13540 E ArmVmp : Match on catch block at 0xc3 in for 0x91
02-23 20:54:05.767 13540 13540 E ArmVmp : Match on catch block at 0xc3 in for 0x99
02-23 20:54:05.772 13540 13540 E ArmVmp : Match on catch block at 0xc3 in for 0x91
02-23 20:54:05.792 13540 13540 E ArmVmp : Match on catch block at 0xc3 in for 0x99
02-23 20:54:05.796 13540 13540 E ArmVmp : Match on catch block at 0xc3 in for 0x91
02-23 20:54:05.812 13540 13540 E ArmVmp : Match on catch block at 0xc3 in for 0x95
02-23 20:54:05.817 13540 13540 E ArmVmp : Match on catch block at 0xc3 in for 0x99
02-23 20:54:06.207 13540 13540 E ArmVmp : Match on catch block at 0xc3 in for 0x91
02-23 20:54:06.214 13540 13540 E ArmVmp : Match on catch block at 0xc3 in for 0x95
02-23 20:54:06.622 13540 13540 E ArmVmp : Match on catch block at 0xc3 in for 0x95
02-23 20:54:06.627 13540 13540 E ArmVmp : Match on catch block at 0xc3 in for 0x99
02-23 20:54:06.647 13540 13540 E ArmVmp : Match on catch block at 0xc3 in for 0x91
02-23 20:54:06.654 13540 13540 E ArmVmp : Match on catch block at 0xc3 in for 0x95
02-23 20:54:06.683 13540 13540 E ArmVmp : Match on catch block at 0xc3 in for 0x99
02-23 20:54:06.688 13540 13540 E ArmVmp : Match on catch block at 0xc3 in for 0x91
02-23 20:54:06.745 13540 13540 E ArmVmp : Match on catch block at 0xc3 in for 0x99
02-23 20:54:06.750 13540 13540 E ArmVmp : Match on catch block at 0xc3 in for 0x91
02-23 20:54:07.005 13540 13540 E ArmVmp : Match on catch block at 0xc3 in for 0x91
02-23 20:54:07.011 13540 13540 E ArmVmp : Match on catch block at 0xc3 in for 0x95
02-23 20:54:07.525 13540 13540 E ArmVmp : Match on catch block at 0xc3 in for 0x95
02-23 20:54:07.530 13540 13540 E ArmVmp : Match on catch block at 0xc3 in for 0x99
02-23 20:54:08.866 13540 13540 W Choreographer: OPTS_INPUT: First frame was drawed
before optimized, so skip!
02-23 20:54:09.618 13540 13540 W ActivityThread: handleWindowVisibility: no
activity for token android.os.BinderProxy@21f7
02-23 20:54:10.003 13540 13540 W ActivityThread: handleWindowVisibility: no
activity for token android.os.BinderProxy@3b2e0a
02-23 20:54:11.731 13540 13540 W Choreographer: OPTS_INPUT: First frame was drawed
before optimized, so skip!
02-23 20:54:12.675 13540 13540 W ActivityThread: handleWindowVisibility: no
activity for token android.os.BinderProxy@799e04
02-23 20:54:12.951 13540 13540 W BottomSheetBehavior: BottomSheetBehavior now
supports multiple callbacks. `setBottomSheetCallback()` removes all existing
callbacks, including ones set internally by library authors, which may result in
unintended behavior. This may change in the future. Please use
`addBottomSheetCallback()` and `removeBottomSheetCallback()` instead to set your
own callbacks.
02-23 20:54:12.952 13540 13540 W BottomSheetBehavior: BottomSheetBehavior now
supports multiple callbacks. `setBottomSheetCallback()` removes all existing
callbacks, including ones set internally by library authors, which may result in
unintended behavior. This may change in the future. Please use
`addBottomSheetCallback()` and `removeBottomSheetCallback()` instead to set your
own callbacks.
02-23 20:54:13.000 13540 13540 W BottomSheetBehavior: BottomSheetBehavior now
supports multiple callbacks. `setBottomSheetCallback()` removes all existing
callbacks, including ones set internally by library authors, which may result in
unintended behavior. This may change in the future. Please use
`addBottomSheetCallback()` and `removeBottomSheetCallback()` instead to set your
own callbacks.
02-23 20:54:13.000 13540 13540 W BottomSheetBehavior: BottomSheetBehavior now
supports multiple callbacks. `setBottomSheetCallback()` removes all existing
callbacks, including ones set internally by library authors, which may result in
unintended behavior. This may change in the future. Please use
`addBottomSheetCallback()` and `removeBottomSheetCallback()` instead to set your
own callbacks.
02-23 20:54:13.022 13540 13540 W BottomSheetBehavior: BottomSheetBehavior now
supports multiple callbacks. `setBottomSheetCallback()` removes all existing
callbacks, including ones set internally by library authors, which may result in
unintended behavior. This may change in the future. Please use
`addBottomSheetCallback()` and `removeBottomSheetCallback()` instead to set your
own callbacks.
02-23 20:54:13.022 13540 13540 W BottomSheetBehavior: BottomSheetBehavior now
supports multiple callbacks. `setBottomSheetCallback()` removes all existing
callbacks, including ones set internally by library authors, which may result in
unintended behavior. This may change in the future. Please use
`addBottomSheetCallback()` and `removeBottomSheetCallback()` instead to set your
own callbacks.
02-23 20:54:13.086 13540 13540 E RecyclerView: No adapter attached; skipping layout
02-23 20:54:13.087 13540 13540 E RecyclerView: No adapter attached; skipping layout
02-23 20:54:13.090 13540 13540 E libc : Access denied finding property
"vendor.debug.bq.dump"
02-23 20:54:13.090 13540 13540 E libc : Access denied finding property
"vendor.debug.bq.dump"
02-23 20:54:13.090 13540 13540 E libc : Access denied finding property
"vendor.debug.bq.dump"
02-23 20:54:13.253 13540 13540 E RecyclerView: No adapter attached; skipping layout
02-23 20:54:13.253 13540 22720 E MtkACodec: setConfig(OMX_CONFIG_ROTATIONTYPE)
returned error 0xfffffc0e
02-23 20:54:13.254 13540 22720 E ACodec : [OMX.MTK.VIDEO.DECODER.AVC] failed to
setViLTEParameters 1
02-23 20:54:13.254 13540 13540 E RecyclerView: No adapter attached; skipping layout
02-23 20:54:13.261 13540 14065 W BpBinder: Slow Binder: BpBinder transact took 252
ms, interface=android.media.IMediaMetadataRetriever, code=5 oneway=false
02-23 20:54:13.275 13540 22720 W ACodec : [OMX.MTK.VIDEO.DECODER.AVC] setting
nBufferCountActual to 8 failed: -22
02-23 20:54:13.303 13540 22720 W ACodec : [OMX.MTK.VIDEO.DECODER.AVC] setting
nBufferCountActual to 15 failed: -22
02-23 20:54:13.327 13540 22725 W Codec2Client: query -- param skipped: index =
1107298332.
02-23 20:54:13.328 13540 22725 W CCodec : This behavior is subject to change. It
is recommended that app developers double check whether the requested max input
size is in reasonable range.
02-23 20:54:13.329 13540 22725 W Codec2Client: query -- param skipped: index =
1342179345.
02-23 20:54:13.329 13540 22725 W Codec2Client: query -- param skipped: index =
2415921170.
02-23 20:54:13.329 13540 22725 W Codec2Client: query -- param skipped: index =
1610614798.
02-23 20:54:14.518 13540 13540 W Choreographer: OPTS_INPUT: First frame was drawed
before optimized, so skip!
02-23 20:54:14.980 13540 13863 W RefBase : CallStack::getCurrentInternal not
linked, returning null
02-23 20:54:14.980 13540 13863 W RefBase : CallStack::logStackInternal not linked
02-23 20:54:14.980 13540 13863 W RefBase : CallStack::getCurrentInternal not
linked, returning null
02-23 20:54:14.980 13540 13863 W RefBase : CallStack::logStackInternal not linked
02-23 20:54:14.981 13540 13863 W RefBase : CallStack::getCurrentInternal not
linked, returning null
02-23 20:54:14.981 13540 13863 W RefBase : CallStack::logStackInternal not linked
02-23 20:54:14.981 13540 13863 W RefBase : CallStack::getCurrentInternal not
linked, returning null
02-23 20:54:14.981 13540 13863 W RefBase : CallStack::logStackInternal not linked
02-23 20:54:14.981 13540 13863 W RefBase : CallStack::getCurrentInternal not
linked, returning null
02-23 20:54:14.981 13540 13863 W RefBase : CallStack::logStackInternal not linked
02-23 20:54:14.982 13540 13863 W RefBase : CallStack::getCurrentInternal not
linked, returning null
02-23 20:54:14.982 13540 13863 W RefBase : CallStack::logStackInternal not linked
02-23 20:54:14.982 13540 13863 W RefBase : CallStack::getCurrentInternal not
linked, returning null
02-23 20:54:14.982 13540 13863 W RefBase : CallStack::logStackInternal not linked
02-23 20:54:14.982 13540 13863 W RefBase : CallStack::getCurrentInternal not
linked, returning null
02-23 20:54:14.982 13540 13863 W RefBase : CallStack::logStackInternal not linked
02-23 20:54:14.983 13540 13863 W RefBase : CallStack::getCurrentInternal not
linked, returning null
02-23 20:54:14.983 13540 13863 W RefBase : CallStack::logStackInternal not linked
02-23 20:54:14.983 13540 13863 W RefBase : CallStack::getCurrentInternal not
linked, returning null
02-23 20:54:14.983 13540 13863 W RefBase : CallStack::logStackInternal not linked
02-23 20:54:14.983 13540 13863 W RefBase : CallStack::getCurrentInternal not
linked, returning null
02-23 20:54:14.983 13540 13863 W RefBase : CallStack::logStackInternal not linked
02-23 20:54:14.983 13540 13863 W RefBase : CallStack::getCurrentInternal not
linked, returning null
02-23 20:54:14.983 13540 13863 W RefBase : CallStack::logStackInternal not linked
02-23 20:54:15.196 13540 13540 W Choreographer: Already have a pending vsync event.
There should only be one at a time.
02-23 20:54:15.758 13540 22725 W Codec2Client: query -- param skipped: index =
1342179345.
02-23 20:54:15.758 13540 22725 W Codec2Client: query -- param skipped: index =
2415921170.
02-23 20:54:15.758 13540 22725 W Codec2Client: query -- param skipped: index =
1610614798.
02-23 20:54:20.117 13540 13540 W ActivityThread: handleWindowVisibility: no
activity for token android.os.BinderProxy@a6e071d
02-23 20:54:20.408 13540 13540 E ArmVmp : Match on catch block at 0x0a in for 0xb5
02-23 20:54:20.414 13540 13540 E ArmVmp : Match on catch block at 0x0a in for 0xb1
02-23 20:54:20.469 13540 13540 W Looper : Slow Looper main: Activity
com.whatsapp/.Conversation is 358ms late (wall=1ms running=1ms
ClientTransaction{ callbacks=[android.app.servertransaction.TopResumedActivityChang
eItem] }) because of 5 msg, msg 5 took 351ms (seq=56764 running=317ms runnable=1ms
late=8ms h=android.app.ActivityThread$H w=159)
02-23 20:54:20.617 13540 18617 E ArmVmp : Match on catch block at 0x48 in for 0x85
02-23 20:54:20.618 13540 18617 W System.err: javax.net.ssl.SSLHandshakeException:
SSL handshake aborted: ssl=0xb229ccd8: I/O error during system call, Connection
reset by peer
02-23 20:54:20.618 13540 18617 W System.err:
02-23 20:54:20.619 13540 18617 W System.err: at
com.android.org.conscrypt.NativeCrypto.SSL_do_handshake(Native Method)
02-23 20:54:20.620 13540 18617 W System.err:
02-23 20:54:20.620 13540 18617 W System.err: at
com.android.org.conscrypt.NativeSsl.doHandshake(NativeSsl.java:387)
02-23 20:54:20.620 13540 18617 W System.err:
02-23 20:54:20.620 13540 18617 W System.err: at
com.android.org.conscrypt.ConscryptFileDescriptorSocket.startHandshake(ConscryptFil
eDescriptorSocket.java:226)
02-23 20:54:20.620 13540 18617 W System.err:
02-23 20:54:20.620 13540 18617 W System.err: at
com.android.okhttp.internal.io.RealConnection.connectTls(RealConnection.java:196)
02-23 20:54:20.620 13540 18617 W System.err:
02-23 20:54:20.620 13540 18617 W System.err: at
com.android.okhttp.internal.io.RealConnection.connectSocket(RealConnection.java:153
)
02-23 20:54:20.620 13540 18617 W System.err:
02-23 20:54:20.621 13540 18617 W System.err: at
com.android.okhttp.internal.io.RealConnection.connect(RealConnection.java:116)
02-23 20:54:20.621 13540 18617 W System.err:
02-23 20:54:20.621 13540 18617 W System.err: at
com.android.okhttp.internal.http.StreamAllocation.findConnection(StreamAllocation.j
ava:186)
02-23 20:54:20.621 13540 18617 W System.err:
02-23 20:54:20.621 13540 18617 W System.err: at
com.android.okhttp.internal.http.StreamAllocation.findHealthyConnection(StreamAlloc
ation.java:128)
02-23 20:54:20.621 13540 18617 W System.err:
02-23 20:54:20.621 13540 18617 W System.err: at
com.android.okhttp.internal.http.StreamAllocation.newStream(StreamAllocation.java:9
7)
02-23 20:54:20.621 13540 18617 W System.err:
02-23 20:54:20.621 13540 18617 W System.err: at
