02-23 20:53:23.398 13540 13540 E ArmVmp : Match on catch block at 0xc3 in for 0x91
02-23 20:53:23.404 13540 13540 E ArmVmp : Match on catch block at 0xc3 in for 0x95
02-23 20:53:23.408 13540 13540 E ArmVmp : Match on catch block at 0xc3 in for 0x95
02-23 20:53:23.453 13540 13540 E ArmVmp : Match on catch block at 0xc3 in for 0x91
02-23 20:53:23.459 13540 13540 E ArmVmp : Match on catch block at 0xc3 in for 0x95
02-23 20:53:23.463 13540 13540 E ArmVmp : Match on catch block at 0xc3 in for 0x95
02-23 20:53:23.506 13540 13540 E ArmVmp : Match on catch block at 0xc3 in for 0x95
02-23 20:53:23.513 13540 13540 E ArmVmp : Match on catch block at 0xc3 in for 0x99
02-23 20:53:23.580 13540 13540 E ArmVmp : Match on catch block at 0xc3 in for 0x99
02-23 20:53:23.586 13540 13540 E ArmVmp : Match on catch block at 0xc3 in for 0x91
02-23 20:53:23.619 13540 13540 E ArmVmp : Match on catch block at 0xc3 in for 0x99
02-23 20:53:23.624 13540 13540 E ArmVmp : Match on catch block at 0xc3 in for 0x91
02-23 20:53:23.656 13540 13540 E ArmVmp : Match on catch block at 0xc3 in for 0x95
02-23 20:53:23.661 13540 13540 E ArmVmp : Match on catch block at 0xc3 in for 0x99
02-23 20:53:23.682 13540 13540 E ArmVmp : Match on catch block at 0xc3 in for 0x95
02-23 20:53:23.687 13540 13540 E ArmVmp : Match on catch block at 0xc3 in for 0x99
02-23 20:53:23.771 13540 13540 E ArmVmp : Match on catch block at 0xc3 in for 0x99
02-23 20:53:23.777 13540 13540 E ArmVmp : Match on catch block at 0xc3 in for 0x91
02-23 20:53:23.788 13540 22374 W MediaPlayer: Use of stream types is deprecated for
operations other than volume control
02-23 20:53:23.788 13540 22374 W MediaPlayer: See the documentation of
setAudioStreamType() for what to use instead with android.media.AudioAttributes to
qualify your playback use case
02-23 20:53:23.790 13540 13540 E ArmVmp : Match on catch block at 0xc3 in for 0x99
02-23 20:53:23.797 13540 13540 E ArmVmp : Match on catch block at 0xc3 in for 0x91
02-23 20:53:23.925 13540 13540 E ArmVmp : Match on catch block at 0xc3 in for 0x99
02-23 20:53:23.931 13540 13540 E ArmVmp : Match on catch block at 0xc3 in for 0x91
02-23 20:53:24.439 13540 13540 E ArmVmp : Match on catch block at 0xc3 in for 0x99
02-23 20:53:24.447 13540 13540 E ArmVmp : Match on catch block at 0xc3 in for 0x91
02-23 20:53:24.990 13540 13540 E ArmVmp : Match on catch block at 0xc3 in for 0x99
02-23 20:53:24.994 13540 13540 E ArmVmp : Match on catch block at 0xc3 in for 0x91
02-23 20:53:25.367 13540 13540 E ArmVmp : Match on catch block at 0xc3 in for 0x99
02-23 20:53:25.379 13540 13540 E ArmVmp : Match on catch block at 0xc3 in for 0x91
02-23 20:53:25.393 13540 13540 E ArmVmp : Match on catch block at 0xc3 in for 0x99
02-23 20:53:25.404 13540 13540 E ArmVmp : Match on catch block at 0xc3 in for 0x91
02-23 20:53:25.460 13540 13540 E ArmVmp : Match on catch block at 0xc3 in for 0x99
02-23 20:53:25.465 13540 13540 E ArmVmp : Match on catch block at 0xc3 in for 0x91
02-23 20:53:25.503 13540 13540 E ArmVmp : Match on catch block at 0xc3 in for 0x99
02-23 20:53:25.508 13540 13540 E ArmVmp : Match on catch block at 0xc3 in for 0x91
02-23 20:53:25.542 13540 13540 E ArmVmp : Match on catch block at 0xc3 in for 0x99
02-23 20:53:25.547 13540 13540 E ArmVmp : Match on catch block at 0xc3 in for 0x91
02-23 20:53:25.594 13540 13863 W RenderInspector: DequeueBuffer time out on Toast,
count=18, avg=23 ms, max=33 ms.
02-23 20:53:25.595 13540 13540 E ArmVmp : Match on catch block at 0xc3 in for 0x99
02-23 20:53:25.603 13540 13540 E ArmVmp : Match on catch block at 0xc3 in for 0x91
02-23 20:53:25.661 13540 13540 E ArmVmp : Match on catch block at 0xc3 in for 0x91
02-23 20:53:25.667 13540 13540 E ArmVmp : Match on catch block at 0xc3 in for 0x95
02-23 20:53:25.713 13540 13540 E ArmVmp : Match on catch block at 0xc3 in for 0x99
02-23 20:53:25.718 13540 13540 E ArmVmp : Match on catch block at 0xc3 in for 0x91
02-23 20:53:25.751 13540 13540 E ArmVmp : Match on catch block at 0xc3 in for 0x99
02-23 20:53:25.756 13540 13540 E ArmVmp : Match on catch block at 0xc3 in for 0x91
02-23 20:53:25.783 13540 13540 E ArmVmp : Match on catch block at 0xc3 in for 0x99
02-23 20:53:25.790 13540 13540 E ArmVmp : Match on catch block at 0xc3 in for 0x91
02-23 20:53:25.816 13540 13540 E ArmVmp : Match on catch block at 0xc3 in for 0x99
02-23 20:53:25.820 13540 13540 E ArmVmp : Match on catch block at 0xc3 in for 0x91
02-23 20:53:25.841 13540 13540 E ArmVmp : Match on catch block at 0xc3 in for 0x99
02-23 20:53:25.847 13540 13540 E ArmVmp : Match on catch block at 0xc3 in for 0x91
02-23 20:53:25.858 13540 13540 E ArmVmp : Match on catch block at 0xc3 in for 0x99
02-23 20:53:25.863 13540 13540 E ArmVmp : Match on catch block at 0xc3 in for 0x91
02-23 20:53:25.941 13540 13540 E ArmVmp : Match on catch block at 0xc3 in for 0x99
02-23 20:53:25.947 13540 13540 E ArmVmp : Match on catch block at 0xc3 in for 0x91
02-23 20:53:26.436 13540 13540 E ArmVmp : Match on catch block at 0xc3 in for 0x99
02-23 20:53:26.443 13540 13540 E ArmVmp : Match on catch block at 0xc3 in for 0x91
02-23 20:53:26.592 13540 13540 E ArmVmp : Match on catch block at 0xc3 in for 0x91
02-23 20:53:26.597 13540 13540 E ArmVmp : Match on catch block at 0xc3 in for 0x95
02-23 20:53:26.618 13540 13540 E ArmVmp : Match on catch block at 0xc3 in for 0x91
02-23 20:53:26.623 13540 13540 E ArmVmp : Match on catch block at 0xc3 in for 0x95
02-23 20:53:26.635 13540 13540 E ArmVmp : Match on catch block at 0xc3 in for 0x91
02-23 20:53:26.641 13540 13540 E ArmVmp : Match on catch block at 0xc3 in for 0x95
02-23 20:53:26.651 13540 13540 E ArmVmp : Match on catch block at 0xc3 in for 0x91
02-23 20:53:26.657 13540 13540 E ArmVmp : Match on catch block at 0xc3 in for 0x95
02-23 20:53:26.680 13540 13540 E ArmVmp : Match on catch block at 0xc3 in for 0x91
02-23 20:53:26.685 13540 13540 E ArmVmp : Match on catch block at 0xc3 in for 0x95
02-23 20:53:26.700 13540 13540 E ArmVmp : Match on catch block at 0xc3 in for 0x91
02-23 20:53:26.705 13540 13540 E ArmVmp : Match on catch block at 0xc3 in for 0x95
02-23 20:53:26.716 13540 13540 E ArmVmp : Match on catch block at 0xc3 in for 0x91
02-23 20:53:26.720 13540 13540 E ArmVmp : Match on catch block at 0xc3 in for 0x95
02-23 20:53:26.733 13540 13540 E ArmVmp : Match on catch block at 0xc3 in for 0x91
02-23 20:53:26.738 13540 13540 E ArmVmp : Match on catch block at 0xc3 in for 0x95
02-23 20:53:26.750 13540 13540 E ArmVmp : Match on catch block at 0xc3 in for 0x91
02-23 20:53:26.756 13540 13540 E ArmVmp : Match on catch block at 0xc3 in for 0x95
02-23 20:53:26.767 13540 13540 E ArmVmp : Match on catch block at 0xc3 in for 0x91
02-23 20:53:26.773 13540 13540 E ArmVmp : Match on catch block at 0xc3 in for 0x95
02-23 20:53:26.792 13540 13540 E ArmVmp : Match on catch block at 0xc3 in for 0x91
02-23 20:53:26.798 13540 13540 E ArmVmp : Match on catch block at 0xc3 in for 0x95
02-23 20:53:26.923 13540 13540 E ArmVmp : Match on catch block at 0xc3 in for 0x95
02-23 20:53:26.930 13540 13540 E ArmVmp : Match on catch block at 0xc3 in for 0x99
02-23 20:53:26.949 13540 13540 E ArmVmp : Match on catch block at 0xc3 in for 0x91
02-23 20:53:26.954 13540 13540 E ArmVmp : Match on catch block at 0xc3 in for 0x95
02-23 20:53:26.964 13540 13540 E ArmVmp : Match on catch block at 0xc3 in for 0x91
02-23 20:53:26.969 13540 13540 E ArmVmp : Match on catch block at 0xc3 in for 0x95
02-23 20:53:26.981 13540 13540 E ArmVmp : Match on catch block at 0xc3 in for 0x91
02-23 20:53:26.986 13540 13540 E ArmVmp : Match on catch block at 0xc3 in for 0x95
02-23 20:53:26.996 13540 13863 W RenderInspector: DequeueBuffer time out on
com.whatsapp/com.whatsapp.Conversation, count=2, avg=20 ms, max=21 ms.
02-23 20:53:27.001 13540 13540 E ArmVmp : Match on catch block at 0xc3 in for 0x91
02-23 20:53:27.007 13540 13540 E ArmVmp : Match on catch block at 0xc3 in for 0x95
02-23 20:53:27.016 13540 13540 E ArmVmp : Match on catch block at 0xc3 in for 0x91
02-23 20:53:27.020 13540 13540 E ArmVmp : Match on catch block at 0xc3 in for 0x95
02-23 20:53:27.032 13540 13540 E ArmVmp : Match on catch block at 0xc3 in for 0x91
02-23 20:53:27.037 13540 13540 E ArmVmp : Match on catch block at 0xc3 in for 0x95
02-23 20:53:27.055 13540 13540 E ArmVmp : Match on catch block at 0xc3 in for 0x91
02-23 20:53:27.060 13540 13540 E ArmVmp : Match on catch block at 0xc3 in for 0x95
02-23 20:53:27.080 13540 13540 E ArmVmp : Match on catch block at 0xc3 in for 0x91
02-23 20:53:27.085 13540 13540 E ArmVmp : Match on catch block at 0xc3 in for 0x95
02-23 20:53:27.096 13540 13540 E ArmVmp : Match on catch block at 0xc3 in for 0x91
02-23 20:53:27.101 13540 13540 E ArmVmp : Match on catch block at 0xc3 in for 0x95
02-23 20:53:27.113 13540 13540 E ArmVmp : Match on catch block at 0xc3 in for 0x91
02-23 20:53:27.118 13540 13540 E ArmVmp : Match on catch block at 0xc3 in for 0x95
02-23 20:53:27.261 13540 13540 E ArmVmp : Match on catch block at 0xc3 in for 0x95
02-23 20:53:27.267 13540 13540 E ArmVmp : Match on catch block at 0xc3 in for 0x99
02-23 20:53:27.445 13540 13540 E ArmVmp : Match on catch block at 0xc3 in for 0x91
02-23 20:53:27.451 13540 13540 E ArmVmp : Match on catch block at 0xc3 in for 0x95
02-23 20:53:27.677 13540 13540 E ArmVmp : Match on catch block at 0xc3 in for 0x91
02-23 20:53:27.683 13540 13540 E ArmVmp : Match on catch block at 0xc3 in for 0x95
02-23 20:53:27.870 13540 13863 W RenderInspector: DequeueBuffer time out on Toast,
count=7, avg=18 ms, max=25 ms.
02-23 20:53:27.920 13540 13540 E ArmVmp : Match on catch block at 0xc3 in for 0x91
02-23 20:53:27.926 13540 13540 E ArmVmp : Match on catch block at 0xc3 in for 0x95
02-23 20:53:28.184 13540 13863 W RenderInspector: DequeueBuffer time out on Toast,
count=3, avg=20 ms, max=25 ms.
02-23 20:53:28.418 13540 13540 E ArmVmp : Match on catch block at 0xc3 in for 0x91
02-23 20:53:28.424 13540 13540 E ArmVmp : Match on catch block at 0xc3 in for 0x95
02-23 20:53:28.815 13540 13540 E ArmVmp : Match on catch block at 0xc3 in for 0x91
02-23 20:53:28.825 13540 13540 E ArmVmp : Match on catch block at 0xc3 in for 0x95
02-23 20:53:28.979 13540 13540 E ArmVmp : Match on catch block at 0xc3 in for 0x91
02-23 20:53:28.985 13540 13540 E ArmVmp : Match on catch block at 0xc3 in for 0x95
02-23 20:53:29.491 13540 13540 E ArmVmp : Match on catch block at 0xc3 in for 0x95
02-23 20:53:29.496 13540 13540 E ArmVmp : Match on catch block at 0xc3 in for 0x99
02-23 20:53:29.557 13540 13540 E ArmVmp : Match on catch block at 0xc3 in for 0x95
02-23 20:53:29.566 13540 13540 E ArmVmp : Match on catch block at 0xc3 in for 0x99
02-23 20:53:30.003 13540 13540 E ArmVmp : Match on catch block at 0xc3 in for 0x95
02-23 20:53:30.008 13540 13540 E ArmVmp : Match on catch block at 0xc3 in for 0x99
02-23 20:53:30.168 13540 13540 E ArmVmp : Match on catch block at 0xc3 in for 0x95
02-23 20:53:30.174 13540 13540 E ArmVmp : Match on catch block at 0xc3 in for 0x99
02-23 20:53:30.699 13540 13540 E ArmVmp : Match on catch block at 0xc3 in for 0x95
02-23 20:53:30.704 13540 13540 E ArmVmp : Match on catch block at 0xc3 in for 0x99
02-23 20:53:30.764 13540 13540 E ArmVmp : Match on catch block at 0xc3 in for 0x99
02-23 20:53:30.773 13540 13540 E ArmVmp : Match on catch block at 0xc3 in for 0x91
02-23 20:53:30.831 13540 13540 E ArmVmp : Match on catch block at 0xc3 in for 0x91
02-23 20:53:30.841 13540 13540 E ArmVmp : Match on catch block at 0xc3 in for 0x95
02-23 20:53:30.933 13540 13540 E ArmVmp : Match on catch block at 0xc3 in for 0x91
02-23 20:53:30.941 13540 13540 E ArmVmp : Match on catch block at 0xc3 in for 0x95
02-23 20:53:30.962 13540 13863 W RenderInspector: DequeueBuffer time out on Toast,
count=8, avg=25 ms, max=39 ms.
02-23 20:53:30.965 13540 13540 E ArmVmp : Match on catch block at 0xc3 in for 0x91
02-23 20:53:30.970 13540 13540 E ArmVmp : Match on catch block at 0xc3 in for 0x95
02-23 20:53:31.041 13540 13540 E ArmVmp : Match on catch block at 0xc3 in for 0x91
02-23 20:53:31.046 13540 13540 E ArmVmp : Match on catch block at 0xc3 in for 0x95
02-23 20:53:31.079 13540 13540 E ArmVmp : Match on catch block at 0xc3 in for 0x99
02-23 20:53:31.084 13540 13540 E ArmVmp : Match on catch block at 0xc3 in for 0x91
02-23 20:53:31.097 13540 13863 W RenderInspector: DequeueBuffer time out on
com.whatsapp/com.whatsapp.Conversation, count=2, avg=21 ms, max=21 ms.
02-23 20:53:31.117 13540 13540 E ArmVmp : Match on catch block at 0xc3 in for 0x91
02-23 20:53:31.122 13540 13540 E ArmVmp : Match on catch block at 0xc3 in for 0x95
02-23 20:53:31.238 13540 13540 E ArmVmp : Match on catch block at 0xc3 in for 0x91
02-23 20:53:31.243 13540 13540 E ArmVmp : Match on catch block at 0xc3 in for 0x95
02-23 20:53:31.252 13540 22374 W MediaPlayer: Use of stream types is deprecated for
operations other than volume control
02-23 20:53:31.252 13540 22374 W MediaPlayer: See the documentation of
setAudioStreamType() for what to use instead with android.media.AudioAttributes to
qualify your playback use case
02-23 20:53:31.281 13540 13540 E ArmVmp : Match on catch block at 0xc3 in for 0x91
02-23 20:53:31.287 13540 13540 E ArmVmp : Match on catch block at 0xc3 in for 0x95
02-23 20:53:31.377 13540 13540 E ArmVmp : Match on catch block at 0xc3 in for 0x91
02-23 20:53:31.385 13540 13540 E ArmVmp : Match on catch block at 0xc3 in for 0x95
02-23 20:53:31.811 13540 13540 E ArmVmp : Match on catch block at 0xc3 in for 0x99
02-23 20:53:31.820 13540 13540 E ArmVmp : Match on catch block at 0xc3 in for 0x91
02-23 20:53:31.845 13540 13540 W InputTransport: Slow Input: 154ms so far, channel
'ClientState{ec92ddc uid=10210 pid=13540 displayId=0} (server)' publisher ~
publishKeyEvent: seq=4, deviceId=-1, source=0x101, action=0x1, flags=0x48,
keyCode=4, scanCode=0, metaState=0x0, repeatCount=0,downTime=606576126000000,
eventTime=606576197000000
02-23 20:53:31.885 13540 13540 E ArmVmp : Match on catch block at 0xc3 in for 0x99
02-23 20:53:31.889 13540 13540 E ArmVmp : Match on catch block at 0xc3 in for 0x91
02-23 20:53:31.897 13540 13540 E ArmVmp : Match on catch block at 0xc3 in for 0x99
02-23 20:53:31.902 13540 13540 E ArmVmp : Match on catch block at 0xc3 in for 0x91
02-23 20:53:32.418 13540 13540 E ArmVmp : Match on catch block at 0xc3 in for 0x99
02-23 20:53:32.427 13540 13540 E ArmVmp : Match on catch block at 0xc3 in for 0x91
02-23 20:53:32.761 13540 13540 E ArmVmp : Match on catch block at 0xc3 in for 0x95
02-23 20:53:32.766 13540 13540 E ArmVmp : Match on catch block at 0xc3 in for 0x99
02-23 20:53:32.814 13540 13540 E ArmVmp : Match on catch block at 0xc3 in for 0x99
02-23 20:53:32.818 13540 13540 E ArmVmp : Match on catch block at 0xc3 in for 0x91
02-23 20:53:32.907 13540 13540 E ArmVmp : Match on catch block at 0xc3 in for 0x99
02-23 20:53:32.912 13540 13540 E ArmVmp : Match on catch block at 0xc3 in for 0x91
02-23 20:53:32.956 13540 13540 E ArmVmp : Match on catch block at 0xc3 in for 0x99
02-23 20:53:32.962 13540 13540 E ArmVmp : Match on catch block at 0xc3 in for 0x91
02-23 20:53:32.994 13540 13540 E ArmVmp : Match on catch block at 0xc3 in for 0x99
02-23 20:53:33.000 13540 13540 E ArmVmp : Match on catch block at 0xc3 in for 0x91
02-23 20:53:33.453 13540 13540 E ArmVmp : Match on catch block at 0xc3 in for 0x99
02-23 20:53:33.459 13540 13540 E ArmVmp : Match on catch block at 0xc3 in for 0x91
02-23 20:53:36.015 13540 13540 W ActivityThread: handleWindowVisibility: no
activity for token android.os.BinderProxy@7ebb93a
02-23 20:53:36.318 13540 13540 E ArmVmp : Match on catch block at 0x0a in for 0xb5
02-23 20:53:36.324 13540 13540 E ArmVmp : Match on catch block at 0x0a in for 0xb1
02-23 20:53:36.380 13540 13540 W Looper : Slow Looper main: Activity
com.whatsapp/.Conversation is 372ms late (wall=0ms running=0ms
ClientTransaction{ callbacks=[android.app.servertransaction.TopResumedActivityChang
eItem] }) because of 4 msg, msg 4 took 364ms (seq=54828 running=320ms runnable=2ms
io=10ms reclaim=1ms late=7ms h=android.app.ActivityThread$H w=159)
02-23 20:53:36.495 13540 18617 E ArmVmp : Match on catch block at 0x48 in for 0x81
02-23 20:53:36.496 13540 18617 W System.err: javax.net.ssl.SSLHandshakeException:
SSL handshake aborted: ssl=0xafd18988: I/O error during system call, Connection
reset by peer
02-23 20:53:36.496 13540 18617 W System.err:
02-23 20:53:36.496 13540 18617 W System.err: at
com.android.org.conscrypt.NativeCrypto.SSL_do_handshake(Native Method)
02-23 20:53:36.496 13540 18617 W System.err:
02-23 20:53:36.497 13540 18617 W System.err: at
com.android.org.conscrypt.NativeSsl.doHandshake(NativeSsl.java:387)
02-23 20:53:36.497 13540 18617 W System.err:
02-23 20:53:36.497 13540 18617 W System.err: at
com.android.org.conscrypt.ConscryptFileDescriptorSocket.startHandshake(ConscryptFil
eDescriptorSocket.java:226)
02-23 20:53:36.497 13540 18617 W System.err:
02-23 20:53:36.497 13540 18617 W System.err: at
com.android.okhttp.internal.io.RealConnection.connectTls(RealConnection.java:196)
02-23 20:53:36.497 13540 18617 W System.err:
02-23 20:53:36.497 13540 18617 W System.err: at
com.android.okhttp.internal.io.RealConnection.connectSocket(RealConnection.java:153
)
02-23 20:53:36.498 13540 18617 W System.err:
02-23 20:53:36.498 13540 18617 W System.err: at
com.android.okhttp.internal.io.RealConnection.connect(RealConnection.java:116)
02-23 20:53:36.498 13540 18617 W System.err:
02-23 20:53:36.498 13540 18617 W System.err: at
com.android.okhttp.internal.http.StreamAllocation.findConnection(StreamAllocation.j
ava:186)
02-23 20:53:36.498 13540 18617 W System.err:
02-23 20:53:36.498 13540 18617 W System.err: at
com.android.okhttp.internal.http.StreamAllocation.findHealthyConnection(StreamAlloc
ation.java:128)
02-23 20:53:36.498 13540 18617 W System.err:
02-23 20:53:36.498 13540 18617 W System.err: at
com.android.okhttp.internal.http.StreamAllocation.newStream(StreamAllocation.java:9
7)
02-23 20:53:36.498 13540 18617 W System.err:
02-23 20:53:36.498 13540 18617 W System.err: at
com.android.okhttp.internal.http.HttpEngine.connect(HttpEngine.java:302)
02-23 20:53:36.498 13540 18617 W System.err:
02-23 20:53:36.499 13540 18617 W System.err: at
com.android.okhttp.internal.http.HttpEngine.sendRequest(HttpEngine.java:245)
02-23 20:53:36.499 13540 18617 W System.err:
02-23 20:53:36.499 13540 18617 W System.err: at
com.android.okhttp.internal.huc.HttpURLConnectionImpl.execute(HttpURLConnectionImpl
.java:465)
02-23 20:53:36.499 13540 18617 W System.err:
02-23 20:53:36.499 13540 18617 W System.err: at
com.android.okhttp.internal.huc.HttpURLConnectionImpl.connect(HttpURLConnectionImpl
.java:131)
02-23 20:53:36.499 13540 18617 W System.err:
02-23 20:53:36.499 13540 18617 W System.err: at
com.android.okhttp.internal.huc.DelegatingHttpsURLConnection.connect(DelegatingHttp
sURLConnection.java:90)
02-23 20:53:36.499 13540 18617 W System.err:
02-23 20:53:36.500 13540 18617 W System.err: at
com.android.okhttp.internal.huc.HttpsURLConnectionImpl.connect(HttpsURLConnectionIm
pl.java:30)
02-23 20:53:36.500 13540 18617 W System.err:
02-23 20:53:36.500 13540 18617 W System.err: at
mbmodsd.mbmodsw.home.MBTranslator.translate(Native Method)
02-23 20:53:36.500 13540 18617 W System.err:
02-23 20:53:36.500 13540 18617 W System.err: at
mbmodsd.mbmodsw.home.MBTranslator$Async.doInBackground(Native Method)
02-23 20:53:36.500 13540 18617 W System.err:
02-23 20:53:36.500 13540 18617 W System.err: at
mbmodsd.mbmodsw.home.MBTranslator$Async.doInBackground(Native Method)
02-23 20:53:36.500 13540 18617 W System.err:
02-23 20:53:36.500 13540 18617 W System.err: at
android.os.AsyncTask$3.call(AsyncTask.java:378)
02-23 20:53:36.500 13540 18617 W System.err:
02-23 20:53:36.500 13540 18617 W System.err: at
java.util.concurrent.FutureTask.run(FutureTask.java:266)
02-23 20:53:36.501 13540 18617 W System.err:
02-23 20:53:36.501 13540 18617 W System.err: at
android.os.AsyncTask$SerialExecutor$1.run(AsyncTask.java:289)
02-23 20:53:36.501 13540 18617 W System.err:
02-23 20:53:36.501 13540 18617 W System.err: at
java.util.concurrent.ThreadPoolExecutor.runWorker(ThreadPoolExecutor.java:1167)
02-23 20:53:36.501 13540 18617 W System.err:
02-23 20:53:36.501 13540 18617 W System.err: at
java.util.concurrent.ThreadPoolExecutor$Worker.run(ThreadPoolExecutor.java:641)
02-23 20:53:36.501 13540 18617 W System.err:
02-23 20:53:36.501 13540 18617 W System.err: at
java.lang.Thread.run(Thread.java:919)
02-23 20:53:36.501 13540 18617 W System.err:
02-23 20:53:36.656 13540 18617 E ArmVmp : Match on catch block at 0x48 in for 0x95
02-23 20:53:36.656 13540 18617 W System.err: javax.net.ssl.SSLHandshakeException:
SSL handshake aborted: ssl=0xb59adb58: I/O error during system call, Connection
reset by peer
02-23 20:53:36.656 13540 18617 W System.err:
02-23 20:53:36.657 13540 18617 W System.err: at
com.android.org.conscrypt.NativeCrypto.SSL_do_handshake(Native Method)
02-23 20:53:36.657 13540 18617 W System.err:
02-23 20:53:36.657 13540 18617 W System.err: at
com.android.org.conscrypt.NativeSsl.doHandshake(NativeSsl.java:387)
02-23 20:53:36.657 13540 18617 W System.err:
02-23 20:53:36.657 13540 18617 W System.err: at
com.android.org.conscrypt.ConscryptFileDescriptorSocket.startHandshake(ConscryptFil
eDescriptorSocket.java:226)
02-23 20:53:36.657 13540 18617 W System.err:
02-23 20:53:36.657 13540 18617 W System.err: at
com.android.okhttp.internal.io.RealConnection.connectTls(RealConnection.java:196)
02-23 20:53:36.657 13540 18617 W System.err:
02-23 20:53:36.657 13540 18617 W System.err: at
com.android.okhttp.internal.io.RealConnection.connectSocket(RealConnection.java:153
)
02-23 20:53:36.658 13540 18617 W System.err:
02-23 20:53:36.658 13540 18617 W System.err: at
com.android.okhttp.internal.io.RealConnection.connect(RealConnection.java:116)
02-23 20:53:36.658 13540 18617 W System.err:
02-23 20:53:36.658 13540 18617 W System.err: at
com.android.okhttp.internal.http.StreamAllocation.findConnection(StreamAllocation.j
ava:186)
02-23 20:53:36.658 13540 18617 W System.err:
02-23 20:53:36.658 13540 18617 W System.err: at
com.android.okhttp.internal.http.StreamAllocation.findHealthyConnection(StreamAlloc
ation.java:128)
02-23 20:53:36.658 13540 18617 W System.err:
02-23 20:53:36.659 13540 18617 W System.err: at
com.android.okhttp.internal.http.StreamAllocation.newStream(StreamAllocation.java:9
7)
02-23 20:53:36.659 13540 18617 W System.err:
02-23 20:53:36.659 13540 18617 W System.err: at
com.android.okhttp.internal.http.HttpEngine.connect(HttpEngine.java:302)
02-23 20:53:36.659 13540 18617 W System.err:
02-23 20:53:36.659 13540 18617 W System.err: at
com.android.okhttp.internal.http.HttpEngine.sendRequest(HttpEngine.java:245)
02-23 20:53:36.659 13540 18617 W System.err:
02-23 20:53:36.659 13540 18617 W System.err: at
com.android.okhttp.internal.huc.HttpURLConnectionImpl.execute(HttpURLConnectionImpl
.java:465)
02-23 20:53:36.659 13540 18617 W System.err:
02-23 20:53:36.659 13540 18617 W System.err: at
com.android.okhttp.internal.huc.HttpURLConnectionImpl.connect(HttpURLConnectionImpl
.java:131)
02-23 20:53:36.659 13540 18617 W System.err:
02-23 20:53:36.660 13540 18617 W System.err: at
com.android.okhttp.internal.huc.DelegatingHttpsURLConnection.connect(DelegatingHttp
sURLConnection.java:90)
02-23 20:53:36.660 13540 18617 W System.err:
02-23 20:53:36.660 13540 18617 W System.err: at
com.android.okhttp.internal.huc.HttpsURLConnectionImpl.connect(HttpsURLConnectionIm
pl.java:30)
02-23 20:53:36.660 13540 18617 W System.err:
02-23 20:53:36.660 13540 18617 W System.err: at
mbmodsd.mbmodsw.home.MBTranslator.translate(Native Method)
02-23 20:53:36.660 13540 18617 W System.err:
02-23 20:53:36.660 13540 18617 W System.err: at
mbmodsd.mbmodsw.home.MBTranslator$Async.doInBackground(Native Method)
02-23 20:53:36.660 13540 18617 W System.err:
02-23 20:53:36.660 13540 18617 W System.err: at
mbmodsd.mbmodsw.home.MBTranslator$Async.doInBackground(Native Method)
02-23 20:53:36.660 13540 18617 W System.err:
02-23 20:53:36.660 13540 18617 W System.err: at
android.os.AsyncTask$3.call(AsyncTask.java:378)
02-23 20:53:36.661 13540 18617 W System.err:
02-23 20:53:36.661 13540 18617 W System.err: at
java.util.concurrent.FutureTask.run(FutureTask.java:266)
02-23 20:53:36.661 13540 18617 W System.err:
02-23 20:53:36.661 13540 18617 W System.err: at
android.os.AsyncTask$SerialExecutor$1.run(AsyncTask.java:289)
02-23 20:53:36.661 13540 18617 W System.err:
02-23 20:53:36.661 13540 18617 W System.err: at
java.util.concurrent.ThreadPoolExecutor.runWorker(ThreadPoolExecutor.java:1167)
02-23 20:53:36.661 13540 18617 W System.err:
02-23 20:53:36.661 13540 18617 W System.err: at
java.util.concurrent.ThreadPoolExecutor$Worker.run(ThreadPoolExecutor.java:641)
02-23 20:53:36.661 13540 18617 W System.err:
02-23 20:53:36.661 13540 18617 W System.err: at
java.lang.Thread.run(Thread.java:919)
02-23 20:53:36.662 13540 18617 W System.err:
02-23 20:53:36.746 13540 13540 E ArmVmp : Match on catch block at 0xc3 in for 0xa1
02-23 20:53:36.754 13540 13540 E ArmVmp : Match on catch block at 0xc3 in for 0xa1
02-23 20:53:36.790 13540 13540 W Looper : Slow Looper main: doFrame is 360ms late
because of 4 msg, msg 1 took 364ms (seq=54828 running=320ms runnable=2ms io=10ms
reclaim=1ms late=7ms h=android.app.ActivityThread$H w=159)
02-23 20:53:36.838 13540 13540 E ArmVmp : Match on catch block at 0xc3 in for 0x99
02-23 20:53:36.844 13540 13540 E ArmVmp : Match on catch block at 0xc3 in for 0x91
02-23 20:53:36.871 13540 13540 W Looper : Slow Looper main: doFrame is 431ms late
because of 64 msg, msg 1 took 402ms (seq=54832 running=337ms runnable=1ms
late=360ms h=android.view.Choreographer$FrameHandler
c=android.view.Choreographer$FrameDisplayEventReceiver)
02-23 20:53:36.847 13540 13540 E ArmVmp : Match on catch block at 0xc3 in for 0x91
02-23 20:53:36.907 13540 13540 E ArmVmp : Match on catch block at 0xc3 in for 0x91
02-23 20:53:36.911 13540 13540 E ArmVmp : Match on catch block at 0xc3 in for 0x95
02-23 20:53:36.914 13540 13540 E ArmVmp : Match on catch block at 0xc3 in for 0x95
02-23 20:53:36.952 13540 13540 E ArmVmp : Match on catch block at 0xc3 in for 0x91
02-23 20:53:36.959 13540 13540 E ArmVmp : Match on catch block at 0xc3 in for 0x95
02-23 20:53:36.963 13540 13540 E ArmVmp : Match on catch block at 0xc3 in for 0x95
02-23 20:53:37.223 13540 13540 E ArmVmp : Match on catch block at 0xc3 in for 0x99
02-23 20:53:37.229 13540 13540 E ArmVmp : Match on catch block at 0xc3 in for 0x91
02-23 20:53:37.233 13540 13540 E ArmVmp : Match on catch block at 0xc3 in for 0x91
02-23 20:53:37.253 13540 13540 E ArmVmp : Match on catch block at 0xc3 in for 0x95
02-23 20:53:37.258 13540 13540 E ArmVmp : Match on catch block at 0xc3 in for 0x99
02-23 20:53:37.261 13540 13540 E ArmVmp : Match on catch block at 0xc3 in for 0x99
02-23 20:53:37.277 13540 13540 E ArmVmp : Match on catch block at 0xc3 in for 0x91
02-23 20:53:37.282 13540 13540 E ArmVmp : Match on catch block at 0xc3 in for 0x95
02-23 20:53:37.287 13540 13540 E ArmVmp : Match on catch block at 0xc3 in for 0x95
02-23 20:53:37.304 13540 13540 E ArmVmp : Match on catch block at 0xc3 in for 0x99
02-23 20:53:37.308 13540 13540 E ArmVmp : Match on catch block at 0xc3 in for 0x91
02-23 20:53:37.312 13540 13540 E ArmVmp : Match on catch block at 0xc3 in for 0x91
02-23 20:53:37.320 13540 13540 E ArmVmp : Match on catch block at 0xc3 in for 0x95
02-23 20:53:37.326 13540 13540 E ArmVmp : Match on catch block at 0xc3 in for 0x99
02-23 20:53:37.330 13540 13540 E ArmVmp : Match on catch block at 0xc3 in for 0x99
02-23 20:53:37.338 13540 13540 E ArmVmp : Match on catch block at 0xc3 in for 0x91
02-23 20:53:37.344 13540 13540 E ArmVmp : Match on catch block at 0xc3 in for 0x95
02-23 20:53:37.347 13540 13540 E ArmVmp : Match on catch block at 0xc3 in for 0x95
02-23 20:53:37.396 13540 13540 E ArmVmp : Match on catch block at 0xc3 in for 0x95
02-23 20:53:37.401 13540 13540 E ArmVmp : Match on catch block at 0xc3 in for 0x99
02-23 20:53:37.405 13540 13540 E ArmVmp : Match on catch block at 0xc3 in for 0x99
02-23 20:53:37.444 13540 13540 E ArmVmp : Match on catch block at 0xc3 in for 0x91
02-23 20:53:37.448 13540 13540 E ArmVmp : Match on catch block at 0xc3 in for 0x95
02-23 20:53:37.452 13540 13540 E ArmVmp : Match on catch block at 0xc3 in for 0x95
02-23 20:53:37.490 13540 13540 E ArmVmp : Match on catch block at 0xc3 in for 0x95
02-23 20:53:37.495 13540 13540 E ArmVmp : Match on catch block at 0xc3 in for 0x99
02-23 20:53:37.498 13540 13540 E ArmVmp : Match on catch block at 0xc3 in for 0x99
02-23 20:53:37.513 13540 13540 E ArmVmp : Match on catch block at 0xc3 in for 0x91
02-23 20:53:37.518 13540 13540 E ArmVmp : Match on catch block at 0xc3 in for 0x95
02-23 20:53:37.522 13540 13540 E ArmVmp : Match on catch block at 0xc3 in for 0x95
02-23 20:53:37.964 13540 13540 E ArmVmp : Match on catch block at 0xc3 in for 0x99
02-23 20:53:37.971 13540 13540 E ArmVmp : Match on catch block at 0xc3 in for 0x91
02-23 20:53:37.976 13540 13540 E ArmVmp : Match on catch block at 0xc3 in for 0x91
02-23 20:53:38.135 13540 13863 W RenderInspector: DequeueBuffer time out on Toast,
count=2, avg=18 ms, max=19 ms.
02-23 20:53:38.443 13540 13540 E ArmVmp : Match on catch block at 0xc3 in for 0x95
02-23 20:53:38.447 13540 13540 E ArmVmp : Match on catch block at 0xc3 in for 0x99
02-23 20:53:38.451 13540 13540 E ArmVmp : Match on catch block at 0xc3 in for 0x99
02-23 20:53:38.955 13540 13540 E ArmVmp : Match on catch block at 0xc3 in for 0x91
02-23 20:53:38.961 13540 13540 E ArmVmp : Match on catch block at 0xc3 in for 0x95
02-23 20:53:38.965 13540 13540 E ArmVmp : Match on catch block at 0xc3 in for 0x95
02-23 20:53:39.038 13540 13540 E ArmVmp : Match on catch block at 0xc3 in for 0x99
02-23 20:53:39.043 13540 13540 E ArmVmp : Match on catch block at 0xc3 in for 0x91
02-23 20:53:39.046 13540 13540 E ArmVmp : Match on catch block at 0xc3 in for 0x91
02-23 20:53:39.054 13540 13540 E ArmVmp : Match on catch block at 0xc3 in for 0x95
02-23 20:53:39.060 13540 13540 E ArmVmp : Match on catch block at 0xc3 in for 0x99
02-23 20:53:39.064 13540 13540 E ArmVmp : Match on catch block at 0xc3 in for 0x99
02-23 20:53:39.070 13540 13540 E ArmVmp : Match on catch block at 0xc3 in for 0x91
02-23 20:53:39.076 13540 13540 E ArmVmp : Match on catch block at 0xc3 in for 0x95
02-23 20:53:39.080 13540 13540 E ArmVmp : Match on catch block at 0xc3 in for 0x95
02-23 20:53:39.088 13540 13540 E ArmVmp : Match on catch block at 0xc3 in for 0x99
02-23 20:53:39.095 13540 13540 E ArmVmp : Match on catch block at 0xc3 in for 0x91
02-23 20:53:39.099 13540 13540 E ArmVmp : Match on catch block at 0xc3 in for 0x91
02-23 20:53:39.106 13540 13540 E ArmVmp : Match on catch block at 0xc3 in for 0x95
02-23 20:53:39.113 13540 13540 E ArmVmp : Match on catch block at 0xc3 in for 0x99
02-23 20:53:39.117 13540 13540 E ArmVmp : Match on catch block at 0xc3 in for 0x99
02-23 20:53:39.124 13540 13540 E ArmVmp : Match on catch block at 0xc3 in for 0x91
02-23 20:53:39.130 13540 13540 E ArmVmp : Match on catch block at 0xc3 in for 0x95
02-23 20:53:39.134 13540 13540 E ArmVmp : Match on catch block at 0xc3 in for 0x95
02-23 20:53:39.141 13540 13540 E ArmVmp : Match on catch block at 0xc3 in for 0x99
02-23 20:53:39.147 13540 13540 E ArmVmp : Match on catch block at 0xc3 in for 0x91
02-23 20:53:39.150 13540 13540 E ArmVmp : Match on catch block at 0xc3 in for 0x91
02-23 20:53:39.157 13540 13540 E ArmVmp : Match on catch block at 0xc3 in for 0x95
02-23 20:53:39.162 13540 13540 E ArmVmp : Match on catch block at 0xc3 in for 0x99
02-23 20:53:39.166 13540 13540 E ArmVmp : Match on catch block at 0xc3 in for 0x99
02-23 20:53:39.172 13540 13540 E ArmVmp : Match on catch block at 0xc3 in for 0x91
02-23 20:53:39.178 13540 13540 E ArmVmp : Match on catch block at 0xc3 in for 0x95
02-23 20:53:39.182 13540 13540 E ArmVmp : Match on catch block at 0xc3 in for 0x95
02-23 20:53:39.188 13540 13540 E ArmVmp : Match on catch block at 0xc3 in for 0x99
02-23 20:53:39.193 13540 13540 E ArmVmp : Match on catch block at 0xc3 in for 0x91
02-23 20:53:39.197 13540 13540 E ArmVmp : Match on catch block at 0xc3 in for 0x91
02-23 20:53:39.203 13540 13540 E ArmVmp : Match on catch block at 0xc3 in for 0x95
02-23 20:53:39.208 13540 13540 E ArmVmp : Match on catch block at 0xc3 in for 0x99
02-23 20:53:39.212 13540 13540 E ArmVmp : Match on catch block at 0xc3 in for 0x99
02-23 20:53:39.219 13540 13540 E ArmVmp : Match on catch block at 0xc3 in for 0x91
02-23 20:53:39.225 13540 13540 E ArmVmp : Match on catch block at 0xc3 in for 0x95
02-23 20:53:39.228 13540 13540 E ArmVmp : Match on catch block at 0xc3 in for 0x95
02-23 20:53:39.236 13540 13540 E ArmVmp : Match on catch block at 0xc3 in for 0x99
02-23 20:53:39.241 13540 13540 E ArmVmp : Match on catch block at 0xc3 in for 0x91
02-23 20:53:39.244 13540 13540 E ArmVmp : Match on catch block at 0xc3 in for 0x91
02-23 20:53:39.253 13540 13540 E ArmVmp : Match on catch block at 0xc3 in for 0x95
02-23 20:53:39.258 13540 13540 E ArmVmp : Match on catch block at 0xc3 in for 0x99
02-23 20:53:39.262 13540 13540 E ArmVmp : Match on catch block at 0xc3 in for 0x99
02-23 20:53:39.269 13540 13540 E ArmVmp : Match on catch block at 0xc3 in for 0x91
02-23 20:53:39.275 13540 13540 E ArmVmp : Match on catch block at 0xc3 in for 0x95
02-23 20:53:39.279 13540 13540 E ArmVmp : Match on catch block at 0xc3 in for 0x95
02-23 20:53:39.286 13540 13540 E ArmVmp : Match on catch block at 0xc3 in for 0x99
02-23 20:53:39.292 13540 13540 E ArmVmp : Match on catch block at 0xc3 in for 0x91
02-23 20:53:39.296 13540 13540 E ArmVmp : Match on catch block at 0xc3 in for 0x91
02-23 20:53:39.303 13540 13540 E ArmVmp : Match on catch block at 0xc3 in for 0x95
02-23 20:53:39.308 13540 13540 E ArmVmp : Match on catch block at 0xc3 in for 0x99
02-23 20:53:39.312 13540 13540 E ArmVmp : Match on catch block at 0xc3 in for 0x99
02-23 20:53:39.451 13540 13540 E ArmVmp : Match on catch block at 0xc3 in for 0x99
02-23 20:53:39.456 13540 13540 E ArmVmp : Match on catch block at 0xc3 in for 0x91
02-23 20:53:39.459 13540 13540 E ArmVmp : Match on catch block at 0xc3 in for 0x91
02-23 20:53:39.947 13540 13540 E ArmVmp : Match on catch block at 0xc3 in for 0x95
02-23 20:53:39.952 13540 13540 E ArmVmp : Match on catch block at 0xc3 in for 0x99
02-23 20:53:39.956 13540 13540 E ArmVmp : Match on catch block at 0xc3 in for 0x99
02-23 20:53:40.459 13540 13540 E ArmVmp : Match on catch block at 0xc3 in for 0x91
02-23 20:53:40.464 13540 13540 E ArmVmp : Match on catch block at 0xc3 in for 0x95
02-23 20:53:40.468 13540 13540 E ArmVmp : Match on catch block at 0xc3 in for 0x95
02-23 20:53:40.954 13540 13540 E ArmVmp : Match on catch block at 0xc3 in for 0x99
02-23 20:53:40.960 13540 13540 E ArmVmp : Match on catch block at 0xc3 in for 0x91
02-23 20:53:40.964 13540 13540 E ArmVmp : Match on catch block at 0xc3 in for 0x91
02-23 20:53:41.107 13540 13540 E ArmVmp : Match on catch block at 0xc3 in for 0x91
02-23 20:53:41.113 13540 13540 E ArmVmp : Match on catch block at 0xc3 in for 0x95
02-23 20:53:41.117 13540 13540 E ArmVmp : Match on catch block at 0xc3 in for 0x95
02-23 20:53:41.127 13540 13540 E ArmVmp : Match on catch block at 0xc3 in for 0x99
02-23 20:53:41.133 13540 13540 E ArmVmp : Match on catch block at 0xc3 in for 0x91
02-23 20:53:41.138 13540 13540 E ArmVmp : Match on catch block at 0xc3 in for 0x91
02-23 20:53:41.319 13540 13540 E ArmVmp : Match on catch block at 0xc3 in for 0x95
02-23 20:53:41.325 13540 13540 E ArmVmp : Match on catch block at 0xc3 in for 0x99
02-23 20:53:41.328 13540 13540 E ArmVmp : Match on catch block at 0xc3 in for 0x99
02-23 20:53:41.343 13540 13540 E ArmVmp : Match on catch block at 0xc3 in for 0x91
02-23 20:53:41.349 13540 13540 E ArmVmp : Match on catch block at 0xc3 in for 0x95
02-23 20:53:41.352 13540 13540 E ArmVmp : Match on catch block at 0xc3 in for 0x95
02-23 20:53:41.448 13540 13540 E ArmVmp : Match on catch block at 0xc3 in for 0x99
02-23 20:53:41.454 13540 13540 E ArmVmp : Match on catch block at 0xc3 in for 0x91
02-23 20:53:41.457 13540 13540 E ArmVmp : Match on catch block at 0xc3 in for 0x91
02-23 20:53:41.952 13540 13540 E ArmVmp : Match on catch block at 0xc3 in for 0x99
02-23 20:53:41.958 13540 13540 E ArmVmp : Match on catch block at 0xc3 in for 0x91
02-23 20:53:41.962 13540 13540 E ArmVmp : Match on catch block at 0xc3 in for 0x91
02-23 20:53:41.980 13540 13540 E ArmVmp : Match on catch block at 0xc3 in for 0x91
02-23 20:53:41.988 13540 13540 E ArmVmp : Match on catch block at 0xc3 in for 0x95
02-23 20:53:41.993 13540 13540 E ArmVmp : Match on catch block at 0xc3 in for 0x95
02-23 20:53:42.010 13540 13540 E ArmVmp : Match on catch block at 0xc3 in for 0x99
02-23 20:53:42.016 13540 13540 E ArmVmp : Match on catch block at 0xc3 in for 0x91
02-23 20:53:42.019 13540 13540 E ArmVmp : Match on catch block at 0xc3 in for 0x91
02-23 20:53:42.027 13540 13540 E ArmVmp : Match on catch block at 0xc3 in for 0x95
02-23 20:53:42.034 13540 13540 E ArmVmp : Match on catch block at 0xc3 in for 0x99
02-23 20:53:42.038 13540 13540 E ArmVmp : Match on catch block at 0xc3 in for 0x99
02-23 20:53:42.044 13540 13540 E ArmVmp : Match on catch block at 0xc3 in for 0x91
02-23 20:53:42.050 13540 13540 E ArmVmp : Match on catch block at 0xc3 in for 0x95
02-23 20:53:42.053 13540 13540 E ArmVmp : Match on catch block at 0xc3 in for 0x95
02-23 20:53:42.060 13540 13540 E ArmVmp : Match on catch block at 0xc3 in for 0x99
02-23 20:53:42.066 13540 13540 E ArmVmp : Match on catch block at 0xc3 in for 0x91
02-23 20:53:42.069 13540 13540 E ArmVmp : Match on catch block at 0xc3 in for 0x91
02-23 20:53:42.082 13540 13540 E ArmVmp : Match on catch block at 0xc3 in for 0x95
02-23 20:53:42.087 13540 13540 E ArmVmp : Match on catch block at 0xc3 in for 0x99
02-23 20:53:42.090 13540 13540 E ArmVmp : Match on catch block at 0xc3 in for 0x99
02-23 20:53:42.109 13540 13540 E ArmVmp : Match on catch block at 0xc3 in for 0x91
02-23 20:53:42.114 13540 13540 E ArmVmp : Match on catch block at 0xc3 in for 0x95
02-23 20:53:42.118 13540 13540 E ArmVmp : Match on catch block at 0xc3 in for 0x95
02-23 20:53:42.126 13540 13540 E ArmVmp : Match on catch block at 0xc3 in for 0x99
02-23 20:53:42.132 13540 13540 E ArmVmp : Match on catch block at 0xc3 in for 0x91
02-23 20:53:42.136 13540 13540 E ArmVmp : Match on catch block at 0xc3 in for 0x91
02-23 20:53:42.143 13540 13540 E ArmVmp : Match on catch block at 0xc3 in for 0x95
02-23 20:53:42.150 13540 13540 E ArmVmp : Match on catch block at 0xc3 in for 0x99
02-23 20:53:42.153 13540 13540 E ArmVmp : Match on catch block at 0xc3 in for 0x99
02-23 20:53:42.441 13540 13540 E ArmVmp : Match on catch block at 0xc3 in for 0x91
02-23 20:53:42.448 13540 13540 E ArmVmp : Match on catch block at 0xc3 in for 0x95
02-23 20:53:42.453 13540 13540 E ArmVmp : Match on catch block at 0xc3 in for 0x95
02-23 20:53:42.662 13540 13540 E ArmVmp : Match on catch block at 0xc3 in for 0x91
02-23 20:53:42.668 13540 13540 E ArmVmp : Match on catch block at 0xc3 in for 0x95
02-23 20:53:42.673 13540 13540 E ArmVmp : Match on catch block at 0xc3 in for 0x95
02-23 20:53:42.689 13540 13540 E ArmVmp : Match on catch block at 0xc3 in for 0x99
02-23 20:53:42.696 13540 13540 E ArmVmp : Match on catch block at 0xc3 in for 0x91
02-23 20:53:42.700 13540 13540 E ArmVmp : Match on catch block at 0xc3 in for 0x91
02-23 20:53:42.721 13540 13540 E ArmVmp : Match on catch block at 0xc3 in for 0x95
02-23 20:53:42.726 13540 13540 E ArmVmp : Match on catch block at 0xc3 in for 0x99
02-23 20:53:42.729 13540 13540 E ArmVmp : Match on catch block at 0xc3 in for 0x99
02-23 20:53:42.737 13540 13540 E ArmVmp : Match on catch block at 0xc3 in for 0x91
02-23 20:53:42.743 13540 13540 E ArmVmp : Match on catch block at 0xc3 in for 0x95
02-23 20:53:42.747 13540 13540 E ArmVmp : Match on catch block at 0xc3 in for 0x95
02-23 20:53:42.754 13540 13540 E ArmVmp : Match on catch block at 0xc3 in for 0x99
02-23 20:53:42.760 13540 13540 E ArmVmp : Match on catch block at 0xc3 in for 0x91
02-23 20:53:42.763 13540 13540 E ArmVmp : Match on catch block at 0xc3 in for 0x91
02-23 20:53:42.771 13540 13540 E ArmVmp : Match on catch block at 0xc3 in for 0x95
02-23 20:53:42.776 13540 13540 E ArmVmp : Match on catch block at 0xc3 in for 0x99
02-23 20:53:42.780 13540 13540 E ArmVmp : Match on catch block at 0xc3 in for 0x99
02-23 20:53:42.787 13540 13540 E ArmVmp : Match on catch block at 0xc3 in for 0x91
02-23 20:53:42.794 13540 13540 E ArmVmp : Match on catch block at 0xc3 in for 0x95
02-23 20:53:42.799 13540 13540 E ArmVmp : Match on catch block at 0xc3 in for 0x95
02-23 20:53:42.820 13540 13540 E ArmVmp : Match on catch block at 0xc3 in for 0x99
02-23 20:53:42.825 13540 13540 E ArmVmp : Match on catch block at 0xc3 in for 0x91
02-23 20:53:42.829 13540 13540 E ArmVmp : Match on catch block at 0xc3 in for 0x91
02-23 20:53:42.836 13540 13540 E ArmVmp : Match on catch block at 0xc3 in for 0x95
02-23 20:53:42.841 13540 13540 E ArmVmp : Match on catch block at 0xc3 in for 0x99
02-23 20:53:42.845 13540 13540 E ArmVmp : Match on catch block at 0xc3 in for 0x99
02-23 20:53:42.853 13540 13540 E ArmVmp : Match on catch block at 0xc3 in for 0x91
02-23 20:53:42.858 13540 13540 E ArmVmp : Match on catch block at 0xc3 in for 0x95
02-23 20:53:42.862 13540 13540 E ArmVmp : Match on catch block at 0xc3 in for 0x95
02-23 20:53:42.869 13540 13540 E ArmVmp : Match on catch block at 0xc3 in for 0x99
02-23 20:53:42.878 13540 13540 E ArmVmp : Match on catch block at 0xc3 in for 0x91
02-23 20:53:42.882 13540 13540 E ArmVmp : Match on catch block at 0xc3 in for 0x91
02-23 20:53:42.888 13540 13540 E ArmVmp : Match on catch block at 0xc3 in for 0x95
02-23 20:53:42.895 13540 13540 E ArmVmp : Match on catch block at 0xc3 in for 0x99
02-23 20:53:42.899 13540 13540 E ArmVmp : Match on catch block at 0xc3 in for 0x99
02-23 20:53:42.905 13540 13540 E ArmVmp : Match on catch block at 0xc3 in for 0x91
02-23 20:53:42.911 13540 13540 E ArmVmp : Match on catch block at 0xc3 in for 0x95
02-23 20:53:42.915 13540 13540 E ArmVmp : Match on catch block at 0xc3 in for 0x95
02-23 20:53:42.921 13540 13540 E ArmVmp : Match on catch block at 0xc3 in for 0x99
02-23 20:53:42.928 13540 13540 E ArmVmp : Match on catch block at 0xc3 in for 0x91
02-23 20:53:42.931 13540 13540 E ArmVmp : Match on catch block at 0xc3 in for 0x91
02-23 20:53:42.937 13540 13540 E ArmVmp : Match on catch block at 0xc3 in for 0x95
02-23 20:53:42.943 13540 13540 E ArmVmp : Match on catch block at 0xc3 in for 0x99
02-23 20:53:42.947 13540 13540 E ArmVmp : Match on catch block at 0xc3 in for 0x99
02-23 20:53:42.954 13540 13540 E ArmVmp : Match on catch block at 0xc3 in for 0x91
02-23 20:53:42.960 13540 13540 E ArmVmp : Match on catch block at 0xc3 in for 0x95
02-23 20:53:42.965 13540 13540 E ArmVmp : Match on catch block at 0xc3 in for 0x95
02-23 20:53:42.972 13540 13540 E ArmVmp : Match on catch block at 0xc3 in for 0x99
02-23 20:53:42.978 13540 13540 E ArmVmp : Match on catch block at 0xc3 in for 0x91
02-23 20:53:42.982 13540 13540 E ArmVmp : Match on catch block at 0xc3 in for 0x91
02-23 20:53:42.989 13540 13540 E ArmVmp : Match on catch block at 0xc3 in for 0x95
02-23 20:53:42.996 13540 13540 E ArmVmp : Match on catch block at 0xc3 in for 0x99
02-23 20:53:42.999 13540 13540 E ArmVmp : Match on catch block at 0xc3 in for 0x99
02-23 20:53:43.006 13540 13540 E ArmVmp : Match on catch block at 0xc3 in for 0x91
02-23 20:53:43.013 13540 13540 E ArmVmp : Match on catch block at 0xc3 in for 0x95
02-23 20:53:43.017 13540 13540 E ArmVmp : Match on catch block at 0xc3 in for 0x95
02-23 20:53:43.024 13540 13540 E ArmVmp : Match on catch block at 0xc3 in for 0x99
02-23 20:53:43.030 13540 13540 E ArmVmp : Match on catch block at 0xc3 in for 0x91
02-23 20:53:43.034 13540 13540 E ArmVmp : Match on catch block at 0xc3 in for 0x91
02-23 20:53:43.041 13540 13540 E ArmVmp : Match on catch block at 0xc3 in for 0x95
02-23 20:53:43.047 13540 13540 E ArmVmp : Match on catch block at 0xc3 in for 0x99
02-23 20:53:43.051 13540 13540 E ArmVmp : Match on catch block at 0xc3 in for 0x99
02-23 20:53:43.057 13540 13540 E ArmVmp : Match on catch block at 0xc3 in for 0x91
02-23 20:53:43.064 13540 13540 E ArmVmp : Match on catch block at 0xc3 in for 0x95
02-23 20:53:43.068 13540 13540 E ArmVmp : Match on catch block at 0xc3 in for 0x95
02-23 20:53:43.074 13540 13540 E ArmVmp : Match on catch block at 0xc3 in for 0x99
02-23 20:53:43.080 13540 13540 E ArmVmp : Match on catch block at 0xc3 in for 0x91
02-23 20:53:43.084 13540 13540 E ArmVmp : Match on catch block at 0xc3 in for 0x91
02-23 20:53:43.091 13540 13540 E ArmVmp : Match on catch block at 0xc3 in for 0x95
02-23 20:53:43.098 13540 13540 E ArmVmp : Match on catch block at 0xc3 in for 0x99
02-23 20:53:43.102 13540 13540 E ArmVmp : Match on catch block at 0xc3 in for 0x99
02-23 20:53:43.117 13540 13540 E ArmVmp : Match on catch block at 0xc3 in for 0x91
02-23 20:53:43.123 13540 13540 E ArmVmp : Match on catch block at 0xc3 in for 0x95
02-23 20:53:43.127 13540 13540 E ArmVmp : Match on catch block at 0xc3 in for 0x95
02-23 20:53:43.134 13540 13540 E ArmVmp : Match on catch block at 0xc3 in for 0x99
02-23 20:53:43.141 13540 13540 E ArmVmp : Match on catch block at 0xc3 in for 0x91
02-23 20:53:43.144 13540 13540 E ArmVmp : Match on catch block at 0xc3 in for 0x91
02-23 20:53:43.150 13540 13540 E ArmVmp : Match on catch block at 0xc3 in for 0x95
02-23 20:53:43.155 13540 13540 E ArmVmp : Match on catch block at 0xc3 in for 0x99
02-23 20:53:43.159 13540 13540 E ArmVmp : Match on catch block at 0xc3 in for 0x99
02-23 20:53:43.290 13540 13540 E ArmVmp : Match on catch block at 0xc3 in for 0x95
02-23 20:53:43.295 13540 13540 E ArmVmp : Match on catch block at 0xc3 in for 0x99
02-23 20:53:43.317 13540 13540 E ArmVmp : Match on catch block at 0xc3 in for 0x99
02-23 20:53:43.324 13540 13540 E ArmVmp : Match on catch block at 0xc3 in for 0x91
02-23 20:53:43.328 13540 13540 E ArmVmp : Match on catch block at 0xc3 in for 0x91
02-23 20:53:43.348 13540 13540 E ArmVmp : Match on catch block at 0xc3 in for 0x95
02-23 20:53:43.354 13540 13540 E ArmVmp : Match on catch block at 0xc3 in for 0x99
02-23 20:53:43.357 13540 13540 E ArmVmp : Match on catch block at 0xc3 in for 0x99
02-23 20:53:43.364 13540 13540 E ArmVmp : Match on catch block at 0xc3 in for 0x91
02-23 20:53:43.370 13540 13540 E ArmVmp : Match on catch block at 0xc3 in for 0x95
02-23 20:53:43.374 13540 13540 E ArmVmp : Match on catch block at 0xc3 in for 0x95
02-23 20:53:43.381 13540 13540 E ArmVmp : Match on catch block at 0xc3 in for 0x99
02-23 20:53:43.386 13540 13540 E ArmVmp : Match on catch block at 0xc3 in for 0x91
02-23 20:53:43.389 13540 13540 E ArmVmp : Match on catch block at 0xc3 in for 0x91
02-23 20:53:43.404 13540 13540 E ArmVmp : Match on catch block at 0xc3 in for 0x95
02-23 20:53:43.409 13540 13540 E ArmVmp : Match on catch block at 0xc3 in for 0x99
02-23 20:53:43.412 13540 13540 E ArmVmp : Match on catch block at 0xc3 in for 0x99
02-23 20:53:43.430 13540 13540 E ArmVmp : Match on catch block at 0xc3 in for 0x91
02-23 20:53:43.437 13540 13540 E ArmVmp : Match on catch block at 0xc3 in for 0x95
02-23 20:53:43.441 13540 13540 E ArmVmp : Match on catch block at 0xc3 in for 0x95
02-23 20:53:43.452 13540 13540 E ArmVmp : Match on catch block at 0xc3 in for 0x99
02-23 20:53:43.458 13540 13540 E ArmVmp : Match on catch block at 0xc3 in for 0x91
02-23 20:53:43.462 13540 13540 E ArmVmp : Match on catch block at 0xc3 in for 0x91
02-23 20:53:43.480 13540 13540 E ArmVmp : Match on catch block at 0xc3 in for 0x95
02-23 20:53:43.486 13540 13540 E ArmVmp : Match on catch block at 0xc3 in for 0x99
02-23 20:53:43.489 13540 13540 E ArmVmp : Match on catch block at 0xc3 in for 0x99
02-23 20:53:43.496 13540 13540 E ArmVmp : Match on catch block at 0xc3 in for 0x91
02-23 20:53:43.502 13540 13540 E ArmVmp : Match on catch block at 0xc3 in for 0x95
02-23 20:53:43.505 13540 13540 E ArmVmp : Match on catch block at 0xc3 in for 0x95
02-23 20:53:43.603 13540 13540 E ArmVmp : Match on catch block at 0xc3 in for 0x95
02-23 20:53:43.608 13540 13540 E ArmVmp : Match on catch block at 0xc3 in for 0x99
02-23 20:53:43.611 13540 13540 E ArmVmp : Match on catch block at 0xc3 in for 0x99
02-23 20:53:43.629 13540 13540 E ArmVmp : Match on catch block at 0xc3 in for 0x91
02-23 20:53:43.634 13540 13540 E ArmVmp : Match on catch block at 0xc3 in for 0x95
02-23 20:53:43.637 13540 13540 E ArmVmp : Match on catch block at 0xc3 in for 0x95
02-23 20:53:43.645 13540 13540 E ArmVmp : Match on catch block at 0xc3 in for 0x99
02-23 20:53:43.651 13540 13540 E ArmVmp : Match on catch block at 0xc3 in for 0x91
02-23 20:53:43.654 13540 13540 E ArmVmp : Match on catch block at 0xc3 in for 0x91
02-23 20:53:43.662 13540 13540 E ArmVmp : Match on catch block at 0xc3 in for 0x95
02-23 20:53:43.668 13540 13540 E ArmVmp : Match on catch block at 0xc3 in for 0x99
02-23 20:53:43.671 13540 13540 E ArmVmp : Match on catch block at 0xc3 in for 0x99
02-23 20:53:43.678 13540 13540 E ArmVmp : Match on catch block at 0xc3 in for 0x91
02-23 20:53:43.684 13540 13540 E ArmVmp : Match on catch block at 0xc3 in for 0x95
02-23 20:53:43.688 13540 13540 E ArmVmp : Match on catch block at 0xc3 in for 0x95
02-23 20:53:43.695 13540 13540 E ArmVmp : Match on catch block at 0xc3 in for 0x99
02-23 20:53:43.700 13540 13540 E ArmVmp : Match on catch block at 0xc3 in for 0x91
02-23 20:53:43.704 13540 13540 E ArmVmp : Match on catch block at 0xc3 in for 0x91
02-23 20:53:43.711 13540 13540 E ArmVmp : Match on catch block at 0xc3 in for 0x95
02-23 20:53:43.717 13540 13540 E ArmVmp : Match on catch block at 0xc3 in for 0x99
02-23 20:53:43.721 13540 13540 E ArmVmp : Match on catch block at 0xc3 in for 0x99
02-23 20:53:43.735 13540 13540 E ArmVmp : Match on catch block at 0xc3 in for 0x91
02-23 20:53:43.741 13540 13540 E ArmVmp : Match on catch block at 0xc3 in for 0x95
02-23 20:53:43.744 13540 13540 E ArmVmp : Match on catch block at 0xc3 in for 0x95
02-23 20:53:43.761 13540 13540 E ArmVmp : Match on catch block at 0xc3 in for 0x99
