02-23 20:51:43.634 13540 22374 W MediaPlayer: Use of stream types is deprecated for
operations other than volume control
02-23 20:51:43.634 13540 22374 W MediaPlayer: See the documentation of
setAudioStreamType() for what to use instead with android.media.AudioAttributes to
qualify your playback use case
02-23 20:51:43.637 13540 13540 E ArmVmp : Match on catch block at 0xc3 in for 0x95
02-23 20:51:43.805 13540 13540 E ArmVmp : Match on catch block at 0xc3 in for 0x99
02-23 20:51:43.811 13540 13540 E ArmVmp : Match on catch block at 0xc3 in for 0x91
02-23 20:51:43.912 13540 13540 E ArmVmp : Match on catch block at 0xc3 in for 0x95
02-23 20:51:43.916 13540 13540 E ArmVmp : Match on catch block at 0xc3 in for 0x99
02-23 20:51:43.936 13540 13540 E ArmVmp : Match on catch block at 0xc3 in for 0x91
02-23 20:51:43.940 13540 13540 E ArmVmp : Match on catch block at 0xc3 in for 0x95
02-23 20:51:43.958 13540 13540 E ArmVmp : Match on catch block at 0xc3 in for 0x99
02-23 20:51:43.962 13540 13540 E ArmVmp : Match on catch block at 0xc3 in for 0x91
02-23 20:51:44.303 13540 13540 E ArmVmp : Match on catch block at 0xc3 in for 0x95
02-23 20:51:44.309 13540 13540 E ArmVmp : Match on catch block at 0xc3 in for 0x99
02-23 20:51:44.813 13540 13540 E ArmVmp : Match on catch block at 0xc3 in for 0x95
02-23 20:51:44.819 13540 13540 E ArmVmp : Match on catch block at 0xc3 in for 0x99
02-23 20:51:45.308 13540 13540 E ArmVmp : Match on catch block at 0xc3 in for 0x95
02-23 20:51:45.313 13540 13540 E ArmVmp : Match on catch block at 0xc3 in for 0x99
02-23 20:51:45.524 13540 13540 E ArmVmp : Match on catch block at 0xc3 in for 0x95
02-23 20:51:45.531 13540 13540 E ArmVmp : Match on catch block at 0xc3 in for 0x99
02-23 20:51:45.541 13540 13540 E ArmVmp : Match on catch block at 0xc3 in for 0x95
02-23 20:51:45.548 13540 13540 E ArmVmp : Match on catch block at 0xc3 in for 0x99
02-23 20:51:45.557 13540 13540 E ArmVmp : Match on catch block at 0xc3 in for 0x95
02-23 20:51:45.564 13540 13540 E ArmVmp : Match on catch block at 0xc3 in for 0x99
02-23 20:51:45.573 13540 13540 E ArmVmp : Match on catch block at 0xc3 in for 0x95
02-23 20:51:45.580 13540 13540 E ArmVmp : Match on catch block at 0xc3 in for 0x99
02-23 20:51:45.589 13540 13540 E ArmVmp : Match on catch block at 0xc3 in for 0x95
02-23 20:51:45.596 13540 13540 E ArmVmp : Match on catch block at 0xc3 in for 0x99
02-23 20:51:45.606 13540 13540 E ArmVmp : Match on catch block at 0xc3 in for 0x95
02-23 20:51:45.611 13540 13540 E ArmVmp : Match on catch block at 0xc3 in for 0x99
02-23 20:51:45.623 13540 13540 E ArmVmp : Match on catch block at 0xc3 in for 0x95
02-23 20:51:45.631 13540 13540 E ArmVmp : Match on catch block at 0xc3 in for 0x99
02-23 20:51:45.640 13540 13540 E ArmVmp : Match on catch block at 0xc3 in for 0x95
02-23 20:51:45.647 13540 13540 E ArmVmp : Match on catch block at 0xc3 in for 0x99
02-23 20:51:45.655 13540 13540 E ArmVmp : Match on catch block at 0xc3 in for 0x95
02-23 20:51:45.660 13540 13540 E ArmVmp : Match on catch block at 0xc3 in for 0x99
02-23 20:51:45.671 13540 13540 E ArmVmp : Match on catch block at 0xc3 in for 0x95
02-23 20:51:45.677 13540 13540 E ArmVmp : Match on catch block at 0xc3 in for 0x99
02-23 20:51:45.688 13540 13540 E ArmVmp : Match on catch block at 0xc3 in for 0x95
02-23 20:51:45.694 13540 13540 E ArmVmp : Match on catch block at 0xc3 in for 0x99
02-23 20:51:45.705 13540 13540 E ArmVmp : Match on catch block at 0xc3 in for 0x95
02-23 20:51:45.710 13540 13540 E ArmVmp : Match on catch block at 0xc3 in for 0x99
02-23 20:51:45.721 13540 13540 E ArmVmp : Match on catch block at 0xc3 in for 0x95
02-23 20:51:45.727 13540 13540 E ArmVmp : Match on catch block at 0xc3 in for 0x99
02-23 20:51:45.738 13540 13540 E ArmVmp : Match on catch block at 0xc3 in for 0x95
02-23 20:51:45.744 13540 13540 E ArmVmp : Match on catch block at 0xc3 in for 0x99
02-23 20:51:45.754 13540 13540 E ArmVmp : Match on catch block at 0xc3 in for 0x95
02-23 20:51:45.760 13540 13540 E ArmVmp : Match on catch block at 0xc3 in for 0x99
02-23 20:51:45.771 13540 13540 E ArmVmp : Match on catch block at 0xc3 in for 0x95
02-23 20:51:45.776 13540 13540 E ArmVmp : Match on catch block at 0xc3 in for 0x99
02-23 20:51:45.787 13540 13540 E ArmVmp : Match on catch block at 0xc3 in for 0x95
02-23 20:51:45.792 13540 13540 E ArmVmp : Match on catch block at 0xc3 in for 0x99
02-23 20:51:45.804 13540 13540 E ArmVmp : Match on catch block at 0xc3 in for 0x95
02-23 20:51:45.809 13540 13540 E ArmVmp : Match on catch block at 0xc3 in for 0x99
02-23 20:51:46.316 13540 13540 E ArmVmp : Match on catch block at 0xc3 in for 0x95
02-23 20:51:46.322 13540 13540 E ArmVmp : Match on catch block at 0xc3 in for 0x99
02-23 20:51:46.652 13540 13540 E ArmVmp : Match on catch block at 0xc3 in for 0x99
02-23 20:51:46.657 13540 13540 E ArmVmp : Match on catch block at 0xc3 in for 0x91
02-23 20:51:46.679 13540 13540 E ArmVmp : Match on catch block at 0xc3 in for 0x95
02-23 20:51:46.684 13540 13540 E ArmVmp : Match on catch block at 0xc3 in for 0x99
02-23 20:51:46.696 13540 13540 E ArmVmp : Match on catch block at 0xc3 in for 0x95
02-23 20:51:46.702 13540 13540 E ArmVmp : Match on catch block at 0xc3 in for 0x99
02-23 20:51:46.713 13540 13540 E ArmVmp : Match on catch block at 0xc3 in for 0x95
02-23 20:51:46.719 13540 13540 E ArmVmp : Match on catch block at 0xc3 in for 0x99
02-23 20:51:46.728 13540 13540 E ArmVmp : Match on catch block at 0xc3 in for 0x95
02-23 20:51:46.733 13540 13540 E ArmVmp : Match on catch block at 0xc3 in for 0x99
02-23 20:51:46.745 13540 13540 E ArmVmp : Match on catch block at 0xc3 in for 0x95
02-23 20:51:46.749 13540 13540 E ArmVmp : Match on catch block at 0xc3 in for 0x99
02-23 20:51:46.762 13540 13540 E ArmVmp : Match on catch block at 0xc3 in for 0x95
02-23 20:51:46.767 13540 13540 E ArmVmp : Match on catch block at 0xc3 in for 0x99
02-23 20:51:46.784 13540 13540 E ArmVmp : Match on catch block at 0xc3 in for 0x95
02-23 20:51:46.789 13540 13540 E ArmVmp : Match on catch block at 0xc3 in for 0x99
02-23 20:51:46.811 13540 13540 E ArmVmp : Match on catch block at 0xc3 in for 0x95
02-23 20:51:46.816 13540 13540 E ArmVmp : Match on catch block at 0xc3 in for 0x99
02-23 20:51:46.828 13540 13540 E ArmVmp : Match on catch block at 0xc3 in for 0x95
02-23 20:51:46.834 13540 13540 E ArmVmp : Match on catch block at 0xc3 in for 0x99
02-23 20:51:46.845 13540 13540 E ArmVmp : Match on catch block at 0xc3 in for 0x95
02-23 20:51:46.850 13540 13540 E ArmVmp : Match on catch block at 0xc3 in for 0x99
02-23 20:51:47.115 13540 13540 E ArmVmp : Match on catch block at 0xc3 in for 0x99
02-23 20:51:47.120 13540 13540 E ArmVmp : Match on catch block at 0xc3 in for 0x91
02-23 20:51:47.142 13540 13540 E ArmVmp : Match on catch block at 0xc3 in for 0x99
02-23 20:51:47.147 13540 13540 E ArmVmp : Match on catch block at 0xc3 in for 0x91
02-23 20:51:47.158 13540 13540 E ArmVmp : Match on catch block at 0xc3 in for 0x99
02-23 20:51:47.163 13540 13540 E ArmVmp : Match on catch block at 0xc3 in for 0x91
02-23 20:51:47.174 13540 13540 E ArmVmp : Match on catch block at 0xc3 in for 0x99
02-23 20:51:47.179 13540 13540 E ArmVmp : Match on catch block at 0xc3 in for 0x91
02-23 20:51:47.191 13540 13540 E ArmVmp : Match on catch block at 0xc3 in for 0x99
02-23 20:51:47.196 13540 13540 E ArmVmp : Match on catch block at 0xc3 in for 0x91
02-23 20:51:47.207 13540 13540 E ArmVmp : Match on catch block at 0xc3 in for 0x99
02-23 20:51:47.213 13540 13540 E ArmVmp : Match on catch block at 0xc3 in for 0x91
02-23 20:51:47.224 13540 13540 E ArmVmp : Match on catch block at 0xc3 in for 0x99
02-23 20:51:47.229 13540 13540 E ArmVmp : Match on catch block at 0xc3 in for 0x91
02-23 20:51:47.240 13540 13540 E ArmVmp : Match on catch block at 0xc3 in for 0x99
02-23 20:51:47.246 13540 13540 E ArmVmp : Match on catch block at 0xc3 in for 0x91
02-23 20:51:47.257 13540 13540 E ArmVmp : Match on catch block at 0xc3 in for 0x99
02-23 20:51:47.263 13540 13540 E ArmVmp : Match on catch block at 0xc3 in for 0x91
02-23 20:51:47.273 13540 13540 E ArmVmp : Match on catch block at 0xc3 in for 0x99
02-23 20:51:47.278 13540 13540 E ArmVmp : Match on catch block at 0xc3 in for 0x91
02-23 20:51:47.290 13540 13540 E ArmVmp : Match on catch block at 0xc3 in for 0x99
02-23 20:51:47.295 13540 13540 E ArmVmp : Match on catch block at 0xc3 in for 0x91
02-23 20:51:47.307 13540 13540 E ArmVmp : Match on catch block at 0xc3 in for 0x99
02-23 20:51:47.314 13540 13540 E ArmVmp : Match on catch block at 0xc3 in for 0x91
02-23 20:51:47.605 13540 13540 E ArmVmp : Match on catch block at 0xc3 in for 0x99
02-23 20:51:47.612 13540 13540 E ArmVmp : Match on catch block at 0xc3 in for 0x91
02-23 20:51:47.827 13540 13540 E ArmVmp : Match on catch block at 0xc3 in for 0x91
02-23 20:51:47.835 13540 13540 E ArmVmp : Match on catch block at 0xc3 in for 0x95
02-23 20:51:47.864 13540 13540 E ArmVmp : Match on catch block at 0xc3 in for 0x99
02-23 20:51:47.869 13540 13540 E ArmVmp : Match on catch block at 0xc3 in for 0x91
02-23 20:51:47.885 13540 13540 E ArmVmp : Match on catch block at 0xc3 in for 0x99
02-23 20:51:47.889 13540 13540 E ArmVmp : Match on catch block at 0xc3 in for 0x91
02-23 20:51:47.901 13540 13540 E ArmVmp : Match on catch block at 0xc3 in for 0x99
02-23 20:51:47.906 13540 13540 E ArmVmp : Match on catch block at 0xc3 in for 0x91
02-23 20:51:47.917 13540 13540 E ArmVmp : Match on catch block at 0xc3 in for 0x99
02-23 20:51:47.921 13540 13540 E ArmVmp : Match on catch block at 0xc3 in for 0x91
02-23 20:51:47.934 13540 13540 E ArmVmp : Match on catch block at 0xc3 in for 0x99
02-23 20:51:47.938 13540 13540 E ArmVmp : Match on catch block at 0xc3 in for 0x91
02-23 20:51:47.955 13540 13540 E ArmVmp : Match on catch block at 0xc3 in for 0x99
02-23 20:51:47.960 13540 13540 E ArmVmp : Match on catch block at 0xc3 in for 0x91
02-23 20:51:47.968 13540 13540 E ArmVmp : Match on catch block at 0xc3 in for 0x99
02-23 20:51:47.974 13540 13540 E ArmVmp : Match on catch block at 0xc3 in for 0x91
02-23 20:51:47.988 13540 13540 E ArmVmp : Match on catch block at 0xc3 in for 0x99
02-23 20:51:47.995 13540 13540 E ArmVmp : Match on catch block at 0xc3 in for 0x91
02-23 20:51:48.016 13540 13540 E ArmVmp : Match on catch block at 0xc3 in for 0x99
02-23 20:51:48.022 13540 13540 E ArmVmp : Match on catch block at 0xc3 in for 0x91
02-23 20:51:48.033 13540 13540 E ArmVmp : Match on catch block at 0xc3 in for 0x99
02-23 20:51:48.038 13540 13540 E ArmVmp : Match on catch block at 0xc3 in for 0x91
02-23 20:51:48.249 13540 13540 E ArmVmp : Match on catch block at 0xc3 in for 0x99
02-23 20:51:48.261 13540 13540 E ArmVmp : Match on catch block at 0xc3 in for 0x91
02-23 20:51:48.413 13540 13540 E ArmVmp : Match on catch block at 0xc3 in for 0x99
02-23 20:51:48.419 13540 13540 E ArmVmp : Match on catch block at 0xc3 in for 0x91
02-23 20:51:48.677 13540 13540 E ArmVmp : Match on catch block at 0xc3 in for 0x99
02-23 20:51:48.683 13540 13540 E ArmVmp : Match on catch block at 0xc3 in for 0x91
02-23 20:51:48.858 13540 13540 E ArmVmp : Match on catch block at 0xc3 in for 0x99
02-23 20:51:48.865 13540 13540 E ArmVmp : Match on catch block at 0xc3 in for 0x91
02-23 20:51:49.090 13540 13540 E ArmVmp : Match on catch block at 0xc3 in for 0x99
02-23 20:51:49.096 13540 13540 E ArmVmp : Match on catch block at 0xc3 in for 0x91
02-23 20:51:49.471 13540 13540 E ArmVmp : Match on catch block at 0xc3 in for 0x99
02-23 20:51:49.478 13540 13540 E ArmVmp : Match on catch block at 0xc3 in for 0x91
02-23 20:51:49.783 13540 13540 E ArmVmp : Match on catch block at 0xc3 in for 0x99
02-23 20:51:49.789 13540 13540 E ArmVmp : Match on catch block at 0xc3 in for 0x91
02-23 20:51:49.999 13540 13540 E ArmVmp : Match on catch block at 0xc3 in for 0x99
02-23 20:51:50.005 13540 13540 E ArmVmp : Match on catch block at 0xc3 in for 0x91
02-23 20:51:50.213 13540 13540 E ArmVmp : Match on catch block at 0xc3 in for 0x99
02-23 20:51:50.220 13540 13540 E ArmVmp : Match on catch block at 0xc3 in for 0x91
02-23 20:51:50.728 13540 13540 E ArmVmp : Match on catch block at 0xc3 in for 0x99
02-23 20:51:50.736 13540 13540 E ArmVmp : Match on catch block at 0xc3 in for 0x91
02-23 20:51:50.857 13540 13540 E ArmVmp : Match on catch block at 0xc3 in for 0x99
02-23 20:51:50.863 13540 13540 E ArmVmp : Match on catch block at 0xc3 in for 0x91
02-23 20:51:51.372 13540 13540 E ArmVmp : Match on catch block at 0xc3 in for 0x99
02-23 20:51:51.379 13540 13540 E ArmVmp : Match on catch block at 0xc3 in for 0x91
02-23 20:51:51.634 13540 13540 E ArmVmp : Match on catch block at 0xc3 in for 0x99
02-23 20:51:51.642 13540 13540 E ArmVmp : Match on catch block at 0xc3 in for 0x91
02-23 20:51:52.148 13540 13540 E ArmVmp : Match on catch block at 0xc3 in for 0x99
02-23 20:51:52.155 13540 13540 E ArmVmp : Match on catch block at 0xc3 in for 0x91
02-23 20:51:52.570 13540 13540 E ArmVmp : Match on catch block at 0xc3 in for 0x91
02-23 20:51:52.577 13540 13540 E ArmVmp : Match on catch block at 0xc3 in for 0x95
02-23 20:51:52.651 13540 13540 E ArmVmp : Match on catch block at 0xc3 in for 0x95
02-23 20:51:52.658 13540 13540 E ArmVmp : Match on catch block at 0xc3 in for 0x99
02-23 20:51:52.694 13540 13540 E ArmVmp : Match on catch block at 0xc3 in for 0x99
02-23 20:51:52.700 13540 13540 E ArmVmp : Match on catch block at 0xc3 in for 0x91
02-23 20:51:52.785 13540 13540 E ArmVmp : Match on catch block at 0xc3 in for 0x99
02-23 20:51:52.792 13540 13540 E ArmVmp : Match on catch block at 0xc3 in for 0x91
02-23 20:51:52.813 13540 13540 E ArmVmp : Match on catch block at 0xc3 in for 0x99
02-23 20:51:52.819 13540 13540 E ArmVmp : Match on catch block at 0xc3 in for 0x91
02-23 20:51:52.843 13540 13540 E ArmVmp : Match on catch block at 0xc3 in for 0x99
02-23 20:51:52.851 13540 13540 E ArmVmp : Match on catch block at 0xc3 in for 0x91
02-23 20:51:52.875 13540 13540 E ArmVmp : Match on catch block at 0xc3 in for 0x99
02-23 20:51:52.883 13540 13540 E ArmVmp : Match on catch block at 0xc3 in for 0x91
02-23 20:51:52.906 13540 13540 E ArmVmp : Match on catch block at 0xc3 in for 0x99
02-23 20:51:52.915 13540 13540 E ArmVmp : Match on catch block at 0xc3 in for 0x91
02-23 20:51:52.933 13540 13540 E ArmVmp : Match on catch block at 0xc3 in for 0x99
02-23 20:51:52.941 13540 13540 E ArmVmp : Match on catch block at 0xc3 in for 0x91
02-23 20:51:52.960 13540 13540 E ArmVmp : Match on catch block at 0xc3 in for 0x99
02-23 20:51:52.967 13540 13540 E ArmVmp : Match on catch block at 0xc3 in for 0x91
02-23 20:51:52.985 13540 13540 E ArmVmp : Match on catch block at 0xc3 in for 0x99
02-23 20:51:52.992 13540 13540 E ArmVmp : Match on catch block at 0xc3 in for 0x91
02-23 20:51:53.018 13540 13540 E ArmVmp : Match on catch block at 0xc3 in for 0x99
02-23 20:51:53.028 13540 13540 E ArmVmp : Match on catch block at 0xc3 in for 0x91
02-23 20:51:53.049 13540 13540 E ArmVmp : Match on catch block at 0xc3 in for 0x99
02-23 20:51:53.059 13540 13540 E ArmVmp : Match on catch block at 0xc3 in for 0x91
02-23 20:51:53.299 13540 13540 E ArmVmp : Match on catch block at 0xc3 in for 0x99
02-23 20:51:53.316 13540 13540 E ArmVmp : Match on catch block at 0xc3 in for 0x91
02-23 20:51:53.496 13540 13863 W RenderInspector: DequeueBuffer time out on Toast,
count=6, avg=37 ms, max=39 ms.
02-23 20:51:53.764 13540 13540 E ArmVmp : Match on catch block at 0xc3 in for 0x95
02-23 20:51:53.769 13540 13540 E ArmVmp : Match on catch block at 0xc3 in for 0x99
02-23 20:51:53.814 13540 13540 E ArmVmp : Match on catch block at 0xc3 in for 0x99
02-23 20:51:53.819 13540 13540 E ArmVmp : Match on catch block at 0xc3 in for 0x91
02-23 20:51:53.848 13540 13540 E ArmVmp : Match on catch block at 0xc3 in for 0x91
02-23 20:51:53.853 13540 13540 E ArmVmp : Match on catch block at 0xc3 in for 0x95
02-23 20:51:53.883 13540 13540 E ArmVmp : Match on catch block at 0xc3 in for 0x91
02-23 20:51:53.889 13540 13540 E ArmVmp : Match on catch block at 0xc3 in for 0x95
02-23 20:51:53.898 13540 13540 E ArmVmp : Match on catch block at 0xc3 in for 0x91
02-23 20:51:53.903 13540 13540 E ArmVmp : Match on catch block at 0xc3 in for 0x95
02-23 20:51:53.959 13540 13540 E ArmVmp : Match on catch block at 0xc3 in for 0x91
02-23 20:51:53.965 13540 13540 E ArmVmp : Match on catch block at 0xc3 in for 0x95
02-23 20:51:54.000 13540 13540 E ArmVmp : Match on catch block at 0xc3 in for 0x91
02-23 20:51:54.006 13540 13540 E ArmVmp : Match on catch block at 0xc3 in for 0x95
02-23 20:51:54.022 13540 13540 E ArmVmp : Match on catch block at 0xc3 in for 0x99
02-23 20:51:54.028 13540 13540 E ArmVmp : Match on catch block at 0xc3 in for 0x91
02-23 20:51:54.035 13540 13540 E ArmVmp : Match on catch block at 0xc3 in for 0x99
02-23 20:51:54.040 13540 13540 E ArmVmp : Match on catch block at 0xc3 in for 0x91
02-23 20:51:54.061 13540 13540 E ArmVmp : Match on catch block at 0xc3 in for 0x99
02-23 20:51:54.065 13540 13540 E ArmVmp : Match on catch block at 0xc3 in for 0x91
02-23 20:51:54.167 13540 13540 E ArmVmp : Match on catch block at 0xc3 in for 0x99
02-23 20:51:54.173 13540 13540 E ArmVmp : Match on catch block at 0xc3 in for 0x91
02-23 20:51:54.182 13540 22374 W MediaPlayer: Use of stream types is deprecated for
operations other than volume control
02-23 20:51:54.182 13540 22374 W MediaPlayer: See the documentation of
setAudioStreamType() for what to use instead with android.media.AudioAttributes to
qualify your playback use case
02-23 20:51:54.184 13540 13540 E ArmVmp : Match on catch block at 0xc3 in for 0x99
02-23 20:51:54.191 13540 13540 E ArmVmp : Match on catch block at 0xc3 in for 0x91
02-23 20:51:54.342 13540 13540 E ArmVmp : Match on catch block at 0xc3 in for 0x95
02-23 20:51:54.347 13540 13540 E ArmVmp : Match on catch block at 0xc3 in for 0x99
02-23 20:51:54.399 13540 13540 E ArmVmp : Match on catch block at 0xc3 in for 0x91
02-23 20:51:54.404 13540 13540 E ArmVmp : Match on catch block at 0xc3 in for 0x95
02-23 20:51:54.447 13540 13540 E ArmVmp : Match on catch block at 0xc3 in for 0x99
02-23 20:51:54.453 13540 13540 E ArmVmp : Match on catch block at 0xc3 in for 0x91
02-23 20:51:54.470 13540 13540 E ArmVmp : Match on catch block at 0xc3 in for 0x91
02-23 20:51:54.477 13540 13540 E ArmVmp : Match on catch block at 0xc3 in for 0x95
02-23 20:51:54.492 13540 13540 E ArmVmp : Match on catch block at 0xc3 in for 0x95
02-23 20:51:54.498 13540 13540 E ArmVmp : Match on catch block at 0xc3 in for 0x99
02-23 20:51:54.507 13540 13540 E ArmVmp : Match on catch block at 0xc3 in for 0x95
02-23 20:51:54.515 13540 13540 E ArmVmp : Match on catch block at 0xc3 in for 0x99
02-23 20:51:54.524 13540 13540 E ArmVmp : Match on catch block at 0xc3 in for 0x95
02-23 20:51:54.531 13540 13540 E ArmVmp : Match on catch block at 0xc3 in for 0x99
02-23 20:51:54.541 13540 13540 E ArmVmp : Match on catch block at 0xc3 in for 0x95
02-23 20:51:54.547 13540 13540 E ArmVmp : Match on catch block at 0xc3 in for 0x99
02-23 20:51:54.557 13540 13540 E ArmVmp : Match on catch block at 0xc3 in for 0x95
02-23 20:51:54.564 13540 13540 E ArmVmp : Match on catch block at 0xc3 in for 0x99
02-23 20:51:54.573 13540 13540 E ArmVmp : Match on catch block at 0xc3 in for 0x95
02-23 20:51:54.580 13540 13540 E ArmVmp : Match on catch block at 0xc3 in for 0x99
02-23 20:51:54.590 13540 13540 E ArmVmp : Match on catch block at 0xc3 in for 0x95
02-23 20:51:54.597 13540 13540 E ArmVmp : Match on catch block at 0xc3 in for 0x99
02-23 20:51:54.607 13540 13540 E ArmVmp : Match on catch block at 0xc3 in for 0x95
02-23 20:51:54.613 13540 13540 E ArmVmp : Match on catch block at 0xc3 in for 0x99
02-23 20:51:54.624 13540 13540 E ArmVmp : Match on catch block at 0xc3 in for 0x95
02-23 20:51:54.632 13540 13540 E ArmVmp : Match on catch block at 0xc3 in for 0x99
02-23 20:51:54.642 13540 13540 E ArmVmp : Match on catch block at 0xc3 in for 0x95
02-23 20:51:54.650 13540 13540 E ArmVmp : Match on catch block at 0xc3 in for 0x99
02-23 20:51:54.682 13540 13540 E ArmVmp : Match on catch block at 0xc3 in for 0x95
02-23 20:51:54.688 13540 13540 E ArmVmp : Match on catch block at 0xc3 in for 0x99
02-23 20:51:54.731 13540 13540 E ArmVmp : Match on catch block at 0xc3 in for 0x91
02-23 20:51:54.737 13540 13540 E ArmVmp : Match on catch block at 0xc3 in for 0x95
02-23 20:51:54.755 13540 13540 E ArmVmp : Match on catch block at 0xc3 in for 0x91
02-23 20:51:54.765 13540 13540 E ArmVmp : Match on catch block at 0xc3 in for 0x95
02-23 20:51:54.793 13540 13540 E ArmVmp : Match on catch block at 0xc3 in for 0x91
02-23 20:51:54.803 13540 13540 E ArmVmp : Match on catch block at 0xc3 in for 0x95
02-23 20:51:54.823 13540 13540 E ArmVmp : Match on catch block at 0xc3 in for 0x91
02-23 20:51:54.834 13540 13540 E ArmVmp : Match on catch block at 0xc3 in for 0x95
02-23 20:51:54.859 13540 13540 E ArmVmp : Match on catch block at 0xc3 in for 0x91
02-23 20:51:54.870 13540 13540 E ArmVmp : Match on catch block at 0xc3 in for 0x95
02-23 20:51:55.050 13540 13540 E ArmVmp : Match on catch block at 0xc3 in for 0x91
02-23 20:51:55.061 13540 13540 E ArmVmp : Match on catch block at 0xc3 in for 0x95
02-23 20:51:55.103 13540 13540 W InputTransport: Slow Input: 151ms so far, channel
'ClientState{ec92ddc uid=10210 pid=13540 displayId=0} (server)' publisher ~
publishKeyEvent: seq=3, deviceId=-1, source=0x101, action=0x0, flags=0x48,
keyCode=4, scanCode=0, metaState=0x0, repeatCount=0,downTime=606479458000000,
eventTime=606479458000000
02-23 20:51:55.109 13540 13540 E ArmVmp : Match on catch block at 0xc3 in for 0x99
02-23 20:51:55.118 13540 13540 E ArmVmp : Match on catch block at 0xc3 in for 0x91
02-23 20:51:55.145 13540 13540 W InputTransport: Slow Input: 112ms so far, channel
'ClientState{ec92ddc uid=10210 pid=13540 displayId=0} (server)' publisher ~
publishKeyEvent: seq=4, deviceId=-1, source=0x101, action=0x1, flags=0x48,
keyCode=4, scanCode=0, metaState=0x0, repeatCount=0,downTime=606479458000000,
eventTime=606479539000000
02-23 20:51:55.168 13540 13540 E ArmVmp : Match on catch block at 0xc3 in for 0x99
02-23 20:51:55.177 13540 13540 E ArmVmp : Match on catch block at 0xc3 in for 0x91
02-23 20:51:55.226 13540 13540 E ArmVmp : Match on catch block at 0xc3 in for 0x99
02-23 20:51:55.231 13540 13540 E ArmVmp : Match on catch block at 0xc3 in for 0x91
02-23 20:51:55.533 13540 13540 E ArmVmp : Match on catch block at 0xc3 in for 0x99
02-23 20:51:55.538 13540 13540 E ArmVmp : Match on catch block at 0xc3 in for 0x91
02-23 20:51:56.091 13540 13540 E ArmVmp : Match on catch block at 0xc3 in for 0x91
02-23 20:51:56.098 13540 13540 E ArmVmp : Match on catch block at 0xc3 in for 0x95
02-23 20:51:57.188 13540 13540 W ActivityThread: handleWindowVisibility: no
activity for token android.os.BinderProxy@716d17e
02-23 20:51:58.043 13540 13540 W ActivityThread: handleWindowVisibility: no
activity for token android.os.BinderProxy@57146dd
02-23 20:51:58.269 13540 13540 W ResourceType: Bad XML block: header size 18254 or
total size 169478669 is larger than data size 380
02-23 20:51:58.279 13540 13540 W ResourceType: Bad XML block: header size 18254 or
total size 169478669 is larger than data size 431
02-23 20:51:58.299 13540 13540 W ResourceType: Bad XML block: header size 18254 or
total size 169478669 is larger than data size 677
02-23 20:51:58.307 13540 13540 W ResourceType: Bad XML block: header size 18254 or
total size 169478669 is larger than data size 248
02-23 20:51:58.321 13540 13540 W ResourceType: Bad XML block: header size 18254 or
total size 169478669 is larger than data size 571
02-23 20:51:58.336 13540 13540 W ResourceType: Bad XML block: header size 18254 or
total size 169478669 is larger than data size 333
02-23 20:51:58.343 13540 13540 W ResourceType: Bad XML block: header size 18254 or
total size 169478669 is larger than data size 650
02-23 20:51:58.352 13540 13540 W ResourceType: Bad XML block: header size 18254 or
total size 169478669 is larger than data size 1150
02-23 20:51:58.359 13540 13540 W ResourceType: Bad XML block: header size 18254 or
total size 169478669 is larger than data size 491
02-23 20:51:58.366 13540 13540 W ResourceType: Bad XML block: header size 18254 or
total size 169478669 is larger than data size 1150
02-23 20:51:58.373 13540 13540 W ResourceType: Bad XML block: header size 18254 or
total size 169478669 is larger than data size 659
02-23 20:51:58.380 13540 13540 W ResourceType: Bad XML block: header size 18254 or
total size 169478669 is larger than data size 593
02-23 20:51:58.432 13540 13540 W ResourceType: Bad XML block: header size 18254 or
total size 169478669 is larger than data size 473
02-23 20:51:58.440 13540 13540 W ResourceType: Bad XML block: header size 18254 or
total size 169478669 is larger than data size 510
02-23 20:51:58.520 13540 13540 W ResourceType: Bad XML block: header size 18254 or
total size 169478669 is larger than data size 473
02-23 20:51:58.555 13540 13540 W Looper : Slow Looper main: Activity
com.whatsapp/.group.GroupChatInfoActivity is 520ms late (wall=1ms running=0ms
ClientTransaction{ callbacks=[android.app.servertransaction.TopResumedActivityChang
eItem] }) because of 4 msg, msg 4 took 511ms (seq=50647 running=416ms runnable=1ms
io=55ms late=9ms h=android.app.ActivityThread$H w=159)
02-23 20:51:58.600 13540 13540 W View : requestLayout() improperly called by
android.widget.Space{5ad0df2 I.ED..... ......I. 24,72-32,80 #7f0b00ba
app:id/action_tile_spacing} during layout: running second layout pass
02-23 20:51:58.600 13540 13540 W View : requestLayout() improperly called by
android.widget.Space{1adc43 I.ED..... ......I. 24,72-32,80 #7f0b00ba
app:id/action_tile_spacing} during layout: running second layout pass
02-23 20:51:58.600 13540 13540 W View : requestLayout() improperly called by
android.widget.Space{95e62c0 I.ED..... ......I. 24,72-32,80 #7f0b00ba
app:id/action_tile_spacing} during layout: running second layout pass
02-23 20:51:58.600 13540 13540 W View : requestLayout() improperly called by
android.widget.Space{fc6bbf9 I.ED..... ......I. 24,72-32,80 #7f0b00ba
app:id/action_tile_spacing} during layout: running second layout pass
02-23 20:51:58.655 13540 13540 W Looper : Slow Looper main: doFrame is 517ms late
because of 5 msg, msg 4 took 511ms (seq=50647 running=416ms runnable=1ms io=55ms
late=9ms h=android.app.ActivityThread$H w=159)
02-23 20:51:58.667 13540 13540 W ResourceType: Bad XML block: header size 18254 or
total size 169478669 is larger than data size 853
02-23 20:51:59.994 13540 13540 W Choreographer: OPTS_INPUT: First frame was drawed
before optimized, so skip!
02-23 20:52:01.046 13540 13863 W RenderInspector: DequeueBuffer time out on Toast,
count=5, avg=17 ms, max=19 ms.
02-23 20:52:01.270 13540 13863 W RenderInspector: DequeueBuffer time out on Toast,
count=3, avg=16 ms, max=17 ms.
02-23 20:52:05.244 13540 13863 W RenderInspector: DequeueBuffer time out on Toast,
count=16, avg=28 ms, max=40 ms.
02-23 20:52:06.922 13540 13863 W RenderInspector: DequeueBuffer time out on
com.whatsapp/com.whatsapp.group.GroupChatInfoActivity, count=3, avg=14 ms, max=24
ms.
02-23 20:52:08.616 13540 13540 W Choreographer: OPTS_INPUT: First frame was drawed
before optimized, so skip!
02-23 20:52:09.004 13540 13540 W Choreographer: OPTS_INPUT: First frame was drawed
before optimized, so skip!
02-23 20:52:09.434 13540 13540 W Choreographer: OPTS_INPUT: First frame was drawed
before optimized, so skip!
02-23 20:52:10.020 13540 13540 W Choreographer: OPTS_INPUT: First frame was drawed
before optimized, so skip!
02-23 20:52:11.341 13540 13540 W Choreographer: OPTS_INPUT: First frame was drawed
before optimized, so skip!
02-23 20:52:11.977 13540 13540 W Choreographer: OPTS_INPUT: First frame was drawed
before optimized, so skip!
02-23 20:52:19.021 13540 13863 W RenderInspector: DequeueBuffer time out on Toast,
count=14, avg=25 ms, max=39 ms.
02-23 20:52:28.773 13540 13540 W ActivityThread: handleWindowVisibility: no
activity for token android.os.BinderProxy@1827b05
02-23 20:52:29.196 13540 13540 E ArmVmp : Match on catch block at 0x0a in for 0xb5
02-23 20:52:29.202 13540 13540 E ArmVmp : Match on catch block at 0x0a in for 0xb1
02-23 20:52:29.257 13540 13540 W Looper : Slow Looper main: Activity
com.whatsapp/.Conversation is 495ms late (wall=0ms running=0ms
ClientTransaction{ callbacks=[android.app.servertransaction.TopResumedActivityChang
eItem] }) because of 5 msg, msg 5 took 484ms (seq=51740 running=380ms runnable=2ms
io=61ms reclaim=4ms late=12ms h=android.app.ActivityThread$H w=159)
02-23 20:52:29.416 13540 18617 E ArmVmp : Match on catch block at 0x48 in for 0x81
02-23 20:52:29.417 13540 18617 W System.err: javax.net.ssl.SSLHandshakeException:
SSL handshake aborted: ssl=0xb6b921c8: I/O error during system call, Connection
reset by peer
02-23 20:52:29.417 13540 18617 W System.err:
02-23 20:52:29.419 13540 18617 W System.err: at
com.android.org.conscrypt.NativeCrypto.SSL_do_handshake(Native Method)
02-23 20:52:29.419 13540 18617 W System.err:
02-23 20:52:29.420 13540 18617 W System.err: at
com.android.org.conscrypt.NativeSsl.doHandshake(NativeSsl.java:387)
02-23 20:52:29.420 13540 18617 W System.err:
02-23 20:52:29.420 13540 18617 W System.err: at
com.android.org.conscrypt.ConscryptFileDescriptorSocket.startHandshake(ConscryptFil
eDescriptorSocket.java:226)
02-23 20:52:29.420 13540 18617 W System.err:
02-23 20:52:29.420 13540 18617 W System.err: at
com.android.okhttp.internal.io.RealConnection.connectTls(RealConnection.java:196)
02-23 20:52:29.420 13540 18617 W System.err:
02-23 20:52:29.421 13540 18617 W System.err: at
com.android.okhttp.internal.io.RealConnection.connectSocket(RealConnection.java:153
)
02-23 20:52:29.421 13540 18617 W System.err:
02-23 20:52:29.421 13540 18617 W System.err: at
com.android.okhttp.internal.io.RealConnection.connect(RealConnection.java:116)
02-23 20:52:29.421 13540 18617 W System.err:
02-23 20:52:29.421 13540 18617 W System.err: at
com.android.okhttp.internal.http.StreamAllocation.findConnection(StreamAllocation.j
ava:186)
02-23 20:52:29.421 13540 18617 W System.err:
02-23 20:52:29.421 13540 18617 W System.err: at
com.android.okhttp.internal.http.StreamAllocation.findHealthyConnection(StreamAlloc
ation.java:128)
02-23 20:52:29.421 13540 18617 W System.err:
02-23 20:52:29.421 13540 18617 W System.err: at
com.android.okhttp.internal.http.StreamAllocation.newStream(StreamAllocation.java:9
7)
02-23 20:52:29.422 13540 18617 W System.err:
02-23 20:52:29.422 13540 18617 W System.err: at
com.android.okhttp.internal.http.HttpEngine.connect(HttpEngine.java:302)
02-23 20:52:29.422 13540 18617 W System.err:
02-23 20:52:29.422 13540 18617 W System.err: at
com.android.okhttp.internal.http.HttpEngine.sendRequest(HttpEngine.java:245)
02-23 20:52:29.422 13540 18617 W System.err:
02-23 20:52:29.422 13540 18617 W System.err: at
com.android.okhttp.internal.huc.HttpURLConnectionImpl.execute(HttpURLConnectionImpl
.java:465)
02-23 20:52:29.422 13540 18617 W System.err:
02-23 20:52:29.422 13540 18617 W System.err: at
com.android.okhttp.internal.huc.HttpURLConnectionImpl.connect(HttpURLConnectionImpl
.java:131)
02-23 20:52:29.422 13540 18617 W System.err:
02-23 20:52:29.422 13540 18617 W System.err: at
com.android.okhttp.internal.huc.DelegatingHttpsURLConnection.connect(DelegatingHttp
sURLConnection.java:90)
02-23 20:52:29.423 13540 18617 W System.err:
02-23 20:52:29.423 13540 18617 W System.err: at
com.android.okhttp.internal.huc.HttpsURLConnectionImpl.connect(HttpsURLConnectionIm
pl.java:30)
02-23 20:52:29.423 13540 18617 W System.err:
02-23 20:52:29.423 13540 18617 W System.err: at
mbmodsd.mbmodsw.home.MBTranslator.translate(Native Method)
02-23 20:52:29.423 13540 18617 W System.err:
02-23 20:52:29.423 13540 18617 W System.err: at
mbmodsd.mbmodsw.home.MBTranslator$Async.doInBackground(Native Method)
02-23 20:52:29.423 13540 18617 W System.err:
02-23 20:52:29.423 13540 18617 W System.err: at
mbmodsd.mbmodsw.home.MBTranslator$Async.doInBackground(Native Method)
02-23 20:52:29.423 13540 18617 W System.err:
02-23 20:52:29.423 13540 18617 W System.err: at
android.os.AsyncTask$3.call(AsyncTask.java:378)
02-23 20:52:29.423 13540 18617 W System.err:
02-23 20:52:29.423 13540 18617 W System.err: at
java.util.concurrent.FutureTask.run(FutureTask.java:266)
02-23 20:52:29.424 13540 18617 W System.err:
02-23 20:52:29.424 13540 18617 W System.err: at
android.os.AsyncTask$SerialExecutor$1.run(AsyncTask.java:289)
02-23 20:52:29.424 13540 18617 W System.err:
02-23 20:52:29.424 13540 18617 W System.err: at
java.util.concurrent.ThreadPoolExecutor.runWorker(ThreadPoolExecutor.java:1167)
02-23 20:52:29.424 13540 18617 W System.err:
02-23 20:52:29.424 13540 18617 W System.err: at
java.util.concurrent.ThreadPoolExecutor$Worker.run(ThreadPoolExecutor.java:641)
02-23 20:52:29.424 13540 18617 W System.err:
02-23 20:52:29.424 13540 18617 W System.err: at
java.lang.Thread.run(Thread.java:919)
02-23 20:52:29.424 13540 18617 W System.err:
02-23 20:52:29.578 13540 18617 E ArmVmp : Match on catch block at 0x48 in for 0x91
02-23 20:52:29.578 13540 18617 W System.err: javax.net.ssl.SSLHandshakeException:
SSL handshake aborted: ssl=0xb59b07f8: I/O error during system call, Connection
reset by peer
02-23 20:52:29.578 13540 18617 W System.err:
02-23 20:52:29.578 13540 18617 W System.err: at
com.android.org.conscrypt.NativeCrypto.SSL_do_handshake(Native Method)
02-23 20:52:29.579 13540 18617 W System.err:
02-23 20:52:29.579 13540 18617 W System.err: at
com.android.org.conscrypt.NativeSsl.doHandshake(NativeSsl.java:387)
02-23 20:52:29.579 13540 18617 W System.err:
02-23 20:52:29.579 13540 18617 W System.err: at
com.android.org.conscrypt.ConscryptFileDescriptorSocket.startHandshake(ConscryptFil
eDescriptorSocket.java:226)
02-23 20:52:29.579 13540 18617 W System.err:
02-23 20:52:29.579 13540 18617 W System.err: at
com.android.okhttp.internal.io.RealConnection.connectTls(RealConnection.java:196)
02-23 20:52:29.579 13540 18617 W System.err:
02-23 20:52:29.579 13540 18617 W System.err: at
com.android.okhttp.internal.io.RealConnection.connectSocket(RealConnection.java:153
)
02-23 20:52:29.579 13540 18617 W System.err:
02-23 20:52:29.580 13540 18617 W System.err: at
com.android.okhttp.internal.io.RealConnection.connect(RealConnection.java:116)
02-23 20:52:29.580 13540 18617 W System.err:
02-23 20:52:29.580 13540 18617 W System.err: at
com.android.okhttp.internal.http.StreamAllocation.findConnection(StreamAllocation.j
ava:186)
02-23 20:52:29.580 13540 18617 W System.err:
02-23 20:52:29.580 13540 18617 W System.err: at
com.android.okhttp.internal.http.StreamAllocation.findHealthyConnection(StreamAlloc
ation.java:128)
02-23 20:52:29.580 13540 18617 W System.err:
02-23 20:52:29.580 13540 18617 W System.err: at
com.android.okhttp.internal.http.StreamAllocation.newStream(StreamAllocation.java:9
7)
02-23 20:52:29.580 13540 18617 W System.err:
02-23 20:52:29.580 13540 18617 W System.err: at
com.android.okhttp.internal.http.HttpEngine.connect(HttpEngine.java:302)
02-23 20:52:29.580 13540 18617 W System.err:
02-23 20:52:29.581 13540 18617 W System.err: at
com.android.okhttp.internal.http.HttpEngine.sendRequest(HttpEngine.java:245)
02-23 20:52:29.581 13540 18617 W System.err:
02-23 20:52:29.581 13540 18617 W System.err: at
com.android.okhttp.internal.huc.HttpURLConnectionImpl.execute(HttpURLConnectionImpl
.java:465)
02-23 20:52:29.581 13540 18617 W System.err:
02-23 20:52:29.581 13540 18617 W System.err: at
com.android.okhttp.internal.huc.HttpURLConnectionImpl.connect(HttpURLConnectionImpl
.java:131)
02-23 20:52:29.581 13540 18617 W System.err:
02-23 20:52:29.581 13540 18617 W System.err: at
com.android.okhttp.internal.huc.DelegatingHttpsURLConnection.connect(DelegatingHttp
sURLConnection.java:90)
02-23 20:52:29.581 13540 18617 W System.err:
02-23 20:52:29.582 13540 18617 W System.err: at
com.android.okhttp.internal.huc.HttpsURLConnectionImpl.connect(HttpsURLConnectionIm
pl.java:30)
02-23 20:52:29.582 13540 18617 W System.err:
02-23 20:52:29.582 13540 18617 W System.err: at
mbmodsd.mbmodsw.home.MBTranslator.translate(Native Method)
02-23 20:52:29.582 13540 18617 W System.err:
02-23 20:52:29.582 13540 18617 W System.err: at
mbmodsd.mbmodsw.home.MBTranslator$Async.doInBackground(Native Method)
02-23 20:52:29.582 13540 18617 W System.err:
02-23 20:52:29.582 13540 18617 W System.err: at
mbmodsd.mbmodsw.home.MBTranslator$Async.doInBackground(Native Method)
02-23 20:52:29.582 13540 18617 W System.err:
02-23 20:52:29.583 13540 18617 W System.err: at
android.os.AsyncTask$3.call(AsyncTask.java:378)
02-23 20:52:29.583 13540 18617 W System.err:
02-23 20:52:29.583 13540 18617 W System.err: at
java.util.concurrent.FutureTask.run(FutureTask.java:266)
02-23 20:52:29.583 13540 18617 W System.err:
02-23 20:52:29.583 13540 18617 W System.err: at
android.os.AsyncTask$SerialExecutor$1.run(AsyncTask.java:289)
02-23 20:52:29.583 13540 18617 W System.err:
02-23 20:52:29.583 13540 18617 W System.err: at
java.util.concurrent.ThreadPoolExecutor.runWorker(ThreadPoolExecutor.java:1167)
02-23 20:52:29.583 13540 18617 W System.err:
02-23 20:52:29.583 13540 18617 W System.err: at
java.util.concurrent.ThreadPoolExecutor$Worker.run(ThreadPoolExecutor.java:641)
02-23 20:52:29.583 13540 18617 W System.err:
02-23 20:52:29.584 13540 18617 W System.err: at
java.lang.Thread.run(Thread.java:919)
02-23 20:52:29.584 13540 18617 W System.err:
02-23 20:52:29.607 13540 13540 E ArmVmp : Match on catch block at 0xc3 in for 0xa5
02-23 20:52:29.611 13540 13540 E ArmVmp : Match on catch block at 0xc3 in for 0xa5
02-23 20:52:29.645 13540 13540 W Looper : Slow Looper main: doFrame is 483ms late
because of 2 msg, msg 1 took 484ms (seq=51740 running=380ms runnable=2ms io=61ms
reclaim=4ms late=12ms h=android.app.ActivityThread$H w=159)
02-23 20:52:29.696 13540 13540 E ArmVmp : Match on catch block at 0xc3 in for 0x99
02-23 20:52:29.701 13540 13540 E ArmVmp : Match on catch block at 0xc3 in for 0x91
02-23 20:52:29.724 13540 13540 W Looper : Slow Looper main: doFrame is 404ms late
because of 51 msg, msg 1 took 388ms (seq=51742 running=313ms io=14ms late=483ms
h=android.view.Choreographer$FrameHandler
c=android.view.Choreographer$FrameDisplayEventReceiver)
02-23 20:52:29.765 13540 13540 E ArmVmp : Match on catch block at 0xc3 in for 0x99
02-23 20:52:29.771 13540 13540 E ArmVmp : Match on catch block at 0xc3 in for 0x91
02-23 20:52:29.813 13540 13540 E ArmVmp : Match on catch block at 0xc3 in for 0x99
02-23 20:52:29.818 13540 13540 E ArmVmp : Match on catch block at 0xc3 in for 0x91
02-23 20:52:29.855 13540 13540 E ArmVmp : Match on catch block at 0xc3 in for 0x91
02-23 20:52:29.861 13540 13540 E ArmVmp : Match on catch block at 0xc3 in for 0x95
02-23 20:52:30.049 13540 13540 E ArmVmp : Match on catch block at 0xc3 in for 0x95
02-23 20:52:30.055 13540 13540 E ArmVmp : Match on catch block at 0xc3 in for 0x99
02-23 20:52:30.068 13540 13540 E ArmVmp : Match on catch block at 0xc3 in for 0x99
02-23 20:52:30.074 13540 13540 E ArmVmp : Match on catch block at 0xc3 in for 0x91
02-23 20:52:30.082 13540 13540 E ArmVmp : Match on catch block at 0xc3 in for 0x91
02-23 20:52:30.089 13540 13540 E ArmVmp : Match on catch block at 0xc3 in for 0x95
02-23 20:52:30.098 13540 13540 E ArmVmp : Match on catch block at 0xc3 in for 0x95
02-23 20:52:30.103 13540 13540 E ArmVmp : Match on catch block at 0xc3 in for 0x99
02-23 20:52:30.115 13540 13540 E ArmVmp : Match on catch block at 0xc3 in for 0x99
02-23 20:52:30.121 13540 13540 E ArmVmp : Match on catch block at 0xc3 in for 0x91
02-23 20:52:30.131 13540 13540 E ArmVmp : Match on catch block at 0xc3 in for 0x91
02-23 20:52:30.137 13540 13540 E ArmVmp : Match on catch block at 0xc3 in for 0x95
02-23 20:52:30.148 13540 13540 E ArmVmp : Match on catch block at 0xc3 in for 0x95
02-23 20:52:30.153 13540 13540 E ArmVmp : Match on catch block at 0xc3 in for 0x99
02-23 20:52:30.165 13540 13540 E ArmVmp : Match on catch block at 0xc3 in for 0x99
02-23 20:52:30.171 13540 13540 E ArmVmp : Match on catch block at 0xc3 in for 0x91
02-23 20:52:30.181 13540 13540 E ArmVmp : Match on catch block at 0xc3 in for 0x91
02-23 20:52:30.186 13540 13540 E ArmVmp : Match on catch block at 0xc3 in for 0x95
02-23 20:52:30.213 13540 13540 E ArmVmp : Match on catch block at 0xc3 in for 0x95
02-23 20:52:30.217 13540 13540 E ArmVmp : Match on catch block at 0xc3 in for 0x99
02-23 20:52:30.231 13540 13540 E ArmVmp : Match on catch block at 0xc3 in for 0x99
02-23 20:52:30.235 13540 13540 E ArmVmp : Match on catch block at 0xc3 in for 0x91
02-23 20:52:30.247 13540 13540 E ArmVmp : Match on catch block at 0xc3 in for 0x91
02-23 20:52:30.251 13540 13540 E ArmVmp : Match on catch block at 0xc3 in for 0x95
02-23 20:52:30.264 13540 13540 E ArmVmp : Match on catch block at 0xc3 in for 0x95
02-23 20:52:30.268 13540 13540 E ArmVmp : Match on catch block at 0xc3 in for 0x99
02-23 20:52:30.280 13540 13540 E ArmVmp : Match on catch block at 0xc3 in for 0x99
02-23 20:52:30.285 13540 13540 E ArmVmp : Match on catch block at 0xc3 in for 0x91
02-23 20:52:30.297 13540 13540 E ArmVmp : Match on catch block at 0xc3 in for 0x91
02-23 20:52:30.301 13540 13540 E ArmVmp : Match on catch block at 0xc3 in for 0x95
02-23 20:52:30.313 13540 13540 E ArmVmp : Match on catch block at 0xc3 in for 0x95
02-23 20:52:30.318 13540 13540 E ArmVmp : Match on catch block at 0xc3 in for 0x99
02-23 20:52:30.331 13540 13540 E ArmVmp : Match on catch block at 0xc3 in for 0x95
02-23 20:52:30.336 13540 13540 E ArmVmp : Match on catch block at 0xc3 in for 0x99
02-23 20:52:30.346 13540 13540 E ArmVmp : Match on catch block at 0xc3 in for 0x99
02-23 20:52:30.351 13540 13540 E ArmVmp : Match on catch block at 0xc3 in for 0x91
02-23 20:52:30.363 13540 13540 E ArmVmp : Match on catch block at 0xc3 in for 0x91
02-23 20:52:30.368 13540 13540 E ArmVmp : Match on catch block at 0xc3 in for 0x95
02-23 20:52:30.398 13540 13540 E ArmVmp : Match on catch block at 0xc3 in for 0x99
02-23 20:52:30.404 13540 13540 E ArmVmp : Match on catch block at 0xc3 in for 0x91
02-23 20:52:30.449 13540 13540 E ArmVmp : Match on catch block at 0xc3 in for 0x99
02-23 20:52:30.455 13540 13540 E ArmVmp : Match on catch block at 0xc3 in for 0x91
02-23 20:52:30.466 13540 13540 E libc : Access denied finding property
"vendor.debug.bq.dump"
02-23 20:52:30.467 13540 13540 E libc : Access denied finding property
"vendor.debug.bq.dump"
02-23 20:52:30.469 13540 13863 E BufferQueueProducer: [unnamed-13540-33]
(this:0xb5864000,id:33,api:1,p:13540,c:13540) setMaxDequeuedBufferCount: 2 dequeued
buffers would exceed the maxBufferCount (2) (maxAcquired 1 async 0
mDequeuedBufferCannotBlock 0)
02-23 20:52:30.469 13540 13863 E Surface :
IGraphicBufferProducer::setBufferCount(3) returned Invalid argument
02-23 20:52:30.498 13540 13540 E ArmVmp : Match on catch block at 0xc3 in for 0x91
02-23 20:52:30.504 13540 13540 E ArmVmp : Match on catch block at 0xc3 in for 0x95
02-23 20:52:30.508 13540 13540 W ActivityThread: handleWindowVisibility: no
activity for token android.os.BinderProxy@f2da2ca
02-23 20:52:30.704 13540 13540 W ResourceType: Bad XML block: header size 18254 or
total size 169478669 is larger than data size 380
02-23 20:52:30.711 13540 13540 W ResourceType: Bad XML block: header size 18254 or
total size 169478669 is larger than data size 431
02-23 20:52:30.732 13540 13540 W ResourceType: Bad XML block: header size 18254 or
total size 169478669 is larger than data size 677
02-23 20:52:30.740 13540 13540 W ResourceType: Bad XML block: header size 18254 or
total size 169478669 is larger than data size 248
02-23 20:52:30.754 13540 13540 W ResourceType: Bad XML block: header size 18254 or
total size 169478669 is larger than data size 571
02-23 20:52:30.768 13540 13540 W ResourceType: Bad XML block: header size 18254 or
total size 169478669 is larger than data size 333
02-23 20:52:30.776 13540 13540 W ResourceType: Bad XML block: header size 18254 or
total size 169478669 is larger than data size 650
02-23 20:52:30.784 13540 13540 W ResourceType: Bad XML block: header size 18254 or
total size 169478669 is larger than data size 1150
02-23 20:52:30.793 13540 13540 W ResourceType: Bad XML block: header size 18254 or
total size 169478669 is larger than data size 491
02-23 20:52:30.802 13540 13540 W ResourceType: Bad XML block: header size 18254 or
total size 169478669 is larger than data size 1150
02-23 20:52:30.810 13540 13540 W ResourceType: Bad XML block: header size 18254 or
total size 169478669 is larger than data size 659
02-23 20:52:30.819 13540 13540 W ResourceType: Bad XML block: header size 18254 or
total size 169478669 is larger than data size 593
02-23 20:52:30.885 13540 13540 W ResourceType: Bad XML block: header size 18254 or
total size 169478669 is larger than data size 473
02-23 20:52:30.894 13540 13540 W ResourceType: Bad XML block: header size 18254 or
total size 169478669 is larger than data size 510
02-23 20:52:30.937 13540 13540 W ResourceType: Bad XML block: header size 18254 or
total size 169478669 is larger than data size 473
02-23 20:52:30.975 13540 13540 W Looper : Slow Looper main: Activity
com.whatsapp/.group.GroupChatInfoActivity is 487ms late (wall=0ms running=0ms
ClientTransaction{ callbacks=[android.app.servertransaction.TopResumedActivityChang
eItem] }) because of 6 msg, msg 6 took 467ms (seq=51892 running=425ms runnable=1ms
late=20ms h=android.app.ActivityThread$H w=159)
02-23 20:52:31.015 13540 13540 W View : requestLayout() improperly called by
android.widget.Space{cd13a37 I.ED..... ......I. 24,72-32,80 #7f0b00ba
app:id/action_tile_spacing} during layout: running second layout pass
02-23 20:52:31.015 13540 13540 W View : requestLayout() improperly called by
android.widget.Space{25cbba4 I.ED..... ......I. 24,72-32,80 #7f0b00ba
app:id/action_tile_spacing} during layout: running second layout pass
02-23 20:52:31.015 13540 13540 W View : requestLayout() improperly called by
android.widget.Space{7800d0d I.ED..... ......I. 24,72-32,80 #7f0b00ba
app:id/action_tile_spacing} during layout: running second layout pass
02-23 20:52:31.015 13540 13540 W View : requestLayout() improperly called by
android.widget.Space{a8db4c2 I.ED..... ......I. 24,72-32,80 #7f0b00ba
app:id/action_tile_spacing} during layout: running second layout pass
02-23 20:52:31.022 13540 13540 E ArmVmp : Match on catch block at 0xc3 in for 0x91
02-23 20:52:31.027 13540 13540 E ArmVmp : Match on catch block at 0xc3 in for 0x95
02-23 20:52:31.031 13540 13540 W Looper : Slow Looper main: doFrame is 470ms late
because of 6 msg, msg 4 took 467ms (seq=51892 running=425ms runnable=1ms late=20ms
h=android.app.ActivityThread$H w=159)
02-23 20:52:31.034 13540 13540 W ResourceType: Bad XML block: header size 18254 or
total size 169478669 is larger than data size 853
02-23 20:52:31.178 13540 13540 E ArmVmp : Match on catch block at 0xc3 in for 0x99
02-23 20:52:31.184 13540 13540 E ArmVmp : Match on catch block at 0xc3 in for 0x91
02-23 20:52:31.453 13540 13540 E ArmVmp : Match on catch block at 0xc3 in for 0x91
02-23 20:52:31.460 13540 13540 E ArmVmp : Match on catch block at 0xc3 in for 0x95
02-23 20:52:32.201 13540 13540 W Choreographer: OPTS_INPUT: First frame was drawed
before optimized, so skip!
02-23 20:52:37.290 13540 13540 W ResourceType: Bad XML block: header size 18254 or
total size 169478669 is larger than data size 473
02-23 20:52:37.340 13540 13540 W View : requestLayout() improperly called by
com.whatsapp.TextEmojiLabel{2118fb8 VFED..C.. ......ID 0,0-293,54 #7f0b06ab
app:id/conversation_contact_name} during layout: running second layout pass
02-23 20:52:37.394 13540 13540 W ResourceType: Bad XML block: header size 18254 or
total size 169478669 is larger than data size 853
02-23 20:52:37.470 13540 13540 W View : requestLayout() improperly called by
com.whatsapp.TextEmojiLabel{2118fb8 VFED..C.. ......ID 0,0-293,54 #7f0b06ab
app:id/conversation_contact_name} during layout: running second layout pass
02-23 20:52:37.473 13540 13863 W RenderInspector: DequeueBuffer time out on
Eliminando…, count=8, avg=16 ms, max=30 ms.
02-23 20:52:37.528 13540 13540 W View : requestLayout() improperly called by
com.whatsapp.TextEmojiLabel{2118fb8 VFED..C.. ......ID 0,0-293,54 #7f0b06ab
app:id/conversation_contact_name} during layout: running second layout pass
02-23 20:52:37.549 13540 13540 W ResourceType: Bad XML block: header size 18254 or
total size 169478669 is larger than data size 853
02-23 20:52:37.591 13540 13540 W View : requestLayout() improperly called by
com.whatsapp.TextEmojiLabel{2118fb8 VFED..C.. ......ID 0,0-293,54 #7f0b06ab
app:id/conversation_contact_name} during layout: running second layout pass
02-23 20:52:37.624 13540 13540 W View : requestLayout() improperly called by
com.whatsapp.TextEmojiLabel{2118fb8 VFED..C.. ......ID 0,0-293,54 #7f0b06ab
app:id/conversation_contact_name} during layout: running second layout pass
02-23 20:52:38.275 13540 13540 E ArmVmp : Match on catch block at 0x0a in for 0xb9
02-23 20:52:38.282 13540 13540 E ArmVmp : Match on catch block at 0x0a in for 0xb5
02-23 20:52:38.439 13540 13540 E ArmVmp : Match on catch block at 0xc3 in for 0x99
02-23 20:52:38.446 13540 13540 E ArmVmp : Match on catch block at 0xc3 in for 0x91
02-23 20:52:38.448 13540 13540 E libc : Access denied finding property
"vendor.debug.bq.dump"
02-23 20:52:38.448 13540 13540 E libc : Access denied finding property
"vendor.debug.bq.dump"
02-23 20:52:38.449 13540 13863 E BufferQueueProducer: [unnamed-13540-34]
(this:0xae63c000,id:34,api:1,p:13540,c:13540) setMaxDequeuedBufferCount: 2 dequeued
buffers would exceed the maxBufferCount (2) (maxAcquired 1 async 0
mDequeuedBufferCannotBlock 0)
02-23 20:52:38.449 13540 13863 E Surface :
IGraphicBufferProducer::setBufferCount(3) returned Invalid argument
02-23 20:52:38.456 13540 18617 E ArmVmp : Match on catch block at 0x48 in for 0x89
02-23 20:52:38.457 13540 18617 W System.err: javax.net.ssl.SSLHandshakeException:
SSL handshake aborted: ssl=0xafd17488: I/O error during system call, Connection
reset by peer
02-23 20:52:38.457 13540 18617 W System.err:
