android.provider.MediaStore$Images$Thumbnails.getThumbnail(MediaStore.java:1967)
02-23 20:49:15.960 13540 21428 W MediaStore: at X.30T.A01(Unknown Source:47)
02-23 20:49:15.960 13540 21428 W MediaStore: at X.1Xs.Bij(Unknown Source:148)
02-23 20:49:15.960 13540 21428 W MediaStore: at X.6JI.BD4(Unknown Source:29)
02-23 20:49:15.960 13540 21428 W MediaStore: at X.3dp.run(Unknown Source:1076)
02-23 20:49:15.960 13540 21428 W MediaStore: at
java.lang.Thread.run(Thread.java:919)
02-23 20:49:16.562 13540 21430 W BpBinder: Slow Binder: BpBinder transact took 210
ms, interface=android.media.IMediaMetadataRetriever, code=3 oneway=false
02-23 20:49:17.277 13540 13540 W Choreographer: OPTS_INPUT: First frame was drawed
before optimized, so skip!
02-23 20:49:17.842 13540 13863 W RenderInspector: DequeueBuffer time out on
com.whatsapp/com.whatsapp.camera.CameraActivity, count=1, avg=25 ms, max=25 ms.
02-23 20:49:19.628 13540 13540 W ActivityThread: handleWindowVisibility: no
activity for token android.os.BinderProxy@e419d4
02-23 20:49:19.873 13540 18350 W BpBinder: Slow Binder: BpBinder transact took 267
ms, interface=android.hardware.camera2.ICameraDeviceUser, code=1 oneway=false
02-23 20:49:19.917 13540 13540 W Looper : Slow Looper main: Activity
com.whatsapp/.gallery.NewMediaPicker is 302ms late (wall=0ms running=0ms
ClientTransaction{ callbacks=[android.app.servertransaction.TopResumedActivityChang
eItem] }) because of 5 msg, msg 5 took 288ms (seq=35678 running=137ms runnable=1ms
io=91ms late=14ms h=android.app.ActivityThread$H w=159)
02-23 20:49:19.980 13540 13540 W View : requestLayout() improperly called by
androidx.appcompat.view.menu.ActionMenuItemView{12f8ca9 VFED..C.. ......ID 0,8-
96,104 #7f0b0f8c app:id/menuitem_select_multiple} during layout: running second
layout pass
02-23 20:49:19.980 13540 13540 W View : requestLayout() improperly called by
androidx.appcompat.widget.ActionMenuView{1d0922e V.E...... ......ID 624,0-720,112}
during layout: running second layout pass
02-23 20:49:20.838 13540 13540 W Choreographer: OPTS_INPUT: First frame was drawed
before optimized, so skip!
02-23 20:49:25.031 13540 13540 W ActivityThread: handleWindowVisibility: no
activity for token android.os.BinderProxy@9df5a8b
02-23 20:49:25.335 13540 13540 W Looper : Slow Looper main: Activity
com.whatsapp/.mediacomposer.MediaComposerActivity is 312ms late (wall=1ms
running=0ms
ClientTransaction{ callbacks=[android.app.servertransaction.TopResumedActivityChang
eItem] }) because of 4 msg, msg 4 took 303ms (seq=36164 running=181ms runnable=2ms
io=90ms reclaim=4ms late=9ms h=android.app.ActivityThread$H w=159)
02-23 20:49:25.409 13540 13540 W Looper : Slow Looper main: doFrame is 303ms late
because of 2 msg, msg 1 took 303ms (seq=36164 running=181ms runnable=2ms io=90ms
reclaim=4ms late=9ms h=android.app.ActivityThread$H w=159)
02-23 20:49:25.994 13540 21940 E libc : Access denied finding property
"vendor.debug.bq.dump"
02-23 20:49:25.994 13540 21940 E libc : Access denied finding property
"vendor.debug.bq.dump"
02-23 20:49:25.995 13540 21940 E libc : Access denied finding property
"vendor.debug.bq.dump"
02-23 20:49:26.005 13540 21934 E MtkACodec: setConfig(OMX_CONFIG_ROTATIONTYPE)
returned error 0xfffffc0e
02-23 20:49:26.005 13540 21934 E ACodec : [OMX.MTK.VIDEO.DECODER.AVC] failed to
setViLTEParameters 1
02-23 20:49:26.031 13540 21934 W ACodec : [OMX.MTK.VIDEO.DECODER.AVC] setting
nBufferCountActual to 8 failed: -22
02-23 20:49:26.058 13540 21934 W ACodec : [OMX.MTK.VIDEO.DECODER.AVC] setting
nBufferCountActual to 16 failed: -22
02-23 20:49:26.183 13540 13540 W Looper : Slow Looper main: doFrame is 402ms late
because of 1 msg, msg 1 took 402ms (seq=36216 running=99ms runnable=2ms io=67ms
h=android.os.Handler c=X.0jz)
02-23 20:49:26.218 13540 13540 E libc : Access denied finding property
"vendor.debug.bq.dump"
02-23 20:49:26.218 13540 13540 E libc : Access denied finding property
"vendor.debug.bq.dump"
02-23 20:49:26.218 13540 13540 E libc : Access denied finding property
"vendor.debug.bq.dump"
02-23 20:49:26.222 13540 21944 W Codec2Client: query -- param skipped: index =
1107298332.
02-23 20:49:26.222 13540 21944 W CCodec : This behavior is subject to change. It
is recommended that app developers double check whether the requested max input
size is in reasonable range.
02-23 20:49:26.224 13540 21944 W Codec2Client: query -- param skipped: index =
1342179345.
02-23 20:49:26.224 13540 21944 W Codec2Client: query -- param skipped: index =
2415921170.
02-23 20:49:26.224 13540 21944 W Codec2Client: query -- param skipped: index =
1610614798.
02-23 20:49:26.337 13540 21989 W Codec2Client: query -- param skipped: index =
1107298332.
02-23 20:49:26.337 13540 21989 W CCodec : This behavior is subject to change. It
is recommended that app developers double check whether the requested max input
size is in reasonable range.
02-23 20:49:26.338 13540 21989 W Codec2Client: query -- param skipped: index =
1342179345.
02-23 20:49:26.338 13540 21989 W Codec2Client: query -- param skipped: index =
2415921170.
02-23 20:49:26.338 13540 21989 W Codec2Client: query -- param skipped: index =
1610614798.
02-23 20:49:26.388 13540 22006 W Codec2Client: query -- param skipped: index =
1107298332.
02-23 20:49:26.388 13540 22006 W CCodec : This behavior is subject to change. It
is recommended that app developers double check whether the requested max input
size is in reasonable range.
02-23 20:49:26.390 13540 22006 W Codec2Client: query -- param skipped: index =
1342179345.
02-23 20:49:26.390 13540 22006 W Codec2Client: query -- param skipped: index =
2415921170.
02-23 20:49:26.390 13540 22006 W Codec2Client: query -- param skipped: index =
1610614798.
02-23 20:49:26.443 13540 22020 W Codec2Client: query -- param skipped: index =
1107298332.
02-23 20:49:26.443 13540 22020 W CCodec : This behavior is subject to change. It
is recommended that app developers double check whether the requested max input
size is in reasonable range.
02-23 20:49:26.445 13540 22020 W Codec2Client: query -- param skipped: index =
1342179345.
02-23 20:49:26.445 13540 22020 W Codec2Client: query -- param skipped: index =
2415921170.
02-23 20:49:26.445 13540 22020 W Codec2Client: query -- param skipped: index =
1610614798.
02-23 20:49:26.453 13540 18640 E DRM_DCF_DECODER_JNI: nativeDecryptDcfFile: failed
to openDecryptSession, trigger showDrmDialogIfNeed
02-23 20:49:26.456 13540 18640 E DRM/DcfDecoder: decodeDrmImage native decrypt
failed
02-23 20:49:26.462 13540 21934 W ACodec : Failed to set ANW_HWComposer to OMX,
ignoring (-2147483648)
02-23 20:49:38.794 13540 13863 W RenderInspector: DequeueBuffer time out on Toast,
count=15, avg=31 ms, max=38 ms.
02-23 20:49:53.156 13540 13863 W RenderInspector: DequeueBuffer time out on
com.whatsapp/com.whatsapp.mediacomposer.MediaComposerActivity, count=1, avg=17 ms,
max=17 ms.
02-23 20:49:54.892 13540 13863 W RenderInspector: DequeueBuffer time out on
com.whatsapp/com.whatsapp.mediacomposer.MediaComposerActivity, count=2, avg=23 ms,
max=23 ms.
02-23 20:49:55.667 13540 13863 W RenderInspector: DequeueBuffer time out on
com.whatsapp/com.whatsapp.mediacomposer.MediaComposerActivity, count=1, avg=17 ms,
max=17 ms.
02-23 20:49:58.087 13540 22020 W Codec2Client: query -- param skipped: index =
1342179345.
02-23 20:49:58.087 13540 22020 W Codec2Client: query -- param skipped: index =
2415921170.
02-23 20:49:58.087 13540 22020 W Codec2Client: query -- param skipped: index =
1610614798.
02-23 20:49:58.230 13540 13540 W InputEventReceiver: App Input: Dispatching
InputEvent took 158ms in main thread! (MotionEvent: event_seq=3228, seq=3746615,
action=ACTION_MOVE)
02-23 20:49:58.230 13540 13540 W Choreographer: OPTS_INPUT: First frame was drawed
before optimized, so skip!
02-23 20:49:58.332 13540 22020 W Codec2Client: query -- param skipped: index =
1342179345.
02-23 20:49:58.333 13540 22020 W Codec2Client: query -- param skipped: index =
2415921170.
02-23 20:49:58.333 13540 22020 W Codec2Client: query -- param skipped: index =
1610614798.
02-23 20:49:58.440 13540 13540 W InputEventReceiver: App Input: Dispatching
InputEvent took 113ms in main thread! (MotionEvent: event_seq=3230, seq=3746671,
action=ACTION_MOVE)
02-23 20:49:58.461 13540 22020 W Codec2Client: query -- param skipped: index =
1342179345.
02-23 20:49:58.461 13540 22020 W Codec2Client: query -- param skipped: index =
2415921170.
02-23 20:49:58.461 13540 22020 W Codec2Client: query -- param skipped: index =
1610614798.
02-23 20:49:58.574 13540 13540 W InputEventReceiver: App Input: Dispatching
InputEvent took 119ms in main thread! (MotionEvent: event_seq=3231, seq=3746697,
action=ACTION_MOVE)
02-23 20:49:58.600 13540 22020 W Codec2Client: query -- param skipped: index =
1342179345.
02-23 20:49:58.600 13540 22020 W Codec2Client: query -- param skipped: index =
2415921170.
02-23 20:49:58.600 13540 22020 W Codec2Client: query -- param skipped: index =
1610614798.
02-23 20:49:59.467 13540 13863 W RenderInspector: DequeueBuffer time out on
com.whatsapp/com.whatsapp.mediacomposer.MediaComposerActivity, count=1, avg=17 ms,
max=17 ms.
02-23 20:50:00.227 13540 13863 W RenderInspector: DequeueBuffer time out on
com.whatsapp/com.whatsapp.mediacomposer.MediaComposerActivity, count=6, avg=17 ms,
max=22 ms.
02-23 20:50:00.680 13540 13863 W RenderInspector: DequeueBuffer time out on
com.whatsapp/com.whatsapp.mediacomposer.MediaComposerActivity, count=1, avg=17 ms,
max=17 ms.
02-23 20:50:43.948 13540 22020 W Codec2Client: query -- param skipped: index =
1342179345.
02-23 20:50:43.948 13540 22020 W Codec2Client: query -- param skipped: index =
2415921170.
02-23 20:50:43.948 13540 22020 W Codec2Client: query -- param skipped: index =
1610614798.
02-23 20:51:25.739 13540 22020 W Codec2Client: query -- param skipped: index =
1342179345.
02-23 20:51:25.739 13540 22020 W Codec2Client: query -- param skipped: index =
2415921170.
02-23 20:51:25.739 13540 22020 W Codec2Client: query -- param skipped: index =
1610614798.
02-23 20:51:25.785 13540 13863 W RefBase : CallStack::getCurrentInternal not
linked, returning null
02-23 20:51:25.785 13540 13863 W RefBase : CallStack::logStackInternal not linked
02-23 20:51:25.786 13540 13863 W RefBase : CallStack::getCurrentInternal not
linked, returning null
02-23 20:51:25.786 13540 13863 W RefBase : CallStack::logStackInternal not linked
02-23 20:51:25.788 13540 13863 W RefBase : CallStack::getCurrentInternal not
linked, returning null
02-23 20:51:25.788 13540 13863 W RefBase : CallStack::logStackInternal not linked
02-23 20:51:25.789 13540 13863 W RefBase : CallStack::getCurrentInternal not
linked, returning null
02-23 20:51:25.789 13540 13863 W RefBase : CallStack::logStackInternal not linked
02-23 20:51:25.790 13540 13863 W RefBase : CallStack::getCurrentInternal not
linked, returning null
02-23 20:51:25.790 13540 13863 W RefBase : CallStack::logStackInternal not linked
02-23 20:51:25.793 13540 13863 W RefBase : CallStack::getCurrentInternal not
linked, returning null
02-23 20:51:25.793 13540 13863 W RefBase : CallStack::logStackInternal not linked
02-23 20:51:25.794 13540 13863 W RefBase : CallStack::getCurrentInternal not
linked, returning null
02-23 20:51:25.794 13540 13863 W RefBase : CallStack::logStackInternal not linked
02-23 20:51:25.795 13540 13863 W RefBase : CallStack::getCurrentInternal not
linked, returning null
02-23 20:51:25.795 13540 13863 W RefBase : CallStack::logStackInternal not linked
02-23 20:51:25.797 13540 13863 W RefBase : CallStack::getCurrentInternal not
linked, returning null
02-23 20:51:25.797 13540 13863 W RefBase : CallStack::logStackInternal not linked
02-23 20:51:25.798 13540 13863 W RefBase : CallStack::getCurrentInternal not
linked, returning null
02-23 20:51:25.798 13540 13863 W RefBase : CallStack::logStackInternal not linked
02-23 20:51:25.799 13540 13863 W RefBase : CallStack::getCurrentInternal not
linked, returning null
02-23 20:51:25.799 13540 13863 W RefBase : CallStack::logStackInternal not linked
02-23 20:51:25.800 13540 13863 W RefBase : CallStack::getCurrentInternal not
linked, returning null
02-23 20:51:25.800 13540 13863 W RefBase : CallStack::logStackInternal not linked
02-23 20:51:25.818 13540 13540 W RecyclerView: An instance of 6Hl was started more
than once. Each instance of6Hl is intended to only be used once. You should create
a new instance for each use.
02-23 20:51:26.453 13540 13863 W RefBase : CallStack::getCurrentInternal not
linked, returning null
02-23 20:51:26.453 13540 13863 W RefBase : CallStack::logStackInternal not linked
02-23 20:51:27.688 13540 18350 E libc : Access denied finding property
"vendor.debug.bq.dump"
02-23 20:51:27.689 13540 18350 E libc : Access denied finding property
"vendor.debug.bq.dump"
02-23 20:51:27.690 13540 18350 E libc : Access denied finding property
"vendor.debug.bq.dump"
02-23 20:51:27.692 13540 18350 E libc : Access denied finding property
"vendor.debug.bq.dump"
02-23 20:51:27.693 13540 18350 E libc : Access denied finding property
"vendor.debug.bq.dump"
02-23 20:51:27.693 13540 18350 E libc : Access denied finding property
"vendor.debug.bq.dump"
02-23 20:51:27.709 13540 18350 E libc : Access denied finding property
"vendor.debug.bq.dump"
02-23 20:51:27.710 13540 18350 E libc : Access denied finding property
"vendor.debug.bq.dump"
02-23 20:51:27.710 13540 18350 E libc : Access denied finding property
"vendor.debug.bq.dump"
02-23 20:51:28.060 13540 21664 W BpBinder: Slow Binder: BpBinder transact took 283
ms, interface=android.media.IMediaMetadataRetriever, code=5 oneway=false
02-23 20:51:28.867 13540 21430 W BpBinder: Slow Binder: BpBinder transact took 235
ms, interface=android.media.IMediaMetadataRetriever, code=3 oneway=false
02-23 20:51:29.817 13540 18350 W BpBinder: Slow Binder: BpBinder transact took 270
ms, interface=android.hardware.camera2.ICameraDeviceUser, code=1 oneway=false
02-23 20:51:30.539 13540 13540 W Choreographer: OPTS_INPUT: First frame was drawed
before optimized, so skip!
02-23 20:51:32.230 13540 13540 W ActivityThread: handleWindowVisibility: no
activity for token android.os.BinderProxy@9198226
02-23 20:51:32.804 13540 13540 E ArmVmp : Match on catch block at 0x0a in for 0xb9
02-23 20:51:32.810 13540 13540 E ArmVmp : Match on catch block at 0x0a in for 0xb5
02-23 20:51:32.897 13540 13540 W Looper : Slow Looper main: Activity
com.whatsapp/.Conversation is 675ms late (wall=0ms running=0ms
ClientTransaction{ callbacks=[android.app.servertransaction.TopResumedActivityChang
eItem] }) because of 5 msg, msg 5 took 667ms (seq=49704 running=388ms runnable=2ms
io=235ms late=9ms h=android.app.ActivityThread$H w=159)
02-23 20:51:33.106 13540 18617 E ArmVmp : Match on catch block at 0x48 in for 0x89
02-23 20:51:33.107 13540 18617 W System.err: javax.net.ssl.SSLHandshakeException:
SSL handshake aborted: ssl=0xb8f08948: I/O error during system call, Connection
reset by peer
02-23 20:51:33.107 13540 18617 W System.err:
02-23 20:51:33.130 13540 18617 W System.err: at
com.android.org.conscrypt.NativeCrypto.SSL_do_handshake(Native Method)
02-23 20:51:33.130 13540 18617 W System.err:
02-23 20:51:33.130 13540 18617 W System.err: at
com.android.org.conscrypt.NativeSsl.doHandshake(NativeSsl.java:387)
02-23 20:51:33.130 13540 18617 W System.err:
02-23 20:51:33.130 13540 18617 W System.err: at
com.android.org.conscrypt.ConscryptFileDescriptorSocket.startHandshake(ConscryptFil
eDescriptorSocket.java:226)
02-23 20:51:33.130 13540 18617 W System.err:
02-23 20:51:33.130 13540 18617 W System.err: at
com.android.okhttp.internal.io.RealConnection.connectTls(RealConnection.java:196)
02-23 20:51:33.130 13540 18617 W System.err:
02-23 20:51:33.130 13540 18617 W System.err: at
com.android.okhttp.internal.io.RealConnection.connectSocket(RealConnection.java:153
)
02-23 20:51:33.130 13540 18617 W System.err:
02-23 20:51:33.131 13540 18617 W System.err: at
com.android.okhttp.internal.io.RealConnection.connect(RealConnection.java:116)
02-23 20:51:33.131 13540 18617 W System.err:
02-23 20:51:33.131 13540 18617 W System.err: at
com.android.okhttp.internal.http.StreamAllocation.findConnection(StreamAllocation.j
ava:186)
02-23 20:51:33.131 13540 18617 W System.err:
02-23 20:51:33.131 13540 18617 W System.err: at
com.android.okhttp.internal.http.StreamAllocation.findHealthyConnection(StreamAlloc
ation.java:128)
02-23 20:51:33.131 13540 18617 W System.err:
02-23 20:51:33.131 13540 18617 W System.err: at
com.android.okhttp.internal.http.StreamAllocation.newStream(StreamAllocation.java:9
7)
02-23 20:51:33.131 13540 18617 W System.err:
02-23 20:51:33.131 13540 18617 W System.err: at
com.android.okhttp.internal.http.HttpEngine.connect(HttpEngine.java:302)
02-23 20:51:33.132 13540 18617 W System.err:
02-23 20:51:33.132 13540 18617 W System.err: at
com.android.okhttp.internal.http.HttpEngine.sendRequest(HttpEngine.java:245)
02-23 20:51:33.132 13540 18617 W System.err:
02-23 20:51:33.132 13540 18617 W System.err: at
com.android.okhttp.internal.huc.HttpURLConnectionImpl.execute(HttpURLConnectionImpl
.java:465)
02-23 20:51:33.132 13540 18617 W System.err:
02-23 20:51:33.132 13540 18617 W System.err: at
com.android.okhttp.internal.huc.HttpURLConnectionImpl.connect(HttpURLConnectionImpl
.java:131)
02-23 20:51:33.132 13540 18617 W System.err:
02-23 20:51:33.133 13540 18617 W System.err: at
com.android.okhttp.internal.huc.DelegatingHttpsURLConnection.connect(DelegatingHttp
sURLConnection.java:90)
02-23 20:51:33.133 13540 18617 W System.err:
02-23 20:51:33.133 13540 18617 W System.err: at
com.android.okhttp.internal.huc.HttpsURLConnectionImpl.connect(HttpsURLConnectionIm
pl.java:30)
02-23 20:51:33.133 13540 18617 W System.err:
02-23 20:51:33.133 13540 18617 W System.err: at
mbmodsd.mbmodsw.home.MBTranslator.translate(Native Method)
02-23 20:51:33.133 13540 18617 W System.err:
02-23 20:51:33.133 13540 18617 W System.err: at
mbmodsd.mbmodsw.home.MBTranslator$Async.doInBackground(Native Method)
02-23 20:51:33.133 13540 18617 W System.err:
02-23 20:51:33.134 13540 18617 W System.err: at
mbmodsd.mbmodsw.home.MBTranslator$Async.doInBackground(Native Method)
02-23 20:51:33.134 13540 18617 W System.err:
02-23 20:51:33.134 13540 18617 W System.err: at
android.os.AsyncTask$3.call(AsyncTask.java:378)
02-23 20:51:33.134 13540 18617 W System.err:
02-23 20:51:33.134 13540 18617 W System.err: at
java.util.concurrent.FutureTask.run(FutureTask.java:266)
02-23 20:51:33.134 13540 18617 W System.err:
02-23 20:51:33.134 13540 18617 W System.err: at
android.os.AsyncTask$SerialExecutor$1.run(AsyncTask.java:289)
02-23 20:51:33.134 13540 18617 W System.err:
02-23 20:51:33.134 13540 18617 W System.err: at
java.util.concurrent.ThreadPoolExecutor.runWorker(ThreadPoolExecutor.java:1167)
02-23 20:51:33.135 13540 18617 W System.err:
02-23 20:51:33.135 13540 18617 W System.err: at
java.util.concurrent.ThreadPoolExecutor$Worker.run(ThreadPoolExecutor.java:641)
02-23 20:51:33.135 13540 18617 W System.err:
02-23 20:51:33.135 13540 18617 W System.err: at
java.lang.Thread.run(Thread.java:919)
02-23 20:51:33.135 13540 18617 W System.err:
02-23 20:51:33.295 13540 18617 E ArmVmp : Match on catch block at 0x48 in for 0x91
02-23 20:51:33.296 13540 18617 W System.err: javax.net.ssl.SSLHandshakeException:
SSL handshake aborted: ssl=0xb27d1748: I/O error during system call, Connection
reset by peer
02-23 20:51:33.296 13540 13540 W View : requestLayout() improperly called by
X.4rg{ac5f4e7 V.E....L. ......ID 0,806-720,1046} during layout: running second
layout pass
02-23 20:51:33.296 13540 18617 W System.err:
02-23 20:51:33.296 13540 13540 W View : requestLayout() improperly called by
android.widget.LinearLayout{891d894 V.E...... ......ID 173,10-691,238 #7f0b0e50
app:id/main_layout} during layout: running second layout pass
02-23 20:51:33.296 13540 13540 W View : requestLayout() improperly called by
com.whatsapp.conversation.conversationrow.ConversationRowImage$RowImageView{c8e7f3d
VFED..CL. ......ID 8,8-510,134 #7f0b0c84 app:id/image} during layout: running
second layout pass
02-23 20:51:33.296 13540 18617 W System.err: at
com.android.org.conscrypt.NativeCrypto.SSL_do_handshake(Native Method)
02-23 20:51:33.296 13540 18617 W System.err:
02-23 20:51:33.296 13540 18617 W System.err: at
com.android.org.conscrypt.NativeSsl.doHandshake(NativeSsl.java:387)
02-23 20:51:33.296 13540 18617 W System.err:
02-23 20:51:33.296 13540 18617 W System.err: at
com.android.org.conscrypt.ConscryptFileDescriptorSocket.startHandshake(ConscryptFil
eDescriptorSocket.java:226)
02-23 20:51:33.296 13540 18617 W System.err:
02-23 20:51:33.296 13540 18617 W System.err: at
com.android.okhttp.internal.io.RealConnection.connectTls(RealConnection.java:196)
02-23 20:51:33.297 13540 18617 W System.err:
02-23 20:51:33.297 13540 18617 W System.err: at
com.android.okhttp.internal.io.RealConnection.connectSocket(RealConnection.java:153
)
02-23 20:51:33.297 13540 18617 W System.err:
02-23 20:51:33.297 13540 18617 W System.err: at
com.android.okhttp.internal.io.RealConnection.connect(RealConnection.java:116)
02-23 20:51:33.297 13540 18617 W System.err:
02-23 20:51:33.297 13540 18617 W System.err: at
com.android.okhttp.internal.http.StreamAllocation.findConnection(StreamAllocation.j
ava:186)
02-23 20:51:33.297 13540 18617 W System.err:
02-23 20:51:33.297 13540 18617 W System.err: at
com.android.okhttp.internal.http.StreamAllocation.findHealthyConnection(StreamAlloc
ation.java:128)
02-23 20:51:33.297 13540 18617 W System.err:
02-23 20:51:33.297 13540 18617 W System.err: at
com.android.okhttp.internal.http.StreamAllocation.newStream(StreamAllocation.java:9
7)
02-23 20:51:33.297 13540 18617 W System.err:
02-23 20:51:33.297 13540 18617 W System.err: at
com.android.okhttp.internal.http.HttpEngine.connect(HttpEngine.java:302)
02-23 20:51:33.297 13540 18617 W System.err:
02-23 20:51:33.297 13540 18617 W System.err: at
com.android.okhttp.internal.http.HttpEngine.sendRequest(HttpEngine.java:245)
02-23 20:51:33.298 13540 18617 W System.err:
02-23 20:51:33.298 13540 18617 W System.err: at
com.android.okhttp.internal.huc.HttpURLConnectionImpl.execute(HttpURLConnectionImpl
.java:465)
02-23 20:51:33.298 13540 18617 W System.err:
02-23 20:51:33.298 13540 18617 W System.err: at
com.android.okhttp.internal.huc.HttpURLConnectionImpl.connect(HttpURLConnectionImpl
.java:131)
02-23 20:51:33.298 13540 18617 W System.err:
02-23 20:51:33.298 13540 18617 W System.err: at
com.android.okhttp.internal.huc.DelegatingHttpsURLConnection.connect(DelegatingHttp
sURLConnection.java:90)
02-23 20:51:33.298 13540 18617 W System.err:
02-23 20:51:33.298 13540 18617 W System.err: at
com.android.okhttp.internal.huc.HttpsURLConnectionImpl.connect(HttpsURLConnectionIm
pl.java:30)
02-23 20:51:33.298 13540 18617 W System.err:
02-23 20:51:33.298 13540 18617 W System.err: at
mbmodsd.mbmodsw.home.MBTranslator.translate(Native Method)
02-23 20:51:33.299 13540 18617 W System.err:
02-23 20:51:33.299 13540 18617 W System.err: at
mbmodsd.mbmodsw.home.MBTranslator$Async.doInBackground(Native Method)
02-23 20:51:33.299 13540 18617 W System.err:
02-23 20:51:33.299 13540 18617 W System.err: at
mbmodsd.mbmodsw.home.MBTranslator$Async.doInBackground(Native Method)
02-23 20:51:33.299 13540 18617 W System.err:
02-23 20:51:33.299 13540 18617 W System.err: at
android.os.AsyncTask$3.call(AsyncTask.java:378)
02-23 20:51:33.299 13540 18617 W System.err:
02-23 20:51:33.299 13540 18617 W System.err: at
java.util.concurrent.FutureTask.run(FutureTask.java:266)
02-23 20:51:33.299 13540 18617 W System.err:
02-23 20:51:33.299 13540 18617 W System.err: at
android.os.AsyncTask$SerialExecutor$1.run(AsyncTask.java:289)
02-23 20:51:33.300 13540 18617 W System.err:
02-23 20:51:33.300 13540 18617 W System.err: at
java.util.concurrent.ThreadPoolExecutor.runWorker(ThreadPoolExecutor.java:1167)
02-23 20:51:33.300 13540 18617 W System.err:
02-23 20:51:33.300 13540 18617 W System.err: at
java.util.concurrent.ThreadPoolExecutor$Worker.run(ThreadPoolExecutor.java:641)
02-23 20:51:33.300 13540 18617 W System.err:
02-23 20:51:33.300 13540 18617 W System.err: at
java.lang.Thread.run(Thread.java:919)
02-23 20:51:33.300 13540 18617 W System.err:
02-23 20:51:33.313 13540 13540 E ArmVmp : Match on catch block at 0xc3 in for 0xa1
02-23 20:51:33.325 13540 13540 E ArmVmp : Match on catch block at 0xc3 in for 0xa1
02-23 20:51:33.369 13540 13540 W Looper : Slow Looper main: doFrame is 663ms late
because of 4 msg, msg 1 took 667ms (seq=49704 running=388ms runnable=2ms io=235ms
late=9ms h=android.app.ActivityThread$H w=159)
02-23 20:51:33.415 13540 13540 E ArmVmp : Match on catch block at 0xc3 in for 0x95
02-23 20:51:33.420 13540 13540 E ArmVmp : Match on catch block at 0xc3 in for 0x99
02-23 20:51:33.460 13540 13540 W Looper : Slow Looper main: doFrame is 481ms late
because of 53 msg, msg 1 took 466ms (seq=49708 running=373ms runnable=1ms io=18ms
late=663ms h=android.view.Choreographer$FrameHandler
c=android.view.Choreographer$FrameDisplayEventReceiver)
02-23 20:51:33.423 13540 13540 E ArmVmp : Match on catch block at 0xc3 in for 0x99
02-23 20:51:33.474 13540 13540 W View : requestLayout() improperly called by
X.4rg{ac5f4e7 V.E....L. ......ID 0,806-720,1046} during second layout pass: posting
in next frame
02-23 20:51:33.475 13540 13540 W View : requestLayout() improperly called by
android.widget.LinearLayout{891d894 V.E...... .......D 173,10-691,238 #7f0b0e50
app:id/main_layout} during second layout pass: posting in next frame
02-23 20:51:33.490 13540 13540 E ArmVmp : Match on catch block at 0xc3 in for 0x95
02-23 20:51:33.495 13540 13540 E ArmVmp : Match on catch block at 0xc3 in for 0x99
02-23 20:51:33.499 13540 13540 E ArmVmp : Match on catch block at 0xc3 in for 0x99
02-23 20:51:33.530 13540 13540 E ArmVmp : Match on catch block at 0xc3 in for 0x91
02-23 20:51:33.536 13540 13540 E ArmVmp : Match on catch block at 0xc3 in for 0x95
02-23 20:51:33.539 13540 13540 E ArmVmp : Match on catch block at 0xc3 in for 0x95
02-23 20:51:33.697 13540 13540 E ArmVmp : Match on catch block at 0xc3 in for 0x99
02-23 20:51:33.704 13540 13540 E ArmVmp : Match on catch block at 0xc3 in for 0x91
02-23 20:51:33.708 13540 13540 E ArmVmp : Match on catch block at 0xc3 in for 0x91
02-23 20:51:33.716 13540 13540 E ArmVmp : Match on catch block at 0xc3 in for 0x95
02-23 20:51:33.723 13540 13540 E ArmVmp : Match on catch block at 0xc3 in for 0x99
02-23 20:51:33.726 13540 13540 E ArmVmp : Match on catch block at 0xc3 in for 0x99
02-23 20:51:33.746 13540 13540 E ArmVmp : Match on catch block at 0xc3 in for 0x91
02-23 20:51:33.752 13540 13540 E ArmVmp : Match on catch block at 0xc3 in for 0x95
02-23 20:51:33.755 13540 13540 E ArmVmp : Match on catch block at 0xc3 in for 0x95
02-23 20:51:33.763 13540 13540 E ArmVmp : Match on catch block at 0xc3 in for 0x99
02-23 20:51:33.769 13540 13540 E ArmVmp : Match on catch block at 0xc3 in for 0x91
02-23 20:51:33.772 13540 13540 E ArmVmp : Match on catch block at 0xc3 in for 0x91
02-23 20:51:33.780 13540 13540 E ArmVmp : Match on catch block at 0xc3 in for 0x99
02-23 20:51:33.785 13540 13540 E ArmVmp : Match on catch block at 0xc3 in for 0x91
02-23 20:51:33.788 13540 13540 E ArmVmp : Match on catch block at 0xc3 in for 0x91
02-23 20:51:33.802 13540 13540 E ArmVmp : Match on catch block at 0xc3 in for 0x99
02-23 20:51:33.807 13540 13540 E ArmVmp : Match on catch block at 0xc3 in for 0x91
02-23 20:51:33.811 13540 13540 E ArmVmp : Match on catch block at 0xc3 in for 0x91
02-23 20:51:33.835 13540 13540 E ArmVmp : Match on catch block at 0xc3 in for 0x99
02-23 20:51:33.842 13540 13540 E ArmVmp : Match on catch block at 0xc3 in for 0x91
02-23 20:51:33.845 13540 13540 E ArmVmp : Match on catch block at 0xc3 in for 0x91
02-23 20:51:33.865 13540 13540 E ArmVmp : Match on catch block at 0xc3 in for 0x95
02-23 20:51:33.871 13540 13540 E ArmVmp : Match on catch block at 0xc3 in for 0x99
02-23 20:51:33.875 13540 13540 E ArmVmp : Match on catch block at 0xc3 in for 0x99
02-23 20:51:33.895 13540 13540 E ArmVmp : Match on catch block at 0xc3 in for 0x91
02-23 20:51:33.900 13540 13540 E ArmVmp : Match on catch block at 0xc3 in for 0x95
02-23 20:51:33.903 13540 13540 E ArmVmp : Match on catch block at 0xc3 in for 0x95
02-23 20:51:33.928 13540 13540 E ArmVmp : Match on catch block at 0xc3 in for 0x99
02-23 20:51:33.933 13540 13540 E ArmVmp : Match on catch block at 0xc3 in for 0x91
02-23 20:51:33.936 13540 13540 E ArmVmp : Match on catch block at 0xc3 in for 0x91
02-23 20:51:33.967 13540 13540 E ArmVmp : Match on catch block at 0xc3 in for 0x95
02-23 20:51:33.971 13540 13540 E ArmVmp : Match on catch block at 0xc3 in for 0x99
02-23 20:51:33.975 13540 13540 E ArmVmp : Match on catch block at 0xc3 in for 0x99
02-23 20:51:33.994 13540 13540 E ArmVmp : Match on catch block at 0xc3 in for 0x91
02-23 20:51:33.999 13540 13540 E ArmVmp : Match on catch block at 0xc3 in for 0x95
02-23 20:51:34.002 13540 13540 E ArmVmp : Match on catch block at 0xc3 in for 0x95
02-23 20:51:34.011 13540 13540 E ArmVmp : Match on catch block at 0xc3 in for 0x99
02-23 20:51:34.015 13540 13540 E ArmVmp : Match on catch block at 0xc3 in for 0x91
02-23 20:51:34.019 13540 13540 E ArmVmp : Match on catch block at 0xc3 in for 0x91
02-23 20:51:34.490 13540 13540 E ArmVmp : Match on catch block at 0xc3 in for 0x99
02-23 20:51:34.496 13540 13540 E ArmVmp : Match on catch block at 0xc3 in for 0x91
02-23 20:51:34.500 13540 13540 E ArmVmp : Match on catch block at 0xc3 in for 0x91
02-23 20:51:34.967 13540 13540 E ArmVmp : Match on catch block at 0xc3 in for 0x95
02-23 20:51:34.973 13540 13540 E ArmVmp : Match on catch block at 0xc3 in for 0x99
02-23 20:51:34.976 13540 13540 E ArmVmp : Match on catch block at 0xc3 in for 0x99
02-23 20:51:34.986 13540 13540 E ArmVmp : Match on catch block at 0xc3 in for 0x91
02-23 20:51:34.993 13540 13540 E ArmVmp : Match on catch block at 0xc3 in for 0x95
02-23 20:51:34.997 13540 13540 E ArmVmp : Match on catch block at 0xc3 in for 0x95
02-23 20:51:35.004 13540 13540 E ArmVmp : Match on catch block at 0xc3 in for 0x99
02-23 20:51:35.011 13540 13540 E ArmVmp : Match on catch block at 0xc3 in for 0x91
02-23 20:51:35.015 13540 13540 E ArmVmp : Match on catch block at 0xc3 in for 0x91
02-23 20:51:35.386 13540 13540 E ArmVmp : Match on catch block at 0xc3 in for 0x91
02-23 20:51:35.392 13540 13540 E ArmVmp : Match on catch block at 0xc3 in for 0x95
02-23 20:51:35.395 13540 13540 E ArmVmp : Match on catch block at 0xc3 in for 0x95
02-23 20:51:35.411 13540 13540 E ArmVmp : Match on catch block at 0xc3 in for 0x99
02-23 20:51:35.417 13540 13540 E ArmVmp : Match on catch block at 0xc3 in for 0x91
02-23 20:51:35.421 13540 13540 E ArmVmp : Match on catch block at 0xc3 in for 0x91
02-23 20:51:35.515 13540 13540 E ArmVmp : Match on catch block at 0xc3 in for 0x95
02-23 20:51:35.521 13540 13540 E ArmVmp : Match on catch block at 0xc3 in for 0x99
02-23 20:51:35.525 13540 13540 E ArmVmp : Match on catch block at 0xc3 in for 0x99
02-23 20:51:36.010 13540 13540 E ArmVmp : Match on catch block at 0xc3 in for 0x99
02-23 20:51:36.016 13540 13540 E ArmVmp : Match on catch block at 0xc3 in for 0x91
02-23 20:51:36.019 13540 13540 E ArmVmp : Match on catch block at 0xc3 in for 0x91
02-23 20:51:36.521 13540 13540 E ArmVmp : Match on catch block at 0xc3 in for 0x95
02-23 20:51:36.526 13540 13540 E ArmVmp : Match on catch block at 0xc3 in for 0x99
02-23 20:51:36.529 13540 13540 E ArmVmp : Match on catch block at 0xc3 in for 0x99
02-23 20:51:36.556 13540 13540 E ArmVmp : Match on catch block at 0xc3 in for 0x95
02-23 20:51:36.561 13540 13540 E ArmVmp : Match on catch block at 0xc3 in for 0x99
02-23 20:51:36.566 13540 13540 E ArmVmp : Match on catch block at 0xc3 in for 0x99
02-23 20:51:36.588 13540 13540 E ArmVmp : Match on catch block at 0xc3 in for 0x99
02-23 20:51:36.596 13540 13540 E ArmVmp : Match on catch block at 0xc3 in for 0x91
02-23 20:51:36.599 13540 13540 E ArmVmp : Match on catch block at 0xc3 in for 0x91
02-23 20:51:36.606 13540 13540 E ArmVmp : Match on catch block at 0xc3 in for 0x95
02-23 20:51:36.612 13540 13540 E ArmVmp : Match on catch block at 0xc3 in for 0x99
02-23 20:51:36.616 13540 13540 E ArmVmp : Match on catch block at 0xc3 in for 0x99
02-23 20:51:36.637 13540 13540 E ArmVmp : Match on catch block at 0xc3 in for 0x91
02-23 20:51:36.643 13540 13540 E ArmVmp : Match on catch block at 0xc3 in for 0x95
02-23 20:51:36.647 13540 13540 E ArmVmp : Match on catch block at 0xc3 in for 0x95
02-23 20:51:36.662 13540 13540 E ArmVmp : Match on catch block at 0xc3 in for 0x99
02-23 20:51:36.668 13540 13540 E ArmVmp : Match on catch block at 0xc3 in for 0x91
02-23 20:51:36.672 13540 13540 E ArmVmp : Match on catch block at 0xc3 in for 0x91
02-23 20:51:36.687 13540 13540 E ArmVmp : Match on catch block at 0xc3 in for 0x95
02-23 20:51:36.693 13540 13540 E ArmVmp : Match on catch block at 0xc3 in for 0x99
02-23 20:51:36.697 13540 13540 E ArmVmp : Match on catch block at 0xc3 in for 0x99
02-23 20:51:36.705 13540 13540 E ArmVmp : Match on catch block at 0xc3 in for 0x91
02-23 20:51:36.713 13540 13540 E ArmVmp : Match on catch block at 0xc3 in for 0x95
02-23 20:51:36.717 13540 13540 E ArmVmp : Match on catch block at 0xc3 in for 0x95
02-23 20:51:36.736 13540 13540 E ArmVmp : Match on catch block at 0xc3 in for 0x99
02-23 20:51:36.742 13540 13540 E ArmVmp : Match on catch block at 0xc3 in for 0x91
02-23 20:51:36.745 13540 13540 E ArmVmp : Match on catch block at 0xc3 in for 0x91
02-23 20:51:36.752 13540 13540 E ArmVmp : Match on catch block at 0xc3 in for 0x95
02-23 20:51:36.759 13540 13540 E ArmVmp : Match on catch block at 0xc3 in for 0x99
02-23 20:51:36.762 13540 13540 E ArmVmp : Match on catch block at 0xc3 in for 0x99
02-23 20:51:36.785 13540 13540 E ArmVmp : Match on catch block at 0xc3 in for 0x91
02-23 20:51:36.790 13540 13540 E ArmVmp : Match on catch block at 0xc3 in for 0x95
02-23 20:51:36.794 13540 13540 E ArmVmp : Match on catch block at 0xc3 in for 0x95
02-23 20:51:36.934 13540 13540 E ArmVmp : Match on catch block at 0xc3 in for 0x99
02-23 20:51:36.939 13540 13540 E ArmVmp : Match on catch block at 0xc3 in for 0x91
02-23 20:51:36.943 13540 13540 E ArmVmp : Match on catch block at 0xc3 in for 0x91
02-23 20:51:36.950 13540 13540 E ArmVmp : Match on catch block at 0xc3 in for 0x95
02-23 20:51:36.957 13540 13540 E ArmVmp : Match on catch block at 0xc3 in for 0x99
02-23 20:51:36.961 13540 13540 E ArmVmp : Match on catch block at 0xc3 in for 0x99
02-23 20:51:36.967 13540 13540 E ArmVmp : Match on catch block at 0xc3 in for 0x91
02-23 20:51:36.975 13540 13540 E ArmVmp : Match on catch block at 0xc3 in for 0x95
02-23 20:51:36.978 13540 13540 E ArmVmp : Match on catch block at 0xc3 in for 0x95
02-23 20:51:36.987 13540 13540 E ArmVmp : Match on catch block at 0xc3 in for 0x99
02-23 20:51:36.993 13540 13540 E ArmVmp : Match on catch block at 0xc3 in for 0x91
02-23 20:51:36.998 13540 13540 E ArmVmp : Match on catch block at 0xc3 in for 0x91
02-23 20:51:37.006 13540 13540 E ArmVmp : Match on catch block at 0xc3 in for 0x95
02-23 20:51:37.012 13540 13540 E ArmVmp : Match on catch block at 0xc3 in for 0x99
02-23 20:51:37.016 13540 13540 E ArmVmp : Match on catch block at 0xc3 in for 0x99
02-23 20:51:37.022 13540 13540 E ArmVmp : Match on catch block at 0xc3 in for 0x91
02-23 20:51:37.028 13540 13540 E ArmVmp : Match on catch block at 0xc3 in for 0x95
02-23 20:51:37.032 13540 13540 E ArmVmp : Match on catch block at 0xc3 in for 0x95
02-23 20:51:37.038 13540 13540 E ArmVmp : Match on catch block at 0xc3 in for 0x99
02-23 20:51:37.044 13540 13540 E ArmVmp : Match on catch block at 0xc3 in for 0x91
02-23 20:51:37.048 13540 13540 E ArmVmp : Match on catch block at 0xc3 in for 0x91
02-23 20:51:37.055 13540 13540 E ArmVmp : Match on catch block at 0xc3 in for 0x95
02-23 20:51:37.061 13540 13540 E ArmVmp : Match on catch block at 0xc3 in for 0x99
02-23 20:51:37.064 13540 13540 E ArmVmp : Match on catch block at 0xc3 in for 0x99
02-23 20:51:37.071 13540 13540 E ArmVmp : Match on catch block at 0xc3 in for 0x91
02-23 20:51:37.076 13540 13540 E ArmVmp : Match on catch block at 0xc3 in for 0x95
02-23 20:51:37.079 13540 13540 E ArmVmp : Match on catch block at 0xc3 in for 0x95
02-23 20:51:37.086 13540 13540 E ArmVmp : Match on catch block at 0xc3 in for 0x99
02-23 20:51:37.092 13540 13540 E ArmVmp : Match on catch block at 0xc3 in for 0x91
02-23 20:51:37.095 13540 13540 E ArmVmp : Match on catch block at 0xc3 in for 0x91
02-23 20:51:37.101 13540 13540 E ArmVmp : Match on catch block at 0xc3 in for 0x95
02-23 20:51:37.107 13540 13540 E ArmVmp : Match on catch block at 0xc3 in for 0x99
02-23 20:51:37.110 13540 13540 E ArmVmp : Match on catch block at 0xc3 in for 0x99
02-23 20:51:37.116 13540 13540 E ArmVmp : Match on catch block at 0xc3 in for 0x91
02-23 20:51:37.123 13540 13540 E ArmVmp : Match on catch block at 0xc3 in for 0x95
02-23 20:51:37.126 13540 13540 E ArmVmp : Match on catch block at 0xc3 in for 0x95
02-23 20:51:37.137 13540 13540 E ArmVmp : Match on catch block at 0xc3 in for 0x99
02-23 20:51:37.144 13540 13540 E ArmVmp : Match on catch block at 0xc3 in for 0x91
02-23 20:51:37.148 13540 13540 E ArmVmp : Match on catch block at 0xc3 in for 0x91
02-23 20:51:37.157 13540 13540 E ArmVmp : Match on catch block at 0xc3 in for 0x95
02-23 20:51:37.162 13540 13540 E ArmVmp : Match on catch block at 0xc3 in for 0x99
02-23 20:51:37.166 13540 13540 E ArmVmp : Match on catch block at 0xc3 in for 0x99
02-23 20:51:37.182 13540 13540 E ArmVmp : Match on catch block at 0xc3 in for 0x91
02-23 20:51:37.187 13540 13540 E ArmVmp : Match on catch block at 0xc3 in for 0x95
02-23 20:51:37.190 13540 13540 E ArmVmp : Match on catch block at 0xc3 in for 0x95
02-23 20:51:37.199 13540 13540 E ArmVmp : Match on catch block at 0xc3 in for 0x99
02-23 20:51:37.204 13540 13540 E ArmVmp : Match on catch block at 0xc3 in for 0x91
02-23 20:51:37.208 13540 13540 E ArmVmp : Match on catch block at 0xc3 in for 0x91
02-23 20:51:37.356 13540 13540 E ArmVmp : Match on catch block at 0xc3 in for 0x99
02-23 20:51:37.361 13540 13540 E ArmVmp : Match on catch block at 0xc3 in for 0x91
02-23 20:51:37.364 13540 13540 E ArmVmp : Match on catch block at 0xc3 in for 0x91
02-23 20:51:37.386 13540 13540 E ArmVmp : Match on catch block at 0xc3 in for 0x99
02-23 20:51:37.391 13540 13540 E ArmVmp : Match on catch block at 0xc3 in for 0x91
02-23 20:51:37.395 13540 13540 E ArmVmp : Match on catch block at 0xc3 in for 0x91
02-23 20:51:37.414 13540 13540 E ArmVmp : Match on catch block at 0xc3 in for 0x91
02-23 20:51:37.419 13540 13540 E ArmVmp : Match on catch block at 0xc3 in for 0x95
02-23 20:51:37.422 13540 13540 E ArmVmp : Match on catch block at 0xc3 in for 0x95
02-23 20:51:37.430 13540 13540 E ArmVmp : Match on catch block at 0xc3 in for 0x99
02-23 20:51:37.437 13540 13540 E ArmVmp : Match on catch block at 0xc3 in for 0x91
02-23 20:51:37.440 13540 13540 E ArmVmp : Match on catch block at 0xc3 in for 0x91
02-23 20:51:37.448 13540 13540 E ArmVmp : Match on catch block at 0xc3 in for 0x95
02-23 20:51:37.454 13540 13540 E ArmVmp : Match on catch block at 0xc3 in for 0x99
02-23 20:51:37.458 13540 13540 E ArmVmp : Match on catch block at 0xc3 in for 0x99
02-23 20:51:37.479 13540 13540 E ArmVmp : Match on catch block at 0xc3 in for 0x91
02-23 20:51:37.484 13540 13540 E ArmVmp : Match on catch block at 0xc3 in for 0x95
02-23 20:51:37.487 13540 13540 E ArmVmp : Match on catch block at 0xc3 in for 0x95
02-23 20:51:37.498 13540 13540 E ArmVmp : Match on catch block at 0xc3 in for 0x99
02-23 20:51:37.504 13540 13540 E ArmVmp : Match on catch block at 0xc3 in for 0x91
02-23 20:51:37.507 13540 13540 E ArmVmp : Match on catch block at 0xc3 in for 0x91
02-23 20:51:37.523 13540 13540 E ArmVmp : Match on catch block at 0xc3 in for 0x95
02-23 20:51:37.528 13540 13540 E ArmVmp : Match on catch block at 0xc3 in for 0x99
02-23 20:51:37.531 13540 13540 E ArmVmp : Match on catch block at 0xc3 in for 0x99
02-23 20:51:37.546 13540 13540 E ArmVmp : Match on catch block at 0xc3 in for 0x91
02-23 20:51:37.550 13540 13540 E ArmVmp : Match on catch block at 0xc3 in for 0x95
02-23 20:51:37.554 13540 13540 E ArmVmp : Match on catch block at 0xc3 in for 0x95
02-23 20:51:37.562 13540 13540 E ArmVmp : Match on catch block at 0xc3 in for 0x99
02-23 20:51:37.567 13540 13540 E ArmVmp : Match on catch block at 0xc3 in for 0x91
02-23 20:51:37.571 13540 13540 E ArmVmp : Match on catch block at 0xc3 in for 0x91
02-23 20:51:37.579 13540 13540 E ArmVmp : Match on catch block at 0xc3 in for 0x95
02-23 20:51:37.584 13540 13540 E ArmVmp : Match on catch block at 0xc3 in for 0x99
02-23 20:51:37.587 13540 13540 E ArmVmp : Match on catch block at 0xc3 in for 0x99
02-23 20:51:37.595 13540 13540 E ArmVmp : Match on catch block at 0xc3 in for 0x91
02-23 20:51:37.600 13540 13540 E ArmVmp : Match on catch block at 0xc3 in for 0x95
02-23 20:51:37.604 13540 13540 E ArmVmp : Match on catch block at 0xc3 in for 0x95
02-23 20:51:37.611 13540 13540 E ArmVmp : Match on catch block at 0xc3 in for 0x99
02-23 20:51:37.616 13540 13540 E ArmVmp : Match on catch block at 0xc3 in for 0x91
02-23 20:51:37.619 13540 13540 E ArmVmp : Match on catch block at 0xc3 in for 0x91
02-23 20:51:37.628 13540 13540 E ArmVmp : Match on catch block at 0xc3 in for 0x95
02-23 20:51:37.632 13540 13540 E ArmVmp : Match on catch block at 0xc3 in for 0x99
02-23 20:51:37.635 13540 13540 E ArmVmp : Match on catch block at 0xc3 in for 0x99
02-23 20:51:37.644 13540 13540 E ArmVmp : Match on catch block at 0xc3 in for 0x91
02-23 20:51:37.649 13540 13540 E ArmVmp : Match on catch block at 0xc3 in for 0x95
02-23 20:51:37.653 13540 13540 E ArmVmp : Match on catch block at 0xc3 in for 0x95
02-23 20:51:37.665 13540 13540 E ArmVmp : Match on catch block at 0xc3 in for 0x99
02-23 20:51:37.670 13540 13540 E ArmVmp : Match on catch block at 0xc3 in for 0x91
02-23 20:51:37.673 13540 13540 E ArmVmp : Match on catch block at 0xc3 in for 0x91
02-23 20:51:37.694 13540 13540 E ArmVmp : Match on catch block at 0xc3 in for 0x95
02-23 20:51:37.698 13540 13540 E ArmVmp : Match on catch block at 0xc3 in for 0x99
02-23 20:51:37.702 13540 13540 E ArmVmp : Match on catch block at 0xc3 in for 0x99
02-23 20:51:37.710 13540 13540 E ArmVmp : Match on catch block at 0xc3 in for 0x91
02-23 20:51:37.715 13540 13540 E ArmVmp : Match on catch block at 0xc3 in for 0x95
02-23 20:51:37.719 13540 13540 E ArmVmp : Match on catch block at 0xc3 in for 0x95
02-23 20:51:37.727 13540 13540 E ArmVmp : Match on catch block at 0xc3 in for 0x99
02-23 20:51:37.732 13540 13540 E ArmVmp : Match on catch block at 0xc3 in for 0x91
02-23 20:51:37.736 13540 13540 E ArmVmp : Match on catch block at 0xc3 in for 0x91
02-23 20:51:37.743 13540 13540 E ArmVmp : Match on catch block at 0xc3 in for 0x95
02-23 20:51:37.748 13540 13540 E ArmVmp : Match on catch block at 0xc3 in for 0x99
02-23 20:51:37.751 13540 13540 E ArmVmp : Match on catch block at 0xc3 in for 0x99
02-23 20:51:37.760 13540 13540 E ArmVmp : Match on catch block at 0xc3 in for 0x91
02-23 20:51:37.764 13540 13540 E ArmVmp : Match on catch block at 0xc3 in for 0x95
02-23 20:51:37.768 13540 13540 E ArmVmp : Match on catch block at 0xc3 in for 0x95
02-23 20:51:37.777 13540 13540 E ArmVmp : Match on catch block at 0xc3 in for 0x99
02-23 20:51:37.782 13540 13540 E ArmVmp : Match on catch block at 0xc3 in for 0x91
02-23 20:51:37.785 13540 13540 E ArmVmp : Match on catch block at 0xc3 in for 0x91
02-23 20:51:37.793 13540 13540 E ArmVmp : Match on catch block at 0xc3 in for 0x95
02-23 20:51:37.799 13540 13540 E ArmVmp : Match on catch block at 0xc3 in for 0x99
02-23 20:51:37.802 13540 13540 E ArmVmp : Match on catch block at 0xc3 in for 0x99
02-23 20:51:37.875 13540 13540 E ArmVmp : Match on catch block at 0xc3 in for 0x91
02-23 20:51:37.881 13540 13540 E ArmVmp : Match on catch block at 0xc3 in for 0x95
02-23 20:51:37.885 13540 13540 E ArmVmp : Match on catch block at 0xc3 in for 0x95
02-23 20:51:38.041 13540 13540 E ArmVmp : Match on catch block at 0xc3 in for 0x99
02-23 20:51:38.047 13540 13540 E ArmVmp : Match on catch block at 0xc3 in for 0x91
02-23 20:51:38.050 13540 13540 E ArmVmp : Match on catch block at 0xc3 in for 0x91
02-23 20:51:38.553 13540 13540 E ArmVmp : Match on catch block at 0xc3 in for 0x95
02-23 20:51:38.559 13540 13540 E ArmVmp : Match on catch block at 0xc3 in for 0x99
02-23 20:51:38.563 13540 13540 E ArmVmp : Match on catch block at 0xc3 in for 0x99
02-23 20:51:39.050 13540 13540 E ArmVmp : Match on catch block at 0xc3 in for 0x91
02-23 20:51:39.056 13540 13540 E ArmVmp : Match on catch block at 0xc3 in for 0x95
02-23 20:51:39.062 13540 13540 E ArmVmp : Match on catch block at 0xc3 in for 0x95
02-23 20:51:39.312 13540 13540 E ArmVmp : Match on catch block at 0xc3 in for 0x99
02-23 20:51:39.318 13540 13540 E ArmVmp : Match on catch block at 0xc3 in for 0x91
02-23 20:51:39.322 13540 13540 E ArmVmp : Match on catch block at 0xc3 in for 0x91
02-23 20:51:39.544 13540 13540 E ArmVmp : Match on catch block at 0xc3 in for 0x95
02-23 20:51:39.551 13540 13540 E ArmVmp : Match on catch block at 0xc3 in for 0x99
02-23 20:51:39.555 13540 13540 E ArmVmp : Match on catch block at 0xc3 in for 0x99
02-23 20:51:39.776 13540 13540 E ArmVmp : Match on catch block at 0xc3 in for 0x91
02-23 20:51:39.781 13540 13540 E ArmVmp : Match on catch block at 0xc3 in for 0x95
02-23 20:51:39.786 13540 13540 E ArmVmp : Match on catch block at 0xc3 in for 0x95
02-23 20:51:39.941 13540 13540 E ArmVmp : Match on catch block at 0xc3 in for 0x99
02-23 20:51:39.947 13540 13540 E ArmVmp : Match on catch block at 0xc3 in for 0x91
02-23 20:51:39.951 13540 13540 E ArmVmp : Match on catch block at 0xc3 in for 0x91
02-23 20:51:40.437 13540 13540 E ArmVmp : Match on catch block at 0xc3 in for 0x95
02-23 20:51:40.444 13540 13540 E ArmVmp : Match on catch block at 0xc3 in for 0x99
02-23 20:51:40.449 13540 13540 E ArmVmp : Match on catch block at 0xc3 in for 0x99
02-23 20:51:40.552 13540 13540 E ArmVmp : Match on catch block at 0xc3 in for 0x91
02-23 20:51:40.559 13540 13540 E ArmVmp : Match on catch block at 0xc3 in for 0x95
02-23 20:51:40.563 13540 13540 E ArmVmp : Match on catch block at 0xc3 in for 0x95
02-23 20:51:40.932 13540 13540 E ArmVmp : Match on catch block at 0xc3 in for 0x99
02-23 20:51:40.942 13540 13540 E ArmVmp : Match on catch block at 0xc3 in for 0x91
02-23 20:51:40.946 13540 13540 E ArmVmp : Match on catch block at 0xc3 in for 0x91
02-23 20:51:41.179 13540 13540 E ArmVmp : Match on catch block at 0xc3 in for 0x95
02-23 20:51:41.185 13540 13540 E ArmVmp : Match on catch block at 0xc3 in for 0x99
02-23 20:51:41.189 13540 13540 E ArmVmp : Match on catch block at 0xc3 in for 0x99
02-23 20:51:41.411 13540 13540 E ArmVmp : Match on catch block at 0xc3 in for 0x91
02-23 20:51:41.417 13540 13540 E ArmVmp : Match on catch block at 0xc3 in for 0x95
02-23 20:51:41.421 13540 13540 E ArmVmp : Match on catch block at 0xc3 in for 0x95
02-23 20:51:41.592 13540 13540 E ArmVmp : Match on catch block at 0xc3 in for 0x99
02-23 20:51:41.598 13540 13540 E ArmVmp : Match on catch block at 0xc3 in for 0x91
02-23 20:51:41.602 13540 13540 E ArmVmp : Match on catch block at 0xc3 in for 0x91
02-23 20:51:41.977 13540 13540 E ArmVmp : Match on catch block at 0xc3 in for 0x95
02-23 20:51:41.984 13540 13540 E ArmVmp : Match on catch block at 0xc3 in for 0x99
02-23 20:51:41.988 13540 13540 E ArmVmp : Match on catch block at 0xc3 in for 0x99
02-23 20:51:42.417 13540 13540 E ArmVmp : Match on catch block at 0xc3 in for 0x91
02-23 20:51:42.423 13540 13540 E ArmVmp : Match on catch block at 0xc3 in for 0x95
02-23 20:51:42.427 13540 13540 E ArmVmp : Match on catch block at 0xc3 in for 0x95
02-23 20:51:42.764 13540 13540 E ArmVmp : Match on catch block at 0xc3 in for 0x99
02-23 20:51:42.769 13540 13540 E ArmVmp : Match on catch block at 0xc3 in for 0x91
02-23 20:51:42.773 13540 13540 E ArmVmp : Match on catch block at 0xc3 in for 0x91
02-23 20:51:42.847 13540 13540 E ArmVmp : Match on catch block at 0xc3 in for 0x95
02-23 20:51:42.854 13540 13540 E ArmVmp : Match on catch block at 0xc3 in for 0x99
02-23 20:51:42.857 13540 13540 E ArmVmp : Match on catch block at 0xc3 in for 0x99
02-23 20:51:43.277 13540 13540 E ArmVmp : Match on catch block at 0xc3 in for 0x91
02-23 20:51:43.282 13540 13540 E ArmVmp : Match on catch block at 0xc3 in for 0x95
02-23 20:51:43.285 13540 13540 E ArmVmp : Match on catch block at 0xc3 in for 0x95
02-23 20:51:43.309 13540 13540 E ArmVmp : Match on catch block at 0xc3 in for 0x91
02-23 20:51:43.314 13540 13540 E ArmVmp : Match on catch block at 0xc3 in for 0x95
02-23 20:51:43.318 13540 13540 E ArmVmp : Match on catch block at 0xc3 in for 0x95
02-23 20:51:43.355 13540 13540 E ArmVmp : Match on catch block at 0xc3 in for 0x99
02-23 20:51:43.361 13540 13540 E ArmVmp : Match on catch block at 0xc3 in for 0x91
02-23 20:51:43.372 13540 13540 E ArmVmp : Match on catch block at 0xc3 in for 0x99
02-23 20:51:43.378 13540 13540 E ArmVmp : Match on catch block at 0xc3 in for 0x91
02-23 20:51:43.429 13540 13540 E ArmVmp : Match on catch block at 0xc3 in for 0x91
02-23 20:51:43.434 13540 13540 E ArmVmp : Match on catch block at 0xc3 in for 0x95
02-23 20:51:43.463 13540 13540 E ArmVmp : Match on catch block at 0xc3 in for 0x91
02-23 20:51:43.469 13540 13540 E ArmVmp : Match on catch block at 0xc3 in for 0x95
02-23 20:51:43.496 13540 13540 E ArmVmp : Match on catch block at 0xc3 in for 0x95
02-23 20:51:43.500 13540 13540 E ArmVmp : Match on catch block at 0xc3 in for 0x99
02-23 20:51:43.508 13540 13540 E ArmVmp : Match on catch block at 0xc3 in for 0x95
02-23 20:51:43.513 13540 13540 E ArmVmp : Match on catch block at 0xc3 in for 0x99
02-23 20:51:43.524 13540 13540 E ArmVmp : Match on catch block at 0xc3 in for 0x95
02-23 20:51:43.530 13540 13540 E ArmVmp : Match on catch block at 0xc3 in for 0x99
02-23 20:51:43.612 13540 13540 E ArmVmp : Match on catch block at 0xc3 in for 0x91
02-23 20:51:43.618 13540 13540 E ArmVmp : Match on catch block at 0xc3 in for 0x95
02-23 20:51:43.630 13540 13540 E ArmVmp : Match on catch block at 0xc3 in for 0x91
