02-23 20:37:26.837 13540 13540 W View : requestLayout() improperly called by
android.widget.Space{a739fd1 I.ED..... ......I. 24,72-32,80 #7f0b00ba
app:id/action_tile_spacing} during layout: running second layout pass
02-23 20:37:26.837 13540 13540 W View : requestLayout() improperly called by
android.widget.Space{a92ea36 I.ED..... ......I. 24,72-32,80 #7f0b00ba
app:id/action_tile_spacing} during layout: running second layout pass
02-23 20:37:26.842 13540 13540 W Looper : Slow Looper main: doFrame is 560ms late
because of 4 msg, msg 1 took 561ms (seq=17100 running=430ms runnable=1ms io=88ms
late=18ms h=android.app.ActivityThread$H w=159)
02-23 20:37:26.845 13540 13540 W ResourceType: Bad XML block: header size 18254 or
total size 169478669 is larger than data size 853
02-23 20:37:26.864 13540 13540 E ArmVmp : Match on catch block at 0xc3 in for 0x95
02-23 20:37:26.868 13540 13540 E ArmVmp : Match on catch block at 0xc3 in for 0x99
02-23 20:37:27.021 13540 13540 E ArmVmp : Match on catch block at 0xc3 in for 0x91
02-23 20:37:27.026 13540 13540 E ArmVmp : Match on catch block at 0xc3 in for 0x95
02-23 20:37:27.276 13540 13540 E ArmVmp : Match on catch block at 0xc3 in for 0x95
02-23 20:37:27.280 13540 13540 E ArmVmp : Match on catch block at 0xc3 in for 0x99
02-23 20:37:27.837 13540 13863 W RenderInspector: DequeueBuffer time out on
com.whatsapp/com.whatsapp.group.GroupChatInfoActivity, count=1, avg=21 ms, max=21
ms.
02-23 20:37:28.145 13540 13540 W Choreographer: OPTS_INPUT: First frame was drawed
before optimized, so skip!
02-23 20:37:28.657 13540 13540 W Choreographer: OPTS_INPUT: First frame was drawed
before optimized, so skip!
02-23 20:37:29.095 13540 13540 W Choreographer: OPTS_INPUT: First frame was drawed
before optimized, so skip!
02-23 20:37:30.782 13540 13863 W RenderInspector: DequeueBuffer time out on Toast,
count=1, avg=16 ms, max=16 ms.
02-23 20:37:31.302 13540 13863 W RenderInspector: DequeueBuffer time out on Toast,
count=15, avg=17 ms, max=18 ms.
02-23 20:37:31.762 13540 13540 W ActivityThread: handleWindowVisibility: no
activity for token android.os.BinderProxy@47e231c
02-23 20:37:32.201 13540 13540 W View : requestLayout() improperly called by
com.whatsapp.TextEmojiLabel{e5e632a VFED..C.. ......ID 0,0-293,54 #7f0b06ab
app:id/conversation_contact_name} during layout: running second layout pass
02-23 20:37:32.222 13540 13540 W View : requestLayout() improperly called by
com.whatsapp.TextEmojiLabel{e5e632a VFED..C.. ......ID 0,0-293,54 #7f0b06ab
app:id/conversation_contact_name} during layout: running second layout pass
02-23 20:37:32.378 13540 13863 W RenderInspector: DequeueBuffer time out on
com.whatsapp/com.whatsapp.group.GroupChatInfoActivity, count=1, avg=21 ms, max=21
ms.
02-23 20:37:32.796 13540 13863 W RenderInspector: DequeueBuffer time out on Toast,
count=2, avg=17 ms, max=17 ms.
02-23 20:37:33.288 13540 13540 W View : requestLayout() improperly called by
com.whatsapp.TextEmojiLabel{e5e632a VFED..C.. ......ID 0,0-293,54 #7f0b06ab
app:id/conversation_contact_name} during layout: running second layout pass
02-23 20:37:35.805 13540 13540 E ArmVmp : Match on catch block at 0x0a in for 0xb5
02-23 20:37:35.811 13540 13540 E ArmVmp : Match on catch block at 0x0a in for 0xb1
02-23 20:37:35.896 13540 13540 E ArmVmp : Match on catch block at 0xc3 in for 0x91
02-23 20:37:35.901 13540 13540 E ArmVmp : Match on catch block at 0xc3 in for 0x95
02-23 20:37:35.982 13540 13540 E ArmVmp : Match on catch block at 0xc3 in for 0x91
02-23 20:37:35.985 13540 13540 E ArmVmp : Match on catch block at 0xc3 in for 0x95
02-23 20:37:35.989 13540 18617 E ArmVmp : Match on catch block at 0x48 in for 0x89
02-23 20:37:35.990 13540 18617 W System.err: javax.net.ssl.SSLHandshakeException:
SSL handshake aborted: ssl=0xb6b95878: I/O error during system call, Connection
reset by peer
02-23 20:37:35.990 13540 18617 W System.err:
02-23 20:37:35.990 13540 18617 W System.err: at
com.android.org.conscrypt.NativeCrypto.SSL_do_handshake(Native Method)
02-23 20:37:35.991 13540 18617 W System.err:
02-23 20:37:35.991 13540 18617 W System.err: at
com.android.org.conscrypt.NativeSsl.doHandshake(NativeSsl.java:387)
02-23 20:37:35.991 13540 18617 W System.err:
02-23 20:37:35.991 13540 18617 W System.err: at
com.android.org.conscrypt.ConscryptFileDescriptorSocket.startHandshake(ConscryptFil
eDescriptorSocket.java:226)
02-23 20:37:35.991 13540 18617 W System.err:
02-23 20:37:35.991 13540 18617 W System.err: at
com.android.okhttp.internal.io.RealConnection.connectTls(RealConnection.java:196)
02-23 20:37:35.991 13540 18617 W System.err:
02-23 20:37:35.991 13540 18617 W System.err: at
com.android.okhttp.internal.io.RealConnection.connectSocket(RealConnection.java:153
)
02-23 20:37:35.991 13540 18617 W System.err:
02-23 20:37:35.991 13540 18617 W System.err: at
com.android.okhttp.internal.io.RealConnection.connect(RealConnection.java:116)
02-23 20:37:35.991 13540 18617 W System.err:
02-23 20:37:35.992 13540 18617 W System.err: at
com.android.okhttp.internal.http.StreamAllocation.findConnection(StreamAllocation.j
ava:186)
02-23 20:37:35.992 13540 18617 W System.err:
02-23 20:37:35.992 13540 18617 W System.err: at
com.android.okhttp.internal.http.StreamAllocation.findHealthyConnection(StreamAlloc
ation.java:128)
02-23 20:37:35.992 13540 18617 W System.err:
02-23 20:37:35.992 13540 18617 W System.err: at
com.android.okhttp.internal.http.StreamAllocation.newStream(StreamAllocation.java:9
7)
02-23 20:37:35.992 13540 18617 W System.err:
02-23 20:37:35.992 13540 18617 W System.err: at
com.android.okhttp.internal.http.HttpEngine.connect(HttpEngine.java:302)
02-23 20:37:35.992 13540 18617 W System.err:
02-23 20:37:35.993 13540 18617 W System.err: at
com.android.okhttp.internal.http.HttpEngine.sendRequest(HttpEngine.java:245)
02-23 20:37:35.993 13540 18617 W System.err:
02-23 20:37:35.994 13540 18617 W System.err: at
com.android.okhttp.internal.huc.HttpURLConnectionImpl.execute(HttpURLConnectionImpl
.java:465)
02-23 20:37:35.994 13540 18617 W System.err:
02-23 20:37:35.994 13540 18617 W System.err: at
com.android.okhttp.internal.huc.HttpURLConnectionImpl.connect(HttpURLConnectionImpl
.java:131)
02-23 20:37:35.994 13540 18617 W System.err:
02-23 20:37:35.995 13540 18617 W System.err: at
com.android.okhttp.internal.huc.DelegatingHttpsURLConnection.connect(DelegatingHttp
sURLConnection.java:90)
02-23 20:37:35.995 13540 18617 W System.err:
02-23 20:37:35.995 13540 18617 W System.err: at
com.android.okhttp.internal.huc.HttpsURLConnectionImpl.connect(HttpsURLConnectionIm
pl.java:30)
02-23 20:37:35.995 13540 18617 W System.err:
02-23 20:37:35.995 13540 18617 W System.err: at
mbmodsd.mbmodsw.home.MBTranslator.translate(Native Method)
02-23 20:37:35.995 13540 18617 W System.err:
02-23 20:37:35.995 13540 18617 W System.err: at
mbmodsd.mbmodsw.home.MBTranslator$Async.doInBackground(Native Method)
02-23 20:37:35.995 13540 18617 W System.err:
02-23 20:37:35.996 13540 18617 W System.err: at
mbmodsd.mbmodsw.home.MBTranslator$Async.doInBackground(Native Method)
02-23 20:37:35.996 13540 18617 W System.err:
02-23 20:37:35.996 13540 18617 W System.err: at
android.os.AsyncTask$3.call(AsyncTask.java:378)
02-23 20:37:35.996 13540 18617 W System.err:
02-23 20:37:35.996 13540 18617 W System.err: at
java.util.concurrent.FutureTask.run(FutureTask.java:266)
02-23 20:37:35.996 13540 18617 W System.err:
02-23 20:37:35.996 13540 18617 W System.err: at
android.os.AsyncTask$SerialExecutor$1.run(AsyncTask.java:289)
02-23 20:37:35.996 13540 18617 W System.err:
02-23 20:37:35.996 13540 18617 W System.err: at
java.util.concurrent.ThreadPoolExecutor.runWorker(ThreadPoolExecutor.java:1167)
02-23 20:37:35.996 13540 18617 W System.err:
02-23 20:37:35.997 13540 18617 W System.err: at
java.util.concurrent.ThreadPoolExecutor$Worker.run(ThreadPoolExecutor.java:641)
02-23 20:37:35.997 13540 18617 W System.err:
02-23 20:37:35.997 13540 18617 W System.err: at
java.lang.Thread.run(Thread.java:919)
02-23 20:37:35.997 13540 18617 W System.err:
02-23 20:37:36.022 13540 13540 E ArmVmp : Match on catch block at 0xc3 in for 0x99
02-23 20:37:36.026 13540 13540 E ArmVmp : Match on catch block at 0xc3 in for 0x91
02-23 20:37:36.139 13540 18617 E ArmVmp : Match on catch block at 0x48 in for 0x95
02-23 20:37:36.140 13540 18617 W System.err: javax.net.ssl.SSLHandshakeException:
SSL handshake aborted: ssl=0xb6b95aa8: I/O error during system call, Connection
reset by peer
02-23 20:37:36.140 13540 18617 W System.err:
02-23 20:37:36.141 13540 18617 W System.err: at
com.android.org.conscrypt.NativeCrypto.SSL_do_handshake(Native Method)
02-23 20:37:36.141 13540 18617 W System.err:
02-23 20:37:36.141 13540 18617 W System.err: at
com.android.org.conscrypt.NativeSsl.doHandshake(NativeSsl.java:387)
02-23 20:37:36.142 13540 18617 W System.err:
02-23 20:37:36.142 13540 18617 W System.err: at
com.android.org.conscrypt.ConscryptFileDescriptorSocket.startHandshake(ConscryptFil
eDescriptorSocket.java:226)
02-23 20:37:36.142 13540 18617 W System.err:
02-23 20:37:36.142 13540 18617 W System.err: at
com.android.okhttp.internal.io.RealConnection.connectTls(RealConnection.java:196)
02-23 20:37:36.142 13540 18617 W System.err:
02-23 20:37:36.142 13540 18617 W System.err: at
com.android.okhttp.internal.io.RealConnection.connectSocket(RealConnection.java:153
)
02-23 20:37:36.142 13540 18617 W System.err:
02-23 20:37:36.142 13540 18617 W System.err: at
com.android.okhttp.internal.io.RealConnection.connect(RealConnection.java:116)
02-23 20:37:36.142 13540 18617 W System.err:
02-23 20:37:36.143 13540 18617 W System.err: at
com.android.okhttp.internal.http.StreamAllocation.findConnection(StreamAllocation.j
ava:186)
02-23 20:37:36.143 13540 18617 W System.err:
02-23 20:37:36.143 13540 18617 W System.err: at
com.android.okhttp.internal.http.StreamAllocation.findHealthyConnection(StreamAlloc
ation.java:128)
02-23 20:37:36.143 13540 18617 W System.err:
02-23 20:37:36.143 13540 18617 W System.err: at
com.android.okhttp.internal.http.StreamAllocation.newStream(StreamAllocation.java:9
7)
02-23 20:37:36.143 13540 18617 W System.err:
02-23 20:37:36.143 13540 18617 W System.err: at
com.android.okhttp.internal.http.HttpEngine.connect(HttpEngine.java:302)
02-23 20:37:36.143 13540 18617 W System.err:
02-23 20:37:36.143 13540 18617 W System.err: at
com.android.okhttp.internal.http.HttpEngine.sendRequest(HttpEngine.java:245)
02-23 20:37:36.143 13540 18617 W System.err:
02-23 20:37:36.143 13540 18617 W System.err: at
com.android.okhttp.internal.huc.HttpURLConnectionImpl.execute(HttpURLConnectionImpl
.java:465)
02-23 20:37:36.143 13540 18617 W System.err:
02-23 20:37:36.144 13540 18617 W System.err: at
com.android.okhttp.internal.huc.HttpURLConnectionImpl.connect(HttpURLConnectionImpl
.java:131)
02-23 20:37:36.144 13540 18617 W System.err:
02-23 20:37:36.144 13540 18617 W System.err: at
com.android.okhttp.internal.huc.DelegatingHttpsURLConnection.connect(DelegatingHttp
sURLConnection.java:90)
02-23 20:37:36.144 13540 18617 W System.err:
02-23 20:37:36.144 13540 18617 W System.err: at
com.android.okhttp.internal.huc.HttpsURLConnectionImpl.connect(HttpsURLConnectionIm
pl.java:30)
02-23 20:37:36.144 13540 18617 W System.err:
02-23 20:37:36.144 13540 18617 W System.err: at
mbmodsd.mbmodsw.home.MBTranslator.translate(Native Method)
02-23 20:37:36.144 13540 18617 W System.err:
02-23 20:37:36.144 13540 18617 W System.err: at
mbmodsd.mbmodsw.home.MBTranslator$Async.doInBackground(Native Method)
02-23 20:37:36.144 13540 18617 W System.err:
02-23 20:37:36.144 13540 18617 W System.err: at
mbmodsd.mbmodsw.home.MBTranslator$Async.doInBackground(Native Method)
02-23 20:37:36.145 13540 18617 W System.err:
02-23 20:37:36.145 13540 18617 W System.err: at
android.os.AsyncTask$3.call(AsyncTask.java:378)
02-23 20:37:36.145 13540 18617 W System.err:
02-23 20:37:36.145 13540 18617 W System.err: at
java.util.concurrent.FutureTask.run(FutureTask.java:266)
02-23 20:37:36.145 13540 18617 W System.err:
02-23 20:37:36.145 13540 18617 W System.err: at
android.os.AsyncTask$SerialExecutor$1.run(AsyncTask.java:289)
02-23 20:37:36.145 13540 18617 W System.err:
02-23 20:37:36.146 13540 18617 W System.err: at
java.util.concurrent.ThreadPoolExecutor.runWorker(ThreadPoolExecutor.java:1167)
02-23 20:37:36.146 13540 18617 W System.err:
02-23 20:37:36.146 13540 18617 W System.err: at
java.util.concurrent.ThreadPoolExecutor$Worker.run(ThreadPoolExecutor.java:641)
02-23 20:37:36.146 13540 18617 W System.err:
02-23 20:37:36.146 13540 18617 W System.err: at
java.lang.Thread.run(Thread.java:919)
02-23 20:37:36.146 13540 18617 W System.err:
02-23 20:37:36.515 13540 13540 E ArmVmp : Match on catch block at 0xc3 in for 0x91
02-23 20:37:36.519 13540 13540 E ArmVmp : Match on catch block at 0xc3 in for 0x95
02-23 20:37:36.648 13540 13540 E ArmVmp : Match on catch block at 0xc3 in for 0x95
02-23 20:37:36.654 13540 13540 E ArmVmp : Match on catch block at 0xc3 in for 0x99
02-23 20:37:36.664 13540 13540 E ArmVmp : Match on catch block at 0xc3 in for 0x99
02-23 20:37:36.669 13540 13540 E ArmVmp : Match on catch block at 0xc3 in for 0x91
02-23 20:37:36.680 13540 13540 E ArmVmp : Match on catch block at 0xc3 in for 0x91
02-23 20:37:36.683 13540 13540 E ArmVmp : Match on catch block at 0xc3 in for 0x95
02-23 20:37:36.696 13540 13540 E ArmVmp : Match on catch block at 0xc3 in for 0x95
02-23 20:37:36.700 13540 13540 E ArmVmp : Match on catch block at 0xc3 in for 0x99
02-23 20:37:36.713 13540 13540 E ArmVmp : Match on catch block at 0xc3 in for 0x99
02-23 20:37:36.718 13540 13540 E ArmVmp : Match on catch block at 0xc3 in for 0x91
02-23 20:37:36.734 13540 13540 E ArmVmp : Match on catch block at 0xc3 in for 0x91
02-23 20:37:36.737 13540 13540 E ArmVmp : Match on catch block at 0xc3 in for 0x95
02-23 20:37:36.746 13540 13540 E ArmVmp : Match on catch block at 0xc3 in for 0x95
02-23 20:37:36.750 13540 13540 E ArmVmp : Match on catch block at 0xc3 in for 0x99
02-23 20:37:36.762 13540 13540 E ArmVmp : Match on catch block at 0xc3 in for 0x99
02-23 20:37:36.766 13540 13540 E ArmVmp : Match on catch block at 0xc3 in for 0x91
02-23 20:37:36.779 13540 13540 E ArmVmp : Match on catch block at 0xc3 in for 0x91
02-23 20:37:36.784 13540 13540 E ArmVmp : Match on catch block at 0xc3 in for 0x95
02-23 20:37:36.799 13540 13540 E ArmVmp : Match on catch block at 0xc3 in for 0x95
02-23 20:37:36.803 13540 13540 E ArmVmp : Match on catch block at 0xc3 in for 0x99
02-23 20:37:36.824 13540 13540 E ArmVmp : Match on catch block at 0xc3 in for 0x99
02-23 20:37:36.827 13540 13540 E ArmVmp : Match on catch block at 0xc3 in for 0x91
02-23 20:37:36.870 13540 13540 E ArmVmp : Match on catch block at 0xc3 in for 0x95
02-23 20:37:36.873 13540 13540 E ArmVmp : Match on catch block at 0xc3 in for 0x99
02-23 20:37:36.970 13540 13540 E ArmVmp : Match on catch block at 0xc3 in for 0x91
02-23 20:37:36.973 13540 13540 E ArmVmp : Match on catch block at 0xc3 in for 0x95
02-23 20:37:37.025 13540 13540 E ArmVmp : Match on catch block at 0xc3 in for 0x99
02-23 20:37:37.029 13540 13540 E ArmVmp : Match on catch block at 0xc3 in for 0x91
02-23 20:37:37.524 13540 13540 E ArmVmp : Match on catch block at 0xc3 in for 0x95
02-23 20:37:37.530 13540 13540 E ArmVmp : Match on catch block at 0xc3 in for 0x99
02-23 20:37:40.795 13540 13540 W ActivityThread: handleWindowVisibility: no
activity for token android.os.BinderProxy@ddd7132
02-23 20:37:41.075 13540 13540 E ArmVmp : Match on catch block at 0x0a in for 0xb5
02-23 20:37:41.080 13540 13540 E ArmVmp : Match on catch block at 0x0a in for 0xb1
02-23 20:37:41.126 13540 13540 W Looper : Slow Looper main: Activity
com.whatsapp/.Conversation is 337ms late (wall=0ms running=0ms
ClientTransaction{ callbacks=[android.app.servertransaction.TopResumedActivityChang
eItem] }) because of 5 msg, msg 5 took 330ms (seq=17951 running=296ms runnable=1ms
io=2ms late=8ms h=android.app.ActivityThread$H w=159)
02-23 20:37:41.246 13540 18617 E ArmVmp : Match on catch block at 0x48 in for 0x85
02-23 20:37:41.246 13540 18617 W System.err: javax.net.ssl.SSLHandshakeException:
SSL handshake aborted: ssl=0xafce93d8: I/O error during system call, Connection
reset by peer
02-23 20:37:41.246 13540 18617 W System.err:
02-23 20:37:41.247 13540 18617 W System.err: at
com.android.org.conscrypt.NativeCrypto.SSL_do_handshake(Native Method)
02-23 20:37:41.247 13540 18617 W System.err:
02-23 20:37:41.247 13540 18617 W System.err: at
com.android.org.conscrypt.NativeSsl.doHandshake(NativeSsl.java:387)
02-23 20:37:41.247 13540 18617 W System.err:
02-23 20:37:41.247 13540 18617 W System.err: at
com.android.org.conscrypt.ConscryptFileDescriptorSocket.startHandshake(ConscryptFil
eDescriptorSocket.java:226)
02-23 20:37:41.248 13540 18617 W System.err:
02-23 20:37:41.248 13540 18617 W System.err: at
com.android.okhttp.internal.io.RealConnection.connectTls(RealConnection.java:196)
02-23 20:37:41.248 13540 18617 W System.err:
02-23 20:37:41.248 13540 18617 W System.err: at
com.android.okhttp.internal.io.RealConnection.connectSocket(RealConnection.java:153
)
02-23 20:37:41.248 13540 18617 W System.err:
02-23 20:37:41.248 13540 18617 W System.err: at
com.android.okhttp.internal.io.RealConnection.connect(RealConnection.java:116)
02-23 20:37:41.249 13540 18617 W System.err:
02-23 20:37:41.249 13540 18617 W System.err: at
com.android.okhttp.internal.http.StreamAllocation.findConnection(StreamAllocation.j
ava:186)
02-23 20:37:41.249 13540 18617 W System.err:
02-23 20:37:41.249 13540 18617 W System.err: at
com.android.okhttp.internal.http.StreamAllocation.findHealthyConnection(StreamAlloc
ation.java:128)
02-23 20:37:41.249 13540 18617 W System.err:
02-23 20:37:41.249 13540 18617 W System.err: at
com.android.okhttp.internal.http.StreamAllocation.newStream(StreamAllocation.java:9
7)
02-23 20:37:41.250 13540 18617 W System.err:
02-23 20:37:41.250 13540 18617 W System.err: at
com.android.okhttp.internal.http.HttpEngine.connect(HttpEngine.java:302)
02-23 20:37:41.250 13540 18617 W System.err:
02-23 20:37:41.250 13540 18617 W System.err: at
com.android.okhttp.internal.http.HttpEngine.sendRequest(HttpEngine.java:245)
02-23 20:37:41.250 13540 18617 W System.err:
02-23 20:37:41.250 13540 18617 W System.err: at
com.android.okhttp.internal.huc.HttpURLConnectionImpl.execute(HttpURLConnectionImpl
.java:465)
02-23 20:37:41.250 13540 18617 W System.err:
02-23 20:37:41.251 13540 18617 W System.err: at
com.android.okhttp.internal.huc.HttpURLConnectionImpl.connect(HttpURLConnectionImpl
.java:131)
02-23 20:37:41.251 13540 18617 W System.err:
02-23 20:37:41.251 13540 18617 W System.err: at
com.android.okhttp.internal.huc.DelegatingHttpsURLConnection.connect(DelegatingHttp
sURLConnection.java:90)
02-23 20:37:41.251 13540 18617 W System.err:
02-23 20:37:41.251 13540 18617 W System.err: at
com.android.okhttp.internal.huc.HttpsURLConnectionImpl.connect(HttpsURLConnectionIm
pl.java:30)
02-23 20:37:41.251 13540 18617 W System.err:
02-23 20:37:41.251 13540 18617 W System.err: at
mbmodsd.mbmodsw.home.MBTranslator.translate(Native Method)
02-23 20:37:41.252 13540 18617 W System.err:
02-23 20:37:41.252 13540 18617 W System.err: at
mbmodsd.mbmodsw.home.MBTranslator$Async.doInBackground(Native Method)
02-23 20:37:41.252 13540 18617 W System.err:
02-23 20:37:41.252 13540 18617 W System.err: at
mbmodsd.mbmodsw.home.MBTranslator$Async.doInBackground(Native Method)
02-23 20:37:41.252 13540 18617 W System.err:
02-23 20:37:41.252 13540 18617 W System.err: at
android.os.AsyncTask$3.call(AsyncTask.java:378)
02-23 20:37:41.252 13540 18617 W System.err:
02-23 20:37:41.252 13540 18617 W System.err: at
java.util.concurrent.FutureTask.run(FutureTask.java:266)
02-23 20:37:41.252 13540 18617 W System.err:
02-23 20:37:41.253 13540 18617 W System.err: at
android.os.AsyncTask$SerialExecutor$1.run(AsyncTask.java:289)
02-23 20:37:41.253 13540 18617 W System.err:
02-23 20:37:41.253 13540 18617 W System.err: at
java.util.concurrent.ThreadPoolExecutor.runWorker(ThreadPoolExecutor.java:1167)
02-23 20:37:41.253 13540 18617 W System.err:
02-23 20:37:41.253 13540 18617 W System.err: at
java.util.concurrent.ThreadPoolExecutor$Worker.run(ThreadPoolExecutor.java:641)
02-23 20:37:41.253 13540 18617 W System.err:
02-23 20:37:41.253 13540 18617 W System.err: at
java.lang.Thread.run(Thread.java:919)
02-23 20:37:41.254 13540 18617 W System.err:
02-23 20:37:41.409 13540 18617 E ArmVmp : Match on catch block at 0x48 in for 0x91
02-23 20:37:41.410 13540 18617 W System.err: javax.net.ssl.SSLHandshakeException:
SSL handshake aborted: ssl=0xafd17568: I/O error during system call, Connection
reset by peer
02-23 20:37:41.410 13540 18617 W System.err:
02-23 20:37:41.410 13540 18617 W System.err: at
com.android.org.conscrypt.NativeCrypto.SSL_do_handshake(Native Method)
02-23 20:37:41.410 13540 18617 W System.err:
02-23 20:37:41.411 13540 18617 W System.err: at
com.android.org.conscrypt.NativeSsl.doHandshake(NativeSsl.java:387)
02-23 20:37:41.411 13540 18617 W System.err:
02-23 20:37:41.411 13540 18617 W System.err: at
com.android.org.conscrypt.ConscryptFileDescriptorSocket.startHandshake(ConscryptFil
eDescriptorSocket.java:226)
02-23 20:37:41.411 13540 18617 W System.err:
02-23 20:37:41.411 13540 18617 W System.err: at
com.android.okhttp.internal.io.RealConnection.connectTls(RealConnection.java:196)
02-23 20:37:41.411 13540 18617 W System.err:
02-23 20:37:41.411 13540 18617 W System.err: at
com.android.okhttp.internal.io.RealConnection.connectSocket(RealConnection.java:153
)
02-23 20:37:41.411 13540 18617 W System.err:
02-23 20:37:41.411 13540 18617 W System.err: at
com.android.okhttp.internal.io.RealConnection.connect(RealConnection.java:116)
02-23 20:37:41.411 13540 18617 W System.err:
02-23 20:37:41.411 13540 18617 W System.err: at
com.android.okhttp.internal.http.StreamAllocation.findConnection(StreamAllocation.j
ava:186)
02-23 20:37:41.411 13540 18617 W System.err:
02-23 20:37:41.412 13540 18617 W System.err: at
com.android.okhttp.internal.http.StreamAllocation.findHealthyConnection(StreamAlloc
ation.java:128)
02-23 20:37:41.412 13540 18617 W System.err:
02-23 20:37:41.412 13540 18617 W System.err: at
com.android.okhttp.internal.http.StreamAllocation.newStream(StreamAllocation.java:9
7)
02-23 20:37:41.412 13540 18617 W System.err:
02-23 20:37:41.412 13540 18617 W System.err: at
com.android.okhttp.internal.http.HttpEngine.connect(HttpEngine.java:302)
02-23 20:37:41.412 13540 18617 W System.err:
02-23 20:37:41.412 13540 18617 W System.err: at
com.android.okhttp.internal.http.HttpEngine.sendRequest(HttpEngine.java:245)
02-23 20:37:41.412 13540 18617 W System.err:
02-23 20:37:41.412 13540 18617 W System.err: at
com.android.okhttp.internal.huc.HttpURLConnectionImpl.execute(HttpURLConnectionImpl
.java:465)
02-23 20:37:41.412 13540 18617 W System.err:
02-23 20:37:41.412 13540 18617 W System.err: at
com.android.okhttp.internal.huc.HttpURLConnectionImpl.connect(HttpURLConnectionImpl
.java:131)
02-23 20:37:41.412 13540 18617 W System.err:
02-23 20:37:41.413 13540 18617 W System.err: at
com.android.okhttp.internal.huc.DelegatingHttpsURLConnection.connect(DelegatingHttp
sURLConnection.java:90)
02-23 20:37:41.413 13540 18617 W System.err:
02-23 20:37:41.413 13540 18617 W System.err: at
com.android.okhttp.internal.huc.HttpsURLConnectionImpl.connect(HttpsURLConnectionIm
pl.java:30)
02-23 20:37:41.413 13540 18617 W System.err:
02-23 20:37:41.413 13540 18617 W System.err: at
mbmodsd.mbmodsw.home.MBTranslator.translate(Native Method)
02-23 20:37:41.413 13540 18617 W System.err:
02-23 20:37:41.413 13540 18617 W System.err: at
mbmodsd.mbmodsw.home.MBTranslator$Async.doInBackground(Native Method)
02-23 20:37:41.413 13540 18617 W System.err:
02-23 20:37:41.413 13540 18617 W System.err: at
mbmodsd.mbmodsw.home.MBTranslator$Async.doInBackground(Native Method)
02-23 20:37:41.413 13540 18617 W System.err:
02-23 20:37:41.414 13540 18617 W System.err: at
android.os.AsyncTask$3.call(AsyncTask.java:378)
02-23 20:37:41.414 13540 18617 W System.err:
02-23 20:37:41.414 13540 18617 W System.err: at
java.util.concurrent.FutureTask.run(FutureTask.java:266)
02-23 20:37:41.414 13540 18617 W System.err:
02-23 20:37:41.414 13540 18617 W System.err: at
android.os.AsyncTask$SerialExecutor$1.run(AsyncTask.java:289)
02-23 20:37:41.414 13540 18617 W System.err:
02-23 20:37:41.414 13540 18617 W System.err: at
java.util.concurrent.ThreadPoolExecutor.runWorker(ThreadPoolExecutor.java:1167)
02-23 20:37:41.414 13540 18617 W System.err:
02-23 20:37:41.414 13540 18617 W System.err: at
java.util.concurrent.ThreadPoolExecutor$Worker.run(ThreadPoolExecutor.java:641)
02-23 20:37:41.414 13540 18617 W System.err:
02-23 20:37:41.415 13540 18617 W System.err: at
java.lang.Thread.run(Thread.java:919)
02-23 20:37:41.415 13540 18617 W System.err:
02-23 20:37:41.532 13540 13540 E ArmVmp : Match on catch block at 0xc3 in for 0xa9
02-23 20:37:41.541 13540 13540 E ArmVmp : Match on catch block at 0xc3 in for 0xa9
02-23 20:37:41.575 13540 13540 W Looper : Slow Looper main: doFrame is 321ms late
because of 2 msg, msg 1 took 330ms (seq=17951 running=296ms runnable=1ms io=2ms
late=8ms h=android.app.ActivityThread$H w=159)
02-23 20:37:41.613 13540 13540 E ArmVmp : Match on catch block at 0xc3 in for 0x99
02-23 20:37:41.618 13540 13540 E ArmVmp : Match on catch block at 0xc3 in for 0x91
02-23 20:37:41.647 13540 13540 W Looper : Slow Looper main: doFrame is 466ms late
because of 49 msg, msg 1 took 449ms (seq=17953 running=368ms runnable=2ms io=1ms
late=321ms h=android.view.Choreographer$FrameHandler
c=android.view.Choreographer$FrameDisplayEventReceiver)
02-23 20:37:41.621 13540 13540 E ArmVmp : Match on catch block at 0xc3 in for 0x91
02-23 20:37:41.679 13540 13540 E ArmVmp : Match on catch block at 0xc3 in for 0x99
02-23 20:37:41.684 13540 13540 E ArmVmp : Match on catch block at 0xc3 in for 0x91
02-23 20:37:41.711 13540 13540 E ArmVmp : Match on catch block at 0xc3 in for 0x91
02-23 20:37:41.718 13540 13540 E ArmVmp : Match on catch block at 0xc3 in for 0x95
02-23 20:37:41.721 13540 13540 E ArmVmp : Match on catch block at 0xc3 in for 0x95
02-23 20:37:41.931 13540 13540 E ArmVmp : Match on catch block at 0xc3 in for 0x99
02-23 20:37:41.936 13540 13540 E ArmVmp : Match on catch block at 0xc3 in for 0x91
02-23 20:37:41.940 13540 13540 E ArmVmp : Match on catch block at 0xc3 in for 0x91
02-23 20:37:41.948 13540 13540 E ArmVmp : Match on catch block at 0xc3 in for 0x95
02-23 20:37:41.953 13540 13540 E ArmVmp : Match on catch block at 0xc3 in for 0x99
02-23 20:37:41.957 13540 13540 E ArmVmp : Match on catch block at 0xc3 in for 0x99
02-23 20:37:41.965 13540 13540 E ArmVmp : Match on catch block at 0xc3 in for 0x95
02-23 20:37:41.969 13540 13540 E ArmVmp : Match on catch block at 0xc3 in for 0x99
02-23 20:37:41.973 13540 13540 E ArmVmp : Match on catch block at 0xc3 in for 0x99
02-23 20:37:41.985 13540 13540 E ArmVmp : Match on catch block at 0xc3 in for 0x95
02-23 20:37:41.990 13540 13540 E ArmVmp : Match on catch block at 0xc3 in for 0x99
02-23 20:37:42.017 13540 13540 E ArmVmp : Match on catch block at 0xc3 in for 0x99
02-23 20:37:42.023 13540 13540 E ArmVmp : Match on catch block at 0xc3 in for 0x91
02-23 20:37:42.027 13540 13540 E ArmVmp : Match on catch block at 0xc3 in for 0x91
02-23 20:37:42.050 13540 13540 E ArmVmp : Match on catch block at 0xc3 in for 0x95
02-23 20:37:42.055 13540 13540 E ArmVmp : Match on catch block at 0xc3 in for 0x99
02-23 20:37:42.059 13540 13540 E ArmVmp : Match on catch block at 0xc3 in for 0x99
02-23 20:37:42.080 13540 13540 E ArmVmp : Match on catch block at 0xc3 in for 0x91
02-23 20:37:42.085 13540 13540 E ArmVmp : Match on catch block at 0xc3 in for 0x95
02-23 20:37:42.088 13540 13540 E ArmVmp : Match on catch block at 0xc3 in for 0x95
02-23 20:37:42.097 13540 13540 E ArmVmp : Match on catch block at 0xc3 in for 0x99
02-23 20:37:42.103 13540 13540 E ArmVmp : Match on catch block at 0xc3 in for 0x91
02-23 20:37:42.107 13540 13540 E ArmVmp : Match on catch block at 0xc3 in for 0x91
02-23 20:37:42.134 13540 13540 E ArmVmp : Match on catch block at 0xc3 in for 0x95
02-23 20:37:42.138 13540 13540 E ArmVmp : Match on catch block at 0xc3 in for 0x99
02-23 20:37:42.142 13540 13540 E ArmVmp : Match on catch block at 0xc3 in for 0x99
02-23 20:37:42.167 13540 13540 E ArmVmp : Match on catch block at 0xc3 in for 0x91
02-23 20:37:42.171 13540 13540 E ArmVmp : Match on catch block at 0xc3 in for 0x95
02-23 20:37:42.175 13540 13540 E ArmVmp : Match on catch block at 0xc3 in for 0x95
02-23 20:37:42.196 13540 13540 E ArmVmp : Match on catch block at 0xc3 in for 0x99
02-23 20:37:42.201 13540 13540 E ArmVmp : Match on catch block at 0xc3 in for 0x91
02-23 20:37:42.205 13540 13540 E ArmVmp : Match on catch block at 0xc3 in for 0x91
02-23 20:37:42.214 13540 13540 E ArmVmp : Match on catch block at 0xc3 in for 0x95
02-23 20:37:42.219 13540 13540 E ArmVmp : Match on catch block at 0xc3 in for 0x99
02-23 20:37:42.222 13540 13540 E ArmVmp : Match on catch block at 0xc3 in for 0x99
02-23 20:37:42.229 13540 13540 E ArmVmp : Match on catch block at 0xc3 in for 0x91
02-23 20:37:42.233 13540 13540 E ArmVmp : Match on catch block at 0xc3 in for 0x95
02-23 20:37:42.237 13540 13540 E ArmVmp : Match on catch block at 0xc3 in for 0x95
02-23 20:37:42.461 13540 13540 E ArmVmp : Match on catch block at 0xc3 in for 0x91
02-23 20:37:42.466 13540 13540 E ArmVmp : Match on catch block at 0xc3 in for 0x95
02-23 20:37:42.471 13540 13540 E ArmVmp : Match on catch block at 0xc3 in for 0x95
02-23 20:37:42.537 13540 13540 E ArmVmp : Match on catch block at 0xc3 in for 0x99
02-23 20:37:42.542 13540 13540 E ArmVmp : Match on catch block at 0xc3 in for 0x91
02-23 20:37:42.545 13540 13540 E ArmVmp : Match on catch block at 0xc3 in for 0x91
02-23 20:37:42.710 13540 13540 E ArmVmp : Match on catch block at 0xc3 in for 0x99
02-23 20:37:42.715 13540 13540 E ArmVmp : Match on catch block at 0xc3 in for 0x91
02-23 20:37:42.718 13540 13540 E ArmVmp : Match on catch block at 0xc3 in for 0x91
02-23 20:37:42.751 13540 13540 E ArmVmp : Match on catch block at 0xc3 in for 0x95
02-23 20:37:42.758 13540 13540 E ArmVmp : Match on catch block at 0xc3 in for 0x99
02-23 20:37:42.762 13540 13540 E ArmVmp : Match on catch block at 0xc3 in for 0x99
02-23 20:37:42.779 13540 13540 E ArmVmp : Match on catch block at 0xc3 in for 0x91
02-23 20:37:42.785 13540 13540 E ArmVmp : Match on catch block at 0xc3 in for 0x95
02-23 20:37:42.790 13540 13540 E ArmVmp : Match on catch block at 0xc3 in for 0x95
02-23 20:37:43.287 13540 13540 E ArmVmp : Match on catch block at 0xc3 in for 0x99
02-23 20:37:43.295 13540 13540 E ArmVmp : Match on catch block at 0xc3 in for 0x91
02-23 20:37:43.299 13540 13540 E ArmVmp : Match on catch block at 0xc3 in for 0x91
02-23 20:37:43.782 13540 13540 E ArmVmp : Match on catch block at 0xc3 in for 0x95
02-23 20:37:43.787 13540 13540 E ArmVmp : Match on catch block at 0xc3 in for 0x99
02-23 20:37:43.791 13540 13540 E ArmVmp : Match on catch block at 0xc3 in for 0x99
02-23 20:37:44.245 13540 13540 E ArmVmp : Match on catch block at 0xc3 in for 0x99
02-23 20:37:44.251 13540 13540 E ArmVmp : Match on catch block at 0xc3 in for 0x91
02-23 20:37:44.255 13540 13540 E ArmVmp : Match on catch block at 0xc3 in for 0x91
02-23 20:37:44.262 13540 13540 E ArmVmp : Match on catch block at 0xc3 in for 0x95
02-23 20:37:44.269 13540 13540 E ArmVmp : Match on catch block at 0xc3 in for 0x99
02-23 20:37:44.273 13540 13540 E ArmVmp : Match on catch block at 0xc3 in for 0x99
02-23 20:37:44.280 13540 13540 E ArmVmp : Match on catch block at 0xc3 in for 0x91
02-23 20:37:44.287 13540 13540 E ArmVmp : Match on catch block at 0xc3 in for 0x95
02-23 20:37:44.290 13540 13540 E ArmVmp : Match on catch block at 0xc3 in for 0x95
02-23 20:37:44.297 13540 13540 E ArmVmp : Match on catch block at 0xc3 in for 0x99
02-23 20:37:44.303 13540 13540 E ArmVmp : Match on catch block at 0xc3 in for 0x91
02-23 20:37:44.306 13540 13540 E ArmVmp : Match on catch block at 0xc3 in for 0x91
02-23 20:37:44.313 13540 13540 E ArmVmp : Match on catch block at 0xc3 in for 0x95
02-23 20:37:44.319 13540 13540 E ArmVmp : Match on catch block at 0xc3 in for 0x99
02-23 20:37:44.323 13540 13540 E ArmVmp : Match on catch block at 0xc3 in for 0x99
02-23 20:37:44.329 13540 13540 E ArmVmp : Match on catch block at 0xc3 in for 0x91
02-23 20:37:44.335 13540 13540 E ArmVmp : Match on catch block at 0xc3 in for 0x95
02-23 20:37:44.338 13540 13540 E ArmVmp : Match on catch block at 0xc3 in for 0x95
02-23 20:37:44.344 13540 13540 E ArmVmp : Match on catch block at 0xc3 in for 0x99
02-23 20:37:44.351 13540 13540 E ArmVmp : Match on catch block at 0xc3 in for 0x91
02-23 20:37:44.355 13540 13540 E ArmVmp : Match on catch block at 0xc3 in for 0x91
02-23 20:37:44.362 13540 13540 E ArmVmp : Match on catch block at 0xc3 in for 0x95
02-23 20:37:44.369 13540 13540 E ArmVmp : Match on catch block at 0xc3 in for 0x99
02-23 20:37:44.372 13540 13540 E ArmVmp : Match on catch block at 0xc3 in for 0x99
02-23 20:37:44.379 13540 13540 E ArmVmp : Match on catch block at 0xc3 in for 0x91
02-23 20:37:44.384 13540 13540 E ArmVmp : Match on catch block at 0xc3 in for 0x95
02-23 20:37:44.387 13540 13540 E ArmVmp : Match on catch block at 0xc3 in for 0x95
02-23 20:37:44.393 13540 13540 E ArmVmp : Match on catch block at 0xc3 in for 0x99
02-23 20:37:44.399 13540 13540 E ArmVmp : Match on catch block at 0xc3 in for 0x91
02-23 20:37:44.402 13540 13540 E ArmVmp : Match on catch block at 0xc3 in for 0x91
02-23 20:37:44.409 13540 13540 E ArmVmp : Match on catch block at 0xc3 in for 0x95
02-23 20:37:44.416 13540 13540 E ArmVmp : Match on catch block at 0xc3 in for 0x99
02-23 20:37:44.421 13540 13540 E ArmVmp : Match on catch block at 0xc3 in for 0x99
02-23 20:37:44.428 13540 13540 E ArmVmp : Match on catch block at 0xc3 in for 0x91
02-23 20:37:44.434 13540 13540 E ArmVmp : Match on catch block at 0xc3 in for 0x95
02-23 20:37:44.438 13540 13540 E ArmVmp : Match on catch block at 0xc3 in for 0x95
02-23 20:37:44.444 13540 13540 E ArmVmp : Match on catch block at 0xc3 in for 0x99
02-23 20:37:44.449 13540 13540 E ArmVmp : Match on catch block at 0xc3 in for 0x91
02-23 20:37:44.453 13540 13540 E ArmVmp : Match on catch block at 0xc3 in for 0x91
02-23 20:37:44.459 13540 13540 E ArmVmp : Match on catch block at 0xc3 in for 0x95
02-23 20:37:44.464 13540 13540 E ArmVmp : Match on catch block at 0xc3 in for 0x99
02-23 20:37:44.468 13540 13540 E ArmVmp : Match on catch block at 0xc3 in for 0x99
02-23 20:37:44.475 13540 13540 E ArmVmp : Match on catch block at 0xc3 in for 0x91
02-23 20:37:44.481 13540 13540 E ArmVmp : Match on catch block at 0xc3 in for 0x95
02-23 20:37:44.484 13540 13540 E ArmVmp : Match on catch block at 0xc3 in for 0x95
02-23 20:37:44.523 13540 13540 E ArmVmp : Match on catch block at 0xc3 in for 0x99
02-23 20:37:44.529 13540 13540 E ArmVmp : Match on catch block at 0xc3 in for 0x91
02-23 20:37:44.549 13540 13540 E ArmVmp : Match on catch block at 0xc3 in for 0x91
02-23 20:37:44.555 13540 13540 E ArmVmp : Match on catch block at 0xc3 in for 0x95
02-23 20:37:44.559 13540 13540 E ArmVmp : Match on catch block at 0xc3 in for 0x95
02-23 20:37:44.673 13540 13540 E ArmVmp : Match on catch block at 0xc3 in for 0x99
02-23 20:37:44.679 13540 13540 E ArmVmp : Match on catch block at 0xc3 in for 0x91
02-23 20:37:44.682 13540 13540 E ArmVmp : Match on catch block at 0xc3 in for 0x91
02-23 20:37:45.136 13540 13540 E ArmVmp : Match on catch block at 0xc3 in for 0x95
02-23 20:37:45.143 13540 13540 E ArmVmp : Match on catch block at 0xc3 in for 0x99
02-23 20:37:45.147 13540 13540 E ArmVmp : Match on catch block at 0xc3 in for 0x99
02-23 20:37:45.649 13540 13540 E ArmVmp : Match on catch block at 0xc3 in for 0x91
02-23 20:37:45.655 13540 13540 E ArmVmp : Match on catch block at 0xc3 in for 0x95
02-23 20:37:45.660 13540 13540 E ArmVmp : Match on catch block at 0xc3 in for 0x95
02-23 20:37:45.839 13540 13540 E ArmVmp : Match on catch block at 0xc3 in for 0x91
02-23 20:37:45.844 13540 13540 E ArmVmp : Match on catch block at 0xc3 in for 0x95
02-23 20:37:45.848 13540 13540 E ArmVmp : Match on catch block at 0xc3 in for 0x95
02-23 20:37:45.859 13540 13540 E ArmVmp : Match on catch block at 0xc3 in for 0x99
02-23 20:37:45.865 13540 13540 E ArmVmp : Match on catch block at 0xc3 in for 0x91
02-23 20:37:45.869 13540 13540 E ArmVmp : Match on catch block at 0xc3 in for 0x91
02-23 20:37:46.309 13540 13540 E ArmVmp : Match on catch block at 0xc3 in for 0x95
02-23 20:37:46.314 13540 13540 E ArmVmp : Match on catch block at 0xc3 in for 0x99
02-23 20:37:46.317 13540 13540 E ArmVmp : Match on catch block at 0xc3 in for 0x99
02-23 20:37:46.391 13540 13540 E ArmVmp : Match on catch block at 0xc3 in for 0x91
02-23 20:37:46.397 13540 13540 E ArmVmp : Match on catch block at 0xc3 in for 0x95
02-23 20:37:46.400 13540 13540 E ArmVmp : Match on catch block at 0xc3 in for 0x95
02-23 20:37:46.906 13540 13540 E ArmVmp : Match on catch block at 0xc3 in for 0x99
02-23 20:37:46.912 13540 13540 E ArmVmp : Match on catch block at 0xc3 in for 0x91
02-23 20:37:46.917 13540 13540 E ArmVmp : Match on catch block at 0xc3 in for 0x91
02-23 20:37:47.400 13540 13540 E ArmVmp : Match on catch block at 0xc3 in for 0x95
02-23 20:37:47.408 13540 13540 E ArmVmp : Match on catch block at 0xc3 in for 0x99
02-23 20:37:47.413 13540 13540 E ArmVmp : Match on catch block at 0xc3 in for 0x99
02-23 20:37:47.433 13540 13540 E ArmVmp : Match on catch block at 0xc3 in for 0x91
02-23 20:37:47.440 13540 13540 E ArmVmp : Match on catch block at 0xc3 in for 0x95
02-23 20:37:47.445 13540 13540 E ArmVmp : Match on catch block at 0xc3 in for 0x95
02-23 20:37:47.454 13540 13540 E ArmVmp : Match on catch block at 0xc3 in for 0x99
02-23 20:37:47.461 13540 13540 E ArmVmp : Match on catch block at 0xc3 in for 0x91
02-23 20:37:47.465 13540 13540 E ArmVmp : Match on catch block at 0xc3 in for 0x91
02-23 20:37:47.474 13540 13540 E ArmVmp : Match on catch block at 0xc3 in for 0x95
02-23 20:37:47.481 13540 13540 E ArmVmp : Match on catch block at 0xc3 in for 0x99
02-23 20:37:47.485 13540 13540 E ArmVmp : Match on catch block at 0xc3 in for 0x99
02-23 20:37:47.498 13540 13540 E ArmVmp : Match on catch block at 0xc3 in for 0x91
02-23 20:37:47.504 13540 13540 E ArmVmp : Match on catch block at 0xc3 in for 0x95
02-23 20:37:47.508 13540 13540 E ArmVmp : Match on catch block at 0xc3 in for 0x95
02-23 20:37:47.515 13540 13540 E ArmVmp : Match on catch block at 0xc3 in for 0x99
02-23 20:37:47.520 13540 13540 E ArmVmp : Match on catch block at 0xc3 in for 0x91
02-23 20:37:47.524 13540 13540 E ArmVmp : Match on catch block at 0xc3 in for 0x91
02-23 20:37:47.531 13540 13540 E ArmVmp : Match on catch block at 0xc3 in for 0x95
02-23 20:37:47.537 13540 13540 E ArmVmp : Match on catch block at 0xc3 in for 0x99
02-23 20:37:47.540 13540 13540 E ArmVmp : Match on catch block at 0xc3 in for 0x99
02-23 20:37:47.548 13540 13540 E ArmVmp : Match on catch block at 0xc3 in for 0x91
02-23 20:37:47.553 13540 13540 E ArmVmp : Match on catch block at 0xc3 in for 0x95
02-23 20:37:47.556 13540 13540 E ArmVmp : Match on catch block at 0xc3 in for 0x95
02-23 20:37:47.564 13540 13540 E ArmVmp : Match on catch block at 0xc3 in for 0x99
02-23 20:37:47.569 13540 13540 E ArmVmp : Match on catch block at 0xc3 in for 0x91
02-23 20:37:47.573 13540 13540 E ArmVmp : Match on catch block at 0xc3 in for 0x91
02-23 20:37:47.580 13540 13540 E ArmVmp : Match on catch block at 0xc3 in for 0x95
02-23 20:37:47.587 13540 13540 E ArmVmp : Match on catch block at 0xc3 in for 0x99
02-23 20:37:47.590 13540 13540 E ArmVmp : Match on catch block at 0xc3 in for 0x99
02-23 20:37:47.597 13540 13540 E ArmVmp : Match on catch block at 0xc3 in for 0x91
02-23 20:37:47.603 13540 13540 E ArmVmp : Match on catch block at 0xc3 in for 0x95
02-23 20:37:47.606 13540 13540 E ArmVmp : Match on catch block at 0xc3 in for 0x95
02-23 20:37:47.613 13540 13540 E ArmVmp : Match on catch block at 0xc3 in for 0x99
02-23 20:37:47.619 13540 13540 E ArmVmp : Match on catch block at 0xc3 in for 0x91
02-23 20:37:47.623 13540 13540 E ArmVmp : Match on catch block at 0xc3 in for 0x91
02-23 20:37:47.630 13540 13540 E ArmVmp : Match on catch block at 0xc3 in for 0x95
02-23 20:37:47.636 13540 13540 E ArmVmp : Match on catch block at 0xc3 in for 0x99
02-23 20:37:47.640 13540 13540 E ArmVmp : Match on catch block at 0xc3 in for 0x99
02-23 20:37:47.647 13540 13540 E ArmVmp : Match on catch block at 0xc3 in for 0x91
02-23 20:37:47.653 13540 13540 E ArmVmp : Match on catch block at 0xc3 in for 0x95
02-23 20:37:47.657 13540 13540 E ArmVmp : Match on catch block at 0xc3 in for 0x95
02-23 20:37:47.664 13540 13540 E ArmVmp : Match on catch block at 0xc3 in for 0x99
02-23 20:37:47.670 13540 13540 E ArmVmp : Match on catch block at 0xc3 in for 0x91
02-23 20:37:47.673 13540 13540 E ArmVmp : Match on catch block at 0xc3 in for 0x91
02-23 20:37:47.680 13540 13540 E ArmVmp : Match on catch block at 0xc3 in for 0x95
02-23 20:37:47.686 13540 13540 E ArmVmp : Match on catch block at 0xc3 in for 0x99
02-23 20:37:47.690 13540 13540 E ArmVmp : Match on catch block at 0xc3 in for 0x99
02-23 20:37:47.911 13540 13540 E ArmVmp : Match on catch block at 0xc3 in for 0x91
02-23 20:37:47.917 13540 13540 E ArmVmp : Match on catch block at 0xc3 in for 0x95
02-23 20:37:47.921 13540 13540 E ArmVmp : Match on catch block at 0xc3 in for 0x95
02-23 20:37:48.407 13540 13540 E ArmVmp : Match on catch block at 0xc3 in for 0x99
02-23 20:37:48.414 13540 13540 E ArmVmp : Match on catch block at 0xc3 in for 0x91
02-23 20:37:48.420 13540 13540 E ArmVmp : Match on catch block at 0xc3 in for 0x91
02-23 20:37:48.772 13540 13540 E ArmVmp : Match on catch block at 0xc3 in for 0x99
02-23 20:37:48.779 13540 13540 E ArmVmp : Match on catch block at 0xc3 in for 0x91
02-23 20:37:48.785 13540 13540 E ArmVmp : Match on catch block at 0xc3 in for 0x91
02-23 20:37:48.797 13540 13540 E ArmVmp : Match on catch block at 0xc3 in for 0x95
02-23 20:37:48.805 13540 13540 E ArmVmp : Match on catch block at 0xc3 in for 0x99
02-23 20:37:48.810 13540 13540 E ArmVmp : Match on catch block at 0xc3 in for 0x99
02-23 20:37:48.818 13540 13540 E ArmVmp : Match on catch block at 0xc3 in for 0x91
02-23 20:37:48.825 13540 13540 E ArmVmp : Match on catch block at 0xc3 in for 0x95
02-23 20:37:48.829 13540 13540 E ArmVmp : Match on catch block at 0xc3 in for 0x95
02-23 20:37:48.836 13540 13540 E ArmVmp : Match on catch block at 0xc3 in for 0x99
02-23 20:37:48.841 13540 13540 E ArmVmp : Match on catch block at 0xc3 in for 0x91
02-23 20:37:48.845 13540 13540 E ArmVmp : Match on catch block at 0xc3 in for 0x91
02-23 20:37:48.853 13540 13540 E ArmVmp : Match on catch block at 0xc3 in for 0x95
02-23 20:37:48.857 13540 13540 E ArmVmp : Match on catch block at 0xc3 in for 0x99
02-23 20:37:48.861 13540 13540 E ArmVmp : Match on catch block at 0xc3 in for 0x99
02-23 20:37:48.869 13540 13540 E ArmVmp : Match on catch block at 0xc3 in for 0x91
02-23 20:37:48.874 13540 13540 E ArmVmp : Match on catch block at 0xc3 in for 0x95
02-23 20:37:48.877 13540 13540 E ArmVmp : Match on catch block at 0xc3 in for 0x95
02-23 20:37:48.885 13540 13540 E ArmVmp : Match on catch block at 0xc3 in for 0x99
02-23 20:37:48.890 13540 13540 E ArmVmp : Match on catch block at 0xc3 in for 0x91
02-23 20:37:48.893 13540 13540 E ArmVmp : Match on catch block at 0xc3 in for 0x91
02-23 20:37:48.902 13540 13540 E ArmVmp : Match on catch block at 0xc3 in for 0x95
02-23 20:37:48.907 13540 13540 E ArmVmp : Match on catch block at 0xc3 in for 0x99
02-23 20:37:48.910 13540 13540 E ArmVmp : Match on catch block at 0xc3 in for 0x99
02-23 20:37:48.918 13540 13540 E ArmVmp : Match on catch block at 0xc3 in for 0x91
02-23 20:37:48.923 13540 13540 E ArmVmp : Match on catch block at 0xc3 in for 0x95
02-23 20:37:48.926 13540 13540 E ArmVmp : Match on catch block at 0xc3 in for 0x95
02-23 20:37:48.935 13540 13540 E ArmVmp : Match on catch block at 0xc3 in for 0x99
02-23 20:37:48.940 13540 13540 E ArmVmp : Match on catch block at 0xc3 in for 0x91
02-23 20:37:48.943 13540 13540 E ArmVmp : Match on catch block at 0xc3 in for 0x91
02-23 20:37:48.952 13540 13540 E ArmVmp : Match on catch block at 0xc3 in for 0x95
02-23 20:37:48.956 13540 13540 E ArmVmp : Match on catch block at 0xc3 in for 0x99
02-23 20:37:48.959 13540 13540 E ArmVmp : Match on catch block at 0xc3 in for 0x99
02-23 20:37:48.968 13540 13540 E ArmVmp : Match on catch block at 0xc3 in for 0x91
02-23 20:37:48.973 13540 13540 E ArmVmp : Match on catch block at 0xc3 in for 0x95
02-23 20:37:48.976 13540 13540 E ArmVmp : Match on catch block at 0xc3 in for 0x95
02-23 20:37:48.984 13540 13540 E ArmVmp : Match on catch block at 0xc3 in for 0x99
02-23 20:37:48.989 13540 13540 E ArmVmp : Match on catch block at 0xc3 in for 0x91
02-23 20:37:48.992 13540 13540 E ArmVmp : Match on catch block at 0xc3 in for 0x91
02-23 20:37:49.001 13540 13540 E ArmVmp : Match on catch block at 0xc3 in for 0x95
02-23 20:37:49.006 13540 13540 E ArmVmp : Match on catch block at 0xc3 in for 0x99
02-23 20:37:49.009 13540 13540 E ArmVmp : Match on catch block at 0xc3 in for 0x99
02-23 20:37:49.017 13540 13540 E ArmVmp : Match on catch block at 0xc3 in for 0x91
02-23 20:37:49.022 13540 13540 E ArmVmp : Match on catch block at 0xc3 in for 0x95
02-23 20:37:49.026 13540 13540 E ArmVmp : Match on catch block at 0xc3 in for 0x95
02-23 20:37:49.035 13540 13540 E ArmVmp : Match on catch block at 0xc3 in for 0x99
02-23 20:37:49.040 13540 13540 E ArmVmp : Match on catch block at 0xc3 in for 0x91
02-23 20:37:49.044 13540 13540 E ArmVmp : Match on catch block at 0xc3 in for 0x91
02-23 20:37:49.050 13540 13540 E ArmVmp : Match on catch block at 0xc3 in for 0x95
02-23 20:37:49.055 13540 13540 E ArmVmp : Match on catch block at 0xc3 in for 0x99
02-23 20:37:49.059 13540 13540 E ArmVmp : Match on catch block at 0xc3 in for 0x99
02-23 20:37:49.067 13540 13540 E ArmVmp : Match on catch block at 0xc3 in for 0x91
02-23 20:37:49.072 13540 13540 E ArmVmp : Match on catch block at 0xc3 in for 0x95
02-23 20:37:49.076 13540 13540 E ArmVmp : Match on catch block at 0xc3 in for 0x95
02-23 20:37:49.100 13540 13540 E ArmVmp : Match on catch block at 0xc3 in for 0x99
02-23 20:37:49.106 13540 13540 E ArmVmp : Match on catch block at 0xc3 in for 0x91
02-23 20:37:49.110 13540 13540 E ArmVmp : Match on catch block at 0xc3 in for 0x91
02-23 20:37:49.414 13540 13540 E ArmVmp : Match on catch block at 0xc3 in for 0x95
02-23 20:37:49.420 13540 13540 E ArmVmp : Match on catch block at 0xc3 in for 0x99
02-23 20:37:49.424 13540 13540 E ArmVmp : Match on catch block at 0xc3 in for 0x99
02-23 20:37:49.674 13540 13540 W SoundPool: Use of stream types is deprecated for
operations other than volume control
02-23 20:37:49.674 13540 13540 W SoundPool: See the documentation of SoundPool()
for what to use instead with android.media.AudioAttributes to qualify your playback
use case
02-23 20:37:49.726 13540 13540 E ArmVmp : Match on catch block at 0xc3 in for 0x95
02-23 20:37:49.732 13540 13540 E ArmVmp : Match on catch block at 0xc3 in for 0x99
02-23 20:37:49.736 13540 13540 E ArmVmp : Match on catch block at 0xc3 in for 0x99
02-23 20:37:49.769 13540 13540 E ArmVmp : Match on catch block at 0xc3 in for 0x95
02-23 20:37:49.775 13540 13540 E ArmVmp : Match on catch block at 0xc3 in for 0x99
02-23 20:37:49.784 13540 13540 E ArmVmp : Match on catch block at 0xc3 in for 0x95
02-23 20:37:49.789 13540 13540 E ArmVmp : Match on catch block at 0xc3 in for 0x99
02-23 20:37:49.840 13540 13540 E ArmVmp : Match on catch block at 0xc3 in for 0x99
02-23 20:37:49.846 13540 13540 E ArmVmp : Match on catch block at 0xc3 in for 0x91
02-23 20:37:49.891 13540 13540 E ArmVmp : Match on catch block at 0xc3 in for 0x91
02-23 20:37:49.897 13540 13540 E ArmVmp : Match on catch block at 0xc3 in for 0x95
02-23 20:37:49.916 13540 13540 E ArmVmp : Match on catch block at 0xc3 in for 0x99
02-23 20:37:49.921 13540 13540 E ArmVmp : Match on catch block at 0xc3 in for 0x91
02-23 20:37:49.930 13540 13540 E ArmVmp : Match on catch block at 0xc3 in for 0x99
02-23 20:37:49.937 13540 13540 E ArmVmp : Match on catch block at 0xc3 in for 0x91
02-23 20:37:50.008 13540 13540 E ArmVmp : Match on catch block at 0xc3 in for 0x91
02-23 20:37:50.015 13540 13540 E ArmVmp : Match on catch block at 0xc3 in for 0x95
02-23 20:37:50.024 13540 17869 W MediaPlayer: Use of stream types is deprecated for
operations other than volume control
02-23 20:37:50.025 13540 17869 W MediaPlayer: See the documentation of
setAudioStreamType() for what to use instead with android.media.AudioAttributes to
qualify your playback use case
02-23 20:37:50.027 13540 13540 E ArmVmp : Match on catch block at 0xc3 in for 0x91
02-23 20:37:50.037 13540 13540 E ArmVmp : Match on catch block at 0xc3 in for 0x95
02-23 20:37:50.206 13540 13540 E ArmVmp : Match on catch block at 0xc3 in for 0x91
02-23 20:37:50.211 13540 13540 E ArmVmp : Match on catch block at 0xc3 in for 0x95
02-23 20:37:50.425 13540 18937 W Codec2Client: query -- param skipped: index =
1107298332.
02-23 20:37:50.428 13540 18937 W Codec2Client: query -- param skipped: index =
1342179345.
02-23 20:37:50.428 13540 18937 W Codec2Client: query -- param skipped: index =
2415921170.
02-23 20:37:50.536 13540 18971 W Codec2Client: query -- param skipped: index =
1107298332.
02-23 20:37:50.537 13540 18971 W Codec2Client: query -- param skipped: index =
1342179345.
02-23 20:37:50.537 13540 18971 W Codec2Client: query -- param skipped: index =
2415921170.
02-23 20:37:50.646 13540 18977 W Codec2Client: query -- param skipped: index =
1107298332.
02-23 20:37:50.647 13540 18977 W Codec2Client: query -- param skipped: index =
1342179345.
02-23 20:37:50.647 13540 18977 W Codec2Client: query -- param skipped: index =
2415921170.
02-23 20:37:50.663 13540 13540 E ArmVmp : Match on catch block at 0xc3 in for 0x95
02-23 20:37:50.670 13540 13540 E ArmVmp : Match on catch block at 0xc3 in for 0x99
02-23 20:37:50.697 13540 13540 E ArmVmp : Match on catch block at 0xc3 in for 0x99
