02-23 20:22:58.007 13540 13540 E ArmVmp : Match on catch block at 0xc3 in for 0x99
02-23 20:22:58.013 13540 13540 E ArmVmp : Match on catch block at 0xc3 in for 0x91
02-23 20:22:58.018 13540 13540 E ArmVmp : Match on catch block at 0xc3 in for 0x91
02-23 20:22:58.023 13540 13585 W System : A resource failed to call close.
02-23 20:22:58.158 13540 13540 E ArmVmp : Match on catch block at 0xc3 in for 0x95
02-23 20:22:58.164 13540 13540 E ArmVmp : Match on catch block at 0xc3 in for 0x99
02-23 20:22:58.168 13540 13540 E ArmVmp : Match on catch block at 0xc3 in for 0x99
02-23 20:22:58.181 13540 14065 W BpBinder: Slow Binder: BpBinder transact took 249
ms, interface=android.media.IMediaMetadataRetriever, code=5 oneway=false
02-23 20:22:58.181 13540 13540 E ArmVmp : Match on catch block at 0xc3 in for 0x91
02-23 20:22:58.188 13540 13540 E ArmVmp : Match on catch block at 0xc3 in for 0x95
02-23 20:22:58.191 13540 13540 E ArmVmp : Match on catch block at 0xc3 in for 0x95
02-23 20:22:58.205 13540 13540 E ArmVmp : Match on catch block at 0xc3 in for 0x99
02-23 20:22:58.211 13540 13540 E ArmVmp : Match on catch block at 0xc3 in for 0x91
02-23 20:22:58.215 13540 13540 E ArmVmp : Match on catch block at 0xc3 in for 0x91
02-23 20:22:58.233 13540 13540 E ArmVmp : Match on catch block at 0xc3 in for 0x95
02-23 20:22:58.239 13540 13540 E ArmVmp : Match on catch block at 0xc3 in for 0x99
02-23 20:22:58.242 13540 13540 E ArmVmp : Match on catch block at 0xc3 in for 0x99
02-23 20:22:58.256 13540 13540 E ArmVmp : Match on catch block at 0xc3 in for 0x91
02-23 20:22:58.263 13540 13540 E ArmVmp : Match on catch block at 0xc3 in for 0x95
02-23 20:22:58.266 13540 13540 E ArmVmp : Match on catch block at 0xc3 in for 0x95
02-23 20:22:58.280 13540 13540 E ArmVmp : Match on catch block at 0xc3 in for 0x99
02-23 20:22:58.285 13540 17325 W BpBinder: Slow Binder: BpBinder transact took 269
ms, interface=android.media.IMediaMetadataRetriever, code=5 oneway=false
02-23 20:22:58.286 13540 13540 E ArmVmp : Match on catch block at 0xc3 in for 0x91
02-23 20:22:58.290 13540 13540 E ArmVmp : Match on catch block at 0xc3 in for 0x91
02-23 20:22:58.302 13540 13540 E ArmVmp : Match on catch block at 0xc3 in for 0x95
02-23 20:22:58.308 13540 13540 E ArmVmp : Match on catch block at 0xc3 in for 0x99
02-23 20:22:58.311 13540 13540 E ArmVmp : Match on catch block at 0xc3 in for 0x99
02-23 20:22:58.327 13540 13540 E ArmVmp : Match on catch block at 0xc3 in for 0x91
02-23 20:22:58.332 13540 13540 E ArmVmp : Match on catch block at 0xc3 in for 0x95
02-23 20:22:58.336 13540 13540 E ArmVmp : Match on catch block at 0xc3 in for 0x95
02-23 20:22:58.349 13540 13540 E ArmVmp : Match on catch block at 0xc3 in for 0x99
02-23 20:22:58.355 13540 13540 E ArmVmp : Match on catch block at 0xc3 in for 0x91
02-23 20:22:58.359 13540 13540 E ArmVmp : Match on catch block at 0xc3 in for 0x91
02-23 20:22:58.373 13540 13540 E ArmVmp : Match on catch block at 0xc3 in for 0x95
02-23 20:22:58.379 13540 13540 E ArmVmp : Match on catch block at 0xc3 in for 0x99
02-23 20:22:58.382 13540 13540 E ArmVmp : Match on catch block at 0xc3 in for 0x99
02-23 20:22:58.395 13540 13540 E ArmVmp : Match on catch block at 0xc3 in for 0x91
02-23 20:22:58.401 13540 13540 E ArmVmp : Match on catch block at 0xc3 in for 0x95
02-23 20:22:58.404 13540 13540 E ArmVmp : Match on catch block at 0xc3 in for 0x95
02-23 20:22:58.418 13540 13540 E ArmVmp : Match on catch block at 0xc3 in for 0x99
02-23 20:22:58.423 13540 13540 E ArmVmp : Match on catch block at 0xc3 in for 0x91
02-23 20:22:58.427 13540 13540 E ArmVmp : Match on catch block at 0xc3 in for 0x91
02-23 20:23:03.509 13540 13540 E libc : Access denied finding property
"vendor.debug.bq.dump"
02-23 20:23:03.509 13540 13540 E libc : Access denied finding property
"vendor.debug.bq.dump"
02-23 20:23:03.515 13540 13863 E BufferQueueProducer: [unnamed-13540-4]
(this:0xb4b9d000,id:4,api:1,p:13540,c:13540) setMaxDequeuedBufferCount: 2 dequeued
buffers would exceed the maxBufferCount (2) (maxAcquired 1 async 0
mDequeuedBufferCannotBlock 0)
02-23 20:23:03.515 13540 13863 E Surface :
IGraphicBufferProducer::setBufferCount(3) returned Invalid argument
02-23 20:23:03.538 13540 13540 E ArmVmp : Match on catch block at 0xc3 in for 0x91
02-23 20:23:03.542 13540 13540 E ArmVmp : Match on catch block at 0xc3 in for 0x95
02-23 20:23:03.546 13540 13540 E ArmVmp : Match on catch block at 0xc3 in for 0x95
02-23 20:23:03.553 13540 13540 E ArmVmp : Match on catch block at 0xc3 in for 0x99
02-23 20:23:03.558 13540 13540 E ArmVmp : Match on catch block at 0xc3 in for 0x91
02-23 20:23:03.562 13540 13540 E ArmVmp : Match on catch block at 0xc3 in for 0x91
02-23 20:23:03.682 13540 13863 W RenderInspector: DequeueBuffer time out on
com.whatsapp/com.whatsapp.mediaview.MediaViewActivity, count=1, avg=28 ms, max=28
ms.
02-23 20:23:03.890 13540 13540 E ArmVmp : Match on catch block at 0xc3 in for 0x95
02-23 20:23:03.906 13540 13540 E ArmVmp : Match on catch block at 0xc3 in for 0x99
02-23 20:23:03.916 13540 13540 E ArmVmp : Match on catch block at 0xc3 in for 0x99
02-23 20:23:03.963 13540 13540 E ArmVmp : Match on catch block at 0xc3 in for 0x95
02-23 20:23:03.974 13540 13540 E ArmVmp : Match on catch block at 0xc3 in for 0x99
02-23 20:23:03.983 13540 13540 E ArmVmp : Match on catch block at 0xc3 in for 0x99
02-23 20:23:04.018 13540 13540 E ArmVmp : Match on catch block at 0xc3 in for 0x91
02-23 20:23:04.028 13540 13540 E ArmVmp : Match on catch block at 0xc3 in for 0x95
02-23 20:23:04.034 13540 13540 E ArmVmp : Match on catch block at 0xc3 in for 0x95
02-23 20:23:04.111 13540 13540 E ArmVmp : Match on catch block at 0xc3 in for 0x91
02-23 20:23:04.116 13540 13540 E ArmVmp : Match on catch block at 0xc3 in for 0x95
02-23 20:23:04.120 13540 13540 E ArmVmp : Match on catch block at 0xc3 in for 0x95
02-23 20:23:04.166 13540 13540 E ArmVmp : Match on catch block at 0xc3 in for 0x91
02-23 20:23:04.172 13540 13540 E ArmVmp : Match on catch block at 0xc3 in for 0x95
02-23 20:23:04.175 13540 13540 E ArmVmp : Match on catch block at 0xc3 in for 0x95
02-23 20:23:04.294 13540 13585 W System : A resource failed to call close.
02-23 20:23:04.294 13540 13585 W System : A resource failed to call close.
02-23 20:23:04.664 13540 13540 E ArmVmp : Match on catch block at 0xc3 in for 0x91
02-23 20:23:04.671 13540 13540 E ArmVmp : Match on catch block at 0xc3 in for 0x95
02-23 20:23:04.676 13540 13540 E ArmVmp : Match on catch block at 0xc3 in for 0x95
02-23 20:23:04.875 13540 13540 E ArmVmp : Match on catch block at 0xc3 in for 0x99
02-23 20:23:04.881 13540 13540 E ArmVmp : Match on catch block at 0xc3 in for 0x91
02-23 20:23:04.885 13540 13540 E ArmVmp : Match on catch block at 0xc3 in for 0x91
02-23 20:23:04.894 13540 13540 E ArmVmp : Match on catch block at 0xc3 in for 0x95
02-23 20:23:04.901 13540 13540 E ArmVmp : Match on catch block at 0xc3 in for 0x99
02-23 20:23:04.905 13540 13540 E ArmVmp : Match on catch block at 0xc3 in for 0x99
02-23 20:23:05.196 13540 13540 E ArmVmp : Match on catch block at 0xc3 in for 0x91
02-23 20:23:05.203 13540 13540 E ArmVmp : Match on catch block at 0xc3 in for 0x95
02-23 20:23:05.207 13540 13540 E ArmVmp : Match on catch block at 0xc3 in for 0x95
02-23 20:23:05.222 13540 13540 E ArmVmp : Match on catch block at 0xc3 in for 0x99
02-23 20:23:05.227 13540 13540 E ArmVmp : Match on catch block at 0xc3 in for 0x91
02-23 20:23:05.231 13540 13540 E ArmVmp : Match on catch block at 0xc3 in for 0x91
02-23 20:23:05.737 13540 13540 E ArmVmp : Match on catch block at 0xc3 in for 0x95
02-23 20:23:05.742 13540 13540 E ArmVmp : Match on catch block at 0xc3 in for 0x99
02-23 20:23:05.747 13540 13540 E ArmVmp : Match on catch block at 0xc3 in for 0x99
02-23 20:23:05.938 13540 13540 E ArmVmp : Match on catch block at 0xc3 in for 0x95
02-23 20:23:05.943 13540 13540 E ArmVmp : Match on catch block at 0xc3 in for 0x99
02-23 20:23:05.947 13540 13540 E ArmVmp : Match on catch block at 0xc3 in for 0x99
02-23 20:23:05.970 13540 13540 E ArmVmp : Match on catch block at 0xc3 in for 0x99
02-23 20:23:05.975 13540 13540 E ArmVmp : Match on catch block at 0xc3 in for 0x91
02-23 20:23:05.978 13540 13540 E ArmVmp : Match on catch block at 0xc3 in for 0x91
02-23 20:23:05.985 13540 13540 E ArmVmp : Match on catch block at 0xc3 in for 0x95
02-23 20:23:05.991 13540 13540 E ArmVmp : Match on catch block at 0xc3 in for 0x99
02-23 20:23:05.994 13540 13540 E ArmVmp : Match on catch block at 0xc3 in for 0x99
02-23 20:23:06.006 13540 13540 E ArmVmp : Match on catch block at 0xc3 in for 0x91
02-23 20:23:06.011 13540 13540 E ArmVmp : Match on catch block at 0xc3 in for 0x95
02-23 20:23:06.014 13540 13540 E ArmVmp : Match on catch block at 0xc3 in for 0x95
02-23 20:23:06.033 13540 13540 E ArmVmp : Match on catch block at 0xc3 in for 0x99
02-23 20:23:06.039 13540 13540 E ArmVmp : Match on catch block at 0xc3 in for 0x91
02-23 20:23:06.042 13540 13540 E ArmVmp : Match on catch block at 0xc3 in for 0x91
02-23 20:23:06.056 13540 13540 E ArmVmp : Match on catch block at 0xc3 in for 0x95
02-23 20:23:06.060 13540 13540 E ArmVmp : Match on catch block at 0xc3 in for 0x99
02-23 20:23:06.064 13540 13540 E ArmVmp : Match on catch block at 0xc3 in for 0x99
02-23 20:23:06.083 13540 13540 E ArmVmp : Match on catch block at 0xc3 in for 0x91
02-23 20:23:06.088 13540 13540 E ArmVmp : Match on catch block at 0xc3 in for 0x95
02-23 20:23:06.091 13540 13540 E ArmVmp : Match on catch block at 0xc3 in for 0x95
02-23 20:23:06.099 13540 13540 E ArmVmp : Match on catch block at 0xc3 in for 0x99
02-23 20:23:06.104 13540 13540 E ArmVmp : Match on catch block at 0xc3 in for 0x91
02-23 20:23:06.107 13540 13540 E ArmVmp : Match on catch block at 0xc3 in for 0x91
02-23 20:23:06.116 13540 13540 E ArmVmp : Match on catch block at 0xc3 in for 0x95
02-23 20:23:06.121 13540 13540 E ArmVmp : Match on catch block at 0xc3 in for 0x99
02-23 20:23:06.124 13540 13540 E ArmVmp : Match on catch block at 0xc3 in for 0x99
02-23 20:23:06.447 13540 13540 E ArmVmp : Match on catch block at 0xc3 in for 0x91
02-23 20:23:06.452 13540 13540 E ArmVmp : Match on catch block at 0xc3 in for 0x95
02-23 20:23:06.456 13540 13540 E ArmVmp : Match on catch block at 0xc3 in for 0x95
02-23 20:23:06.761 13540 13540 E ArmVmp : Match on catch block at 0xc3 in for 0x99
02-23 20:23:06.766 13540 13540 E ArmVmp : Match on catch block at 0xc3 in for 0x91
02-23 20:23:06.769 13540 13540 E ArmVmp : Match on catch block at 0xc3 in for 0x91
02-23 20:23:06.776 13540 13540 E ArmVmp : Match on catch block at 0xc3 in for 0x95
02-23 20:23:06.782 13540 13540 E ArmVmp : Match on catch block at 0xc3 in for 0x99
02-23 20:23:06.786 13540 13540 E ArmVmp : Match on catch block at 0xc3 in for 0x99
02-23 20:23:06.793 13540 13540 E ArmVmp : Match on catch block at 0xc3 in for 0x91
02-23 20:23:06.798 13540 13540 E ArmVmp : Match on catch block at 0xc3 in for 0x95
02-23 20:23:06.801 13540 13540 E ArmVmp : Match on catch block at 0xc3 in for 0x95
02-23 20:23:06.809 13540 13540 E ArmVmp : Match on catch block at 0xc3 in for 0x99
02-23 20:23:06.814 13540 13540 E ArmVmp : Match on catch block at 0xc3 in for 0x91
02-23 20:23:06.818 13540 13540 E ArmVmp : Match on catch block at 0xc3 in for 0x91
02-23 20:23:06.826 13540 13540 E ArmVmp : Match on catch block at 0xc3 in for 0x95
02-23 20:23:06.831 13540 13540 E ArmVmp : Match on catch block at 0xc3 in for 0x99
02-23 20:23:06.834 13540 13540 E ArmVmp : Match on catch block at 0xc3 in for 0x99
02-23 20:23:06.843 13540 13540 E ArmVmp : Match on catch block at 0xc3 in for 0x91
02-23 20:23:06.848 13540 13540 E ArmVmp : Match on catch block at 0xc3 in for 0x95
02-23 20:23:06.852 13540 13540 E ArmVmp : Match on catch block at 0xc3 in for 0x95
02-23 20:23:06.860 13540 13540 E ArmVmp : Match on catch block at 0xc3 in for 0x99
02-23 20:23:06.867 13540 13540 E ArmVmp : Match on catch block at 0xc3 in for 0x91
02-23 20:23:06.871 13540 13540 E ArmVmp : Match on catch block at 0xc3 in for 0x91
02-23 20:23:06.882 13540 13540 E ArmVmp : Match on catch block at 0xc3 in for 0x95
02-23 20:23:06.888 13540 13540 E ArmVmp : Match on catch block at 0xc3 in for 0x99
02-23 20:23:06.891 13540 13540 E ArmVmp : Match on catch block at 0xc3 in for 0x99
02-23 20:23:06.900 13540 13540 E ArmVmp : Match on catch block at 0xc3 in for 0x91
02-23 20:23:06.906 13540 13540 E ArmVmp : Match on catch block at 0xc3 in for 0x95
02-23 20:23:06.909 13540 13540 E ArmVmp : Match on catch block at 0xc3 in for 0x95
02-23 20:23:06.925 13540 13540 E ArmVmp : Match on catch block at 0xc3 in for 0x99
02-23 20:23:06.930 13540 13540 E ArmVmp : Match on catch block at 0xc3 in for 0x91
02-23 20:23:06.934 13540 13540 E ArmVmp : Match on catch block at 0xc3 in for 0x91
02-23 20:23:06.942 13540 13540 E ArmVmp : Match on catch block at 0xc3 in for 0x95
02-23 20:23:06.948 13540 13540 E ArmVmp : Match on catch block at 0xc3 in for 0x99
02-23 20:23:06.952 13540 13540 E ArmVmp : Match on catch block at 0xc3 in for 0x99
02-23 20:23:06.959 13540 13540 E ArmVmp : Match on catch block at 0xc3 in for 0x91
02-23 20:23:06.965 13540 13540 E ArmVmp : Match on catch block at 0xc3 in for 0x95
02-23 20:23:06.968 13540 13540 E ArmVmp : Match on catch block at 0xc3 in for 0x95
02-23 20:23:06.975 13540 13540 E ArmVmp : Match on catch block at 0xc3 in for 0x99
02-23 20:23:06.980 13540 13540 E ArmVmp : Match on catch block at 0xc3 in for 0x91
02-23 20:23:06.983 13540 13540 E ArmVmp : Match on catch block at 0xc3 in for 0x91
02-23 20:23:06.992 13540 13540 E ArmVmp : Match on catch block at 0xc3 in for 0x95
02-23 20:23:06.996 13540 13540 E ArmVmp : Match on catch block at 0xc3 in for 0x99
02-23 20:23:06.999 13540 13540 E ArmVmp : Match on catch block at 0xc3 in for 0x99
02-23 20:23:07.008 13540 13540 E ArmVmp : Match on catch block at 0xc3 in for 0x91
02-23 20:23:07.013 13540 13540 E ArmVmp : Match on catch block at 0xc3 in for 0x95
02-23 20:23:07.016 13540 13540 E ArmVmp : Match on catch block at 0xc3 in for 0x95
02-23 20:23:07.025 13540 13540 E ArmVmp : Match on catch block at 0xc3 in for 0x99
02-23 20:23:07.030 13540 13540 E ArmVmp : Match on catch block at 0xc3 in for 0x91
02-23 20:23:07.034 13540 13540 E ArmVmp : Match on catch block at 0xc3 in for 0x91
02-23 20:23:07.388 13540 13540 E ArmVmp : Match on catch block at 0xc3 in for 0x91
02-23 20:23:07.393 13540 13540 E ArmVmp : Match on catch block at 0xc3 in for 0x95
02-23 20:23:07.397 13540 13540 E ArmVmp : Match on catch block at 0xc3 in for 0x95
02-23 20:23:07.521 13540 13540 E ArmVmp : Match on catch block at 0xc3 in for 0x99
02-23 20:23:07.528 13540 13540 E ArmVmp : Match on catch block at 0xc3 in for 0x91
02-23 20:23:07.532 13540 13540 E ArmVmp : Match on catch block at 0xc3 in for 0x91
02-23 20:23:08.016 13540 13540 E ArmVmp : Match on catch block at 0xc3 in for 0x95
02-23 20:23:08.021 13540 13540 E ArmVmp : Match on catch block at 0xc3 in for 0x99
02-23 20:23:08.024 13540 13540 E ArmVmp : Match on catch block at 0xc3 in for 0x99
02-23 20:23:08.529 13540 13540 E ArmVmp : Match on catch block at 0xc3 in for 0x91
02-23 20:23:08.534 13540 13540 E ArmVmp : Match on catch block at 0xc3 in for 0x95
02-23 20:23:08.538 13540 13540 E ArmVmp : Match on catch block at 0xc3 in for 0x95
02-23 20:23:08.627 13540 13540 E ArmVmp : Match on catch block at 0xc3 in for 0x99
02-23 20:23:08.632 13540 13540 E ArmVmp : Match on catch block at 0xc3 in for 0x91
02-23 20:23:08.636 13540 13540 E ArmVmp : Match on catch block at 0xc3 in for 0x91
02-23 20:23:08.941 13540 13540 E ArmVmp : Match on catch block at 0xc3 in for 0x95
02-23 20:23:08.947 13540 13540 E ArmVmp : Match on catch block at 0xc3 in for 0x99
02-23 20:23:08.951 13540 13540 E ArmVmp : Match on catch block at 0xc3 in for 0x99
02-23 20:23:09.403 13540 13540 E ArmVmp : Match on catch block at 0xc3 in for 0x91
02-23 20:23:09.410 13540 13540 E ArmVmp : Match on catch block at 0xc3 in for 0x95
02-23 20:23:09.413 13540 13540 E ArmVmp : Match on catch block at 0xc3 in for 0x95
02-23 20:23:09.915 13540 13540 E ArmVmp : Match on catch block at 0xc3 in for 0x99
02-23 20:23:09.921 13540 13540 E ArmVmp : Match on catch block at 0xc3 in for 0x91
02-23 20:23:09.926 13540 13540 E ArmVmp : Match on catch block at 0xc3 in for 0x91
02-23 20:23:10.213 13540 13540 E ArmVmp : Match on catch block at 0xc3 in for 0x95
02-23 20:23:10.220 13540 13540 E ArmVmp : Match on catch block at 0xc3 in for 0x99
02-23 20:23:10.224 13540 13540 E ArmVmp : Match on catch block at 0xc3 in for 0x99
02-23 20:23:10.460 13540 13540 E ArmVmp : Match on catch block at 0xc3 in for 0x91
02-23 20:23:10.465 13540 13540 E ArmVmp : Match on catch block at 0xc3 in for 0x95
02-23 20:23:10.469 13540 13540 E ArmVmp : Match on catch block at 0xc3 in for 0x95
02-23 20:23:10.641 13540 13540 E ArmVmp : Match on catch block at 0xc3 in for 0x99
02-23 20:23:10.647 13540 13540 E ArmVmp : Match on catch block at 0xc3 in for 0x91
02-23 20:23:10.650 13540 13540 E ArmVmp : Match on catch block at 0xc3 in for 0x91
02-23 20:23:11.154 13540 13540 E ArmVmp : Match on catch block at 0xc3 in for 0x95
02-23 20:23:11.160 13540 13540 E ArmVmp : Match on catch block at 0xc3 in for 0x99
02-23 20:23:11.164 13540 13540 E ArmVmp : Match on catch block at 0xc3 in for 0x99
02-23 20:23:11.467 13540 13540 E ArmVmp : Match on catch block at 0xc3 in for 0x91
02-23 20:23:11.474 13540 13540 E ArmVmp : Match on catch block at 0xc3 in for 0x95
02-23 20:23:11.478 13540 13540 E ArmVmp : Match on catch block at 0xc3 in for 0x95
02-23 20:23:11.982 13540 13540 E ArmVmp : Match on catch block at 0xc3 in for 0x99
02-23 20:23:11.988 13540 13540 E ArmVmp : Match on catch block at 0xc3 in for 0x91
02-23 20:23:11.993 13540 13540 E ArmVmp : Match on catch block at 0xc3 in for 0x91
02-23 20:23:12.476 13540 13540 E ArmVmp : Match on catch block at 0xc3 in for 0x95
02-23 20:23:12.481 13540 13540 E ArmVmp : Match on catch block at 0xc3 in for 0x99
02-23 20:23:12.485 13540 13540 E ArmVmp : Match on catch block at 0xc3 in for 0x99
02-23 20:23:12.574 13540 13540 E ArmVmp : Match on catch block at 0xc3 in for 0x91
02-23 20:23:12.579 13540 13540 E ArmVmp : Match on catch block at 0xc3 in for 0x95
02-23 20:23:12.583 13540 13540 E ArmVmp : Match on catch block at 0xc3 in for 0x95
02-23 20:23:12.612 13540 13540 E ArmVmp : Match on catch block at 0xc3 in for 0x91
02-23 20:23:12.618 13540 13540 E ArmVmp : Match on catch block at 0xc3 in for 0x95
02-23 20:23:12.622 13540 13540 E ArmVmp : Match on catch block at 0xc3 in for 0x95
02-23 20:23:12.668 13540 13540 E ArmVmp : Match on catch block at 0xc3 in for 0x91
02-23 20:23:12.678 13540 13540 E ArmVmp : Match on catch block at 0xc3 in for 0x95
02-23 20:23:12.693 13540 13540 E ArmVmp : Match on catch block at 0xc3 in for 0x91
02-23 20:23:12.700 13540 13540 E ArmVmp : Match on catch block at 0xc3 in for 0x95
02-23 20:23:12.732 13540 13540 E ArmVmp : Match on catch block at 0xc3 in for 0x95
02-23 20:23:12.737 13540 13540 E ArmVmp : Match on catch block at 0xc3 in for 0x99
02-23 20:23:12.764 13540 13540 E ArmVmp : Match on catch block at 0xc3 in for 0x99
02-23 20:23:12.769 13540 13540 E ArmVmp : Match on catch block at 0xc3 in for 0x91
02-23 20:23:12.792 13540 13540 E ArmVmp : Match on catch block at 0xc3 in for 0x99
02-23 20:23:12.797 13540 13540 E ArmVmp : Match on catch block at 0xc3 in for 0x91
02-23 20:23:12.805 13540 13540 E ArmVmp : Match on catch block at 0xc3 in for 0x99
02-23 20:23:12.811 13540 13540 E ArmVmp : Match on catch block at 0xc3 in for 0x91
02-23 20:23:12.822 13540 13540 E ArmVmp : Match on catch block at 0xc3 in for 0x99
02-23 20:23:12.827 13540 13540 E ArmVmp : Match on catch block at 0xc3 in for 0x91
02-23 20:23:12.946 13540 13540 E ArmVmp : Match on catch block at 0xc3 in for 0x99
02-23 20:23:12.953 13540 13540 E ArmVmp : Match on catch block at 0xc3 in for 0x91
02-23 20:23:12.963 13540 13540 E ArmVmp : Match on catch block at 0xc3 in for 0x99
02-23 20:23:12.970 13540 13540 E ArmVmp : Match on catch block at 0xc3 in for 0x91
02-23 20:23:12.981 13540 17304 W MediaPlayer: Use of stream types is deprecated for
operations other than volume control
02-23 20:23:12.982 13540 17304 W MediaPlayer: See the documentation of
setAudioStreamType() for what to use instead with android.media.AudioAttributes to
qualify your playback use case
02-23 20:23:13.102 13540 13540 E ArmVmp : Match on catch block at 0xc3 in for 0x99
02-23 20:23:13.108 13540 13540 E ArmVmp : Match on catch block at 0xc3 in for 0x91
02-23 20:23:13.339 13540 13540 E ArmVmp : Match on catch block at 0xc3 in for 0x99
02-23 20:23:13.344 13540 13540 E ArmVmp : Match on catch block at 0xc3 in for 0x91
02-23 20:23:13.363 13540 13540 E ArmVmp : Match on catch block at 0xc3 in for 0x99
02-23 20:23:13.368 13540 13540 E ArmVmp : Match on catch block at 0xc3 in for 0x91
02-23 20:23:13.383 13540 13540 E ArmVmp : Match on catch block at 0xc3 in for 0x95
02-23 20:23:13.388 13540 13540 E ArmVmp : Match on catch block at 0xc3 in for 0x99
02-23 20:23:13.615 13540 13540 E ArmVmp : Match on catch block at 0xc3 in for 0x91
02-23 20:23:13.620 13540 13540 E ArmVmp : Match on catch block at 0xc3 in for 0x95
02-23 20:23:14.111 13540 13540 E ArmVmp : Match on catch block at 0xc3 in for 0x91
02-23 20:23:14.118 13540 13540 E ArmVmp : Match on catch block at 0xc3 in for 0x95
02-23 20:23:14.615 13540 13540 E ArmVmp : Match on catch block at 0xc3 in for 0x91
02-23 20:23:14.631 13540 13540 E ArmVmp : Match on catch block at 0xc3 in for 0x95
02-23 20:23:14.954 13540 13540 E ArmVmp : Match on catch block at 0xc3 in for 0x91
02-23 20:23:14.961 13540 13540 E ArmVmp : Match on catch block at 0xc3 in for 0x95
02-23 20:23:14.970 13540 13540 E ArmVmp : Match on catch block at 0xc3 in for 0x91
02-23 20:23:14.977 13540 13540 E ArmVmp : Match on catch block at 0xc3 in for 0x95
02-23 20:23:14.987 13540 13540 E ArmVmp : Match on catch block at 0xc3 in for 0x91
02-23 20:23:14.995 13540 13540 E ArmVmp : Match on catch block at 0xc3 in for 0x95
02-23 20:23:15.003 13540 13540 E ArmVmp : Match on catch block at 0xc3 in for 0x91
02-23 20:23:15.010 13540 13540 E ArmVmp : Match on catch block at 0xc3 in for 0x95
02-23 20:23:15.020 13540 13540 E ArmVmp : Match on catch block at 0xc3 in for 0x91
02-23 20:23:15.027 13540 13540 E ArmVmp : Match on catch block at 0xc3 in for 0x95
02-23 20:23:15.036 13540 13540 E ArmVmp : Match on catch block at 0xc3 in for 0x91
02-23 20:23:15.043 13540 13540 E ArmVmp : Match on catch block at 0xc3 in for 0x95
02-23 20:23:15.053 13540 13540 E ArmVmp : Match on catch block at 0xc3 in for 0x91
02-23 20:23:15.060 13540 13540 E ArmVmp : Match on catch block at 0xc3 in for 0x95
02-23 20:23:15.069 13540 13540 E ArmVmp : Match on catch block at 0xc3 in for 0x91
02-23 20:23:15.076 13540 13540 E ArmVmp : Match on catch block at 0xc3 in for 0x95
02-23 20:23:15.085 13540 13540 E ArmVmp : Match on catch block at 0xc3 in for 0x91
02-23 20:23:15.092 13540 13540 E ArmVmp : Match on catch block at 0xc3 in for 0x95
02-23 20:23:15.102 13540 13540 E ArmVmp : Match on catch block at 0xc3 in for 0x91
02-23 20:23:15.109 13540 13540 E ArmVmp : Match on catch block at 0xc3 in for 0x95
02-23 20:23:15.119 13540 13540 E ArmVmp : Match on catch block at 0xc3 in for 0x91
02-23 20:23:15.126 13540 13540 E ArmVmp : Match on catch block at 0xc3 in for 0x95
02-23 20:23:15.136 13540 13540 E ArmVmp : Match on catch block at 0xc3 in for 0x91
02-23 20:23:15.143 13540 13540 E ArmVmp : Match on catch block at 0xc3 in for 0x95
02-23 20:23:15.151 13540 13540 E ArmVmp : Match on catch block at 0xc3 in for 0x91
02-23 20:23:15.157 13540 13540 E ArmVmp : Match on catch block at 0xc3 in for 0x95
02-23 20:23:15.168 13540 13540 E ArmVmp : Match on catch block at 0xc3 in for 0x91
02-23 20:23:15.173 13540 13540 E ArmVmp : Match on catch block at 0xc3 in for 0x95
02-23 20:23:15.184 13540 13540 E ArmVmp : Match on catch block at 0xc3 in for 0x91
02-23 20:23:15.190 13540 13540 E ArmVmp : Match on catch block at 0xc3 in for 0x95
02-23 20:23:15.200 13540 13540 E ArmVmp : Match on catch block at 0xc3 in for 0x91
02-23 20:23:15.206 13540 13540 E ArmVmp : Match on catch block at 0xc3 in for 0x95
02-23 20:23:15.217 13540 13540 E ArmVmp : Match on catch block at 0xc3 in for 0x91
02-23 20:23:15.222 13540 13540 E ArmVmp : Match on catch block at 0xc3 in for 0x95
02-23 20:23:15.632 13540 13540 E ArmVmp : Match on catch block at 0xc3 in for 0x91
02-23 20:23:15.637 13540 13540 E ArmVmp : Match on catch block at 0xc3 in for 0x95
02-23 20:23:15.773 13540 13540 E ArmVmp : Match on catch block at 0xc3 in for 0x95
02-23 20:23:15.778 13540 13540 E ArmVmp : Match on catch block at 0xc3 in for 0x99
02-23 20:23:15.797 13540 13540 E ArmVmp : Match on catch block at 0xc3 in for 0x91
02-23 20:23:15.804 13540 13540 E ArmVmp : Match on catch block at 0xc3 in for 0x95
02-23 20:23:15.814 13540 13540 E ArmVmp : Match on catch block at 0xc3 in for 0x91
02-23 20:23:15.822 13540 13540 E ArmVmp : Match on catch block at 0xc3 in for 0x95
02-23 20:23:15.830 13540 13540 E ArmVmp : Match on catch block at 0xc3 in for 0x91
02-23 20:23:15.836 13540 13540 E ArmVmp : Match on catch block at 0xc3 in for 0x95
02-23 20:23:15.845 13540 13540 E ArmVmp : Match on catch block at 0xc3 in for 0x91
02-23 20:23:15.851 13540 13540 E ArmVmp : Match on catch block at 0xc3 in for 0x95
02-23 20:23:15.861 13540 13540 E ArmVmp : Match on catch block at 0xc3 in for 0x91
02-23 20:23:15.866 13540 13540 E ArmVmp : Match on catch block at 0xc3 in for 0x95
02-23 20:23:15.877 13540 13540 E ArmVmp : Match on catch block at 0xc3 in for 0x91
02-23 20:23:15.882 13540 13540 E ArmVmp : Match on catch block at 0xc3 in for 0x95
02-23 20:23:15.899 13540 13540 E ArmVmp : Match on catch block at 0xc3 in for 0x91
02-23 20:23:15.904 13540 13540 E ArmVmp : Match on catch block at 0xc3 in for 0x95
02-23 20:23:15.912 13540 13540 E ArmVmp : Match on catch block at 0xc3 in for 0x91
02-23 20:23:15.917 13540 13540 E ArmVmp : Match on catch block at 0xc3 in for 0x95
02-23 20:23:15.926 13540 13540 E ArmVmp : Match on catch block at 0xc3 in for 0x91
02-23 20:23:15.932 13540 13540 E ArmVmp : Match on catch block at 0xc3 in for 0x95
02-23 20:23:15.943 13540 13540 E ArmVmp : Match on catch block at 0xc3 in for 0x91
02-23 20:23:15.949 13540 13540 E ArmVmp : Match on catch block at 0xc3 in for 0x95
02-23 20:23:15.960 13540 13540 E ArmVmp : Match on catch block at 0xc3 in for 0x91
02-23 20:23:15.965 13540 13540 E ArmVmp : Match on catch block at 0xc3 in for 0x95
02-23 20:23:16.274 13540 13540 E ArmVmp : Match on catch block at 0xc3 in for 0x91
02-23 20:23:16.279 13540 13540 E ArmVmp : Match on catch block at 0xc3 in for 0x95
02-23 20:23:16.769 13540 13540 E ArmVmp : Match on catch block at 0xc3 in for 0x91
02-23 20:23:16.774 13540 13540 E ArmVmp : Match on catch block at 0xc3 in for 0x95
02-23 20:23:16.803 13540 13540 E ArmVmp : Match on catch block at 0xc3 in for 0x91
02-23 20:23:16.811 13540 13540 E ArmVmp : Match on catch block at 0xc3 in for 0x95
02-23 20:23:17.298 13540 13540 E ArmVmp : Match on catch block at 0xc3 in for 0x91
02-23 20:23:17.303 13540 13540 E ArmVmp : Match on catch block at 0xc3 in for 0x95
02-23 20:23:17.814 13540 13540 E ArmVmp : Match on catch block at 0xc3 in for 0x91
02-23 20:23:17.820 13540 13540 E ArmVmp : Match on catch block at 0xc3 in for 0x95
02-23 20:23:18.307 13540 13540 E ArmVmp : Match on catch block at 0xc3 in for 0x91
02-23 20:23:18.314 13540 13540 E ArmVmp : Match on catch block at 0xc3 in for 0x95
02-23 20:23:18.455 13540 13540 E ArmVmp : Match on catch block at 0xc3 in for 0x91
02-23 20:23:18.462 13540 13540 E ArmVmp : Match on catch block at 0xc3 in for 0x95
02-23 20:23:18.501 13540 13540 E ArmVmp : Match on catch block at 0xc3 in for 0x95
02-23 20:23:18.508 13540 13540 E ArmVmp : Match on catch block at 0xc3 in for 0x99
02-23 20:23:18.544 13540 13540 E ArmVmp : Match on catch block at 0xc3 in for 0x99
02-23 20:23:18.552 13540 13540 E ArmVmp : Match on catch block at 0xc3 in for 0x91
02-23 20:23:18.563 13540 13540 E ArmVmp : Match on catch block at 0xc3 in for 0x99
02-23 20:23:18.569 13540 13540 E ArmVmp : Match on catch block at 0xc3 in for 0x91
02-23 20:23:18.624 13540 13540 E ArmVmp : Match on catch block at 0xc3 in for 0x95
02-23 20:23:18.630 13540 13540 E ArmVmp : Match on catch block at 0xc3 in for 0x99
02-23 20:23:18.659 13540 13540 E ArmVmp : Match on catch block at 0xc3 in for 0x99
02-23 20:23:18.664 13540 13540 E ArmVmp : Match on catch block at 0xc3 in for 0x91
02-23 20:23:18.680 13540 13540 E ArmVmp : Match on catch block at 0xc3 in for 0x95
02-23 20:23:18.686 13540 13540 E ArmVmp : Match on catch block at 0xc3 in for 0x99
02-23 20:23:18.693 13540 13540 E ArmVmp : Match on catch block at 0xc3 in for 0x95
02-23 20:23:18.698 13540 13540 E ArmVmp : Match on catch block at 0xc3 in for 0x99
02-23 20:23:18.776 13540 13540 E ArmVmp : Match on catch block at 0xc3 in for 0x99
02-23 20:23:18.782 13540 13540 E ArmVmp : Match on catch block at 0xc3 in for 0x91
02-23 20:23:18.790 13540 17304 W MediaPlayer: Use of stream types is deprecated for
operations other than volume control
02-23 20:23:18.791 13540 17304 W MediaPlayer: See the documentation of
setAudioStreamType() for what to use instead with android.media.AudioAttributes to
qualify your playback use case
02-23 20:23:18.792 13540 13540 E ArmVmp : Match on catch block at 0xc3 in for 0x99
02-23 20:23:18.799 13540 13540 E ArmVmp : Match on catch block at 0xc3 in for 0x91
02-23 20:23:18.982 13540 13540 E ArmVmp : Match on catch block at 0xc3 in for 0x95
02-23 20:23:18.988 13540 13540 E ArmVmp : Match on catch block at 0xc3 in for 0x99
02-23 20:23:19.230 13540 13540 E ArmVmp : Match on catch block at 0xc3 in for 0x95
02-23 20:23:19.236 13540 13540 E ArmVmp : Match on catch block at 0xc3 in for 0x99
02-23 20:23:19.545 13540 13540 E ArmVmp : Match on catch block at 0xc3 in for 0x95
02-23 20:23:19.555 13540 13540 E ArmVmp : Match on catch block at 0xc3 in for 0x99
02-23 20:23:19.681 13540 13540 E ArmVmp : Match on catch block at 0xc3 in for 0x95
02-23 20:23:19.686 13540 13540 E ArmVmp : Match on catch block at 0xc3 in for 0x99
02-23 20:23:19.691 13540 13540 W IInputConnectionWrapper: requestCursorAnchorInfo
on inactive InputConnection
02-23 20:23:19.727 13540 13540 E ArmVmp : Match on catch block at 0xc3 in for 0x91
02-23 20:23:19.734 13540 13540 E ArmVmp : Match on catch block at 0xc3 in for 0x95
02-23 20:23:20.066 13540 13540 E ArmVmp : Match on catch block at 0xc3 in for 0x95
02-23 20:23:20.071 13540 13540 E ArmVmp : Match on catch block at 0xc3 in for 0x99
02-23 20:23:48.646 13540 13863 W RenderInspector: DequeueBuffer time out on Toast,
count=4, avg=26 ms, max=34 ms.
02-23 20:23:50.727 13540 13863 W RenderInspector: DequeueBuffer time out on Toast,
count=16, avg=31 ms, max=41 ms.
02-23 20:23:52.457 13540 13863 W RenderInspector: DequeueBuffer time out on Toast,
count=7, avg=38 ms, max=49 ms.
02-23 20:23:55.583 13540 13863 W RenderInspector: DequeueBuffer time out on Toast,
count=11, avg=36 ms, max=39 ms.
02-23 20:23:58.943 13540 13863 W RenderInspector: DequeueBuffer time out on Toast,
count=15, avg=27 ms, max=32 ms.
02-23 20:24:06.866 13540 13540 W Choreographer: OPTS_INPUT: First frame was drawed
before optimized, so skip!
02-23 20:24:57.660 13540 13540 W ActivityThread: handleWindowVisibility: no
activity for token android.os.BinderProxy@6048c9d
02-23 20:24:58.038 13540 13540 E ArmVmp : Match on catch block at 0x0a in for 0xb1
02-23 20:24:58.043 13540 13540 E ArmVmp : Match on catch block at 0x0a in for 0xb9
02-23 20:24:58.096 13540 13540 W Looper : Slow Looper main: Activity
com.whatsapp/.Conversation is 445ms late (wall=0ms running=0ms
ClientTransaction{ callbacks=[android.app.servertransaction.TopResumedActivityChang
eItem] }) because of 6 msg, msg 6 took 436ms (seq=9997 running=329ms runnable=1ms
io=71ms late=9ms h=android.app.ActivityThread$H w=159)
02-23 20:24:58.277 13540 14869 E ArmVmp : Match on catch block at 0x48 in for 0x89
02-23 20:24:58.277 13540 14869 W System.err: javax.net.ssl.SSLHandshakeException:
SSL handshake aborted: ssl=0xb59ae9c8: I/O error during system call, Connection
reset by peer
02-23 20:24:58.277 13540 14869 W System.err:
02-23 20:24:58.280 13540 14869 W System.err: at
com.android.org.conscrypt.NativeCrypto.SSL_do_handshake(Native Method)
02-23 20:24:58.280 13540 14869 W System.err:
02-23 20:24:58.281 13540 14869 W System.err: at
com.android.org.conscrypt.NativeSsl.doHandshake(NativeSsl.java:387)
02-23 20:24:58.281 13540 14869 W System.err:
02-23 20:24:58.281 13540 14869 W System.err: at
com.android.org.conscrypt.ConscryptFileDescriptorSocket.startHandshake(ConscryptFil
eDescriptorSocket.java:226)
02-23 20:24:58.281 13540 14869 W System.err:
02-23 20:24:58.281 13540 14869 W System.err: at
com.android.okhttp.internal.io.RealConnection.connectTls(RealConnection.java:196)
02-23 20:24:58.281 13540 14869 W System.err:
02-23 20:24:58.281 13540 14869 W System.err: at
com.android.okhttp.internal.io.RealConnection.connectSocket(RealConnection.java:153
)
02-23 20:24:58.281 13540 14869 W System.err:
02-23 20:24:58.281 13540 14869 W System.err: at
com.android.okhttp.internal.io.RealConnection.connect(RealConnection.java:116)
02-23 20:24:58.281 13540 14869 W System.err:
02-23 20:24:58.281 13540 14869 W System.err: at
com.android.okhttp.internal.http.StreamAllocation.findConnection(StreamAllocation.j
ava:186)
02-23 20:24:58.281 13540 14869 W System.err:
02-23 20:24:58.281 13540 14869 W System.err: at
com.android.okhttp.internal.http.StreamAllocation.findHealthyConnection(StreamAlloc
ation.java:128)
02-23 20:24:58.281 13540 14869 W System.err:
02-23 20:24:58.282 13540 14869 W System.err: at
com.android.okhttp.internal.http.StreamAllocation.newStream(StreamAllocation.java:9
7)
02-23 20:24:58.282 13540 14869 W System.err:
02-23 20:24:58.282 13540 14869 W System.err: at
com.android.okhttp.internal.http.HttpEngine.connect(HttpEngine.java:302)
02-23 20:24:58.282 13540 14869 W System.err:
02-23 20:24:58.282 13540 14869 W System.err: at
com.android.okhttp.internal.http.HttpEngine.sendRequest(HttpEngine.java:245)
02-23 20:24:58.282 13540 14869 W System.err:
02-23 20:24:58.282 13540 14869 W System.err: at
com.android.okhttp.internal.huc.HttpURLConnectionImpl.execute(HttpURLConnectionImpl
.java:465)
02-23 20:24:58.282 13540 14869 W System.err:
02-23 20:24:58.282 13540 14869 W System.err: at
com.android.okhttp.internal.huc.HttpURLConnectionImpl.connect(HttpURLConnectionImpl
.java:131)
02-23 20:24:58.282 13540 14869 W System.err:
02-23 20:24:58.282 13540 14869 W System.err: at
com.android.okhttp.internal.huc.DelegatingHttpsURLConnection.connect(DelegatingHttp
sURLConnection.java:90)
02-23 20:24:58.282 13540 14869 W System.err:
02-23 20:24:58.283 13540 14869 W System.err: at
com.android.okhttp.internal.huc.HttpsURLConnectionImpl.connect(HttpsURLConnectionIm
pl.java:30)
02-23 20:24:58.283 13540 14869 W System.err:
02-23 20:24:58.283 13540 14869 W System.err: at
mbmodsd.mbmodsw.home.MBTranslator.translate(Native Method)
02-23 20:24:58.283 13540 14869 W System.err:
02-23 20:24:58.283 13540 14869 W System.err: at
mbmodsd.mbmodsw.home.MBTranslator$Async.doInBackground(Native Method)
02-23 20:24:58.283 13540 14869 W System.err:
02-23 20:24:58.283 13540 14869 W System.err: at
mbmodsd.mbmodsw.home.MBTranslator$Async.doInBackground(Native Method)
02-23 20:24:58.283 13540 14869 W System.err:
02-23 20:24:58.283 13540 14869 W System.err: at
android.os.AsyncTask$3.call(AsyncTask.java:378)
02-23 20:24:58.283 13540 14869 W System.err:
02-23 20:24:58.283 13540 14869 W System.err: at
java.util.concurrent.FutureTask.run(FutureTask.java:266)
02-23 20:24:58.283 13540 14869 W System.err:
02-23 20:24:58.284 13540 14869 W System.err: at
android.os.AsyncTask$SerialExecutor$1.run(AsyncTask.java:289)
02-23 20:24:58.284 13540 14869 W System.err:
02-23 20:24:58.284 13540 14869 W System.err: at
java.util.concurrent.ThreadPoolExecutor.runWorker(ThreadPoolExecutor.java:1167)
02-23 20:24:58.284 13540 14869 W System.err:
02-23 20:24:58.284 13540 14869 W System.err: at
java.util.concurrent.ThreadPoolExecutor$Worker.run(ThreadPoolExecutor.java:641)
02-23 20:24:58.284 13540 14869 W System.err:
02-23 20:24:58.284 13540 14869 W System.err: at
java.lang.Thread.run(Thread.java:919)
02-23 20:24:58.284 13540 14869 W System.err:
02-23 20:24:58.411 13540 13540 E ArmVmp : Match on catch block at 0xc3 in for 0xa1
02-23 20:24:58.420 13540 13540 E ArmVmp : Match on catch block at 0xc3 in for 0xa1
02-23 20:24:58.467 13540 13540 W Looper : Slow Looper main: doFrame is 440ms late
because of 3 msg, msg 1 took 436ms (seq=9997 running=329ms runnable=1ms io=71ms
late=9ms h=android.app.ActivityThread$H w=159)
02-23 20:24:58.477 13540 14869 E ArmVmp : Match on catch block at 0x48 in for 0x95
02-23 20:24:58.478 13540 14869 W System.err: javax.net.ssl.SSLHandshakeException:
SSL handshake aborted: ssl=0xb27cec68: I/O error during system call, Connection
reset by peer
02-23 20:24:58.478 13540 14869 W System.err:
02-23 20:24:58.478 13540 14869 W System.err: at
com.android.org.conscrypt.NativeCrypto.SSL_do_handshake(Native Method)
02-23 20:24:58.478 13540 14869 W System.err:
02-23 20:24:58.478 13540 14869 W System.err: at
com.android.org.conscrypt.NativeSsl.doHandshake(NativeSsl.java:387)
02-23 20:24:58.478 13540 14869 W System.err:
02-23 20:24:58.478 13540 14869 W System.err: at
com.android.org.conscrypt.ConscryptFileDescriptorSocket.startHandshake(ConscryptFil
eDescriptorSocket.java:226)
02-23 20:24:58.478 13540 14869 W System.err:
02-23 20:24:58.479 13540 14869 W System.err: at
com.android.okhttp.internal.io.RealConnection.connectTls(RealConnection.java:196)
02-23 20:24:58.479 13540 14869 W System.err:
02-23 20:24:58.479 13540 14869 W System.err: at
com.android.okhttp.internal.io.RealConnection.connectSocket(RealConnection.java:153
)
02-23 20:24:58.479 13540 14869 W System.err:
02-23 20:24:58.479 13540 14869 W System.err: at
com.android.okhttp.internal.io.RealConnection.connect(RealConnection.java:116)
02-23 20:24:58.479 13540 14869 W System.err:
02-23 20:24:58.479 13540 14869 W System.err: at
com.android.okhttp.internal.http.StreamAllocation.findConnection(StreamAllocation.j
ava:186)
02-23 20:24:58.479 13540 14869 W System.err:
02-23 20:24:58.479 13540 14869 W System.err: at
com.android.okhttp.internal.http.StreamAllocation.findHealthyConnection(StreamAlloc
ation.java:128)
02-23 20:24:58.479 13540 14869 W System.err:
02-23 20:24:58.480 13540 14869 W System.err: at
com.android.okhttp.internal.http.StreamAllocation.newStream(StreamAllocation.java:9
7)
02-23 20:24:58.480 13540 14869 W System.err:
02-23 20:24:58.480 13540 14869 W System.err: at
com.android.okhttp.internal.http.HttpEngine.connect(HttpEngine.java:302)
02-23 20:24:58.480 13540 14869 W System.err:
02-23 20:24:58.480 13540 14869 W System.err: at
com.android.okhttp.internal.http.HttpEngine.sendRequest(HttpEngine.java:245)
02-23 20:24:58.480 13540 14869 W System.err:
02-23 20:24:58.480 13540 14869 W System.err: at
com.android.okhttp.internal.huc.HttpURLConnectionImpl.execute(HttpURLConnectionImpl
.java:465)
02-23 20:24:58.480 13540 14869 W System.err:
02-23 20:24:58.480 13540 14869 W System.err: at
com.android.okhttp.internal.huc.HttpURLConnectionImpl.connect(HttpURLConnectionImpl
.java:131)
02-23 20:24:58.480 13540 14869 W System.err:
02-23 20:24:58.481 13540 14869 W System.err: at
com.android.okhttp.internal.huc.DelegatingHttpsURLConnection.connect(DelegatingHttp
sURLConnection.java:90)
02-23 20:24:58.481 13540 14869 W System.err:
02-23 20:24:58.481 13540 14869 W System.err: at
com.android.okhttp.internal.huc.HttpsURLConnectionImpl.connect(HttpsURLConnectionIm
pl.java:30)
02-23 20:24:58.481 13540 14869 W System.err:
02-23 20:24:58.481 13540 14869 W System.err: at
mbmodsd.mbmodsw.home.MBTranslator.translate(Native Method)
02-23 20:24:58.481 13540 14869 W System.err:
02-23 20:24:58.481 13540 14869 W System.err: at
mbmodsd.mbmodsw.home.MBTranslator$Async.doInBackground(Native Method)
02-23 20:24:58.481 13540 14869 W System.err:
02-23 20:24:58.481 13540 14869 W System.err: at
mbmodsd.mbmodsw.home.MBTranslator$Async.doInBackground(Native Method)
02-23 20:24:58.481 13540 14869 W System.err:
02-23 20:24:58.481 13540 14869 W System.err: at
android.os.AsyncTask$3.call(AsyncTask.java:378)
02-23 20:24:58.481 13540 14869 W System.err:
02-23 20:24:58.481 13540 14869 W System.err: at
java.util.concurrent.FutureTask.run(FutureTask.java:266)
02-23 20:24:58.481 13540 14869 W System.err:
02-23 20:24:58.482 13540 14869 W System.err: at
android.os.AsyncTask$SerialExecutor$1.run(AsyncTask.java:289)
02-23 20:24:58.482 13540 14869 W System.err:
02-23 20:24:58.482 13540 14869 W System.err: at
java.util.concurrent.ThreadPoolExecutor.runWorker(ThreadPoolExecutor.java:1167)
02-23 20:24:58.482 13540 14869 W System.err:
02-23 20:24:58.482 13540 14869 W System.err: at
java.util.concurrent.ThreadPoolExecutor$Worker.run(ThreadPoolExecutor.java:641)
02-23 20:24:58.482 13540 14869 W System.err:
02-23 20:24:58.482 13540 14869 W System.err: at
java.lang.Thread.run(Thread.java:919)
02-23 20:24:58.482 13540 14869 W System.err:
02-23 20:24:58.505 13540 13540 E ArmVmp : Match on catch block at 0xc3 in for 0x99
02-23 20:24:58.510 13540 13540 E ArmVmp : Match on catch block at 0xc3 in for 0x91
02-23 20:24:58.538 13540 13540 W Looper : Slow Looper main: doFrame is 387ms late
because of 50 msg, msg 1 took 365ms (seq=10000 running=287ms runnable=1ms io=13ms
reclaim=2ms late=440ms h=android.view.Choreographer$FrameHandler
c=android.view.Choreographer$FrameDisplayEventReceiver)
02-23 20:24:58.513 13540 13540 E ArmVmp : Match on catch block at 0xc3 in for 0x91
02-23 20:24:58.568 13540 13540 E ArmVmp : Match on catch block at 0xc3 in for 0x91
02-23 20:24:58.574 13540 13540 E ArmVmp : Match on catch block at 0xc3 in for 0x95
02-23 20:24:58.577 13540 13540 E ArmVmp : Match on catch block at 0xc3 in for 0x95
02-23 20:24:58.598 13540 13540 E ArmVmp : Match on catch block at 0xc3 in for 0x91
02-23 20:24:58.602 13540 13540 E ArmVmp : Match on catch block at 0xc3 in for 0x95
02-23 20:24:58.606 13540 13540 E ArmVmp : Match on catch block at 0xc3 in for 0x95
02-23 20:24:58.921 13540 13540 E ArmVmp : Match on catch block at 0xc3 in for 0x91
02-23 20:24:58.926 13540 13540 E ArmVmp : Match on catch block at 0xc3 in for 0x95
02-23 20:24:58.929 13540 13540 E ArmVmp : Match on catch block at 0xc3 in for 0x95
02-23 20:24:58.937 13540 13540 E ArmVmp : Match on catch block at 0xc3 in for 0x99
02-23 20:24:58.944 13540 13540 E ArmVmp : Match on catch block at 0xc3 in for 0x91
02-23 20:24:58.947 13540 13540 E ArmVmp : Match on catch block at 0xc3 in for 0x91
02-23 20:24:58.954 13540 13540 E ArmVmp : Match on catch block at 0xc3 in for 0x95
02-23 20:24:58.959 13540 13540 E ArmVmp : Match on catch block at 0xc3 in for 0x99
02-23 20:24:58.963 13540 13540 E ArmVmp : Match on catch block at 0xc3 in for 0x99
02-23 20:24:58.970 13540 13540 E ArmVmp : Match on catch block at 0xc3 in for 0x91
02-23 20:24:58.975 13540 13540 E ArmVmp : Match on catch block at 0xc3 in for 0x95
02-23 20:24:58.979 13540 13540 E ArmVmp : Match on catch block at 0xc3 in for 0x95
02-23 20:24:58.987 13540 13540 E ArmVmp : Match on catch block at 0xc3 in for 0x99
02-23 20:24:58.992 13540 13540 E ArmVmp : Match on catch block at 0xc3 in for 0x91
02-23 20:24:58.995 13540 13540 E ArmVmp : Match on catch block at 0xc3 in for 0x91
02-23 20:24:59.017 13540 13540 E ArmVmp : Match on catch block at 0xc3 in for 0x95
02-23 20:24:59.022 13540 13540 E ArmVmp : Match on catch block at 0xc3 in for 0x99
02-23 20:24:59.025 13540 13540 E ArmVmp : Match on catch block at 0xc3 in for 0x99
02-23 20:24:59.048 13540 13540 E ArmVmp : Match on catch block at 0xc3 in for 0x91
02-23 20:24:59.053 13540 13540 E ArmVmp : Match on catch block at 0xc3 in for 0x95
02-23 20:24:59.056 13540 13540 E ArmVmp : Match on catch block at 0xc3 in for 0x95
02-23 20:24:59.069 13540 13540 E ArmVmp : Match on catch block at 0xc3 in for 0x99
02-23 20:24:59.075 13540 13540 E ArmVmp : Match on catch block at 0xc3 in for 0x91
02-23 20:24:59.078 13540 13540 E ArmVmp : Match on catch block at 0xc3 in for 0x91
02-23 20:24:59.086 13540 13540 E ArmVmp : Match on catch block at 0xc3 in for 0x95
02-23 20:24:59.091 13540 13540 E ArmVmp : Match on catch block at 0xc3 in for 0x99
02-23 20:24:59.095 13540 13540 E ArmVmp : Match on catch block at 0xc3 in for 0x99
02-23 20:24:59.102 13540 13540 E ArmVmp : Match on catch block at 0xc3 in for 0x91
02-23 20:24:59.107 13540 13540 E ArmVmp : Match on catch block at 0xc3 in for 0x95
02-23 20:24:59.110 13540 13540 E ArmVmp : Match on catch block at 0xc3 in for 0x95
02-23 20:24:59.119 13540 13540 E ArmVmp : Match on catch block at 0xc3 in for 0x99
02-23 20:24:59.124 13540 13540 E ArmVmp : Match on catch block at 0xc3 in for 0x91
02-23 20:24:59.127 13540 13540 E ArmVmp : Match on catch block at 0xc3 in for 0x91
02-23 20:24:59.135 13540 13540 E ArmVmp : Match on catch block at 0xc3 in for 0x95
02-23 20:24:59.141 13540 13540 E ArmVmp : Match on catch block at 0xc3 in for 0x99
02-23 20:24:59.145 13540 13540 E ArmVmp : Match on catch block at 0xc3 in for 0x99
02-23 20:24:59.152 13540 13540 E ArmVmp : Match on catch block at 0xc3 in for 0x91
02-23 20:24:59.157 13540 13540 E ArmVmp : Match on catch block at 0xc3 in for 0x95
02-23 20:24:59.161 13540 13540 E ArmVmp : Match on catch block at 0xc3 in for 0x95
02-23 20:24:59.169 13540 13540 E ArmVmp : Match on catch block at 0xc3 in for 0x99
02-23 20:24:59.174 13540 13540 E ArmVmp : Match on catch block at 0xc3 in for 0x91
02-23 20:24:59.178 13540 13540 E ArmVmp : Match on catch block at 0xc3 in for 0x91
02-23 20:24:59.185 13540 13540 E ArmVmp : Match on catch block at 0xc3 in for 0x95
02-23 20:24:59.190 13540 13540 E ArmVmp : Match on catch block at 0xc3 in for 0x99
02-23 20:24:59.194 13540 13540 E ArmVmp : Match on catch block at 0xc3 in for 0x99
02-23 20:24:59.202 13540 13540 E ArmVmp : Match on catch block at 0xc3 in for 0x91
02-23 20:24:59.206 13540 13540 E ArmVmp : Match on catch block at 0xc3 in for 0x95
02-23 20:24:59.210 13540 13540 E ArmVmp : Match on catch block at 0xc3 in for 0x95
02-23 20:24:59.218 13540 13540 E ArmVmp : Match on catch block at 0xc3 in for 0x99
02-23 20:24:59.222 13540 13540 E ArmVmp : Match on catch block at 0xc3 in for 0x91
02-23 20:24:59.226 13540 13540 E ArmVmp : Match on catch block at 0xc3 in for 0x91
02-23 20:24:59.566 13540 13540 E ArmVmp : Match on catch block at 0xc3 in for 0x95
02-23 20:24:59.571 13540 13540 E ArmVmp : Match on catch block at 0xc3 in for 0x99
02-23 20:24:59.576 13540 13540 E ArmVmp : Match on catch block at 0xc3 in for 0x99
02-23 20:25:00.078 13540 13540 E ArmVmp : Match on catch block at 0xc3 in for 0x91
02-23 20:25:00.084 13540 13540 E ArmVmp : Match on catch block at 0xc3 in for 0x95
02-23 20:25:00.087 13540 13540 E ArmVmp : Match on catch block at 0xc3 in for 0x95
02-23 20:25:00.143 13540 13540 E ArmVmp : Match on catch block at 0xc3 in for 0x99
02-23 20:25:00.149 13540 13540 E ArmVmp : Match on catch block at 0xc3 in for 0x91
02-23 20:25:00.154 13540 13540 E ArmVmp : Match on catch block at 0xc3 in for 0x91
02-23 20:25:00.160 13540 13540 E ArmVmp : Match on catch block at 0xc3 in for 0x95
02-23 20:25:00.167 13540 13540 E ArmVmp : Match on catch block at 0xc3 in for 0x99
02-23 20:25:00.171 13540 13540 E ArmVmp : Match on catch block at 0xc3 in for 0x99
02-23 20:25:00.178 13540 13540 E ArmVmp : Match on catch block at 0xc3 in for 0x91
02-23 20:25:00.185 13540 13540 E ArmVmp : Match on catch block at 0xc3 in for 0x95
02-23 20:25:00.188 13540 13540 E ArmVmp : Match on catch block at 0xc3 in for 0x95
02-23 20:25:00.195 13540 13540 E ArmVmp : Match on catch block at 0xc3 in for 0x99
02-23 20:25:00.201 13540 13540 E ArmVmp : Match on catch block at 0xc3 in for 0x91
02-23 20:25:00.205 13540 13540 E ArmVmp : Match on catch block at 0xc3 in for 0x91
02-23 20:25:00.211 13540 13540 E ArmVmp : Match on catch block at 0xc3 in for 0x95
02-23 20:25:00.217 13540 13540 E ArmVmp : Match on catch block at 0xc3 in for 0x99
02-23 20:25:00.221 13540 13540 E ArmVmp : Match on catch block at 0xc3 in for 0x99
02-23 20:25:00.227 13540 13540 E ArmVmp : Match on catch block at 0xc3 in for 0x91
02-23 20:25:00.234 13540 13540 E ArmVmp : Match on catch block at 0xc3 in for 0x95
02-23 20:25:00.237 13540 13540 E ArmVmp : Match on catch block at 0xc3 in for 0x95
02-23 20:25:00.244 13540 13540 E ArmVmp : Match on catch block at 0xc3 in for 0x99
02-23 20:25:00.250 13540 13540 E ArmVmp : Match on catch block at 0xc3 in for 0x91
02-23 20:25:00.253 13540 13540 E ArmVmp : Match on catch block at 0xc3 in for 0x91
02-23 20:25:00.260 13540 13540 E ArmVmp : Match on catch block at 0xc3 in for 0x95
02-23 20:25:00.265 13540 13540 E ArmVmp : Match on catch block at 0xc3 in for 0x99
02-23 20:25:00.269 13540 13540 E ArmVmp : Match on catch block at 0xc3 in for 0x99
02-23 20:25:00.275 13540 13540 E ArmVmp : Match on catch block at 0xc3 in for 0x91
02-23 20:25:00.280 13540 13540 E ArmVmp : Match on catch block at 0xc3 in for 0x95
02-23 20:25:00.284 13540 13540 E ArmVmp : Match on catch block at 0xc3 in for 0x95
02-23 20:25:00.292 13540 13540 E ArmVmp : Match on catch block at 0xc3 in for 0x99
02-23 20:25:00.297 13540 13540 E ArmVmp : Match on catch block at 0xc3 in for 0x91
02-23 20:25:00.301 13540 13540 E ArmVmp : Match on catch block at 0xc3 in for 0x91
02-23 20:25:00.308 13540 13540 E ArmVmp : Match on catch block at 0xc3 in for 0x95
02-23 20:25:00.315 13540 13540 E ArmVmp : Match on catch block at 0xc3 in for 0x99
02-23 20:25:00.318 13540 13540 E ArmVmp : Match on catch block at 0xc3 in for 0x99
02-23 20:25:00.325 13540 13540 E ArmVmp : Match on catch block at 0xc3 in for 0x91
02-23 20:25:00.331 13540 13540 E ArmVmp : Match on catch block at 0xc3 in for 0x95
02-23 20:25:00.335 13540 13540 E ArmVmp : Match on catch block at 0xc3 in for 0x95
02-23 20:25:00.342 13540 13540 E ArmVmp : Match on catch block at 0xc3 in for 0x99
02-23 20:25:00.348 13540 13540 E ArmVmp : Match on catch block at 0xc3 in for 0x91
02-23 20:25:00.351 13540 13540 E ArmVmp : Match on catch block at 0xc3 in for 0x91
