mbmodsd.mbmodsw.home.MBTranslator.translate(Native Method)
02-23 20:21:07.237 13540 14869 W System.err:
02-23 20:21:07.238 13540 14869 W System.err: at
mbmodsd.mbmodsw.home.MBTranslator$Async.doInBackground(Native Method)
02-23 20:21:07.238 13540 14869 W System.err:
02-23 20:21:07.238 13540 14869 W System.err: at
mbmodsd.mbmodsw.home.MBTranslator$Async.doInBackground(Native Method)
02-23 20:21:07.238 13540 14869 W System.err:
02-23 20:21:07.238 13540 14869 W System.err: at
android.os.AsyncTask$3.call(AsyncTask.java:378)
02-23 20:21:07.238 13540 14869 W System.err:
02-23 20:21:07.238 13540 14869 W System.err: at
java.util.concurrent.FutureTask.run(FutureTask.java:266)
02-23 20:21:07.238 13540 14869 W System.err:
02-23 20:21:07.238 13540 14869 W System.err: at
android.os.AsyncTask$SerialExecutor$1.run(AsyncTask.java:289)
02-23 20:21:07.238 13540 14869 W System.err:
02-23 20:21:07.238 13540 14869 W System.err: at
java.util.concurrent.ThreadPoolExecutor.runWorker(ThreadPoolExecutor.java:1167)
02-23 20:21:07.239 13540 14869 W System.err:
02-23 20:21:07.239 13540 14869 W System.err: at
java.util.concurrent.ThreadPoolExecutor$Worker.run(ThreadPoolExecutor.java:641)
02-23 20:21:07.239 13540 14869 W System.err:
02-23 20:21:07.239 13540 14869 W System.err: at
java.lang.Thread.run(Thread.java:919)
02-23 20:21:07.239 13540 14869 W System.err:
02-23 20:21:07.264 13540 13540 E ArmVmp : Match on catch block at 0xc3 in for 0xa5
02-23 20:21:07.273 13540 13540 E ArmVmp : Match on catch block at 0xc3 in for 0xa5
02-23 20:21:07.316 13540 13540 W Looper : Slow Looper main: doFrame is 687ms late
because of 3 msg, msg 1 took 694ms (seq=7095 running=369ms runnable=1ms io=273ms
reclaim=1ms late=8ms h=android.app.ActivityThread$H w=159)
02-23 20:21:07.368 13540 13540 E ArmVmp : Match on catch block at 0xc3 in for 0x91
02-23 20:21:07.373 13540 13540 E ArmVmp : Match on catch block at 0xc3 in for 0x95
02-23 20:21:07.416 13540 13540 W Looper : Slow Looper main: doFrame is 477ms late
because of 50 msg, msg 1 took 456ms (seq=7098 running=348ms runnable=1ms io=21ms
late=687ms h=android.view.Choreographer$FrameHandler
c=android.view.Choreographer$FrameDisplayEventReceiver)
02-23 20:21:07.444 13540 13540 E ArmVmp : Match on catch block at 0xc3 in for 0x99
02-23 20:21:07.451 13540 13540 E ArmVmp : Match on catch block at 0xc3 in for 0x91
02-23 20:21:07.470 13540 13540 E ArmVmp : Match on catch block at 0xc3 in for 0x91
02-23 20:21:07.474 13540 13540 E ArmVmp : Match on catch block at 0xc3 in for 0x95
02-23 20:21:07.663 13540 13540 E ArmVmp : Match on catch block at 0xc3 in for 0x95
02-23 20:21:07.668 13540 13540 E ArmVmp : Match on catch block at 0xc3 in for 0x99
02-23 20:21:07.679 13540 13540 E ArmVmp : Match on catch block at 0xc3 in for 0x99
02-23 20:21:07.684 13540 13540 E ArmVmp : Match on catch block at 0xc3 in for 0x91
02-23 20:21:07.696 13540 13540 E ArmVmp : Match on catch block at 0xc3 in for 0x91
02-23 20:21:07.700 13540 13540 E ArmVmp : Match on catch block at 0xc3 in for 0x95
02-23 20:21:07.712 13540 13540 E ArmVmp : Match on catch block at 0xc3 in for 0x95
02-23 20:21:07.717 13540 13540 E ArmVmp : Match on catch block at 0xc3 in for 0x99
02-23 20:21:07.729 13540 13540 E ArmVmp : Match on catch block at 0xc3 in for 0x99
02-23 20:21:07.734 13540 13540 E ArmVmp : Match on catch block at 0xc3 in for 0x91
02-23 20:21:07.745 13540 13540 E ArmVmp : Match on catch block at 0xc3 in for 0x91
02-23 20:21:07.750 13540 13540 E ArmVmp : Match on catch block at 0xc3 in for 0x95
02-23 20:21:07.762 13540 13540 E ArmVmp : Match on catch block at 0xc3 in for 0x95
02-23 20:21:07.768 13540 13540 E ArmVmp : Match on catch block at 0xc3 in for 0x99
02-23 20:21:07.778 13540 13540 E ArmVmp : Match on catch block at 0xc3 in for 0x99
02-23 20:21:07.784 13540 13540 E ArmVmp : Match on catch block at 0xc3 in for 0x91
02-23 20:21:07.795 13540 13540 E ArmVmp : Match on catch block at 0xc3 in for 0x91
02-23 20:21:07.800 13540 13540 E ArmVmp : Match on catch block at 0xc3 in for 0x95
02-23 20:21:07.811 13540 13540 E ArmVmp : Match on catch block at 0xc3 in for 0x95
02-23 20:21:07.817 13540 13540 E ArmVmp : Match on catch block at 0xc3 in for 0x99
02-23 20:21:07.828 13540 13540 E ArmVmp : Match on catch block at 0xc3 in for 0x99
02-23 20:21:07.832 13540 13540 E ArmVmp : Match on catch block at 0xc3 in for 0x91
02-23 20:21:07.844 13540 13540 E ArmVmp : Match on catch block at 0xc3 in for 0x91
02-23 20:21:07.850 13540 13540 E ArmVmp : Match on catch block at 0xc3 in for 0x95
02-23 20:21:07.892 13540 13540 E ArmVmp : Match on catch block at 0xc3 in for 0x95
02-23 20:21:07.897 13540 13540 E ArmVmp : Match on catch block at 0xc3 in for 0x99
02-23 20:21:07.922 13540 13540 E ArmVmp : Match on catch block at 0xc3 in for 0x99
02-23 20:21:07.927 13540 13540 E ArmVmp : Match on catch block at 0xc3 in for 0x91
02-23 20:21:07.943 13540 13540 E ArmVmp : Match on catch block at 0xc3 in for 0x91
02-23 20:21:07.948 13540 13540 E ArmVmp : Match on catch block at 0xc3 in for 0x95
02-23 20:21:07.961 13540 13540 E ArmVmp : Match on catch block at 0xc3 in for 0x95
02-23 20:21:07.966 13540 13540 E ArmVmp : Match on catch block at 0xc3 in for 0x99
02-23 20:21:07.977 13540 13540 E ArmVmp : Match on catch block at 0xc3 in for 0x99
02-23 20:21:07.982 13540 13540 E ArmVmp : Match on catch block at 0xc3 in for 0x91
02-23 20:21:08.161 13540 13540 E ArmVmp : Match on catch block at 0xc3 in for 0x95
02-23 20:21:08.166 13540 13540 E ArmVmp : Match on catch block at 0xc3 in for 0x99
02-23 20:21:08.176 13540 13540 E ArmVmp : Match on catch block at 0xc3 in for 0x99
02-23 20:21:08.182 13540 13540 E ArmVmp : Match on catch block at 0xc3 in for 0x91
02-23 20:21:08.440 13540 13540 E ArmVmp : Match on catch block at 0xc3 in for 0x91
02-23 20:21:08.446 13540 13540 E ArmVmp : Match on catch block at 0xc3 in for 0x95
02-23 20:21:08.875 13540 13540 E ArmVmp : Match on catch block at 0xc3 in for 0x91
02-23 20:21:08.880 13540 13540 E ArmVmp : Match on catch block at 0xc3 in for 0x95
02-23 20:21:08.897 13540 13540 E ArmVmp : Match on catch block at 0xc3 in for 0x91
02-23 20:21:08.904 13540 13540 E ArmVmp : Match on catch block at 0xc3 in for 0x95
02-23 20:21:08.951 13540 13540 E ArmVmp : Match on catch block at 0xc3 in for 0x95
02-23 20:21:08.956 13540 13540 E ArmVmp : Match on catch block at 0xc3 in for 0x99
02-23 20:21:09.447 13540 13540 E ArmVmp : Match on catch block at 0xc3 in for 0x99
02-23 20:21:09.453 13540 13540 E ArmVmp : Match on catch block at 0xc3 in for 0x91
02-23 20:21:09.944 13540 13540 E ArmVmp : Match on catch block at 0xc3 in for 0x99
02-23 20:21:09.949 13540 13540 E ArmVmp : Match on catch block at 0xc3 in for 0x91
02-23 20:21:10.421 13540 13540 E ArmVmp : Match on catch block at 0xc3 in for 0x91
02-23 20:21:10.425 13540 13540 E ArmVmp : Match on catch block at 0xc3 in for 0x95
02-23 20:21:10.438 13540 13540 E ArmVmp : Match on catch block at 0xc3 in for 0x95
02-23 20:21:10.443 13540 13540 E ArmVmp : Match on catch block at 0xc3 in for 0x99
02-23 20:21:10.454 13540 13540 E ArmVmp : Match on catch block at 0xc3 in for 0x99
02-23 20:21:10.459 13540 13540 E ArmVmp : Match on catch block at 0xc3 in for 0x91
02-23 20:21:10.470 13540 13540 E ArmVmp : Match on catch block at 0xc3 in for 0x91
02-23 20:21:10.475 13540 13540 E ArmVmp : Match on catch block at 0xc3 in for 0x95
02-23 20:21:10.487 13540 13540 E ArmVmp : Match on catch block at 0xc3 in for 0x95
02-23 20:21:10.493 13540 13540 E ArmVmp : Match on catch block at 0xc3 in for 0x99
02-23 20:21:10.537 13540 13540 E ArmVmp : Match on catch block at 0xc3 in for 0x91
02-23 20:21:10.542 13540 13540 E ArmVmp : Match on catch block at 0xc3 in for 0x95
02-23 20:21:10.558 13540 13540 E ArmVmp : Match on catch block at 0xc3 in for 0x91
02-23 20:21:10.564 13540 13540 E ArmVmp : Match on catch block at 0xc3 in for 0x95
02-23 20:21:10.571 13540 13540 E ArmVmp : Match on catch block at 0xc3 in for 0x95
02-23 20:21:10.577 13540 13540 E ArmVmp : Match on catch block at 0xc3 in for 0x99
02-23 20:21:10.586 13540 13540 E ArmVmp : Match on catch block at 0xc3 in for 0x99
02-23 20:21:10.591 13540 13540 E ArmVmp : Match on catch block at 0xc3 in for 0x91
02-23 20:21:10.602 13540 13540 E ArmVmp : Match on catch block at 0xc3 in for 0x91
02-23 20:21:10.607 13540 13540 E ArmVmp : Match on catch block at 0xc3 in for 0x95
02-23 20:21:10.619 13540 13540 E ArmVmp : Match on catch block at 0xc3 in for 0x95
02-23 20:21:10.623 13540 13540 E ArmVmp : Match on catch block at 0xc3 in for 0x99
02-23 20:21:10.637 13540 13540 E ArmVmp : Match on catch block at 0xc3 in for 0x99
02-23 20:21:10.642 13540 13540 E ArmVmp : Match on catch block at 0xc3 in for 0x91
02-23 20:21:10.662 13540 13540 E ArmVmp : Match on catch block at 0xc3 in for 0x91
02-23 20:21:10.667 13540 13540 E ArmVmp : Match on catch block at 0xc3 in for 0x95
02-23 20:21:10.685 13540 13540 E ArmVmp : Match on catch block at 0xc3 in for 0x95
02-23 20:21:10.690 13540 13540 E ArmVmp : Match on catch block at 0xc3 in for 0x99
02-23 20:21:10.702 13540 13540 E ArmVmp : Match on catch block at 0xc3 in for 0x99
02-23 20:21:10.706 13540 13540 E ArmVmp : Match on catch block at 0xc3 in for 0x91
02-23 20:21:10.718 13540 13540 E ArmVmp : Match on catch block at 0xc3 in for 0x91
02-23 20:21:10.723 13540 13540 E ArmVmp : Match on catch block at 0xc3 in for 0x95
02-23 20:21:10.735 13540 13540 E ArmVmp : Match on catch block at 0xc3 in for 0x95
02-23 20:21:10.740 13540 13540 E ArmVmp : Match on catch block at 0xc3 in for 0x99
02-23 20:21:10.982 13540 13540 E ArmVmp : Match on catch block at 0xc3 in for 0x99
02-23 20:21:10.987 13540 13540 E ArmVmp : Match on catch block at 0xc3 in for 0x91
02-23 20:21:11.114 13540 13540 E ArmVmp : Match on catch block at 0xc3 in for 0x91
02-23 20:21:11.119 13540 13540 E ArmVmp : Match on catch block at 0xc3 in for 0x95
02-23 20:21:11.336 13540 13540 E ArmVmp : Match on catch block at 0xc3 in for 0x99
02-23 20:21:11.341 13540 13540 E ArmVmp : Match on catch block at 0xc3 in for 0x91
02-23 20:21:11.378 13540 13540 E ArmVmp : Match on catch block at 0xc3 in for 0x95
02-23 20:21:11.382 13540 13540 E ArmVmp : Match on catch block at 0xc3 in for 0x99
02-23 20:21:11.395 13540 13540 E ArmVmp : Match on catch block at 0xc3 in for 0x99
02-23 20:21:11.402 13540 13540 E ArmVmp : Match on catch block at 0xc3 in for 0x91
02-23 20:21:11.412 13540 13540 E ArmVmp : Match on catch block at 0xc3 in for 0x91
02-23 20:21:11.417 13540 13540 E ArmVmp : Match on catch block at 0xc3 in for 0x95
02-23 20:21:11.428 13540 13540 E ArmVmp : Match on catch block at 0xc3 in for 0x95
02-23 20:21:11.433 13540 13540 E ArmVmp : Match on catch block at 0xc3 in for 0x99
02-23 20:21:11.445 13540 13540 E ArmVmp : Match on catch block at 0xc3 in for 0x99
02-23 20:21:11.449 13540 13540 E ArmVmp : Match on catch block at 0xc3 in for 0x91
02-23 20:21:11.462 13540 13540 E ArmVmp : Match on catch block at 0xc3 in for 0x91
02-23 20:21:11.466 13540 13540 E ArmVmp : Match on catch block at 0xc3 in for 0x95
02-23 20:21:11.478 13540 13540 E ArmVmp : Match on catch block at 0xc3 in for 0x95
02-23 20:21:11.482 13540 13540 E ArmVmp : Match on catch block at 0xc3 in for 0x99
02-23 20:21:11.499 13540 13540 E ArmVmp : Match on catch block at 0xc3 in for 0x99
02-23 20:21:11.503 13540 13540 E ArmVmp : Match on catch block at 0xc3 in for 0x91
02-23 20:21:11.512 13540 13540 E ArmVmp : Match on catch block at 0xc3 in for 0x91
02-23 20:21:11.517 13540 13540 E ArmVmp : Match on catch block at 0xc3 in for 0x95
02-23 20:21:11.528 13540 13540 E ArmVmp : Match on catch block at 0xc3 in for 0x95
02-23 20:21:11.532 13540 13540 E ArmVmp : Match on catch block at 0xc3 in for 0x99
02-23 20:21:11.544 13540 13540 E ArmVmp : Match on catch block at 0xc3 in for 0x99
02-23 20:21:11.549 13540 13540 E ArmVmp : Match on catch block at 0xc3 in for 0x91
02-23 20:21:11.561 13540 13540 E ArmVmp : Match on catch block at 0xc3 in for 0x91
02-23 20:21:11.565 13540 13540 E ArmVmp : Match on catch block at 0xc3 in for 0x95
02-23 20:21:11.577 13540 13540 E ArmVmp : Match on catch block at 0xc3 in for 0x95
02-23 20:21:11.582 13540 13540 E ArmVmp : Match on catch block at 0xc3 in for 0x99
02-23 20:21:11.594 13540 13540 E ArmVmp : Match on catch block at 0xc3 in for 0x99
02-23 20:21:11.598 13540 13540 E ArmVmp : Match on catch block at 0xc3 in for 0x91
02-23 20:21:11.611 13540 13540 E ArmVmp : Match on catch block at 0xc3 in for 0x91
02-23 20:21:11.616 13540 13540 E ArmVmp : Match on catch block at 0xc3 in for 0x95
02-23 20:21:11.627 13540 13540 E ArmVmp : Match on catch block at 0xc3 in for 0x95
02-23 20:21:11.631 13540 13540 E ArmVmp : Match on catch block at 0xc3 in for 0x99
02-23 20:21:11.643 13540 13540 E ArmVmp : Match on catch block at 0xc3 in for 0x99
02-23 20:21:11.648 13540 13540 E ArmVmp : Match on catch block at 0xc3 in for 0x91
02-23 20:21:11.660 13540 13540 E ArmVmp : Match on catch block at 0xc3 in for 0x91
02-23 20:21:11.664 13540 13540 E ArmVmp : Match on catch block at 0xc3 in for 0x95
02-23 20:21:11.677 13540 13540 E ArmVmp : Match on catch block at 0xc3 in for 0x95
02-23 20:21:11.681 13540 13540 E ArmVmp : Match on catch block at 0xc3 in for 0x99
02-23 20:21:11.693 13540 13540 E ArmVmp : Match on catch block at 0xc3 in for 0x99
02-23 20:21:11.698 13540 13540 E ArmVmp : Match on catch block at 0xc3 in for 0x91
02-23 20:21:11.709 13540 13540 E ArmVmp : Match on catch block at 0xc3 in for 0x91
02-23 20:21:11.713 13540 13540 E ArmVmp : Match on catch block at 0xc3 in for 0x95
02-23 20:21:11.726 13540 13540 E ArmVmp : Match on catch block at 0xc3 in for 0x95
02-23 20:21:11.730 13540 13540 E ArmVmp : Match on catch block at 0xc3 in for 0x99
02-23 20:21:11.742 13540 13540 E ArmVmp : Match on catch block at 0xc3 in for 0x99
02-23 20:21:11.747 13540 13540 E ArmVmp : Match on catch block at 0xc3 in for 0x91
02-23 20:21:11.759 13540 13540 E ArmVmp : Match on catch block at 0xc3 in for 0x91
02-23 20:21:11.763 13540 13540 E ArmVmp : Match on catch block at 0xc3 in for 0x95
02-23 20:21:11.874 13540 13540 E ArmVmp : Match on catch block at 0xc3 in for 0x95
02-23 20:21:11.879 13540 13540 E ArmVmp : Match on catch block at 0xc3 in for 0x99
02-23 20:21:12.006 13540 13540 E ArmVmp : Match on catch block at 0xc3 in for 0x99
02-23 20:21:12.011 13540 13540 E ArmVmp : Match on catch block at 0xc3 in for 0x91
02-23 20:21:12.172 13540 13540 E ArmVmp : Match on catch block at 0xc3 in for 0x91
02-23 20:21:12.178 13540 13540 E ArmVmp : Match on catch block at 0xc3 in for 0x95
02-23 20:21:12.403 13540 13540 E ArmVmp : Match on catch block at 0xc3 in for 0x95
02-23 20:21:12.409 13540 13540 E ArmVmp : Match on catch block at 0xc3 in for 0x99
02-23 20:21:12.618 13540 13540 E ArmVmp : Match on catch block at 0xc3 in for 0x95
02-23 20:21:12.623 13540 13540 E ArmVmp : Match on catch block at 0xc3 in for 0x99
02-23 20:21:13.131 13540 13540 E ArmVmp : Match on catch block at 0xc3 in for 0x99
02-23 20:21:13.138 13540 13540 E ArmVmp : Match on catch block at 0xc3 in for 0x91
02-23 20:21:13.626 13540 13540 E ArmVmp : Match on catch block at 0xc3 in for 0x91
02-23 20:21:13.633 13540 13540 E ArmVmp : Match on catch block at 0xc3 in for 0x95
02-23 20:21:14.122 13540 13540 E ArmVmp : Match on catch block at 0xc3 in for 0x95
02-23 20:21:14.130 13540 13540 E ArmVmp : Match on catch block at 0xc3 in for 0x99
02-23 20:21:14.634 13540 13540 E ArmVmp : Match on catch block at 0xc3 in for 0x99
02-23 20:21:14.641 13540 13540 E ArmVmp : Match on catch block at 0xc3 in for 0x91
02-23 20:21:15.129 13540 13540 E ArmVmp : Match on catch block at 0xc3 in for 0x91
02-23 20:21:15.136 13540 13540 E ArmVmp : Match on catch block at 0xc3 in for 0x95
02-23 20:21:15.641 13540 13540 E ArmVmp : Match on catch block at 0xc3 in for 0x95
02-23 20:21:15.649 13540 13540 E ArmVmp : Match on catch block at 0xc3 in for 0x99
02-23 20:21:16.137 13540 13540 E ArmVmp : Match on catch block at 0xc3 in for 0x99
02-23 20:21:16.143 13540 13540 E ArmVmp : Match on catch block at 0xc3 in for 0x91
02-23 20:21:16.550 13540 13540 E ArmVmp : Match on catch block at 0xc3 in for 0x91
02-23 20:21:16.556 13540 13540 E ArmVmp : Match on catch block at 0xc3 in for 0x95
02-23 20:21:16.597 13540 13540 E ArmVmp : Match on catch block at 0xc3 in for 0x99
02-23 20:21:16.605 13540 13540 E ArmVmp : Match on catch block at 0xc3 in for 0x91
02-23 20:21:16.654 13540 13540 E ArmVmp : Match on catch block at 0xc3 in for 0x99
02-23 20:21:16.661 13540 13540 E ArmVmp : Match on catch block at 0xc3 in for 0x91
02-23 20:21:16.670 13540 13540 E ArmVmp : Match on catch block at 0xc3 in for 0x91
02-23 20:21:16.677 13540 13540 E ArmVmp : Match on catch block at 0xc3 in for 0x95
02-23 20:21:16.698 13540 13540 E ArmVmp : Match on catch block at 0xc3 in for 0x95
02-23 20:21:16.703 13540 13540 E ArmVmp : Match on catch block at 0xc3 in for 0x99
02-23 20:21:16.776 13540 13540 E ArmVmp : Match on catch block at 0xc3 in for 0x91
02-23 20:21:16.782 13540 13540 E ArmVmp : Match on catch block at 0xc3 in for 0x95
02-23 20:21:16.818 13540 13540 E ArmVmp : Match on catch block at 0xc3 in for 0x95
02-23 20:21:16.824 13540 13540 E ArmVmp : Match on catch block at 0xc3 in for 0x99
02-23 20:21:16.856 13540 13540 E ArmVmp : Match on catch block at 0xc3 in for 0x99
02-23 20:21:16.860 13540 13540 E ArmVmp : Match on catch block at 0xc3 in for 0x91
02-23 20:21:16.879 13540 13540 E ArmVmp : Match on catch block at 0xc3 in for 0x91
02-23 20:21:16.884 13540 13540 E ArmVmp : Match on catch block at 0xc3 in for 0x95
02-23 20:21:16.986 13540 13540 E ArmVmp : Match on catch block at 0xc3 in for 0x91
02-23 20:21:16.991 13540 13540 E ArmVmp : Match on catch block at 0xc3 in for 0x95
02-23 20:21:17.003 13540 13540 E ArmVmp : Match on catch block at 0xc3 in for 0x95
02-23 20:21:17.009 13540 13540 E ArmVmp : Match on catch block at 0xc3 in for 0x99
02-23 20:21:17.053 13540 16994 W MediaPlayer: Use of stream types is deprecated for
operations other than volume control
02-23 20:21:17.053 13540 16994 W MediaPlayer: See the documentation of
setAudioStreamType() for what to use instead with android.media.AudioAttributes to
qualify your playback use case
02-23 20:21:17.094 13540 13540 E ArmVmp : Match on catch block at 0xc3 in for 0x95
02-23 20:21:17.099 13540 13540 E ArmVmp : Match on catch block at 0xc3 in for 0x99
02-23 20:21:17.321 13540 16994 W BpBinder: Slow Binder: BpBinder transact took 256
ms, interface=android.media.IMediaPlayer, code=3 oneway=false
02-23 20:21:17.589 13540 13540 E ArmVmp : Match on catch block at 0xc3 in for 0x91
02-23 20:21:17.595 13540 13540 E ArmVmp : Match on catch block at 0xc3 in for 0x95
02-23 20:21:17.711 13540 13540 E ArmVmp : Match on catch block at 0xc3 in for 0x99
02-23 20:21:17.717 13540 13540 E ArmVmp : Match on catch block at 0xc3 in for 0x91
02-23 20:21:17.755 13540 13540 E ArmVmp : Match on catch block at 0xc3 in for 0x99
02-23 20:21:17.761 13540 13540 E ArmVmp : Match on catch block at 0xc3 in for 0x91
02-23 20:21:17.771 13540 13540 E ArmVmp : Match on catch block at 0xc3 in for 0x91
02-23 20:21:17.779 13540 13540 E ArmVmp : Match on catch block at 0xc3 in for 0x95
02-23 20:21:17.788 13540 13540 E ArmVmp : Match on catch block at 0xc3 in for 0x95
02-23 20:21:17.797 13540 13540 E ArmVmp : Match on catch block at 0xc3 in for 0x99
02-23 20:21:17.805 13540 13540 E ArmVmp : Match on catch block at 0xc3 in for 0x99
02-23 20:21:17.812 13540 13540 E ArmVmp : Match on catch block at 0xc3 in for 0x91
02-23 20:21:17.821 13540 13540 E ArmVmp : Match on catch block at 0xc3 in for 0x91
02-23 20:21:17.827 13540 13540 E ArmVmp : Match on catch block at 0xc3 in for 0x95
02-23 20:21:17.854 13540 13540 E ArmVmp : Match on catch block at 0xc3 in for 0x95
02-23 20:21:17.860 13540 13540 E ArmVmp : Match on catch block at 0xc3 in for 0x99
02-23 20:21:17.884 13540 13540 E ArmVmp : Match on catch block at 0xc3 in for 0x99
02-23 20:21:17.898 13540 13540 E ArmVmp : Match on catch block at 0xc3 in for 0x91
02-23 20:21:17.919 13540 13540 E ArmVmp : Match on catch block at 0xc3 in for 0x91
02-23 20:21:17.926 13540 13540 E ArmVmp : Match on catch block at 0xc3 in for 0x95
02-23 20:21:17.935 13540 13540 E ArmVmp : Match on catch block at 0xc3 in for 0x95
02-23 20:21:17.941 13540 13540 E ArmVmp : Match on catch block at 0xc3 in for 0x99
02-23 20:21:18.101 13540 13540 E ArmVmp : Match on catch block at 0xc3 in for 0x99
02-23 20:21:18.107 13540 13540 E ArmVmp : Match on catch block at 0xc3 in for 0x91
02-23 20:21:18.339 13540 13540 E ArmVmp : Match on catch block at 0xc3 in for 0x95
02-23 20:21:18.344 13540 13540 E ArmVmp : Match on catch block at 0xc3 in for 0x99
02-23 20:21:18.370 13540 13540 E ArmVmp : Match on catch block at 0xc3 in for 0x91
02-23 20:21:18.375 13540 13540 E ArmVmp : Match on catch block at 0xc3 in for 0x95
02-23 20:21:18.384 13540 13540 E ArmVmp : Match on catch block at 0xc3 in for 0x95
02-23 20:21:18.389 13540 13540 E ArmVmp : Match on catch block at 0xc3 in for 0x99
02-23 20:21:18.399 13540 13540 E ArmVmp : Match on catch block at 0xc3 in for 0x99
02-23 20:21:18.406 13540 13540 E ArmVmp : Match on catch block at 0xc3 in for 0x91
02-23 20:21:18.428 13540 13540 E ArmVmp : Match on catch block at 0xc3 in for 0x99
02-23 20:21:18.433 13540 13540 E ArmVmp : Match on catch block at 0xc3 in for 0x91
02-23 20:21:18.452 13540 13540 E ArmVmp : Match on catch block at 0xc3 in for 0x99
02-23 20:21:18.457 13540 13540 E ArmVmp : Match on catch block at 0xc3 in for 0x91
02-23 20:21:18.474 13540 13540 E ArmVmp : Match on catch block at 0xc3 in for 0x99
02-23 20:21:18.480 13540 13540 E ArmVmp : Match on catch block at 0xc3 in for 0x91
02-23 20:21:18.493 13540 13540 E ArmVmp : Match on catch block at 0xc3 in for 0x99
02-23 20:21:18.498 13540 13540 E ArmVmp : Match on catch block at 0xc3 in for 0x91
02-23 20:21:18.513 13540 13540 E ArmVmp : Match on catch block at 0xc3 in for 0x91
02-23 20:21:18.519 13540 13540 E ArmVmp : Match on catch block at 0xc3 in for 0x95
02-23 20:21:18.530 13540 13540 E ArmVmp : Match on catch block at 0xc3 in for 0x95
02-23 20:21:18.536 13540 13540 E ArmVmp : Match on catch block at 0xc3 in for 0x99
02-23 20:21:18.547 13540 13540 E ArmVmp : Match on catch block at 0xc3 in for 0x99
02-23 20:21:18.552 13540 13540 E ArmVmp : Match on catch block at 0xc3 in for 0x91
02-23 20:21:18.564 13540 13540 E ArmVmp : Match on catch block at 0xc3 in for 0x91
02-23 20:21:18.570 13540 13540 E ArmVmp : Match on catch block at 0xc3 in for 0x95
02-23 20:21:18.581 13540 13540 E ArmVmp : Match on catch block at 0xc3 in for 0x95
02-23 20:21:18.588 13540 13540 E ArmVmp : Match on catch block at 0xc3 in for 0x99
02-23 20:21:18.598 13540 13540 E ArmVmp : Match on catch block at 0xc3 in for 0x99
02-23 20:21:18.604 13540 13540 E ArmVmp : Match on catch block at 0xc3 in for 0x91
02-23 20:21:18.614 13540 13540 E ArmVmp : Match on catch block at 0xc3 in for 0x91
02-23 20:21:18.619 13540 13540 E ArmVmp : Match on catch block at 0xc3 in for 0x95
02-23 20:21:18.630 13540 13540 E ArmVmp : Match on catch block at 0xc3 in for 0x95
02-23 20:21:18.635 13540 13540 E ArmVmp : Match on catch block at 0xc3 in for 0x99
02-23 20:21:18.646 13540 13540 E ArmVmp : Match on catch block at 0xc3 in for 0x99
02-23 20:21:18.651 13540 13540 E ArmVmp : Match on catch block at 0xc3 in for 0x91
02-23 20:21:18.664 13540 13540 E ArmVmp : Match on catch block at 0xc3 in for 0x91
02-23 20:21:18.671 13540 13540 E ArmVmp : Match on catch block at 0xc3 in for 0x95
02-23 20:21:18.679 13540 13540 E ArmVmp : Match on catch block at 0xc3 in for 0x95
02-23 20:21:18.685 13540 13540 E ArmVmp : Match on catch block at 0xc3 in for 0x99
02-23 20:21:18.695 13540 13540 E ArmVmp : Match on catch block at 0xc3 in for 0x99
02-23 20:21:18.700 13540 13540 E ArmVmp : Match on catch block at 0xc3 in for 0x91
02-23 20:21:18.712 13540 13540 E ArmVmp : Match on catch block at 0xc3 in for 0x91
02-23 20:21:18.717 13540 13540 E ArmVmp : Match on catch block at 0xc3 in for 0x95
02-23 20:21:18.729 13540 13540 E ArmVmp : Match on catch block at 0xc3 in for 0x95
02-23 20:21:18.733 13540 13540 E ArmVmp : Match on catch block at 0xc3 in for 0x99
02-23 20:21:18.745 13540 13540 E ArmVmp : Match on catch block at 0xc3 in for 0x99
02-23 20:21:18.750 13540 13540 E ArmVmp : Match on catch block at 0xc3 in for 0x91
02-23 20:21:18.860 13540 13540 E ArmVmp : Match on catch block at 0xc3 in for 0x91
02-23 20:21:18.865 13540 13540 E ArmVmp : Match on catch block at 0xc3 in for 0x95
02-23 20:21:18.911 13540 13540 E ArmVmp : Match on catch block at 0xc3 in for 0x95
02-23 20:21:18.917 13540 13540 E ArmVmp : Match on catch block at 0xc3 in for 0x99
02-23 20:21:19.307 13540 13540 E ArmVmp : Match on catch block at 0xc3 in for 0x99
02-23 20:21:19.313 13540 13540 E ArmVmp : Match on catch block at 0xc3 in for 0x91
02-23 20:21:19.505 13540 13540 E ArmVmp : Match on catch block at 0xc3 in for 0x91
02-23 20:21:19.512 13540 13540 E ArmVmp : Match on catch block at 0xc3 in for 0x95
02-23 20:21:20.002 13540 13540 E ArmVmp : Match on catch block at 0xc3 in for 0x95
02-23 20:21:20.008 13540 13540 E ArmVmp : Match on catch block at 0xc3 in for 0x99
02-23 20:21:20.035 13540 13540 E ArmVmp : Match on catch block at 0xc3 in for 0x99
02-23 20:21:20.041 13540 13540 E ArmVmp : Match on catch block at 0xc3 in for 0x91
02-23 20:21:20.051 13540 13540 E ArmVmp : Match on catch block at 0xc3 in for 0x91
02-23 20:21:20.058 13540 13540 E ArmVmp : Match on catch block at 0xc3 in for 0x95
02-23 20:21:20.067 13540 13540 E ArmVmp : Match on catch block at 0xc3 in for 0x95
02-23 20:21:20.076 13540 13540 E ArmVmp : Match on catch block at 0xc3 in for 0x99
02-23 20:21:20.085 13540 13540 E ArmVmp : Match on catch block at 0xc3 in for 0x99
02-23 20:21:20.093 13540 13540 E ArmVmp : Match on catch block at 0xc3 in for 0x91
02-23 20:21:20.101 13540 13540 E ArmVmp : Match on catch block at 0xc3 in for 0x91
02-23 20:21:20.108 13540 13540 E ArmVmp : Match on catch block at 0xc3 in for 0x95
02-23 20:21:20.117 13540 13540 E ArmVmp : Match on catch block at 0xc3 in for 0x95
02-23 20:21:20.124 13540 13540 E ArmVmp : Match on catch block at 0xc3 in for 0x99
02-23 20:21:20.134 13540 13540 E ArmVmp : Match on catch block at 0xc3 in for 0x99
02-23 20:21:20.142 13540 13540 E ArmVmp : Match on catch block at 0xc3 in for 0x91
02-23 20:21:20.152 13540 13540 E ArmVmp : Match on catch block at 0xc3 in for 0x91
02-23 20:21:20.160 13540 13540 E ArmVmp : Match on catch block at 0xc3 in for 0x95
02-23 20:21:20.169 13540 13540 E ArmVmp : Match on catch block at 0xc3 in for 0x95
02-23 20:21:20.178 13540 13540 E ArmVmp : Match on catch block at 0xc3 in for 0x99
02-23 20:21:20.186 13540 13540 E ArmVmp : Match on catch block at 0xc3 in for 0x99
02-23 20:21:20.194 13540 13540 E ArmVmp : Match on catch block at 0xc3 in for 0x91
02-23 20:21:20.203 13540 13540 E ArmVmp : Match on catch block at 0xc3 in for 0x91
02-23 20:21:20.211 13540 13540 E ArmVmp : Match on catch block at 0xc3 in for 0x95
02-23 20:21:20.219 13540 13540 E ArmVmp : Match on catch block at 0xc3 in for 0x95
02-23 20:21:20.226 13540 13540 E ArmVmp : Match on catch block at 0xc3 in for 0x99
02-23 20:21:20.235 13540 13540 E ArmVmp : Match on catch block at 0xc3 in for 0x99
02-23 20:21:20.242 13540 13540 E ArmVmp : Match on catch block at 0xc3 in for 0x91
02-23 20:21:20.249 13540 13540 E ArmVmp : Match on catch block at 0xc3 in for 0x91
02-23 20:21:20.255 13540 13540 E ArmVmp : Match on catch block at 0xc3 in for 0x95
02-23 20:21:20.265 13540 13540 E ArmVmp : Match on catch block at 0xc3 in for 0x95
02-23 20:21:20.272 13540 13540 E ArmVmp : Match on catch block at 0xc3 in for 0x99
02-23 20:21:20.283 13540 13540 E ArmVmp : Match on catch block at 0xc3 in for 0x99
02-23 20:21:20.290 13540 13540 E ArmVmp : Match on catch block at 0xc3 in for 0x91
02-23 20:21:20.299 13540 13540 E ArmVmp : Match on catch block at 0xc3 in for 0x91
02-23 20:21:20.306 13540 13540 E ArmVmp : Match on catch block at 0xc3 in for 0x95
02-23 20:21:20.512 13540 13540 E ArmVmp : Match on catch block at 0xc3 in for 0x95
02-23 20:21:20.517 13540 13540 E ArmVmp : Match on catch block at 0xc3 in for 0x99
02-23 20:21:20.579 13540 13540 E ArmVmp : Match on catch block at 0xc3 in for 0x99
02-23 20:21:20.586 13540 13540 E ArmVmp : Match on catch block at 0xc3 in for 0x91
02-23 20:21:21.092 13540 13540 E ArmVmp : Match on catch block at 0xc3 in for 0x91
02-23 20:21:21.098 13540 13540 E ArmVmp : Match on catch block at 0xc3 in for 0x95
02-23 20:21:21.587 13540 13540 E ArmVmp : Match on catch block at 0xc3 in for 0x95
02-23 20:21:21.596 13540 13540 E ArmVmp : Match on catch block at 0xc3 in for 0x99
02-23 20:21:22.100 13540 13540 E ArmVmp : Match on catch block at 0xc3 in for 0x99
02-23 20:21:22.107 13540 13540 E ArmVmp : Match on catch block at 0xc3 in for 0x91
02-23 20:21:22.596 13540 13540 E ArmVmp : Match on catch block at 0xc3 in for 0x91
02-23 20:21:22.605 13540 13540 E ArmVmp : Match on catch block at 0xc3 in for 0x95
02-23 20:21:22.744 13540 13540 E ArmVmp : Match on catch block at 0xc3 in for 0x95
02-23 20:21:22.750 13540 13540 E ArmVmp : Match on catch block at 0xc3 in for 0x99
02-23 20:21:22.783 13540 13540 E ArmVmp : Match on catch block at 0xc3 in for 0x91
02-23 20:21:22.789 13540 13540 E ArmVmp : Match on catch block at 0xc3 in for 0x95
02-23 20:21:22.822 13540 13540 E ArmVmp : Match on catch block at 0xc3 in for 0x95
02-23 20:21:22.828 13540 13540 E ArmVmp : Match on catch block at 0xc3 in for 0x99
02-23 20:21:22.837 13540 13540 E ArmVmp : Match on catch block at 0xc3 in for 0x99
02-23 20:21:22.842 13540 13540 E ArmVmp : Match on catch block at 0xc3 in for 0x91
02-23 20:21:22.912 13540 13540 E ArmVmp : Match on catch block at 0xc3 in for 0x99
02-23 20:21:22.918 13540 13540 E ArmVmp : Match on catch block at 0xc3 in for 0x91
02-23 20:21:22.959 13540 13540 E ArmVmp : Match on catch block at 0xc3 in for 0x91
02-23 20:21:22.965 13540 13540 E ArmVmp : Match on catch block at 0xc3 in for 0x95
02-23 20:21:22.981 13540 13540 E ArmVmp : Match on catch block at 0xc3 in for 0x91
02-23 20:21:22.987 13540 13540 E ArmVmp : Match on catch block at 0xc3 in for 0x95
02-23 20:21:22.994 13540 13540 E ArmVmp : Match on catch block at 0xc3 in for 0x95
02-23 20:21:23.001 13540 13540 E ArmVmp : Match on catch block at 0xc3 in for 0x99
02-23 20:21:23.065 13540 13540 E ArmVmp : Match on catch block at 0xc3 in for 0x99
02-23 20:21:23.071 13540 13540 E ArmVmp : Match on catch block at 0xc3 in for 0x91
02-23 20:21:23.080 13540 16994 W MediaPlayer: Use of stream types is deprecated for
operations other than volume control
02-23 20:21:23.080 13540 16994 W MediaPlayer: See the documentation of
setAudioStreamType() for what to use instead with android.media.AudioAttributes to
qualify your playback use case
02-23 20:21:23.081 13540 13540 E ArmVmp : Match on catch block at 0xc3 in for 0x91
02-23 20:21:23.088 13540 13540 E ArmVmp : Match on catch block at 0xc3 in for 0x95
02-23 20:21:23.270 13540 13540 E ArmVmp : Match on catch block at 0xc3 in for 0x91
02-23 20:21:23.275 13540 13540 E ArmVmp : Match on catch block at 0xc3 in for 0x95
02-23 20:21:23.346 13540 13540 E ArmVmp : Match on catch block at 0xc3 in for 0x95
02-23 20:21:23.351 13540 13540 E ArmVmp : Match on catch block at 0xc3 in for 0x99
02-23 20:21:23.371 13540 13540 E ArmVmp : Match on catch block at 0xc3 in for 0x99
02-23 20:21:23.376 13540 13540 E ArmVmp : Match on catch block at 0xc3 in for 0x91
02-23 20:21:23.392 13540 13540 E ArmVmp : Match on catch block at 0xc3 in for 0x99
02-23 20:21:23.398 13540 13540 E ArmVmp : Match on catch block at 0xc3 in for 0x91
02-23 20:21:23.784 13540 13540 E ArmVmp : Match on catch block at 0xc3 in for 0x99
02-23 20:21:23.790 13540 13540 E ArmVmp : Match on catch block at 0xc3 in for 0x91
02-23 20:21:24.130 13540 13540 E ArmVmp : Match on catch block at 0xc3 in for 0x99
02-23 20:21:24.137 13540 13540 E ArmVmp : Match on catch block at 0xc3 in for 0x91
02-23 20:21:24.153 13540 13540 E ArmVmp : Match on catch block at 0xc3 in for 0x99
02-23 20:21:24.160 13540 13540 E ArmVmp : Match on catch block at 0xc3 in for 0x91
02-23 20:21:24.221 13540 13540 E ArmVmp : Match on catch block at 0xc3 in for 0x95
02-23 20:21:24.226 13540 13540 E ArmVmp : Match on catch block at 0xc3 in for 0x99
02-23 20:21:24.234 13540 13540 E ArmVmp : Match on catch block at 0xc3 in for 0x99
02-23 20:21:24.240 13540 13540 E ArmVmp : Match on catch block at 0xc3 in for 0x91
02-23 20:21:24.268 13540 13540 E ArmVmp : Match on catch block at 0xc3 in for 0x95
02-23 20:21:24.273 13540 13540 E ArmVmp : Match on catch block at 0xc3 in for 0x99
02-23 20:21:24.359 13540 13540 E ArmVmp : Match on catch block at 0xc3 in for 0x95
02-23 20:21:24.365 13540 13540 E ArmVmp : Match on catch block at 0xc3 in for 0x99
02-23 20:21:24.653 13540 13540 E ArmVmp : Match on catch block at 0xc3 in for 0x99
02-23 20:21:24.659 13540 13540 E ArmVmp : Match on catch block at 0xc3 in for 0x91
02-23 20:21:25.183 13540 13540 E ArmVmp : Match on catch block at 0xc3 in for 0x95
02-23 20:21:25.189 13540 13540 E ArmVmp : Match on catch block at 0xc3 in for 0x99
02-23 20:22:13.007 13540 13863 W RenderInspector: DequeueBuffer time out on Toast,
count=15, avg=31 ms, max=54 ms.
02-23 20:22:16.955 13540 13863 W RenderInspector: DequeueBuffer time out on Toast,
count=18, avg=24 ms, max=37 ms.
02-23 20:22:50.353 13540 13863 W RenderInspector: DequeueBuffer time out on Toast,
count=12, avg=34 ms, max=37 ms.
02-23 20:22:52.291 13540 13540 W ActivityThread: handleWindowVisibility: no
activity for token android.os.BinderProxy@eccd64d
02-23 20:22:52.913 13540 13540 W ActivityThread: handleWindowVisibility: no
activity for token android.os.BinderProxy@47cebeb
02-23 20:22:55.350 13540 13540 W ActivityThread: handleWindowVisibility: no
activity for token android.os.BinderProxy@e8ca467
02-23 20:22:55.824 13540 13540 E ArmVmp : Match on catch block at 0x0a in for 0xb1
02-23 20:22:55.831 13540 13540 E ArmVmp : Match on catch block at 0x0a in for 0xb9
02-23 20:22:55.895 13540 13540 W Looper : Slow Looper main: Activity
com.whatsapp/.Conversation is 551ms late (wall=1ms running=0ms
ClientTransaction{ callbacks=[android.app.servertransaction.TopResumedActivityChang
eItem] }) because of 4 msg, msg 4 took 545ms (seq=8417 running=335ms runnable=1ms
io=170ms late=6ms h=android.app.ActivityThread$H w=159)
02-23 20:22:56.077 13540 14869 E ArmVmp : Match on catch block at 0x48 in for 0x89
02-23 20:22:56.077 13540 14869 W System.err: javax.net.ssl.SSLHandshakeException:
SSL handshake aborted: ssl=0xb59b0fd8: I/O error during system call, Connection
reset by peer
02-23 20:22:56.077 13540 14869 W System.err:
02-23 20:22:56.083 13540 14869 W System.err: at
com.android.org.conscrypt.NativeCrypto.SSL_do_handshake(Native Method)
02-23 20:22:56.083 13540 14869 W System.err:
02-23 20:22:56.083 13540 14869 W System.err: at
com.android.org.conscrypt.NativeSsl.doHandshake(NativeSsl.java:387)
02-23 20:22:56.083 13540 14869 W System.err:
02-23 20:22:56.083 13540 14869 W System.err: at
com.android.org.conscrypt.ConscryptFileDescriptorSocket.startHandshake(ConscryptFil
eDescriptorSocket.java:226)
02-23 20:22:56.083 13540 14869 W System.err:
02-23 20:22:56.083 13540 14869 W System.err: at
com.android.okhttp.internal.io.RealConnection.connectTls(RealConnection.java:196)
02-23 20:22:56.083 13540 14869 W System.err:
02-23 20:22:56.083 13540 14869 W System.err: at
com.android.okhttp.internal.io.RealConnection.connectSocket(RealConnection.java:153
)
02-23 20:22:56.083 13540 14869 W System.err:
02-23 20:22:56.083 13540 14869 W System.err: at
com.android.okhttp.internal.io.RealConnection.connect(RealConnection.java:116)
02-23 20:22:56.083 13540 14869 W System.err:
02-23 20:22:56.084 13540 14869 W System.err: at
com.android.okhttp.internal.http.StreamAllocation.findConnection(StreamAllocation.j
ava:186)
02-23 20:22:56.084 13540 14869 W System.err:
02-23 20:22:56.084 13540 14869 W System.err: at
com.android.okhttp.internal.http.StreamAllocation.findHealthyConnection(StreamAlloc
ation.java:128)
02-23 20:22:56.084 13540 14869 W System.err:
02-23 20:22:56.084 13540 14869 W System.err: at
com.android.okhttp.internal.http.StreamAllocation.newStream(StreamAllocation.java:9
7)
02-23 20:22:56.084 13540 14869 W System.err:
02-23 20:22:56.084 13540 14869 W System.err: at
com.android.okhttp.internal.http.HttpEngine.connect(HttpEngine.java:302)
02-23 20:22:56.084 13540 14869 W System.err:
02-23 20:22:56.084 13540 14869 W System.err: at
com.android.okhttp.internal.http.HttpEngine.sendRequest(HttpEngine.java:245)
02-23 20:22:56.084 13540 14869 W System.err:
02-23 20:22:56.084 13540 14869 W System.err: at
com.android.okhttp.internal.huc.HttpURLConnectionImpl.execute(HttpURLConnectionImpl
.java:465)
02-23 20:22:56.085 13540 14869 W System.err:
02-23 20:22:56.085 13540 14869 W System.err: at
com.android.okhttp.internal.huc.HttpURLConnectionImpl.connect(HttpURLConnectionImpl
.java:131)
02-23 20:22:56.085 13540 14869 W System.err:
02-23 20:22:56.085 13540 14869 W System.err: at
com.android.okhttp.internal.huc.DelegatingHttpsURLConnection.connect(DelegatingHttp
sURLConnection.java:90)
02-23 20:22:56.085 13540 14869 W System.err:
02-23 20:22:56.085 13540 14869 W System.err: at
com.android.okhttp.internal.huc.HttpsURLConnectionImpl.connect(HttpsURLConnectionIm
pl.java:30)
02-23 20:22:56.085 13540 14869 W System.err:
02-23 20:22:56.085 13540 14869 W System.err: at
mbmodsd.mbmodsw.home.MBTranslator.translate(Native Method)
02-23 20:22:56.085 13540 14869 W System.err:
02-23 20:22:56.085 13540 14869 W System.err: at
mbmodsd.mbmodsw.home.MBTranslator$Async.doInBackground(Native Method)
02-23 20:22:56.085 13540 14869 W System.err:
02-23 20:22:56.086 13540 14869 W System.err: at
mbmodsd.mbmodsw.home.MBTranslator$Async.doInBackground(Native Method)
02-23 20:22:56.086 13540 14869 W System.err:
02-23 20:22:56.086 13540 14869 W System.err: at
android.os.AsyncTask$3.call(AsyncTask.java:378)
02-23 20:22:56.086 13540 14869 W System.err:
02-23 20:22:56.086 13540 14869 W System.err: at
java.util.concurrent.FutureTask.run(FutureTask.java:266)
02-23 20:22:56.086 13540 14869 W System.err:
02-23 20:22:56.086 13540 14869 W System.err: at
android.os.AsyncTask$SerialExecutor$1.run(AsyncTask.java:289)
02-23 20:22:56.086 13540 14869 W System.err:
02-23 20:22:56.086 13540 14869 W System.err: at
java.util.concurrent.ThreadPoolExecutor.runWorker(ThreadPoolExecutor.java:1167)
02-23 20:22:56.086 13540 14869 W System.err:
02-23 20:22:56.086 13540 14869 W System.err: at
java.util.concurrent.ThreadPoolExecutor$Worker.run(ThreadPoolExecutor.java:641)
02-23 20:22:56.086 13540 14869 W System.err:
02-23 20:22:56.086 13540 14869 W System.err: at
java.lang.Thread.run(Thread.java:919)
02-23 20:22:56.086 13540 14869 W System.err:
02-23 20:22:56.276 13540 14869 E ArmVmp : Match on catch block at 0x48 in for 0x95
02-23 20:22:56.276 13540 14869 W System.err: javax.net.ssl.SSLHandshakeException:
SSL handshake aborted: ssl=0xb6859e48: I/O error during system call, Connection
reset by peer
02-23 20:22:56.277 13540 14869 W System.err:
02-23 20:22:56.277 13540 14869 W System.err: at
com.android.org.conscrypt.NativeCrypto.SSL_do_handshake(Native Method)
02-23 20:22:56.277 13540 14869 W System.err:
02-23 20:22:56.278 13540 14869 W System.err: at
com.android.org.conscrypt.NativeSsl.doHandshake(NativeSsl.java:387)
02-23 20:22:56.278 13540 14869 W System.err:
02-23 20:22:56.278 13540 14869 W System.err: at
com.android.org.conscrypt.ConscryptFileDescriptorSocket.startHandshake(ConscryptFil
eDescriptorSocket.java:226)
02-23 20:22:56.278 13540 14869 W System.err:
02-23 20:22:56.278 13540 14869 W System.err: at
com.android.okhttp.internal.io.RealConnection.connectTls(RealConnection.java:196)
02-23 20:22:56.278 13540 14869 W System.err:
02-23 20:22:56.278 13540 14869 W System.err: at
com.android.okhttp.internal.io.RealConnection.connectSocket(RealConnection.java:153
)
02-23 20:22:56.278 13540 14869 W System.err:
02-23 20:22:56.279 13540 14869 W System.err: at
com.android.okhttp.internal.io.RealConnection.connect(RealConnection.java:116)
02-23 20:22:56.279 13540 14869 W System.err:
02-23 20:22:56.279 13540 14869 W System.err: at
com.android.okhttp.internal.http.StreamAllocation.findConnection(StreamAllocation.j
ava:186)
02-23 20:22:56.279 13540 14869 W System.err:
02-23 20:22:56.279 13540 14869 W System.err: at
com.android.okhttp.internal.http.StreamAllocation.findHealthyConnection(StreamAlloc
ation.java:128)
02-23 20:22:56.279 13540 14869 W System.err:
02-23 20:22:56.279 13540 14869 W System.err: at
com.android.okhttp.internal.http.StreamAllocation.newStream(StreamAllocation.java:9
7)
02-23 20:22:56.279 13540 14869 W System.err:
02-23 20:22:56.279 13540 14869 W System.err: at
com.android.okhttp.internal.http.HttpEngine.connect(HttpEngine.java:302)
02-23 20:22:56.279 13540 14869 W System.err:
02-23 20:22:56.279 13540 14869 W System.err: at
com.android.okhttp.internal.http.HttpEngine.sendRequest(HttpEngine.java:245)
02-23 20:22:56.279 13540 14869 W System.err:
02-23 20:22:56.279 13540 14869 W System.err: at
com.android.okhttp.internal.huc.HttpURLConnectionImpl.execute(HttpURLConnectionImpl
.java:465)
02-23 20:22:56.280 13540 14869 W System.err:
02-23 20:22:56.280 13540 14869 W System.err: at
com.android.okhttp.internal.huc.HttpURLConnectionImpl.connect(HttpURLConnectionImpl
.java:131)
02-23 20:22:56.280 13540 14869 W System.err:
02-23 20:22:56.280 13540 14869 W System.err: at
com.android.okhttp.internal.huc.DelegatingHttpsURLConnection.connect(DelegatingHttp
sURLConnection.java:90)
02-23 20:22:56.280 13540 14869 W System.err:
02-23 20:22:56.280 13540 14869 W System.err: at
com.android.okhttp.internal.huc.HttpsURLConnectionImpl.connect(HttpsURLConnectionIm
pl.java:30)
02-23 20:22:56.280 13540 14869 W System.err:
02-23 20:22:56.281 13540 14869 W System.err: at
mbmodsd.mbmodsw.home.MBTranslator.translate(Native Method)
02-23 20:22:56.281 13540 14869 W System.err:
02-23 20:22:56.281 13540 14869 W System.err: at
mbmodsd.mbmodsw.home.MBTranslator$Async.doInBackground(Native Method)
02-23 20:22:56.281 13540 14869 W System.err:
02-23 20:22:56.281 13540 14869 W System.err: at
mbmodsd.mbmodsw.home.MBTranslator$Async.doInBackground(Native Method)
02-23 20:22:56.281 13540 14869 W System.err:
02-23 20:22:56.281 13540 14869 W System.err: at
android.os.AsyncTask$3.call(AsyncTask.java:378)
02-23 20:22:56.281 13540 14869 W System.err:
02-23 20:22:56.282 13540 14869 W System.err: at
java.util.concurrent.FutureTask.run(FutureTask.java:266)
02-23 20:22:56.282 13540 14869 W System.err:
02-23 20:22:56.282 13540 14869 W System.err: at
android.os.AsyncTask$SerialExecutor$1.run(AsyncTask.java:289)
02-23 20:22:56.282 13540 14869 W System.err:
02-23 20:22:56.282 13540 14869 W System.err: at
java.util.concurrent.ThreadPoolExecutor.runWorker(ThreadPoolExecutor.java:1167)
02-23 20:22:56.282 13540 14869 W System.err:
02-23 20:22:56.282 13540 14869 W System.err: at
java.util.concurrent.ThreadPoolExecutor$Worker.run(ThreadPoolExecutor.java:641)
02-23 20:22:56.283 13540 14869 W System.err:
02-23 20:22:56.283 13540 14869 W System.err: at
java.lang.Thread.run(Thread.java:919)
02-23 20:22:56.283 13540 14869 W System.err:
02-23 20:22:56.335 13540 13540 E ArmVmp : Match on catch block at 0xc3 in for 0xa1
02-23 20:22:56.341 13540 13540 E ArmVmp : Match on catch block at 0xc3 in for 0xa1
02-23 20:22:56.346 13540 13540 E ArmVmp : Match on catch block at 0xc3 in for 0xa1
02-23 20:22:56.417 13540 13540 W Looper : Slow Looper main: doFrame is 543ms late
because of 4 msg, msg 1 took 545ms (seq=8417 running=335ms runnable=1ms io=170ms
late=6ms h=android.app.ActivityThread$H w=159)
02-23 20:22:56.463 13540 13540 E ArmVmp : Match on catch block at 0xc3 in for 0x91
02-23 20:22:56.470 13540 13540 E ArmVmp : Match on catch block at 0xc3 in for 0x95
02-23 20:22:56.475 13540 13540 E ArmVmp : Match on catch block at 0xc3 in for 0x95
02-23 20:22:56.509 13540 13540 W Looper : Slow Looper main: doFrame is 530ms late
because of 50 msg, msg 1 took 513ms (seq=8421 running=333ms runnable=2ms io=82ms
late=543ms h=android.view.Choreographer$FrameHandler
c=android.view.Choreographer$FrameDisplayEventReceiver)
02-23 20:22:56.571 13540 13540 E ArmVmp : Match on catch block at 0xc3 in for 0x91
02-23 20:22:56.578 13540 13540 E ArmVmp : Match on catch block at 0xc3 in for 0x95
02-23 20:22:56.581 13540 13540 E ArmVmp : Match on catch block at 0xc3 in for 0x95
02-23 20:22:56.620 13540 13540 E ArmVmp : Match on catch block at 0xc3 in for 0x91
02-23 20:22:56.627 13540 13540 E ArmVmp : Match on catch block at 0xc3 in for 0x95
02-23 20:22:56.631 13540 13540 E ArmVmp : Match on catch block at 0xc3 in for 0x95
02-23 20:22:56.722 13540 13540 E ArmVmp : Match on catch block at 0xc3 in for 0x91
02-23 20:22:56.729 13540 13540 E ArmVmp : Match on catch block at 0xc3 in for 0x95
02-23 20:22:56.732 13540 13540 E ArmVmp : Match on catch block at 0xc3 in for 0x95
02-23 20:22:56.751 13540 13540 E ArmVmp : Match on catch block at 0xc3 in for 0x99
02-23 20:22:56.757 13540 13540 E ArmVmp : Match on catch block at 0xc3 in for 0x91
02-23 20:22:56.761 13540 13540 E ArmVmp : Match on catch block at 0xc3 in for 0x91
02-23 20:22:56.768 13540 13540 E ArmVmp : Match on catch block at 0xc3 in for 0x95
02-23 20:22:56.774 13540 13540 E ArmVmp : Match on catch block at 0xc3 in for 0x99
02-23 20:22:56.778 13540 13540 E ArmVmp : Match on catch block at 0xc3 in for 0x99
02-23 20:22:56.786 13540 13540 E ArmVmp : Match on catch block at 0xc3 in for 0x91
02-23 20:22:56.793 13540 13540 E ArmVmp : Match on catch block at 0xc3 in for 0x95
02-23 20:22:56.796 13540 13540 E ArmVmp : Match on catch block at 0xc3 in for 0x95
02-23 20:22:56.803 13540 13540 E ArmVmp : Match on catch block at 0xc3 in for 0x99
02-23 20:22:56.809 13540 13540 E ArmVmp : Match on catch block at 0xc3 in for 0x91
02-23 20:22:56.812 13540 13540 E ArmVmp : Match on catch block at 0xc3 in for 0x91
02-23 20:22:56.819 13540 13540 E ArmVmp : Match on catch block at 0xc3 in for 0x95
02-23 20:22:56.825 13540 13540 E ArmVmp : Match on catch block at 0xc3 in for 0x99
02-23 20:22:56.828 13540 13540 E ArmVmp : Match on catch block at 0xc3 in for 0x99
02-23 20:22:56.834 13540 13540 E ArmVmp : Match on catch block at 0xc3 in for 0x91
02-23 20:22:56.839 13540 13540 E ArmVmp : Match on catch block at 0xc3 in for 0x95
02-23 20:22:56.843 13540 13540 E ArmVmp : Match on catch block at 0xc3 in for 0x95
02-23 20:22:56.851 13540 13540 E ArmVmp : Match on catch block at 0xc3 in for 0x91
02-23 20:22:56.856 13540 13540 E ArmVmp : Match on catch block at 0xc3 in for 0x95
02-23 20:22:56.859 13540 13540 E ArmVmp : Match on catch block at 0xc3 in for 0x95
02-23 20:22:56.870 13540 13540 E ArmVmp : Match on catch block at 0xc3 in for 0x99
02-23 20:22:56.877 13540 13540 E ArmVmp : Match on catch block at 0xc3 in for 0x91
02-23 20:22:56.880 13540 13540 E ArmVmp : Match on catch block at 0xc3 in for 0x91
02-23 20:22:56.902 13540 13540 E ArmVmp : Match on catch block at 0xc3 in for 0x95
02-23 20:22:56.909 13540 13540 E ArmVmp : Match on catch block at 0xc3 in for 0x99
02-23 20:22:56.914 13540 13540 E ArmVmp : Match on catch block at 0xc3 in for 0x99
02-23 20:22:56.939 13540 13540 E ArmVmp : Match on catch block at 0xc3 in for 0x91
02-23 20:22:56.945 13540 13540 E ArmVmp : Match on catch block at 0xc3 in for 0x95
02-23 20:22:56.949 13540 13540 E ArmVmp : Match on catch block at 0xc3 in for 0x95
02-23 20:22:56.967 13540 13540 E ArmVmp : Match on catch block at 0xc3 in for 0x99
02-23 20:22:56.973 13540 13540 E ArmVmp : Match on catch block at 0xc3 in for 0x91
02-23 20:22:56.977 13540 13540 E ArmVmp : Match on catch block at 0xc3 in for 0x91
02-23 20:22:56.984 13540 13540 E ArmVmp : Match on catch block at 0xc3 in for 0x95
02-23 20:22:56.989 13540 13540 E ArmVmp : Match on catch block at 0xc3 in for 0x99
02-23 20:22:56.992 13540 13540 E ArmVmp : Match on catch block at 0xc3 in for 0x99
02-23 20:22:57.013 13540 13540 E ArmVmp : Match on catch block at 0xc3 in for 0x91
02-23 20:22:57.018 13540 13540 E ArmVmp : Match on catch block at 0xc3 in for 0x95
02-23 20:22:57.021 13540 13540 E ArmVmp : Match on catch block at 0xc3 in for 0x95
02-23 20:22:57.032 13540 13540 E ArmVmp : Match on catch block at 0xc3 in for 0x99
02-23 20:22:57.037 13540 13540 E ArmVmp : Match on catch block at 0xc3 in for 0x91
02-23 20:22:57.040 13540 13540 E ArmVmp : Match on catch block at 0xc3 in for 0x91
02-23 20:22:57.049 13540 13540 E ArmVmp : Match on catch block at 0xc3 in for 0x95
02-23 20:22:57.053 13540 13540 E ArmVmp : Match on catch block at 0xc3 in for 0x99
02-23 20:22:57.056 13540 13540 E ArmVmp : Match on catch block at 0xc3 in for 0x99
02-23 20:22:57.478 13540 13540 E ArmVmp : Match on catch block at 0xc3 in for 0x91
02-23 20:22:57.482 13540 13540 E ArmVmp : Match on catch block at 0xc3 in for 0x95
02-23 20:22:57.485 13540 13540 E ArmVmp : Match on catch block at 0xc3 in for 0x95
02-23 20:22:57.500 13540 13540 E libc : Access denied finding property
"vendor.debug.bq.dump"
02-23 20:22:57.501 13540 13540 E libc : Access denied finding property
"vendor.debug.bq.dump"
02-23 20:22:57.502 13540 13863 E BufferQueueProducer: [unnamed-13540-2]
(this:0xb9121000,id:2,api:1,p:13540,c:13540) setMaxDequeuedBufferCount: 2 dequeued
buffers would exceed the maxBufferCount (2) (maxAcquired 1 async 0
mDequeuedBufferCannotBlock 0)
02-23 20:22:57.502 13540 13863 E Surface :
IGraphicBufferProducer::setBufferCount(3) returned Invalid argument
02-23 20:22:57.514 13540 13540 W ActivityThread: handleWindowVisibility: no
activity for token android.os.BinderProxy@2f61a4
02-23 20:22:57.653 13540 13540 E ArmVmp : Match on catch block at 0xc3 in for 0x95
02-23 20:22:57.659 13540 13540 E ArmVmp : Match on catch block at 0xc3 in for 0x99
02-23 20:22:57.662 13540 13540 E ArmVmp : Match on catch block at 0xc3 in for 0x99
02-23 20:22:57.904 13540 13540 E libc : Access denied finding property
"vendor.debug.bq.dump"
02-23 20:22:57.905 13540 13540 E libc : Access denied finding property
"vendor.debug.bq.dump"
02-23 20:22:57.905 13540 13540 E libc : Access denied finding property
"vendor.debug.bq.dump"
