03-21 10:38:20.759 32481 32481 W System.err: at
android.app.AppComponentFactory.instantiateApplication(AppComponentFactory.java:76)
03-21 10:38:20.759 32481 32481 W System.err: at
androidx.core.app.CoreComponentFactory.instantiateApplication(Unknown Source:0)
03-21 10:38:20.759 32481 32481 W System.err: at
android.app.Instrumentation.newApplication(Instrumentation.java:1158)
03-21 10:38:20.759 32481 32481 W System.err: at
android.app.LoadedApk.makeApplication(LoadedApk.java:1268)
03-21 10:38:20.759 32481 32481 W System.err: at
android.app.ActivityThread.handleBindApplication(ActivityThread.java:6915)
03-21 10:38:20.760 32481 32481 W System.err: at
android.app.ActivityThread.access$1300(ActivityThread.java:260)
03-21 10:38:20.760 32481 32481 W System.err: at
android.app.ActivityThread$H.handleMessage(ActivityThread.java:1972)
03-21 10:38:20.760 32481 32481 W System.err: at
android.os.Handler.dispatchMessage(Handler.java:106)
03-21 10:38:20.760 32481 32481 W System.err: at
android.os.Looper.loop(Looper.java:223)
03-21 10:38:20.760 32481 32481 W System.err: at
android.app.ActivityThread.main(ActivityThread.java:7999)
03-21 10:38:20.760 32481 32481 W System.err: at
java.lang.reflect.Method.invoke(Native Method)
03-21 10:38:20.760 32481 32481 W System.err: at
com.android.internal.os.RuntimeInit$MethodAndArgsCaller.run(RuntimeInit.java:635)
03-21 10:38:20.760 32481 32481 W System.err: at
com.android.internal.os.ZygoteInit.main(ZygoteInit.java:947)
03-21 10:38:20.768 32481 32481 E CustomActivityOnCrash: IMPORTANT WARNING! You
already have an UncaughtExceptionHandler, are you sure this is correct? If you use
a custom UncaughtExceptionHandler, you must initialize it AFTER
CustomActivityOnCrash! Installing anyway, but your original handler will not be
called.
03-21 10:38:20.815 32481 2909 W LibraryVersion: Failed to get app version for
libraryName: firebase-iid
--------- beginning of system
03-21 10:38:20.980 32481 32481 W com.whatsapp: Accessing hidden method
Lcom/android/org/conscrypt/OpenSSLSocketImpl;->setUseSessionTickets(Z)V (greylist-
max-q,test-api, reflection, denied)
03-21 10:38:20.981 32481 32481 W com.whatsapp: Accessing hidden method
Lcom/android/org/conscrypt/AbstractConscryptSocket;->setUseSessionTickets(Z)V
(greylist-max-q, reflection, denied)
03-21 10:38:21.017 32481 32481 W com.whatsapp: type=1400 audit(0.0:15530): avc:
granted { execute } for
path="/data/data/com.whatsapp/files/decompressed/libs.spk.zst/libc++_shared.so"
dev="dm-11" ino=13071 scontext=u:r:untrusted_app:s0:c244,c256,c512,c768
tcontext=u:object_r:app_data_file:s0:c244,c256,c512,c768 tclass=file
app=com.whatsapp
03-21 10:38:21.020 32481 32481 W com.whatsapp: type=1400 audit(0.0:15531): avc:
granted { execute } for
path="/data/data/com.whatsapp/files/decompressed/libs.spk.zst/libvlc.so" dev="dm-
11" ino=13656 scontext=u:r:untrusted_app:s0:c244,c256,c512,c768
tcontext=u:object_r:app_data_file:s0:c244,c256,c512,c768 tclass=file
app=com.whatsapp
03-21 10:38:21.021 32481 32481 W linker : Warning:
"/data/data/com.whatsapp/files/decompressed/libs.spk.zst/libc++_shared.so" unused
DT entry: unknown processor-specific (type 0x70000001 arg 0x0) (ignoring)
03-21 10:38:21.030 32481 32481 W com.whatsapp: type=1400 audit(0.0:15532): avc:
granted { execute } for
path="/data/data/com.whatsapp/files/decompressed/libs.spk.zst/libwhatsapp.so"
dev="dm-11" ino=13457 scontext=u:r:untrusted_app:s0:c244,c256,c512,c768
tcontext=u:object_r:app_data_file:s0:c244,c256,c512,c768 tclass=file
app=com.whatsapp
03-21 10:38:21.067 32481 32481 W com.whatsapp: type=1400 audit(0.0:15533): avc:
granted { execute } for
path="/data/data/com.whatsapp/files/decompressed/libs.spk.zst/libcurve25519.so"
dev="dm-11" ino=12231 scontext=u:r:untrusted_app:s0:c244,c256,c512,c768
tcontext=u:object_r:app_data_file:s0:c244,c256,c512,c768 tclass=file
app=com.whatsapp
03-21 10:38:21.074 32481 32481 W com.whatsapp: type=1400 audit(0.0:15534): avc:
granted { execute } for
path="/data/data/com.whatsapp/files/decompressed/libs.spk.zst/libwhatsapp.so"
dev="dm-11" ino=13457 scontext=u:r:untrusted_app:s0:c244,c256,c512,c768
tcontext=u:object_r:app_data_file:s0:c244,c256,c512,c768 tclass=file
app=com.whatsapp
03-21 10:38:21.143 3011 3011 E com.whatsapp: Not starting debugger since process
cannot load the jdwp agent.
03-21 10:38:21.163 32481 32481 W CheckTime: App running slow: Executing
handleBindApplication : callApplicationOnCreate took 367ms
03-21 10:38:21.184 32481 3039 W com.whatsapp: Class X.2rL failed lock verification
and will run slower.
03-21 10:38:21.184 32481 3039 W com.whatsapp: Common causes for lock verification
issues are non-optimized dex code
03-21 10:38:21.184 32481 3039 W com.whatsapp: and incorrect proguard
optimizations.
03-21 10:42:24.825 32481 32481 W com.whatsapp: Class X.0eU failed lock verification
and will run slower.
03-21 10:42:24.948 32481 32481 W com.whatsapp: Class com.whatsapp.HomeActivity
failed lock verification and will run slower.
03-21 10:42:25.162 32481 32481 E ArmVmp : Match on catch block at 0x0a in for 0xc1
03-21 10:42:25.179 32481 32481 E ArmVmp : Match on catch block at 0x0a in for
0x135
03-21 10:42:25.207 32481 4816 W com.whatsapp: Accessing hidden method
Lcom/android/org/conscrypt/ConscryptEngineSocket;->setUseSessionTickets(Z)V
(greylist-max-q,test-api, reflection, denied)
03-21 10:42:25.207 32481 4816 W com.whatsapp: Accessing hidden method
Lcom/android/org/conscrypt/OpenSSLSocketImpl;->setUseSessionTickets(Z)V (greylist-
max-q,test-api, reflection, denied)
03-21 10:42:25.207 32481 4816 W com.whatsapp: Accessing hidden method
Lcom/android/org/conscrypt/AbstractConscryptSocket;->setUseSessionTickets(Z)V
(greylist-max-q, reflection, denied)
03-21 10:42:25.207 32481 4816 W com.whatsapp: Accessing hidden method
Lcom/android/org/conscrypt/ConscryptEngineSocket;->setHostname(Ljava/lang/String;)V
(greylist-max-q,test-api, reflection, denied)
03-21 10:42:25.208 32481 4816 W com.whatsapp: Accessing hidden method
Lcom/android/org/conscrypt/OpenSSLSocketImpl;->setHostname(Ljava/lang/String;)V
(greylist-max-q,test-api, reflection, denied)
03-21 10:42:25.208 32481 4816 W com.whatsapp: Accessing hidden method
Lcom/android/org/conscrypt/AbstractConscryptSocket;->setHostname(Ljava/lang/
String;)V (greylist-max-q, reflection, denied)
03-21 10:42:25.208 32481 4816 W com.whatsapp: Accessing hidden method
Lcom/android/org/conscrypt/OpenSSLSocketImpl;->setAlpnProtocols([B)V (greylist-max-
q,test-api, reflection, denied)
03-21 10:42:25.208 32481 4816 W com.whatsapp: Accessing hidden method
Lcom/android/org/conscrypt/AbstractConscryptSocket;->setAlpnProtocols([B)V
(greylist-max-q, reflection, denied)
03-21 10:42:25.331 32481 4816 W com.whatsapp: Accessing hidden method
Lcom/android/org/conscrypt/OpenSSLSocketImpl;->getAlpnSelectedProtocol()[B
(greylist-max-q,test-api, reflection, denied)
03-21 10:42:25.331 32481 4816 W com.whatsapp: Accessing hidden method
Lcom/android/org/conscrypt/AbstractConscryptSocket;->getAlpnSelectedProtocol()[B
(greylist-max-q, reflection, denied)
03-21 10:42:25.804 32481 32481 E RecyclerView: No adapter attached; skipping layout
03-21 10:42:25.846 32481 32481 E RecyclerView: No adapter attached; skipping layout
03-21 10:42:25.852 32481 4813 E OpenGLRenderer: error : EGL_BAD_DISPLAY, because
eglTerminate has been called.
03-21 10:42:25.860 32481 32481 E ArmVmp : Match on catch block at 0x0a in for 0xd5
03-21 10:42:25.964 32481 4834 W LOTTIE : Animation contains merge paths. Merge
paths are only supported on KitKat+ and must be manually enabled by calling
enableMergePathsForKitKatAndAbove().
03-21 10:42:26.042 32481 32481 E OpenGLRenderer: ~SkiaDisplayList() ##### pid =
32481
03-21 10:42:26.055 32481 4813 E libc : Access denied finding property
"persist.vendor.sf.fbc"
03-21 10:42:26.055 32481 4813 E libc : Access denied finding property
"persist.vendor.gpu.fbc"
03-21 10:42:26.055 32481 4813 E libc : Access denied finding property
"persist.vendor.vsp.fbc"
03-21 10:42:26.080 32481 32481 W LOTTIE : Animation contains merge paths but they
are disabled.
03-21 10:42:26.141 32481 32481 E ArmVmp : Match on catch block at 0x5b in for 0x81
03-21 10:42:28.443 32481 4813 W libEGL : EGLNativeWindowType 0xb4000072711b4f10
disconnect failed
--------- beginning of main
03-21 10:42:30.040 3011 3011 W System.err: java.lang.ClassNotFoundException:
mbmodsd.mbmodsw.ui.views.btn.BtnBK
03-21 10:42:30.040 3011 3011 W System.err: at
java.lang.Runtime.nativeLoad(Native Method)
03-21 10:42:30.041 3011 3011 W System.err: at
java.lang.Runtime.nativeLoad(Runtime.java:1131)
03-21 10:42:30.041 3011 3011 W System.err: at
java.lang.Runtime.loadLibrary0(Runtime.java:1085)
03-21 10:42:30.041 3011 3011 W System.err: at
java.lang.Runtime.loadLibrary0(Runtime.java:1008)
03-21 10:42:30.041 3011 3011 W System.err: at
java.lang.System.loadLibrary(System.java:1664)
03-21 10:42:30.041 3011 3011 W System.err: at arm.EpicVm.<clinit>(Unknown
Source:2)
03-21 10:42:30.041 3011 3011 W System.err: at
java.lang.Class.newInstance(Native Method)
03-21 10:42:30.041 3011 3011 W System.err: at
android.app.AppComponentFactory.instantiateApplication(AppComponentFactory.java:76)
03-21 10:42:30.041 3011 3011 W System.err: at
androidx.core.app.CoreComponentFactory.instantiateApplication(Unknown Source:0)
03-21 10:42:30.041 3011 3011 W System.err: at
android.app.Instrumentation.newApplication(Instrumentation.java:1158)
03-21 10:42:30.041 3011 3011 W System.err: at
android.app.LoadedApk.makeApplication(LoadedApk.java:1268)
03-21 10:42:30.041 3011 3011 W System.err: at
android.app.ActivityThread.handleBindApplication(ActivityThread.java:6915)
03-21 10:42:30.041 3011 3011 W System.err: at
android.app.ActivityThread.access$1300(ActivityThread.java:260)
03-21 10:42:30.041 3011 3011 W System.err: at
android.app.ActivityThread$H.handleMessage(ActivityThread.java:1972)
03-21 10:42:30.041 3011 3011 W System.err: at
android.os.Handler.dispatchMessage(Handler.java:106)
03-21 10:42:30.041 3011 3011 W System.err: at
android.os.Looper.loop(Looper.java:223)
03-21 10:42:30.041 3011 3011 W System.err: at
android.app.ActivityThread.main(ActivityThread.java:7999)
03-21 10:42:30.041 3011 3011 W System.err: at
java.lang.reflect.Method.invoke(Native Method)
03-21 10:42:30.041 3011 3011 W System.err: at
com.android.internal.os.RuntimeInit$MethodAndArgsCaller.run(RuntimeInit.java:635)
03-21 10:42:30.041 3011 3011 W System.err: at
com.android.internal.os.ZygoteInit.main(ZygoteInit.java:947)
03-21 10:42:30.049 3011 3011 E CustomActivityOnCrash: IMPORTANT WARNING! You
already have an UncaughtExceptionHandler, are you sure this is correct? If you use
a custom UncaughtExceptionHandler, you must initialize it AFTER
CustomActivityOnCrash! Installing anyway, but your original handler will not be
called.
03-21 10:42:30.087 3011 4933 W LibraryVersion: Failed to get app version for
libraryName: firebase-iid
--------- beginning of system
03-21 10:42:30.225 3011 3011 W com.whatsapp: Accessing hidden method
Lcom/android/org/conscrypt/OpenSSLSocketImpl;->setUseSessionTickets(Z)V (greylist-
max-q,test-api, reflection, denied)
03-21 10:42:30.225 3011 3011 W com.whatsapp: Accessing hidden method
Lcom/android/org/conscrypt/AbstractConscryptSocket;->setUseSessionTickets(Z)V
(greylist-max-q, reflection, denied)
03-21 10:42:30.261 3011 3011 W com.whatsapp: type=1400 audit(0.0:15567): avc:
granted { execute } for
path="/data/data/com.whatsapp/files/decompressed/libs.spk.zst/libc++_shared.so"
dev="dm-11" ino=13071 scontext=u:r:untrusted_app:s0:c244,c256,c512,c768
tcontext=u:object_r:app_data_file:s0:c244,c256,c512,c768 tclass=file
app=com.whatsapp
03-21 10:42:30.265 3011 3011 W com.whatsapp: type=1400 audit(0.0:15568): avc:
granted { execute } for
path="/data/data/com.whatsapp/files/decompressed/libs.spk.zst/libvlc.so" dev="dm-
11" ino=13656 scontext=u:r:untrusted_app:s0:c244,c256,c512,c768
tcontext=u:object_r:app_data_file:s0:c244,c256,c512,c768 tclass=file
app=com.whatsapp
03-21 10:42:30.265 3011 3011 W linker : Warning:
"/data/data/com.whatsapp/files/decompressed/libs.spk.zst/libc++_shared.so" unused
DT entry: unknown processor-specific (type 0x70000001 arg 0x0) (ignoring)
03-21 10:42:30.271 3011 3011 W com.whatsapp: type=1400 audit(0.0:15569): avc:
granted { execute } for
path="/data/data/com.whatsapp/files/decompressed/libs.spk.zst/libwhatsapp.so"
dev="dm-11" ino=13457 scontext=u:r:untrusted_app:s0:c244,c256,c512,c768
tcontext=u:object_r:app_data_file:s0:c244,c256,c512,c768 tclass=file
app=com.whatsapp
03-21 10:42:30.288 3011 3011 W com.whatsapp: type=1400 audit(0.0:15570): avc:
granted { execute } for
path="/data/data/com.whatsapp/files/decompressed/libs.spk.zst/libcurve25519.so"
dev="dm-11" ino=12231 scontext=u:r:untrusted_app:s0:c244,c256,c512,c768
tcontext=u:object_r:app_data_file:s0:c244,c256,c512,c768 tclass=file
app=com.whatsapp
03-21 10:42:30.295 3011 3011 W com.whatsapp: type=1400 audit(0.0:15571): avc:
granted { execute } for
path="/data/data/com.whatsapp/files/decompressed/libs.spk.zst/libwhatsapp.so"
dev="dm-11" ino=13457 scontext=u:r:untrusted_app:s0:c244,c256,c512,c768
tcontext=u:object_r:app_data_file:s0:c244,c256,c512,c768 tclass=file
app=com.whatsapp
03-21 10:42:30.343 3011 3011 W CheckTime: App running slow: Executing
handleBindApplication : callApplicationOnCreate took 266ms
03-21 10:42:30.366 3011 5093 W com.whatsapp: Class X.2rL failed lock verification
and will run slower.
03-21 10:42:30.366 3011 5093 W com.whatsapp: Common causes for lock verification
issues are non-optimized dex code
03-21 10:42:30.366 3011 5093 W com.whatsapp: and incorrect proguard
optimizations.
03-21 10:42:30.705 5229 5229 E com.whatsapp: Not starting debugger since process
cannot load the jdwp agent.
03-21 10:43:28.773 3011 3011 W com.whatsapp: Class X.0eU failed lock verification
and will run slower.
03-21 10:43:28.894 3011 3011 W com.whatsapp: Class com.whatsapp.HomeActivity
failed lock verification and will run slower.
03-21 10:43:29.094 3011 3011 E ArmVmp : Match on catch block at 0x0a in for 0xc9
03-21 10:43:29.112 3011 3011 E ArmVmp : Match on catch block at 0x0a in for
0x135
03-21 10:43:29.140 3011 6309 W com.whatsapp: Accessing hidden method
Lcom/android/org/conscrypt/ConscryptEngineSocket;->setUseSessionTickets(Z)V
(greylist-max-q,test-api, reflection, denied)
03-21 10:43:29.140 3011 6309 W com.whatsapp: Accessing hidden method
Lcom/android/org/conscrypt/OpenSSLSocketImpl;->setUseSessionTickets(Z)V (greylist-
max-q,test-api, reflection, denied)
03-21 10:43:29.140 3011 6309 W com.whatsapp: Accessing hidden method
Lcom/android/org/conscrypt/AbstractConscryptSocket;->setUseSessionTickets(Z)V
(greylist-max-q, reflection, denied)
03-21 10:43:29.140 3011 6309 W com.whatsapp: Accessing hidden method
Lcom/android/org/conscrypt/ConscryptEngineSocket;->setHostname(Ljava/lang/String;)V
(greylist-max-q,test-api, reflection, denied)
03-21 10:43:29.140 3011 6309 W com.whatsapp: Accessing hidden method
Lcom/android/org/conscrypt/OpenSSLSocketImpl;->setHostname(Ljava/lang/String;)V
(greylist-max-q,test-api, reflection, denied)
03-21 10:43:29.140 3011 6309 W com.whatsapp: Accessing hidden method
Lcom/android/org/conscrypt/AbstractConscryptSocket;->setHostname(Ljava/lang/
String;)V (greylist-max-q, reflection, denied)
03-21 10:43:29.140 3011 6309 W com.whatsapp: Accessing hidden method
Lcom/android/org/conscrypt/OpenSSLSocketImpl;->setAlpnProtocols([B)V (greylist-max-
q,test-api, reflection, denied)
03-21 10:43:29.140 3011 6309 W com.whatsapp: Accessing hidden method
Lcom/android/org/conscrypt/AbstractConscryptSocket;->setAlpnProtocols([B)V
(greylist-max-q, reflection, denied)
03-21 10:43:29.208 3011 6309 W com.whatsapp: Accessing hidden method
Lcom/android/org/conscrypt/OpenSSLSocketImpl;->getAlpnSelectedProtocol()[B
(greylist-max-q,test-api, reflection, denied)
03-21 10:43:29.208 3011 6309 W com.whatsapp: Accessing hidden method
Lcom/android/org/conscrypt/AbstractConscryptSocket;->getAlpnSelectedProtocol()[B
(greylist-max-q, reflection, denied)
03-21 10:43:29.684 3011 3011 E RecyclerView: No adapter attached; skipping layout
03-21 10:43:29.719 3011 3011 E RecyclerView: No adapter attached; skipping layout
03-21 10:43:29.725 3011 6306 E OpenGLRenderer: error : EGL_BAD_DISPLAY, because
eglTerminate has been called.
03-21 10:43:29.734 3011 3011 E ArmVmp : Match on catch block at 0x0a in for 0xd5
03-21 10:43:29.839 3011 6323 W LOTTIE : Animation contains merge paths. Merge
paths are only supported on KitKat+ and must be manually enabled by calling
enableMergePathsForKitKatAndAbove().
03-21 10:43:29.914 3011 3011 E OpenGLRenderer: ~SkiaDisplayList() ##### pid =
3011
03-21 10:43:29.927 3011 6306 E libc : Access denied finding property
"persist.vendor.sf.fbc"
03-21 10:43:29.927 3011 6306 E libc : Access denied finding property
"persist.vendor.gpu.fbc"
03-21 10:43:29.927 3011 6306 E libc : Access denied finding property
"persist.vendor.vsp.fbc"
03-21 10:43:29.955 3011 3011 W LOTTIE : Animation contains merge paths but they
are disabled.
03-21 10:43:30.016 3011 3011 E ArmVmp : Match on catch block at 0x5b in for 0x89
03-21 10:43:36.128 3011 6338 E RenderScript: Failed loading RS driver: dlopen
failed: library "libRSDriverArm.so" not found
03-21 10:43:36.128 3011 6338 E RenderScript: Failed to load runtime
libRSDriverArm.so, loading default
03-21 10:43:36.160 3011 3011 E ArmVmp : Match on catch block at 0x0a in for
0x171
03-21 10:43:36.170 3011 3011 E Dialog : show dialog
view=DecorView@1554744[HomeActivity]
03-21 10:43:37.289 3011 6306 W libEGL : EGLNativeWindowType 0xb400007271278cd0
disconnect failed
03-21 10:43:37.745 3011 6306 W libEGL : EGLNativeWindowType 0xb4000072711bb540
disconnect failed
03-21 10:43:50.522 3011 3011 E ArmVmp : Match on catch block at 0x0a in for 0xc1
03-21 10:43:50.526 3011 3011 E ArmVmp : Match on catch block at 0x0a in for 0xc1
03-21 10:43:50.645 3011 3011 E ArmVmp : Match on catch block at 0xc3 in for 0xb1
03-21 10:43:50.647 3011 3011 E ArmVmp : Match on catch block at 0xc3 in for 0xb1
03-21 10:43:50.705 3011 3011 E ArmVmp : Match on catch block at 0xc3 in for 0xa5
03-21 10:43:50.707 3011 3011 E ArmVmp : Match on catch block at 0xc3 in for 0xa9
03-21 10:43:50.727 3011 6306 W libEGL : EGLNativeWindowType 0xb400007271278cd0
disconnect failed
03-21 10:43:50.739 3011 3011 E ArmVmp : Match on catch block at 0xc3 in for 0xa5
03-21 10:43:50.740 3011 3011 E ArmVmp : Match on catch block at 0xc3 in for 0xa9
03-21 10:43:50.748 3011 6306 W libEGL : EGLNativeWindowType 0xb400007271289d50
disconnect failed
03-21 10:43:50.777 3011 3011 E ArmVmp : Match on catch block at 0xc3 in for 0xa5
03-21 10:43:50.779 3011 3011 E ArmVmp : Match on catch block at 0xc3 in for 0xa9
03-21 10:43:50.789 3011 3011 E ArmVmp : Match on catch block at 0xc3 in for 0xa1
03-21 10:43:50.790 3011 3011 E ArmVmp : Match on catch block at 0xc3 in for 0xa5
03-21 10:43:50.805 3011 3011 E ArmVmp : Match on catch block at 0xc3 in for 0xa5
03-21 10:43:50.807 3011 3011 E ArmVmp : Match on catch block at 0xc3 in for 0xa9
03-21 10:43:51.273 3011 3011 E ArmVmp : Match on catch block at 0xc3 in for 0xa1
03-21 10:43:51.275 3011 3011 E ArmVmp : Match on catch block at 0xc3 in for 0xa5
03-21 10:43:51.286 3011 3011 E ArmVmp : Match on catch block at 0xc3 in for 0xa5
03-21 10:43:51.289 3011 3011 E ArmVmp : Match on catch block at 0xc3 in for 0xa9
03-21 10:43:51.385 3011 3011 E ArmVmp : Match on catch block at 0xc3 in for 0xa9
03-21 10:43:51.388 3011 3011 E ArmVmp : Match on catch block at 0xc3 in for 0xa1
03-21 10:43:51.401 3011 3011 E ArmVmp : Match on catch block at 0xc3 in for 0xa1
03-21 10:43:51.405 3011 3011 E ArmVmp : Match on catch block at 0xc3 in for 0xa5
03-21 10:43:51.418 3011 3011 E ArmVmp : Match on catch block at 0xc3 in for 0xa5
03-21 10:43:51.421 3011 3011 E ArmVmp : Match on catch block at 0xc3 in for 0xa9
03-21 10:43:51.434 3011 3011 E ArmVmp : Match on catch block at 0xc3 in for 0xa9
03-21 10:43:51.437 3011 3011 E ArmVmp : Match on catch block at 0xc3 in for 0xa1
03-21 10:43:51.451 3011 3011 E ArmVmp : Match on catch block at 0xc3 in for 0xa1
03-21 10:43:51.453 3011 3011 E ArmVmp : Match on catch block at 0xc3 in for 0xa5
03-21 10:43:51.468 3011 3011 E ArmVmp : Match on catch block at 0xc3 in for 0xa5
03-21 10:43:51.470 3011 3011 E ArmVmp : Match on catch block at 0xc3 in for 0xa9
03-21 10:43:51.485 3011 3011 E ArmVmp : Match on catch block at 0xc3 in for 0xa9
03-21 10:43:51.488 3011 3011 E ArmVmp : Match on catch block at 0xc3 in for 0xa1
03-21 10:43:51.502 3011 3011 E ArmVmp : Match on catch block at 0xc3 in for 0xa1
03-21 10:43:51.504 3011 3011 E ArmVmp : Match on catch block at 0xc3 in for 0xa5
03-21 10:43:51.517 3011 3011 E ArmVmp : Match on catch block at 0xc3 in for 0xa5
03-21 10:43:51.521 3011 3011 E ArmVmp : Match on catch block at 0xc3 in for 0xa9
03-21 10:43:51.542 3011 3011 E ArmVmp : Match on catch block at 0xc3 in for 0xa1
03-21 10:43:51.543 3011 3011 E ArmVmp : Match on catch block at 0xc3 in for 0xa5
03-21 10:43:51.559 3011 3011 E ArmVmp : Match on catch block at 0xc3 in for 0xa5
03-21 10:43:51.561 3011 3011 E ArmVmp : Match on catch block at 0xc3 in for 0xa9
03-21 10:43:51.561 3011 6306 W libEGL : EGLNativeWindowType 0xb4000072712a1400
disconnect failed
03-21 10:43:51.571 3011 3011 E ArmVmp : Match on catch block at 0xc3 in for 0xa9
03-21 10:43:51.573 3011 3011 E ArmVmp : Match on catch block at 0xc3 in for 0xa1
03-21 10:43:51.583 3011 3011 E ArmVmp : Match on catch block at 0xc3 in for 0xa1
03-21 10:43:51.584 3011 3011 E ArmVmp : Match on catch block at 0xc3 in for 0xa5
03-21 10:43:51.599 3011 3011 E ArmVmp : Match on catch block at 0xc3 in for 0xa5
03-21 10:43:51.602 3011 3011 E ArmVmp : Match on catch block at 0xc3 in for 0xa9
03-21 10:43:51.616 3011 3011 E ArmVmp : Match on catch block at 0xc3 in for 0xa9
03-21 10:43:51.618 3011 3011 E ArmVmp : Match on catch block at 0xc3 in for 0xa1
03-21 10:43:51.632 3011 3011 E ArmVmp : Match on catch block at 0xc3 in for 0xa1
03-21 10:43:51.634 3011 3011 E ArmVmp : Match on catch block at 0xc3 in for 0xa5
03-21 10:43:51.649 3011 3011 E ArmVmp : Match on catch block at 0xc3 in for 0xa5
03-21 10:43:51.652 3011 3011 E ArmVmp : Match on catch block at 0xc3 in for 0xa9
03-21 10:43:51.667 3011 3011 E ArmVmp : Match on catch block at 0xc3 in for 0xa9
03-21 10:43:51.670 3011 3011 E ArmVmp : Match on catch block at 0xc3 in for 0xa1
03-21 10:43:51.683 3011 3011 E ArmVmp : Match on catch block at 0xc3 in for 0xa1
03-21 10:43:51.685 3011 3011 E ArmVmp : Match on catch block at 0xc3 in for 0xa5
03-21 10:43:51.699 3011 3011 E ArmVmp : Match on catch block at 0xc3 in for 0xa5
03-21 10:43:51.701 3011 3011 E ArmVmp : Match on catch block at 0xc3 in for 0xa9
03-21 10:43:51.782 3011 3011 E ArmVmp : Match on catch block at 0xc3 in for 0xa9
03-21 10:43:51.784 3011 3011 E ArmVmp : Match on catch block at 0xc3 in for 0xa1
03-21 10:43:51.816 3011 3011 E ArmVmp : Match on catch block at 0xc3 in for 0xa1
03-21 10:43:51.818 3011 3011 E ArmVmp : Match on catch block at 0xc3 in for 0xa5
03-21 10:43:52.329 3011 3011 E ArmVmp : Match on catch block at 0xc3 in for 0xa1
03-21 10:43:52.333 3011 3011 E ArmVmp : Match on catch block at 0xc3 in for 0xa5
03-21 10:43:52.382 3011 3011 E ArmVmp : Match on catch block at 0xc3 in for 0xa9
03-21 10:43:52.384 3011 3011 E ArmVmp : Match on catch block at 0xc3 in for 0xa1
03-21 10:43:52.394 3011 3011 E ArmVmp : Match on catch block at 0xc3 in for 0xa1
03-21 10:43:52.396 3011 3011 E ArmVmp : Match on catch block at 0xc3 in for 0xa5
03-21 10:43:52.411 3011 3011 E ArmVmp : Match on catch block at 0xc3 in for 0xa5
03-21 10:43:52.413 3011 3011 E ArmVmp : Match on catch block at 0xc3 in for 0xa9
03-21 10:43:52.427 3011 3011 E ArmVmp : Match on catch block at 0xc3 in for 0xa9
03-21 10:43:52.431 3011 3011 E ArmVmp : Match on catch block at 0xc3 in for 0xa1
03-21 10:43:52.444 3011 3011 E ArmVmp : Match on catch block at 0xc3 in for 0xa1
03-21 10:43:52.446 3011 3011 E ArmVmp : Match on catch block at 0xc3 in for 0xa5
03-21 10:43:52.460 3011 3011 E ArmVmp : Match on catch block at 0xc3 in for 0xa5
03-21 10:43:52.463 3011 3011 E ArmVmp : Match on catch block at 0xc3 in for 0xa9
03-21 10:43:52.476 3011 3011 E ArmVmp : Match on catch block at 0xc3 in for 0xa9
03-21 10:43:52.479 3011 3011 E ArmVmp : Match on catch block at 0xc3 in for 0xa1
03-21 10:43:52.493 3011 3011 E ArmVmp : Match on catch block at 0xc3 in for 0xa1
03-21 10:43:52.496 3011 3011 E ArmVmp : Match on catch block at 0xc3 in for 0xa5
03-21 10:43:52.513 3011 3011 E ArmVmp : Match on catch block at 0xc3 in for 0xa5
03-21 10:43:52.515 3011 3011 E ArmVmp : Match on catch block at 0xc3 in for 0xa9
03-21 10:43:52.527 3011 3011 E ArmVmp : Match on catch block at 0xc3 in for 0xa9
03-21 10:43:52.530 3011 3011 E ArmVmp : Match on catch block at 0xc3 in for 0xa1
03-21 10:43:52.543 3011 3011 E ArmVmp : Match on catch block at 0xc3 in for 0xa1
03-21 10:43:52.547 3011 3011 E ArmVmp : Match on catch block at 0xc3 in for 0xa5
03-21 10:43:52.561 3011 3011 E ArmVmp : Match on catch block at 0xc3 in for 0xa5
03-21 10:43:52.564 3011 3011 E ArmVmp : Match on catch block at 0xc3 in for 0xa9
03-21 10:43:52.577 3011 3011 E ArmVmp : Match on catch block at 0xc3 in for 0xa9
03-21 10:43:52.580 3011 3011 E ArmVmp : Match on catch block at 0xc3 in for 0xa1
03-21 10:43:52.874 3011 3011 E ArmVmp : Match on catch block at 0xc3 in for 0xa1
03-21 10:43:52.877 3011 3011 E ArmVmp : Match on catch block at 0xc3 in for 0xa5
03-21 10:43:52.892 3011 3011 E ArmVmp : Match on catch block at 0xc3 in for 0xa9
03-21 10:43:52.894 3011 3011 E ArmVmp : Match on catch block at 0xc3 in for 0xa1
03-21 10:43:52.907 3011 3011 E ArmVmp : Match on catch block at 0xc3 in for 0xa1
03-21 10:43:52.909 3011 3011 E ArmVmp : Match on catch block at 0xc3 in for 0xa5
03-21 10:43:52.923 3011 3011 E ArmVmp : Match on catch block at 0xc3 in for 0xa5
03-21 10:43:52.927 3011 3011 E ArmVmp : Match on catch block at 0xc3 in for 0xa9
03-21 10:43:52.939 3011 3011 E ArmVmp : Match on catch block at 0xc3 in for 0xa9
03-21 10:43:52.942 3011 3011 E ArmVmp : Match on catch block at 0xc3 in for 0xa1
03-21 10:43:52.956 3011 3011 E ArmVmp : Match on catch block at 0xc3 in for 0xa1
03-21 10:43:52.958 3011 3011 E ArmVmp : Match on catch block at 0xc3 in for 0xa5
03-21 10:43:52.972 3011 3011 E ArmVmp : Match on catch block at 0xc3 in for 0xa5
03-21 10:43:52.976 3011 3011 E ArmVmp : Match on catch block at 0xc3 in for 0xa9
03-21 10:43:52.989 3011 3011 E ArmVmp : Match on catch block at 0xc3 in for 0xa9
03-21 10:43:52.992 3011 3011 E ArmVmp : Match on catch block at 0xc3 in for 0xa1
03-21 10:43:53.006 3011 3011 E ArmVmp : Match on catch block at 0xc3 in for 0xa1
03-21 10:43:53.008 3011 3011 E ArmVmp : Match on catch block at 0xc3 in for 0xa5
03-21 10:43:53.022 3011 3011 E ArmVmp : Match on catch block at 0xc3 in for 0xa5
03-21 10:43:53.024 3011 3011 E ArmVmp : Match on catch block at 0xc3 in for 0xa9
03-21 10:43:53.040 3011 3011 E ArmVmp : Match on catch block at 0xc3 in for 0xa9
03-21 10:43:53.043 3011 3011 E ArmVmp : Match on catch block at 0xc3 in for 0xa1
03-21 10:43:53.056 3011 3011 E ArmVmp : Match on catch block at 0xc3 in for 0xa1
03-21 10:43:53.060 3011 3011 E ArmVmp : Match on catch block at 0xc3 in for 0xa5
03-21 10:43:53.072 3011 3011 E ArmVmp : Match on catch block at 0xc3 in for 0xa5
03-21 10:43:53.077 3011 3011 E ArmVmp : Match on catch block at 0xc3 in for 0xa9
03-21 10:43:53.089 3011 3011 E ArmVmp : Match on catch block at 0xc3 in for 0xa9
03-21 10:43:53.092 3011 3011 E ArmVmp : Match on catch block at 0xc3 in for 0xa1
03-21 10:43:53.126 3011 3011 E ArmVmp : Match on catch block at 0xc3 in for 0xa5
03-21 10:43:53.129 3011 3011 E ArmVmp : Match on catch block at 0xc3 in for 0xa9
03-21 10:43:53.139 3011 3011 E ArmVmp : Match on catch block at 0xc3 in for 0xa9
03-21 10:43:53.142 3011 3011 E ArmVmp : Match on catch block at 0xc3 in for 0xa1
03-21 10:43:53.155 3011 3011 E ArmVmp : Match on catch block at 0xc3 in for 0xa1
03-21 10:43:53.159 3011 3011 E ArmVmp : Match on catch block at 0xc3 in for 0xa5
03-21 10:43:53.171 3011 3011 E ArmVmp : Match on catch block at 0xc3 in for 0xa5
03-21 10:43:53.173 3011 3011 E ArmVmp : Match on catch block at 0xc3 in for 0xa9
03-21 10:43:53.188 3011 3011 E ArmVmp : Match on catch block at 0xc3 in for 0xa9
03-21 10:43:53.189 3011 3011 E ArmVmp : Match on catch block at 0xc3 in for 0xa1
03-21 10:43:53.204 3011 3011 E ArmVmp : Match on catch block at 0xc3 in for 0xa1
03-21 10:43:53.207 3011 3011 E ArmVmp : Match on catch block at 0xc3 in for 0xa5
03-21 10:43:53.221 3011 3011 E ArmVmp : Match on catch block at 0xc3 in for 0xa5
03-21 10:43:53.226 3011 3011 E ArmVmp : Match on catch block at 0xc3 in for 0xa9
03-21 10:43:53.238 3011 3011 E ArmVmp : Match on catch block at 0xc3 in for 0xa9
03-21 10:43:53.241 3011 3011 E ArmVmp : Match on catch block at 0xc3 in for 0xa1
03-21 10:43:53.259 3011 3011 E ArmVmp : Match on catch block at 0xc3 in for 0xa1
03-21 10:43:53.262 3011 3011 E ArmVmp : Match on catch block at 0xc3 in for 0xa5
03-21 10:43:53.271 3011 3011 E ArmVmp : Match on catch block at 0xc3 in for 0xa5
03-21 10:43:53.274 3011 3011 E ArmVmp : Match on catch block at 0xc3 in for 0xa9
03-21 10:43:53.287 3011 3011 E ArmVmp : Match on catch block at 0xc3 in for 0xa9
03-21 10:43:53.291 3011 3011 E ArmVmp : Match on catch block at 0xc3 in for 0xa1
03-21 10:43:53.303 3011 3011 E ArmVmp : Match on catch block at 0xc3 in for 0xa1
03-21 10:43:53.305 3011 3011 E ArmVmp : Match on catch block at 0xc3 in for 0xa5
03-21 10:43:53.320 3011 3011 E ArmVmp : Match on catch block at 0xc3 in for 0xa5
03-21 10:43:53.323 3011 3011 E ArmVmp : Match on catch block at 0xc3 in for 0xa9
03-21 10:43:53.337 3011 3011 E ArmVmp : Match on catch block at 0xc3 in for 0xa9
03-21 10:43:53.341 3011 3011 E ArmVmp : Match on catch block at 0xc3 in for 0xa1
03-21 10:43:53.353 3011 3011 E ArmVmp : Match on catch block at 0xc3 in for 0xa1
03-21 10:43:53.356 3011 3011 E ArmVmp : Match on catch block at 0xc3 in for 0xa5
03-21 10:43:53.370 3011 3011 E ArmVmp : Match on catch block at 0xc3 in for 0xa5
03-21 10:43:53.372 3011 3011 E ArmVmp : Match on catch block at 0xc3 in for 0xa9
03-21 10:43:53.386 3011 3011 E ArmVmp : Match on catch block at 0xc3 in for 0xa9
03-21 10:43:53.389 3011 3011 E ArmVmp : Match on catch block at 0xc3 in for 0xa1
03-21 10:43:53.403 3011 3011 E ArmVmp : Match on catch block at 0xc3 in for 0xa1
03-21 10:43:53.405 3011 3011 E ArmVmp : Match on catch block at 0xc3 in for 0xa5
03-21 10:43:53.568 3011 3011 E ArmVmp : Match on catch block at 0xc3 in for 0xa1
03-21 10:43:53.570 3011 3011 E ArmVmp : Match on catch block at 0xc3 in for 0xa5
03-21 10:43:53.982 3011 3011 E ArmVmp : Match on catch block at 0xc3 in for 0xa5
03-21 10:43:53.985 3011 3011 E ArmVmp : Match on catch block at 0xc3 in for 0xa9
03-21 10:43:54.098 3011 3011 E ArmVmp : Match on catch block at 0xc3 in for 0xa5
03-21 10:43:54.102 3011 3011 E ArmVmp : Match on catch block at 0xc3 in for 0xa9
03-21 10:43:54.263 3011 3011 E ArmVmp : Match on catch block at 0xc3 in for 0xa9
03-21 10:43:54.265 3011 3011 E ArmVmp : Match on catch block at 0xc3 in for 0xa1
03-21 10:43:54.495 3011 3011 E ArmVmp : Match on catch block at 0xc3 in for 0xa1
03-21 10:43:54.496 3011 3011 E ArmVmp : Match on catch block at 0xc3 in for 0xa5
03-21 10:43:54.677 3011 3011 E ArmVmp : Match on catch block at 0xc3 in for 0xa5
03-21 10:43:54.686 3011 3011 E ArmVmp : Match on catch block at 0xc3 in for 0xa9
03-21 10:43:55.173 3011 3011 E ArmVmp : Match on catch block at 0xc3 in for 0xa9
03-21 10:43:55.176 3011 3011 E ArmVmp : Match on catch block at 0xc3 in for 0xa1
03-21 10:43:55.586 3011 3011 E ArmVmp : Match on catch block at 0xc3 in for 0xa1
03-21 10:43:55.589 3011 3011 E ArmVmp : Match on catch block at 0xc3 in for 0xa5
03-21 10:43:55.752 3011 3011 E ArmVmp : Match on catch block at 0xc3 in for 0xa5
03-21 10:43:55.755 3011 3011 E ArmVmp : Match on catch block at 0xc3 in for 0xa9
03-21 10:43:56.249 3011 3011 E ArmVmp : Match on catch block at 0xc3 in for 0xa9
03-21 10:43:56.252 3011 3011 E ArmVmp : Match on catch block at 0xc3 in for 0xa1
03-21 10:43:56.282 3011 3011 E ArmVmp : Match on catch block at 0xc3 in for 0xa1
03-21 10:43:56.284 3011 3011 E ArmVmp : Match on catch block at 0xc3 in for 0xa5
03-21 10:43:56.414 3011 3011 E ArmVmp : Match on catch block at 0xc3 in for 0xa5
03-21 10:43:56.417 3011 3011 E ArmVmp : Match on catch block at 0xc3 in for 0xa9
03-21 10:43:56.910 3011 3011 E ArmVmp : Match on catch block at 0xc3 in for 0xa9
03-21 10:43:56.913 3011 3011 E ArmVmp : Match on catch block at 0xc3 in for 0xa1
03-21 10:43:57.407 3011 3011 E ArmVmp : Match on catch block at 0xc3 in for 0xa1
03-21 10:43:57.409 3011 3011 E ArmVmp : Match on catch block at 0xc3 in for 0xa5
03-21 10:43:57.622 3011 3011 E ArmVmp : Match on catch block at 0xc3 in for 0xa5
03-21 10:43:57.626 3011 3011 E ArmVmp : Match on catch block at 0xc3 in for 0xa9
03-21 10:43:58.069 3011 3011 E ArmVmp : Match on catch block at 0xc3 in for 0xa9
03-21 10:43:58.072 3011 3011 E ArmVmp : Match on catch block at 0xc3 in for 0xa1
03-21 10:43:58.349 3011 3011 E ArmVmp : Match on catch block at 0xc3 in for 0xa1
03-21 10:43:58.352 3011 3011 E ArmVmp : Match on catch block at 0xc3 in for 0xa5
03-21 10:43:58.432 3011 3011 E ArmVmp : Match on catch block at 0xc3 in for 0xa5
03-21 10:43:58.434 3011 3011 E ArmVmp : Match on catch block at 0xc3 in for 0xa9
03-21 10:43:58.581 3011 3011 E ArmVmp : Match on catch block at 0xc3 in for 0xa9
03-21 10:43:58.583 3011 3011 E ArmVmp : Match on catch block at 0xc3 in for 0xa1
03-21 10:43:58.913 3011 3011 E ArmVmp : Match on catch block at 0xc3 in for 0xa1
03-21 10:43:58.916 3011 3011 E ArmVmp : Match on catch block at 0xc3 in for 0xa5
03-21 10:43:58.946 3011 3011 E ArmVmp : Match on catch block at 0xc3 in for 0xa5
03-21 10:43:58.948 3011 3011 E ArmVmp : Match on catch block at 0xc3 in for 0xa9
03-21 10:43:59.408 3011 3011 E ArmVmp : Match on catch block at 0xc3 in for 0xa9
03-21 10:43:59.411 3011 3011 E ArmVmp : Match on catch block at 0xc3 in for 0xa1
03-21 10:43:59.491 3011 3011 E ArmVmp : Match on catch block at 0xc3 in for 0xa1
03-21 10:43:59.493 3011 3011 E ArmVmp : Match on catch block at 0xc3 in for 0xa5
03-21 10:43:59.656 3011 3011 E ArmVmp : Match on catch block at 0xc3 in for 0xa5
03-21 10:43:59.659 3011 3011 E ArmVmp : Match on catch block at 0xc3 in for 0xa9
03-21 10:43:59.789 3011 3011 E ArmVmp : Match on catch block at 0xc3 in for 0xa9
03-21 10:43:59.791 3011 3011 E ArmVmp : Match on catch block at 0xc3 in for 0xa1
03-21 10:44:00.286 3011 3011 E ArmVmp : Match on catch block at 0xc3 in for 0xa1
03-21 10:44:00.289 3011 3011 E ArmVmp : Match on catch block at 0xc3 in for 0xa5
03-21 10:44:00.451 3011 3011 E ArmVmp : Match on catch block at 0xc3 in for 0xa5
03-21 10:44:00.454 3011 3011 E ArmVmp : Match on catch block at 0xc3 in for 0xa9
03-21 10:44:00.633 3011 3011 E ArmVmp : Match on catch block at 0xc3 in for 0xa9
03-21 10:44:00.641 3011 3011 E ArmVmp : Match on catch block at 0xc3 in for 0xa1
03-21 10:44:01.129 3011 3011 E ArmVmp : Match on catch block at 0xc3 in for 0xa1
03-21 10:44:01.132 3011 3011 E ArmVmp : Match on catch block at 0xc3 in for 0xa5
03-21 10:44:01.443 3011 3011 E ArmVmp : Match on catch block at 0xc3 in for 0xa5
03-21 10:44:01.446 3011 3011 E ArmVmp : Match on catch block at 0xc3 in for 0xa9
03-21 10:44:01.492 3011 3011 E ArmVmp : Match on catch block at 0xc3 in for 0xa9
03-21 10:44:01.495 3011 3011 E ArmVmp : Match on catch block at 0xc3 in for 0xa1
03-21 10:44:01.542 3011 3011 E ArmVmp : Match on catch block at 0xc3 in for 0xa1
03-21 10:44:01.545 3011 3011 E ArmVmp : Match on catch block at 0xc3 in for 0xa5
03-21 10:44:01.609 3011 3011 E ArmVmp : Match on catch block at 0xc3 in for 0xa5
03-21 10:44:01.611 3011 3011 E ArmVmp : Match on catch block at 0xc3 in for 0xa9
03-21 10:44:01.658 3011 3011 E ArmVmp : Match on catch block at 0xc3 in for 0xa9
03-21 10:44:01.660 3011 3011 E ArmVmp : Match on catch block at 0xc3 in for 0xa1
03-21 10:44:01.707 3011 3011 E ArmVmp : Match on catch block at 0xc3 in for 0xa1
03-21 10:44:01.710 3011 3011 E ArmVmp : Match on catch block at 0xc3 in for 0xa5
03-21 10:44:01.757 3011 3011 E ArmVmp : Match on catch block at 0xc3 in for 0xa5
03-21 10:44:01.760 3011 3011 E ArmVmp : Match on catch block at 0xc3 in for 0xa9
03-21 10:44:01.824 3011 3011 E ArmVmp : Match on catch block at 0xc3 in for 0xa9
03-21 10:44:01.828 3011 3011 E ArmVmp : Match on catch block at 0xc3 in for 0xa1
03-21 10:44:02.320 3011 3011 E ArmVmp : Match on catch block at 0xc3 in for 0xa9
03-21 10:44:02.322 3011 3011 E ArmVmp : Match on catch block at 0xc3 in for 0xa1
03-21 10:44:02.435 3011 3011 E ArmVmp : Match on catch block at 0xc3 in for 0xa1
03-21 10:44:02.438 3011 3011 E ArmVmp : Match on catch block at 0xc3 in for 0xa5
03-21 10:44:02.932 3011 3011 E ArmVmp : Match on catch block at 0xc3 in for 0xa5
03-21 10:44:02.936 3011 3011 E ArmVmp : Match on catch block at 0xc3 in for 0xa9
03-21 10:44:02.965 3011 3011 E ArmVmp : Match on catch block at 0xc3 in for 0xa9
03-21 10:44:02.967 3011 3011 E ArmVmp : Match on catch block at 0xc3 in for 0xa1
03-21 10:44:03.164 3011 3011 E ArmVmp : Match on catch block at 0xc3 in for 0xa1
03-21 10:44:03.167 3011 3011 E ArmVmp : Match on catch block at 0xc3 in for 0xa5
03-21 10:44:03.313 3011 3011 E ArmVmp : Match on catch block at 0xc3 in for 0xa5
03-21 10:44:03.315 3011 3011 E ArmVmp : Match on catch block at 0xc3 in for 0xa9
03-21 10:44:03.428 3011 3011 E ArmVmp : Match on catch block at 0xc3 in for 0xa9
03-21 10:44:03.435 3011 3011 E ArmVmp : Match on catch block at 0xc3 in for 0xa1
03-21 10:44:03.925 3011 3011 E ArmVmp : Match on catch block at 0xc3 in for 0xa1
03-21 10:44:03.928 3011 3011 E ArmVmp : Match on catch block at 0xc3 in for 0xa5
03-21 10:44:04.123 3011 3011 E ArmVmp : Match on catch block at 0xc3 in for 0xa5
03-21 10:44:04.125 3011 3011 E ArmVmp : Match on catch block at 0xc3 in for 0xa9
03-21 10:44:04.454 3011 3011 E ArmVmp : Match on catch block at 0xc3 in for 0xa9
03-21 10:44:04.456 3011 3011 E ArmVmp : Match on catch block at 0xc3 in for 0xa1
03-21 10:44:04.602 3011 3011 E ArmVmp : Match on catch block at 0xc3 in for 0xa1
03-21 10:44:04.605 3011 3011 E ArmVmp : Match on catch block at 0xc3 in for 0xa5
03-21 10:44:04.752 3011 3011 E ArmVmp : Match on catch block at 0xc3 in for 0xa5
03-21 10:44:04.755 3011 3011 E ArmVmp : Match on catch block at 0xc3 in for 0xa9
03-21 10:44:05.248 3011 3011 E ArmVmp : Match on catch block at 0xc3 in for 0xa9
03-21 10:44:05.251 3011 3011 E ArmVmp : Match on catch block at 0xc3 in for 0xa1
03-21 10:44:05.744 3011 3011 E ArmVmp : Match on catch block at 0xc3 in for 0xa1
03-21 10:44:05.749 3011 3011 E ArmVmp : Match on catch block at 0xc3 in for 0xa5
03-21 10:44:05.760 3011 3011 E ArmVmp : Match on catch block at 0xc3 in for 0xa5
03-21 10:44:05.762 3011 3011 E ArmVmp : Match on catch block at 0xc3 in for 0xa9
03-21 10:44:05.843 3011 3011 E ArmVmp : Match on catch block at 0xc3 in for 0xa9
03-21 10:44:05.845 3011 3011 E ArmVmp : Match on catch block at 0xc3 in for 0xa1
03-21 10:44:06.009 3011 3011 E ArmVmp : Match on catch block at 0xc3 in for 0xa1
03-21 10:44:06.011 3011 3011 E ArmVmp : Match on catch block at 0xc3 in for 0xa5
03-21 10:44:06.092 3011 3011 E ArmVmp : Match on catch block at 0xc3 in for 0xa5
03-21 10:44:06.095 3011 3011 E ArmVmp : Match on catch block at 0xc3 in for 0xa9
03-21 10:44:06.323 3011 3011 E ArmVmp : Match on catch block at 0xc3 in for 0xa9
03-21 10:44:06.326 3011 3011 E ArmVmp : Match on catch block at 0xc3 in for 0xa1
03-21 10:44:06.439 3011 3011 E ArmVmp : Match on catch block at 0xc3 in for 0xa1
03-21 10:44:06.442 3011 3011 E ArmVmp : Match on catch block at 0xc3 in for 0xa5
03-21 10:44:06.935 3011 3011 E ArmVmp : Match on catch block at 0xc3 in for 0xa5
03-21 10:44:06.938 3011 3011 E ArmVmp : Match on catch block at 0xc3 in for 0xa9
03-21 10:44:07.217 3011 3011 E ArmVmp : Match on catch block at 0xc3 in for 0xa9
03-21 10:44:07.220 3011 3011 E ArmVmp : Match on catch block at 0xc3 in for 0xa1
03-21 10:44:07.266 3011 3011 E ArmVmp : Match on catch block at 0xc3 in for 0xa1
03-21 10:44:07.270 3011 3011 E ArmVmp : Match on catch block at 0xc3 in for 0xa5
03-21 10:44:07.333 3011 3011 E ArmVmp : Match on catch block at 0xc3 in for 0xa5
03-21 10:44:07.335 3011 3011 E ArmVmp : Match on catch block at 0xc3 in for 0xa9
03-21 10:44:07.382 3011 3011 E ArmVmp : Match on catch block at 0xc3 in for 0xa9
03-21 10:44:07.385 3011 3011 E ArmVmp : Match on catch block at 0xc3 in for 0xa1
03-21 10:44:07.431 3011 3011 E ArmVmp : Match on catch block at 0xc3 in for 0xa1
03-21 10:44:07.434 3011 3011 E ArmVmp : Match on catch block at 0xc3 in for 0xa5
03-21 10:44:07.481 3011 3011 E ArmVmp : Match on catch block at 0xc3 in for 0xa5
03-21 10:44:07.484 3011 3011 E ArmVmp : Match on catch block at 0xc3 in for 0xa9
03-21 10:44:07.547 3011 3011 E ArmVmp : Match on catch block at 0xc3 in for 0xa9
03-21 10:44:07.551 3011 3011 E ArmVmp : Match on catch block at 0xc3 in for 0xa1
03-21 10:44:07.597 3011 3011 E ArmVmp : Match on catch block at 0xc3 in for 0xa1
03-21 10:44:07.600 3011 3011 E ArmVmp : Match on catch block at 0xc3 in for 0xa5
03-21 10:44:07.647 3011 3011 E ArmVmp : Match on catch block at 0xc3 in for 0xa5
03-21 10:44:07.650 3011 3011 E ArmVmp : Match on catch block at 0xc3 in for 0xa9
03-21 10:44:07.696 3011 3011 E ArmVmp : Match on catch block at 0xc3 in for 0xa9
03-21 10:44:07.699 3011 3011 E ArmVmp : Match on catch block at 0xc3 in for 0xa1
03-21 10:44:07.762 3011 3011 E ArmVmp : Match on catch block at 0xc3 in for 0xa1
03-21 10:44:07.765 3011 3011 E ArmVmp : Match on catch block at 0xc3 in for 0xa5
03-21 10:44:07.812 3011 3011 E ArmVmp : Match on catch block at 0xc3 in for 0xa5
03-21 10:44:07.815 3011 3011 E ArmVmp : Match on catch block at 0xc3 in for 0xa9
03-21 10:44:07.861 3011 3011 E ArmVmp : Match on catch block at 0xc3 in for 0xa9
03-21 10:44:07.864 3011 3011 E ArmVmp : Match on catch block at 0xc3 in for 0xa1
03-21 10:44:07.911 3011 3011 E ArmVmp : Match on catch block at 0xc3 in for 0xa1
03-21 10:44:07.914 3011 3011 E ArmVmp : Match on catch block at 0xc3 in for 0xa5
03-21 10:44:07.961 3011 3011 E ArmVmp : Match on catch block at 0xc3 in for 0xa5
03-21 10:44:07.964 3011 3011 E ArmVmp : Match on catch block at 0xc3 in for 0xa9
03-21 10:44:08.027 3011 3011 E ArmVmp : Match on catch block at 0xc3 in for 0xa9
03-21 10:44:08.030 3011 3011 E ArmVmp : Match on catch block at 0xc3 in for 0xa1
03-21 10:44:08.076 3011 3011 E ArmVmp : Match on catch block at 0xc3 in for 0xa1
03-21 10:44:08.079 3011 3011 E ArmVmp : Match on catch block at 0xc3 in for 0xa5
03-21 10:44:08.126 3011 3011 E ArmVmp : Match on catch block at 0xc3 in for 0xa5
03-21 10:44:08.129 3011 3011 E ArmVmp : Match on catch block at 0xc3 in for 0xa9
03-21 10:44:08.193 3011 3011 E ArmVmp : Match on catch block at 0xc3 in for 0xa9
03-21 10:44:08.196 3011 3011 E ArmVmp : Match on catch block at 0xc3 in for 0xa1
03-21 10:44:08.246 3011 3011 E ArmVmp : Match on catch block at 0xc3 in for 0xa5
03-21 10:44:08.248 3011 3011 E ArmVmp : Match on catch block at 0xc3 in for 0xa9
03-21 10:44:08.258 3011 3011 E ArmVmp : Match on catch block at 0xc3 in for 0xa9
03-21 10:44:08.260 3011 3011 E ArmVmp : Match on catch block at 0xc3 in for 0xa1
03-21 10:44:08.275 3011 3011 E ArmVmp : Match on catch block at 0xc3 in for 0xa1
03-21 10:44:08.277 3011 3011 E ArmVmp : Match on catch block at 0xc3 in for 0xa5
03-21 10:44:08.291 3011 3011 E ArmVmp : Match on catch block at 0xc3 in for 0xa5
03-21 10:44:08.294 3011 3011 E ArmVmp : Match on catch block at 0xc3 in for 0xa9
03-21 10:44:08.308 3011 3011 E ArmVmp : Match on catch block at 0xc3 in for 0xa9
03-21 10:44:08.312 3011 3011 E ArmVmp : Match on catch block at 0xc3 in for 0xa1
03-21 10:44:08.327 3011 3011 E ArmVmp : Match on catch block at 0xc3 in for 0xa1
03-21 10:44:08.329 3011 3011 E ArmVmp : Match on catch block at 0xc3 in for 0xa5
03-21 10:44:08.341 3011 3011 E ArmVmp : Match on catch block at 0xc3 in for 0xa5
03-21 10:44:08.343 3011 3011 E ArmVmp : Match on catch block at 0xc3 in for 0xa9
03-21 10:44:08.357 3011 3011 E ArmVmp : Match on catch block at 0xc3 in for 0xa9
03-21 10:44:08.361 3011 3011 E ArmVmp : Match on catch block at 0xc3 in for 0xa1
03-21 10:44:08.374 3011 3011 E ArmVmp : Match on catch block at 0xc3 in for 0xa1
03-21 10:44:08.378 3011 3011 E ArmVmp : Match on catch block at 0xc3 in for 0xa5
03-21 10:44:08.391 3011 3011 E ArmVmp : Match on catch block at 0xc3 in for 0xa5
03-21 10:44:08.394 3011 3011 E ArmVmp : Match on catch block at 0xc3 in for 0xa9
03-21 10:44:08.407 3011 3011 E ArmVmp : Match on catch block at 0xc3 in for 0xa9
03-21 10:44:08.410 3011 3011 E ArmVmp : Match on catch block at 0xc3 in for 0xa1
03-21 10:44:08.425 3011 3011 E ArmVmp : Match on catch block at 0xc3 in for 0xa1
03-21 10:44:08.428 3011 3011 E ArmVmp : Match on catch block at 0xc3 in for 0xa5
03-21 10:44:08.441 3011 3011 E ArmVmp : Match on catch block at 0xc3 in for 0xa5
03-21 10:44:08.443 3011 3011 E ArmVmp : Match on catch block at 0xc3 in for 0xa9
03-21 10:44:08.824 3011 3011 E ArmVmp : Match on catch block at 0xc3 in for 0xa1
03-21 10:44:08.827 3011 3011 E ArmVmp : Match on catch block at 0xc3 in for 0xa5
03-21 10:44:08.839 3011 3011 E ArmVmp : Match on catch block at 0xc3 in for 0xa1
03-21 10:44:08.841 3011 3011 E ArmVmp : Match on catch block at 0xc3 in for 0xa5
03-21 10:44:08.854 3011 3011 E ArmVmp : Match on catch block at 0xc3 in for 0xa5
03-21 10:44:08.856 3011 3011 E ArmVmp : Match on catch block at 0xc3 in for 0xa9
03-21 10:44:08.870 3011 3011 E ArmVmp : Match on catch block at 0xc3 in for 0xa9
03-21 10:44:08.874 3011 3011 E ArmVmp : Match on catch block at 0xc3 in for 0xa1
03-21 10:44:08.887 3011 3011 E ArmVmp : Match on catch block at 0xc3 in for 0xa1
03-21 10:44:08.889 3011 3011 E ArmVmp : Match on catch block at 0xc3 in for 0xa5
03-21 10:44:08.903 3011 3011 E ArmVmp : Match on catch block at 0xc3 in for 0xa5
03-21 10:44:08.906 3011 3011 E ArmVmp : Match on catch block at 0xc3 in for 0xa9
03-21 10:44:08.921 3011 3011 E ArmVmp : Match on catch block at 0xc3 in for 0xa9
03-21 10:44:08.924 3011 3011 E ArmVmp : Match on catch block at 0xc3 in for 0xa1
03-21 10:44:08.937 3011 3011 E ArmVmp : Match on catch block at 0xc3 in for 0xa1
03-21 10:44:08.941 3011 3011 E ArmVmp : Match on catch block at 0xc3 in for 0xa5
03-21 10:44:08.958 3011 3011 E ArmVmp : Match on catch block at 0xc3 in for 0xa5
03-21 10:44:08.961 3011 3011 E ArmVmp : Match on catch block at 0xc3 in for 0xa9
03-21 10:44:08.970 3011 3011 E ArmVmp : Match on catch block at 0xc3 in for 0xa9
03-21 10:44:08.972 3011 3011 E ArmVmp : Match on catch block at 0xc3 in for 0xa1
03-21 10:44:08.986 3011 3011 E ArmVmp : Match on catch block at 0xc3 in for 0xa1
03-21 10:44:08.989 3011 3011 E ArmVmp : Match on catch block at 0xc3 in for 0xa5
03-21 10:44:09.003 3011 3011 E ArmVmp : Match on catch block at 0xc3 in for 0xa5
03-21 10:44:09.005 3011 3011 E ArmVmp : Match on catch block at 0xc3 in for 0xa9
03-21 10:44:09.019 3011 3011 E ArmVmp : Match on catch block at 0xc3 in for 0xa9
03-21 10:44:09.021 3011 3011 E ArmVmp : Match on catch block at 0xc3 in for 0xa1
03-21 10:44:09.036 3011 3011 E ArmVmp : Match on catch block at 0xc3 in for 0xa1
03-21 10:44:09.038 3011 3011 E ArmVmp : Match on catch block at 0xc3 in for 0xa5
03-21 10:44:09.236 3011 3011 E ArmVmp : Match on catch block at 0xc3 in for 0xa5
03-21 10:44:09.239 3011 3011 E ArmVmp : Match on catch block at 0xc3 in for 0xa9
03-21 10:44:09.351 3011 3011 E ArmVmp : Match on catch block at 0xc3 in for 0xa9
03-21 10:44:09.354 3011 3011 E ArmVmp : Match on catch block at 0xc3 in for 0xa1
03-21 10:44:09.847 3011 3011 E ArmVmp : Match on catch block at 0xc3 in for 0xa1
03-21 10:44:09.850 3011 3011 E ArmVmp : Match on catch block at 0xc3 in for 0xa5
03-21 10:44:09.915 3011 3011 E ArmVmp : Match on catch block at 0xc3 in for 0xa5
03-21 10:44:09.917 3011 3011 E ArmVmp : Match on catch block at 0xc3 in for 0xa9
03-21 10:44:10.194 3011 3011 E ArmVmp : Match on catch block at 0xc3 in for 0xa9
03-21 10:44:10.196 3011 3011 E ArmVmp : Match on catch block at 0xc3 in for 0xa1
03-21 10:44:10.343 3011 3011 E ArmVmp : Match on catch block at 0xc3 in for 0xa1
03-21 10:44:10.346 3011 3011 E ArmVmp : Match on catch block at 0xc3 in for 0xa5
03-21 10:44:10.575 3011 3011 E ArmVmp : Match on catch block at 0xc3 in for 0xa5
03-21 10:44:10.578 3011 3011 E ArmVmp : Match on catch block at 0xc3 in for 0xa9
03-21 10:44:11.088 3011 3011 E ArmVmp : Match on catch block at 0xc3 in for 0xa9
03-21 10:44:11.091 3011 3011 E ArmVmp : Match on catch block at 0xc3 in for 0xa1
03-21 10:44:11.468 3011 3011 E ArmVmp : Match on catch block at 0xc3 in for 0xa1
03-21 10:44:11.470 3011 3011 E ArmVmp : Match on catch block at 0xc3 in for 0xa5
03-21 10:44:11.567 3011 3011 E ArmVmp : Match on catch block at 0xc3 in for 0xa5
03-21 10:44:11.569 3011 3011 E ArmVmp : Match on catch block at 0xc3 in for 0xa9
03-21 10:44:12.064 3011 3011 E ArmVmp : Match on catch block at 0xc3 in for 0xa9
03-21 10:44:12.069 3011 3011 E ArmVmp : Match on catch block at 0xc3 in for 0xa1
03-21 10:44:12.286 3011 3011 E ArmVmp : Match on catch block at 0xc3 in for 0xa9
03-21 10:44:12.289 3011 3011 E ArmVmp : Match on catch block at 0xc3 in for 0xa1
03-21 10:44:12.337 3011 3011 E ArmVmp : Match on catch block at 0xc3 in for 0xa1
03-21 10:44:12.340 3011 3011 E ArmVmp : Match on catch block at 0xc3 in for 0xa5
03-21 10:44:12.370 3011 6306 W libEGL : EGLNativeWindowType 0xb400007271270490
disconnect failed
03-21 10:44:12.560 3011 3011 E ArmVmp : Match on catch block at 0xc3 in for 0xa5
03-21 10:44:12.563 3011 3011 E ArmVmp : Match on catch block at 0xc3 in for 0xa9
03-21 10:44:13.073 3011 3011 E ArmVmp : Match on catch block at 0xc3 in for 0xa9
03-21 10:44:13.076 3011 3011 E ArmVmp : Match on catch block at 0xc3 in for 0xa1
03-21 10:44:13.304 3011 6306 W libEGL : EGLNativeWindowType 0xb400007271270490
disconnect failed
03-21 10:44:13.322 3011 3011 E ArmVmp : Match on catch block at 0xc3 in for 0xa1
