03-21 10:34:30.978 29625 29625 E ArmVmp : Match on catch block at 0xc3 in for 0xa1
03-21 10:34:30.981 29625 29625 E ArmVmp : Match on catch block at 0xc3 in for 0xa1
03-21 10:34:31.034 29625 29625 E ArmVmp : Match on catch block at 0xc3 in for 0xa5
03-21 10:34:31.037 29625 29625 E ArmVmp : Match on catch block at 0xc3 in for 0xa9
03-21 10:34:31.040 29625 29625 E ArmVmp : Match on catch block at 0xc3 in for 0xa9
03-21 10:34:31.094 29625 29625 E ArmVmp : Match on catch block at 0xc3 in for 0xa1
03-21 10:34:31.097 29625 29625 E ArmVmp : Match on catch block at 0xc3 in for 0xa5
03-21 10:34:31.099 29625 29625 E ArmVmp : Match on catch block at 0xc3 in for 0xa5
03-21 10:34:31.141 29625 29625 E ArmVmp : Match on catch block at 0xc3 in for 0xa1
03-21 10:34:31.143 29625 29625 E ArmVmp : Match on catch block at 0xc3 in for 0xa5
03-21 10:34:31.146 29625 29625 E ArmVmp : Match on catch block at 0xc3 in for 0xa5
03-21 10:34:31.195 29625 29625 E ArmVmp : Match on catch block at 0xc3 in for 0xa9
03-21 10:34:31.198 29625 29625 E ArmVmp : Match on catch block at 0xc3 in for 0xa1
03-21 10:34:31.201 29625 29625 E ArmVmp : Match on catch block at 0xc3 in for 0xa1
03-21 10:34:31.255 29625 29625 E ArmVmp : Match on catch block at 0xc3 in for 0xa5
03-21 10:34:31.259 29625 29625 E ArmVmp : Match on catch block at 0xc3 in for 0xa9
03-21 10:34:31.261 29625 29625 E ArmVmp : Match on catch block at 0xc3 in for 0xa9
03-21 10:34:31.275 29625 29625 E ArmVmp : Match on catch block at 0xc3 in for 0xa1
03-21 10:34:31.279 29625 29625 E ArmVmp : Match on catch block at 0xc3 in for 0xa5
03-21 10:34:31.282 29625 29625 E ArmVmp : Match on catch block at 0xc3 in for 0xa5
03-21 10:34:31.296 29625 29625 E ArmVmp : Match on catch block at 0xc3 in for 0xa9
03-21 10:34:31.300 29625 29625 E ArmVmp : Match on catch block at 0xc3 in for 0xa1
03-21 10:34:31.303 29625 29625 E ArmVmp : Match on catch block at 0xc3 in for 0xa1
03-21 10:34:31.355 29625 29625 E ArmVmp : Match on catch block at 0xc3 in for 0xa5
03-21 10:34:31.358 29625 29625 E ArmVmp : Match on catch block at 0xc3 in for 0xa9
03-21 10:34:31.361 29625 29625 E ArmVmp : Match on catch block at 0xc3 in for 0xa9
03-21 10:34:31.415 29625 29625 E ArmVmp : Match on catch block at 0xc3 in for 0xa1
03-21 10:34:31.418 29625 29625 E ArmVmp : Match on catch block at 0xc3 in for 0xa5
03-21 10:34:31.420 29625 29625 E ArmVmp : Match on catch block at 0xc3 in for 0xa5
03-21 10:34:31.455 29625 29625 E ArmVmp : Match on catch block at 0xc3 in for 0xa9
03-21 10:34:31.458 29625 29625 E ArmVmp : Match on catch block at 0xc3 in for 0xa1
03-21 10:34:31.461 29625 29625 E ArmVmp : Match on catch block at 0xc3 in for 0xa1
03-21 10:34:31.515 29625 29625 E ArmVmp : Match on catch block at 0xc3 in for 0xa5
03-21 10:34:31.518 29625 29625 E ArmVmp : Match on catch block at 0xc3 in for 0xa9
03-21 10:34:31.520 29625 29625 E ArmVmp : Match on catch block at 0xc3 in for 0xa9
03-21 10:34:31.555 29625 29625 E ArmVmp : Match on catch block at 0xc3 in for 0xa1
03-21 10:34:31.558 29625 29625 E ArmVmp : Match on catch block at 0xc3 in for 0xa5
03-21 10:34:31.561 29625 29625 E ArmVmp : Match on catch block at 0xc3 in for 0xa5
03-21 10:34:31.615 29625 29625 E ArmVmp : Match on catch block at 0xc3 in for 0xa9
03-21 10:34:31.618 29625 29625 E ArmVmp : Match on catch block at 0xc3 in for 0xa1
03-21 10:34:31.621 29625 29625 E ArmVmp : Match on catch block at 0xc3 in for 0xa1
03-21 10:34:31.675 29625 29625 E ArmVmp : Match on catch block at 0xc3 in for 0xa5
03-21 10:34:31.678 29625 29625 E ArmVmp : Match on catch block at 0xc3 in for 0xa9
03-21 10:34:31.681 29625 29625 E ArmVmp : Match on catch block at 0xc3 in for 0xa9
03-21 10:34:31.715 29625 29625 E ArmVmp : Match on catch block at 0xc3 in for 0xa1
03-21 10:34:31.718 29625 29625 E ArmVmp : Match on catch block at 0xc3 in for 0xa5
03-21 10:34:31.722 29625 29625 E ArmVmp : Match on catch block at 0xc3 in for 0xa5
03-21 10:34:31.775 29625 29625 E ArmVmp : Match on catch block at 0xc3 in for 0xa9
03-21 10:34:31.778 29625 29625 E ArmVmp : Match on catch block at 0xc3 in for 0xa1
03-21 10:34:31.783 29625 29625 E ArmVmp : Match on catch block at 0xc3 in for 0xa1
03-21 10:34:31.794 29625 29625 E ArmVmp : Match on catch block at 0xc3 in for 0xa5
03-21 10:34:31.798 29625 29625 E ArmVmp : Match on catch block at 0xc3 in for 0xa9
03-21 10:34:31.801 29625 29625 E ArmVmp : Match on catch block at 0xc3 in for 0xa9
03-21 10:34:31.814 29625 29625 E ArmVmp : Match on catch block at 0xc3 in for 0xa1
03-21 10:34:31.817 29625 29625 E ArmVmp : Match on catch block at 0xc3 in for 0xa5
03-21 10:34:31.820 29625 29625 E ArmVmp : Match on catch block at 0xc3 in for 0xa5
03-21 10:34:31.875 29625 29625 E ArmVmp : Match on catch block at 0xc3 in for 0xa9
03-21 10:34:31.878 29625 29625 E ArmVmp : Match on catch block at 0xc3 in for 0xa1
03-21 10:34:31.880 29625 29625 E ArmVmp : Match on catch block at 0xc3 in for 0xa1
03-21 10:34:31.915 29625 29625 E ArmVmp : Match on catch block at 0xc3 in for 0xa5
03-21 10:34:31.917 29625 29625 E ArmVmp : Match on catch block at 0xc3 in for 0xa9
03-21 10:34:31.920 29625 29625 E ArmVmp : Match on catch block at 0xc3 in for 0xa9
03-21 10:34:31.975 29625 29625 E ArmVmp : Match on catch block at 0xc3 in for 0xa1
03-21 10:34:31.979 29625 29625 E ArmVmp : Match on catch block at 0xc3 in for 0xa5
03-21 10:34:31.982 29625 29625 E ArmVmp : Match on catch block at 0xc3 in for 0xa5
03-21 10:34:32.015 29625 29625 E ArmVmp : Match on catch block at 0xc3 in for 0xa9
03-21 10:34:32.018 29625 29625 E ArmVmp : Match on catch block at 0xc3 in for 0xa1
03-21 10:34:32.021 29625 29625 E ArmVmp : Match on catch block at 0xc3 in for 0xa1
03-21 10:34:32.075 29625 29625 E ArmVmp : Match on catch block at 0xc3 in for 0xa5
03-21 10:34:32.078 29625 29625 E ArmVmp : Match on catch block at 0xc3 in for 0xa9
03-21 10:34:32.081 29625 29625 E ArmVmp : Match on catch block at 0xc3 in for 0xa9
03-21 10:34:32.135 29625 29625 E ArmVmp : Match on catch block at 0xc3 in for 0xa1
03-21 10:34:32.139 29625 29625 E ArmVmp : Match on catch block at 0xc3 in for 0xa5
03-21 10:34:32.141 29625 29625 E ArmVmp : Match on catch block at 0xc3 in for 0xa5
03-21 10:34:32.297 29625 29625 E ArmVmp : Match on catch block at 0xc3 in for 0xa9
03-21 10:34:32.300 29625 29625 E ArmVmp : Match on catch block at 0xc3 in for 0xa1
03-21 10:34:32.303 29625 29625 E ArmVmp : Match on catch block at 0xc3 in for 0xa1
03-21 10:34:32.315 29625 29625 E ArmVmp : Match on catch block at 0xc3 in for 0xa5
03-21 10:34:32.318 29625 29625 E ArmVmp : Match on catch block at 0xc3 in for 0xa9
03-21 10:34:32.321 29625 29625 E ArmVmp : Match on catch block at 0xc3 in for 0xa9
03-21 10:34:32.555 29625 29625 E ArmVmp : Match on catch block at 0xc3 in for 0xa9
03-21 10:34:32.558 29625 29625 E ArmVmp : Match on catch block at 0xc3 in for 0xa1
03-21 10:34:32.561 29625 29625 E ArmVmp : Match on catch block at 0xc3 in for 0xa1
03-21 10:34:32.567 29625 29625 W AudioManager: Use of stream types is deprecated
for operations other than volume control
03-21 10:34:32.568 29625 29625 W AudioManager: See the documentation of
requestAudioFocus() for what to use instead with android.media.AudioAttributes to
qualify your playback use case
03-21 10:34:32.601 29625 29625 E ArmVmp : Match on catch block at 0xc3 in for 0xa5
03-21 10:34:32.602 29625 29625 E ArmVmp : Match on catch block at 0xc3 in for 0xa9
03-21 10:34:32.604 29625 29625 E ArmVmp : Match on catch block at 0xc3 in for 0xa9
03-21 10:34:32.614 29625 29625 E ArmVmp : Match on catch block at 0xc3 in for 0xa1
03-21 10:34:32.616 29625 29625 E ArmVmp : Match on catch block at 0xc3 in for 0xa5
03-21 10:34:32.617 29625 29625 E ArmVmp : Match on catch block at 0xc3 in for 0xa5
03-21 10:34:32.754 29625 29625 E ArmVmp : Match on catch block at 0xc3 in for 0xa9
03-21 10:34:32.757 29625 29625 E ArmVmp : Match on catch block at 0xc3 in for 0xa1
03-21 10:34:32.760 29625 29625 E ArmVmp : Match on catch block at 0xc3 in for 0xa1
03-21 10:34:32.815 29625 29625 E ArmVmp : Match on catch block at 0xc3 in for 0xa5
03-21 10:34:32.818 29625 29625 E ArmVmp : Match on catch block at 0xc3 in for 0xa9
03-21 10:34:32.821 29625 29625 E ArmVmp : Match on catch block at 0xc3 in for 0xa9
03-21 10:34:32.835 29625 29625 E ArmVmp : Match on catch block at 0xc3 in for 0xa1
03-21 10:34:32.838 29625 29625 E ArmVmp : Match on catch block at 0xc3 in for 0xa5
03-21 10:34:32.842 29625 29625 E ArmVmp : Match on catch block at 0xc3 in for 0xa5
03-21 10:34:32.855 29625 29625 E ArmVmp : Match on catch block at 0xc3 in for 0xa9
03-21 10:34:32.858 29625 29625 E ArmVmp : Match on catch block at 0xc3 in for 0xa1
03-21 10:34:32.860 29625 29625 E ArmVmp : Match on catch block at 0xc3 in for 0xa1
03-21 10:34:32.914 29625 29625 E ArmVmp : Match on catch block at 0xc3 in for 0xa5
03-21 10:34:32.918 29625 29625 E ArmVmp : Match on catch block at 0xc3 in for 0xa9
03-21 10:34:32.920 29625 29625 E ArmVmp : Match on catch block at 0xc3 in for 0xa9
03-21 10:34:32.954 29625 29625 E ArmVmp : Match on catch block at 0xc3 in for 0xa1
03-21 10:34:32.958 29625 29625 E ArmVmp : Match on catch block at 0xc3 in for 0xa5
03-21 10:34:32.961 29625 29625 E ArmVmp : Match on catch block at 0xc3 in for 0xa5
03-21 10:34:33.016 29625 29625 E ArmVmp : Match on catch block at 0xc3 in for 0xa9
03-21 10:34:33.019 29625 29625 E ArmVmp : Match on catch block at 0xc3 in for 0xa1
03-21 10:34:33.022 29625 29625 E ArmVmp : Match on catch block at 0xc3 in for 0xa1
03-21 10:34:33.076 29625 29625 E ArmVmp : Match on catch block at 0xc3 in for 0xa5
03-21 10:34:33.079 29625 29625 E ArmVmp : Match on catch block at 0xc3 in for 0xa9
03-21 10:34:33.081 29625 29625 E ArmVmp : Match on catch block at 0xc3 in for 0xa9
03-21 10:34:33.115 29625 29625 E ArmVmp : Match on catch block at 0xc3 in for 0xa1
03-21 10:34:33.118 29625 29625 E ArmVmp : Match on catch block at 0xc3 in for 0xa5
03-21 10:34:33.121 29625 29625 E ArmVmp : Match on catch block at 0xc3 in for 0xa5
03-21 10:34:33.174 29625 29625 E ArmVmp : Match on catch block at 0xc3 in for 0xa9
03-21 10:34:33.177 29625 29625 E ArmVmp : Match on catch block at 0xc3 in for 0xa1
03-21 10:34:33.179 29625 29625 E ArmVmp : Match on catch block at 0xc3 in for 0xa1
03-21 10:34:33.216 29625 29625 E ArmVmp : Match on catch block at 0xc3 in for 0xa9
03-21 10:34:33.219 29625 29625 E ArmVmp : Match on catch block at 0xc3 in for 0xa1
03-21 10:34:33.221 29625 29625 E ArmVmp : Match on catch block at 0xc3 in for 0xa1
03-21 10:34:33.275 29625 29625 E ArmVmp : Match on catch block at 0xc3 in for 0xa5
03-21 10:34:33.277 29625 29625 E ArmVmp : Match on catch block at 0xc3 in for 0xa9
03-21 10:34:33.279 29625 29625 E ArmVmp : Match on catch block at 0xc3 in for 0xa9
03-21 10:34:33.334 29625 29625 E ArmVmp : Match on catch block at 0xc3 in for 0xa1
03-21 10:34:33.337 29625 29625 E ArmVmp : Match on catch block at 0xc3 in for 0xa5
03-21 10:34:33.340 29625 29625 E ArmVmp : Match on catch block at 0xc3 in for 0xa5
03-21 10:34:33.355 29625 29625 E ArmVmp : Match on catch block at 0xc3 in for 0xa9
03-21 10:34:33.358 29625 29625 E ArmVmp : Match on catch block at 0xc3 in for 0xa1
03-21 10:34:33.361 29625 29625 E ArmVmp : Match on catch block at 0xc3 in for 0xa1
03-21 10:34:33.376 29625 29625 E ArmVmp : Match on catch block at 0xc3 in for 0xa5
03-21 10:34:33.379 29625 29625 E ArmVmp : Match on catch block at 0xc3 in for 0xa9
03-21 10:34:33.381 29625 29625 E ArmVmp : Match on catch block at 0xc3 in for 0xa9
03-21 10:34:33.435 29625 29625 E ArmVmp : Match on catch block at 0xc3 in for 0xa1
03-21 10:34:33.438 29625 29625 E ArmVmp : Match on catch block at 0xc3 in for 0xa5
03-21 10:34:33.440 29625 29625 E ArmVmp : Match on catch block at 0xc3 in for 0xa5
03-21 10:34:33.476 29625 29625 E ArmVmp : Match on catch block at 0xc3 in for 0xa9
03-21 10:34:33.480 29625 29625 E ArmVmp : Match on catch block at 0xc3 in for 0xa1
03-21 10:34:33.482 29625 29625 E ArmVmp : Match on catch block at 0xc3 in for 0xa1
03-21 10:34:33.535 29625 29625 E ArmVmp : Match on catch block at 0xc3 in for 0xa5
03-21 10:34:33.538 29625 29625 E ArmVmp : Match on catch block at 0xc3 in for 0xa9
03-21 10:34:33.542 29625 29625 E ArmVmp : Match on catch block at 0xc3 in for 0xa9
03-21 10:34:33.575 29625 29625 E ArmVmp : Match on catch block at 0xc3 in for 0xa1
03-21 10:34:33.578 29625 29625 E ArmVmp : Match on catch block at 0xc3 in for 0xa5
03-21 10:34:33.580 29625 29625 E ArmVmp : Match on catch block at 0xc3 in for 0xa5
03-21 10:34:33.634 29625 29625 E ArmVmp : Match on catch block at 0xc3 in for 0xa9
03-21 10:34:33.637 29625 29625 E ArmVmp : Match on catch block at 0xc3 in for 0xa1
03-21 10:34:33.639 29625 29625 E ArmVmp : Match on catch block at 0xc3 in for 0xa1
03-21 10:34:33.695 29625 29625 E ArmVmp : Match on catch block at 0xc3 in for 0xa5
03-21 10:34:33.699 29625 29625 E ArmVmp : Match on catch block at 0xc3 in for 0xa9
03-21 10:34:33.701 29625 29625 E ArmVmp : Match on catch block at 0xc3 in for 0xa9
03-21 10:34:33.735 29625 29625 E ArmVmp : Match on catch block at 0xc3 in for 0xa1
03-21 10:34:33.739 29625 29625 E ArmVmp : Match on catch block at 0xc3 in for 0xa5
03-21 10:34:33.742 29625 29625 E ArmVmp : Match on catch block at 0xc3 in for 0xa5
03-21 10:34:33.796 29625 29625 E ArmVmp : Match on catch block at 0xc3 in for 0xa9
03-21 10:34:33.799 29625 29625 E ArmVmp : Match on catch block at 0xc3 in for 0xa1
03-21 10:34:33.801 29625 29625 E ArmVmp : Match on catch block at 0xc3 in for 0xa1
03-21 10:34:33.819 29625 29625 E ArmVmp : Match on catch block at 0xc3 in for 0xa9
03-21 10:34:33.822 29625 29625 E ArmVmp : Match on catch block at 0xc3 in for 0xa1
03-21 10:34:33.824 29625 29625 E ArmVmp : Match on catch block at 0xc3 in for 0xa1
03-21 10:34:33.834 29625 29625 E ArmVmp : Match on catch block at 0xc3 in for 0xa5
03-21 10:34:33.837 29625 29625 E ArmVmp : Match on catch block at 0xc3 in for 0xa9
03-21 10:34:33.840 29625 29625 E ArmVmp : Match on catch block at 0xc3 in for 0xa9
03-21 10:34:33.854 29625 29625 E ArmVmp : Match on catch block at 0xc3 in for 0xa1
03-21 10:34:33.857 29625 29625 E ArmVmp : Match on catch block at 0xc3 in for 0xa5
03-21 10:34:33.860 29625 29625 E ArmVmp : Match on catch block at 0xc3 in for 0xa5
03-21 10:34:33.894 29625 29625 E ArmVmp : Match on catch block at 0xc3 in for 0xa9
03-21 10:34:33.898 29625 29625 E ArmVmp : Match on catch block at 0xc3 in for 0xa1
03-21 10:34:33.900 29625 29625 E ArmVmp : Match on catch block at 0xc3 in for 0xa1
03-21 10:34:33.934 29625 29625 E ArmVmp : Match on catch block at 0xc3 in for 0xa5
03-21 10:34:33.937 29625 29625 E ArmVmp : Match on catch block at 0xc3 in for 0xa9
03-21 10:34:33.939 29625 29625 E ArmVmp : Match on catch block at 0xc3 in for 0xa9
03-21 10:34:33.995 29625 29625 E ArmVmp : Match on catch block at 0xc3 in for 0xa1
03-21 10:34:33.998 29625 29625 E ArmVmp : Match on catch block at 0xc3 in for 0xa5
03-21 10:34:34.000 29625 29625 E ArmVmp : Match on catch block at 0xc3 in for 0xa5
03-21 10:34:34.055 29625 29625 E ArmVmp : Match on catch block at 0xc3 in for 0xa9
03-21 10:34:34.058 29625 29625 E ArmVmp : Match on catch block at 0xc3 in for 0xa1
03-21 10:34:34.061 29625 29625 E ArmVmp : Match on catch block at 0xc3 in for 0xa1
03-21 10:34:34.095 29625 29625 E ArmVmp : Match on catch block at 0xc3 in for 0xa5
03-21 10:34:34.098 29625 29625 E ArmVmp : Match on catch block at 0xc3 in for 0xa9
03-21 10:34:34.101 29625 29625 E ArmVmp : Match on catch block at 0xc3 in for 0xa9
03-21 10:34:34.155 29625 29625 E ArmVmp : Match on catch block at 0xc3 in for 0xa1
03-21 10:34:34.158 29625 29625 E ArmVmp : Match on catch block at 0xc3 in for 0xa5
03-21 10:34:34.161 29625 29625 E ArmVmp : Match on catch block at 0xc3 in for 0xa5
03-21 10:34:34.195 29625 29625 E ArmVmp : Match on catch block at 0xc3 in for 0xa9
03-21 10:34:34.198 29625 29625 E ArmVmp : Match on catch block at 0xc3 in for 0xa1
03-21 10:34:34.201 29625 29625 E ArmVmp : Match on catch block at 0xc3 in for 0xa1
03-21 10:34:34.254 29625 29625 E ArmVmp : Match on catch block at 0xc3 in for 0xa9
03-21 10:34:34.257 29625 29625 E ArmVmp : Match on catch block at 0xc3 in for 0xa1
03-21 10:34:34.260 29625 29625 E ArmVmp : Match on catch block at 0xc3 in for 0xa1
03-21 10:34:34.314 29625 29625 E ArmVmp : Match on catch block at 0xc3 in for 0xa5
03-21 10:34:34.317 29625 29625 E ArmVmp : Match on catch block at 0xc3 in for 0xa9
03-21 10:34:34.321 29625 29625 E ArmVmp : Match on catch block at 0xc3 in for 0xa9
03-21 10:34:34.354 29625 29625 E ArmVmp : Match on catch block at 0xc3 in for 0xa1
03-21 10:34:34.358 29625 29625 E ArmVmp : Match on catch block at 0xc3 in for 0xa5
03-21 10:34:34.361 29625 29625 E ArmVmp : Match on catch block at 0xc3 in for 0xa5
03-21 10:34:34.375 29625 29625 E ArmVmp : Match on catch block at 0xc3 in for 0xa9
03-21 10:34:34.378 29625 29625 E ArmVmp : Match on catch block at 0xc3 in for 0xa1
03-21 10:34:34.381 29625 29625 E ArmVmp : Match on catch block at 0xc3 in for 0xa1
03-21 10:34:34.435 29625 29625 E ArmVmp : Match on catch block at 0xc3 in for 0xa5
03-21 10:34:34.438 29625 29625 E ArmVmp : Match on catch block at 0xc3 in for 0xa9
03-21 10:34:34.443 29625 29625 E ArmVmp : Match on catch block at 0xc3 in for 0xa9
03-21 10:34:34.475 29625 29625 E ArmVmp : Match on catch block at 0xc3 in for 0xa1
03-21 10:34:34.478 29625 29625 E ArmVmp : Match on catch block at 0xc3 in for 0xa5
03-21 10:34:34.480 29625 29625 E ArmVmp : Match on catch block at 0xc3 in for 0xa5
03-21 10:34:34.535 29625 29625 E ArmVmp : Match on catch block at 0xc3 in for 0xa9
03-21 10:34:34.538 29625 29625 E ArmVmp : Match on catch block at 0xc3 in for 0xa1
03-21 10:34:34.541 29625 29625 E ArmVmp : Match on catch block at 0xc3 in for 0xa1
03-21 10:34:34.575 29625 29625 E ArmVmp : Match on catch block at 0xc3 in for 0xa5
03-21 10:34:34.577 29625 29625 E ArmVmp : Match on catch block at 0xc3 in for 0xa9
03-21 10:34:34.580 29625 29625 E ArmVmp : Match on catch block at 0xc3 in for 0xa9
03-21 10:34:34.634 29625 29625 E ArmVmp : Match on catch block at 0xc3 in for 0xa1
03-21 10:34:34.636 29625 29625 E ArmVmp : Match on catch block at 0xc3 in for 0xa5
03-21 10:34:34.639 29625 29625 E ArmVmp : Match on catch block at 0xc3 in for 0xa5
03-21 10:34:34.695 29625 29625 E ArmVmp : Match on catch block at 0xc3 in for 0xa9
03-21 10:34:34.698 29625 29625 E ArmVmp : Match on catch block at 0xc3 in for 0xa1
03-21 10:34:34.701 29625 29625 E ArmVmp : Match on catch block at 0xc3 in for 0xa1
03-21 10:34:34.735 29625 29625 E ArmVmp : Match on catch block at 0xc3 in for 0xa5
03-21 10:34:34.738 29625 29625 E ArmVmp : Match on catch block at 0xc3 in for 0xa9
03-21 10:34:34.740 29625 29625 E ArmVmp : Match on catch block at 0xc3 in for 0xa9
03-21 10:34:34.794 29625 29625 E ArmVmp : Match on catch block at 0xc3 in for 0xa1
03-21 10:34:34.798 29625 29625 E ArmVmp : Match on catch block at 0xc3 in for 0xa5
03-21 10:34:34.801 29625 29625 E ArmVmp : Match on catch block at 0xc3 in for 0xa5
03-21 10:34:34.835 29625 29625 E ArmVmp : Match on catch block at 0xc3 in for 0xa9
03-21 10:34:34.838 29625 29625 E ArmVmp : Match on catch block at 0xc3 in for 0xa1
03-21 10:34:34.841 29625 29625 E ArmVmp : Match on catch block at 0xc3 in for 0xa1
03-21 10:34:34.855 29625 29625 E ArmVmp : Match on catch block at 0xc3 in for 0xa5
03-21 10:34:34.859 29625 29625 E ArmVmp : Match on catch block at 0xc3 in for 0xa9
03-21 10:34:34.862 29625 29625 E ArmVmp : Match on catch block at 0xc3 in for 0xa9
03-21 10:34:34.895 29625 29625 E ArmVmp : Match on catch block at 0xc3 in for 0xa1
03-21 10:34:34.898 29625 29625 E ArmVmp : Match on catch block at 0xc3 in for 0xa5
03-21 10:34:34.901 29625 29625 E ArmVmp : Match on catch block at 0xc3 in for 0xa5
03-21 10:34:34.935 29625 29625 E ArmVmp : Match on catch block at 0xc3 in for 0xa9
03-21 10:34:34.938 29625 29625 E ArmVmp : Match on catch block at 0xc3 in for 0xa1
03-21 10:34:34.940 29625 29625 E ArmVmp : Match on catch block at 0xc3 in for 0xa1
03-21 10:34:34.995 29625 29625 E ArmVmp : Match on catch block at 0xc3 in for 0xa5
03-21 10:34:34.998 29625 29625 E ArmVmp : Match on catch block at 0xc3 in for 0xa9
03-21 10:34:35.001 29625 29625 E ArmVmp : Match on catch block at 0xc3 in for 0xa9
03-21 10:34:35.035 29625 29625 E ArmVmp : Match on catch block at 0xc3 in for 0xa1
03-21 10:34:35.038 29625 29625 E ArmVmp : Match on catch block at 0xc3 in for 0xa5
03-21 10:34:35.041 29625 29625 E ArmVmp : Match on catch block at 0xc3 in for 0xa5
03-21 10:34:35.095 29625 29625 E ArmVmp : Match on catch block at 0xc3 in for 0xa9
03-21 10:34:35.099 29625 29625 E ArmVmp : Match on catch block at 0xc3 in for 0xa1
03-21 10:34:35.102 29625 29625 E ArmVmp : Match on catch block at 0xc3 in for 0xa1
03-21 10:34:35.155 29625 29625 E ArmVmp : Match on catch block at 0xc3 in for 0xa5
03-21 10:34:35.158 29625 29625 E ArmVmp : Match on catch block at 0xc3 in for 0xa9
03-21 10:34:35.161 29625 29625 E ArmVmp : Match on catch block at 0xc3 in for 0xa9
03-21 10:34:35.195 29625 29625 E ArmVmp : Match on catch block at 0xc3 in for 0xa1
03-21 10:34:35.198 29625 29625 E ArmVmp : Match on catch block at 0xc3 in for 0xa5
03-21 10:34:35.201 29625 29625 E ArmVmp : Match on catch block at 0xc3 in for 0xa5
03-21 10:34:35.255 29625 29625 E ArmVmp : Match on catch block at 0xc3 in for 0xa9
03-21 10:34:35.259 29625 29625 E ArmVmp : Match on catch block at 0xc3 in for 0xa1
03-21 10:34:35.262 29625 29625 E ArmVmp : Match on catch block at 0xc3 in for 0xa1
03-21 10:34:35.295 29625 29625 E ArmVmp : Match on catch block at 0xc3 in for 0xa9
03-21 10:34:35.299 29625 29625 E ArmVmp : Match on catch block at 0xc3 in for 0xa1
03-21 10:34:35.302 29625 29625 E ArmVmp : Match on catch block at 0xc3 in for 0xa1
03-21 10:34:35.356 29625 29625 E ArmVmp : Match on catch block at 0xc3 in for 0xa5
03-21 10:34:35.359 29625 29625 E ArmVmp : Match on catch block at 0xc3 in for 0xa9
03-21 10:34:35.361 29625 29625 E ArmVmp : Match on catch block at 0xc3 in for 0xa9
03-21 10:34:35.375 29625 29625 E ArmVmp : Match on catch block at 0xc3 in for 0xa1
03-21 10:34:35.378 29625 29625 E ArmVmp : Match on catch block at 0xc3 in for 0xa5
03-21 10:34:35.381 29625 29625 E ArmVmp : Match on catch block at 0xc3 in for 0xa5
03-21 10:34:35.415 29625 29625 E ArmVmp : Match on catch block at 0xc3 in for 0xa9
03-21 10:34:35.418 29625 29625 E ArmVmp : Match on catch block at 0xc3 in for 0xa1
03-21 10:34:35.421 29625 29625 E ArmVmp : Match on catch block at 0xc3 in for 0xa1
03-21 10:34:35.435 29625 29625 E ArmVmp : Match on catch block at 0xc3 in for 0xa5
03-21 10:34:35.438 29625 29625 E ArmVmp : Match on catch block at 0xc3 in for 0xa9
03-21 10:34:35.441 29625 29625 E ArmVmp : Match on catch block at 0xc3 in for 0xa9
03-21 10:34:35.455 29625 29625 E ArmVmp : Match on catch block at 0xc3 in for 0xa1
03-21 10:34:35.459 29625 29625 E ArmVmp : Match on catch block at 0xc3 in for 0xa5
03-21 10:34:35.463 29625 29625 E ArmVmp : Match on catch block at 0xc3 in for 0xa5
03-21 10:34:35.475 29625 29625 E ArmVmp : Match on catch block at 0xc3 in for 0xa9
03-21 10:34:35.478 29625 29625 E ArmVmp : Match on catch block at 0xc3 in for 0xa1
03-21 10:34:35.481 29625 29625 E ArmVmp : Match on catch block at 0xc3 in for 0xa1
03-21 10:34:35.495 29625 29625 E ArmVmp : Match on catch block at 0xc3 in for 0xa5
03-21 10:34:35.499 29625 29625 E ArmVmp : Match on catch block at 0xc3 in for 0xa9
03-21 10:34:35.502 29625 29625 E ArmVmp : Match on catch block at 0xc3 in for 0xa9
03-21 10:34:35.515 29625 29625 E ArmVmp : Match on catch block at 0xc3 in for 0xa1
03-21 10:34:35.520 29625 29625 E ArmVmp : Match on catch block at 0xc3 in for 0xa5
03-21 10:34:35.523 29625 29625 E ArmVmp : Match on catch block at 0xc3 in for 0xa5
03-21 10:34:35.534 29625 29625 E ArmVmp : Match on catch block at 0xc3 in for 0xa9
03-21 10:34:35.536 29625 29625 E ArmVmp : Match on catch block at 0xc3 in for 0xa1
03-21 10:34:35.538 29625 29625 E ArmVmp : Match on catch block at 0xc3 in for 0xa1
03-21 10:34:35.554 29625 29625 E ArmVmp : Match on catch block at 0xc3 in for 0xa5
03-21 10:34:35.557 29625 29625 E ArmVmp : Match on catch block at 0xc3 in for 0xa9
03-21 10:34:35.559 29625 29625 E ArmVmp : Match on catch block at 0xc3 in for 0xa9
03-21 10:34:35.575 29625 29625 E ArmVmp : Match on catch block at 0xc3 in for 0xa1
03-21 10:34:35.577 29625 29625 E ArmVmp : Match on catch block at 0xc3 in for 0xa5
03-21 10:34:35.580 29625 29625 E ArmVmp : Match on catch block at 0xc3 in for 0xa5
03-21 10:34:35.594 29625 29625 E ArmVmp : Match on catch block at 0xc3 in for 0xa9
03-21 10:34:35.597 29625 29625 E ArmVmp : Match on catch block at 0xc3 in for 0xa1
03-21 10:34:35.599 29625 29625 E ArmVmp : Match on catch block at 0xc3 in for 0xa1
03-21 10:34:35.614 29625 29625 E ArmVmp : Match on catch block at 0xc3 in for 0xa5
03-21 10:34:35.618 29625 29625 E ArmVmp : Match on catch block at 0xc3 in for 0xa9
03-21 10:34:35.621 29625 29625 E ArmVmp : Match on catch block at 0xc3 in for 0xa9
03-21 10:34:35.634 29625 29625 E ArmVmp : Match on catch block at 0xc3 in for 0xa1
03-21 10:34:35.637 29625 29625 E ArmVmp : Match on catch block at 0xc3 in for 0xa5
03-21 10:34:35.641 29625 29625 E ArmVmp : Match on catch block at 0xc3 in for 0xa5
03-21 10:34:35.654 29625 29625 E ArmVmp : Match on catch block at 0xc3 in for 0xa9
03-21 10:34:35.658 29625 29625 E ArmVmp : Match on catch block at 0xc3 in for 0xa1
03-21 10:34:35.663 29625 29625 E ArmVmp : Match on catch block at 0xc3 in for 0xa1
03-21 10:34:35.676 29625 29625 E ArmVmp : Match on catch block at 0xc3 in for 0xa5
03-21 10:34:35.679 29625 29625 E ArmVmp : Match on catch block at 0xc3 in for 0xa9
03-21 10:34:35.682 29625 29625 E ArmVmp : Match on catch block at 0xc3 in for 0xa9
03-21 10:34:35.696 29625 29625 E ArmVmp : Match on catch block at 0xc3 in for 0xa1
03-21 10:34:35.700 29625 29625 E ArmVmp : Match on catch block at 0xc3 in for 0xa5
03-21 10:34:35.702 29625 29625 E ArmVmp : Match on catch block at 0xc3 in for 0xa5
03-21 10:34:35.735 29625 29625 E ArmVmp : Match on catch block at 0xc3 in for 0xa9
03-21 10:34:35.738 29625 29625 E ArmVmp : Match on catch block at 0xc3 in for 0xa1
03-21 10:34:35.741 29625 29625 E ArmVmp : Match on catch block at 0xc3 in for 0xa1
03-21 10:34:35.775 29625 29625 E ArmVmp : Match on catch block at 0xc3 in for 0xa5
03-21 10:34:35.778 29625 29625 E ArmVmp : Match on catch block at 0xc3 in for 0xa9
03-21 10:34:35.781 29625 29625 E ArmVmp : Match on catch block at 0xc3 in for 0xa9
03-21 10:34:35.834 29625 29625 E ArmVmp : Match on catch block at 0xc3 in for 0xa1
03-21 10:34:35.838 29625 29625 E ArmVmp : Match on catch block at 0xc3 in for 0xa5
03-21 10:34:35.841 29625 29625 E ArmVmp : Match on catch block at 0xc3 in for 0xa5
03-21 10:34:35.874 29625 29625 E ArmVmp : Match on catch block at 0xc3 in for 0xa9
03-21 10:34:35.877 29625 29625 E ArmVmp : Match on catch block at 0xc3 in for 0xa1
03-21 10:34:35.879 29625 29625 E ArmVmp : Match on catch block at 0xc3 in for 0xa1
03-21 10:34:35.895 29625 29625 E ArmVmp : Match on catch block at 0xc3 in for 0xa5
03-21 10:34:35.899 29625 29625 E ArmVmp : Match on catch block at 0xc3 in for 0xa9
03-21 10:34:35.901 29625 29625 E ArmVmp : Match on catch block at 0xc3 in for 0xa9
03-21 10:34:35.955 29625 29625 E ArmVmp : Match on catch block at 0xc3 in for 0xa1
03-21 10:34:35.959 29625 29625 E ArmVmp : Match on catch block at 0xc3 in for 0xa5
03-21 10:34:35.962 29625 29625 E ArmVmp : Match on catch block at 0xc3 in for 0xa5
03-21 10:34:35.995 29625 29625 E ArmVmp : Match on catch block at 0xc3 in for 0xa9
03-21 10:34:35.998 29625 29625 E ArmVmp : Match on catch block at 0xc3 in for 0xa1
03-21 10:34:36.001 29625 29625 E ArmVmp : Match on catch block at 0xc3 in for 0xa1
03-21 10:34:36.056 29625 29625 E ArmVmp : Match on catch block at 0xc3 in for 0xa5
03-21 10:34:36.059 29625 29625 E ArmVmp : Match on catch block at 0xc3 in for 0xa9
03-21 10:34:36.061 29625 29625 E ArmVmp : Match on catch block at 0xc3 in for 0xa9
03-21 10:34:36.095 29625 29625 E ArmVmp : Match on catch block at 0xc3 in for 0xa1
03-21 10:34:36.098 29625 29625 E ArmVmp : Match on catch block at 0xc3 in for 0xa5
03-21 10:34:36.100 29625 29625 E ArmVmp : Match on catch block at 0xc3 in for 0xa5
03-21 10:34:36.155 29625 29625 E ArmVmp : Match on catch block at 0xc3 in for 0xa9
03-21 10:34:36.158 29625 29625 E ArmVmp : Match on catch block at 0xc3 in for 0xa1
03-21 10:34:36.161 29625 29625 E ArmVmp : Match on catch block at 0xc3 in for 0xa1
03-21 10:34:36.195 29625 29625 E ArmVmp : Match on catch block at 0xc3 in for 0xa5
03-21 10:34:36.198 29625 29625 E ArmVmp : Match on catch block at 0xc3 in for 0xa9
03-21 10:34:36.201 29625 29625 E ArmVmp : Match on catch block at 0xc3 in for 0xa9
03-21 10:34:36.255 29625 29625 E ArmVmp : Match on catch block at 0xc3 in for 0xa1
03-21 10:34:36.258 29625 29625 E ArmVmp : Match on catch block at 0xc3 in for 0xa5
03-21 10:34:36.261 29625 29625 E ArmVmp : Match on catch block at 0xc3 in for 0xa5
03-21 10:34:36.302 29625 29625 E ArmVmp : Match on catch block at 0xc3 in for 0xa1
03-21 10:34:36.305 29625 29625 E ArmVmp : Match on catch block at 0xc3 in for 0xa5
03-21 10:34:36.309 29625 29625 E ArmVmp : Match on catch block at 0xc3 in for 0xa5
03-21 10:34:36.355 29625 29625 E ArmVmp : Match on catch block at 0xc3 in for 0xa9
03-21 10:34:36.358 29625 29625 E ArmVmp : Match on catch block at 0xc3 in for 0xa1
03-21 10:34:36.361 29625 29625 E ArmVmp : Match on catch block at 0xc3 in for 0xa1
03-21 10:34:36.374 29625 29625 E ArmVmp : Match on catch block at 0xc3 in for 0xa5
03-21 10:34:36.377 29625 29625 E ArmVmp : Match on catch block at 0xc3 in for 0xa9
03-21 10:34:36.379 29625 29625 E ArmVmp : Match on catch block at 0xc3 in for 0xa9
03-21 10:34:36.414 29625 29625 E ArmVmp : Match on catch block at 0xc3 in for 0xa1
03-21 10:34:36.417 29625 29625 E ArmVmp : Match on catch block at 0xc3 in for 0xa5
03-21 10:34:36.419 29625 29625 E ArmVmp : Match on catch block at 0xc3 in for 0xa5
03-21 10:34:36.475 29625 29625 E ArmVmp : Match on catch block at 0xc3 in for 0xa9
03-21 10:34:36.478 29625 29625 E ArmVmp : Match on catch block at 0xc3 in for 0xa1
03-21 10:34:36.481 29625 29625 E ArmVmp : Match on catch block at 0xc3 in for 0xa1
03-21 10:34:36.515 29625 29625 E ArmVmp : Match on catch block at 0xc3 in for 0xa5
03-21 10:34:36.518 29625 29625 E ArmVmp : Match on catch block at 0xc3 in for 0xa9
03-21 10:34:36.521 29625 29625 E ArmVmp : Match on catch block at 0xc3 in for 0xa9
03-21 10:34:36.575 29625 29625 E ArmVmp : Match on catch block at 0xc3 in for 0xa1
03-21 10:34:36.578 29625 29625 E ArmVmp : Match on catch block at 0xc3 in for 0xa5
03-21 10:34:36.581 29625 29625 E ArmVmp : Match on catch block at 0xc3 in for 0xa5
03-21 10:34:36.615 29625 29625 E ArmVmp : Match on catch block at 0xc3 in for 0xa9
03-21 10:34:36.618 29625 29625 E ArmVmp : Match on catch block at 0xc3 in for 0xa1
03-21 10:34:36.621 29625 29625 E ArmVmp : Match on catch block at 0xc3 in for 0xa1
03-21 10:34:36.675 29625 29625 E ArmVmp : Match on catch block at 0xc3 in for 0xa5
03-21 10:34:36.678 29625 29625 E ArmVmp : Match on catch block at 0xc3 in for 0xa9
03-21 10:34:36.681 29625 29625 E ArmVmp : Match on catch block at 0xc3 in for 0xa9
03-21 10:34:36.715 29625 29625 E ArmVmp : Match on catch block at 0xc3 in for 0xa1
03-21 10:34:36.718 29625 29625 E ArmVmp : Match on catch block at 0xc3 in for 0xa5
03-21 10:34:36.721 29625 29625 E ArmVmp : Match on catch block at 0xc3 in for 0xa5
03-21 10:34:36.776 29625 29625 E ArmVmp : Match on catch block at 0xc3 in for 0xa9
03-21 10:34:36.779 29625 29625 E ArmVmp : Match on catch block at 0xc3 in for 0xa1
03-21 10:34:36.782 29625 29625 E ArmVmp : Match on catch block at 0xc3 in for 0xa1
03-21 10:34:36.815 29625 29625 E ArmVmp : Match on catch block at 0xc3 in for 0xa5
03-21 10:34:36.818 29625 29625 E ArmVmp : Match on catch block at 0xc3 in for 0xa9
03-21 10:34:36.821 29625 29625 E ArmVmp : Match on catch block at 0xc3 in for 0xa9
03-21 10:34:36.875 29625 29625 E ArmVmp : Match on catch block at 0xc3 in for 0xa1
03-21 10:34:36.878 29625 29625 E ArmVmp : Match on catch block at 0xc3 in for 0xa5
03-21 10:34:36.881 29625 29625 E ArmVmp : Match on catch block at 0xc3 in for 0xa5
03-21 10:34:36.895 29625 29625 E ArmVmp : Match on catch block at 0xc3 in for 0xa9
03-21 10:34:36.898 29625 29625 E ArmVmp : Match on catch block at 0xc3 in for 0xa1
03-21 10:34:36.901 29625 29625 E ArmVmp : Match on catch block at 0xc3 in for 0xa1
03-21 10:34:36.935 29625 29625 E ArmVmp : Match on catch block at 0xc3 in for 0xa1
03-21 10:34:36.939 29625 29625 E ArmVmp : Match on catch block at 0xc3 in for 0xa5
03-21 10:34:36.944 29625 29625 E ArmVmp : Match on catch block at 0xc3 in for 0xa5
03-21 10:34:36.975 29625 29625 E ArmVmp : Match on catch block at 0xc3 in for 0xa9
03-21 10:34:36.979 29625 29625 E ArmVmp : Match on catch block at 0xc3 in for 0xa1
03-21 10:34:36.982 29625 29625 E ArmVmp : Match on catch block at 0xc3 in for 0xa1
03-21 10:34:36.996 29625 29625 E ArmVmp : Match on catch block at 0xc3 in for 0xa9
03-21 10:34:36.999 29625 29625 E ArmVmp : Match on catch block at 0xc3 in for 0xa1
03-21 10:34:37.002 29625 29625 E ArmVmp : Match on catch block at 0xc3 in for 0xa1
03-21 10:34:37.063 29625 29625 E ArmVmp : Match on catch block at 0xc3 in for 0xa1
03-21 10:34:37.068 29625 29625 E ArmVmp : Match on catch block at 0xc3 in for 0xa5
03-21 10:34:37.071 29625 29625 E ArmVmp : Match on catch block at 0xc3 in for 0xa5
03-21 10:34:37.096 29625 29625 W com.whatsapp: Class com.whatsapp.HomeActivity
failed lock verification and will run slower.
03-21 10:34:37.281 29625 29625 E ArmVmp : Match on catch block at 0x0a in for 0xc9
03-21 10:34:37.303 29625 29625 E ArmVmp : Match on catch block at 0x0a in for
0x131
03-21 10:34:37.327 29625 31854 W com.whatsapp: Accessing hidden method
Lcom/android/org/conscrypt/ConscryptEngineSocket;->setUseSessionTickets(Z)V
(greylist-max-q,test-api, reflection, denied)
03-21 10:34:37.327 29625 31854 W com.whatsapp: Accessing hidden method
Lcom/android/org/conscrypt/OpenSSLSocketImpl;->setUseSessionTickets(Z)V (greylist-
max-q,test-api, reflection, denied)
03-21 10:34:37.327 29625 31854 W com.whatsapp: Accessing hidden method
Lcom/android/org/conscrypt/AbstractConscryptSocket;->setUseSessionTickets(Z)V
(greylist-max-q, reflection, denied)
03-21 10:34:37.327 29625 31854 W com.whatsapp: Accessing hidden method
Lcom/android/org/conscrypt/ConscryptEngineSocket;->setHostname(Ljava/lang/String;)V
(greylist-max-q,test-api, reflection, denied)
03-21 10:34:37.327 29625 31854 W com.whatsapp: Accessing hidden method
Lcom/android/org/conscrypt/OpenSSLSocketImpl;->setHostname(Ljava/lang/String;)V
(greylist-max-q,test-api, reflection, denied)
03-21 10:34:37.327 29625 31854 W com.whatsapp: Accessing hidden method
Lcom/android/org/conscrypt/AbstractConscryptSocket;->setHostname(Ljava/lang/
String;)V (greylist-max-q, reflection, denied)
03-21 10:34:37.327 29625 31854 W com.whatsapp: Accessing hidden method
Lcom/android/org/conscrypt/OpenSSLSocketImpl;->setAlpnProtocols([B)V (greylist-max-
q,test-api, reflection, denied)
03-21 10:34:37.327 29625 31854 W com.whatsapp: Accessing hidden method
Lcom/android/org/conscrypt/AbstractConscryptSocket;->setAlpnProtocols([B)V
(greylist-max-q, reflection, denied)
03-21 10:34:37.398 29625 31854 W com.whatsapp: Accessing hidden method
Lcom/android/org/conscrypt/OpenSSLSocketImpl;->getAlpnSelectedProtocol()[B
(greylist-max-q,test-api, reflection, denied)
03-21 10:34:37.398 29625 29625 E ArmVmp : Match on catch block at 0xc3 in for 0xa1
03-21 10:34:37.398 29625 31854 W com.whatsapp: Accessing hidden method
Lcom/android/org/conscrypt/AbstractConscryptSocket;->getAlpnSelectedProtocol()[B
(greylist-max-q, reflection, denied)
03-21 10:34:37.400 29625 29625 E ArmVmp : Match on catch block at 0xc3 in for 0xa5
03-21 10:34:37.401 29625 29625 E ArmVmp : Match on catch block at 0xc3 in for 0xa5
03-21 10:34:37.457 29625 31863 W LOTTIE : Animation contains merge paths. Merge
paths are only supported on KitKat+ and must be manually enabled by calling
enableMergePathsForKitKatAndAbove().
03-21 10:34:37.756 29625 29625 E RecyclerView: No adapter attached; skipping layout
03-21 10:34:37.799 29625 29625 W CheckTime: App running slow: Executing
com.whatsapp.yo.WidgetProvider scheduleReceive took 536ms
03-21 10:34:37.799 29625 29625 W ActivityThread: Main thread can not be idle for a
long time.
03-21 10:34:37.859 29625 29625 E RecyclerView: No adapter attached; skipping layout
03-21 10:34:37.874 29625 31744 W libEGL : EGLNativeWindowType 0xb4000072711b7120
disconnect failed
03-21 10:34:37.881 29625 29625 E ArmVmp : Match on catch block at 0xc3 in for 0xa1
03-21 10:34:37.883 29625 29625 E ArmVmp : Match on catch block at 0xc3 in for 0xa5
03-21 10:34:37.885 29625 29625 E ArmVmp : Match on catch block at 0xc3 in for 0xa5
03-21 10:34:37.889 29625 29625 W LOTTIE : Animation contains merge paths but they
are disabled.
03-21 10:34:38.058 29625 29625 E ArmVmp : Match on catch block at 0x0a in for 0xd1
03-21 10:34:38.096 29625 31744 W libEGL : EGLNativeWindowType 0xb400007271265a40
disconnect failed
03-21 10:34:43.483 29625 29651 W System : A resource failed to call release.
03-21 10:35:02.685 29625 29625 E ArmVmp : Match on catch block at 0x0a in for 0xc1
03-21 10:35:02.688 29625 29625 E ArmVmp : Match on catch block at 0x0a in for 0xc9
03-21 10:35:02.883 29625 29625 E ArmVmp : Match on catch block at 0xc3 in for 0xb1
03-21 10:35:02.885 29625 29625 E ArmVmp : Match on catch block at 0xc3 in for 0xb1
03-21 10:35:02.942 29625 29625 E ArmVmp : Match on catch block at 0xc3 in for 0xa1
03-21 10:35:02.944 29625 29625 E ArmVmp : Match on catch block at 0xc3 in for 0xa5
03-21 10:35:02.968 29625 31744 W libEGL : EGLNativeWindowType 0xb40000727127f300
disconnect failed
03-21 10:35:02.985 29625 29625 E ArmVmp : Match on catch block at 0xc3 in for 0xa1
03-21 10:35:02.988 29625 29625 E ArmVmp : Match on catch block at 0xc3 in for 0xa5
03-21 10:35:03.017 29625 29625 E ArmVmp : Match on catch block at 0xc3 in for 0xa9
03-21 10:35:03.020 29625 29625 E ArmVmp : Match on catch block at 0xc3 in for 0xa1
03-21 10:35:03.038 29625 29625 E ArmVmp : Match on catch block at 0xc3 in for 0xa1
03-21 10:35:03.040 29625 29625 E ArmVmp : Match on catch block at 0xc3 in for 0xa5
03-21 10:35:03.047 29625 29625 E ArmVmp : Match on catch block at 0xc3 in for 0xa5
03-21 10:35:03.050 29625 29625 E ArmVmp : Match on catch block at 0xc3 in for 0xa9
03-21 10:35:03.507 29625 29625 E ArmVmp : Match on catch block at 0xc3 in for 0xa9
03-21 10:35:03.509 29625 29625 E ArmVmp : Match on catch block at 0xc3 in for 0xa1
03-21 10:35:03.567 29625 29625 E ArmVmp : Match on catch block at 0xc3 in for 0xa1
03-21 10:35:03.569 29625 29625 E ArmVmp : Match on catch block at 0xc3 in for 0xa5
03-21 10:35:03.587 29625 29625 E ArmVmp : Match on catch block at 0xc3 in for 0xa5
03-21 10:35:03.590 29625 29625 E ArmVmp : Match on catch block at 0xc3 in for 0xa9
03-21 10:35:03.607 29625 29625 E ArmVmp : Match on catch block at 0xc3 in for 0xa9
03-21 10:35:03.609 29625 29625 E ArmVmp : Match on catch block at 0xc3 in for 0xa1
03-21 10:35:03.627 29625 29625 E ArmVmp : Match on catch block at 0xc3 in for 0xa1
03-21 10:35:03.630 29625 29625 E ArmVmp : Match on catch block at 0xc3 in for 0xa5
03-21 10:35:03.647 29625 29625 E ArmVmp : Match on catch block at 0xc3 in for 0xa5
03-21 10:35:03.649 29625 29625 E ArmVmp : Match on catch block at 0xc3 in for 0xa9
03-21 10:35:03.689 29625 29625 E ArmVmp : Match on catch block at 0xc3 in for 0xa5
03-21 10:35:03.690 29625 29625 E ArmVmp : Match on catch block at 0xc3 in for 0xa9
03-21 10:35:03.705 29625 29625 E ArmVmp : Match on catch block at 0xc3 in for 0xa9
03-21 10:35:03.706 29625 29625 E ArmVmp : Match on catch block at 0xc3 in for 0xa1
03-21 10:35:03.726 29625 29625 E ArmVmp : Match on catch block at 0xc3 in for 0xa1
03-21 10:35:03.727 29625 29625 E ArmVmp : Match on catch block at 0xc3 in for 0xa5
03-21 10:35:03.746 29625 29625 E ArmVmp : Match on catch block at 0xc3 in for 0xa5
03-21 10:35:03.748 29625 29625 E ArmVmp : Match on catch block at 0xc3 in for 0xa9
03-21 10:35:03.766 29625 29625 E ArmVmp : Match on catch block at 0xc3 in for 0xa9
03-21 10:35:03.768 29625 29625 E ArmVmp : Match on catch block at 0xc3 in for 0xa1
03-21 10:35:03.786 29625 29625 E ArmVmp : Match on catch block at 0xc3 in for 0xa1
03-21 10:35:03.788 29625 29625 E ArmVmp : Match on catch block at 0xc3 in for 0xa5
03-21 10:35:03.806 29625 29625 E ArmVmp : Match on catch block at 0xc3 in for 0xa5
03-21 10:35:03.808 29625 29625 E ArmVmp : Match on catch block at 0xc3 in for 0xa9
03-21 10:35:03.827 29625 29625 E ArmVmp : Match on catch block at 0xc3 in for 0xa9
03-21 10:35:03.830 29625 29625 E ArmVmp : Match on catch block at 0xc3 in for 0xa1
03-21 10:35:03.846 29625 29625 E ArmVmp : Match on catch block at 0xc3 in for 0xa1
03-21 10:35:03.848 29625 29625 E ArmVmp : Match on catch block at 0xc3 in for 0xa5
03-21 10:35:03.866 29625 29625 E ArmVmp : Match on catch block at 0xc3 in for 0xa5
03-21 10:35:03.869 29625 29625 E ArmVmp : Match on catch block at 0xc3 in for 0xa9
03-21 10:35:03.966 29625 29625 E ArmVmp : Match on catch block at 0xc3 in for 0xa9
03-21 10:35:03.968 29625 29625 E ArmVmp : Match on catch block at 0xc3 in for 0xa1
03-21 10:35:04.006 29625 29625 E ArmVmp : Match on catch block at 0xc3 in for 0xa1
03-21 10:35:04.009 29625 29625 E ArmVmp : Match on catch block at 0xc3 in for 0xa5
03-21 10:35:04.168 29625 29625 E ArmVmp : Match on catch block at 0xc3 in for 0xa5
03-21 10:35:04.170 29625 29625 E ArmVmp : Match on catch block at 0xc3 in for 0xa9
03-21 10:35:04.489 29625 29625 W SoundPool: Use of stream types is deprecated for
operations other than volume control
03-21 10:35:04.489 29625 29625 W SoundPool: See the documentation of SoundPool()
for what to use instead with android.media.AudioAttributes to qualify your playback
use case
03-21 10:35:04.494 29625 29625 E ArmVmp : Match on catch block at 0xc3 in for 0xa5
03-21 10:35:04.496 29625 29625 E ArmVmp : Match on catch block at 0xc3 in for 0xa9
03-21 10:35:04.506 29625 29625 E ArmVmp : Match on catch block at 0xc3 in for 0xa9
03-21 10:35:04.507 29625 29625 E ArmVmp : Match on catch block at 0xc3 in for 0xa1
03-21 10:35:04.518 29625 32137 W Codec2Client: query -- param skipped: index =
1107298332.
03-21 10:35:04.518 29625 32136 W Codec2Client: query -- param skipped: index =
1107298332.
03-21 10:35:04.518 29625 32137 W Codec2Client: query -- param skipped: index =
1342179345.
03-21 10:35:04.518 29625 32137 W Codec2Client: query -- param skipped: index =
2415921170.
03-21 10:35:04.518 29625 32136 W Codec2Client: query -- param skipped: index =
1342179345.
03-21 10:35:04.518 29625 32136 W Codec2Client: query -- param skipped: index =
2415921170.
03-21 10:35:04.521 29625 32137 E FMQ : grantorIdx must be less than 3
03-21 10:35:04.521 29625 32137 E FMQ : grantorIdx must be less than 3
03-21 10:35:04.522 29625 32136 E FMQ : grantorIdx must be less than 3
03-21 10:35:04.522 29625 32136 E FMQ : grantorIdx must be less than 3
03-21 10:35:04.523 29625 32136 E ion : ioctl c0044901 failed with code -1:
Inappropriate ioctl for device
03-21 10:35:04.525 29625 32137 E FMQ : grantorIdx must be less than 3
03-21 10:35:04.526 29625 32136 E FMQ : grantorIdx must be less than 3
03-21 10:35:04.533 29625 32141 E FMQ : grantorIdx must be less than 3
03-21 10:35:04.536 29625 32141 E FMQ : grantorIdx must be less than 3
03-21 10:35:04.562 29625 29625 E ArmVmp : Match on catch block at 0xc3 in for 0xa5
03-21 10:35:04.564 29625 29625 E ArmVmp : Match on catch block at 0xc3 in for 0xa9
03-21 10:35:04.580 29625 32147 W Codec2Client: query -- param skipped: index =
1107298332.
03-21 10:35:04.580 29625 32147 W Codec2Client: query -- param skipped: index =
1342179345.
03-21 10:35:04.580 29625 32147 W Codec2Client: query -- param skipped: index =
2415921170.
03-21 10:35:04.581 29625 32147 E FMQ : grantorIdx must be less than 3
03-21 10:35:04.581 29625 32147 E FMQ : grantorIdx must be less than 3
03-21 10:35:04.582 29625 29625 E ArmVmp : Match on catch block at 0xc3 in for 0xa5
03-21 10:35:04.583 29625 32147 E FMQ : grantorIdx must be less than 3
03-21 10:35:04.584 29625 29625 E ArmVmp : Match on catch block at 0xc3 in for 0xa9
03-21 10:35:04.590 29625 29625 E ArmVmp : Match on catch block at 0xc3 in for 0xa9
03-21 10:35:04.593 29625 29625 E ArmVmp : Match on catch block at 0xc3 in for 0xa1
03-21 10:35:04.594 29625 32141 E FMQ : grantorIdx must be less than 3
03-21 10:35:04.601 29625 32149 W Codec2Client: query -- param skipped: index =
1107298332.
03-21 10:35:04.601 29625 32149 W Codec2Client: query -- param skipped: index =
1342179345.
03-21 10:35:04.601 29625 32149 W Codec2Client: query -- param skipped: index =
2415921170.
03-21 10:35:04.602 29625 32149 E FMQ : grantorIdx must be less than 3
03-21 10:35:04.602 29625 32149 E FMQ : grantorIdx must be less than 3
03-21 10:35:04.605 29625 32149 E FMQ : grantorIdx must be less than 3
03-21 10:35:04.607 29625 29625 E ArmVmp : Match on catch block at 0xc3 in for 0xa1
03-21 10:35:04.609 29625 29625 E ArmVmp : Match on catch block at 0xc3 in for 0xa5
03-21 10:35:04.614 29625 32141 E FMQ : grantorIdx must be less than 3
03-21 10:35:04.636 29625 32152 W Codec2Client: query -- param skipped: index =
1107298332.
03-21 10:35:04.637 29625 32152 W Codec2Client: query -- param skipped: index =
1342179345.
03-21 10:35:04.637 29625 32152 W Codec2Client: query -- param skipped: index =
2415921170.
03-21 10:35:04.638 29625 32152 E FMQ : grantorIdx must be less than 3
03-21 10:35:04.638 29625 32152 E FMQ : grantorIdx must be less than 3
03-21 10:35:04.641 29625 32152 E FMQ : grantorIdx must be less than 3
03-21 10:35:04.650 29625 32141 E FMQ : grantorIdx must be less than 3
03-21 10:35:04.676 29625 32156 W Codec2Client: query -- param skipped: index =
1107298332.
03-21 10:35:04.677 29625 32156 W Codec2Client: query -- param skipped: index =
1342179345.
03-21 10:35:04.677 29625 32156 W Codec2Client: query -- param skipped: index =
2415921170.
03-21 10:35:04.679 29625 32156 E FMQ : grantorIdx must be less than 3
03-21 10:35:04.679 29625 32156 E FMQ : grantorIdx must be less than 3
03-21 10:35:04.680 29625 29625 E ArmVmp : Match on catch block at 0xc3 in for 0xa9
03-21 10:35:04.682 29625 32156 E FMQ : grantorIdx must be less than 3
03-21 10:35:04.683 29625 29625 E ArmVmp : Match on catch block at 0xc3 in for 0xa1
03-21 10:35:04.691 29625 32141 E FMQ : grantorIdx must be less than 3
03-21 10:35:04.702 29625 29625 E ArmVmp : Match on catch block at 0xc3 in for 0xa1
03-21 10:35:04.705 29625 29625 E ArmVmp : Match on catch block at 0xc3 in for 0xa5
03-21 10:35:04.723 29625 29625 E ArmVmp : Match on catch block at 0xc3 in for 0xa1
03-21 10:35:04.726 29625 29625 E ArmVmp : Match on catch block at 0xc3 in for 0xa5
03-21 10:35:04.731 29625 29625 E ArmVmp : Match on catch block at 0xc3 in for 0xa5
03-21 10:35:04.735 29625 29625 E ArmVmp : Match on catch block at 0xc3 in for 0xa9
03-21 10:35:04.746 29625 29625 E ArmVmp : Match on catch block at 0xc3 in for 0xa9
03-21 10:35:04.750 29625 29625 E ArmVmp : Match on catch block at 0xc3 in for 0xa1
03-21 10:35:04.852 29625 29625 E ArmVmp : Match on catch block at 0xc3 in for 0xa1
03-21 10:35:04.855 29625 29625 E ArmVmp : Match on catch block at 0xc3 in for 0xa5
03-21 10:35:04.863 29625 31767 W MediaPlayer: Use of stream types is deprecated for
operations other than volume control
03-21 10:35:04.863 29625 31767 W MediaPlayer: See the documentation of
setAudioStreamType() for what to use instead with android.media.AudioAttributes to
qualify your playback use case
03-21 10:35:04.870 29625 29625 E ArmVmp : Match on catch block at 0xc3 in for 0xa5
03-21 10:35:04.873 29625 29625 E ArmVmp : Match on catch block at 0xc3 in for 0xa9
03-21 10:35:04.887 29625 29625 E ArmVmp : Match on catch block at 0xc3 in for 0xa9
03-21 10:35:04.890 29625 29625 E ArmVmp : Match on catch block at 0xc3 in for 0xa1
03-21 10:35:05.047 29625 29625 E ArmVmp : Match on catch block at 0xc3 in for 0xa9
03-21 10:35:05.051 29625 29625 E ArmVmp : Match on catch block at 0xc3 in for 0xa1
03-21 10:35:05.462 29625 29625 W AudioManager: Use of stream types is deprecated
for operations other than volume control
03-21 10:35:05.462 29625 29625 W AudioManager: See the documentation of
requestAudioFocus() for what to use instead with android.media.AudioAttributes to
qualify your playback use case
03-21 10:35:05.509 29625 29625 W libOpenSLES: Conversion from OpenSL ES positional
channel mask 0x4 to Android mask 0 loses channels
03-21 10:35:05.510 29625 29625 W AudioRecord: Get process name fail
03-21 10:35:05.567 29625 29625 E ArmVmp : Match on catch block at 0xc3 in for 0xa1
03-21 10:35:05.570 29625 29625 E ArmVmp : Match on catch block at 0xc3 in for 0xa5
03-21 10:35:05.577 29625 29625 E ArmVmp : Match on catch block at 0xc3 in for 0xa5
03-21 10:35:05.580 29625 29625 E ArmVmp : Match on catch block at 0xc3 in for 0xa9
03-21 10:35:05.590 29625 31863 W LOTTIE : Unknown shape type rd
03-21 10:35:05.593 29625 29625 E ArmVmp : Match on catch block at 0xc3 in for 0xa9
03-21 10:35:05.595 29625 29625 E ArmVmp : Match on catch block at 0xc3 in for 0xa1
03-21 10:35:05.609 29625 29625 E ArmVmp : Match on catch block at 0xc3 in for 0xa1
03-21 10:35:05.612 29625 29625 E ArmVmp : Match on catch block at 0xc3 in for 0xa5
03-21 10:35:05.627 29625 29625 E ArmVmp : Match on catch block at 0xc3 in for 0xa5
03-21 10:35:05.631 29625 29625 E ArmVmp : Match on catch block at 0xc3 in for 0xa9
03-21 10:35:05.647 29625 29625 E ArmVmp : Match on catch block at 0xc3 in for 0xa9
03-21 10:35:05.650 29625 29625 E ArmVmp : Match on catch block at 0xc3 in for 0xa1
03-21 10:35:05.667 29625 29625 E ArmVmp : Match on catch block at 0xc3 in for 0xa1
03-21 10:35:05.671 29625 29625 E ArmVmp : Match on catch block at 0xc3 in for 0xa5
03-21 10:35:05.687 29625 29625 E ArmVmp : Match on catch block at 0xc3 in for 0xa5
03-21 10:35:05.689 29625 29625 E ArmVmp : Match on catch block at 0xc3 in for 0xa9
03-21 10:35:05.706 29625 29625 E ArmVmp : Match on catch block at 0xc3 in for 0xa9
