03-21 10:32:17.140 28524 28524 E ArmVmp : Match on catch block at 0xc3 in for 0xa9
03-21 10:32:17.142 28524 28524 E ArmVmp : Match on catch block at 0xc3 in for 0xa9
03-21 10:32:17.199 28524 28524 E ArmVmp : Match on catch block at 0xc3 in for 0xa1
03-21 10:32:17.203 28524 28524 E ArmVmp : Match on catch block at 0xc3 in for 0xa5
03-21 10:32:17.206 28524 28524 E ArmVmp : Match on catch block at 0xc3 in for 0xa5
03-21 10:32:17.239 28524 28524 E ArmVmp : Match on catch block at 0xc3 in for 0xa9
03-21 10:32:17.242 28524 28524 E ArmVmp : Match on catch block at 0xc3 in for 0xa1
03-21 10:32:17.245 28524 28524 E ArmVmp : Match on catch block at 0xc3 in for 0xa1
03-21 10:32:17.299 28524 28524 E ArmVmp : Match on catch block at 0xc3 in for 0xa5
03-21 10:32:17.302 28524 28524 E ArmVmp : Match on catch block at 0xc3 in for 0xa9
03-21 10:32:17.305 28524 28524 E ArmVmp : Match on catch block at 0xc3 in for 0xa9
03-21 10:32:17.339 28524 28524 E ArmVmp : Match on catch block at 0xc3 in for 0xa1
03-21 10:32:17.342 28524 28524 E ArmVmp : Match on catch block at 0xc3 in for 0xa5
03-21 10:32:17.344 28524 28524 E ArmVmp : Match on catch block at 0xc3 in for 0xa5
03-21 10:32:17.400 28524 28524 E ArmVmp : Match on catch block at 0xc3 in for 0xa9
03-21 10:32:17.403 28524 28524 E ArmVmp : Match on catch block at 0xc3 in for 0xa1
03-21 10:32:17.405 28524 28524 E ArmVmp : Match on catch block at 0xc3 in for 0xa1
03-21 10:32:17.459 28524 28524 E ArmVmp : Match on catch block at 0xc3 in for 0xa5
03-21 10:32:17.462 28524 28524 E ArmVmp : Match on catch block at 0xc3 in for 0xa9
03-21 10:32:17.464 28524 28524 E ArmVmp : Match on catch block at 0xc3 in for 0xa9
03-21 10:32:17.499 28524 28524 E ArmVmp : Match on catch block at 0xc3 in for 0xa1
03-21 10:32:17.502 28524 28524 E ArmVmp : Match on catch block at 0xc3 in for 0xa5
03-21 10:32:17.505 28524 28524 E ArmVmp : Match on catch block at 0xc3 in for 0xa5
03-21 10:32:17.559 28524 28524 E ArmVmp : Match on catch block at 0xc3 in for 0xa9
03-21 10:32:17.562 28524 28524 E ArmVmp : Match on catch block at 0xc3 in for 0xa1
03-21 10:32:17.565 28524 28524 E ArmVmp : Match on catch block at 0xc3 in for 0xa1
03-21 10:32:17.580 28524 28524 E ArmVmp : Match on catch block at 0xc3 in for 0xa5
03-21 10:32:17.583 28524 28524 E ArmVmp : Match on catch block at 0xc3 in for 0xa9
03-21 10:32:17.586 28524 28524 E ArmVmp : Match on catch block at 0xc3 in for 0xa9
03-21 10:32:17.599 28524 28524 E ArmVmp : Match on catch block at 0xc3 in for 0xa1
03-21 10:32:17.602 28524 28524 E ArmVmp : Match on catch block at 0xc3 in for 0xa5
03-21 10:32:17.605 28524 28524 E ArmVmp : Match on catch block at 0xc3 in for 0xa5
03-21 10:32:17.659 28524 28524 E ArmVmp : Match on catch block at 0xc3 in for 0xa9
03-21 10:32:17.662 28524 28524 E ArmVmp : Match on catch block at 0xc3 in for 0xa1
03-21 10:32:17.664 28524 28524 E ArmVmp : Match on catch block at 0xc3 in for 0xa1
03-21 10:32:17.699 28524 28524 E ArmVmp : Match on catch block at 0xc3 in for 0xa5
03-21 10:32:17.702 28524 28524 E ArmVmp : Match on catch block at 0xc3 in for 0xa9
03-21 10:32:17.705 28524 28524 E ArmVmp : Match on catch block at 0xc3 in for 0xa9
03-21 10:32:17.760 28524 28524 E ArmVmp : Match on catch block at 0xc3 in for 0xa1
03-21 10:32:17.763 28524 28524 E ArmVmp : Match on catch block at 0xc3 in for 0xa5
03-21 10:32:17.766 28524 28524 E ArmVmp : Match on catch block at 0xc3 in for 0xa5
03-21 10:32:17.799 28524 28524 E ArmVmp : Match on catch block at 0xc3 in for 0xa9
03-21 10:32:17.802 28524 28524 E ArmVmp : Match on catch block at 0xc3 in for 0xa1
03-21 10:32:17.804 28524 28524 E ArmVmp : Match on catch block at 0xc3 in for 0xa1
03-21 10:32:17.958 28524 28524 E ArmVmp : Match on catch block at 0xc3 in for 0xa9
03-21 10:32:17.961 28524 28524 E ArmVmp : Match on catch block at 0xc3 in for 0xa1
03-21 10:32:17.965 28524 28524 E ArmVmp : Match on catch block at 0xc3 in for 0xa1
03-21 10:32:17.979 28524 28524 E ArmVmp : Match on catch block at 0xc3 in for 0xa5
03-21 10:32:17.982 28524 28524 E ArmVmp : Match on catch block at 0xc3 in for 0xa9
03-21 10:32:17.985 28524 28524 E ArmVmp : Match on catch block at 0xc3 in for 0xa9
03-21 10:32:17.999 28524 28524 E ArmVmp : Match on catch block at 0xc3 in for 0xa1
03-21 10:32:18.001 28524 28524 E ArmVmp : Match on catch block at 0xc3 in for 0xa5
03-21 10:32:18.003 28524 28524 E ArmVmp : Match on catch block at 0xc3 in for 0xa5
03-21 10:32:18.019 28524 28524 E ArmVmp : Match on catch block at 0xc3 in for 0xa9
03-21 10:32:18.022 28524 28524 E ArmVmp : Match on catch block at 0xc3 in for 0xa1
03-21 10:32:18.024 28524 28524 E ArmVmp : Match on catch block at 0xc3 in for 0xa1
03-21 10:32:18.038 28524 28524 E ArmVmp : Match on catch block at 0xc3 in for 0xa5
03-21 10:32:18.041 28524 28524 E ArmVmp : Match on catch block at 0xc3 in for 0xa9
03-21 10:32:18.043 28524 28524 E ArmVmp : Match on catch block at 0xc3 in for 0xa9
03-21 10:32:18.060 28524 28524 E ArmVmp : Match on catch block at 0xc3 in for 0xa1
03-21 10:32:18.063 28524 28524 E ArmVmp : Match on catch block at 0xc3 in for 0xa5
03-21 10:32:18.067 28524 28524 E ArmVmp : Match on catch block at 0xc3 in for 0xa5
03-21 10:32:18.079 28524 28524 E ArmVmp : Match on catch block at 0xc3 in for 0xa9
03-21 10:32:18.082 28524 28524 E ArmVmp : Match on catch block at 0xc3 in for 0xa1
03-21 10:32:18.085 28524 28524 E ArmVmp : Match on catch block at 0xc3 in for 0xa1
03-21 10:32:18.099 28524 28524 E ArmVmp : Match on catch block at 0xc3 in for 0xa5
03-21 10:32:18.102 28524 28524 E ArmVmp : Match on catch block at 0xc3 in for 0xa9
03-21 10:32:18.105 28524 28524 E ArmVmp : Match on catch block at 0xc3 in for 0xa9
03-21 10:32:18.119 28524 28524 E ArmVmp : Match on catch block at 0xc3 in for 0xa1
03-21 10:32:18.122 28524 28524 E ArmVmp : Match on catch block at 0xc3 in for 0xa5
03-21 10:32:18.124 28524 28524 E ArmVmp : Match on catch block at 0xc3 in for 0xa5
03-21 10:32:18.139 28524 28524 E ArmVmp : Match on catch block at 0xc3 in for 0xa9
03-21 10:32:18.142 28524 28524 E ArmVmp : Match on catch block at 0xc3 in for 0xa1
03-21 10:32:18.145 28524 28524 E ArmVmp : Match on catch block at 0xc3 in for 0xa1
03-21 10:32:18.159 28524 28524 E ArmVmp : Match on catch block at 0xc3 in for 0xa5
03-21 10:32:18.162 28524 28524 E ArmVmp : Match on catch block at 0xc3 in for 0xa9
03-21 10:32:18.165 28524 28524 E ArmVmp : Match on catch block at 0xc3 in for 0xa9
03-21 10:32:18.179 28524 28524 E ArmVmp : Match on catch block at 0xc3 in for 0xa1
03-21 10:32:18.183 28524 28524 E ArmVmp : Match on catch block at 0xc3 in for 0xa5
03-21 10:32:18.185 28524 28524 E ArmVmp : Match on catch block at 0xc3 in for 0xa5
03-21 10:32:18.200 28524 28524 E ArmVmp : Match on catch block at 0xc3 in for 0xa9
03-21 10:32:18.203 28524 28524 E ArmVmp : Match on catch block at 0xc3 in for 0xa1
03-21 10:32:18.206 28524 28524 E ArmVmp : Match on catch block at 0xc3 in for 0xa1
03-21 10:32:18.219 28524 28524 E ArmVmp : Match on catch block at 0xc3 in for 0xa5
03-21 10:32:18.222 28524 28524 E ArmVmp : Match on catch block at 0xc3 in for 0xa9
03-21 10:32:18.225 28524 28524 E ArmVmp : Match on catch block at 0xc3 in for 0xa9
03-21 10:32:18.601 28524 28524 E ArmVmp : Match on catch block at 0xc3 in for 0xa1
03-21 10:32:18.607 28524 28524 E ArmVmp : Match on catch block at 0xc3 in for 0xa5
03-21 10:32:18.611 28524 28524 E ArmVmp : Match on catch block at 0xc3 in for 0xa5
03-21 10:32:18.739 28524 28524 E ArmVmp : Match on catch block at 0xc3 in for 0xa5
03-21 10:32:18.742 28524 28524 E ArmVmp : Match on catch block at 0xc3 in for 0xa9
03-21 10:32:18.745 28524 28524 E ArmVmp : Match on catch block at 0xc3 in for 0xa9
03-21 10:32:19.099 28524 28524 E ArmVmp : Match on catch block at 0xc3 in for 0xa1
03-21 10:32:19.102 28524 28524 E ArmVmp : Match on catch block at 0xc3 in for 0xa5
03-21 10:32:19.105 28524 28524 E ArmVmp : Match on catch block at 0xc3 in for 0xa5
03-21 10:32:19.378 28524 28524 E ArmVmp : Match on catch block at 0xc3 in for 0xa5
03-21 10:32:19.381 28524 28524 E ArmVmp : Match on catch block at 0xc3 in for 0xa9
03-21 10:32:19.384 28524 28524 E ArmVmp : Match on catch block at 0xc3 in for 0xa9
03-21 10:32:19.599 28524 28524 E ArmVmp : Match on catch block at 0xc3 in for 0xa1
03-21 10:32:19.602 28524 28524 E ArmVmp : Match on catch block at 0xc3 in for 0xa5
03-21 10:32:19.605 28524 28524 E ArmVmp : Match on catch block at 0xc3 in for 0xa5
03-21 10:32:20.099 28524 28524 E ArmVmp : Match on catch block at 0xc3 in for 0xa9
03-21 10:32:20.102 28524 28524 E ArmVmp : Match on catch block at 0xc3 in for 0xa1
03-21 10:32:20.104 28524 28524 E ArmVmp : Match on catch block at 0xc3 in for 0xa1
03-21 10:32:20.244 28524 28524 E ArmVmp : Match on catch block at 0xc3 in for 0xa1
03-21 10:32:20.247 28524 28524 E ArmVmp : Match on catch block at 0xc3 in for 0xa5
03-21 10:32:20.250 28524 28524 E ArmVmp : Match on catch block at 0xc3 in for 0xa5
03-21 10:32:20.283 28524 28524 W SoundPool: Use of stream types is deprecated for
operations other than volume control
03-21 10:32:20.283 28524 28524 W SoundPool: See the documentation of SoundPool()
for what to use instead with android.media.AudioAttributes to qualify your playback
use case
03-21 10:32:20.301 28524 28524 W AudioManager: Use of stream types is deprecated
for operations other than volume control
03-21 10:32:20.301 28524 28524 W AudioManager: See the documentation of
requestAudioFocus() for what to use instead with android.media.AudioAttributes to
qualify your playback use case
03-21 10:32:20.307 28524 29704 W SoundPool: play soundID 1 not READY
03-21 10:32:20.333 28524 31036 W Codec2Client: query -- param skipped: index =
1107298332.
03-21 10:32:20.333 28524 31037 W Codec2Client: query -- param skipped: index =
1107298332.
03-21 10:32:20.334 28524 31036 W Codec2Client: query -- param skipped: index =
1342179345.
03-21 10:32:20.334 28524 31036 W Codec2Client: query -- param skipped: index =
2415921170.
03-21 10:32:20.334 28524 31037 W Codec2Client: query -- param skipped: index =
1342179345.
03-21 10:32:20.334 28524 31037 W Codec2Client: query -- param skipped: index =
2415921170.
03-21 10:32:20.342 28524 31037 E FMQ : grantorIdx must be less than 3
03-21 10:32:20.343 28524 31037 E FMQ : grantorIdx must be less than 3
03-21 10:32:20.343 28524 31036 E FMQ : grantorIdx must be less than 3
03-21 10:32:20.343 28524 31036 E FMQ : grantorIdx must be less than 3
03-21 10:32:20.347 28524 31037 E ion : ioctl c0044901 failed with code -1:
Inappropriate ioctl for device
03-21 10:32:20.347 28524 31036 E ion : ioctl c0044901 failed with code -1:
Inappropriate ioctl for device
03-21 10:32:20.366 28524 31036 E FMQ : grantorIdx must be less than 3
03-21 10:32:20.367 28524 31037 E FMQ : grantorIdx must be less than 3
03-21 10:32:20.375 28524 28524 W libOpenSLES: Conversion from OpenSL ES positional
channel mask 0x4 to Android mask 0 loses channels
03-21 10:32:20.375 28524 28524 W AudioRecord: Get process name fail
03-21 10:32:20.376 28524 31042 E FMQ : grantorIdx must be less than 3
03-21 10:32:20.377 28524 31042 E FMQ : grantorIdx must be less than 3
03-21 10:32:20.407 28524 31052 W Codec2Client: query -- param skipped: index =
1107298332.
03-21 10:32:20.409 28524 31052 W Codec2Client: query -- param skipped: index =
1342179345.
03-21 10:32:20.409 28524 31052 W Codec2Client: query -- param skipped: index =
2415921170.
03-21 10:32:20.409 28524 31052 E FMQ : grantorIdx must be less than 3
03-21 10:32:20.410 28524 31052 E FMQ : grantorIdx must be less than 3
03-21 10:32:20.412 28524 31052 E FMQ : grantorIdx must be less than 3
03-21 10:32:20.418 28524 31042 E FMQ : grantorIdx must be less than 3
03-21 10:32:20.422 28524 28524 E ArmVmp : Match on catch block at 0xc3 in for 0xa9
03-21 10:32:20.424 28524 28524 E ArmVmp : Match on catch block at 0xc3 in for 0xa1
03-21 10:32:20.426 28524 28524 E ArmVmp : Match on catch block at 0xc3 in for 0xa1
03-21 10:32:20.428 28524 31056 W Codec2Client: query -- param skipped: index =
1107298332.
03-21 10:32:20.428 28524 31056 W Codec2Client: query -- param skipped: index =
1342179345.
03-21 10:32:20.428 28524 31056 W Codec2Client: query -- param skipped: index =
2415921170.
03-21 10:32:20.428 28524 31056 E FMQ : grantorIdx must be less than 3
03-21 10:32:20.429 28524 31056 E FMQ : grantorIdx must be less than 3
03-21 10:32:20.433 28524 28524 E ArmVmp : Match on catch block at 0xc3 in for 0xa5
03-21 10:32:20.434 28524 31056 E FMQ : grantorIdx must be less than 3
03-21 10:32:20.435 28524 28524 E ArmVmp : Match on catch block at 0xc3 in for 0xa9
03-21 10:32:20.437 28524 28524 E ArmVmp : Match on catch block at 0xc3 in for 0xa9
03-21 10:32:20.441 28524 31042 E FMQ : grantorIdx must be less than 3
03-21 10:32:20.448 28524 31058 W LOTTIE : Unknown shape type rd
03-21 10:32:20.451 28524 28524 E ArmVmp : Match on catch block at 0xc3 in for 0xa1
03-21 10:32:20.453 28524 28524 E ArmVmp : Match on catch block at 0xc3 in for 0xa5
03-21 10:32:20.463 28524 28524 E ArmVmp : Match on catch block at 0xc3 in for 0xa5
03-21 10:32:20.465 28524 28524 E ArmVmp : Match on catch block at 0xc3 in for 0xa9
03-21 10:32:20.466 28524 28524 E ArmVmp : Match on catch block at 0xc3 in for 0xa9
03-21 10:32:20.480 28524 28524 E ArmVmp : Match on catch block at 0xc3 in for 0xa5
03-21 10:32:20.482 28524 28524 E ArmVmp : Match on catch block at 0xc3 in for 0xa9
03-21 10:32:20.484 28524 28524 E ArmVmp : Match on catch block at 0xc3 in for 0xa9
03-21 10:32:20.485 28524 31060 W Codec2Client: query -- param skipped: index =
1107298332.
03-21 10:32:20.485 28524 31060 W Codec2Client: query -- param skipped: index =
1342179345.
03-21 10:32:20.485 28524 31060 W Codec2Client: query -- param skipped: index =
2415921170.
03-21 10:32:20.487 28524 31060 E FMQ : grantorIdx must be less than 3
03-21 10:32:20.487 28524 31060 E FMQ : grantorIdx must be less than 3
03-21 10:32:20.489 28524 31060 E FMQ : grantorIdx must be less than 3
03-21 10:32:20.495 28524 31042 E FMQ : grantorIdx must be less than 3
03-21 10:32:20.500 28524 28524 E ArmVmp : Match on catch block at 0xc3 in for 0xa5
03-21 10:32:20.502 28524 28524 E ArmVmp : Match on catch block at 0xc3 in for 0xa9
03-21 10:32:20.506 28524 28524 E ArmVmp : Match on catch block at 0xc3 in for 0xa9
03-21 10:32:20.519 28524 28524 E ArmVmp : Match on catch block at 0xc3 in for 0xa5
03-21 10:32:20.521 28524 28524 E ArmVmp : Match on catch block at 0xc3 in for 0xa9
03-21 10:32:20.523 28524 28524 E ArmVmp : Match on catch block at 0xc3 in for 0xa9
03-21 10:32:20.530 28524 31064 W Codec2Client: query -- param skipped: index =
1107298332.
03-21 10:32:20.532 28524 31064 W Codec2Client: query -- param skipped: index =
1342179345.
03-21 10:32:20.532 28524 31064 W Codec2Client: query -- param skipped: index =
2415921170.
03-21 10:32:20.532 28524 31064 E FMQ : grantorIdx must be less than 3
03-21 10:32:20.532 28524 31064 E FMQ : grantorIdx must be less than 3
03-21 10:32:20.534 28524 31064 E FMQ : grantorIdx must be less than 3
03-21 10:32:20.538 28524 28524 E ArmVmp : Match on catch block at 0xc3 in for 0xa1
03-21 10:32:20.541 28524 28524 E ArmVmp : Match on catch block at 0xc3 in for 0xa5
03-21 10:32:20.543 28524 28524 E ArmVmp : Match on catch block at 0xc3 in for 0xa5
03-21 10:32:20.548 28524 31042 E FMQ : grantorIdx must be less than 3
03-21 10:32:20.559 28524 28524 E ArmVmp : Match on catch block at 0xc3 in for 0xa9
03-21 10:32:20.561 28524 28524 E ArmVmp : Match on catch block at 0xc3 in for 0xa1
03-21 10:32:20.563 28524 28524 E ArmVmp : Match on catch block at 0xc3 in for 0xa1
03-21 10:32:20.578 28524 28524 E ArmVmp : Match on catch block at 0xc3 in for 0xa5
03-21 10:32:20.580 28524 28524 E ArmVmp : Match on catch block at 0xc3 in for 0xa9
03-21 10:32:20.582 28524 28524 E ArmVmp : Match on catch block at 0xc3 in for 0xa9
03-21 10:32:20.602 28524 28524 W AudioRecord: restoreRecord_l(253): dead
IAudioRecord, creating a new one from start()
03-21 10:32:20.761 28524 28524 E ArmVmp : Match on catch block at 0xc3 in for 0xa9
03-21 10:32:20.763 28524 28524 E ArmVmp : Match on catch block at 0xc3 in for 0xa1
03-21 10:32:20.764 28524 28524 E ArmVmp : Match on catch block at 0xc3 in for 0xa1
03-21 10:32:20.771 28524 28524 E ArmVmp : Match on catch block at 0xc3 in for 0xa1
03-21 10:32:20.773 28524 28524 E ArmVmp : Match on catch block at 0xc3 in for 0xa5
03-21 10:32:20.774 28524 28524 E ArmVmp : Match on catch block at 0xc3 in for 0xa5
03-21 10:32:20.786 28524 28524 E ArmVmp : Match on catch block at 0xc3 in for 0xa5
03-21 10:32:20.788 28524 28524 E ArmVmp : Match on catch block at 0xc3 in for 0xa9
03-21 10:32:20.789 28524 28524 E ArmVmp : Match on catch block at 0xc3 in for 0xa9
03-21 10:32:20.798 28524 28524 E ArmVmp : Match on catch block at 0xc3 in for 0xa1
03-21 10:32:20.801 28524 28524 E ArmVmp : Match on catch block at 0xc3 in for 0xa5
03-21 10:32:20.803 28524 28524 E ArmVmp : Match on catch block at 0xc3 in for 0xa5
03-21 10:32:20.818 28524 28524 E ArmVmp : Match on catch block at 0xc3 in for 0xa9
03-21 10:32:20.820 28524 28524 E ArmVmp : Match on catch block at 0xc3 in for 0xa1
03-21 10:32:20.822 28524 28524 E ArmVmp : Match on catch block at 0xc3 in for 0xa1
03-21 10:32:20.838 28524 28524 E ArmVmp : Match on catch block at 0xc3 in for 0xa5
03-21 10:32:20.841 28524 28524 E ArmVmp : Match on catch block at 0xc3 in for 0xa9
03-21 10:32:20.843 28524 28524 E ArmVmp : Match on catch block at 0xc3 in for 0xa9
03-21 10:32:20.858 28524 28524 E ArmVmp : Match on catch block at 0xc3 in for 0xa1
03-21 10:32:20.860 28524 28524 E ArmVmp : Match on catch block at 0xc3 in for 0xa5
03-21 10:32:20.862 28524 28524 E ArmVmp : Match on catch block at 0xc3 in for 0xa5
03-21 10:32:20.878 28524 28524 E ArmVmp : Match on catch block at 0xc3 in for 0xa9
03-21 10:32:20.880 28524 28524 E ArmVmp : Match on catch block at 0xc3 in for 0xa1
03-21 10:32:20.882 28524 28524 E ArmVmp : Match on catch block at 0xc3 in for 0xa1
03-21 10:32:20.898 28524 28524 E ArmVmp : Match on catch block at 0xc3 in for 0xa5
03-21 10:32:20.901 28524 28524 E ArmVmp : Match on catch block at 0xc3 in for 0xa9
03-21 10:32:20.903 28524 28524 E ArmVmp : Match on catch block at 0xc3 in for 0xa9
03-21 10:32:20.919 28524 28524 E ArmVmp : Match on catch block at 0xc3 in for 0xa5
03-21 10:32:20.921 28524 28524 E ArmVmp : Match on catch block at 0xc3 in for 0xa9
03-21 10:32:20.923 28524 28524 E ArmVmp : Match on catch block at 0xc3 in for 0xa9
03-21 10:32:20.941 28524 28524 E ArmVmp : Match on catch block at 0xc3 in for 0xa5
03-21 10:32:20.943 28524 28524 E ArmVmp : Match on catch block at 0xc3 in for 0xa9
03-21 10:32:20.946 28524 28524 E ArmVmp : Match on catch block at 0xc3 in for 0xa9
03-21 10:32:20.960 28524 28524 E ArmVmp : Match on catch block at 0xc3 in for 0xa1
03-21 10:32:20.963 28524 28524 E ArmVmp : Match on catch block at 0xc3 in for 0xa5
03-21 10:32:20.966 28524 28524 E ArmVmp : Match on catch block at 0xc3 in for 0xa5
03-21 10:32:20.978 28524 28524 E ArmVmp : Match on catch block at 0xc3 in for 0xa9
03-21 10:32:20.981 28524 28524 E ArmVmp : Match on catch block at 0xc3 in for 0xa1
03-21 10:32:20.984 28524 28524 E ArmVmp : Match on catch block at 0xc3 in for 0xa1
03-21 10:32:20.999 28524 28524 E ArmVmp : Match on catch block at 0xc3 in for 0xa5
03-21 10:32:21.001 28524 28524 E ArmVmp : Match on catch block at 0xc3 in for 0xa9
03-21 10:32:21.004 28524 28524 E ArmVmp : Match on catch block at 0xc3 in for 0xa9
03-21 10:32:21.019 28524 28524 E ArmVmp : Match on catch block at 0xc3 in for 0xa5
03-21 10:32:21.022 28524 28524 E ArmVmp : Match on catch block at 0xc3 in for 0xa9
03-21 10:32:21.024 28524 28524 E ArmVmp : Match on catch block at 0xc3 in for 0xa9
03-21 10:32:21.040 28524 28524 E ArmVmp : Match on catch block at 0xc3 in for 0xa1
03-21 10:32:21.043 28524 28524 E ArmVmp : Match on catch block at 0xc3 in for 0xa5
03-21 10:32:21.045 28524 28524 E ArmVmp : Match on catch block at 0xc3 in for 0xa5
03-21 10:32:21.059 28524 28524 E ArmVmp : Match on catch block at 0xc3 in for 0xa9
03-21 10:32:21.061 28524 28524 E ArmVmp : Match on catch block at 0xc3 in for 0xa1
03-21 10:32:21.064 28524 28524 E ArmVmp : Match on catch block at 0xc3 in for 0xa1
03-21 10:32:21.079 28524 28524 E ArmVmp : Match on catch block at 0xc3 in for 0xa9
03-21 10:32:21.083 28524 28524 E ArmVmp : Match on catch block at 0xc3 in for 0xa1
03-21 10:32:21.085 28524 28524 E ArmVmp : Match on catch block at 0xc3 in for 0xa1
03-21 10:32:21.099 28524 28524 E ArmVmp : Match on catch block at 0xc3 in for 0xa9
03-21 10:32:21.102 28524 28524 E ArmVmp : Match on catch block at 0xc3 in for 0xa1
03-21 10:32:21.104 28524 28524 E ArmVmp : Match on catch block at 0xc3 in for 0xa1
03-21 10:32:21.119 28524 28524 E ArmVmp : Match on catch block at 0xc3 in for 0xa9
03-21 10:32:21.122 28524 28524 E ArmVmp : Match on catch block at 0xc3 in for 0xa1
03-21 10:32:21.125 28524 28524 E ArmVmp : Match on catch block at 0xc3 in for 0xa1
03-21 10:32:21.139 28524 28524 E ArmVmp : Match on catch block at 0xc3 in for 0xa9
03-21 10:32:21.142 28524 28524 E ArmVmp : Match on catch block at 0xc3 in for 0xa1
03-21 10:32:21.144 28524 28524 E ArmVmp : Match on catch block at 0xc3 in for 0xa1
03-21 10:32:21.159 28524 28524 E ArmVmp : Match on catch block at 0xc3 in for 0xa5
03-21 10:32:21.161 28524 28524 E ArmVmp : Match on catch block at 0xc3 in for 0xa9
03-21 10:32:21.164 28524 28524 E ArmVmp : Match on catch block at 0xc3 in for 0xa9
03-21 10:32:21.180 28524 28524 E ArmVmp : Match on catch block at 0xc3 in for 0xa5
03-21 10:32:21.183 28524 28524 E ArmVmp : Match on catch block at 0xc3 in for 0xa9
03-21 10:32:21.186 28524 28524 E ArmVmp : Match on catch block at 0xc3 in for 0xa9
03-21 10:32:21.199 28524 28524 E ArmVmp : Match on catch block at 0xc3 in for 0xa1
03-21 10:32:21.203 28524 28524 E ArmVmp : Match on catch block at 0xc3 in for 0xa5
03-21 10:32:21.206 28524 28524 E ArmVmp : Match on catch block at 0xc3 in for 0xa5
03-21 10:32:21.220 28524 28524 E ArmVmp : Match on catch block at 0xc3 in for 0xa1
03-21 10:32:21.226 28524 28524 E ArmVmp : Match on catch block at 0xc3 in for 0xa5
03-21 10:32:21.228 28524 28524 E ArmVmp : Match on catch block at 0xc3 in for 0xa5
03-21 10:32:21.780 28524 28524 E ArmVmp : Match on catch block at 0xc3 in for 0xa1
03-21 10:32:21.783 28524 28524 E ArmVmp : Match on catch block at 0xc3 in for 0xa5
03-21 10:32:21.786 28524 28524 E ArmVmp : Match on catch block at 0xc3 in for 0xa5
03-21 10:32:22.183 28524 28524 E ArmVmp : Match on catch block at 0xc3 in for 0xa9
03-21 10:32:22.186 28524 28524 E ArmVmp : Match on catch block at 0xc3 in for 0xa1
03-21 10:32:22.189 28524 28524 E ArmVmp : Match on catch block at 0xc3 in for 0xa1
03-21 10:32:22.200 28524 28524 E ArmVmp : Match on catch block at 0xc3 in for 0xa9
03-21 10:32:22.203 28524 28524 E ArmVmp : Match on catch block at 0xc3 in for 0xa1
03-21 10:32:22.206 28524 28524 E ArmVmp : Match on catch block at 0xc3 in for 0xa1
03-21 10:32:22.220 28524 28524 E ArmVmp : Match on catch block at 0xc3 in for 0xa9
03-21 10:32:22.223 28524 28524 E ArmVmp : Match on catch block at 0xc3 in for 0xa1
03-21 10:32:22.226 28524 28524 E ArmVmp : Match on catch block at 0xc3 in for 0xa1
03-21 10:32:22.238 28524 28524 E ArmVmp : Match on catch block at 0xc3 in for 0xa9
03-21 10:32:22.241 28524 28524 E ArmVmp : Match on catch block at 0xc3 in for 0xa1
03-21 10:32:22.243 28524 28524 E ArmVmp : Match on catch block at 0xc3 in for 0xa1
03-21 10:32:22.280 28524 28524 E ArmVmp : Match on catch block at 0xc3 in for 0xa9
03-21 10:32:22.282 28524 28524 E ArmVmp : Match on catch block at 0xc3 in for 0xa1
03-21 10:32:22.284 28524 28524 E ArmVmp : Match on catch block at 0xc3 in for 0xa1
03-21 10:32:22.299 28524 28524 E ArmVmp : Match on catch block at 0xc3 in for 0xa9
03-21 10:32:22.301 28524 28524 E ArmVmp : Match on catch block at 0xc3 in for 0xa1
03-21 10:32:22.304 28524 28524 E ArmVmp : Match on catch block at 0xc3 in for 0xa1
03-21 10:32:22.320 28524 28524 E ArmVmp : Match on catch block at 0xc3 in for 0xa9
03-21 10:32:22.323 28524 28524 E ArmVmp : Match on catch block at 0xc3 in for 0xa1
03-21 10:32:22.326 28524 28524 E ArmVmp : Match on catch block at 0xc3 in for 0xa1
03-21 10:32:22.339 28524 28524 E ArmVmp : Match on catch block at 0xc3 in for 0xa9
03-21 10:32:22.342 28524 28524 E ArmVmp : Match on catch block at 0xc3 in for 0xa1
03-21 10:32:22.344 28524 28524 E ArmVmp : Match on catch block at 0xc3 in for 0xa1
03-21 10:32:22.358 28524 28524 E ArmVmp : Match on catch block at 0xc3 in for 0xa9
03-21 10:32:22.361 28524 28524 E ArmVmp : Match on catch block at 0xc3 in for 0xa1
03-21 10:32:22.364 28524 28524 E ArmVmp : Match on catch block at 0xc3 in for 0xa1
03-21 10:32:22.380 28524 28524 E ArmVmp : Match on catch block at 0xc3 in for 0xa9
03-21 10:32:22.382 28524 28524 E ArmVmp : Match on catch block at 0xc3 in for 0xa1
03-21 10:32:22.384 28524 28524 E ArmVmp : Match on catch block at 0xc3 in for 0xa1
03-21 10:32:22.398 28524 28524 E ArmVmp : Match on catch block at 0xc3 in for 0xa5
03-21 10:32:22.401 28524 28524 E ArmVmp : Match on catch block at 0xc3 in for 0xa9
03-21 10:32:22.403 28524 28524 E ArmVmp : Match on catch block at 0xc3 in for 0xa9
03-21 10:32:22.420 28524 28524 E ArmVmp : Match on catch block at 0xc3 in for 0xa5
03-21 10:32:22.423 28524 28524 E ArmVmp : Match on catch block at 0xc3 in for 0xa9
03-21 10:32:22.426 28524 28524 E ArmVmp : Match on catch block at 0xc3 in for 0xa9
03-21 10:32:22.439 28524 28524 E ArmVmp : Match on catch block at 0xc3 in for 0xa1
03-21 10:32:22.443 28524 28524 E ArmVmp : Match on catch block at 0xc3 in for 0xa5
03-21 10:32:22.445 28524 28524 E ArmVmp : Match on catch block at 0xc3 in for 0xa5
03-21 10:32:22.461 28524 28524 E ArmVmp : Match on catch block at 0xc3 in for 0xa1
03-21 10:32:22.464 28524 28524 E ArmVmp : Match on catch block at 0xc3 in for 0xa5
03-21 10:32:22.467 28524 28524 E ArmVmp : Match on catch block at 0xc3 in for 0xa5
03-21 10:32:22.480 28524 28524 E ArmVmp : Match on catch block at 0xc3 in for 0xa1
03-21 10:32:22.484 28524 28524 E ArmVmp : Match on catch block at 0xc3 in for 0xa5
03-21 10:32:22.486 28524 28524 E ArmVmp : Match on catch block at 0xc3 in for 0xa5
03-21 10:32:22.499 28524 28524 E ArmVmp : Match on catch block at 0xc3 in for 0xa9
03-21 10:32:22.502 28524 28524 E ArmVmp : Match on catch block at 0xc3 in for 0xa1
03-21 10:32:22.505 28524 28524 E ArmVmp : Match on catch block at 0xc3 in for 0xa1
03-21 10:32:22.519 28524 28524 E ArmVmp : Match on catch block at 0xc3 in for 0xa5
03-21 10:32:22.523 28524 28524 E ArmVmp : Match on catch block at 0xc3 in for 0xa9
03-21 10:32:22.525 28524 28524 E ArmVmp : Match on catch block at 0xc3 in for 0xa9
03-21 10:32:22.539 28524 28524 E ArmVmp : Match on catch block at 0xc3 in for 0xa5
03-21 10:32:22.543 28524 28524 E ArmVmp : Match on catch block at 0xc3 in for 0xa9
03-21 10:32:22.546 28524 28524 E ArmVmp : Match on catch block at 0xc3 in for 0xa9
03-21 10:32:22.560 28524 28524 E ArmVmp : Match on catch block at 0xc3 in for 0xa5
03-21 10:32:22.564 28524 28524 E ArmVmp : Match on catch block at 0xc3 in for 0xa9
03-21 10:32:22.566 28524 28524 E ArmVmp : Match on catch block at 0xc3 in for 0xa9
03-21 10:32:22.579 28524 28524 E ArmVmp : Match on catch block at 0xc3 in for 0xa1
03-21 10:32:22.582 28524 28524 E ArmVmp : Match on catch block at 0xc3 in for 0xa5
03-21 10:32:22.584 28524 28524 E ArmVmp : Match on catch block at 0xc3 in for 0xa5
03-21 10:32:22.598 28524 28524 E ArmVmp : Match on catch block at 0xc3 in for 0xa1
03-21 10:32:22.601 28524 28524 E ArmVmp : Match on catch block at 0xc3 in for 0xa5
03-21 10:32:22.604 28524 28524 E ArmVmp : Match on catch block at 0xc3 in for 0xa5
03-21 10:32:22.619 28524 28524 E ArmVmp : Match on catch block at 0xc3 in for 0xa9
03-21 10:32:22.621 28524 28524 E ArmVmp : Match on catch block at 0xc3 in for 0xa1
03-21 10:32:22.623 28524 28524 E ArmVmp : Match on catch block at 0xc3 in for 0xa1
03-21 10:32:22.660 28524 28524 E ArmVmp : Match on catch block at 0xc3 in for 0xa1
03-21 10:32:22.664 28524 28524 E ArmVmp : Match on catch block at 0xc3 in for 0xa5
03-21 10:32:22.667 28524 28524 E ArmVmp : Match on catch block at 0xc3 in for 0xa5
03-21 10:32:22.678 28524 28524 E ArmVmp : Match on catch block at 0xc3 in for 0xa9
03-21 10:32:22.681 28524 28524 E ArmVmp : Match on catch block at 0xc3 in for 0xa1
03-21 10:32:22.683 28524 28524 E ArmVmp : Match on catch block at 0xc3 in for 0xa1
03-21 10:32:22.740 28524 28524 E ArmVmp : Match on catch block at 0xc3 in for 0xa1
03-21 10:32:22.744 28524 28524 E ArmVmp : Match on catch block at 0xc3 in for 0xa5
03-21 10:32:22.747 28524 28524 E ArmVmp : Match on catch block at 0xc3 in for 0xa5
03-21 10:32:22.759 28524 28524 E ArmVmp : Match on catch block at 0xc3 in for 0xa9
03-21 10:32:22.761 28524 28524 E ArmVmp : Match on catch block at 0xc3 in for 0xa1
03-21 10:32:22.764 28524 28524 E ArmVmp : Match on catch block at 0xc3 in for 0xa1
03-21 10:32:22.819 28524 28524 E ArmVmp : Match on catch block at 0xc3 in for 0xa1
03-21 10:32:22.822 28524 28524 E ArmVmp : Match on catch block at 0xc3 in for 0xa5
03-21 10:32:22.823 28524 28524 E ArmVmp : Match on catch block at 0xc3 in for 0xa5
03-21 10:32:22.839 28524 28524 E ArmVmp : Match on catch block at 0xc3 in for 0xa1
03-21 10:32:22.842 28524 28524 E ArmVmp : Match on catch block at 0xc3 in for 0xa5
03-21 10:32:22.845 28524 28524 E ArmVmp : Match on catch block at 0xc3 in for 0xa5
03-21 10:32:23.583 28524 28524 E ArmVmp : Match on catch block at 0xc3 in for 0xa5
03-21 10:32:23.586 28524 28524 E ArmVmp : Match on catch block at 0xc3 in for 0xa9
03-21 10:32:23.589 28524 28524 E ArmVmp : Match on catch block at 0xc3 in for 0xa9
03-21 10:32:23.599 28524 28524 E ArmVmp : Match on catch block at 0xc3 in for 0xa1
03-21 10:32:23.602 28524 28524 E ArmVmp : Match on catch block at 0xc3 in for 0xa5
03-21 10:32:23.605 28524 28524 E ArmVmp : Match on catch block at 0xc3 in for 0xa5
03-21 10:32:23.660 28524 28524 E ArmVmp : Match on catch block at 0xc3 in for 0xa1
03-21 10:32:23.663 28524 28524 E ArmVmp : Match on catch block at 0xc3 in for 0xa5
03-21 10:32:23.666 28524 28524 E ArmVmp : Match on catch block at 0xc3 in for 0xa5
03-21 10:32:23.679 28524 28524 E ArmVmp : Match on catch block at 0xc3 in for 0xa9
03-21 10:32:23.682 28524 28524 E ArmVmp : Match on catch block at 0xc3 in for 0xa1
03-21 10:32:23.685 28524 28524 E ArmVmp : Match on catch block at 0xc3 in for 0xa1
03-21 10:32:23.800 28524 28524 E ArmVmp : Match on catch block at 0xc3 in for 0xa1
03-21 10:32:23.804 28524 28524 E ArmVmp : Match on catch block at 0xc3 in for 0xa5
03-21 10:32:23.807 28524 28524 E ArmVmp : Match on catch block at 0xc3 in for 0xa5
03-21 10:32:24.228 28524 28524 E ArmVmp : Match on catch block at 0xc3 in for 0xa9
03-21 10:32:24.229 28524 28524 E ArmVmp : Match on catch block at 0xc3 in for 0xa1
03-21 10:32:24.231 28524 28524 E ArmVmp : Match on catch block at 0xc3 in for 0xa1
03-21 10:32:24.242 28524 28524 E ArmVmp : Match on catch block at 0xc3 in for 0xa5
03-21 10:32:24.244 28524 28524 E ArmVmp : Match on catch block at 0xc3 in for 0xa9
03-21 10:32:24.245 28524 28524 E ArmVmp : Match on catch block at 0xc3 in for 0xa9
03-21 10:32:24.362 28524 28524 E ArmVmp : Match on catch block at 0xc3 in for 0xa1
03-21 10:32:24.365 28524 28524 E ArmVmp : Match on catch block at 0xc3 in for 0xa5
03-21 10:32:24.368 28524 28524 E ArmVmp : Match on catch block at 0xc3 in for 0xa5
03-21 10:32:24.379 28524 28524 E ArmVmp : Match on catch block at 0xc3 in for 0xa9
03-21 10:32:24.382 28524 28524 E ArmVmp : Match on catch block at 0xc3 in for 0xa1
03-21 10:32:24.385 28524 28524 E ArmVmp : Match on catch block at 0xc3 in for 0xa1
03-21 10:32:24.421 28524 28524 E ArmVmp : Match on catch block at 0xc3 in for 0xa1
03-21 10:32:24.423 28524 28524 E ArmVmp : Match on catch block at 0xc3 in for 0xa5
03-21 10:32:24.426 28524 28524 E ArmVmp : Match on catch block at 0xc3 in for 0xa5
03-21 10:32:24.439 28524 28524 E ArmVmp : Match on catch block at 0xc3 in for 0xa9
03-21 10:32:24.442 28524 28524 E ArmVmp : Match on catch block at 0xc3 in for 0xa1
03-21 10:32:24.444 28524 28524 E ArmVmp : Match on catch block at 0xc3 in for 0xa1
03-21 10:32:24.761 28524 28524 E ArmVmp : Match on catch block at 0xc3 in for 0xa9
03-21 10:32:24.767 28524 28524 E ArmVmp : Match on catch block at 0xc3 in for 0xa1
03-21 10:32:24.770 28524 28524 E ArmVmp : Match on catch block at 0xc3 in for 0xa1
03-21 10:32:24.780 28524 28524 E ArmVmp : Match on catch block at 0xc3 in for 0xa9
03-21 10:32:24.783 28524 28524 E ArmVmp : Match on catch block at 0xc3 in for 0xa1
03-21 10:32:24.786 28524 28524 E ArmVmp : Match on catch block at 0xc3 in for 0xa1
03-21 10:32:24.799 28524 28524 E ArmVmp : Match on catch block at 0xc3 in for 0xa5
03-21 10:32:24.802 28524 28524 E ArmVmp : Match on catch block at 0xc3 in for 0xa9
03-21 10:32:24.805 28524 28524 E ArmVmp : Match on catch block at 0xc3 in for 0xa9
03-21 10:32:24.840 28524 28524 E ArmVmp : Match on catch block at 0xc3 in for 0xa5
03-21 10:32:24.843 28524 28524 E ArmVmp : Match on catch block at 0xc3 in for 0xa9
03-21 10:32:24.846 28524 28524 E ArmVmp : Match on catch block at 0xc3 in for 0xa9
03-21 10:32:24.860 28524 28524 E ArmVmp : Match on catch block at 0xc3 in for 0xa5
03-21 10:32:24.863 28524 28524 E ArmVmp : Match on catch block at 0xc3 in for 0xa9
03-21 10:32:24.866 28524 28524 E ArmVmp : Match on catch block at 0xc3 in for 0xa9
03-21 10:32:24.879 28524 28524 E ArmVmp : Match on catch block at 0xc3 in for 0xa1
03-21 10:32:24.882 28524 28524 E ArmVmp : Match on catch block at 0xc3 in for 0xa5
03-21 10:32:24.885 28524 28524 E ArmVmp : Match on catch block at 0xc3 in for 0xa5
03-21 10:32:24.961 28524 28524 E ArmVmp : Match on catch block at 0xc3 in for 0xa1
03-21 10:32:24.964 28524 28524 E ArmVmp : Match on catch block at 0xc3 in for 0xa5
03-21 10:32:24.966 28524 28524 E ArmVmp : Match on catch block at 0xc3 in for 0xa5
03-21 10:32:24.981 28524 28524 E ArmVmp : Match on catch block at 0xc3 in for 0xa1
03-21 10:32:24.984 28524 28524 E ArmVmp : Match on catch block at 0xc3 in for 0xa5
03-21 10:32:24.987 28524 28524 E ArmVmp : Match on catch block at 0xc3 in for 0xa5
03-21 10:32:25.000 28524 28524 E ArmVmp : Match on catch block at 0xc3 in for 0xa9
03-21 10:32:25.002 28524 28524 E ArmVmp : Match on catch block at 0xc3 in for 0xa1
03-21 10:32:25.005 28524 28524 E ArmVmp : Match on catch block at 0xc3 in for 0xa1
03-21 10:32:25.060 28524 28524 E ArmVmp : Match on catch block at 0xc3 in for 0xa1
03-21 10:32:25.063 28524 28524 E ArmVmp : Match on catch block at 0xc3 in for 0xa5
03-21 10:32:25.065 28524 28524 E ArmVmp : Match on catch block at 0xc3 in for 0xa5
03-21 10:32:25.079 28524 28524 E ArmVmp : Match on catch block at 0xc3 in for 0xa9
03-21 10:32:25.083 28524 28524 E ArmVmp : Match on catch block at 0xc3 in for 0xa1
03-21 10:32:25.085 28524 28524 E ArmVmp : Match on catch block at 0xc3 in for 0xa1
03-21 10:32:25.502 28524 28524 E ArmVmp : Match on catch block at 0xc3 in for 0xa1
03-21 10:32:25.507 28524 28524 E ArmVmp : Match on catch block at 0xc3 in for 0xa5
03-21 10:32:25.509 28524 28524 E ArmVmp : Match on catch block at 0xc3 in for 0xa5
03-21 10:32:25.520 28524 28524 E ArmVmp : Match on catch block at 0xc3 in for 0xa1
03-21 10:32:25.524 28524 28524 E ArmVmp : Match on catch block at 0xc3 in for 0xa5
03-21 10:32:25.526 28524 28524 E ArmVmp : Match on catch block at 0xc3 in for 0xa5
03-21 10:32:25.540 28524 28524 E ArmVmp : Match on catch block at 0xc3 in for 0xa1
03-21 10:32:25.543 28524 28524 E ArmVmp : Match on catch block at 0xc3 in for 0xa5
03-21 10:32:25.546 28524 28524 E ArmVmp : Match on catch block at 0xc3 in for 0xa5
03-21 10:32:25.559 28524 28524 E ArmVmp : Match on catch block at 0xc3 in for 0xa9
03-21 10:32:25.564 28524 28524 E ArmVmp : Match on catch block at 0xc3 in for 0xa1
03-21 10:32:25.566 28524 28524 E ArmVmp : Match on catch block at 0xc3 in for 0xa1
03-21 10:32:25.761 28524 28524 E ArmVmp : Match on catch block at 0xc3 in for 0xa5
03-21 10:32:25.764 28524 28524 E ArmVmp : Match on catch block at 0xc3 in for 0xa9
03-21 10:32:25.767 28524 28524 E ArmVmp : Match on catch block at 0xc3 in for 0xa9
03-21 10:32:25.840 28524 28524 E ArmVmp : Match on catch block at 0xc3 in for 0xa9
03-21 10:32:25.843 28524 28524 E ArmVmp : Match on catch block at 0xc3 in for 0xa1
03-21 10:32:25.846 28524 28524 E ArmVmp : Match on catch block at 0xc3 in for 0xa1
03-21 10:32:25.859 28524 28524 E ArmVmp : Match on catch block at 0xc3 in for 0xa5
03-21 10:32:25.862 28524 28524 E ArmVmp : Match on catch block at 0xc3 in for 0xa9
03-21 10:32:25.865 28524 28524 E ArmVmp : Match on catch block at 0xc3 in for 0xa9
03-21 10:32:25.900 28524 28524 E ArmVmp : Match on catch block at 0xc3 in for 0xa5
03-21 10:32:25.903 28524 28524 E ArmVmp : Match on catch block at 0xc3 in for 0xa9
03-21 10:32:25.906 28524 28524 E ArmVmp : Match on catch block at 0xc3 in for 0xa9
03-21 10:32:25.920 28524 28524 E ArmVmp : Match on catch block at 0xc3 in for 0xa1
03-21 10:32:25.924 28524 28524 E ArmVmp : Match on catch block at 0xc3 in for 0xa5
03-21 10:32:25.926 28524 28524 E ArmVmp : Match on catch block at 0xc3 in for 0xa5
03-21 10:32:26.678 28524 28524 E ArmVmp : Match on catch block at 0xc3 in for 0xa9
03-21 10:32:26.681 28524 28524 E ArmVmp : Match on catch block at 0xc3 in for 0xa1
03-21 10:32:26.684 28524 28524 E ArmVmp : Match on catch block at 0xc3 in for 0xa1
03-21 10:32:26.760 28524 28524 E ArmVmp : Match on catch block at 0xc3 in for 0xa1
03-21 10:32:26.762 28524 28524 E ArmVmp : Match on catch block at 0xc3 in for 0xa5
03-21 10:32:26.765 28524 28524 E ArmVmp : Match on catch block at 0xc3 in for 0xa5
03-21 10:32:26.778 28524 28524 E ArmVmp : Match on catch block at 0xc3 in for 0xa9
03-21 10:32:26.781 28524 28524 E ArmVmp : Match on catch block at 0xc3 in for 0xa1
03-21 10:32:26.783 28524 28524 E ArmVmp : Match on catch block at 0xc3 in for 0xa1
03-21 10:32:26.798 28524 28524 E ArmVmp : Match on catch block at 0xc3 in for 0xa5
03-21 10:32:26.802 28524 28524 E ArmVmp : Match on catch block at 0xc3 in for 0xa9
03-21 10:32:26.805 28524 28524 E ArmVmp : Match on catch block at 0xc3 in for 0xa9
03-21 10:32:26.819 28524 28524 E ArmVmp : Match on catch block at 0xc3 in for 0xa5
03-21 10:32:26.821 28524 28524 E ArmVmp : Match on catch block at 0xc3 in for 0xa9
03-21 10:32:26.826 28524 28524 E ArmVmp : Match on catch block at 0xc3 in for 0xa9
03-21 10:32:26.839 28524 28524 E ArmVmp : Match on catch block at 0xc3 in for 0xa5
03-21 10:32:26.841 28524 28524 E ArmVmp : Match on catch block at 0xc3 in for 0xa9
03-21 10:32:26.844 28524 28524 E ArmVmp : Match on catch block at 0xc3 in for 0xa9
03-21 10:32:26.919 28524 28524 E ArmVmp : Match on catch block at 0xc3 in for 0xa5
03-21 10:32:26.922 28524 28524 E ArmVmp : Match on catch block at 0xc3 in for 0xa9
03-21 10:32:26.924 28524 28524 E ArmVmp : Match on catch block at 0xc3 in for 0xa9
03-21 10:32:26.979 28524 28524 E ArmVmp : Match on catch block at 0xc3 in for 0xa1
03-21 10:32:26.982 28524 28524 E ArmVmp : Match on catch block at 0xc3 in for 0xa5
03-21 10:32:26.984 28524 28524 E ArmVmp : Match on catch block at 0xc3 in for 0xa5
03-21 10:32:27.019 28524 28524 E ArmVmp : Match on catch block at 0xc3 in for 0xa1
03-21 10:32:27.022 28524 28524 E ArmVmp : Match on catch block at 0xc3 in for 0xa5
03-21 10:32:27.025 28524 28524 E ArmVmp : Match on catch block at 0xc3 in for 0xa5
03-21 10:32:27.079 28524 28524 E ArmVmp : Match on catch block at 0xc3 in for 0xa9
03-21 10:32:27.082 28524 28524 E ArmVmp : Match on catch block at 0xc3 in for 0xa1
03-21 10:32:27.086 28524 28524 E ArmVmp : Match on catch block at 0xc3 in for 0xa1
03-21 10:32:27.139 28524 28524 E ArmVmp : Match on catch block at 0xc3 in for 0xa9
03-21 10:32:27.143 28524 28524 E ArmVmp : Match on catch block at 0xc3 in for 0xa1
03-21 10:32:27.146 28524 28524 E ArmVmp : Match on catch block at 0xc3 in for 0xa1
03-21 10:32:27.179 28524 28524 E ArmVmp : Match on catch block at 0xc3 in for 0xa5
03-21 10:32:27.183 28524 28524 E ArmVmp : Match on catch block at 0xc3 in for 0xa9
03-21 10:32:27.185 28524 28524 E ArmVmp : Match on catch block at 0xc3 in for 0xa9
03-21 10:32:27.219 28524 28524 E ArmVmp : Match on catch block at 0xc3 in for 0xa9
03-21 10:32:27.223 28524 28524 E ArmVmp : Match on catch block at 0xc3 in for 0xa1
03-21 10:32:27.225 28524 28524 E ArmVmp : Match on catch block at 0xc3 in for 0xa1
03-21 10:32:27.279 28524 28524 E ArmVmp : Match on catch block at 0xc3 in for 0xa5
03-21 10:32:27.283 28524 28524 E ArmVmp : Match on catch block at 0xc3 in for 0xa9
03-21 10:32:27.286 28524 28524 E ArmVmp : Match on catch block at 0xc3 in for 0xa9
03-21 10:32:27.319 28524 28524 E ArmVmp : Match on catch block at 0xc3 in for 0xa5
03-21 10:32:27.322 28524 28524 E ArmVmp : Match on catch block at 0xc3 in for 0xa9
03-21 10:32:27.325 28524 28524 E ArmVmp : Match on catch block at 0xc3 in for 0xa9
03-21 10:32:27.379 28524 28524 E ArmVmp : Match on catch block at 0xc3 in for 0xa1
03-21 10:32:27.381 28524 28524 E ArmVmp : Match on catch block at 0xc3 in for 0xa5
03-21 10:32:27.384 28524 28524 E ArmVmp : Match on catch block at 0xc3 in for 0xa5
03-21 10:32:27.439 28524 28524 E ArmVmp : Match on catch block at 0xc3 in for 0xa1
03-21 10:32:27.443 28524 28524 E ArmVmp : Match on catch block at 0xc3 in for 0xa5
03-21 10:32:27.445 28524 28524 E ArmVmp : Match on catch block at 0xc3 in for 0xa5
03-21 10:32:27.479 28524 28524 E ArmVmp : Match on catch block at 0xc3 in for 0xa9
03-21 10:32:27.482 28524 28524 E ArmVmp : Match on catch block at 0xc3 in for 0xa1
03-21 10:32:27.485 28524 28524 E ArmVmp : Match on catch block at 0xc3 in for 0xa1
03-21 10:32:27.539 28524 28524 E ArmVmp : Match on catch block at 0xc3 in for 0xa9
03-21 10:32:27.544 28524 28524 E ArmVmp : Match on catch block at 0xc3 in for 0xa1
03-21 10:32:27.547 28524 28524 E ArmVmp : Match on catch block at 0xc3 in for 0xa1
03-21 10:32:27.579 28524 28524 E ArmVmp : Match on catch block at 0xc3 in for 0xa5
03-21 10:32:27.584 28524 28524 E ArmVmp : Match on catch block at 0xc3 in for 0xa9
03-21 10:32:27.587 28524 28524 E ArmVmp : Match on catch block at 0xc3 in for 0xa9
03-21 10:32:27.639 28524 28524 E ArmVmp : Match on catch block at 0xc3 in for 0xa5
03-21 10:32:27.642 28524 28524 E ArmVmp : Match on catch block at 0xc3 in for 0xa9
03-21 10:32:27.646 28524 28524 E ArmVmp : Match on catch block at 0xc3 in for 0xa9
03-21 10:32:27.679 28524 28524 E ArmVmp : Match on catch block at 0xc3 in for 0xa1
03-21 10:32:27.682 28524 28524 E ArmVmp : Match on catch block at 0xc3 in for 0xa5
03-21 10:32:27.684 28524 28524 E ArmVmp : Match on catch block at 0xc3 in for 0xa5
03-21 10:32:27.700 28524 28524 E ArmVmp : Match on catch block at 0xc3 in for 0xa1
03-21 10:32:27.702 28524 28524 E ArmVmp : Match on catch block at 0xc3 in for 0xa5
03-21 10:32:27.705 28524 28524 E ArmVmp : Match on catch block at 0xc3 in for 0xa5
03-21 10:32:27.719 28524 28524 E ArmVmp : Match on catch block at 0xc3 in for 0xa9
03-21 10:32:27.721 28524 28524 E ArmVmp : Match on catch block at 0xc3 in for 0xa1
03-21 10:32:27.724 28524 28524 E ArmVmp : Match on catch block at 0xc3 in for 0xa1
03-21 10:32:27.739 28524 28524 E ArmVmp : Match on catch block at 0xc3 in for 0xa9
03-21 10:32:27.741 28524 28524 E ArmVmp : Match on catch block at 0xc3 in for 0xa1
03-21 10:32:27.743 28524 28524 E ArmVmp : Match on catch block at 0xc3 in for 0xa1
03-21 10:32:27.779 28524 28524 E ArmVmp : Match on catch block at 0xc3 in for 0xa1
03-21 10:32:27.781 28524 28524 E ArmVmp : Match on catch block at 0xc3 in for 0xa5
03-21 10:32:27.785 28524 28524 E ArmVmp : Match on catch block at 0xc3 in for 0xa5
03-21 10:32:27.839 28524 28524 E ArmVmp : Match on catch block at 0xc3 in for 0xa1
03-21 10:32:27.842 28524 28524 E ArmVmp : Match on catch block at 0xc3 in for 0xa5
03-21 10:32:27.845 28524 28524 E ArmVmp : Match on catch block at 0xc3 in for 0xa5
03-21 10:32:27.879 28524 28524 E ArmVmp : Match on catch block at 0xc3 in for 0xa9
03-21 10:32:27.882 28524 28524 E ArmVmp : Match on catch block at 0xc3 in for 0xa1
03-21 10:32:27.884 28524 28524 E ArmVmp : Match on catch block at 0xc3 in for 0xa1
03-21 10:32:27.938 28524 28524 E ArmVmp : Match on catch block at 0xc3 in for 0xa9
03-21 10:32:27.941 28524 28524 E ArmVmp : Match on catch block at 0xc3 in for 0xa1
03-21 10:32:27.942 28524 28524 E ArmVmp : Match on catch block at 0xc3 in for 0xa1
03-21 10:32:27.978 28524 28524 E ArmVmp : Match on catch block at 0xc3 in for 0xa5
03-21 10:32:27.981 28524 28524 E ArmVmp : Match on catch block at 0xc3 in for 0xa9
03-21 10:32:27.983 28524 28524 E ArmVmp : Match on catch block at 0xc3 in for 0xa9
03-21 10:32:28.039 28524 28524 E ArmVmp : Match on catch block at 0xc3 in for 0xa5
03-21 10:32:28.042 28524 28524 E ArmVmp : Match on catch block at 0xc3 in for 0xa9
03-21 10:32:28.044 28524 28524 E ArmVmp : Match on catch block at 0xc3 in for 0xa9
03-21 10:32:28.080 28524 28524 E ArmVmp : Match on catch block at 0xc3 in for 0xa1
03-21 10:32:28.082 28524 28524 E ArmVmp : Match on catch block at 0xc3 in for 0xa5
03-21 10:32:28.085 28524 28524 E ArmVmp : Match on catch block at 0xc3 in for 0xa5
03-21 10:32:28.139 28524 28524 E ArmVmp : Match on catch block at 0xc3 in for 0xa1
03-21 10:32:28.141 28524 28524 E ArmVmp : Match on catch block at 0xc3 in for 0xa5
03-21 10:32:28.143 28524 28524 E ArmVmp : Match on catch block at 0xc3 in for 0xa5
03-21 10:32:28.199 28524 28524 E ArmVmp : Match on catch block at 0xc3 in for 0xa9
03-21 10:32:28.202 28524 28524 E ArmVmp : Match on catch block at 0xc3 in for 0xa1
03-21 10:32:28.205 28524 28524 E ArmVmp : Match on catch block at 0xc3 in for 0xa1
03-21 10:32:28.239 28524 28524 E ArmVmp : Match on catch block at 0xc3 in for 0xa9
03-21 10:32:28.243 28524 28524 E ArmVmp : Match on catch block at 0xc3 in for 0xa1
03-21 10:32:28.245 28524 28524 E ArmVmp : Match on catch block at 0xc3 in for 0xa1
03-21 10:32:28.299 28524 28524 E ArmVmp : Match on catch block at 0xc3 in for 0xa5
03-21 10:32:28.302 28524 28524 E ArmVmp : Match on catch block at 0xc3 in for 0xa9
03-21 10:32:28.304 28524 28524 E ArmVmp : Match on catch block at 0xc3 in for 0xa9
03-21 10:32:28.339 28524 28524 E ArmVmp : Match on catch block at 0xc3 in for 0xa5
03-21 10:32:28.343 28524 28524 E ArmVmp : Match on catch block at 0xc3 in for 0xa9
03-21 10:32:28.346 28524 28524 E ArmVmp : Match on catch block at 0xc3 in for 0xa9
03-21 10:32:28.360 28524 28524 E ArmVmp : Match on catch block at 0xc3 in for 0xa5
03-21 10:32:28.363 28524 28524 E ArmVmp : Match on catch block at 0xc3 in for 0xa9
03-21 10:32:28.380 28524 28524 E ArmVmp : Match on catch block at 0xc3 in for 0xa9
03-21 10:32:28.383 28524 28524 E ArmVmp : Match on catch block at 0xc3 in for 0xa1
03-21 10:32:28.386 28524 28524 E ArmVmp : Match on catch block at 0xc3 in for 0xa1
03-21 10:32:28.399 28524 28524 E ArmVmp : Match on catch block at 0xc3 in for 0xa9
03-21 10:32:28.402 28524 28524 E ArmVmp : Match on catch block at 0xc3 in for 0xa1
03-21 10:32:28.405 28524 28524 E ArmVmp : Match on catch block at 0xc3 in for 0xa1
03-21 10:32:28.439 28524 28524 E ArmVmp : Match on catch block at 0xc3 in for 0xa9
03-21 10:32:28.442 28524 28524 E ArmVmp : Match on catch block at 0xc3 in for 0xa1
03-21 10:32:28.445 28524 28524 E ArmVmp : Match on catch block at 0xc3 in for 0xa1
03-21 10:32:28.499 28524 28524 E ArmVmp : Match on catch block at 0xc3 in for 0xa9
03-21 10:32:28.502 28524 28524 E ArmVmp : Match on catch block at 0xc3 in for 0xa1
03-21 10:32:28.505 28524 28524 E ArmVmp : Match on catch block at 0xc3 in for 0xa1
03-21 10:32:28.539 28524 28524 E ArmVmp : Match on catch block at 0xc3 in for 0xa9
03-21 10:32:28.542 28524 28524 E ArmVmp : Match on catch block at 0xc3 in for 0xa1
03-21 10:32:28.545 28524 28524 E ArmVmp : Match on catch block at 0xc3 in for 0xa1
03-21 10:32:28.599 28524 28524 E ArmVmp : Match on catch block at 0xc3 in for 0xa5
03-21 10:32:28.603 28524 28524 E ArmVmp : Match on catch block at 0xc3 in for 0xa9
03-21 10:32:28.606 28524 28524 E ArmVmp : Match on catch block at 0xc3 in for 0xa9
03-21 10:32:28.640 28524 28524 E ArmVmp : Match on catch block at 0xc3 in for 0xa5
03-21 10:32:28.643 28524 28524 E ArmVmp : Match on catch block at 0xc3 in for 0xa9
03-21 10:32:28.646 28524 28524 E ArmVmp : Match on catch block at 0xc3 in for 0xa9
03-21 10:32:28.659 28524 28524 E ArmVmp : Match on catch block at 0xc3 in for 0xa1
03-21 10:32:28.663 28524 28524 E ArmVmp : Match on catch block at 0xc3 in for 0xa5
03-21 10:32:28.665 28524 28524 E ArmVmp : Match on catch block at 0xc3 in for 0xa5
03-21 10:32:28.699 28524 28524 E ArmVmp : Match on catch block at 0xc3 in for 0xa9
03-21 10:32:28.702 28524 28524 E ArmVmp : Match on catch block at 0xc3 in for 0xa1
03-21 10:32:28.705 28524 28524 E ArmVmp : Match on catch block at 0xc3 in for 0xa1
03-21 10:32:28.739 28524 28524 E ArmVmp : Match on catch block at 0xc3 in for 0xa9
03-21 10:32:28.742 28524 28524 E ArmVmp : Match on catch block at 0xc3 in for 0xa1
03-21 10:32:28.745 28524 28524 E ArmVmp : Match on catch block at 0xc3 in for 0xa1
03-21 10:32:28.760 28524 28524 E ArmVmp : Match on catch block at 0xc3 in for 0xa9
03-21 10:32:28.764 28524 28524 E ArmVmp : Match on catch block at 0xc3 in for 0xa1
03-21 10:32:28.767 28524 28524 E ArmVmp : Match on catch block at 0xc3 in for 0xa1
03-21 10:32:28.779 28524 28524 E ArmVmp : Match on catch block at 0xc3 in for 0xa5
03-21 10:32:28.782 28524 28524 E ArmVmp : Match on catch block at 0xc3 in for 0xa9
03-21 10:32:28.785 28524 28524 E ArmVmp : Match on catch block at 0xc3 in for 0xa9
03-21 10:32:28.800 28524 28524 E ArmVmp : Match on catch block at 0xc3 in for 0xa1
03-21 10:32:28.804 28524 28524 E ArmVmp : Match on catch block at 0xc3 in for 0xa5
03-21 10:32:28.806 28524 28524 E ArmVmp : Match on catch block at 0xc3 in for 0xa5
03-21 10:32:28.940 28524 28524 E ArmVmp : Match on catch block at 0xc3 in for 0xa1
03-21 10:32:28.943 28524 28524 E ArmVmp : Match on catch block at 0xc3 in for 0xa5
03-21 10:32:28.946 28524 28524 E ArmVmp : Match on catch block at 0xc3 in for 0xa5
03-21 10:32:28.962 28524 28524 E ArmVmp : Match on catch block at 0xc3 in for 0xa1
