03-19 12:02:40.357 23908 23908 E ArmVmp : Match on catch block at 0xc3 in for 0xa9
03-19 12:02:40.360 23908 23908 E ArmVmp : Match on catch block at 0xc3 in for 0xa1
03-19 12:02:40.377 23908 23908 E ArmVmp : Match on catch block at 0xc3 in for 0xa9
03-19 12:02:40.379 23908 23908 E ArmVmp : Match on catch block at 0xc3 in for 0xa1
03-19 12:02:40.397 23908 23908 E ArmVmp : Match on catch block at 0xc3 in for 0xa9
03-19 12:02:40.400 23908 23908 E ArmVmp : Match on catch block at 0xc3 in for 0xa1
03-19 12:02:40.417 23908 23908 E ArmVmp : Match on catch block at 0xc3 in for 0xa9
03-19 12:02:40.419 23908 23908 E ArmVmp : Match on catch block at 0xc3 in for 0xa1
03-19 12:02:40.437 23908 23908 E ArmVmp : Match on catch block at 0xc3 in for 0xa9
03-19 12:02:40.439 23908 23908 E ArmVmp : Match on catch block at 0xc3 in for 0xa1
03-19 12:02:40.446 23908 13164 E SQLiteDatabase: Error inserting transferred=1
media_job_uuid=60c69fb9-3729-48f8-bd8d-aec898e82cd2 transcoded=0 gif_attribution=0
first_scan_length=0 direct_path=/v/t62.7117-
24/32246175_1077136753525233_2761686573132621065_n.enc?ccb=11-
4&oh=01_AdQXYnLoKIffSRX5tCE-N3MhM0hvfcjh4WwPIExKhmPUTg&oe=66215089&_nc_sid=5e03e0
thumbnail_height_width_ratio=0.0 is_animated_sticker=0
file_hash=/pOdzuqgDesGSJAVFuZKY/cjvKrrjTZ3VNpJB6ZUZl8= file_path=Media/WhatsApp
Voice Notes/202412/PTT-20240319-WA0002.opus file_size=0 partial_media_hash=null
face_x=0 face_y=0 height=0 trim_to=0 media_key_timestamp=1710867757987
message_url=https://mmg.whatsapp.net/v/t62.7117-
24/32246175_1077136753525233_2761686573132621065_n.enc?ccb=11-
4&oh=01_AdQXYnLoKIffSRX5tCE-
N3MhM0hvfcjh4WwPIExKhmPUTg&oe=66215089&_nc_sid=5e03e0&mms3=true media_caption=null
trim_from=0 mime_type=audio/ogg; codecs=opus partial_media_enc_hash=null width=0
original_file_hash=null has_streaming_sidecar=0 autotransfer_retry_enabled=0
media_upload_handle=null message_row_id=99 multicast_id=null
enc_file_hash=rW8k6OD/0cHEKSSuv2tMJxOzgLsSJsB6HgBkDP6F7dI= mute_video=0
page_count=0 first_scan_sidecar=null suspicious_content=0 file_length=13542
media_name=9d7c62e6587c422b8b2629edf639c09f.opus media_duration=5 chat_row_id=53
media_key=[B@1c6d7e5
03-19 12:02:40.446 23908 13164 E SQLiteDatabase:
android.database.sqlite.SQLiteConstraintException: UNIQUE constraint failed:
message_media.message_row_id (code 1555 SQLITE_CONSTRAINT_PRIMARYKEY)
03-19 12:02:40.446 23908 13164 E SQLiteDatabase: at
android.database.sqlite.SQLiteConnection.nativeExecuteForLastInsertedRowId(Native
Method)
03-19 12:02:40.446 23908 13164 E SQLiteDatabase: at
android.database.sqlite.SQLiteConnection.executeForLastInsertedRowId(SQLiteConnecti
on.java:938)
03-19 12:02:40.446 23908 13164 E SQLiteDatabase: at
android.database.sqlite.SQLiteSession.executeForLastInsertedRowId(SQLiteSession.jav
a:790)
03-19 12:02:40.446 23908 13164 E SQLiteDatabase: at
android.database.sqlite.SQLiteStatement.executeInsert(SQLiteStatement.java:88)
03-19 12:02:40.446 23908 13164 E SQLiteDatabase: at
android.database.sqlite.SQLiteDatabase.insertWithOnConflict(SQLiteDatabase.java:172
4)
03-19 12:02:40.446 23908 13164 E SQLiteDatabase: at
android.database.sqlite.SQLiteDatabase.insert(SQLiteDatabase.java:1593)
03-19 12:02:40.446 23908 13164 E SQLiteDatabase: at X.2tm.A08(Unknown
Source:6)
03-19 12:02:40.446 23908 13164 E SQLiteDatabase: at X.35Y.A07(Unknown
Source:212)
03-19 12:02:40.446 23908 13164 E SQLiteDatabase: at X.3QF.A14(Unknown
Source:470)
03-19 12:02:40.446 23908 13164 E SQLiteDatabase: at X.3gU.run(Unknown
Source:982)
03-19 12:02:40.446 23908 13164 E SQLiteDatabase: at
android.os.Handler.handleCallback(Handler.java:938)
03-19 12:02:40.446 23908 13164 E SQLiteDatabase: at
android.os.Handler.dispatchMessage(Handler.java:99)
03-19 12:02:40.446 23908 13164 E SQLiteDatabase: at
X.0zq.dispatchMessage(Unknown Source:4)
03-19 12:02:40.446 23908 13164 E SQLiteDatabase: at
android.os.Looper.loop(Looper.java:223)
03-19 12:02:40.446 23908 13164 E SQLiteDatabase: at
android.os.HandlerThread.run(HandlerThread.java:67)
03-19 12:02:40.457 23908 23908 E ArmVmp : Match on catch block at 0xc3 in for 0xa1
03-19 12:02:40.460 23908 23908 E ArmVmp : Match on catch block at 0xc3 in for 0xa5
03-19 12:02:40.484 23908 23908 E ArmVmp : Match on catch block at 0xc3 in for 0xa5
03-19 12:02:40.486 23908 23908 E ArmVmp : Match on catch block at 0xc3 in for 0xa9
03-19 12:02:40.497 23908 23908 E ArmVmp : Match on catch block at 0xc3 in for 0xa1
03-19 12:02:40.498 23908 23908 E ArmVmp : Match on catch block at 0xc3 in for 0xa5
03-19 12:02:40.597 23908 23908 E ArmVmp : Match on catch block at 0xc3 in for 0xa9
03-19 12:02:40.598 23908 23908 E ArmVmp : Match on catch block at 0xc3 in for 0xa1
03-19 12:02:40.605 23908 23908 W AudioManager: Use of stream types is deprecated
for operations other than volume control
03-19 12:02:40.605 23908 23908 W AudioManager: See the documentation of
requestAudioFocus() for what to use instead with android.media.AudioAttributes to
qualify your playback use case
03-19 12:02:40.645 23908 23908 E ArmVmp : Match on catch block at 0xc3 in for 0xa9
03-19 12:02:40.648 23908 23908 E ArmVmp : Match on catch block at 0xc3 in for 0xa1
03-19 12:02:40.665 23908 23908 E ArmVmp : Match on catch block at 0xc3 in for 0xa5
03-19 12:02:40.667 23908 23908 E ArmVmp : Match on catch block at 0xc3 in for 0xa9
03-19 12:02:40.686 23908 23908 E ArmVmp : Match on catch block at 0xc3 in for 0xa1
03-19 12:02:40.687 23908 13369 W MediaPlayer: Use of stream types is deprecated for
operations other than volume control
03-19 12:02:40.687 23908 13369 W MediaPlayer: See the documentation of
setAudioStreamType() for what to use instead with android.media.AudioAttributes to
qualify your playback use case
03-19 12:02:40.687 23908 23908 E ArmVmp : Match on catch block at 0xc3 in for 0xa5
03-19 12:02:40.698 23908 23908 E ArmVmp : Match on catch block at 0xc3 in for 0xa1
03-19 12:02:40.699 23908 23908 E ArmVmp : Match on catch block at 0xc3 in for 0xa5
03-19 12:02:40.757 23908 23908 E ArmVmp : Match on catch block at 0xc3 in for 0xa1
03-19 12:02:40.759 23908 23908 E ArmVmp : Match on catch block at 0xc3 in for 0xa5
03-19 12:02:40.797 23908 23908 E ArmVmp : Match on catch block at 0xc3 in for 0xa1
03-19 12:02:40.798 23908 23908 E ArmVmp : Match on catch block at 0xc3 in for 0xa5
03-19 12:02:40.837 23908 23908 E ArmVmp : Match on catch block at 0xc3 in for 0xa1
03-19 12:02:40.841 23908 23908 E ArmVmp : Match on catch block at 0xc3 in for 0xa5
03-19 12:02:40.858 23908 23908 E ArmVmp : Match on catch block at 0xc3 in for 0xa1
03-19 12:02:40.860 23908 23908 E ArmVmp : Match on catch block at 0xc3 in for 0xa5
03-19 12:02:40.882 23908 23908 E ArmVmp : Match on catch block at 0xc3 in for 0xa1
03-19 12:02:40.883 23908 23908 E ArmVmp : Match on catch block at 0xc3 in for 0xa5
03-19 12:02:40.917 23908 23908 E ArmVmp : Match on catch block at 0xc3 in for 0xa1
03-19 12:02:40.920 23908 23908 E ArmVmp : Match on catch block at 0xc3 in for 0xa5
03-19 12:02:40.948 23908 23908 E ArmVmp : Match on catch block at 0xc3 in for 0xa1
03-19 12:02:40.950 23908 23908 E ArmVmp : Match on catch block at 0xc3 in for 0xa5
03-19 12:02:40.993 23908 23908 E ArmVmp : Match on catch block at 0xc3 in for 0xa5
03-19 12:02:40.996 23908 23908 E ArmVmp : Match on catch block at 0xc3 in for 0xa9
03-19 12:02:41.017 23908 23908 E ArmVmp : Match on catch block at 0xc3 in for 0xa5
03-19 12:02:41.019 23908 23908 E ArmVmp : Match on catch block at 0xc3 in for 0xa9
03-19 12:02:41.037 23908 23908 E ArmVmp : Match on catch block at 0xc3 in for 0xa5
03-19 12:02:41.042 23908 23908 E ArmVmp : Match on catch block at 0xc3 in for 0xa9
03-19 12:02:41.057 23908 23908 E ArmVmp : Match on catch block at 0xc3 in for 0xa5
03-19 12:02:41.059 23908 23908 E ArmVmp : Match on catch block at 0xc3 in for 0xa9
03-19 12:02:41.077 23908 23908 E ArmVmp : Match on catch block at 0xc3 in for 0xa5
03-19 12:02:41.080 23908 23908 E ArmVmp : Match on catch block at 0xc3 in for 0xa9
03-19 12:02:41.097 23908 23908 E ArmVmp : Match on catch block at 0xc3 in for 0xa5
03-19 12:02:41.100 23908 23908 E ArmVmp : Match on catch block at 0xc3 in for 0xa9
03-19 12:02:41.117 23908 23908 E ArmVmp : Match on catch block at 0xc3 in for 0xa5
03-19 12:02:41.121 23908 23908 E ArmVmp : Match on catch block at 0xc3 in for 0xa9
03-19 12:02:41.137 23908 23908 E ArmVmp : Match on catch block at 0xc3 in for 0xa5
03-19 12:02:41.140 23908 23908 E ArmVmp : Match on catch block at 0xc3 in for 0xa9
03-19 12:02:41.157 23908 23908 E ArmVmp : Match on catch block at 0xc3 in for 0xa5
03-19 12:02:41.159 23908 23908 E ArmVmp : Match on catch block at 0xc3 in for 0xa9
03-19 12:02:41.177 23908 23908 E ArmVmp : Match on catch block at 0xc3 in for 0xa5
03-19 12:02:41.180 23908 23908 E ArmVmp : Match on catch block at 0xc3 in for 0xa9
03-19 12:02:41.197 23908 23908 E ArmVmp : Match on catch block at 0xc3 in for 0xa5
03-19 12:02:41.199 23908 23908 E ArmVmp : Match on catch block at 0xc3 in for 0xa9
03-19 12:02:41.217 23908 23908 E ArmVmp : Match on catch block at 0xc3 in for 0xa5
03-19 12:02:41.220 23908 23908 E ArmVmp : Match on catch block at 0xc3 in for 0xa9
03-19 12:02:41.237 23908 23908 E ArmVmp : Match on catch block at 0xc3 in for 0xa5
03-19 12:02:41.246 23908 23908 E ArmVmp : Match on catch block at 0xc3 in for 0xa9
03-19 12:02:41.258 23908 23908 E ArmVmp : Match on catch block at 0xc3 in for 0xa5
03-19 12:02:41.262 23908 23908 E ArmVmp : Match on catch block at 0xc3 in for 0xa9
03-19 12:02:41.278 23908 23908 E ArmVmp : Match on catch block at 0xc3 in for 0xa5
03-19 12:02:41.281 23908 23908 E ArmVmp : Match on catch block at 0xc3 in for 0xa9
03-19 12:02:41.297 23908 23908 E ArmVmp : Match on catch block at 0xc3 in for 0xa5
03-19 12:02:41.300 23908 23908 E ArmVmp : Match on catch block at 0xc3 in for 0xa9
03-19 12:02:41.317 23908 23908 E ArmVmp : Match on catch block at 0xc3 in for 0xa5
03-19 12:02:41.319 23908 23908 E ArmVmp : Match on catch block at 0xc3 in for 0xa9
03-19 12:02:41.338 23908 23908 E ArmVmp : Match on catch block at 0xc3 in for 0xa5
03-19 12:02:41.340 23908 23908 E ArmVmp : Match on catch block at 0xc3 in for 0xa9
03-19 12:02:41.358 23908 23908 E ArmVmp : Match on catch block at 0xc3 in for 0xa5
03-19 12:02:41.360 23908 23908 E ArmVmp : Match on catch block at 0xc3 in for 0xa9
03-19 12:02:41.399 23908 23908 E ArmVmp : Match on catch block at 0xc3 in for 0xa5
03-19 12:02:41.402 23908 23908 E ArmVmp : Match on catch block at 0xc3 in for 0xa9
03-19 12:02:41.465 23908 23908 E ArmVmp : Match on catch block at 0xc3 in for 0xa5
03-19 12:02:41.469 23908 23908 E ArmVmp : Match on catch block at 0xc3 in for 0xa9
03-19 12:02:41.498 23908 23908 E ArmVmp : Match on catch block at 0xc3 in for 0xa5
03-19 12:02:41.502 23908 23908 E ArmVmp : Match on catch block at 0xc3 in for 0xa9
03-19 12:02:41.558 23908 23908 E ArmVmp : Match on catch block at 0xc3 in for 0xa5
03-19 12:02:41.561 23908 23908 E ArmVmp : Match on catch block at 0xc3 in for 0xa9
03-19 12:02:41.617 23908 23908 E ArmVmp : Match on catch block at 0xc3 in for 0xa5
03-19 12:02:41.620 23908 23908 E ArmVmp : Match on catch block at 0xc3 in for 0xa9
03-19 12:02:41.657 23908 23908 E ArmVmp : Match on catch block at 0xc3 in for 0xa9
03-19 12:02:41.659 23908 23908 E ArmVmp : Match on catch block at 0xc3 in for 0xa1
03-19 12:02:41.717 23908 23908 E ArmVmp : Match on catch block at 0xc3 in for 0xa9
03-19 12:02:41.719 23908 23908 E ArmVmp : Match on catch block at 0xc3 in for 0xa1
03-19 12:02:41.757 23908 23908 E ArmVmp : Match on catch block at 0xc3 in for 0xa9
03-19 12:02:41.759 23908 23908 E ArmVmp : Match on catch block at 0xc3 in for 0xa1
03-19 12:02:41.819 23908 23908 E ArmVmp : Match on catch block at 0xc3 in for 0xa9
03-19 12:02:41.822 23908 23908 E ArmVmp : Match on catch block at 0xc3 in for 0xa1
03-19 12:02:41.858 23908 23908 E ArmVmp : Match on catch block at 0xc3 in for 0xa9
03-19 12:02:41.861 23908 23908 E ArmVmp : Match on catch block at 0xc3 in for 0xa1
03-19 12:02:41.878 23908 23908 E ArmVmp : Match on catch block at 0xc3 in for 0xa9
03-19 12:02:41.881 23908 23908 E ArmVmp : Match on catch block at 0xc3 in for 0xa1
03-19 12:02:41.938 23908 23908 E ArmVmp : Match on catch block at 0xc3 in for 0xa9
03-19 12:02:41.941 23908 23908 E ArmVmp : Match on catch block at 0xc3 in for 0xa1
03-19 12:02:41.977 23908 23908 E ArmVmp : Match on catch block at 0xc3 in for 0xa9
03-19 12:02:41.980 23908 23908 E ArmVmp : Match on catch block at 0xc3 in for 0xa1
03-19 12:02:42.038 23908 23908 E ArmVmp : Match on catch block at 0xc3 in for 0xa9
03-19 12:02:42.041 23908 23908 E ArmVmp : Match on catch block at 0xc3 in for 0xa1
03-19 12:02:42.078 23908 23908 E ArmVmp : Match on catch block at 0xc3 in for 0xa9
03-19 12:02:42.081 23908 23908 E ArmVmp : Match on catch block at 0xc3 in for 0xa1
03-19 12:02:42.137 23908 23908 E ArmVmp : Match on catch block at 0xc3 in for 0xa9
03-19 12:02:42.140 23908 23908 E ArmVmp : Match on catch block at 0xc3 in for 0xa1
03-19 12:02:42.177 23908 23908 E ArmVmp : Match on catch block at 0xc3 in for 0xa9
03-19 12:02:42.180 23908 23908 E ArmVmp : Match on catch block at 0xc3 in for 0xa1
03-19 12:02:42.238 23908 23908 E ArmVmp : Match on catch block at 0xc3 in for 0xa9
03-19 12:02:42.241 23908 23908 E ArmVmp : Match on catch block at 0xc3 in for 0xa1
03-19 12:02:42.278 23908 23908 E ArmVmp : Match on catch block at 0xc3 in for 0xa9
03-19 12:02:42.280 23908 23908 E ArmVmp : Match on catch block at 0xc3 in for 0xa1
03-19 12:02:42.338 23908 23908 E ArmVmp : Match on catch block at 0xc3 in for 0xa9
03-19 12:02:42.340 23908 23908 E ArmVmp : Match on catch block at 0xc3 in for 0xa1
03-19 12:02:42.358 23908 23908 E ArmVmp : Match on catch block at 0xc3 in for 0xa9
03-19 12:02:42.360 23908 23908 E ArmVmp : Match on catch block at 0xc3 in for 0xa1
03-19 12:02:42.398 23908 23908 E ArmVmp : Match on catch block at 0xc3 in for 0xa9
03-19 12:02:42.400 23908 23908 E ArmVmp : Match on catch block at 0xc3 in for 0xa1
03-19 12:02:42.438 23908 23908 E ArmVmp : Match on catch block at 0xc3 in for 0xa9
03-19 12:02:42.440 23908 23908 E ArmVmp : Match on catch block at 0xc3 in for 0xa1
03-19 12:02:42.498 23908 23908 E ArmVmp : Match on catch block at 0xc3 in for 0xa9
03-19 12:02:42.501 23908 23908 E ArmVmp : Match on catch block at 0xc3 in for 0xa1
03-19 12:02:42.518 23908 23908 E ArmVmp : Match on catch block at 0xc3 in for 0xa9
03-19 12:02:42.521 23908 23908 E ArmVmp : Match on catch block at 0xc3 in for 0xa1
03-19 12:02:42.538 23908 23908 E ArmVmp : Match on catch block at 0xc3 in for 0xa9
03-19 12:02:42.541 23908 23908 E ArmVmp : Match on catch block at 0xc3 in for 0xa1
03-19 12:02:42.558 23908 23908 E ArmVmp : Match on catch block at 0xc3 in for 0xa9
03-19 12:02:42.561 23908 23908 E ArmVmp : Match on catch block at 0xc3 in for 0xa1
03-19 12:02:42.577 23908 23908 E ArmVmp : Match on catch block at 0xc3 in for 0xa9
03-19 12:02:42.580 23908 23908 E ArmVmp : Match on catch block at 0xc3 in for 0xa1
03-19 12:02:42.598 23908 23908 E ArmVmp : Match on catch block at 0xc3 in for 0xa9
03-19 12:02:42.601 23908 23908 E ArmVmp : Match on catch block at 0xc3 in for 0xa1
03-19 12:02:42.618 23908 23908 E ArmVmp : Match on catch block at 0xc3 in for 0xa9
03-19 12:02:42.621 23908 23908 E ArmVmp : Match on catch block at 0xc3 in for 0xa1
03-19 12:02:42.638 23908 23908 E ArmVmp : Match on catch block at 0xc3 in for 0xa9
03-19 12:02:42.641 23908 23908 E ArmVmp : Match on catch block at 0xc3 in for 0xa1
03-19 12:02:42.657 23908 23908 E ArmVmp : Match on catch block at 0xc3 in for 0xa9
03-19 12:02:42.660 23908 23908 E ArmVmp : Match on catch block at 0xc3 in for 0xa1
03-19 12:02:42.677 23908 23908 E ArmVmp : Match on catch block at 0xc3 in for 0xa1
03-19 12:02:42.679 23908 23908 E ArmVmp : Match on catch block at 0xc3 in for 0xa5
03-19 12:02:42.697 23908 23908 E ArmVmp : Match on catch block at 0xc3 in for 0xa1
03-19 12:02:42.699 23908 23908 E ArmVmp : Match on catch block at 0xc3 in for 0xa5
03-19 12:02:42.717 23908 23908 E ArmVmp : Match on catch block at 0xc3 in for 0xa1
03-19 12:02:42.720 23908 23908 E ArmVmp : Match on catch block at 0xc3 in for 0xa5
03-19 12:02:42.737 23908 23908 E ArmVmp : Match on catch block at 0xc3 in for 0xa1
03-19 12:02:42.739 23908 23908 E ArmVmp : Match on catch block at 0xc3 in for 0xa5
03-19 12:02:42.757 23908 23908 E ArmVmp : Match on catch block at 0xc3 in for 0xa1
03-19 12:02:42.758 23908 23908 E ArmVmp : Match on catch block at 0xc3 in for 0xa5
03-19 12:02:42.777 23908 23908 E ArmVmp : Match on catch block at 0xc3 in for 0xa1
03-19 12:02:42.781 23908 23908 E ArmVmp : Match on catch block at 0xc3 in for 0xa5
03-19 12:02:42.798 23908 23908 E ArmVmp : Match on catch block at 0xc3 in for 0xa1
03-19 12:02:42.801 23908 23908 E ArmVmp : Match on catch block at 0xc3 in for 0xa5
03-19 12:02:42.837 23908 23908 E ArmVmp : Match on catch block at 0xc3 in for 0xa1
03-19 12:02:42.840 23908 23908 E ArmVmp : Match on catch block at 0xc3 in for 0xa5
03-19 12:02:42.858 23908 23908 E ArmVmp : Match on catch block at 0xc3 in for 0xa1
03-19 12:02:42.861 23908 23908 E ArmVmp : Match on catch block at 0xc3 in for 0xa5
03-19 12:02:42.898 23908 23908 E ArmVmp : Match on catch block at 0xc3 in for 0xa1
03-19 12:02:42.901 23908 23908 E ArmVmp : Match on catch block at 0xc3 in for 0xa5
03-19 12:02:42.914 23908 13349 W libEGL : EGLNativeWindowType 0xb4000070a4ce4a30
disconnect failed
03-19 12:02:42.968 23908 23908 E ArmVmp : Match on catch block at 0xc3 in for 0xa9
03-19 12:02:42.972 23908 23908 E ArmVmp : Match on catch block at 0xc3 in for 0xa1
03-19 12:02:43.004 23908 13349 W libEGL : EGLNativeWindowType 0xb4000070a4ce4a30
disconnect failed
03-19 12:02:43.039 23908 23908 E ArmVmp : Match on catch block at 0xc3 in for 0xa9
03-19 12:02:43.041 23908 23908 E ArmVmp : Match on catch block at 0xc3 in for 0xa1
03-19 12:02:43.098 23908 23908 E ArmVmp : Match on catch block at 0xc3 in for 0xa9
03-19 12:02:43.101 23908 23908 E ArmVmp : Match on catch block at 0xc3 in for 0xa1
03-19 12:02:43.159 23908 23908 E ArmVmp : Match on catch block at 0xc3 in for 0xa9
03-19 12:02:43.163 23908 23908 E ArmVmp : Match on catch block at 0xc3 in for 0xa1
03-19 12:02:43.219 23908 23908 E ArmVmp : Match on catch block at 0xc3 in for 0xa9
03-19 12:02:43.222 23908 23908 E ArmVmp : Match on catch block at 0xc3 in for 0xa1
03-19 12:02:43.280 23908 23908 E ArmVmp : Match on catch block at 0xc3 in for 0xa9
03-19 12:02:43.283 23908 23908 E ArmVmp : Match on catch block at 0xc3 in for 0xa1
03-19 12:02:43.340 23908 23908 E ArmVmp : Match on catch block at 0xc3 in for 0xa9
03-19 12:02:43.343 23908 23908 E ArmVmp : Match on catch block at 0xc3 in for 0xa1
03-19 12:02:43.381 23908 23908 E ArmVmp : Match on catch block at 0xc3 in for 0xa9
03-19 12:02:43.384 23908 23908 E ArmVmp : Match on catch block at 0xc3 in for 0xa1
03-19 12:02:43.399 23908 23908 E ArmVmp : Match on catch block at 0xc3 in for 0xa9
03-19 12:02:43.402 23908 23908 E ArmVmp : Match on catch block at 0xc3 in for 0xa1
03-19 12:02:43.479 23908 23908 E ArmVmp : Match on catch block at 0xc3 in for 0xa9
03-19 12:02:43.481 23908 23908 E ArmVmp : Match on catch block at 0xc3 in for 0xa1
03-19 12:02:43.518 23908 23908 E ArmVmp : Match on catch block at 0xc3 in for 0xa9
03-19 12:02:43.522 23908 23908 E ArmVmp : Match on catch block at 0xc3 in for 0xa1
03-19 12:02:43.578 23908 23908 E ArmVmp : Match on catch block at 0xc3 in for 0xa9
03-19 12:02:43.581 23908 23908 E ArmVmp : Match on catch block at 0xc3 in for 0xa1
03-19 12:02:43.618 23908 23908 E ArmVmp : Match on catch block at 0xc3 in for 0xa9
03-19 12:02:43.620 23908 23908 E ArmVmp : Match on catch block at 0xc3 in for 0xa1
03-19 12:02:43.678 23908 23908 E ArmVmp : Match on catch block at 0xc3 in for 0xa1
03-19 12:02:43.680 23908 23908 E ArmVmp : Match on catch block at 0xc3 in for 0xa5
03-19 12:02:43.738 23908 23908 E ArmVmp : Match on catch block at 0xc3 in for 0xa1
03-19 12:02:43.741 23908 23908 E ArmVmp : Match on catch block at 0xc3 in for 0xa5
03-19 12:02:43.778 23908 23908 E ArmVmp : Match on catch block at 0xc3 in for 0xa1
03-19 12:02:43.781 23908 23908 E ArmVmp : Match on catch block at 0xc3 in for 0xa5
03-19 12:02:43.838 23908 23908 E ArmVmp : Match on catch block at 0xc3 in for 0xa1
03-19 12:02:43.842 23908 23908 E ArmVmp : Match on catch block at 0xc3 in for 0xa5
03-19 12:02:43.878 23908 23908 E ArmVmp : Match on catch block at 0xc3 in for 0xa1
03-19 12:02:43.883 23908 23908 E ArmVmp : Match on catch block at 0xc3 in for 0xa5
03-19 12:02:43.898 23908 23908 E ArmVmp : Match on catch block at 0xc3 in for 0xa1
03-19 12:02:43.901 23908 23908 E ArmVmp : Match on catch block at 0xc3 in for 0xa5
03-19 12:02:43.958 23908 23908 E ArmVmp : Match on catch block at 0xc3 in for 0xa1
03-19 12:02:43.961 23908 23908 E ArmVmp : Match on catch block at 0xc3 in for 0xa5
03-19 12:02:43.998 23908 23908 E ArmVmp : Match on catch block at 0xc3 in for 0xa1
03-19 12:02:44.001 23908 23908 E ArmVmp : Match on catch block at 0xc3 in for 0xa5
03-19 12:02:44.058 23908 23908 E ArmVmp : Match on catch block at 0xc3 in for 0xa1
03-19 12:02:44.061 23908 23908 E ArmVmp : Match on catch block at 0xc3 in for 0xa5
03-19 12:02:44.098 23908 23908 E ArmVmp : Match on catch block at 0xc3 in for 0xa1
03-19 12:02:44.101 23908 23908 E ArmVmp : Match on catch block at 0xc3 in for 0xa5
03-19 12:02:44.158 23908 23908 E ArmVmp : Match on catch block at 0xc3 in for 0xa1
03-19 12:02:44.161 23908 23908 E ArmVmp : Match on catch block at 0xc3 in for 0xa5
03-19 12:02:44.198 23908 23908 E ArmVmp : Match on catch block at 0xc3 in for 0xa1
03-19 12:02:44.201 23908 23908 E ArmVmp : Match on catch block at 0xc3 in for 0xa5
03-19 12:02:44.258 23908 23908 E ArmVmp : Match on catch block at 0xc3 in for 0xa1
03-19 12:02:44.261 23908 23908 E ArmVmp : Match on catch block at 0xc3 in for 0xa5
03-19 12:02:44.318 23908 23908 E ArmVmp : Match on catch block at 0xc3 in for 0xa1
03-19 12:02:44.322 23908 23908 E ArmVmp : Match on catch block at 0xc3 in for 0xa5
03-19 12:02:44.358 23908 23908 E ArmVmp : Match on catch block at 0xc3 in for 0xa1
03-19 12:02:44.361 23908 23908 E ArmVmp : Match on catch block at 0xc3 in for 0xa5
03-19 12:02:44.378 23908 23908 E ArmVmp : Match on catch block at 0xc3 in for 0xa1
03-19 12:02:44.381 23908 23908 E ArmVmp : Match on catch block at 0xc3 in for 0xa5
03-19 12:02:44.418 23908 23908 E ArmVmp : Match on catch block at 0xc3 in for 0xa1
03-19 12:02:44.421 23908 23908 E ArmVmp : Match on catch block at 0xc3 in for 0xa5
03-19 12:02:44.458 23908 23908 E ArmVmp : Match on catch block at 0xc3 in for 0xa1
03-19 12:02:44.461 23908 23908 E ArmVmp : Match on catch block at 0xc3 in for 0xa5
03-19 12:02:44.518 23908 23908 E ArmVmp : Match on catch block at 0xc3 in for 0xa1
03-19 12:02:44.521 23908 23908 E ArmVmp : Match on catch block at 0xc3 in for 0xa5
03-19 12:02:44.558 23908 23908 E ArmVmp : Match on catch block at 0xc3 in for 0xa1
03-19 12:02:44.560 23908 23908 E ArmVmp : Match on catch block at 0xc3 in for 0xa5
03-19 12:02:44.880 23908 23908 E ArmVmp : Match on catch block at 0xc3 in for 0xa5
03-19 12:02:44.887 23908 23908 E ArmVmp : Match on catch block at 0xc3 in for 0xa9
03-19 12:02:44.922 23908 13349 W libEGL : EGLNativeWindowType 0xb4000070a4ce4a30
disconnect failed
03-19 12:02:45.042 23908 23908 E ArmVmp : Match on catch block at 0xc3 in for 0xa1
03-19 12:02:45.046 23908 23908 E ArmVmp : Match on catch block at 0xc3 in for 0xa5
03-19 12:02:45.378 23908 23908 E ArmVmp : Match on catch block at 0xc3 in for 0xa1
03-19 12:02:45.382 23908 23908 E ArmVmp : Match on catch block at 0xc3 in for 0xa5
03-19 12:02:45.878 23908 23908 E ArmVmp : Match on catch block at 0xc3 in for 0xa1
03-19 12:02:45.881 23908 23908 E ArmVmp : Match on catch block at 0xc3 in for 0xa5
03-19 12:02:46.377 23908 23908 E ArmVmp : Match on catch block at 0xc3 in for 0xa1
03-19 12:02:46.380 23908 23908 E ArmVmp : Match on catch block at 0xc3 in for 0xa5
03-19 12:02:46.543 23908 23908 E ArmVmp : Match on catch block at 0xc3 in for 0xa5
03-19 12:02:46.547 23908 23908 E ArmVmp : Match on catch block at 0xc3 in for 0xa9
03-19 12:02:46.557 23908 23908 E ArmVmp : Match on catch block at 0xc3 in for 0xa5
03-19 12:02:46.560 23908 23908 E ArmVmp : Match on catch block at 0xc3 in for 0xa9
03-19 12:02:46.578 23908 23908 E ArmVmp : Match on catch block at 0xc3 in for 0xa5
03-19 12:02:46.581 23908 23908 E ArmVmp : Match on catch block at 0xc3 in for 0xa9
03-19 12:02:46.597 23908 23908 E ArmVmp : Match on catch block at 0xc3 in for 0xa5
03-19 12:02:46.601 23908 23908 E ArmVmp : Match on catch block at 0xc3 in for 0xa9
03-19 12:02:46.617 23908 23908 E ArmVmp : Match on catch block at 0xc3 in for 0xa5
03-19 12:02:46.620 23908 23908 E ArmVmp : Match on catch block at 0xc3 in for 0xa9
03-19 12:02:46.637 23908 23908 E ArmVmp : Match on catch block at 0xc3 in for 0xa5
03-19 12:02:46.641 23908 23908 E ArmVmp : Match on catch block at 0xc3 in for 0xa9
03-19 12:02:46.658 23908 23908 E ArmVmp : Match on catch block at 0xc3 in for 0xa5
03-19 12:02:46.662 23908 23908 E ArmVmp : Match on catch block at 0xc3 in for 0xa9
03-19 12:02:46.678 23908 23908 E ArmVmp : Match on catch block at 0xc3 in for 0xa5
03-19 12:02:46.681 23908 23908 E ArmVmp : Match on catch block at 0xc3 in for 0xa9
03-19 12:02:46.698 23908 23908 E ArmVmp : Match on catch block at 0xc3 in for 0xa5
03-19 12:02:46.702 23908 23908 E ArmVmp : Match on catch block at 0xc3 in for 0xa9
03-19 12:02:46.718 23908 23908 E ArmVmp : Match on catch block at 0xc3 in for 0xa5
03-19 12:02:46.722 23908 23908 E ArmVmp : Match on catch block at 0xc3 in for 0xa9
03-19 12:02:46.738 23908 23908 E ArmVmp : Match on catch block at 0xc3 in for 0xa5
03-19 12:02:46.742 23908 23908 E ArmVmp : Match on catch block at 0xc3 in for 0xa9
03-19 12:02:46.758 23908 23908 E ArmVmp : Match on catch block at 0xc3 in for 0xa5
03-19 12:02:46.761 23908 23908 E ArmVmp : Match on catch block at 0xc3 in for 0xa9
03-19 12:02:46.778 23908 23908 E ArmVmp : Match on catch block at 0xc3 in for 0xa5
03-19 12:02:46.782 23908 23908 E ArmVmp : Match on catch block at 0xc3 in for 0xa9
03-19 12:02:46.798 23908 23908 E ArmVmp : Match on catch block at 0xc3 in for 0xa5
03-19 12:02:46.802 23908 23908 E ArmVmp : Match on catch block at 0xc3 in for 0xa9
03-19 12:02:46.818 23908 23908 E ArmVmp : Match on catch block at 0xc3 in for 0xa5
03-19 12:02:46.821 23908 23908 E ArmVmp : Match on catch block at 0xc3 in for 0xa9
03-19 12:02:46.838 23908 23908 E ArmVmp : Match on catch block at 0xc3 in for 0xa5
03-19 12:02:46.841 23908 23908 E ArmVmp : Match on catch block at 0xc3 in for 0xa9
03-19 12:02:46.878 23908 23908 E ArmVmp : Match on catch block at 0xc3 in for 0xa5
03-19 12:02:46.881 23908 23908 E ArmVmp : Match on catch block at 0xc3 in for 0xa9
03-19 12:02:47.378 23908 23908 E ArmVmp : Match on catch block at 0xc3 in for 0xa5
03-19 12:02:47.381 23908 23908 E ArmVmp : Match on catch block at 0xc3 in for 0xa9
03-19 12:02:47.878 23908 23908 E ArmVmp : Match on catch block at 0xc3 in for 0xa5
03-19 12:02:47.882 23908 23908 E ArmVmp : Match on catch block at 0xc3 in for 0xa9
03-19 12:02:47.918 23908 23908 E ArmVmp : Match on catch block at 0xc3 in for 0xa1
03-19 12:02:47.920 23908 23908 E ArmVmp : Match on catch block at 0xc3 in for 0xa5
03-19 12:02:47.930 23908 23908 W AudioManager: Use of stream types is deprecated
for operations other than volume control
03-19 12:02:47.930 23908 23908 W AudioManager: See the documentation of
requestAudioFocus() for what to use instead with android.media.AudioAttributes to
qualify your playback use case
03-19 12:02:47.983 23908 23908 E ArmVmp : Match on catch block at 0xc3 in for 0xa1
03-19 12:02:47.985 23908 23908 E ArmVmp : Match on catch block at 0xc3 in for 0xa5
03-19 12:02:48.001 23908 23908 E ArmVmp : Match on catch block at 0xc3 in for 0xa9
03-19 12:02:48.004 23908 23908 E ArmVmp : Match on catch block at 0xc3 in for 0xa1
03-19 12:02:48.039 23908 23908 E ArmVmp : Match on catch block at 0xc3 in for 0xa5
03-19 12:02:48.042 23908 23908 E ArmVmp : Match on catch block at 0xc3 in for 0xa9
03-19 12:02:48.083 23908 23908 E ArmVmp : Match on catch block at 0xc3 in for 0xa5
03-19 12:02:48.085 23908 23908 E ArmVmp : Match on catch block at 0xc3 in for 0xa9
03-19 12:02:48.111 23908 23908 E ArmVmp : Match on catch block at 0xc3 in for 0xa1
03-19 12:02:48.114 23908 23908 E ArmVmp : Match on catch block at 0xc3 in for 0xa5
03-19 12:02:48.123 23908 23908 E ArmVmp : Match on catch block at 0xc3 in for 0xa1
03-19 12:02:48.125 23908 23908 E ArmVmp : Match on catch block at 0xc3 in for 0xa5
03-19 12:02:48.137 23908 23908 E ArmVmp : Match on catch block at 0xc3 in for 0xa1
03-19 12:02:48.140 23908 23908 E ArmVmp : Match on catch block at 0xc3 in for 0xa5
03-19 12:02:48.157 23908 23908 E ArmVmp : Match on catch block at 0xc3 in for 0xa1
03-19 12:02:48.160 23908 23908 E ArmVmp : Match on catch block at 0xc3 in for 0xa5
03-19 12:02:48.175 23908 13644 W AudioTrack: getTimestamp_l(1332): retrograde
timestamp time corrected, 75560273638312 < 75560447407668
03-19 12:02:48.177 23908 23908 E ArmVmp : Match on catch block at 0xc3 in for 0xa1
03-19 12:02:48.180 23908 23908 E ArmVmp : Match on catch block at 0xc3 in for 0xa5
03-19 12:02:48.197 23908 23908 E ArmVmp : Match on catch block at 0xc3 in for 0xa1
03-19 12:02:48.200 23908 23908 E ArmVmp : Match on catch block at 0xc3 in for 0xa5
03-19 12:02:48.218 23908 23908 E ArmVmp : Match on catch block at 0xc3 in for 0xa1
03-19 12:02:48.221 23908 23908 E ArmVmp : Match on catch block at 0xc3 in for 0xa5
03-19 12:02:48.238 23908 23908 E ArmVmp : Match on catch block at 0xc3 in for 0xa1
03-19 12:02:48.241 23908 23908 E ArmVmp : Match on catch block at 0xc3 in for 0xa5
03-19 12:02:48.258 23908 23908 E ArmVmp : Match on catch block at 0xc3 in for 0xa1
03-19 12:02:48.261 23908 23908 E ArmVmp : Match on catch block at 0xc3 in for 0xa5
03-19 12:02:48.277 23908 23908 E ArmVmp : Match on catch block at 0xc3 in for 0xa1
03-19 12:02:48.280 23908 23908 E ArmVmp : Match on catch block at 0xc3 in for 0xa5
03-19 12:02:48.339 23908 23908 E ArmVmp : Match on catch block at 0xc3 in for 0xa1
03-19 12:02:48.343 23908 23908 E ArmVmp : Match on catch block at 0xc3 in for 0xa5
03-19 12:02:48.398 23908 23908 E ArmVmp : Match on catch block at 0xc3 in for 0xa1
03-19 12:02:48.401 23908 23908 E ArmVmp : Match on catch block at 0xc3 in for 0xa5
03-19 12:02:48.458 23908 23908 E ArmVmp : Match on catch block at 0xc3 in for 0xa1
03-19 12:02:48.462 23908 23908 E ArmVmp : Match on catch block at 0xc3 in for 0xa5
03-19 12:02:48.518 23908 23908 E ArmVmp : Match on catch block at 0xc3 in for 0xa1
03-19 12:02:48.525 23908 23908 E ArmVmp : Match on catch block at 0xc3 in for 0xa5
03-19 12:02:48.578 23908 23908 E ArmVmp : Match on catch block at 0xc3 in for 0xa1
03-19 12:02:48.581 23908 23908 E ArmVmp : Match on catch block at 0xc3 in for 0xa5
03-19 12:02:48.638 23908 23908 E ArmVmp : Match on catch block at 0xc3 in for 0xa1
03-19 12:02:48.641 23908 23908 E ArmVmp : Match on catch block at 0xc3 in for 0xa5
03-19 12:02:48.677 23908 23908 E ArmVmp : Match on catch block at 0xc3 in for 0xa1
03-19 12:02:48.679 23908 23908 E ArmVmp : Match on catch block at 0xc3 in for 0xa5
03-19 12:02:48.737 23908 23908 E ArmVmp : Match on catch block at 0xc3 in for 0xa1
03-19 12:02:48.740 23908 23908 E ArmVmp : Match on catch block at 0xc3 in for 0xa5
03-19 12:02:48.790 23908 23908 E ArmVmp : Match on catch block at 0xc3 in for 0xa5
03-19 12:02:48.797 23908 23908 E ArmVmp : Match on catch block at 0xc3 in for 0xa9
03-19 12:02:48.803 23908 23908 E ArmVmp : Match on catch block at 0xc3 in for 0xa5
03-19 12:02:48.805 23908 23908 E ArmVmp : Match on catch block at 0xc3 in for 0xa9
03-19 12:02:48.837 23908 23908 E ArmVmp : Match on catch block at 0xc3 in for 0xa5
03-19 12:02:48.840 23908 23908 E ArmVmp : Match on catch block at 0xc3 in for 0xa9
03-19 12:02:48.877 23908 23908 E ArmVmp : Match on catch block at 0xc3 in for 0xa5
03-19 12:02:48.880 23908 23908 E ArmVmp : Match on catch block at 0xc3 in for 0xa9
03-19 12:02:48.897 23908 23908 E ArmVmp : Match on catch block at 0xc3 in for 0xa5
03-19 12:02:48.900 23908 23908 E ArmVmp : Match on catch block at 0xc3 in for 0xa9
03-19 12:02:48.938 23908 23908 E ArmVmp : Match on catch block at 0xc3 in for 0xa5
03-19 12:02:48.941 23908 23908 E ArmVmp : Match on catch block at 0xc3 in for 0xa9
03-19 12:02:48.998 23908 23908 E ArmVmp : Match on catch block at 0xc3 in for 0xa9
03-19 12:02:49.001 23908 23908 E ArmVmp : Match on catch block at 0xc3 in for 0xa1
03-19 12:02:49.038 23908 23908 E ArmVmp : Match on catch block at 0xc3 in for 0xa5
03-19 12:02:49.043 23908 23908 E ArmVmp : Match on catch block at 0xc3 in for 0xa9
03-19 12:02:49.058 23908 23908 E ArmVmp : Match on catch block at 0xc3 in for 0xa5
03-19 12:02:49.061 23908 23908 E ArmVmp : Match on catch block at 0xc3 in for 0xa9
03-19 12:02:49.078 23908 23908 E ArmVmp : Match on catch block at 0xc3 in for 0xa9
03-19 12:02:49.082 23908 23908 E ArmVmp : Match on catch block at 0xc3 in for 0xa1
03-19 12:02:49.118 23908 23908 E ArmVmp : Match on catch block at 0xc3 in for 0xa9
03-19 12:02:49.121 23908 23908 E ArmVmp : Match on catch block at 0xc3 in for 0xa1
03-19 12:02:49.138 23908 23908 E ArmVmp : Match on catch block at 0xc3 in for 0xa9
03-19 12:02:49.140 23908 23908 E ArmVmp : Match on catch block at 0xc3 in for 0xa1
03-19 12:02:49.157 23908 23908 E ArmVmp : Match on catch block at 0xc3 in for 0xa9
03-19 12:02:49.161 23908 23908 E ArmVmp : Match on catch block at 0xc3 in for 0xa1
03-19 12:02:49.198 23908 23908 E ArmVmp : Match on catch block at 0xc3 in for 0xa1
03-19 12:02:49.202 23908 23908 E ArmVmp : Match on catch block at 0xc3 in for 0xa5
03-19 12:02:49.218 23908 23908 E ArmVmp : Match on catch block at 0xc3 in for 0xa9
03-19 12:02:49.221 23908 23908 E ArmVmp : Match on catch block at 0xc3 in for 0xa1
03-19 12:02:49.278 23908 23908 E ArmVmp : Match on catch block at 0xc3 in for 0xa9
03-19 12:02:49.281 23908 23908 E ArmVmp : Match on catch block at 0xc3 in for 0xa1
03-19 12:02:49.317 23908 23908 E ArmVmp : Match on catch block at 0xc3 in for 0xa9
03-19 12:02:49.320 23908 23908 E ArmVmp : Match on catch block at 0xc3 in for 0xa1
03-19 12:02:49.378 23908 23908 E ArmVmp : Match on catch block at 0xc3 in for 0xa9
03-19 12:02:49.381 23908 23908 E ArmVmp : Match on catch block at 0xc3 in for 0xa1
03-19 12:02:49.398 23908 23908 E ArmVmp : Match on catch block at 0xc3 in for 0xa9
03-19 12:02:49.402 23908 23908 E ArmVmp : Match on catch block at 0xc3 in for 0xa1
03-19 12:02:49.418 23908 23908 E ArmVmp : Match on catch block at 0xc3 in for 0xa9
03-19 12:02:49.421 23908 23908 E ArmVmp : Match on catch block at 0xc3 in for 0xa1
03-19 12:02:49.478 23908 23908 E ArmVmp : Match on catch block at 0xc3 in for 0xa9
03-19 12:02:49.481 23908 23908 E ArmVmp : Match on catch block at 0xc3 in for 0xa1
03-19 12:02:49.518 23908 23908 E ArmVmp : Match on catch block at 0xc3 in for 0xa9
03-19 12:02:49.521 23908 23908 E ArmVmp : Match on catch block at 0xc3 in for 0xa1
03-19 12:02:49.578 23908 23908 E ArmVmp : Match on catch block at 0xc3 in for 0xa9
03-19 12:02:49.580 23908 23908 E ArmVmp : Match on catch block at 0xc3 in for 0xa1
03-19 12:02:49.618 23908 23908 E ArmVmp : Match on catch block at 0xc3 in for 0xa9
03-19 12:02:49.621 23908 23908 E ArmVmp : Match on catch block at 0xc3 in for 0xa1
03-19 12:02:49.678 23908 23908 E ArmVmp : Match on catch block at 0xc3 in for 0xa9
03-19 12:02:49.681 23908 23908 E ArmVmp : Match on catch block at 0xc3 in for 0xa1
03-19 12:02:49.737 23908 23908 E ArmVmp : Match on catch block at 0xc3 in for 0xa9
03-19 12:02:49.741 23908 23908 E ArmVmp : Match on catch block at 0xc3 in for 0xa1
03-19 12:02:49.777 23908 23908 E ArmVmp : Match on catch block at 0xc3 in for 0xa9
03-19 12:02:49.779 23908 23908 E ArmVmp : Match on catch block at 0xc3 in for 0xa1
03-19 12:02:49.837 23908 23908 E ArmVmp : Match on catch block at 0xc3 in for 0xa9
03-19 12:02:49.840 23908 23908 E ArmVmp : Match on catch block at 0xc3 in for 0xa1
03-19 12:02:49.877 23908 23908 E ArmVmp : Match on catch block at 0xc3 in for 0xa9
03-19 12:02:49.880 23908 23908 E ArmVmp : Match on catch block at 0xc3 in for 0xa1
03-19 12:02:49.898 23908 23908 E ArmVmp : Match on catch block at 0xc3 in for 0xa9
03-19 12:02:49.901 23908 23908 E ArmVmp : Match on catch block at 0xc3 in for 0xa1
03-19 12:02:49.938 23908 23908 E ArmVmp : Match on catch block at 0xc3 in for 0xa9
03-19 12:02:49.944 23908 23908 E ArmVmp : Match on catch block at 0xc3 in for 0xa1
03-19 12:02:49.957 23908 23908 E ArmVmp : Match on catch block at 0xc3 in for 0xa9
03-19 12:02:49.961 23908 23908 E ArmVmp : Match on catch block at 0xc3 in for 0xa1
03-19 12:02:50.018 23908 23908 E ArmVmp : Match on catch block at 0xc3 in for 0xa1
03-19 12:02:50.020 23908 23908 E ArmVmp : Match on catch block at 0xc3 in for 0xa5
03-19 12:02:50.033 23908 13349 W libEGL : EGLNativeWindowType 0xb4000070a4d08d40
disconnect failed
03-19 12:02:50.086 23908 23908 E ArmVmp : Match on catch block at 0xc3 in for 0xa9
03-19 12:02:50.088 23908 23908 E ArmVmp : Match on catch block at 0xc3 in for 0xa1
03-19 12:02:50.140 23908 23908 E ArmVmp : Match on catch block at 0xc3 in for 0xa5
03-19 12:02:50.144 23908 23908 E ArmVmp : Match on catch block at 0xc3 in for 0xa9
03-19 12:02:50.158 23908 23908 E ArmVmp : Match on catch block at 0xc3 in for 0xa5
03-19 12:02:50.160 23908 23908 E ArmVmp : Match on catch block at 0xc3 in for 0xa9
03-19 12:02:50.241 23908 23908 E ArmVmp : Match on catch block at 0xc3 in for 0xa5
03-19 12:02:50.244 23908 23908 E ArmVmp : Match on catch block at 0xc3 in for 0xa9
03-19 12:02:50.299 23908 23908 E ArmVmp : Match on catch block at 0xc3 in for 0xa5
03-19 12:02:50.303 23908 23908 E ArmVmp : Match on catch block at 0xc3 in for 0xa9
03-19 12:02:50.359 23908 23908 E ArmVmp : Match on catch block at 0xc3 in for 0xa5
03-19 12:02:50.362 23908 23908 E ArmVmp : Match on catch block at 0xc3 in for 0xa9
03-19 12:02:50.399 23908 23908 E ArmVmp : Match on catch block at 0xc3 in for 0xa5
03-19 12:02:50.402 23908 23908 E ArmVmp : Match on catch block at 0xc3 in for 0xa9
03-19 12:02:50.419 23908 23908 E ArmVmp : Match on catch block at 0xc3 in for 0xa5
03-19 12:02:50.423 23908 23908 E ArmVmp : Match on catch block at 0xc3 in for 0xa9
03-19 12:02:50.439 23908 23908 E ArmVmp : Match on catch block at 0xc3 in for 0xa5
03-19 12:02:50.442 23908 23908 E ArmVmp : Match on catch block at 0xc3 in for 0xa9
03-19 12:02:50.459 23908 23908 E ArmVmp : Match on catch block at 0xc3 in for 0xa5
03-19 12:02:50.462 23908 23908 E ArmVmp : Match on catch block at 0xc3 in for 0xa9
03-19 12:02:50.478 23908 23908 E ArmVmp : Match on catch block at 0xc3 in for 0xa5
03-19 12:02:50.481 23908 23908 E ArmVmp : Match on catch block at 0xc3 in for 0xa9
03-19 12:02:50.499 23908 23908 E ArmVmp : Match on catch block at 0xc3 in for 0xa5
03-19 12:02:50.502 23908 23908 E ArmVmp : Match on catch block at 0xc3 in for 0xa9
03-19 12:02:50.518 23908 23908 E ArmVmp : Match on catch block at 0xc3 in for 0xa5
03-19 12:02:50.522 23908 23908 E ArmVmp : Match on catch block at 0xc3 in for 0xa9
03-19 12:02:50.538 23908 23908 E ArmVmp : Match on catch block at 0xc3 in for 0xa5
03-19 12:02:50.542 23908 23908 E ArmVmp : Match on catch block at 0xc3 in for 0xa9
03-19 12:02:50.560 23908 23908 E ArmVmp : Match on catch block at 0xc3 in for 0xa5
03-19 12:02:50.563 23908 23908 E ArmVmp : Match on catch block at 0xc3 in for 0xa9
03-19 12:02:50.580 23908 23908 E ArmVmp : Match on catch block at 0xc3 in for 0xa5
03-19 12:02:50.582 23908 23908 E ArmVmp : Match on catch block at 0xc3 in for 0xa9
03-19 12:02:50.599 23908 23908 E ArmVmp : Match on catch block at 0xc3 in for 0xa5
03-19 12:02:50.603 23908 23908 E ArmVmp : Match on catch block at 0xc3 in for 0xa9
03-19 12:02:50.618 23908 23908 E ArmVmp : Match on catch block at 0xc3 in for 0xa5
03-19 12:02:50.622 23908 23908 E ArmVmp : Match on catch block at 0xc3 in for 0xa9
03-19 12:02:50.638 23908 23908 E ArmVmp : Match on catch block at 0xc3 in for 0xa5
03-19 12:02:50.640 23908 23908 E ArmVmp : Match on catch block at 0xc3 in for 0xa9
03-19 12:02:50.678 23908 23908 E ArmVmp : Match on catch block at 0xc3 in for 0xa5
03-19 12:02:50.681 23908 23908 E ArmVmp : Match on catch block at 0xc3 in for 0xa9
03-19 12:02:50.718 23908 23908 E ArmVmp : Match on catch block at 0xc3 in for 0xa5
03-19 12:02:50.720 23908 23908 E ArmVmp : Match on catch block at 0xc3 in for 0xa9
03-19 12:02:50.777 23908 23908 E ArmVmp : Match on catch block at 0xc3 in for 0xa5
03-19 12:02:50.780 23908 23908 E ArmVmp : Match on catch block at 0xc3 in for 0xa9
03-19 12:02:50.818 23908 23908 E ArmVmp : Match on catch block at 0xc3 in for 0xa5
03-19 12:02:50.820 23908 23908 E ArmVmp : Match on catch block at 0xc3 in for 0xa9
03-19 12:02:50.877 23908 23908 E ArmVmp : Match on catch block at 0xc3 in for 0xa5
03-19 12:02:50.880 23908 23908 E ArmVmp : Match on catch block at 0xc3 in for 0xa9
03-19 12:02:50.918 23908 23908 E ArmVmp : Match on catch block at 0xc3 in for 0xa5
03-19 12:02:50.922 23908 23908 E ArmVmp : Match on catch block at 0xc3 in for 0xa9
03-19 12:02:50.938 23908 23908 E ArmVmp : Match on catch block at 0xc3 in for 0xa5
03-19 12:02:50.941 23908 23908 E ArmVmp : Match on catch block at 0xc3 in for 0xa9
03-19 12:02:50.998 23908 23908 E ArmVmp : Match on catch block at 0xc3 in for 0xa5
03-19 12:02:51.001 23908 23908 E ArmVmp : Match on catch block at 0xc3 in for 0xa9
03-19 12:02:51.038 23908 23908 E ArmVmp : Match on catch block at 0xc3 in for 0xa9
03-19 12:02:51.040 23908 23908 E ArmVmp : Match on catch block at 0xc3 in for 0xa1
03-19 12:02:51.099 23908 23908 E ArmVmp : Match on catch block at 0xc3 in for 0xa9
03-19 12:02:51.102 23908 23908 E ArmVmp : Match on catch block at 0xc3 in for 0xa1
03-19 12:02:51.138 23908 23908 E ArmVmp : Match on catch block at 0xc3 in for 0xa9
03-19 12:02:51.141 23908 23908 E ArmVmp : Match on catch block at 0xc3 in for 0xa1
03-19 12:02:51.198 23908 23908 E ArmVmp : Match on catch block at 0xc3 in for 0xa9
03-19 12:02:51.201 23908 23908 E ArmVmp : Match on catch block at 0xc3 in for 0xa1
03-19 12:02:51.258 23908 23908 E ArmVmp : Match on catch block at 0xc3 in for 0xa9
03-19 12:02:51.262 23908 23908 E ArmVmp : Match on catch block at 0xc3 in for 0xa1
03-19 12:02:51.298 23908 23908 E ArmVmp : Match on catch block at 0xc3 in for 0xa9
03-19 12:02:51.301 23908 23908 E ArmVmp : Match on catch block at 0xc3 in for 0xa1
03-19 12:02:51.358 23908 23908 E ArmVmp : Match on catch block at 0xc3 in for 0xa9
03-19 12:02:51.361 23908 23908 E ArmVmp : Match on catch block at 0xc3 in for 0xa1
03-19 12:02:51.398 23908 23908 E ArmVmp : Match on catch block at 0xc3 in for 0xa9
03-19 12:02:51.401 23908 23908 E ArmVmp : Match on catch block at 0xc3 in for 0xa1
03-19 12:02:51.418 23908 23908 E ArmVmp : Match on catch block at 0xc3 in for 0xa9
03-19 12:02:51.421 23908 23908 E ArmVmp : Match on catch block at 0xc3 in for 0xa1
03-19 12:02:51.458 23908 23908 E ArmVmp : Match on catch block at 0xc3 in for 0xa9
03-19 12:02:51.461 23908 23908 E ArmVmp : Match on catch block at 0xc3 in for 0xa1
03-19 12:02:51.498 23908 23908 E ArmVmp : Match on catch block at 0xc3 in for 0xa9
03-19 12:02:51.500 23908 23908 E ArmVmp : Match on catch block at 0xc3 in for 0xa1
03-19 12:02:51.558 23908 23908 E ArmVmp : Match on catch block at 0xc3 in for 0xa9
03-19 12:02:51.560 23908 23908 E ArmVmp : Match on catch block at 0xc3 in for 0xa1
03-19 12:02:51.599 23908 23908 E ArmVmp : Match on catch block at 0xc3 in for 0xa9
03-19 12:02:51.602 23908 23908 E ArmVmp : Match on catch block at 0xc3 in for 0xa1
03-19 12:02:51.658 23908 23908 E ArmVmp : Match on catch block at 0xc3 in for 0xa9
03-19 12:02:51.661 23908 23908 E ArmVmp : Match on catch block at 0xc3 in for 0xa1
03-19 12:02:51.718 23908 23908 E ArmVmp : Match on catch block at 0xc3 in for 0xa9
03-19 12:02:51.721 23908 23908 E ArmVmp : Match on catch block at 0xc3 in for 0xa1
03-19 12:02:51.758 23908 23908 E ArmVmp : Match on catch block at 0xc3 in for 0xa9
03-19 12:02:51.761 23908 23908 E ArmVmp : Match on catch block at 0xc3 in for 0xa1
03-19 12:02:51.818 23908 23908 E ArmVmp : Match on catch block at 0xc3 in for 0xa9
03-19 12:02:51.821 23908 23908 E ArmVmp : Match on catch block at 0xc3 in for 0xa1
03-19 12:02:51.858 23908 23908 E ArmVmp : Match on catch block at 0xc3 in for 0xa9
03-19 12:02:51.861 23908 23908 E ArmVmp : Match on catch block at 0xc3 in for 0xa1
03-19 12:02:51.919 23908 23908 E ArmVmp : Match on catch block at 0xc3 in for 0xa9
03-19 12:02:51.922 23908 23908 E ArmVmp : Match on catch block at 0xc3 in for 0xa1
03-19 12:02:51.938 23908 23908 E ArmVmp : Match on catch block at 0xc3 in for 0xa9
03-19 12:02:51.941 23908 23908 E ArmVmp : Match on catch block at 0xc3 in for 0xa1
03-19 12:02:51.960 23908 23908 E ArmVmp : Match on catch block at 0xc3 in for 0xa9
03-19 12:02:51.963 23908 23908 E ArmVmp : Match on catch block at 0xc3 in for 0xa1
03-19 12:02:52.018 23908 23908 E ArmVmp : Match on catch block at 0xc3 in for 0xa9
03-19 12:02:52.022 23908 23908 E ArmVmp : Match on catch block at 0xc3 in for 0xa1
03-19 12:02:52.037 23908 13349 W libEGL : EGLNativeWindowType 0xb4000070a4d08d40
disconnect failed
03-19 12:02:52.078 23908 23908 E ArmVmp : Match on catch block at 0xc3 in for 0xa1
03-19 12:02:52.084 23908 23908 E ArmVmp : Match on catch block at 0xc3 in for 0xa5
03-19 12:02:52.118 23908 23908 E ArmVmp : Match on catch block at 0xc3 in for 0xa1
03-19 12:02:52.121 23908 23908 E ArmVmp : Match on catch block at 0xc3 in for 0xa5
03-19 12:02:52.178 23908 23908 E ArmVmp : Match on catch block at 0xc3 in for 0xa1
03-19 12:02:52.181 23908 23908 E ArmVmp : Match on catch block at 0xc3 in for 0xa5
03-19 12:02:52.238 23908 23908 E ArmVmp : Match on catch block at 0xc3 in for 0xa1
03-19 12:02:52.241 23908 23908 E ArmVmp : Match on catch block at 0xc3 in for 0xa5
03-19 12:02:52.278 23908 23908 E ArmVmp : Match on catch block at 0xc3 in for 0xa1
03-19 12:02:52.281 23908 23908 E ArmVmp : Match on catch block at 0xc3 in for 0xa5
03-19 12:02:52.338 23908 23908 E ArmVmp : Match on catch block at 0xc3 in for 0xa1
03-19 12:02:52.340 23908 23908 E ArmVmp : Match on catch block at 0xc3 in for 0xa5
03-19 12:02:52.378 23908 23908 E ArmVmp : Match on catch block at 0xc3 in for 0xa1
03-19 12:02:52.381 23908 23908 E ArmVmp : Match on catch block at 0xc3 in for 0xa5
03-19 12:02:52.438 23908 23908 E ArmVmp : Match on catch block at 0xc3 in for 0xa1
03-19 12:02:52.441 23908 23908 E ArmVmp : Match on catch block at 0xc3 in for 0xa5
03-19 12:02:52.458 23908 23908 E ArmVmp : Match on catch block at 0xc3 in for 0xa1
03-19 12:02:52.461 23908 23908 E ArmVmp : Match on catch block at 0xc3 in for 0xa5
03-19 12:02:52.478 23908 23908 E ArmVmp : Match on catch block at 0xc3 in for 0xa1
03-19 12:02:52.481 23908 23908 E ArmVmp : Match on catch block at 0xc3 in for 0xa5
03-19 12:02:52.538 23908 23908 E ArmVmp : Match on catch block at 0xc3 in for 0xa1
03-19 12:02:52.541 23908 23908 E ArmVmp : Match on catch block at 0xc3 in for 0xa5
03-19 12:02:52.578 23908 23908 E ArmVmp : Match on catch block at 0xc3 in for 0xa1
03-19 12:02:52.581 23908 23908 E ArmVmp : Match on catch block at 0xc3 in for 0xa5
03-19 12:02:52.638 23908 23908 E ArmVmp : Match on catch block at 0xc3 in for 0xa1
03-19 12:02:52.641 23908 23908 E ArmVmp : Match on catch block at 0xc3 in for 0xa5
03-19 12:02:52.698 23908 23908 E ArmVmp : Match on catch block at 0xc3 in for 0xa1
03-19 12:02:52.701 23908 23908 E ArmVmp : Match on catch block at 0xc3 in for 0xa5
03-19 12:02:52.738 23908 23908 E ArmVmp : Match on catch block at 0xc3 in for 0xa1
03-19 12:02:52.741 23908 23908 E ArmVmp : Match on catch block at 0xc3 in for 0xa5
03-19 12:02:52.798 23908 23908 E ArmVmp : Match on catch block at 0xc3 in for 0xa1
03-19 12:02:52.801 23908 23908 E ArmVmp : Match on catch block at 0xc3 in for 0xa5
03-19 12:02:52.838 23908 23908 E ArmVmp : Match on catch block at 0xc3 in for 0xa1
03-19 12:02:52.842 23908 23908 E ArmVmp : Match on catch block at 0xc3 in for 0xa5
03-19 12:02:52.898 23908 23908 E ArmVmp : Match on catch block at 0xc3 in for 0xa1
03-19 12:02:52.901 23908 23908 E ArmVmp : Match on catch block at 0xc3 in for 0xa5
03-19 12:02:52.938 23908 23908 E ArmVmp : Match on catch block at 0xc3 in for 0xa1
03-19 12:02:52.941 23908 23908 E ArmVmp : Match on catch block at 0xc3 in for 0xa5
03-19 12:02:52.958 23908 23908 E ArmVmp : Match on catch block at 0xc3 in for 0xa1
03-19 12:02:52.961 23908 23908 E ArmVmp : Match on catch block at 0xc3 in for 0xa5
03-19 12:02:52.998 23908 23908 E ArmVmp : Match on catch block at 0xc3 in for 0xa1
03-19 12:02:53.001 23908 23908 E ArmVmp : Match on catch block at 0xc3 in for 0xa5
03-19 12:02:53.039 23908 23908 E ArmVmp : Match on catch block at 0xc3 in for 0xa1
03-19 12:02:53.042 23908 23908 E ArmVmp : Match on catch block at 0xc3 in for 0xa5
03-19 12:02:53.098 23908 23908 E ArmVmp : Match on catch block at 0xc3 in for 0xa5
03-19 12:02:53.100 23908 23908 E ArmVmp : Match on catch block at 0xc3 in for 0xa9
03-19 12:02:53.158 23908 23908 E ArmVmp : Match on catch block at 0xc3 in for 0xa5
03-19 12:02:53.161 23908 23908 E ArmVmp : Match on catch block at 0xc3 in for 0xa9
03-19 12:02:53.198 23908 23908 E ArmVmp : Match on catch block at 0xc3 in for 0xa5
03-19 12:02:53.201 23908 23908 E ArmVmp : Match on catch block at 0xc3 in for 0xa9
03-19 12:02:53.259 23908 23908 E ArmVmp : Match on catch block at 0xc3 in for 0xa5
03-19 12:02:53.261 23908 23908 E ArmVmp : Match on catch block at 0xc3 in for 0xa9
03-19 12:02:53.318 23908 23908 E ArmVmp : Match on catch block at 0xc3 in for 0xa5
03-19 12:02:53.321 23908 23908 E ArmVmp : Match on catch block at 0xc3 in for 0xa9
03-19 12:02:53.358 23908 23908 E ArmVmp : Match on catch block at 0xc3 in for 0xa5
03-19 12:02:53.361 23908 23908 E ArmVmp : Match on catch block at 0xc3 in for 0xa9
03-19 12:02:53.418 23908 23908 E ArmVmp : Match on catch block at 0xc3 in for 0xa5
03-19 12:02:53.422 23908 23908 E ArmVmp : Match on catch block at 0xc3 in for 0xa9
03-19 12:02:53.458 23908 23908 E ArmVmp : Match on catch block at 0xc3 in for 0xa5
