com.android.internal.os.RuntimeInit$MethodAndArgsCaller.run(RuntimeInit.java:571)
02-20 21:50:02.455 30477 30477 W System.err: at
com.android.internal.os.ZygoteInit.main(ZygoteInit.java:1135)
02-20 21:50:02.476 30477 30477 E CustomActivityOnCrash: IMPORTANT WARNING! You
already have an UncaughtExceptionHandler, are you sure this is correct? If you use
a custom UncaughtExceptionHandler, you must initialize it AFTER
CustomActivityOnCrash! Installing anyway, but your original handler will not be
called.
02-20 21:50:02.895 30477 30477 W com.mbwhatsapp: Accessing hidden method
Lcom/android/org/conscrypt/OpenSSLSocketImpl;->setUseSessionTickets(Z)V (max-
target-q,core-platform-api, reflection, denied)
02-20 21:50:02.895 30477 30477 W com.mbwhatsapp: Accessing hidden method
Lcom/android/org/conscrypt/AbstractConscryptSocket;->setUseSessionTickets(Z)V (max-
target-q, reflection, denied)
02-20 21:50:03.211 30477 30527 W com.mbwhatsapp: Method void
X.2rL.A03(java.lang.Integer) failed lock verification and will run slower.
02-20 21:50:03.211 30477 30527 W com.mbwhatsapp: Common causes for lock
verification issues are non-optimized dex code
02-20 21:50:03.211 30477 30527 W com.mbwhatsapp: and incorrect proguard
optimizations.
--------- beginning of main
02-20 22:21:19.594 29232 29232 E com.mbwhatsapp: Not starting debugger since
process cannot load the jdwp agent.
02-20 22:21:19.597 29232 29232 E USNET : USNET: appName: com.mbwhatsapp
02-20 22:21:19.921 29232 29232 W System.err: java.lang.ClassNotFoundException:
mbmodsd.mbmodsw.ui.views.btn.BtnBK
02-20 22:21:19.921 29232 29232 W System.err: at
java.lang.Runtime.nativeLoad(Native Method)
02-20 22:21:19.921 29232 29232 W System.err: at
java.lang.Runtime.nativeLoad(Runtime.java:1126)
02-20 22:21:19.921 29232 29232 W System.err: at
java.lang.Runtime.loadLibrary0(Runtime.java:1080)
02-20 22:21:19.921 29232 29232 W System.err: at
java.lang.Runtime.loadLibrary0(Runtime.java:1003)
02-20 22:21:19.921 29232 29232 W System.err: at
java.lang.System.loadLibrary(System.java:1661)
02-20 22:21:19.921 29232 29232 W System.err: at arm.EpicVm.<clinit>(Unknown
Source:2)
02-20 22:21:19.921 29232 29232 W System.err: at
java.lang.Class.newInstance(Native Method)
02-20 22:21:19.921 29232 29232 W System.err: at
android.app.AppComponentFactory.instantiateApplication(AppComponentFactory.java:76)
02-20 22:21:19.921 29232 29232 W System.err: at
androidx.core.app.CoreComponentFactory.instantiateApplication(Unknown Source:0)
02-20 22:21:19.921 29232 29232 W System.err: at
android.app.Instrumentation.newApplication(Instrumentation.java:1177)
02-20 22:21:19.921 29232 29232 W System.err: at
android.app.LoadedApk.makeApplication(LoadedApk.java:1457)
02-20 22:21:19.921 29232 29232 W System.err: at
android.app.ActivityThread.handleBindApplication(ActivityThread.java:7458)
02-20 22:21:19.921 29232 29232 W System.err: at
android.app.ActivityThread.access$1600(ActivityThread.java:310)
02-20 22:21:19.921 29232 29232 W System.err: at
android.app.ActivityThread$H.handleMessage(ActivityThread.java:2281)
02-20 22:21:19.921 29232 29232 W System.err: at
android.os.Handler.dispatchMessage(Handler.java:106)
02-20 22:21:19.921 29232 29232 W System.err: at
android.os.Looper.loopOnce(Looper.java:226)
02-20 22:21:19.921 29232 29232 W System.err: at
android.os.Looper.loop(Looper.java:313)
02-20 22:21:19.921 29232 29232 W System.err: at
android.app.ActivityThread.main(ActivityThread.java:8669)
02-20 22:21:19.922 29232 29232 W System.err: at
java.lang.reflect.Method.invoke(Native Method)
02-20 22:21:19.922 29232 29232 W System.err: at
com.android.internal.os.RuntimeInit$MethodAndArgsCaller.run(RuntimeInit.java:571)
02-20 22:21:19.922 29232 29232 W System.err: at
com.android.internal.os.ZygoteInit.main(ZygoteInit.java:1135)
02-20 22:21:19.941 29232 29232 E CustomActivityOnCrash: IMPORTANT WARNING! You
already have an UncaughtExceptionHandler, are you sure this is correct? If you use
a custom UncaughtExceptionHandler, you must initialize it AFTER
CustomActivityOnCrash! Installing anyway, but your original handler will not be
called.
02-20 22:21:20.364 29232 29232 W com.mbwhatsapp: Accessing hidden method
Lcom/android/org/conscrypt/OpenSSLSocketImpl;->setUseSessionTickets(Z)V (max-
target-q,core-platform-api, reflection, denied)
02-20 22:21:20.364 29232 29232 W com.mbwhatsapp: Accessing hidden method
Lcom/android/org/conscrypt/AbstractConscryptSocket;->setUseSessionTickets(Z)V (max-
target-q, reflection, denied)
02-20 22:21:20.556 29232 29283 W com.mbwhatsapp: Method void
X.2rL.A03(java.lang.Integer) failed lock verification and will run slower.
02-20 22:21:20.556 29232 29283 W com.mbwhatsapp: Common causes for lock
verification issues are non-optimized dex code
02-20 22:21:20.556 29232 29283 W com.mbwhatsapp: and incorrect proguard
optimizations.
02-20 23:09:11.485 29232 29242 W com.mbwhatsapp: Reducing the number of considered
missed Gc histogram windows from 116 to 100
02-20 23:57:17.182 29232 29232 W com.mbwhatsapp: Method void
com.mbwhatsapp.HomeActivity.A6e() failed lock verification and will run slower.
02-20 23:57:17.281 29232 29232 W com.mbwhatsapp: Method void X.0eU.A0h(X.0tK,
boolean) failed lock verification and will run slower.
02-20 23:57:18.008 29232 29232 E ArmVmp : Match on catch block at 0x0a in for
0x7bec937031
02-20 23:57:18.052 29232 29232 E ArmVmp : Match on catch block at 0x0a in for
0x7bec93704d
02-20 23:57:18.489 29232 29232 W PhoneWindow: Previously focused view reported id
2131429103 during save, but can't be found during restore.
02-20 23:57:18.563 29232 32101 W LOTTIE : Animation contains merge paths. Merge
paths are only supported on KitKat+ and must be manually enabled by calling
enableMergePathsForKitKatAndAbove().
02-20 23:57:18.615 29232 29232 W LOTTIE : Animation contains merge paths but they
are disabled.
02-20 23:57:30.068 29232 29232 E ArmVmp : Match on catch block at 0x0a in for
0x7bec937035
02-20 23:57:33.512 29232 32086 W com.mbwhatsapp: Accessing hidden method
Lcom/android/org/conscrypt/ConscryptEngineSocket;->setUseSessionTickets(Z)V (max-
target-q,core-platform-api, reflection, denied)
02-20 23:57:33.512 29232 32086 W com.mbwhatsapp: Accessing hidden method
Lcom/android/org/conscrypt/OpenSSLSocketImpl;->setUseSessionTickets(Z)V (max-
target-q,core-platform-api, reflection, denied)
02-20 23:57:33.512 29232 32086 W com.mbwhatsapp: Accessing hidden method
Lcom/android/org/conscrypt/AbstractConscryptSocket;->setUseSessionTickets(Z)V (max-
target-q, reflection, denied)
02-20 23:57:33.513 29232 32086 W com.mbwhatsapp: Accessing hidden method
Lcom/android/org/conscrypt/ConscryptEngineSocket;->setHostname(Ljava/lang/String;)V
(max-target-q,core-platform-api, reflection, denied)
02-20 23:57:33.513 29232 32086 W com.mbwhatsapp: Accessing hidden method
Lcom/android/org/conscrypt/OpenSSLSocketImpl;->setHostname(Ljava/lang/String;)V
(max-target-q,core-platform-api, reflection, denied)
02-20 23:57:33.513 29232 32086 W com.mbwhatsapp: Accessing hidden method
Lcom/android/org/conscrypt/AbstractConscryptSocket;->setHostname(Ljava/lang/
String;)V (max-target-q, reflection, denied)
02-20 23:57:33.513 29232 32086 W com.mbwhatsapp: Accessing hidden method
Lcom/android/org/conscrypt/OpenSSLSocketImpl;->setAlpnProtocols([B)V (max-target-
q,core-platform-api, reflection, denied)
02-20 23:57:33.513 29232 32086 W com.mbwhatsapp: Accessing hidden method
Lcom/android/org/conscrypt/AbstractConscryptSocket;->setAlpnProtocols([B)V (max-
target-q, reflection, denied)
02-20 23:57:33.785 29232 32086 W com.mbwhatsapp: Accessing hidden method
Lcom/android/org/conscrypt/OpenSSLSocketImpl;->getAlpnSelectedProtocol()[B (max-
target-q,core-platform-api, reflection, denied)
02-20 23:57:33.785 29232 32086 W com.mbwhatsapp: Accessing hidden method
Lcom/android/org/conscrypt/AbstractConscryptSocket;->getAlpnSelectedProtocol()[B
(max-target-q, reflection, denied)
02-20 23:57:34.125 29232 29242 W com.mbwhatsapp: Cleared Reference was only
reachable from finalizer (only reported once)
02-20 23:57:34.142 29232 29232 W BottomSheetBehavior: BottomSheetBehavior now
supports multiple callbacks. `setBottomSheetCallback()` removes all existing
callbacks, including ones set internally by library authors, which may result in
unintended behavior. This may change in the future. Please use
`addBottomSheetCallback()` and `removeBottomSheetCallback()` instead to set your
own callbacks.
02-20 23:57:34.142 29232 29232 W BottomSheetBehavior: BottomSheetBehavior now
supports multiple callbacks. `setBottomSheetCallback()` removes all existing
callbacks, including ones set internally by library authors, which may result in
unintended behavior. This may change in the future. Please use
`addBottomSheetCallback()` and `removeBottomSheetCallback()` instead to set your
own callbacks.
02-20 23:57:34.304 29232 29232 E RecyclerView: No adapter attached; skipping layout
02-20 23:57:35.155 29232 32161 W LibraryVersion: Failed to get app version for
libraryName: firebase-iid
02-20 23:57:35.491 29232 32151 W AudioCapabilities: Unsupported mime audio/x-ima
02-20 23:57:35.492 29232 32151 W AudioCapabilities: Unsupported mime audio/mpeg-L1
02-20 23:57:35.492 29232 32151 W AudioCapabilities: Unsupported mime audio/mpeg-L2
02-20 23:57:35.492 29232 32151 W VideoCapabilities: Unsupported mime video/wvc1
02-20 23:57:35.493 29232 32151 W VideoCapabilities: Unsupported mime video/x-ms-wmv
02-20 23:57:35.503 29232 32151 W VideoCapabilities: Unsupported mime video/wvc1
02-20 23:57:35.566 29232 32170 W ACodec : [OMX.Exynos.avc.dec] setting
HDRStaticInfo failed even though codec advertises support
02-20 23:57:35.569 29232 32170 W ACodec : [OMX.Exynos.avc.dec] getting
HDRStaticInfo failed even though codec advertises support
02-20 23:57:35.639 29232 32170 W ACodec : [OMX.Exynos.avc.dec] getting
HDRStaticInfo failed even though codec advertises support
02-20 23:57:35.662 29232 32170 W ACodec : [OMX.Exynos.avc.dec] getting
HDRStaticInfo failed even though codec advertises support
02-20 23:57:35.684 29232 32187 W Codec2Client: query -- param skipped: index =
1107298332.
02-20 23:57:35.684 29232 32187 W CCodec : This behavior is subject to change. It
is recommended that app developers double check whether the requested max input
size is in reasonable range.
02-20 23:57:35.688 29232 32187 W Codec2Client: query -- param skipped: index =
1342179345.
02-20 23:57:35.688 29232 32187 W Codec2Client: query -- param skipped: index =
2415921170.
02-20 23:57:35.688 29232 32187 W Codec2Client: query -- param skipped: index =
1610614798.
02-20 23:57:35.695 29232 32187 E ion : ioctl c0044901 failed with code -1:
Inappropriate ioctl for device
02-20 23:57:35.703 29232 32169 W MediaCodec: mapFormat: no mediaType information
02-20 23:57:37.356 29232 32069 E FrameEvents: updateAcquireFence: Did not find
frame.
02-20 23:57:37.624 29232 29232 W ResourceType: Bad XML block: header size 18254 or
total size 169478669 is larger than data size 380
02-20 23:57:37.630 29232 29232 W ResourceType: Bad XML block: header size 18254 or
total size 169478669 is larger than data size 431
02-20 23:57:37.650 29232 29232 W ResourceType: Bad XML block: header size 18254 or
total size 169478669 is larger than data size 677
02-20 23:57:37.656 29232 29232 W ResourceType: Bad XML block: header size 18254 or
total size 169478669 is larger than data size 248
02-20 23:57:37.667 29232 29232 W ResourceType: Bad XML block: header size 18254 or
total size 169478669 is larger than data size 571
02-20 23:57:37.680 29232 29232 W ResourceType: Bad XML block: header size 18254 or
total size 169478669 is larger than data size 333
02-20 23:57:37.686 29232 29232 W ResourceType: Bad XML block: header size 18254 or
total size 169478669 is larger than data size 650
02-20 23:57:37.695 29232 29232 W ResourceType: Bad XML block: header size 18254 or
total size 169478669 is larger than data size 1150
02-20 23:57:37.700 29232 29232 W ResourceType: Bad XML block: header size 18254 or
total size 169478669 is larger than data size 491
02-20 23:57:37.706 29232 29232 W ResourceType: Bad XML block: header size 18254 or
total size 169478669 is larger than data size 1150
02-20 23:57:37.713 29232 29232 W ResourceType: Bad XML block: header size 18254 or
total size 169478669 is larger than data size 659
02-20 23:57:37.720 29232 29232 W ResourceType: Bad XML block: header size 18254 or
total size 169478669 is larger than data size 593
02-20 23:57:37.971 29232 29232 W ResourceType: Bad XML block: header size 18254 or
total size 169478669 is larger than data size 521
02-20 23:57:37.982 29232 29232 W ResourceType: Bad XML block: header size 18254 or
total size 169478669 is larger than data size 853
02-20 23:57:38.010 29232 29232 W ResourceType: Bad XML block: header size 18254 or
total size 169478669 is larger than data size 650
02-20 23:57:38.214 29232 29232 W View : requestLayout() improperly called by
android.widget.Space{9800183 I.ED..... ......I. 23,68-31,76 #7f0b00ba
app:id/action_tile_spacing} during layout: running second layout pass
02-20 23:57:38.215 29232 29232 W View : requestLayout() improperly called by
android.widget.Space{a48bf00 I.ED..... ......I. 23,68-31,76 #7f0b00ba
app:id/action_tile_spacing} during layout: running second layout pass
02-20 23:57:38.215 29232 29232 W View : requestLayout() improperly called by
android.widget.Space{52b8339 I.ED..... ......I. 23,68-31,76 #7f0b00ba
app:id/action_tile_spacing} during layout: running second layout pass
02-20 23:57:39.011 29232 32069 E FrameEvents: updateAcquireFence: Did not find
frame.
02-20 23:57:45.016 29232 32069 E FrameEvents: updateAcquireFence: Did not find
frame.
02-20 23:57:45.240 29232 29232 W ResourceType: Bad XML block: header size 18254 or
total size 169478669 is larger than data size 380
02-20 23:57:45.246 29232 29232 W ResourceType: Bad XML block: header size 18254 or
total size 169478669 is larger than data size 431
02-20 23:57:45.262 29232 29232 W ResourceType: Bad XML block: header size 18254 or
total size 169478669 is larger than data size 677
02-20 23:57:45.268 29232 29232 W ResourceType: Bad XML block: header size 18254 or
total size 169478669 is larger than data size 248
02-20 23:57:45.279 29232 29232 W ResourceType: Bad XML block: header size 18254 or
total size 169478669 is larger than data size 571
02-20 23:57:45.292 29232 29232 W ResourceType: Bad XML block: header size 18254 or
total size 169478669 is larger than data size 333
02-20 23:57:45.298 29232 29232 W ResourceType: Bad XML block: header size 18254 or
total size 169478669 is larger than data size 650
02-20 23:57:45.305 29232 29232 W ResourceType: Bad XML block: header size 18254 or
total size 169478669 is larger than data size 1150
02-20 23:57:45.310 29232 29232 W ResourceType: Bad XML block: header size 18254 or
total size 169478669 is larger than data size 491
02-20 23:57:45.316 29232 29232 W ResourceType: Bad XML block: header size 18254 or
total size 169478669 is larger than data size 1150
02-20 23:57:45.321 29232 29232 W ResourceType: Bad XML block: header size 18254 or
total size 169478669 is larger than data size 659
02-20 23:57:45.327 29232 29232 W ResourceType: Bad XML block: header size 18254 or
total size 169478669 is larger than data size 593
02-20 23:57:45.493 29232 29232 W ResourceType: Bad XML block: header size 18254 or
total size 169478669 is larger than data size 521
02-20 23:57:45.501 29232 29232 W ResourceType: Bad XML block: header size 18254 or
total size 169478669 is larger than data size 853
02-20 23:57:45.527 29232 29232 W ResourceType: Bad XML block: header size 18254 or
total size 169478669 is larger than data size 650
02-20 23:57:45.676 29232 29232 W View : requestLayout() improperly called by
android.widget.Space{cca51a6 I.ED..... ......I. 23,68-31,76 #7f0b00ba
app:id/action_tile_spacing} during layout: running second layout pass
02-20 23:57:45.677 29232 29232 W View : requestLayout() improperly called by
android.widget.Space{36987e7 I.ED..... ......I. 23,68-31,76 #7f0b00ba
app:id/action_tile_spacing} during layout: running second layout pass
02-20 23:57:45.677 29232 29232 W View : requestLayout() improperly called by
android.widget.Space{f016f94 I.ED..... ......I. 23,68-31,76 #7f0b00ba
app:id/action_tile_spacing} during layout: running second layout pass
02-20 23:57:48.477 29232 29280 E SQLiteDatabase: Error inserting transferred=1
media_job_uuid=458309e3-33b1-4982-8b97-4dfe780dd2b1 transcoded=0 gif_attribution=0
first_scan_length=0 direct_path=/v/t62.7161-
24/20126200_401579895885127_1867368744953816001_n.enc?ccb=11-
4&oh=01_AdS63IRqElSsLh-i1Mjnvs0xbDC32_jgt_h6Bmje5cNUuw&oe=65FC8538&_nc_sid=5e03e0
thumbnail_height_width_ratio=1.7777778 is_animated_sticker=0
file_hash=BPoiQmlI4bSiMo6E9qPiRQ2Qy18/MgL4VRoJGunyeU0=
file_path=Media/.Statuses/770d66ea6a75420cb0adab2e28442eb9.mp4 file_size=2995080
partial_media_hash=null face_x=0 face_y=0 height=1280 trim_to=0
media_key_timestamp=1708456804000 message_url=https://mmg.whatsapp.net/v/t62.7161-
24/20126200_401579895885127_1867368744953816001_n.enc?ccb=11-
4&oh=01_AdS63IRqElSsLh-
i1Mjnvs0xbDC32_jgt_h6Bmje5cNUuw&oe=65FC8538&_nc_sid=5e03e0&mms3=true
media_caption=null trim_from=0 mime_type=video/mp4 partial_media_enc_hash=null
width=720 original_file_hash=null has_streaming_sidecar=1
autotransfer_retry_enabled=1 media_upload_handle=null message_row_id=67
multicast_id=null enc_file_hash=pRBQGXnWwsIMqgw67VbExiweAS45qKTjt992YkYdzGA=
mute_video=0 page_count=0 first_scan_sidecar=null suspicious_content=0
file_length=2995080 media_name=null media_duration=30 chat_row_id=49
media_key=[B@524d0f7
02-20 23:57:48.477 29232 29280 E SQLiteDatabase:
android.database.sqlite.SQLiteConstraintException: UNIQUE constraint failed:
message_media.message_row_id (code 1555 SQLITE_CONSTRAINT_PRIMARYKEY[1555])
02-20 23:57:48.477 29232 29280 E SQLiteDatabase: at
android.database.sqlite.SQLiteConnection.nativeExecuteForLastInsertedRowId(Native
Method)
02-20 23:57:48.477 29232 29280 E SQLiteDatabase: at
android.database.sqlite.SQLiteConnection.executeForLastInsertedRowId(SQLiteConnecti
on.java:1232)
02-20 23:57:48.477 29232 29280 E SQLiteDatabase: at
android.database.sqlite.SQLiteSession.executeForLastInsertedRowId(SQLiteSession.jav
a:790)
02-20 23:57:48.477 29232 29280 E SQLiteDatabase: at
android.database.sqlite.SQLiteStatement.executeInsert(SQLiteStatement.java:89)
02-20 23:57:48.477 29232 29280 E SQLiteDatabase: at
android.database.sqlite.SQLiteDatabase.insertWithOnConflict(SQLiteDatabase.java:224
4)
02-20 23:57:48.477 29232 29280 E SQLiteDatabase: at
android.database.sqlite.SQLiteDatabase.insert(SQLiteDatabase.java:2113)
02-20 23:57:48.477 29232 29280 E SQLiteDatabase: at X.2tm.A08(Unknown
Source:6)
02-20 23:57:48.477 29232 29280 E SQLiteDatabase: at X.35Y.A07(Unknown
Source:212)
02-20 23:57:48.477 29232 29280 E SQLiteDatabase: at X.3QF.A14(Unknown
Source:470)
02-20 23:57:48.477 29232 29280 E SQLiteDatabase: at X.3gU.run(Unknown
Source:982)
02-20 23:57:48.477 29232 29280 E SQLiteDatabase: at
android.os.Handler.handleCallback(Handler.java:938)
02-20 23:57:48.477 29232 29280 E SQLiteDatabase: at
android.os.Handler.dispatchMessage(Handler.java:99)
02-20 23:57:48.477 29232 29280 E SQLiteDatabase: at
X.0zq.dispatchMessage(Unknown Source:4)
02-20 23:57:48.477 29232 29280 E SQLiteDatabase: at
android.os.Looper.loopOnce(Looper.java:226)
02-20 23:57:48.477 29232 29280 E SQLiteDatabase: at
android.os.Looper.loop(Looper.java:313)
02-20 23:57:48.477 29232 29280 E SQLiteDatabase: at
android.os.HandlerThread.run(HandlerThread.java:67)
02-20 23:58:05.246 29232 14833 W MessengerIpcClient: Timing out request: 2
02-20 23:58:06.380 29232 29232 W ResourceType: Bad XML block: header size 18254 or
total size 169478669 is larger than data size 853
02-20 23:58:07.206 29232 29232 W MessengerIpcClient: Received response for unknown
request: 2
02-20 23:58:41.147 29232 29232 W ResourceType: Bad XML block: header size 18254 or
total size 169478669 is larger than data size 853
02-21 00:15:11.280 29232 29242 W com.mbwhatsapp: Reducing the number of considered
missed Gc histogram windows from 103 to 100
02-21 00:18:32.525 29232 29232 W ResourceType: Bad XML block: header size 18254 or
total size 169478669 is larger than data size 853
02-21 00:26:28.603 29232 29232 W ResourceType: Bad XML block: header size 18254 or
total size 169478669 is larger than data size 853
02-21 00:37:23.902 29232 29232 W ResourceType: Bad XML block: header size 18254 or
total size 169478669 is larger than data size 853
02-21 00:37:29.646 29232 29242 W com.mbwhatsapp: Suspending all threads took:
5.600ms
02-21 02:39:19.528 29232 29244 W System : A resource failed to call close.
02-21 02:39:19.528 29232 29244 W System : A resource failed to call close.
02-21 02:39:19.528 29232 29244 W System : A resource failed to call close.
02-21 02:39:19.528 29232 29244 W System : A resource failed to call close.
02-21 02:39:19.528 29232 29244 W System : A resource failed to call close.
02-21 02:39:19.528 29232 29244 W System : A resource failed to call close.
02-21 02:39:19.528 29232 29244 W System : A resource failed to call close.
02-21 02:39:19.528 29232 29244 W System : A resource failed to call close.
02-21 02:39:19.528 29232 29244 W System : A resource failed to call close.
02-21 02:39:19.528 29232 29244 W System : A resource failed to call close.
02-21 02:39:19.528 29232 29244 W System : A resource failed to call close.
02-21 02:39:19.528 29232 29244 W System : A resource failed to call close.
02-21 02:39:19.528 29232 29244 W System : A resource failed to call close.
02-21 02:39:19.528 29232 29244 W System : A resource failed to call close.
02-21 02:39:19.528 29232 29244 W System : A resource failed to call close.
02-21 02:39:19.528 29232 29244 W System : A resource failed to call close.
02-21 02:39:19.528 29232 29244 W System : A resource failed to call close.
02-21 02:39:19.528 29232 29244 W System : A resource failed to call close.
02-21 02:39:19.528 29232 29244 W System : A resource failed to call close.
02-21 02:39:19.528 29232 29244 W System : A resource failed to call close.
02-21 02:39:19.528 29232 29244 W System : A resource failed to call close.
02-21 02:39:19.528 29232 29244 W System : A resource failed to call close.
02-21 02:39:19.528 29232 29244 W System : A resource failed to call close.
02-21 02:39:19.528 29232 29244 W System : A resource failed to call close.
02-21 02:39:19.528 29232 29244 W System : A resource failed to call close.
02-21 02:39:19.528 29232 29244 W System : A resource failed to call close.
02-21 02:39:19.528 29232 29244 W System : A resource failed to call close.
02-21 02:39:19.528 29232 29244 W System : A resource failed to call close.
02-21 02:39:19.528 29232 29244 W System : A resource failed to call close.
02-21 02:39:19.528 29232 29244 W System : A resource failed to call close.
02-21 02:39:19.528 29232 29244 W System : A resource failed to call close.
02-21 02:39:19.528 29232 29244 W System : A resource failed to call close.
02-21 02:39:19.528 29232 29244 W System : A resource failed to call close.
02-21 02:39:19.528 29232 29244 W System : A resource failed to call close.
02-21 02:39:19.528 29232 29244 W System : A resource failed to call close.
02-21 02:39:19.528 29232 29244 W System : A resource failed to call close.
02-21 02:39:19.529 29232 29244 W System : A resource failed to call close.
02-21 02:39:19.529 29232 29244 W System : A resource failed to call close.
02-21 02:39:19.529 29232 29244 W System : A resource failed to call close.
02-21 02:39:19.529 29232 29244 W System : A resource failed to call close.
02-21 02:39:19.529 29232 29244 W System : A resource failed to call close.
02-21 02:39:19.529 29232 29244 W System : A resource failed to call close.
02-21 02:39:19.529 29232 29244 W System : A resource failed to call close.
02-21 02:39:19.529 29232 29244 W System : A resource failed to call close.
02-21 02:39:19.529 29232 29244 W System : A resource failed to call close.
02-21 02:39:19.529 29232 29244 W System : A resource failed to call close.
02-21 02:39:19.529 29232 29244 W System : A resource failed to call close.
02-21 02:39:19.529 29232 29244 W System : A resource failed to call close.
02-21 02:39:19.529 29232 29244 W System : A resource failed to call close.
02-21 02:39:19.529 29232 29244 W System : A resource failed to call close.
02-21 02:39:19.529 29232 29244 W System : A resource failed to call close.
02-21 02:39:19.529 29232 29244 W System : A resource failed to call close.
02-21 02:39:19.529 29232 29244 W System : A resource failed to call close.
02-21 02:39:19.529 29232 29244 W System : A resource failed to call close.
02-21 02:39:19.529 29232 29244 W System : A resource failed to call close.
02-21 02:39:19.529 29232 29244 W System : A resource failed to call close.
02-21 02:39:19.529 29232 29244 W System : A resource failed to call close.
02-21 02:39:19.529 29232 29244 W System : A resource failed to call close.
02-21 02:39:19.529 29232 29244 W System : A resource failed to call close.
02-21 02:39:19.529 29232 29244 W System : A resource failed to call close.
02-21 02:39:19.529 29232 29244 W System : A resource failed to call close.
02-21 02:39:19.529 29232 29244 W System : A resource failed to call close.
02-21 02:39:19.529 29232 29244 W System : A resource failed to call close.
02-21 02:39:19.529 29232 29244 W System : A resource failed to call close.
02-21 02:39:19.529 29232 29244 W System : A resource failed to call close.
02-21 02:39:19.529 29232 29244 W System : A resource failed to call close.
02-21 02:39:19.529 29232 29244 W System : A resource failed to call close.
02-21 02:39:19.529 29232 29244 W System : A resource failed to call close.
02-21 02:39:19.529 29232 29244 W System : A resource failed to call close.
02-21 02:39:19.529 29232 29244 W System : A resource failed to call close.
02-21 02:39:19.529 29232 29244 W System : A resource failed to call close.
02-21 02:39:19.529 29232 29244 W System : A resource failed to call close.
02-21 02:39:19.529 29232 29244 W System : A resource failed to call close.
02-21 02:39:19.529 29232 29244 W System : A resource failed to call close.
02-21 02:39:19.529 29232 29244 W System : A resource failed to call close.
02-21 02:39:19.529 29232 29244 W System : A resource failed to call close.
02-21 02:39:19.530 29232 29244 W System : A resource failed to call close.
02-21 02:39:19.530 29232 29244 W System : A resource failed to call close.
02-21 02:39:19.530 29232 29244 W System : A resource failed to call close.
02-21 02:39:19.530 29232 29244 W System : A resource failed to call close.
02-21 02:39:19.530 29232 29244 W System : A resource failed to call close.
02-21 02:39:19.530 29232 29244 W System : A resource failed to call close.
02-21 02:39:19.530 29232 29244 W System : A resource failed to call close.
02-21 02:39:19.530 29232 29244 W System : A resource failed to call close.
02-21 02:39:19.530 29232 29244 W System : A resource failed to call close.
02-21 02:39:19.530 29232 29244 W System : A resource failed to call close.
02-21 02:39:19.530 29232 29244 W System : A resource failed to call close.
02-21 02:39:19.530 29232 29244 W System : A resource failed to call close.
02-21 02:39:19.530 29232 29244 W System : A resource failed to call close.
02-21 02:39:19.530 29232 29244 W System : A resource failed to call close.
02-21 02:39:19.530 29232 29244 W System : A resource failed to call close.
02-21 02:39:19.530 29232 29244 W System : A resource failed to call close.
02-21 02:39:19.530 29232 29244 W System : A resource failed to call close.
02-21 02:39:19.530 29232 29244 W System : A resource failed to call close.
02-21 02:39:19.530 29232 29244 W System : A resource failed to call close.
02-21 02:39:19.530 29232 29244 W System : A resource failed to call close.
02-21 02:39:19.530 29232 29244 W System : A resource failed to call close.
02-21 02:39:19.530 29232 29244 W System : A resource failed to call close.
02-21 02:39:19.530 29232 29244 W System : A resource failed to call close.
02-21 02:39:19.530 29232 29244 W System : A resource failed to call close.
02-21 02:39:19.530 29232 29244 W System : A resource failed to call close.
02-21 02:39:19.530 29232 29244 W System : A resource failed to call close.
02-21 02:39:19.530 29232 29244 W System : A resource failed to call close.
02-21 02:39:19.530 29232 29244 W System : A resource failed to call close.
02-21 02:39:19.530 29232 29244 W System : A resource failed to call close.
02-21 02:39:19.530 29232 29244 W System : A resource failed to call close.
02-21 02:39:19.530 29232 29244 W System : A resource failed to call close.
02-21 02:39:19.530 29232 29244 W System : A resource failed to call close.
02-21 02:39:19.530 29232 29244 W System : A resource failed to call close.
02-21 02:39:19.530 29232 29244 W System : A resource failed to call close.
02-21 02:39:19.530 29232 29244 W System : A resource failed to call close.
02-21 02:39:19.531 29232 29244 W System : A resource failed to call close.
02-21 02:39:19.531 29232 29244 W System : A resource failed to call close.
02-21 02:39:19.531 29232 29244 W System : A resource failed to call close.
02-21 02:39:19.531 29232 29244 W System : A resource failed to call close.
02-21 02:39:19.531 29232 29244 W System : A resource failed to call close.
02-21 02:39:19.531 29232 29244 W System : A resource failed to call close.
02-21 02:39:19.531 29232 29244 W System : A resource failed to call close.
02-21 02:39:19.531 29232 29244 W System : A resource failed to call close.
02-21 02:39:19.531 29232 29244 W System : A resource failed to call close.
02-21 02:39:19.531 29232 29244 W System : A resource failed to call close.
02-21 02:39:19.531 29232 29244 W System : A resource failed to call close.
02-21 02:39:19.531 29232 29244 W System : A resource failed to call close.
02-21 02:39:19.531 29232 29244 W System : A resource failed to call close.
02-21 02:39:19.531 29232 29244 W System : A resource failed to call close.
02-21 02:39:19.531 29232 29244 W System : A resource failed to call close.
02-21 02:39:19.531 29232 29244 W System : A resource failed to call close.
02-21 02:39:19.531 29232 29244 W System : A resource failed to call close.
02-21 02:39:19.531 29232 29244 W System : A resource failed to call close.
02-21 02:39:19.531 29232 29244 W System : A resource failed to call close.
02-21 02:39:19.531 29232 29244 W System : A resource failed to call close.
02-21 02:39:19.531 29232 29244 W System : A resource failed to call close.
02-21 02:39:19.531 29232 29244 W System : A resource failed to call close.
02-21 02:39:19.531 29232 29244 W System : A resource failed to call close.
02-21 02:39:19.531 29232 29244 W System : A resource failed to call close.
02-21 02:39:19.531 29232 29244 W System : A resource failed to call close.
02-21 02:39:19.531 29232 29244 W System : A resource failed to call close.
02-21 02:39:19.531 29232 29244 W System : A resource failed to call close.
02-21 02:39:19.531 29232 29244 W System : A resource failed to call close.
02-21 02:39:19.531 29232 29244 W System : A resource failed to call close.
02-21 02:39:19.531 29232 29244 W System : A resource failed to call close.
02-21 02:39:19.532 29232 29244 W System : A resource failed to call close.
02-21 02:39:19.532 29232 29244 W System : A resource failed to call close.
02-21 02:39:19.532 29232 29244 W System : A resource failed to call close.
02-21 02:39:19.532 29232 29244 W System : A resource failed to call close.
02-21 02:39:19.532 29232 29244 W System : A resource failed to call close.
02-21 02:39:19.532 29232 29244 W System : A resource failed to call close.
02-21 02:39:19.532 29232 29244 W System : A resource failed to call close.
02-21 02:39:19.532 29232 29244 W System : A resource failed to call close.
02-21 02:39:19.532 29232 29244 W System : A resource failed to call close.
02-21 02:39:19.532 29232 29244 W System : A resource failed to call close.
02-21 02:39:19.532 29232 29244 W System : A resource failed to call close.
02-21 02:39:19.532 29232 29244 W System : A resource failed to call close.
02-21 02:39:19.532 29232 29244 W System : A resource failed to call close.
02-21 02:39:19.532 29232 29244 W System : A resource failed to call close.
02-21 02:39:19.532 29232 29244 W System : A resource failed to call close.
02-21 02:39:19.532 29232 29244 W System : A resource failed to call close.
02-21 02:39:19.532 29232 29244 W System : A resource failed to call close.
02-21 02:39:19.532 29232 29244 W System : A resource failed to call close.
02-21 02:39:19.532 29232 29244 W System : A resource failed to call close.
02-21 02:39:19.532 29232 29244 W System : A resource failed to call close.
02-21 02:39:19.532 29232 29244 W System : A resource failed to call close.
02-21 02:39:19.532 29232 29244 W System : A resource failed to call close.
02-21 02:39:19.532 29232 29244 W System : A resource failed to call close.
02-21 02:39:19.532 29232 29244 W System : A resource failed to call close.
02-21 02:39:19.532 29232 29244 W System : A resource failed to call close.
02-21 02:39:19.532 29232 29244 W System : A resource failed to call close.
02-21 02:39:19.532 29232 29244 W System : A resource failed to call close.
02-21 02:39:19.532 29232 29244 W System : A resource failed to call close.
02-21 02:39:19.532 29232 29244 W System : A resource failed to call close.
02-21 02:39:19.532 29232 29244 W System : A resource failed to call close.
02-21 02:39:19.532 29232 29244 W System : A resource failed to call close.
02-21 02:39:19.532 29232 29244 W System : A resource failed to call close.
02-21 02:39:19.532 29232 29244 W System : A resource failed to call close.
02-21 02:39:19.532 29232 29244 W System : A resource failed to call close.
02-21 02:39:19.532 29232 29244 W System : A resource failed to call close.
02-21 02:39:19.533 29232 29244 W System : A resource failed to call close.
02-21 02:39:19.533 29232 29244 W System : A resource failed to call close.
02-21 02:39:19.533 29232 29244 W System : A resource failed to call close.
02-21 02:39:19.533 29232 29244 W System : A resource failed to call close.
02-21 02:39:19.533 29232 29244 W System : A resource failed to call close.
02-21 02:39:19.533 29232 29244 W System : A resource failed to call close.
02-21 02:39:19.533 29232 29244 W System : A resource failed to call close.
02-21 02:39:19.533 29232 29244 W System : A resource failed to call close.
02-21 02:39:19.533 29232 29244 W System : A resource failed to call close.
02-21 02:39:19.533 29232 29244 W System : A resource failed to call close.
02-21 02:39:19.533 29232 29244 W System : A resource failed to call close.
02-21 02:39:19.533 29232 29244 W System : A resource failed to call close.
02-21 02:39:19.533 29232 29244 W System : A resource failed to call close.
02-21 02:39:19.533 29232 29244 W System : A resource failed to call close.
02-21 02:39:19.533 29232 29244 W System : A resource failed to call close.
02-21 02:39:19.533 29232 29244 W System : A resource failed to call close.
02-21 02:39:19.533 29232 29244 W System : A resource failed to call close.
02-21 02:39:19.533 29232 29244 W System : A resource failed to call close.
02-21 02:39:19.533 29232 29244 W System : A resource failed to call close.
02-21 02:39:19.533 29232 29244 W System : A resource failed to call close.
02-21 02:39:19.533 29232 29244 W System : A resource failed to call close.
02-21 02:39:19.533 29232 29244 W System : A resource failed to call close.
02-21 02:39:19.533 29232 29244 W System : A resource failed to call close.
02-21 02:39:19.533 29232 29244 W System : A resource failed to call close.
02-21 02:39:19.533 29232 29244 W System : A resource failed to call close.
02-21 02:39:19.533 29232 29244 W System : A resource failed to call close.
02-21 02:39:19.533 29232 29244 W System : A resource failed to call close.
02-21 02:39:19.533 29232 29244 W System : A resource failed to call close.
02-21 02:39:19.533 29232 29244 W System : A resource failed to call close.
02-21 02:39:19.533 29232 29244 W System : A resource failed to call close.
02-21 02:39:19.533 29232 29244 W System : A resource failed to call close.
02-21 02:39:19.533 29232 29244 W System : A resource failed to call close.
02-21 02:39:19.533 29232 29244 W System : A resource failed to call close.
02-21 02:39:19.533 29232 29244 W System : A resource failed to call close.
02-21 02:39:19.533 29232 29244 W System : A resource failed to call close.
02-21 02:39:19.533 29232 29244 W System : A resource failed to call close.
02-21 02:39:19.533 29232 29244 W System : A resource failed to call close.
02-21 02:39:19.534 29232 29244 W System : A resource failed to call close.
02-21 02:39:19.534 29232 29244 W System : A resource failed to call close.
02-21 02:39:19.534 29232 29244 W System : A resource failed to call close.
02-21 02:39:19.534 29232 29244 W System : A resource failed to call close.
02-21 02:39:19.534 29232 29244 W System : A resource failed to call close.
02-21 02:39:19.534 29232 29244 W System : A resource failed to call close.
02-21 02:39:19.534 29232 29244 W System : A resource failed to call close.
02-21 06:02:56.513 29232 29244 W System : A resource failed to call close.
02-21 06:02:56.513 29232 29244 W System : A resource failed to call close.
02-21 06:02:56.513 29232 29244 W System : A resource failed to call close.
02-21 06:02:56.513 29232 29244 W System : A resource failed to call close.
02-21 06:02:56.513 29232 29244 W System : A resource failed to call close.
02-21 06:02:56.513 29232 29244 W System : A resource failed to call close.
02-21 06:02:56.513 29232 29244 W System : A resource failed to call close.
02-21 06:02:56.513 29232 29244 W System : A resource failed to call close.
02-21 06:02:56.513 29232 29244 W System : A resource failed to call close.
02-21 06:02:56.513 29232 29244 W System : A resource failed to call close.
02-21 06:02:56.513 29232 29244 W System : A resource failed to call close.
02-21 06:02:56.513 29232 29244 W System : A resource failed to call close.
02-21 06:02:56.513 29232 29244 W System : A resource failed to call close.
02-21 06:02:56.513 29232 29244 W System : A resource failed to call close.
02-21 06:02:56.513 29232 29244 W System : A resource failed to call close.
02-21 06:02:56.513 29232 29244 W System : A resource failed to call close.
02-21 06:02:56.513 29232 29244 W System : A resource failed to call close.
02-21 06:02:56.513 29232 29244 W System : A resource failed to call close.
02-21 06:02:56.513 29232 29244 W System : A resource failed to call close.
02-21 06:02:56.513 29232 29244 W System : A resource failed to call close.
02-21 06:02:56.514 29232 29244 W System : A resource failed to call close.
02-21 06:02:56.514 29232 29244 W System : A resource failed to call close.
02-21 06:02:56.514 29232 29244 W System : A resource failed to call close.
02-21 06:02:56.514 29232 29244 W System : A resource failed to call close.
02-21 06:02:56.514 29232 29244 W System : A resource failed to call close.
02-21 06:02:56.514 29232 29244 W System : A resource failed to call close.
02-21 06:02:56.514 29232 29244 W System : A resource failed to call close.
02-21 06:02:56.514 29232 29244 W System : A resource failed to call close.
02-21 06:02:56.514 29232 29244 W System : A resource failed to call close.
02-21 06:02:56.514 29232 29244 W System : A resource failed to call close.
02-21 06:02:56.514 29232 29244 W System : A resource failed to call close.
02-21 06:02:56.514 29232 29244 W System : A resource failed to call close.
02-21 06:02:56.514 29232 29244 W System : A resource failed to call close.
02-21 06:02:56.514 29232 29244 W System : A resource failed to call close.
02-21 06:02:56.514 29232 29244 W System : A resource failed to call close.
02-21 06:02:56.514 29232 29244 W System : A resource failed to call close.
02-21 06:02:56.514 29232 29244 W System : A resource failed to call close.
02-21 06:02:56.514 29232 29244 W System : A resource failed to call close.
02-21 06:02:56.514 29232 29244 W System : A resource failed to call close.
02-21 06:02:56.514 29232 29244 W System : A resource failed to call close.
02-21 06:02:56.514 29232 29244 W System : A resource failed to call close.
02-21 06:02:56.514 29232 29244 W System : A resource failed to call close.
02-21 06:02:56.514 29232 29244 W System : A resource failed to call close.
02-21 06:02:56.514 29232 29244 W System : A resource failed to call close.
02-21 06:02:56.514 29232 29244 W System : A resource failed to call close.
02-21 06:02:56.515 29232 29244 W System : A resource failed to call close.
02-21 06:02:56.515 29232 29244 W System : A resource failed to call close.
02-21 06:02:56.515 29232 29244 W System : A resource failed to call close.
02-21 06:02:56.515 29232 29244 W System : A resource failed to call close.
02-21 06:02:56.515 29232 29244 W System : A resource failed to call close.
02-21 06:02:56.515 29232 29244 W System : A resource failed to call close.
02-21 06:02:56.515 29232 29244 W System : A resource failed to call close.
02-21 06:02:56.515 29232 29244 W System : A resource failed to call close.
02-21 06:02:56.515 29232 29244 W System : A resource failed to call close.
02-21 06:02:56.515 29232 29244 W System : A resource failed to call close.
02-21 06:02:56.515 29232 29244 W System : A resource failed to call close.
02-21 06:02:56.515 29232 29244 W System : A resource failed to call close.
02-21 06:02:56.515 29232 29244 W System : A resource failed to call close.
02-21 06:02:56.515 29232 29244 W System : A resource failed to call close.
02-21 06:02:56.515 29232 29244 W System : A resource failed to call close.
02-21 06:02:56.515 29232 29244 W System : A resource failed to call close.
02-21 06:02:56.515 29232 29244 W System : A resource failed to call close.
02-21 06:02:56.515 29232 29244 W System : A resource failed to call close.
02-21 06:02:56.516 29232 29244 W System : A resource failed to call close.
02-21 06:02:56.516 29232 29244 W System : A resource failed to call close.
02-21 06:02:56.516 29232 29244 W System : A resource failed to call close.
02-21 06:02:56.516 29232 29244 W System : A resource failed to call close.
02-21 06:02:56.516 29232 29244 W System : A resource failed to call close.
02-21 06:02:56.516 29232 29244 W System : A resource failed to call close.
02-21 06:02:56.516 29232 29244 W System : A resource failed to call close.
02-21 06:02:56.516 29232 29244 W System : A resource failed to call close.
02-21 06:02:56.516 29232 29244 W System : A resource failed to call close.
02-21 06:02:56.516 29232 29244 W System : A resource failed to call close.
02-21 06:02:56.516 29232 29244 W System : A resource failed to call close.
02-21 06:02:56.516 29232 29244 W System : A resource failed to call close.
02-21 06:02:56.516 29232 29244 W System : A resource failed to call close.
02-21 06:02:56.516 29232 29244 W System : A resource failed to call close.
02-21 06:02:56.516 29232 29244 W System : A resource failed to call close.
02-21 06:02:56.516 29232 29244 W System : A resource failed to call close.
02-21 06:02:56.516 29232 29244 W System : A resource failed to call close.
02-21 06:02:56.516 29232 29244 W System : A resource failed to call close.
02-21 06:02:56.516 29232 29244 W System : A resource failed to call close.
02-21 06:02:56.516 29232 29244 W System : A resource failed to call close.
02-21 06:02:56.516 29232 29244 W System : A resource failed to call close.
02-21 06:02:56.516 29232 29244 W System : A resource failed to call close.
02-21 06:02:56.516 29232 29244 W System : A resource failed to call close.
02-21 06:02:56.516 29232 29244 W System : A resource failed to call close.
02-21 06:02:56.516 29232 29244 W System : A resource failed to call close.
02-21 06:02:56.516 29232 29244 W System : A resource failed to call close.
02-21 06:02:56.516 29232 29244 W System : A resource failed to call close.
02-21 06:02:56.516 29232 29244 W System : A resource failed to call close.
02-21 06:02:56.516 29232 29244 W System : A resource failed to call close.
02-21 06:02:56.516 29232 29244 W System : A resource failed to call close.
02-21 06:02:56.516 29232 29244 W System : A resource failed to call close.
02-21 06:02:56.516 29232 29244 W System : A resource failed to call close.
02-21 06:02:56.516 29232 29244 W System : A resource failed to call close.
02-21 06:02:56.516 29232 29244 W System : A resource failed to call close.
02-21 06:02:56.516 29232 29244 W System : A resource failed to call close.
02-21 06:02:56.516 29232 29244 W System : A resource failed to call close.
02-21 06:02:56.516 29232 29244 W System : A resource failed to call close.
02-21 06:02:56.517 29232 29244 W System : A resource failed to call close.
02-21 06:02:56.517 29232 29244 W System : A resource failed to call close.
02-21 06:02:56.517 29232 29244 W System : A resource failed to call close.
02-21 06:02:56.517 29232 29244 W System : A resource failed to call close.
02-21 06:02:56.517 29232 29244 W System : A resource failed to call close.
02-21 06:02:56.518 29232 29244 W System : A resource failed to call close.
02-21 06:02:56.518 29232 29244 W System : A resource failed to call close.
02-21 06:02:56.518 29232 29244 W System : A resource failed to call close.
02-21 06:02:56.518 29232 29244 W System : A resource failed to call close.
02-21 06:02:56.518 29232 29244 W System : A resource failed to call close.
02-21 06:02:56.518 29232 29244 W System : A resource failed to call close.
02-21 06:02:56.518 29232 29244 W System : A resource failed to call close.
02-21 06:02:56.518 29232 29244 W System : A resource failed to call close.
02-21 06:02:56.518 29232 29244 W System : A resource failed to call close.
02-21 06:02:56.518 29232 29244 W System : A resource failed to call close.
02-21 06:02:56.518 29232 29244 W System : A resource failed to call close.
02-21 06:02:56.518 29232 29244 W System : A resource failed to call close.
02-21 06:02:56.518 29232 29244 W System : A resource failed to call close.
02-21 06:02:56.518 29232 29244 W System : A resource failed to call close.
02-21 06:02:56.518 29232 29244 W System : A resource failed to call close.
02-21 06:02:56.518 29232 29244 W System : A resource failed to call close.
02-21 06:02:56.518 29232 29244 W System : A resource failed to call close.
02-21 06:02:56.518 29232 29244 W System : A resource failed to call close.
02-21 06:02:56.518 29232 29244 W System : A resource failed to call close.
02-21 06:02:56.518 29232 29244 W System : A resource failed to call close.
02-21 06:02:56.518 29232 29244 W System : A resource failed to call close.
02-21 06:02:56.518 29232 29244 W System : A resource failed to call close.
02-21 06:02:56.518 29232 29244 W System : A resource failed to call close.
02-21 06:02:56.518 29232 29244 W System : A resource failed to call close.
02-21 06:02:56.518 29232 29244 W System : A resource failed to call close.
02-21 06:02:56.518 29232 29244 W System : A resource failed to call close.
02-21 06:02:56.518 29232 29244 W System : A resource failed to call close.
02-21 06:02:56.518 29232 29244 W System : A resource failed to call close.
02-21 06:02:56.518 29232 29244 W System : A resource failed to call close.
02-21 06:02:56.518 29232 29244 W System : A resource failed to call close.
02-21 06:02:56.518 29232 29244 W System : A resource failed to call close.
02-21 06:02:56.519 29232 29244 W System : A resource failed to call close.
02-21 06:02:56.519 29232 29244 W System : A resource failed to call close.
02-21 06:02:56.519 29232 29244 W System : A resource failed to call close.
02-21 06:02:56.519 29232 29244 W System : A resource failed to call close.
02-21 06:02:56.519 29232 29244 W System : A resource failed to call close.
02-21 06:02:56.519 29232 29244 W System : A resource failed to call close.
02-21 06:02:56.519 29232 29244 W System : A resource failed to call close.
02-21 06:02:56.519 29232 29244 W System : A resource failed to call close.
02-21 06:02:56.519 29232 29244 W System : A resource failed to call close.
02-21 06:02:56.519 29232 29244 W System : A resource failed to call close.
02-21 06:02:56.519 29232 29244 W System : A resource failed to call close.
02-21 06:05:27.505 29232 29232 W ResourceType: Bad XML block: header size 18254 or
total size 169478669 is larger than data size 853
02-21 06:26:14.656 29232 29242 W com.mbwhatsapp: Reducing the number of considered
missed Gc histogram windows from 138 to 100
02-21 06:28:17.058 29232 29232 W ResourceType: Bad XML block: header size 18254 or
total size 169478669 is larger than data size 853
02-21 06:40:38.969 29232 29232 W ResourceType: Bad XML block: header size 18254 or
total size 169478669 is larger than data size 853
02-21 09:02:46.883 29232 29242 W com.mbwhatsapp: Reducing the number of considered
missed Gc histogram windows from 281 to 100
02-21 13:13:47.589 29232 29232 W ResourceType: Bad XML block: header size 18254 or
total size 169478669 is larger than data size 853
02-21 13:13:57.048 29232 29242 W com.mbwhatsapp: Reducing the number of considered
missed Gc histogram windows from 107 to 100
02-21 13:15:12.487 29232 29232 W ResourceType: Bad XML block: header size 18254 or
total size 169478669 is larger than data size 853
02-21 13:31:29.072 29232 29242 W com.mbwhatsapp: Reducing the number of considered
missed Gc histogram windows from 106 to 100
02-21 16:52:27.233 29232 29242 W com.mbwhatsapp: Reducing the number of considered
missed Gc histogram windows from 241 to 100
02-21 16:53:44.599 29232 29232 W ResourceType: Bad XML block: header size 18254 or
total size 169478669 is larger than data size 853
02-21 17:09:39.251 29232 29232 W ResourceType: Bad XML block: header size 18254 or
total size 169478669 is larger than data size 853
02-21 17:18:30.258 29232 29232 W ResourceType: Bad XML block: header size 18254 or
total size 169478669 is larger than data size 853
02-21 17:28:18.145 29232 29232 W ResourceType: Bad XML block: header size 18254 or
total size 169478669 is larger than data size 380
