02-29 20:58:00.449 13005 13005 W ResourceType: Bad XML block: header size 18254 or
total size 169478669 is larger than data size 363
02-29 20:58:01.662 13005 13005 W InputEventReceiver: Attempted to finish an input
event but the input event receiver has already been disposed.
02-29 20:58:01.866 13005 13005 W BottomSheetBehavior: BottomSheetBehavior now
supports multiple callbacks. `setBottomSheetCallback()` removes all existing
callbacks, including ones set internally by library authors, which may result in
unintended behavior. This may change in the future. Please use
`addBottomSheetCallback()` and `removeBottomSheetCallback()` instead to set your
own callbacks.
02-29 20:58:01.867 13005 13005 W BottomSheetBehavior: BottomSheetBehavior now
supports multiple callbacks. `setBottomSheetCallback()` removes all existing
callbacks, including ones set internally by library authors, which may result in
unintended behavior. This may change in the future. Please use
`addBottomSheetCallback()` and `removeBottomSheetCallback()` instead to set your
own callbacks.
02-29 20:58:01.908 13005 13005 E RecyclerView: No adapter attached; skipping layout
02-29 20:58:01.967 13005 19132 W ACodec : [OMX.Exynos.avc.dec] setting
HDRStaticInfo failed even though codec advertises support
02-29 20:58:01.969 13005 19132 W ACodec : [OMX.Exynos.avc.dec] getting
HDRStaticInfo failed even though codec advertises support
02-29 20:58:02.007 13005 19132 W ACodec : [OMX.Exynos.avc.dec] getting
HDRStaticInfo failed even though codec advertises support
02-29 20:58:02.009 13005 19132 W AHierarchicalStateMachine: Warning message
AMessage(what = 'omxI') = {
02-29 20:58:02.009 13005 19132 W AHierarchicalStateMachine: int32_t type = 0
02-29 20:58:02.009 13005 19132 W AHierarchicalStateMachine: int32_t event = 3
02-29 20:58:02.009 13005 19132 W AHierarchicalStateMachine: int32_t data1 = 1
02-29 20:58:02.009 13005 19132 W AHierarchicalStateMachine: int32_t data2 =
117440527
02-29 20:58:02.009 13005 19132 W AHierarchicalStateMachine: } unhandled in root
state.
02-29 20:58:02.020 13005 19139 W Codec2Client: query -- param skipped: index =
1107298332.
02-29 20:58:02.020 13005 19139 W CCodec : This behavior is subject to change. It
is recommended that app developers double check whether the requested max input
size is in reasonable range.
02-29 20:58:02.024 13005 19139 W Codec2Client: query -- param skipped: index =
1342179345.
02-29 20:58:02.024 13005 19139 W Codec2Client: query -- param skipped: index =
2415921170.
02-29 20:58:02.024 13005 19139 W Codec2Client: query -- param skipped: index =
1610614798.
02-29 20:58:02.055 13005 19132 W ACodec : [OMX.Exynos.avc.dec] getting
HDRStaticInfo failed even though codec advertises support
02-29 20:58:02.082 13005 19130 W MediaCodec: mapFormat: no mediaType information
02-29 20:58:18.685 13005 19139 W Codec2Client: query -- param skipped: index =
1342179345.
02-29 20:58:18.685 13005 19139 W Codec2Client: query -- param skipped: index =
2415921170.
02-29 20:58:18.685 13005 19139 W Codec2Client: query -- param skipped: index =
1610614798.
02-29 20:58:18.690 13005 19130 E Surface : freeAllBuffers: 8 buffers were freed
while being dequeued!
02-29 20:58:22.399 13005 13005 W InputEventReceiver: Attempted to finish an input
event but the input event receiver has already been disposed.
02-29 20:58:22.611 13005 13005 W BottomSheetBehavior: BottomSheetBehavior now
supports multiple callbacks. `setBottomSheetCallback()` removes all existing
callbacks, including ones set internally by library authors, which may result in
unintended behavior. This may change in the future. Please use
`addBottomSheetCallback()` and `removeBottomSheetCallback()` instead to set your
own callbacks.
02-29 20:58:22.611 13005 13005 W BottomSheetBehavior: BottomSheetBehavior now
supports multiple callbacks. `setBottomSheetCallback()` removes all existing
callbacks, including ones set internally by library authors, which may result in
unintended behavior. This may change in the future. Please use
`addBottomSheetCallback()` and `removeBottomSheetCallback()` instead to set your
own callbacks.
02-29 20:58:22.656 13005 13005 E RecyclerView: No adapter attached; skipping layout
02-29 20:58:22.721 13005 19164 W ACodec : [OMX.Exynos.avc.dec] setting
HDRStaticInfo failed even though codec advertises support
02-29 20:58:22.723 13005 19164 W ACodec : [OMX.Exynos.avc.dec] getting
HDRStaticInfo failed even though codec advertises support
02-29 20:58:22.762 13005 19164 W ACodec : [OMX.Exynos.avc.dec] getting
HDRStaticInfo failed even though codec advertises support
02-29 20:58:22.764 13005 19164 W AHierarchicalStateMachine: Warning message
AMessage(what = 'omxI') = {
02-29 20:58:22.764 13005 19164 W AHierarchicalStateMachine: int32_t type = 0
02-29 20:58:22.764 13005 19164 W AHierarchicalStateMachine: int32_t event = 3
02-29 20:58:22.764 13005 19164 W AHierarchicalStateMachine: int32_t data1 = 1
02-29 20:58:22.764 13005 19164 W AHierarchicalStateMachine: int32_t data2 =
117440527
02-29 20:58:22.764 13005 19164 W AHierarchicalStateMachine: } unhandled in root
state.
02-29 20:58:22.779 13005 19171 W Codec2Client: query -- param skipped: index =
1107298332.
02-29 20:58:22.779 13005 19171 W CCodec : This behavior is subject to change. It
is recommended that app developers double check whether the requested max input
size is in reasonable range.
02-29 20:58:22.783 13005 19171 W Codec2Client: query -- param skipped: index =
1342179345.
02-29 20:58:22.783 13005 19171 W Codec2Client: query -- param skipped: index =
2415921170.
02-29 20:58:22.783 13005 19171 W Codec2Client: query -- param skipped: index =
1610614798.
02-29 20:58:22.784 13005 19164 W ACodec : [OMX.Exynos.avc.dec] getting
HDRStaticInfo failed even though codec advertises support
02-29 20:58:22.803 13005 19163 W MediaCodec: mapFormat: no mediaType information
02-29 20:58:22.959 13005 19160 W AudioTrack: getTimestamp_l(13537): retrograde
timestamp time corrected, 385339192916998 < 385339372971652
02-29 20:58:36.373 13005 19171 W Codec2Client: query -- param skipped: index =
1342179345.
02-29 20:58:36.373 13005 19171 W Codec2Client: query -- param skipped: index =
2415921170.
02-29 20:58:36.373 13005 19171 W Codec2Client: query -- param skipped: index =
1610614798.
02-29 20:58:36.380 13005 19163 E Surface : freeAllBuffers: 8 buffers were freed
while being dequeued!
02-29 20:58:44.367 13005 18278 E FrameEvents: updateAcquireFence: Did not find
frame.
02-29 20:59:44.682 13005 19902 W LibraryVersion: Failed to get app version for
libraryName: firebase-iid
02-29 21:09:28.139 13005 13005 E ArmVmp : Match on catch block at 0x0a in for
0x7bec937031
02-29 21:09:28.174 13005 13005 E ArmVmp : Match on catch block at 0x0a in for
0x7bec93704d
02-29 21:09:43.414 13005 27232 W com.mbwhatsapp: Accessing hidden method
Lcom/android/org/conscrypt/ConscryptEngineSocket;->setUseSessionTickets(Z)V (max-
target-q,core-platform-api, reflection, denied)
02-29 21:09:43.415 13005 27232 W com.mbwhatsapp: Accessing hidden method
Lcom/android/org/conscrypt/OpenSSLSocketImpl;->setUseSessionTickets(Z)V (max-
target-q,core-platform-api, reflection, denied)
02-29 21:09:43.415 13005 27232 W com.mbwhatsapp: Accessing hidden method
Lcom/android/org/conscrypt/AbstractConscryptSocket;->setUseSessionTickets(Z)V (max-
target-q, reflection, denied)
02-29 21:09:43.415 13005 27232 W com.mbwhatsapp: Accessing hidden method
Lcom/android/org/conscrypt/ConscryptEngineSocket;->setHostname(Ljava/lang/String;)V
(max-target-q,core-platform-api, reflection, denied)
02-29 21:09:43.415 13005 27232 W com.mbwhatsapp: Accessing hidden method
Lcom/android/org/conscrypt/OpenSSLSocketImpl;->setHostname(Ljava/lang/String;)V
(max-target-q,core-platform-api, reflection, denied)
02-29 21:09:43.415 13005 27232 W com.mbwhatsapp: Accessing hidden method
Lcom/android/org/conscrypt/AbstractConscryptSocket;->setHostname(Ljava/lang/
String;)V (max-target-q, reflection, denied)
02-29 21:09:43.415 13005 27232 W com.mbwhatsapp: Accessing hidden method
Lcom/android/org/conscrypt/OpenSSLSocketImpl;->setAlpnProtocols([B)V (max-target-
q,core-platform-api, reflection, denied)
02-29 21:09:43.416 13005 27232 W com.mbwhatsapp: Accessing hidden method
Lcom/android/org/conscrypt/AbstractConscryptSocket;->setAlpnProtocols([B)V (max-
target-q, reflection, denied)
02-29 21:09:44.207 13005 27232 W com.mbwhatsapp: Accessing hidden method
Lcom/android/org/conscrypt/OpenSSLSocketImpl;->getAlpnSelectedProtocol()[B (max-
target-q,core-platform-api, reflection, denied)
02-29 21:09:44.208 13005 27232 W com.mbwhatsapp: Accessing hidden method
Lcom/android/org/conscrypt/AbstractConscryptSocket;->getAlpnSelectedProtocol()[B
(max-target-q, reflection, denied)
02-29 21:57:06.781 13005 13014 W com.mbwhatsapp: Reducing the number of considered
missed Gc histogram windows from 165 to 100
02-29 22:14:44.283 13005 13014 W com.mbwhatsapp: Reducing the number of considered
missed Gc histogram windows from 102 to 100
02-29 22:42:20.459 13005 13014 W com.mbwhatsapp: Reducing the number of considered
missed Gc histogram windows from 121 to 100
02-29 22:42:28.380 13005 13014 W com.mbwhatsapp: Suspending all threads took:
11.672ms
02-29 23:27:59.309 13005 13014 W com.mbwhatsapp: Reducing the number of considered
missed Gc histogram windows from 122 to 100
02-29 23:28:04.316 13005 13014 W com.mbwhatsapp: Suspending all threads took:
5.721ms
03-01 03:56:14.383 13005 13016 W System : A resource failed to call end.
03-01 03:56:14.384 13005 13016 W System : A resource failed to call end.
03-01 03:56:14.384 13005 13016 W System : A resource failed to call end.
03-01 03:56:14.384 13005 13016 W System : A resource failed to call end.
03-01 03:56:14.384 13005 13016 W System : A resource failed to call end.
03-01 04:43:04.520 13005 13016 W System : A resource failed to call close.
03-01 04:43:04.520 13005 13016 W System : A resource failed to call close.
03-01 04:43:04.520 13005 13016 W System : A resource failed to call close.
03-01 04:43:04.520 13005 13016 W System : A resource failed to call close.
03-01 04:43:04.520 13005 13016 W System : A resource failed to call close.
03-01 04:43:04.520 13005 13016 W System : A resource failed to call close.
03-01 04:43:04.520 13005 13016 W System : A resource failed to call close.
03-01 04:43:04.520 13005 13016 W System : A resource failed to call close.
03-01 04:43:04.520 13005 13016 W System : A resource failed to call close.
03-01 04:43:04.520 13005 13016 W System : A resource failed to call close.
03-01 04:43:04.520 13005 13016 W System : A resource failed to call close.
03-01 04:43:04.520 13005 13016 W System : A resource failed to call close.
03-01 04:43:04.520 13005 13016 W System : A resource failed to call close.
03-01 04:43:04.521 13005 13016 W System : A resource failed to call close.
03-01 04:43:04.521 13005 13016 W System : A resource failed to call close.
03-01 04:43:04.521 13005 13016 W System : A resource failed to call close.
03-01 04:43:04.521 13005 13016 W System : A resource failed to call close.
03-01 04:43:04.521 13005 13016 W System : A resource failed to call close.
03-01 04:43:04.521 13005 13016 W System : A resource failed to call close.
03-01 04:43:04.521 13005 13016 W System : A resource failed to call close.
03-01 04:43:04.521 13005 13016 W System : A resource failed to call close.
03-01 04:43:04.521 13005 13016 W System : A resource failed to call close.
03-01 04:43:04.521 13005 13016 W System : A resource failed to call close.
03-01 04:43:04.521 13005 13016 W System : A resource failed to call close.
03-01 04:43:04.521 13005 13016 W System : A resource failed to call close.
03-01 04:43:04.521 13005 13016 W System : A resource failed to call close.
03-01 04:43:04.521 13005 13016 W System : A resource failed to call close.
03-01 04:43:04.521 13005 13016 W System : A resource failed to call close.
03-01 04:43:04.521 13005 13016 W System : A resource failed to call close.
03-01 04:43:04.521 13005 13016 W System : A resource failed to call close.
03-01 04:43:04.521 13005 13016 W System : A resource failed to call close.
03-01 04:43:04.521 13005 13016 W System : A resource failed to call close.
03-01 04:43:04.521 13005 13016 W System : A resource failed to call close.
03-01 04:43:04.521 13005 13016 W System : A resource failed to call close.
03-01 04:43:04.521 13005 13016 W System : A resource failed to call close.
03-01 04:43:04.521 13005 13016 W System : A resource failed to call close.
03-01 04:43:04.521 13005 13016 W System : A resource failed to call close.
03-01 04:43:04.521 13005 13016 W System : A resource failed to call close.
03-01 04:43:04.521 13005 13016 W System : A resource failed to call close.
03-01 04:43:04.521 13005 13016 W System : A resource failed to call close.
03-01 04:43:04.521 13005 13016 W System : A resource failed to call close.
03-01 04:43:04.521 13005 13016 W System : A resource failed to call close.
03-01 04:43:04.521 13005 13016 W System : A resource failed to call close.
03-01 04:43:04.521 13005 13016 W System : A resource failed to call close.
03-01 04:43:04.521 13005 13016 W System : A resource failed to call close.
03-01 04:43:04.521 13005 13016 W System : A resource failed to call close.
03-01 04:43:04.521 13005 13016 W System : A resource failed to call close.
03-01 04:43:04.521 13005 13016 W System : A resource failed to call close.
03-01 04:43:04.521 13005 13016 W System : A resource failed to call close.
03-01 04:43:04.521 13005 13016 W System : A resource failed to call close.
03-01 04:43:04.521 13005 13016 W System : A resource failed to call close.
03-01 04:43:04.521 13005 13016 W System : A resource failed to call close.
03-01 04:43:04.521 13005 13016 W System : A resource failed to call close.
03-01 04:43:04.521 13005 13016 W System : A resource failed to call close.
03-01 04:43:04.521 13005 13016 W System : A resource failed to call close.
03-01 04:43:04.522 13005 13016 W System : A resource failed to call close.
03-01 04:43:04.522 13005 13016 W System : A resource failed to call close.
03-01 04:43:04.522 13005 13016 W System : A resource failed to call close.
03-01 04:43:04.522 13005 13016 W System : A resource failed to call close.
03-01 04:43:04.522 13005 13016 W System : A resource failed to call close.
03-01 04:43:04.522 13005 13016 W System : A resource failed to call close.
03-01 04:43:04.522 13005 13016 W System : A resource failed to call close.
03-01 04:43:04.522 13005 13016 W System : A resource failed to call close.
03-01 04:43:04.522 13005 13016 W System : A resource failed to call close.
03-01 04:43:04.522 13005 13016 W System : A resource failed to call close.
03-01 04:43:04.522 13005 13016 W System : A resource failed to call close.
03-01 04:43:04.522 13005 13016 W System : A resource failed to call close.
03-01 04:43:04.522 13005 13016 W System : A resource failed to call close.
03-01 04:43:04.522 13005 13016 W System : A resource failed to call close.
03-01 04:43:04.522 13005 13016 W System : A resource failed to call close.
03-01 04:43:04.522 13005 13016 W System : A resource failed to call close.
03-01 04:43:04.522 13005 13016 W System : A resource failed to call close.
03-01 04:43:04.522 13005 13016 W System : A resource failed to call close.
03-01 04:43:04.522 13005 13016 W System : A resource failed to call close.
03-01 04:43:04.522 13005 13016 W System : A resource failed to call close.
03-01 04:43:04.522 13005 13016 W System : A resource failed to call close.
03-01 04:43:04.522 13005 13016 W System : A resource failed to call close.
03-01 04:43:04.522 13005 13016 W System : A resource failed to call close.
03-01 04:43:04.522 13005 13016 W System : A resource failed to call close.
03-01 04:43:04.522 13005 13016 W System : A resource failed to call close.
03-01 04:43:04.522 13005 13016 W System : A resource failed to call close.
03-01 04:43:04.522 13005 13016 W System : A resource failed to call close.
03-01 04:43:04.522 13005 13016 W System : A resource failed to call close.
03-01 04:43:04.522 13005 13016 W System : A resource failed to call close.
03-01 04:43:04.522 13005 13016 W System : A resource failed to call close.
03-01 04:43:04.522 13005 13016 W System : A resource failed to call close.
03-01 04:43:04.522 13005 13016 W System : A resource failed to call close.
03-01 04:43:04.522 13005 13016 W System : A resource failed to call close.
03-01 04:43:04.522 13005 13016 W System : A resource failed to call close.
03-01 04:43:04.522 13005 13016 W System : A resource failed to call close.
03-01 04:43:04.522 13005 13016 W System : A resource failed to call close.
03-01 04:43:04.522 13005 13016 W System : A resource failed to call close.
03-01 04:43:04.522 13005 13016 W System : A resource failed to call close.
03-01 04:43:04.523 13005 13016 W System : A resource failed to call close.
03-01 04:43:04.523 13005 13016 W System : A resource failed to call close.
03-01 04:43:04.523 13005 13016 W System : A resource failed to call close.
03-01 04:43:04.523 13005 13016 W System : A resource failed to call close.
03-01 04:43:04.523 13005 13016 W System : A resource failed to call close.
03-01 04:43:04.523 13005 13016 W System : A resource failed to call close.
03-01 04:43:04.523 13005 13016 W System : A resource failed to call close.
03-01 04:43:04.523 13005 13016 W System : A resource failed to call close.
03-01 04:43:04.523 13005 13016 W System : A resource failed to call close.
03-01 04:43:04.523 13005 13016 W System : A resource failed to call close.
03-01 04:43:04.523 13005 13016 W System : A resource failed to call close.
03-01 04:43:04.523 13005 13016 W System : A resource failed to call close.
03-01 04:43:04.523 13005 13016 W System : A resource failed to call close.
03-01 04:43:04.523 13005 13016 W System : A resource failed to call close.
03-01 04:43:04.523 13005 13016 W System : A resource failed to call close.
03-01 04:43:04.523 13005 13016 W System : A resource failed to call close.
03-01 04:43:04.523 13005 13016 W System : A resource failed to call close.
03-01 04:43:04.523 13005 13016 W System : A resource failed to call close.
03-01 04:43:04.523 13005 13016 W System : A resource failed to call close.
03-01 04:43:04.523 13005 13016 W System : A resource failed to call close.
03-01 04:43:04.523 13005 13016 W System : A resource failed to call close.
03-01 04:43:04.523 13005 13016 W System : A resource failed to call close.
03-01 04:43:04.523 13005 13016 W System : A resource failed to call close.
03-01 04:43:04.523 13005 13016 W System : A resource failed to call close.
03-01 04:43:04.523 13005 13016 W System : A resource failed to call close.
03-01 04:43:04.523 13005 13016 W System : A resource failed to call close.
03-01 04:43:04.523 13005 13016 W System : A resource failed to call close.
03-01 04:43:04.523 13005 13016 W System : A resource failed to call close.
03-01 04:43:04.523 13005 13016 W System : A resource failed to call close.
03-01 04:43:04.523 13005 13016 W System : A resource failed to call close.
03-01 04:43:04.523 13005 13016 W System : A resource failed to call close.
03-01 04:43:04.523 13005 13016 W System : A resource failed to call close.
03-01 04:43:04.523 13005 13016 W System : A resource failed to call close.
03-01 04:43:04.523 13005 13016 W System : A resource failed to call close.
03-01 04:43:04.523 13005 13016 W System : A resource failed to call close.
03-01 04:43:04.523 13005 13016 W System : A resource failed to call close.
03-01 04:43:04.523 13005 13016 W System : A resource failed to call close.
03-01 04:43:04.523 13005 13016 W System : A resource failed to call close.
03-01 04:43:04.523 13005 13016 W System : A resource failed to call close.
03-01 04:43:04.523 13005 13016 W System : A resource failed to call close.
03-01 04:43:04.523 13005 13016 W System : A resource failed to call close.
03-01 04:43:04.523 13005 13016 W System : A resource failed to call close.
03-01 04:43:04.523 13005 13016 W System : A resource failed to call close.
03-01 04:43:04.523 13005 13016 W System : A resource failed to call close.
03-01 04:43:04.523 13005 13016 W System : A resource failed to call close.
03-01 04:43:04.524 13005 13016 W System : A resource failed to call close.
03-01 04:43:04.524 13005 13016 W System : A resource failed to call close.
03-01 04:43:04.524 13005 13016 W System : A resource failed to call close.
03-01 04:43:04.524 13005 13016 W System : A resource failed to call close.
03-01 04:43:04.524 13005 13016 W System : A resource failed to call close.
03-01 04:43:04.524 13005 13016 W System : A resource failed to call close.
03-01 04:43:04.524 13005 13016 W System : A resource failed to call close.
03-01 04:43:04.524 13005 13016 W System : A resource failed to call close.
03-01 04:43:04.524 13005 13016 W System : A resource failed to call close.
03-01 04:43:04.524 13005 13016 W System : A resource failed to call close.
03-01 04:43:04.524 13005 13016 W System : A resource failed to call close.
03-01 04:43:04.524 13005 13016 W System : A resource failed to call close.
03-01 04:43:04.524 13005 13016 W System : A resource failed to call close.
03-01 04:43:04.524 13005 13016 W System : A resource failed to call close.
03-01 04:43:04.524 13005 13016 W System : A resource failed to call close.
03-01 04:43:04.524 13005 13016 W System : A resource failed to call close.
03-01 04:43:04.524 13005 13016 W System : A resource failed to call close.
03-01 04:43:04.524 13005 13016 W System : A resource failed to call close.
03-01 04:43:04.524 13005 13016 W System : A resource failed to call close.
03-01 04:43:04.524 13005 13016 W System : A resource failed to call close.
03-01 04:43:04.524 13005 13016 W System : A resource failed to call close.
03-01 04:43:04.524 13005 13016 W System : A resource failed to call close.
03-01 04:43:04.524 13005 13016 W System : A resource failed to call close.
03-01 04:43:04.524 13005 13016 W System : A resource failed to call close.
03-01 04:43:04.524 13005 13016 W System : A resource failed to call close.
03-01 04:43:04.524 13005 13016 W System : A resource failed to call close.
03-01 04:43:04.524 13005 13016 W System : A resource failed to call close.
03-01 04:43:04.524 13005 13016 W System : A resource failed to call close.
03-01 04:43:04.524 13005 13016 W System : A resource failed to call close.
03-01 04:43:04.524 13005 13016 W System : A resource failed to call close.
03-01 04:43:04.525 13005 13016 W System : A resource failed to call close.
03-01 04:43:04.525 13005 13016 W System : A resource failed to call close.
03-01 04:43:04.525 13005 13016 W System : A resource failed to call close.
03-01 04:43:04.525 13005 13016 W System : A resource failed to call close.
03-01 04:43:04.525 13005 13016 W System : A resource failed to call close.
03-01 04:43:04.525 13005 13016 W System : A resource failed to call close.
03-01 04:43:04.525 13005 13016 W System : A resource failed to call close.
03-01 04:43:04.525 13005 13016 W System : A resource failed to call close.
03-01 04:43:04.525 13005 13016 W System : A resource failed to call close.
03-01 04:43:04.525 13005 13016 W System : A resource failed to call close.
03-01 04:43:04.525 13005 13016 W System : A resource failed to call close.
03-01 04:43:04.525 13005 13016 W System : A resource failed to call close.
03-01 04:43:04.525 13005 13016 W System : A resource failed to call close.
03-01 04:43:04.525 13005 13016 W System : A resource failed to call close.
03-01 04:43:04.525 13005 13016 W System : A resource failed to call close.
03-01 04:43:04.525 13005 13016 W System : A resource failed to call close.
03-01 04:43:04.525 13005 13016 W System : A resource failed to call close.
03-01 04:43:04.525 13005 13016 W System : A resource failed to call close.
03-01 04:43:04.525 13005 13016 W System : A resource failed to call close.
03-01 04:43:04.525 13005 13016 W System : A resource failed to call close.
03-01 04:43:04.525 13005 13016 W System : A resource failed to call close.
03-01 04:43:04.525 13005 13016 W System : A resource failed to call close.
03-01 04:43:04.525 13005 13016 W System : A resource failed to call close.
03-01 04:43:04.525 13005 13016 W System : A resource failed to call close.
03-01 04:43:04.525 13005 13016 W System : A resource failed to call close.
03-01 04:43:04.525 13005 13016 W System : A resource failed to call close.
03-01 04:43:04.525 13005 13016 W System : A resource failed to call close.
03-01 04:43:04.525 13005 13016 W System : A resource failed to call close.
03-01 04:43:04.525 13005 13016 W System : A resource failed to call close.
03-01 04:43:04.525 13005 13016 W System : A resource failed to call close.
03-01 04:43:04.525 13005 13016 W System : A resource failed to call close.
03-01 04:43:04.525 13005 13016 W System : A resource failed to call close.
03-01 04:43:04.525 13005 13016 W System : A resource failed to call close.
03-01 04:43:04.525 13005 13016 W System : A resource failed to call close.
03-01 04:43:04.525 13005 13016 W System : A resource failed to call close.
03-01 04:43:04.525 13005 13016 W System : A resource failed to call close.
03-01 04:43:04.525 13005 13016 W System : A resource failed to call close.
03-01 04:43:04.525 13005 13016 W System : A resource failed to call close.
03-01 04:43:04.525 13005 13016 W System : A resource failed to call close.
03-01 04:43:04.525 13005 13016 W System : A resource failed to call close.
03-01 04:43:04.525 13005 13016 W System : A resource failed to call close.
03-01 04:43:04.525 13005 13016 W System : A resource failed to call close.
03-01 04:43:04.525 13005 13016 W System : A resource failed to call close.
03-01 04:43:04.525 13005 13016 W System : A resource failed to call close.
03-01 04:43:04.526 13005 13016 W System : A resource failed to call close.
03-01 04:43:04.526 13005 13016 W System : A resource failed to call close.
03-01 04:43:04.526 13005 13016 W System : A resource failed to call close.
03-01 04:43:04.526 13005 13016 W System : A resource failed to call close.
03-01 04:43:04.526 13005 13016 W System : A resource failed to call close.
03-01 04:43:04.526 13005 13016 W System : A resource failed to call close.
03-01 04:43:04.526 13005 13016 W System : A resource failed to call close.
03-01 04:43:04.526 13005 13016 W System : A resource failed to call close.
03-01 04:43:04.526 13005 13016 W System : A resource failed to call close.
03-01 04:43:04.526 13005 13016 W System : A resource failed to call close.
03-01 04:43:04.526 13005 13016 W System : A resource failed to call close.
03-01 04:43:04.526 13005 13016 W System : A resource failed to call close.
03-01 04:43:04.526 13005 13016 W System : A resource failed to call close.
03-01 04:43:04.526 13005 13016 W System : A resource failed to call close.
03-01 04:43:04.526 13005 13016 W System : A resource failed to call close.
03-01 04:43:04.526 13005 13016 W System : A resource failed to call close.
03-01 04:43:04.526 13005 13016 W System : A resource failed to call close.
03-01 04:43:04.526 13005 13016 W System : A resource failed to call close.
03-01 04:43:04.526 13005 13016 W System : A resource failed to call close.
03-01 04:43:04.526 13005 13016 W System : A resource failed to call close.
03-01 04:43:04.526 13005 13016 W System : A resource failed to call close.
03-01 04:43:04.526 13005 13016 W System : A resource failed to call close.
03-01 04:43:04.526 13005 13016 W System : A resource failed to call close.
03-01 04:43:04.526 13005 13016 W System : A resource failed to call close.
03-01 04:43:04.526 13005 13016 W System : A resource failed to call close.
03-01 04:43:04.526 13005 13016 W System : A resource failed to call close.
03-01 04:43:04.526 13005 13016 W System : A resource failed to call close.
03-01 04:43:04.526 13005 13016 W System : A resource failed to call close.
03-01 04:43:04.526 13005 13016 W System : A resource failed to call close.
03-01 04:43:04.526 13005 13016 W System : A resource failed to call close.
03-01 04:43:04.526 13005 13016 W System : A resource failed to call close.
03-01 04:43:04.526 13005 13016 W System : A resource failed to call close.
03-01 04:43:04.526 13005 13016 W System : A resource failed to call close.
03-01 04:43:04.526 13005 13016 W System : A resource failed to call close.
03-01 04:43:04.526 13005 13016 W System : A resource failed to call close.
03-01 04:43:04.526 13005 13016 W System : A resource failed to call close.
03-01 04:43:04.526 13005 13016 W System : A resource failed to call close.
03-01 04:43:04.526 13005 13016 W System : A resource failed to call close.
03-01 04:43:04.526 13005 13016 W System : A resource failed to call close.
03-01 04:43:04.526 13005 13016 W System : A resource failed to call close.
03-01 04:43:04.526 13005 13016 W System : A resource failed to call close.
03-01 04:43:04.526 13005 13016 W System : A resource failed to call close.
03-01 04:43:04.526 13005 13016 W System : A resource failed to call close.
03-01 04:43:04.527 13005 13016 W System : A resource failed to call close.
03-01 04:43:04.527 13005 13016 W System : A resource failed to call close.
03-01 04:43:04.527 13005 13016 W System : A resource failed to call close.
03-01 04:43:04.527 13005 13016 W System : A resource failed to call close.
03-01 04:43:04.527 13005 13016 W System : A resource failed to call close.
03-01 04:43:04.527 13005 13016 W System : A resource failed to call close.
03-01 04:43:04.527 13005 13016 W System : A resource failed to call close.
03-01 04:43:04.527 13005 13016 W System : A resource failed to call close.
03-01 04:43:04.527 13005 13016 W System : A resource failed to call close.
03-01 04:43:04.527 13005 13016 W System : A resource failed to call close.
03-01 04:43:04.527 13005 13016 W System : A resource failed to call close.
03-01 04:43:04.527 13005 13016 W System : A resource failed to call close.
03-01 04:43:04.527 13005 13016 W System : A resource failed to call close.
03-01 04:43:04.527 13005 13016 W System : A resource failed to call close.
03-01 04:43:04.527 13005 13016 W System : A resource failed to call close.
03-01 04:43:04.527 13005 13016 W System : A resource failed to call close.
03-01 04:43:04.527 13005 13016 W System : A resource failed to call close.
03-01 04:43:04.527 13005 13016 W System : A resource failed to call close.
03-01 04:43:04.527 13005 13016 W System : A resource failed to call close.
03-01 04:43:04.527 13005 13016 W System : A resource failed to call close.
03-01 04:43:04.527 13005 13016 W System : A resource failed to call close.
03-01 04:43:04.527 13005 13016 W System : A resource failed to call close.
03-01 04:43:04.527 13005 13016 W System : A resource failed to call close.
03-01 04:43:04.527 13005 13016 W System : A resource failed to call close.
03-01 04:43:04.527 13005 13016 W System : A resource failed to call close.
03-01 04:43:04.527 13005 13016 W System : A resource failed to call close.
03-01 04:43:04.527 13005 13016 W System : A resource failed to call close.
03-01 04:43:04.527 13005 13016 W System : A resource failed to call close.
03-01 04:43:04.527 13005 13016 W System : A resource failed to call close.
03-01 04:43:04.527 13005 13016 W System : A resource failed to call close.
03-01 04:43:04.527 13005 13016 W System : A resource failed to call close.
03-01 04:43:04.527 13005 13016 W System : A resource failed to call close.
03-01 04:43:04.527 13005 13016 W System : A resource failed to call close.
03-01 04:43:04.527 13005 13016 W System : A resource failed to call close.
03-01 04:43:04.527 13005 13016 W System : A resource failed to call close.
03-01 04:43:04.527 13005 13016 W System : A resource failed to call close.
03-01 04:43:04.527 13005 13016 W System : A resource failed to call close.
03-01 04:43:04.527 13005 13016 W System : A resource failed to call close.
03-01 04:43:04.527 13005 13016 W System : A resource failed to call close.
03-01 04:43:04.527 13005 13016 W System : A resource failed to call close.
03-01 04:43:04.527 13005 13016 W System : A resource failed to call close.
03-01 04:43:04.527 13005 13016 W System : A resource failed to call close.
03-01 04:43:04.527 13005 13016 W System : A resource failed to call close.
03-01 04:43:04.527 13005 13016 W System : A resource failed to call close.
03-01 04:43:04.527 13005 13016 W System : A resource failed to call close.
03-01 04:43:04.527 13005 13016 W System : A resource failed to call close.
03-01 04:43:04.528 13005 13016 W System : A resource failed to call close.
03-01 04:43:04.528 13005 13016 W System : A resource failed to call close.
03-01 04:43:04.528 13005 13016 W System : A resource failed to call close.
03-01 04:43:04.528 13005 13016 W System : A resource failed to call close.
03-01 04:43:04.528 13005 13016 W System : A resource failed to call close.
03-01 04:43:04.528 13005 13016 W System : A resource failed to call close.
03-01 04:43:04.528 13005 13016 W System : A resource failed to call close.
03-01 04:43:04.528 13005 13016 W System : A resource failed to call close.
03-01 04:52:11.466 13005 13014 W com.mbwhatsapp: Suspending all threads took:
5.790ms
03-01 07:10:48.711 13005 13016 W System : A resource failed to call close.
03-01 07:10:48.736 13005 13016 W System : A resource failed to call close.
03-01 07:10:48.736 13005 13016 W System : A resource failed to call close.
03-01 07:10:48.736 13005 13016 W System : A resource failed to call close.
03-01 07:10:48.736 13005 13016 W System : A resource failed to call close.
03-01 07:10:48.736 13005 13016 W System : A resource failed to call close.
03-01 07:10:48.736 13005 13016 W System : A resource failed to call close.
03-01 07:10:48.736 13005 13016 W System : A resource failed to call close.
03-01 07:10:48.736 13005 13016 W System : A resource failed to call close.
03-01 07:10:48.736 13005 13016 W System : A resource failed to call close.
03-01 07:10:48.736 13005 13016 W System : A resource failed to call close.
03-01 07:10:48.736 13005 13016 W System : A resource failed to call close.
03-01 07:10:48.736 13005 13016 W System : A resource failed to call close.
03-01 07:10:48.736 13005 13016 W System : A resource failed to call close.
03-01 07:10:48.736 13005 13016 W System : A resource failed to call close.
03-01 07:10:48.736 13005 13016 W System : A resource failed to call close.
03-01 07:10:48.736 13005 13016 W System : A resource failed to call close.
03-01 07:10:48.736 13005 13016 W System : A resource failed to call close.
03-01 07:10:48.736 13005 13016 W System : A resource failed to call close.
03-01 07:10:48.736 13005 13016 W System : A resource failed to call close.
03-01 07:10:48.736 13005 13016 W System : A resource failed to call close.
03-01 07:10:48.736 13005 13016 W System : A resource failed to call close.
03-01 07:10:48.736 13005 13016 W System : A resource failed to call close.
03-01 07:10:48.736 13005 13016 W System : A resource failed to call close.
03-01 07:10:48.736 13005 13016 W System : A resource failed to call close.
03-01 07:10:48.737 13005 13016 W System : A resource failed to call close.
03-01 07:10:48.737 13005 13016 W System : A resource failed to call close.
03-01 07:10:48.737 13005 13016 W System : A resource failed to call close.
03-01 07:10:48.737 13005 13016 W System : A resource failed to call close.
03-01 07:10:48.737 13005 13016 W System : A resource failed to call close.
03-01 07:10:48.737 13005 13016 W System : A resource failed to call close.
03-01 07:10:48.737 13005 13016 W System : A resource failed to call close.
03-01 07:10:48.737 13005 13016 W System : A resource failed to call close.
03-01 07:10:48.737 13005 13016 W System : A resource failed to call close.
03-01 07:10:48.737 13005 13016 W System : A resource failed to call close.
03-01 07:10:48.737 13005 13016 W System : A resource failed to call close.
03-01 07:10:48.737 13005 13016 W System : A resource failed to call close.
03-01 07:10:48.737 13005 13016 W System : A resource failed to call close.
03-01 07:10:48.737 13005 13016 W System : A resource failed to call close.
03-01 07:10:48.737 13005 13016 W System : A resource failed to call close.
03-01 07:10:48.737 13005 13016 W System : A resource failed to call close.
03-01 07:10:48.737 13005 13016 W System : A resource failed to call close.
03-01 07:10:48.737 13005 13016 W System : A resource failed to call close.
03-01 07:10:48.737 13005 13016 W System : A resource failed to call close.
03-01 07:10:48.737 13005 13016 W System : A resource failed to call close.
03-01 07:10:48.737 13005 13016 W System : A resource failed to call close.
03-01 07:10:48.737 13005 13016 W System : A resource failed to call close.
03-01 07:10:48.737 13005 13016 W System : A resource failed to call close.
03-01 07:10:48.737 13005 13016 W System : A resource failed to call close.
03-01 07:10:48.737 13005 13016 W System : A resource failed to call close.
03-01 07:10:48.737 13005 13016 W System : A resource failed to call close.
03-01 07:10:48.737 13005 13016 W System : A resource failed to call close.
03-01 07:10:48.737 13005 13016 W System : A resource failed to call close.
03-01 07:10:48.737 13005 13016 W System : A resource failed to call close.
03-01 07:10:48.737 13005 13016 W System : A resource failed to call close.
03-01 07:10:48.737 13005 13016 W System : A resource failed to call close.
03-01 07:10:48.737 13005 13016 W System : A resource failed to call close.
03-01 07:10:48.737 13005 13016 W System : A resource failed to call close.
03-01 07:10:48.737 13005 13016 W System : A resource failed to call close.
03-01 07:10:48.737 13005 13016 W System : A resource failed to call close.
03-01 07:10:48.737 13005 13016 W System : A resource failed to call close.
03-01 07:10:48.737 13005 13016 W System : A resource failed to call close.
03-01 07:10:48.737 13005 13016 W System : A resource failed to call close.
03-01 07:10:48.737 13005 13016 W System : A resource failed to call close.
03-01 07:10:48.737 13005 13016 W System : A resource failed to call close.
03-01 07:10:48.737 13005 13016 W System : A resource failed to call close.
03-01 07:10:48.737 13005 13016 W System : A resource failed to call close.
03-01 07:10:48.737 13005 13016 W System : A resource failed to call close.
03-01 07:10:48.738 13005 13016 W System : A resource failed to call close.
03-01 07:10:48.738 13005 13016 W System : A resource failed to call close.
03-01 07:10:48.738 13005 13016 W System : A resource failed to call close.
03-01 07:45:26.905 13005 13014 W com.mbwhatsapp: Reducing the number of considered
missed Gc histogram windows from 208 to 100
03-01 08:07:22.121 13005 13014 W com.mbwhatsapp: Reducing the number of considered
missed Gc histogram windows from 114 to 100
03-01 08:39:30.084 13005 13014 W com.mbwhatsapp: Reducing the number of considered
missed Gc histogram windows from 138 to 100
03-01 09:08:39.949 13005 13014 W com.mbwhatsapp: Reducing the number of considered
missed Gc histogram windows from 175 to 100
03-01 11:35:40.728 13005 13014 W com.mbwhatsapp: Reducing the number of considered
missed Gc histogram windows from 413 to 100
03-01 14:20:08.325 13005 13014 W com.mbwhatsapp: Reducing the number of considered
missed Gc histogram windows from 282 to 100
03-01 15:08:27.143 13005 13014 W com.mbwhatsapp: Reducing the number of considered
missed Gc histogram windows from 211 to 100
03-01 15:54:21.195 13005 13014 W com.mbwhatsapp: Reducing the number of considered
missed Gc histogram windows from 235 to 100
03-01 18:15:22.918 13005 13014 W com.mbwhatsapp: Reducing the number of considered
missed Gc histogram windows from 322 to 100
03-01 18:48:10.438 13005 13014 W com.mbwhatsapp: Reducing the number of considered
missed Gc histogram windows from 197 to 100
03-01 19:21:18.938 13005 13014 W com.mbwhatsapp: Reducing the number of considered
missed Gc histogram windows from 103 to 100
03-01 19:49:05.812 13005 13014 W com.mbwhatsapp: Reducing the number of considered
missed Gc histogram windows from 166 to 100
03-01 20:11:27.187 13005 13014 W com.mbwhatsapp: Reducing the number of considered
missed Gc histogram windows from 135 to 100
03-01 22:28:36.853 13005 13014 W com.mbwhatsapp: Reducing the number of considered
missed Gc histogram windows from 143 to 100
03-01 23:01:28.562 13005 13005 E ArmVmp : Match on catch block at 0x0a in for
0x7bec937035
03-01 23:01:29.367 13005 13005 E ArmVmp : Match on catch block at 0x0a in for
0x7bec937031
03-01 23:01:29.408 13005 13005 E ArmVmp : Match on catch block at 0x0a in for
0x7bec93704d
03-01 23:01:29.444 13005 13005 W Activity: Can request only one set of permissions
at a time
03-01 23:01:29.604 13005 24972 W com.mbwhatsapp: Accessing hidden method
Lcom/android/org/conscrypt/ConscryptEngineSocket;->setUseSessionTickets(Z)V (max-
target-q,core-platform-api, reflection, denied)
03-01 23:01:29.604 13005 24972 W com.mbwhatsapp: Accessing hidden method
Lcom/android/org/conscrypt/OpenSSLSocketImpl;->setUseSessionTickets(Z)V (max-
target-q,core-platform-api, reflection, denied)
03-01 23:01:29.604 13005 24972 W com.mbwhatsapp: Accessing hidden method
Lcom/android/org/conscrypt/AbstractConscryptSocket;->setUseSessionTickets(Z)V (max-
target-q, reflection, denied)
03-01 23:01:29.605 13005 24972 W com.mbwhatsapp: Accessing hidden method
Lcom/android/org/conscrypt/ConscryptEngineSocket;->setHostname(Ljava/lang/String;)V
(max-target-q,core-platform-api, reflection, denied)
03-01 23:01:29.605 13005 24972 W com.mbwhatsapp: Accessing hidden method
Lcom/android/org/conscrypt/OpenSSLSocketImpl;->setHostname(Ljava/lang/String;)V
(max-target-q,core-platform-api, reflection, denied)
03-01 23:01:29.605 13005 24972 W com.mbwhatsapp: Accessing hidden method
Lcom/android/org/conscrypt/AbstractConscryptSocket;->setHostname(Ljava/lang/
String;)V (max-target-q, reflection, denied)
03-01 23:01:29.605 13005 24972 W com.mbwhatsapp: Accessing hidden method
Lcom/android/org/conscrypt/OpenSSLSocketImpl;->setAlpnProtocols([B)V (max-target-
q,core-platform-api, reflection, denied)
03-01 23:01:29.605 13005 24972 W com.mbwhatsapp: Accessing hidden method
Lcom/android/org/conscrypt/AbstractConscryptSocket;->setAlpnProtocols([B)V (max-
target-q, reflection, denied)
03-01 23:01:29.806 13005 24972 W com.mbwhatsapp: Accessing hidden method
Lcom/android/org/conscrypt/OpenSSLSocketImpl;->getAlpnSelectedProtocol()[B (max-
target-q,core-platform-api, reflection, denied)
03-01 23:01:29.806 13005 24972 W com.mbwhatsapp: Accessing hidden method
Lcom/android/org/conscrypt/AbstractConscryptSocket;->getAlpnSelectedProtocol()[B
(max-target-q, reflection, denied)
03-01 23:01:30.447 13005 13005 E ArmVmp : Match on catch block at 0x0a in for
0x7bec937035
03-01 23:01:31.501 13005 13014 W com.mbwhatsapp: Reducing the number of considered
missed Gc histogram windows from 140 to 100
03-01 23:01:33.554 13005 13005 W BottomSheetBehavior: BottomSheetBehavior now
supports multiple callbacks. `setBottomSheetCallback()` removes all existing
callbacks, including ones set internally by library authors, which may result in
unintended behavior. This may change in the future. Please use
`addBottomSheetCallback()` and `removeBottomSheetCallback()` instead to set your
own callbacks.
03-01 23:01:33.554 13005 13005 W BottomSheetBehavior: BottomSheetBehavior now
supports multiple callbacks. `setBottomSheetCallback()` removes all existing
callbacks, including ones set internally by library authors, which may result in
unintended behavior. This may change in the future. Please use
`addBottomSheetCallback()` and `removeBottomSheetCallback()` instead to set your
own callbacks.
03-01 23:01:33.675 13005 13005 W BottomSheetBehavior: BottomSheetBehavior now
supports multiple callbacks. `setBottomSheetCallback()` removes all existing
callbacks, including ones set internally by library authors, which may result in
unintended behavior. This may change in the future. Please use
`addBottomSheetCallback()` and `removeBottomSheetCallback()` instead to set your
own callbacks.
03-01 23:01:33.675 13005 13005 W BottomSheetBehavior: BottomSheetBehavior now
supports multiple callbacks. `setBottomSheetCallback()` removes all existing
callbacks, including ones set internally by library authors, which may result in
unintended behavior. This may change in the future. Please use
`addBottomSheetCallback()` and `removeBottomSheetCallback()` instead to set your
own callbacks.
03-01 23:01:33.716 13005 13005 E RecyclerView: No adapter attached; skipping layout
03-01 23:01:34.196 13005 25009 W ACodec : [OMX.Exynos.avc.dec] setting
HDRStaticInfo failed even though codec advertises support
03-01 23:01:34.198 13005 25009 W ACodec : [OMX.Exynos.avc.dec] getting
HDRStaticInfo failed even though codec advertises support
03-01 23:01:34.249 13005 25009 W ACodec : [OMX.Exynos.avc.dec] getting
HDRStaticInfo failed even though codec advertises support
03-01 23:01:34.252 13005 25009 W AHierarchicalStateMachine: Warning message
AMessage(what = 'omxI') = {
03-01 23:01:34.252 13005 25009 W AHierarchicalStateMachine: int32_t type = 0
03-01 23:01:34.252 13005 25009 W AHierarchicalStateMachine: int32_t event = 3
03-01 23:01:34.252 13005 25009 W AHierarchicalStateMachine: int32_t data1 = 1
03-01 23:01:34.252 13005 25009 W AHierarchicalStateMachine: int32_t data2 =
117440527
03-01 23:01:34.252 13005 25009 W AHierarchicalStateMachine: } unhandled in root
state.
03-01 23:01:34.252 13005 25016 E Codec2Client:
createComponent(c2.android.aac.decoder) -- transaction failed.
03-01 23:01:34.252 13005 25016 W Codec2Client: "create:c2.android.aac.decoder"
failed for service "android.componentStore.platform" due to transaction failure.
(Service may have crashed.) Retrying...
03-01 23:01:34.271 13005 25009 W ACodec : [OMX.Exynos.avc.dec] getting
HDRStaticInfo failed even though codec advertises support
03-01 23:01:34.278 13005 25016 W Codec2Client: query -- param skipped: index =
1107298332.
03-01 23:01:34.278 13005 25016 W CCodec : This behavior is subject to change. It
is recommended that app developers double check whether the requested max input
size is in reasonable range.
03-01 23:01:34.284 13005 25016 W Codec2Client: query -- param skipped: index =
1342179345.
03-01 23:01:34.285 13005 25016 W Codec2Client: query -- param skipped: index =
2415921170.
03-01 23:01:34.285 13005 25016 W Codec2Client: query -- param skipped: index =
1610614798.
03-01 23:01:34.316 13005 25008 W MediaCodec: mapFormat: no mediaType information
03-01 23:01:34.478 13005 25003 W AudioTrack: getTimestamp_l(15102): retrograde
timestamp time corrected, 427484233963430 < 427484366203430
03-01 23:01:36.259 13005 25016 W Codec2Client: query -- param skipped: index =
1342179345.
03-01 23:01:36.259 13005 25016 W Codec2Client: query -- param skipped: index =
2415921170.
03-01 23:01:36.259 13005 25016 W Codec2Client: query -- param skipped: index =
1610614798.
03-01 23:01:36.265 13005 13005 E RecyclerView: No adapter attached; skipping layout
03-01 23:01:36.266 13005 25008 E Surface : freeAllBuffers: 8 buffers were freed
while being dequeued!
03-01 23:01:36.283 13005 13059 E SQLiteDatabase: Error inserting transferred=0
media_job_uuid=1cde2d20-1349-4b14-9ac0-265b1e03cd1d transcoded=0 gif_attribution=0
first_scan_length=0 direct_path=/v/t62.7161-
24/32772539_928434875265186_6404131325992795693_n.enc?ccb=11-
4&oh=01_AdS2mJeXq27U4ahn66OerMUGTOHeZD06zVrpr1-xwWz6gg&oe=6608D03F&_nc_sid=5e03e0
thumbnail_height_width_ratio=1.7777778 is_animated_sticker=0
file_hash=M220UbfW1L+tWyv895JqjluZT8X+9JWumto0HgyB9h0= file_path=null file_size=0
partial_media_hash=null face_x=0 face_y=0 height=640 trim_to=0
media_key_timestamp=1709269027000 message_url=https://mmg.whatsapp.net/v/t62.7161-
24/32772539_928434875265186_6404131325992795693_n.enc?ccb=11-
4&oh=01_AdS2mJeXq27U4ahn66OerMUGTOHeZD06zVrpr1-
xwWz6gg&oe=6608D03F&_nc_sid=5e03e0&mms3=true media_caption=null trim_from=0
mime_type=video/mp4 partial_media_enc_hash=null width=360 original_file_hash=null
has_streaming_sidecar=1 autotransfer_retry_enabled=0 media_upload_handle=null
message_row_id=105 multicast_id=null
enc_file_hash=5JjbwMBB7W3r7mygZG4E0X9jAnjln2wtC8HpIOntfKs= mute_video=0
page_count=0 first_scan_sidecar=null suspicious_content=0 file_length=2188808
media_name=null media_duration=17 chat_row_id=49 media_key=[B@1e8bc93
03-01 23:01:36.283 13005 13059 E SQLiteDatabase:
android.database.sqlite.SQLiteConstraintException: UNIQUE constraint failed:
message_media.message_row_id (code 1555 SQLITE_CONSTRAINT_PRIMARYKEY[1555])
03-01 23:01:36.283 13005 13059 E SQLiteDatabase: at
android.database.sqlite.SQLiteConnection.nativeExecuteForLastInsertedRowId(Native
Method)
03-01 23:01:36.283 13005 13059 E SQLiteDatabase: at
android.database.sqlite.SQLiteConnection.executeForLastInsertedRowId(SQLiteConnecti
on.java:1232)
03-01 23:01:36.283 13005 13059 E SQLiteDatabase: at
android.database.sqlite.SQLiteSession.executeForLastInsertedRowId(SQLiteSession.jav
a:790)
03-01 23:01:36.283 13005 13059 E SQLiteDatabase: at
android.database.sqlite.SQLiteStatement.executeInsert(SQLiteStatement.java:89)
03-01 23:01:36.283 13005 13059 E SQLiteDatabase: at
android.database.sqlite.SQLiteDatabase.insertWithOnConflict(SQLiteDatabase.java:224
4)
03-01 23:01:36.283 13005 13059 E SQLiteDatabase: at
android.database.sqlite.SQLiteDatabase.insert(SQLiteDatabase.java:2113)
03-01 23:01:36.283 13005 13059 E SQLiteDatabase: at X.2tm.A08(Unknown
Source:6)
03-01 23:01:36.283 13005 13059 E SQLiteDatabase: at X.35Y.A07(Unknown
Source:212)
03-01 23:01:36.283 13005 13059 E SQLiteDatabase: at X.3QF.A14(Unknown
Source:470)
03-01 23:01:36.283 13005 13059 E SQLiteDatabase: at X.3gU.run(Unknown
Source:982)
03-01 23:01:36.283 13005 13059 E SQLiteDatabase: at
android.os.Handler.handleCallback(Handler.java:938)
03-01 23:01:36.283 13005 13059 E SQLiteDatabase: at
android.os.Handler.dispatchMessage(Handler.java:99)
03-01 23:01:36.283 13005 13059 E SQLiteDatabase: at
X.0zq.dispatchMessage(Unknown Source:4)
03-01 23:01:36.283 13005 13059 E SQLiteDatabase: at
android.os.Looper.loopOnce(Looper.java:226)
03-01 23:01:36.283 13005 13059 E SQLiteDatabase: at
