04-04 11:10:06.932 22698 22698 W OnBackInvokedCallback: Set
'android:enableOnBackInvokedCallback="true"' in the application manifest.
04-04 11:10:06.944 22698 22784 E gralloc4: Empty SMPTE 2094-40 data
04-04 11:10:06.947 22698 22784 E gralloc4: Empty SMPTE 2094-40 data
04-04 11:10:06.951 22698 22784 E gralloc4: Empty SMPTE 2094-40 data
04-04 11:10:06.956 22698 22784 E gralloc4: Empty SMPTE 2094-40 data
04-04 11:10:06.961 22698 22784 E gralloc4: Empty SMPTE 2094-40 data
04-04 11:10:06.966 22698 22784 E gralloc4: Empty SMPTE 2094-40 data
04-04 11:10:06.979 22698 22784 E gralloc4: Empty SMPTE 2094-40 data
04-04 11:10:06.981 22698 22784 E gralloc4: Empty SMPTE 2094-40 data
04-04 11:10:06.993 22698 22784 E gralloc4: Empty SMPTE 2094-40 data
04-04 11:10:06.995 22698 22784 E gralloc4: Empty SMPTE 2094-40 data
04-04 11:10:07.011 22698 22784 E gralloc4: Empty SMPTE 2094-40 data
04-04 11:10:07.014 22698 22784 E gralloc4: Empty SMPTE 2094-40 data
04-04 11:10:07.029 22698 22784 E gralloc4: Empty SMPTE 2094-40 data
04-04 11:10:07.034 22698 22784 E gralloc4: Empty SMPTE 2094-40 data
04-04 11:10:07.047 22698 22784 E gralloc4: Empty SMPTE 2094-40 data
04-04 11:10:07.048 22698 22784 E gralloc4: Empty SMPTE 2094-40 data
04-04 11:10:07.062 22698 22784 E gralloc4: Empty SMPTE 2094-40 data
04-04 11:10:07.064 22698 22784 E gralloc4: Empty SMPTE 2094-40 data
04-04 11:10:07.078 22698 22784 E gralloc4: Empty SMPTE 2094-40 data
04-04 11:10:07.096 22698 22784 E gralloc4: Empty SMPTE 2094-40 data
04-04 11:10:08.509 22698 22784 E gralloc4: Empty SMPTE 2094-40 data
04-04 11:10:08.577 22698 22784 E gralloc4: Empty SMPTE 2094-40 data
04-04 11:10:08.580 22698 22784 E gralloc4: Empty SMPTE 2094-40 data
04-04 11:10:08.582 22698 22784 E gralloc4: Empty SMPTE 2094-40 data
04-04 11:10:08.596 22698 22784 E gralloc4: Empty SMPTE 2094-40 data
04-04 11:10:08.613 22698 22784 E gralloc4: Empty SMPTE 2094-40 data
04-04 11:10:08.626 22698 22784 E gralloc4: Empty SMPTE 2094-40 data
04-04 11:10:08.643 22698 22784 E gralloc4: Empty SMPTE 2094-40 data
04-04 11:10:08.659 22698 22784 E gralloc4: Empty SMPTE 2094-40 data
04-04 11:10:08.676 22698 22784 E gralloc4: Empty SMPTE 2094-40 data
04-04 11:10:08.692 22698 22784 E gralloc4: Empty SMPTE 2094-40 data
04-04 11:10:08.709 22698 22784 E gralloc4: Empty SMPTE 2094-40 data
04-04 11:10:08.725 22698 22784 E gralloc4: Empty SMPTE 2094-40 data
04-04 11:10:08.743 22698 22784 E gralloc4: Empty SMPTE 2094-40 data
04-04 11:10:08.759 22698 22784 E gralloc4: Empty SMPTE 2094-40 data
04-04 11:10:08.824 22698 22698 W OnBackInvokedCallback: OnBackInvokedCallback is
not enabled for the application.
04-04 11:10:08.824 22698 22698 W OnBackInvokedCallback: Set
'android:enableOnBackInvokedCallback="true"' in the application manifest.
04-04 11:10:08.841 22698 22784 E gralloc4: Empty SMPTE 2094-40 data
04-04 11:10:08.858 22698 22784 E gralloc4: Empty SMPTE 2094-40 data
04-04 11:10:08.875 22698 22784 E gralloc4: Empty SMPTE 2094-40 data
04-04 11:10:08.893 22698 22784 E gralloc4: Empty SMPTE 2094-40 data
04-04 11:10:08.907 22698 22784 E gralloc4: Empty SMPTE 2094-40 data
04-04 11:10:08.925 22698 22784 E gralloc4: Empty SMPTE 2094-40 data
04-04 11:10:08.941 22698 22784 E gralloc4: Empty SMPTE 2094-40 data
04-04 11:10:09.228 22698 23233 W BpBinder: Slow Binder: BpBinder transact took 408
ms,
interface=com.google.android.gms.auth.api.phone.internal.ISmsRetrieverApiService,
code=1 oneway=false
04-04 11:10:09.229 22698 23233 E FileUtils: err open mi_exception_log errno=2
04-04 11:10:09.229 22698 23233 E FileUtils: err write to mi_exception_log
04-04 11:10:09.378 22698 22698 E FileUtils: err write to mi_exception_log
04-04 11:10:09.393 22698 22784 E gralloc4: Empty SMPTE 2094-40 data
04-04 11:10:09.394 22698 22784 W Parcel : Expecting binder but got null!
04-04 11:10:09.450 22698 22784 E gralloc4: Empty SMPTE 2094-40 data
04-04 11:10:09.451 22698 22784 W Parcel : Expecting binder but got null!
04-04 11:10:09.452 22698 22698 E FileUtils: err write to mi_exception_log
04-04 11:10:09.456 22698 22784 E gralloc4: Empty SMPTE 2094-40 data
04-04 11:10:09.467 22698 22784 E gralloc4: Empty SMPTE 2094-40 data
04-04 11:10:09.472 22698 22784 E gralloc4: Empty SMPTE 2094-40 data
04-04 11:10:09.476 22698 22784 E gralloc4: Empty SMPTE 2094-40 data
04-04 11:10:09.486 22698 22784 E gralloc4: Empty SMPTE 2094-40 data
04-04 11:10:09.489 22698 22784 E gralloc4: Empty SMPTE 2094-40 data
04-04 11:10:09.493 22698 22784 E gralloc4: Empty SMPTE 2094-40 data
04-04 11:10:09.504 22698 22784 E gralloc4: Empty SMPTE 2094-40 data
04-04 11:10:09.506 22698 22784 E gralloc4: Empty SMPTE 2094-40 data
04-04 11:10:09.520 22698 22784 E gralloc4: Empty SMPTE 2094-40 data
04-04 11:10:09.523 22698 22784 E gralloc4: Empty SMPTE 2094-40 data
04-04 11:10:09.537 22698 22784 E gralloc4: Empty SMPTE 2094-40 data
04-04 11:10:09.541 22698 22784 E gralloc4: Empty SMPTE 2094-40 data
04-04 11:10:09.553 22698 22784 E gralloc4: Empty SMPTE 2094-40 data
04-04 11:10:09.557 22698 22784 E gralloc4: Empty SMPTE 2094-40 data
04-04 11:10:09.569 22698 22784 E gralloc4: Empty SMPTE 2094-40 data
04-04 11:10:09.573 22698 22784 E gralloc4: Empty SMPTE 2094-40 data
04-04 11:10:09.585 22698 22784 E gralloc4: Empty SMPTE 2094-40 data
04-04 11:10:09.928 22698 22784 E gralloc4: Empty SMPTE 2094-40 data
04-04 11:10:10.432 22698 22784 E gralloc4: Empty SMPTE 2094-40 data
04-04 11:10:10.932 22698 22784 E gralloc4: Empty SMPTE 2094-40 data
04-04 11:10:10.982 22698 22784 E gralloc4: Empty SMPTE 2094-40 data
04-04 11:10:10.998 22698 22784 E gralloc4: Empty SMPTE 2094-40 data
04-04 11:10:11.014 22698 22784 E gralloc4: Empty SMPTE 2094-40 data
04-04 11:10:11.031 22698 22784 E gralloc4: Empty SMPTE 2094-40 data
04-04 11:10:11.048 22698 22784 E gralloc4: Empty SMPTE 2094-40 data
04-04 11:10:11.064 22698 22784 E gralloc4: Empty SMPTE 2094-40 data
04-04 11:10:11.081 22698 22784 E gralloc4: Empty SMPTE 2094-40 data
04-04 11:10:11.097 22698 22784 E gralloc4: Empty SMPTE 2094-40 data
04-04 11:10:11.114 22698 22784 E gralloc4: Empty SMPTE 2094-40 data
04-04 11:10:11.130 22698 22784 E gralloc4: Empty SMPTE 2094-40 data
04-04 11:10:11.146 22698 22784 E gralloc4: Empty SMPTE 2094-40 data
04-04 11:10:11.164 22698 22784 E gralloc4: Empty SMPTE 2094-40 data
04-04 11:10:11.181 22698 22784 E gralloc4: Empty SMPTE 2094-40 data
04-04 11:10:11.197 22698 22784 E gralloc4: Empty SMPTE 2094-40 data
04-04 11:10:11.214 22698 22784 E gralloc4: Empty SMPTE 2094-40 data
04-04 11:10:11.230 22698 22784 E gralloc4: Empty SMPTE 2094-40 data
04-04 11:10:11.246 22698 22784 E gralloc4: Empty SMPTE 2094-40 data
04-04 11:10:11.446 22698 22784 E gralloc4: Empty SMPTE 2094-40 data
04-04 11:10:11.944 22698 22784 E gralloc4: Empty SMPTE 2094-40 data
04-04 11:10:12.443 22698 22784 E gralloc4: Empty SMPTE 2094-40 data
04-04 11:10:12.594 22698 22784 E gralloc4: Empty SMPTE 2094-40 data
04-04 11:10:12.607 22698 22784 E gralloc4: Empty SMPTE 2094-40 data
04-04 11:10:12.608 22698 22698 W RemoteInputConnectionImpl: requestCursorAnchorInfo
on inactive InputConnection
04-04 11:10:12.624 22698 22698 E ImeBackDispatcher: Ime callback not found.
Ignoring unregisterReceivedCallback. callbackId: 47759980
04-04 11:10:12.625 22698 22784 E gralloc4: Empty SMPTE 2094-40 data
04-04 11:10:12.640 22698 22784 E gralloc4: Empty SMPTE 2094-40 data
04-04 11:10:12.654 22698 22698 W OnBackInvokedCallback: OnBackInvokedCallback is
not enabled for the application.
04-04 11:10:12.654 22698 22698 W OnBackInvokedCallback: Set
'android:enableOnBackInvokedCallback="true"' in the application manifest.
04-04 11:10:12.657 22698 22784 E gralloc4: Empty SMPTE 2094-40 data
04-04 11:10:12.674 22698 22784 E gralloc4: Empty SMPTE 2094-40 data
04-04 11:10:12.689 22698 22784 E gralloc4: Empty SMPTE 2094-40 data
04-04 11:10:12.706 22698 22784 E gralloc4: Empty SMPTE 2094-40 data
04-04 11:10:12.756 22698 22784 E gralloc4: Empty SMPTE 2094-40 data
04-04 11:10:13.107 22698 22784 E gralloc4: Empty SMPTE 2094-40 data
04-04 11:10:13.188 22698 22784 E gralloc4: Empty SMPTE 2094-40 data
04-04 11:10:13.304 22698 22784 E gralloc4: Empty SMPTE 2094-40 data
04-04 11:10:13.590 22698 22784 E gralloc4: Empty SMPTE 2094-40 data
04-04 11:10:13.603 22698 22784 E gralloc4: Empty SMPTE 2094-40 data
04-04 11:10:14.103 22698 22784 E gralloc4: Empty SMPTE 2094-40 data
04-04 11:10:14.598 22698 22784 E gralloc4: Empty SMPTE 2094-40 data
04-04 11:10:14.604 22698 22784 E gralloc4: Empty SMPTE 2094-40 data
04-04 11:10:15.106 22698 22784 E gralloc4: Empty SMPTE 2094-40 data
04-04 11:10:15.282 22698 22784 E gralloc4: Empty SMPTE 2094-40 data
04-04 11:10:15.375 22698 22784 E gralloc4: Empty SMPTE 2094-40 data
04-04 11:10:15.489 22698 22698 E FileUtils: err write to mi_exception_log
04-04 11:10:15.508 22698 22698 W X.0Z6 : Invalid or missing region code (México)
provided.
04-04 11:10:15.525 22698 22698 E FileUtils: err write to mi_exception_log
04-04 11:10:15.593 22698 22784 E gralloc4: Empty SMPTE 2094-40 data
04-04 11:10:15.594 22698 22784 W Parcel : Expecting binder but got null!
04-04 11:10:15.609 22698 22784 E gralloc4: Empty SMPTE 2094-40 data
04-04 11:10:15.612 22698 22784 E gralloc4: Empty SMPTE 2094-40 data
04-04 11:10:15.616 22698 22784 E gralloc4: Empty SMPTE 2094-40 data
04-04 11:10:15.623 22698 22784 E gralloc4: Empty SMPTE 2094-40 data
04-04 11:10:15.632 22698 22784 E gralloc4: Empty SMPTE 2094-40 data
04-04 11:10:15.637 22698 22784 E gralloc4: Empty SMPTE 2094-40 data
04-04 11:10:15.647 22698 22784 E gralloc4: Empty SMPTE 2094-40 data
04-04 11:10:15.650 22698 22784 E gralloc4: Empty SMPTE 2094-40 data
04-04 11:10:15.663 22698 22784 E gralloc4: Empty SMPTE 2094-40 data
04-04 11:10:15.668 22698 22784 E gralloc4: Empty SMPTE 2094-40 data
04-04 11:10:15.682 22698 22784 E gralloc4: Empty SMPTE 2094-40 data
04-04 11:10:15.685 22698 22784 E gralloc4: Empty SMPTE 2094-40 data
04-04 11:10:15.699 22698 22784 E gralloc4: Empty SMPTE 2094-40 data
04-04 11:10:15.704 22698 22784 E gralloc4: Empty SMPTE 2094-40 data
04-04 11:10:15.962 22698 22784 E gralloc4: Empty SMPTE 2094-40 data
04-04 11:10:15.981 22698 22784 E gralloc4: Empty SMPTE 2094-40 data
04-04 11:10:15.996 22698 22784 E gralloc4: Empty SMPTE 2094-40 data
04-04 11:10:16.013 22698 22784 E gralloc4: Empty SMPTE 2094-40 data
04-04 11:10:16.030 22698 22784 E gralloc4: Empty SMPTE 2094-40 data
04-04 11:10:16.050 22698 22784 E gralloc4: Empty SMPTE 2094-40 data
04-04 11:10:16.063 22698 22784 E gralloc4: Empty SMPTE 2094-40 data
04-04 11:10:16.079 22698 22784 E gralloc4: Empty SMPTE 2094-40 data
04-04 11:10:16.100 22698 22784 E gralloc4: Empty SMPTE 2094-40 data
04-04 11:10:16.112 22698 22784 E gralloc4: Empty SMPTE 2094-40 data
04-04 11:10:16.135 22698 22784 E gralloc4: Empty SMPTE 2094-40 data
04-04 11:10:16.145 22698 22784 E gralloc4: Empty SMPTE 2094-40 data
04-04 11:10:16.162 22698 22784 E gralloc4: Empty SMPTE 2094-40 data
04-04 11:10:16.181 22698 22784 E gralloc4: Empty SMPTE 2094-40 data
04-04 11:10:16.195 22698 22784 E gralloc4: Empty SMPTE 2094-40 data
04-04 11:10:16.212 22698 22784 E gralloc4: Empty SMPTE 2094-40 data
04-04 11:10:16.229 22698 22784 E gralloc4: Empty SMPTE 2094-40 data
04-04 11:10:16.577 22698 22784 E gralloc4: Empty SMPTE 2094-40 data
04-04 11:10:17.078 22698 22784 E gralloc4: Empty SMPTE 2094-40 data
04-04 11:10:17.576 22698 22784 E gralloc4: Empty SMPTE 2094-40 data
04-04 11:10:18.073 22698 22784 E gralloc4: Empty SMPTE 2094-40 data
04-04 11:10:18.573 22698 22784 E gralloc4: Empty SMPTE 20

You might also like