Download as txt, pdf, or txt
Download as txt, pdf, or txt
You are on page 1of 17

--------- beginning of main

04-04 11:09:25.441 22604 22604 E com.mbwhatsapp: Not starting debugger since


process cannot load the jdwp agent.
04-04 11:09:25.665 22604 22604 W System.err: java.lang.ClassNotFoundException:
mbmodsd.mbmodsw.ui.views.btn.BtnBK
04-04 11:09:25.665 22604 22604 W System.err: at
java.lang.Runtime.nativeLoad(Native Method)
04-04 11:09:25.665 22604 22604 W System.err: at
java.lang.Runtime.nativeLoad(Runtime.java:1126)
04-04 11:09:25.665 22604 22604 W System.err: at
java.lang.Runtime.loadLibrary0(Runtime.java:1080)
04-04 11:09:25.665 22604 22604 W System.err: at
java.lang.Runtime.loadLibrary0(Runtime.java:1003)
04-04 11:09:25.665 22604 22604 W System.err: at
java.lang.System.loadLibrary(System.java:1661)
04-04 11:09:25.665 22604 22604 W System.err: at arm.EpicVm.<clinit>(Unknown
Source:2)
04-04 11:09:25.665 22604 22604 W System.err: at
java.lang.Class.newInstance(Native Method)
04-04 11:09:25.666 22604 22604 W System.err: at
android.app.AppComponentFactory.instantiateApplication(AppComponentFactory.java:76)
04-04 11:09:25.666 22604 22604 W System.err: at
androidx.core.app.CoreComponentFactory.instantiateApplication(Unknown Source:0)
04-04 11:09:25.666 22604 22604 W System.err: at
android.app.Instrumentation.newApplication(Instrumentation.java:1249)
04-04 11:09:25.666 22604 22604 W System.err: at
android.app.LoadedApk.makeApplicationInner(LoadedApk.java:1493)
04-04 11:09:25.666 22604 22604 W System.err: at
android.app.LoadedApk.makeApplicationInner(LoadedApk.java:1426)
04-04 11:09:25.666 22604 22604 W System.err: at
android.app.ActivityThread.handleBindApplication(ActivityThread.java:7048)
04-04 11:09:25.666 22604 22604 W System.err: at android.app.ActivityThread.-$
$Nest$mhandleBindApplication(Unknown Source:0)
04-04 11:09:25.666 22604 22604 W System.err: at
android.app.ActivityThread$H.handleMessage(ActivityThread.java:2253)
04-04 11:09:25.666 22604 22604 W System.err: at
android.os.Handler.dispatchMessage(Handler.java:106)
04-04 11:09:25.666 22604 22604 W System.err: at
android.os.Looper.loopOnce(Looper.java:211)
04-04 11:09:25.666 22604 22604 W System.err: at
android.os.Looper.loop(Looper.java:300)
04-04 11:09:25.666 22604 22604 W System.err: at
android.app.ActivityThread.main(ActivityThread.java:8232)
04-04 11:09:25.666 22604 22604 W System.err: at
java.lang.reflect.Method.invoke(Native Method)
04-04 11:09:25.666 22604 22604 W System.err: at
com.android.internal.os.RuntimeInit$MethodAndArgsCaller.run(RuntimeInit.java:580)
04-04 11:09:25.666 22604 22604 W System.err: at
com.android.internal.os.ZygoteInit.main(ZygoteInit.java:1028)
04-04 11:09:25.711 22604 22604 E CustomActivityOnCrash: IMPORTANT WARNING! You
already have an UncaughtExceptionHandler, are you sure this is correct? If you use
a custom UncaughtExceptionHandler, you must initialize it AFTER
CustomActivityOnCrash! Installing anyway, but your original handler will not be
called.
04-04 11:09:26.152 22698 22698 E com.mbwhatsapp: Not starting debugger since
process cannot load the jdwp agent.
04-04 11:09:26.230 22698 22698 W System.err: java.lang.ClassNotFoundException:
mbmodsd.mbmodsw.ui.views.btn.BtnBK
04-04 11:09:26.230 22698 22698 W System.err: at
java.lang.Runtime.nativeLoad(Native Method)
04-04 11:09:26.230 22698 22698 W System.err: at
java.lang.Runtime.nativeLoad(Runtime.java:1126)
04-04 11:09:26.230 22698 22698 W System.err: at
java.lang.Runtime.loadLibrary0(Runtime.java:1080)
04-04 11:09:26.230 22698 22698 W System.err: at
java.lang.Runtime.loadLibrary0(Runtime.java:1003)
04-04 11:09:26.230 22698 22698 W System.err: at
java.lang.System.loadLibrary(System.java:1661)
04-04 11:09:26.230 22698 22698 W System.err: at arm.EpicVm.<clinit>(Unknown
Source:2)
04-04 11:09:26.230 22698 22698 W System.err: at
java.lang.Class.newInstance(Native Method)
04-04 11:09:26.230 22698 22698 W System.err: at
android.app.AppComponentFactory.instantiateApplication(AppComponentFactory.java:76)
04-04 11:09:26.230 22698 22698 W System.err: at
androidx.core.app.CoreComponentFactory.instantiateApplication(Unknown Source:0)
04-04 11:09:26.230 22698 22698 W System.err: at
android.app.Instrumentation.newApplication(Instrumentation.java:1249)
04-04 11:09:26.230 22698 22698 W System.err: at
android.app.LoadedApk.makeApplicationInner(LoadedApk.java:1493)
04-04 11:09:26.230 22698 22698 W System.err: at
android.app.LoadedApk.makeApplicationInner(LoadedApk.java:1426)
04-04 11:09:26.230 22698 22698 W System.err: at
android.app.ActivityThread.handleBindApplication(ActivityThread.java:7048)
04-04 11:09:26.230 22698 22698 W System.err: at android.app.ActivityThread.-$
$Nest$mhandleBindApplication(Unknown Source:0)
04-04 11:09:26.230 22698 22698 W System.err: at
android.app.ActivityThread$H.handleMessage(ActivityThread.java:2253)
04-04 11:09:26.230 22698 22698 W System.err: at
android.os.Handler.dispatchMessage(Handler.java:106)
04-04 11:09:26.230 22698 22698 W System.err: at
android.os.Looper.loopOnce(Looper.java:211)
04-04 11:09:26.230 22698 22698 W System.err: at
android.os.Looper.loop(Looper.java:300)
04-04 11:09:26.230 22698 22698 W System.err: at
android.app.ActivityThread.main(ActivityThread.java:8232)
04-04 11:09:26.230 22698 22698 W System.err: at
java.lang.reflect.Method.invoke(Native Method)
04-04 11:09:26.230 22698 22698 W System.err: at
com.android.internal.os.RuntimeInit$MethodAndArgsCaller.run(RuntimeInit.java:580)
04-04 11:09:26.230 22698 22698 W System.err: at
com.android.internal.os.ZygoteInit.main(ZygoteInit.java:1028)
04-04 11:09:26.259 22698 22698 E CustomActivityOnCrash: IMPORTANT WARNING! You
already have an UncaughtExceptionHandler, are you sure this is correct? If you use
a custom UncaughtExceptionHandler, you must initialize it AFTER
CustomActivityOnCrash! Installing anyway, but your original handler will not be
called.
04-04 11:09:26.414 22698 22698 W com.mbwhatsapp: Accessing hidden method
Lcom/android/org/conscrypt/OpenSSLSocketImpl;->setUseSessionTickets(Z)V (max-
target-q,core-platform-api, reflection, denied)
04-04 11:09:26.414 22698 22698 W com.mbwhatsapp: Accessing hidden method
Lcom/android/org/conscrypt/AbstractConscryptSocket;->setUseSessionTickets(Z)V (max-
target-q, reflection, denied)
04-04 11:09:26.647 22698 22740 W LibraryVersion: Failed to get app version for
libraryName: firebase-iid
04-04 11:09:26.992 22698 22698 W com.mbwhatsapp: type=1400 audit(0.0:276113): avc:
granted { execute } for
path="/data/data/com.mbwhatsapp/files/decompressed/libs.spk.zst/libc++_shared.so"
dev="dm-41" ino=238503 scontext=u:r:untrusted_app:s0:c105,c257,c512,c768
tcontext=u:object_r:app_data_file:s0:c105,c257,c512,c768 tclass=file
app=com.mbwhatsapp
04-04 11:09:26.992 22698 22698 W com.mbwhatsapp: type=1400 audit(0.0:276114): avc:
granted { execute } for
path="/data/data/com.mbwhatsapp/files/decompressed/libs.spk.zst/libvlc.so" dev="dm-
41" ino=668138 scontext=u:r:untrusted_app:s0:c105,c257,c512,c768
tcontext=u:object_r:app_data_file:s0:c105,c257,c512,c768 tclass=file
app=com.mbwhatsapp
04-04 11:09:26.996 22698 22698 W com.mbwhatsapp: type=1400 audit(0.0:276115): avc:
granted { execute } for
path="/data/data/com.mbwhatsapp/files/decompressed/libs.spk.zst/libwhatsapp.so"
dev="dm-41" ino=220769 scontext=u:r:untrusted_app:s0:c105,c257,c512,c768
tcontext=u:object_r:app_data_file:s0:c105,c257,c512,c768 tclass=file
app=com.mbwhatsapp
04-04 11:09:27.052 22698 22772 W com.mbwhatsapp: Method void
X.2rL.A03(java.lang.Integer) failed lock verification and will run slower.
04-04 11:09:27.052 22698 22772 W com.mbwhatsapp: Common causes for lock
verification issues are non-optimized dex code
04-04 11:09:27.052 22698 22772 W com.mbwhatsapp: and incorrect proguard
optimizations.
04-04 11:09:27.055 22698 22698 E FileUtils: err open mi_exception_log errno=2
04-04 11:09:27.055 22698 22698 E FileUtils: err write to mi_exception_log
04-04 11:09:27.064 22698 22698 W com.mbwhatsapp: Method void X.0eU.A0h(X.0tK,
boolean) failed lock verification and will run slower.
04-04 11:09:27.187 22698 22698 E FileUtils: err write to mi_exception_log
04-04 11:09:27.187 22698 22698 E FileUtils: err write to mi_exception_log
04-04 11:09:27.187 22698 22698 E FileUtils: err write to mi_exception_log
04-04 11:09:27.217 22698 22785 E QT : [QT]file does not exist
04-04 11:09:27.280 22698 22698 E com.mbwhatsapp: Invalid ID 0x00000000.
04-04 11:09:27.283 22698 22698 W System.err:
android.content.res.Resources$NotFoundException: String resource ID #0x0
04-04 11:09:27.285 22698 22698 W System.err: at
android.content.res.Resources.getText(Resources.java:473)
04-04 11:09:27.285 22698 22698 W System.err: at
android.content.res.MiuiResources.getText(MiuiResources.java:106)
04-04 11:09:27.285 22698 22698 W System.err: at
android.content.res.Resources.getString(Resources.java:566)
04-04 11:09:27.285 22698 22698 W System.err: at X.35t.A0E(Unknown Source:46)
04-04 11:09:27.285 22698 22698 W System.err: at
com.mbwhatsapp.yo.yo.getString(Native Method)
04-04 11:09:27.285 22698 22698 W System.err: at
com.mbwhatsapp.yo.yo.getString(Native Method)
04-04 11:09:27.285 22698 22698 W System.err: at
com.mbwhatsapp.youbasha.task.utils.requestAllFilesAccess14(Native Method)
04-04 11:09:27.285 22698 22698 W System.err: at
com.mbwhatsapp.yo.dep.showStoragePermissionRequest(Native Method)
04-04 11:09:27.285 22698 22698 W System.err: at
com.mbwhatsapp.registration.EULA.onCreate(Unknown Source:248)
04-04 11:09:27.285 22698 22698 W System.err: at
android.app.Activity.performCreate(Activity.java:8523)
04-04 11:09:27.285 22698 22698 W System.err: at
android.app.Activity.performCreate(Activity.java:8487)
04-04 11:09:27.285 22698 22698 W System.err: at
android.app.Instrumentation.callActivityOnCreate(Instrumentation.java:1437)
04-04 11:09:27.285 22698 22698 W System.err: at
android.app.ActivityThread.performLaunchActivity(ActivityThread.java:3853)
04-04 11:09:27.286 22698 22698 W System.err: at
android.app.ActivityThread.handleLaunchActivity(ActivityThread.java:4018)
04-04 11:09:27.286 22698 22698 W System.err: at
android.app.servertransaction.LaunchActivityItem.execute(LaunchActivityItem.java:10
1)
04-04 11:09:27.286 22698 22698 W System.err: at
android.app.servertransaction.TransactionExecutor.executeCallbacks(TransactionExecu
tor.java:135)
04-04 11:09:27.286 22698 22698 W System.err: at
android.app.servertransaction.TransactionExecutor.execute(TransactionExecutor.java:
95)
04-04 11:09:27.286 22698 22698 W System.err: at
android.app.ActivityThread$H.handleMessage(ActivityThread.java:2427)
04-04 11:09:27.286 22698 22698 W System.err: at
android.os.Handler.dispatchMessage(Handler.java:106)
04-04 11:09:27.286 22698 22698 W System.err: at
android.os.Looper.loopOnce(Looper.java:211)
04-04 11:09:27.286 22698 22698 W System.err: at
android.os.Looper.loop(Looper.java:300)
04-04 11:09:27.286 22698 22698 W System.err: at
android.app.ActivityThread.main(ActivityThread.java:8232)
04-04 11:09:27.286 22698 22698 W System.err: at
java.lang.reflect.Method.invoke(Native Method)
04-04 11:09:27.286 22698 22698 W System.err: at
com.android.internal.os.RuntimeInit$MethodAndArgsCaller.run(RuntimeInit.java:580)
04-04 11:09:27.286 22698 22698 W System.err: at
com.android.internal.os.ZygoteInit.main(ZygoteInit.java:1028)
04-04 11:09:27.342 22698 22698 W Activity: Can request only one set of permissions
at a time
04-04 11:09:27.395 22698 22788 E RenderScript: Failed loading RS driver: dlopen
failed: library "libRSDriver_mtk.so" not found
04-04 11:09:27.395 22698 22788 E RenderScript: Failed to load runtime
libRSDriver_mtk.so, loading default
04-04 11:09:27.438 22698 22698 E ArmVmp : Match on catch block at 0x0a in for
0x74b2f7f04d
--------- beginning of system
04-04 11:09:27.460 22698 22698 W Activity: PerfMonitor: Slow Operation: Activity
com.mbwhatsapp/.registration.EULA onStart took 159ms
04-04 11:09:27.481 22698 22698 E FileUtils: err write to mi_exception_log
04-04 11:09:27.549 22698 22698 E FBI : Can't load library: dlopen failed:
library "libmagtsync.so" not found
04-04 11:09:27.566 22698 22784 W libc : Access denied finding property
"vendor.migl.debug"
04-04 11:09:27.566 22698 22784 E libMiGL : libmigl:This GPU version is note support
Variable Shading Rate
04-04 11:09:27.581 22698 22823 E ion : ioctl c0044901 failed with code -1:
Invalid argument
04-04 11:09:27.627 22698 22784 E gralloc4: Empty SMPTE 2094-40 data
04-04 11:09:27.630 22698 22784 W Parcel : Expecting binder but got null!
04-04 11:09:28.086 22698 22784 E gralloc4: Empty SMPTE 2094-40 data
04-04 11:09:28.087 22698 22784 W Parcel : Expecting binder but got null!
04-04 11:09:28.088 22698 22698 E FileUtils: err write to mi_exception_log
04-04 11:09:28.115 22698 22784 E gralloc4: Empty SMPTE 2094-40 data
04-04 11:09:28.128 22698 22698 E FileUtils: err write to mi_exception_log
04-04 11:09:28.132 22698 22784 E gralloc4: Empty SMPTE 2094-40 data
04-04 11:09:28.172 22698 22784 E gralloc4: Empty SMPTE 2094-40 data
04-04 11:09:28.182 22698 22784 E gralloc4: Empty SMPTE 2094-40 data
04-04 11:09:28.205 22698 22784 E gralloc4: Empty SMPTE 2094-40 data
04-04 11:09:28.215 22698 22784 E gralloc4: Empty SMPTE 2094-40 data
04-04 11:09:28.231 22698 22784 E gralloc4: Empty SMPTE 2094-40 data
04-04 11:09:28.454 22698 22698 E com.mbwhatsapp: Invalid ID 0x00000000.
04-04 11:09:28.455 22698 22698 E com.mbwhatsapp: Invalid ID 0x00000000.
04-04 11:09:28.456 22698 22698 E com.mbwhatsapp: Invalid ID 0x00000000.
04-04 11:09:28.456 22698 22698 E com.mbwhatsapp: Invalid ID 0x00000000.
04-04 11:09:28.457 22698 22698 E com.mbwhatsapp: Invalid ID 0x00000000.
04-04 11:09:28.457 22698 22698 E com.mbwhatsapp: Invalid ID 0x00000000.
04-04 11:09:28.462 22698 22698 E com.mbwhatsapp: Invalid ID 0x00000000.
04-04 11:09:28.462 22698 22698 E com.mbwhatsapp: Invalid ID 0x00000000.
04-04 11:09:28.697 22698 22707 W com.mbwhatsapp: Cleared Reference was only
reachable from finalizer (only reported once)
04-04 11:09:31.015 22698 22784 E gralloc4: Empty SMPTE 2094-40 data
04-04 11:09:31.018 22698 22698 E FileUtils: err write to mi_exception_log
04-04 11:09:31.037 22698 22698 W Activity: Can request only one set of permissions
at a time
04-04 11:09:31.037 22698 22698 W Activity: Can request only one set of permissions
at a time
04-04 11:09:31.072 22698 22784 E gralloc4: Empty SMPTE 2094-40 data
04-04 11:09:31.112 22698 22784 E gralloc4: Empty SMPTE 2094-40 data
04-04 11:09:31.116 22698 22698 E FileUtils: err write to mi_exception_log
04-04 11:09:31.131 22698 22773 E FileUtils: err open mi_exception_log errno=2
04-04 11:09:31.131 22698 22773 E FileUtils: err write to mi_exception_log
04-04 11:09:31.151 22698 22784 E gralloc4: Empty SMPTE 2094-40 data
04-04 11:09:31.194 22698 22784 E gralloc4: Empty SMPTE 2094-40 data
04-04 11:09:31.209 22698 22784 E gralloc4: Empty SMPTE 2094-40 data
04-04 11:09:31.232 22698 22784 E gralloc4: Empty SMPTE 2094-40 data
04-04 11:09:31.241 22698 22784 E gralloc4: Empty SMPTE 2094-40 data
04-04 11:09:31.262 22698 22784 E gralloc4: Empty SMPTE 2094-40 data
04-04 11:09:31.269 22698 22784 E gralloc4: Empty SMPTE 2094-40 data
04-04 11:09:31.290 22698 22784 E gralloc4: Empty SMPTE 2094-40 data
04-04 11:09:32.621 22698 22698 W MirrorManager: this model don't Support
04-04 11:09:32.644 22698 22698 E RippleDrawable: The RippleDrawable.STYLE_PATTERNED
animation is not supported for a non-hardware accelerated Canvas. Skipping
animation.
04-04 11:09:32.648 22698 22784 E gralloc4: Empty SMPTE 2094-40 data
04-04 11:09:32.657 22698 22698 E RippleDrawable: The RippleDrawable.STYLE_PATTERNED
animation is not supported for a non-hardware accelerated Canvas. Skipping
animation.
04-04 11:09:32.660 22698 22784 E gralloc4: Empty SMPTE 2094-40 data
04-04 11:09:32.674 22698 22698 E RippleDrawable: The RippleDrawable.STYLE_PATTERNED
animation is not supported for a non-hardware accelerated Canvas. Skipping
animation.
04-04 11:09:32.677 22698 22784 E gralloc4: Empty SMPTE 2094-40 data
04-04 11:09:32.691 22698 22698 E RippleDrawable: The RippleDrawable.STYLE_PATTERNED
animation is not supported for a non-hardware accelerated Canvas. Skipping
animation.
04-04 11:09:32.694 22698 22784 E gralloc4: Empty SMPTE 2094-40 data
04-04 11:09:32.756 22698 22784 E gralloc4: Empty SMPTE 2094-40 data
04-04 11:09:32.775 22698 22784 E gralloc4: Empty SMPTE 2094-40 data
04-04 11:09:32.789 22698 22784 E gralloc4: Empty SMPTE 2094-40 data
04-04 11:09:32.806 22698 22784 E gralloc4: Empty SMPTE 2094-40 data
04-04 11:09:32.823 22698 22784 E gralloc4: Empty SMPTE 2094-40 data
04-04 11:09:32.842 22698 22784 E gralloc4: Empty SMPTE 2094-40 data
04-04 11:09:32.857 22698 22784 E gralloc4: Empty SMPTE 2094-40 data
04-04 11:09:33.435 22698 22784 E gralloc4: Empty SMPTE 2094-40 data
04-04 11:09:33.438 22698 22784 E gralloc4: Empty SMPTE 2094-40 data
04-04 11:09:33.441 22698 22784 E gralloc4: Empty SMPTE 2094-40 data
04-04 11:09:33.456 22698 22784 E gralloc4: Empty SMPTE 2094-40 data
04-04 11:09:33.472 22698 22784 E gralloc4: Empty SMPTE 2094-40 data
04-04 11:09:33.489 22698 22784 E gralloc4: Empty SMPTE 2094-40 data
04-04 11:09:33.521 22698 22784 E gralloc4: Empty SMPTE 2094-40 data
04-04 11:09:33.538 22698 22784 E gralloc4: Empty SMPTE 2094-40 data
04-04 11:09:33.555 22698 22784 E gralloc4: Empty SMPTE 2094-40 data
04-04 11:09:33.555 22698 23231 E ShortcutInfoCompatSaver: Failed to load saved
values from file
/data/user/0/com.mbwhatsapp/files/ShortcutInfoCompatSaver_share_targets/
targets.xml. Old state removed, new added
04-04 11:09:33.555 22698 23231 E ShortcutInfoCompatSaver:
java.io.FileNotFoundException:
/data/user/0/com.mbwhatsapp/files/ShortcutInfoCompatSaver_share_targets/
targets.xml: open failed: ENOENT (No such file or directory)
04-04 11:09:33.555 22698 23231 E ShortcutInfoCompatSaver: at
libcore.io.IoBridge.open(IoBridge.java:574)
04-04 11:09:33.555 22698 23231 E ShortcutInfoCompatSaver: at
java.io.FileInputStream.<init>(FileInputStream.java:160)
04-04 11:09:33.555 22698 23231 E ShortcutInfoCompatSaver: at X.0nz.run(Unknown
Source:82)
04-04 11:09:33.555 22698 23231 E ShortcutInfoCompatSaver: at
java.util.concurrent.Executors$RunnableAdapter.call(Executors.java:487)
04-04 11:09:33.555 22698 23231 E ShortcutInfoCompatSaver: at
java.util.concurrent.FutureTask.run(FutureTask.java:264)
04-04 11:09:33.555 22698 23231 E ShortcutInfoCompatSaver: at
java.util.concurrent.ThreadPoolExecutor.runWorker(ThreadPoolExecutor.java:1145)
04-04 11:09:33.555 22698 23231 E ShortcutInfoCompatSaver: at
java.util.concurrent.ThreadPoolExecutor$Worker.run(ThreadPoolExecutor.java:644)
04-04 11:09:33.555 22698 23231 E ShortcutInfoCompatSaver: at
java.lang.Thread.run(Thread.java:1012)
04-04 11:09:33.555 22698 23231 E ShortcutInfoCompatSaver: Caused by:
android.system.ErrnoException: open failed: ENOENT (No such file or directory)
04-04 11:09:33.555 22698 23231 E ShortcutInfoCompatSaver: at
libcore.io.Linux.open(Native Method)
04-04 11:09:33.555 22698 23231 E ShortcutInfoCompatSaver: at
libcore.io.ForwardingOs.open(ForwardingOs.java:563)
04-04 11:09:33.555 22698 23231 E ShortcutInfoCompatSaver: at
libcore.io.BlockGuardOs.open(BlockGuardOs.java:274)
04-04 11:09:33.555 22698 23231 E ShortcutInfoCompatSaver: at
libcore.io.ForwardingOs.open(ForwardingOs.java:563)
04-04 11:09:33.555 22698 23231 E ShortcutInfoCompatSaver: at
android.app.ActivityThread$AndroidOs.open(ActivityThread.java:8108)
04-04 11:09:33.555 22698 23231 E ShortcutInfoCompatSaver: at
libcore.io.IoBridge.open(IoBridge.java:560)
04-04 11:09:33.555 22698 23231 E ShortcutInfoCompatSaver: ... 7 more
04-04 11:09:33.559 22698 22698 E FileUtils: err write to mi_exception_log
04-04 11:09:33.571 22698 22784 E gralloc4: Empty SMPTE 2094-40 data
04-04 11:09:33.580 22698 22784 E gralloc4: Empty SMPTE 2094-40 data
04-04 11:09:33.580 22698 22784 E FrameEvents: updateAcquireFence: Did not find
frame.
04-04 11:09:33.589 22698 22784 E gralloc4: Empty SMPTE 2094-40 data
04-04 11:09:33.604 22698 22784 E gralloc4: Empty SMPTE 2094-40 data
04-04 11:09:33.604 22698 22784 E FrameEvents: updateAcquireFence: Did not find
frame.
04-04 11:09:33.610 22698 22784 E gralloc4: Empty SMPTE 2094-40 data
04-04 11:09:33.613 22698 22784 E gralloc4: Empty SMPTE 2094-40 data
04-04 11:09:33.614 22698 22784 E FrameEvents: updateAcquireFence: Did not find
frame.
04-04 11:09:33.622 22698 22698 E FileUtils: err write to mi_exception_log
04-04 11:09:33.683 22698 22784 E gralloc4: Empty SMPTE 2094-40 data
04-04 11:09:33.684 22698 22698 E FileUtils: err write to mi_exception_log
04-04 11:09:33.688 22698 22784 E gralloc4: Empty SMPTE 2094-40 data
04-04 11:09:33.714 22698 22784 E gralloc4: Empty SMPTE 2094-40 data
04-04 11:09:33.719 22698 22784 E gralloc4: Empty SMPTE 2094-40 data
04-04 11:09:33.721 22698 22784 E gralloc4: Empty SMPTE 2094-40 data
04-04 11:09:33.861 22698 22784 E gralloc4: Empty SMPTE 2094-40 data
04-04 11:09:33.867 22698 22784 E gralloc4: Empty SMPTE 2094-40 data
04-04 11:09:33.883 22698 22784 E gralloc4: Empty SMPTE 2094-40 data
04-04 11:09:33.900 22698 22784 E gralloc4: Empty SMPTE 2094-40 data
04-04 11:09:33.917 22698 22784 E gralloc4: Empty SMPTE 2094-40 data
04-04 11:09:33.936 22698 22784 E gralloc4: Empty SMPTE 2094-40 data
04-04 11:09:33.955 22698 22784 E gralloc4: Empty SMPTE 2094-40 data
04-04 11:09:37.241 22698 22784 E gralloc4: Empty SMPTE 2094-40 data
04-04 11:09:37.256 22698 22784 E gralloc4: Empty SMPTE 2094-40 data
04-04 11:09:37.271 22698 22698 E BinderMonitor: err open binder_delay errno=2
04-04 11:09:37.271 22698 22698 E FileUtils: err write to mi_exception_log
04-04 11:09:37.272 22698 22784 E gralloc4: Empty SMPTE 2094-40 data
04-04 11:09:37.288 22698 22784 E gralloc4: Empty SMPTE 2094-40 data
04-04 11:09:37.300 22698 22698 E FileUtils: err write to mi_exception_log
04-04 11:09:37.303 22698 22784 E gralloc4: Empty SMPTE 2094-40 data
04-04 11:09:37.323 22698 22784 E gralloc4: Empty SMPTE 2094-40 data
04-04 11:09:37.340 22698 22784 E gralloc4: Empty SMPTE 2094-40 data
04-04 11:09:37.356 22698 22784 E gralloc4: Empty SMPTE 2094-40 data
04-04 11:09:37.373 22698 22784 E gralloc4: Empty SMPTE 2094-40 data
04-04 11:09:37.390 22698 22784 E gralloc4: Empty SMPTE 2094-40 data
04-04 11:09:37.406 22698 22784 E gralloc4: Empty SMPTE 2094-40 data
04-04 11:09:37.423 22698 22784 E gralloc4: Empty SMPTE 2094-40 data
04-04 11:09:37.439 22698 22784 E gralloc4: Empty SMPTE 2094-40 data
04-04 11:09:37.454 22698 22698 E FileUtils: err write to mi_exception_log
04-04 11:09:37.456 22698 22784 E gralloc4: Empty SMPTE 2094-40 data
04-04 11:09:37.473 22698 22784 E gralloc4: Empty SMPTE 2094-40 data
04-04 11:09:37.505 22698 22784 E gralloc4: Empty SMPTE 2094-40 data
04-04 11:09:37.509 22698 22784 W Parcel : Expecting binder but got null!
04-04 11:09:37.509 22698 22698 E FileUtils: err write to mi_exception_log
04-04 11:09:37.512 22698 22784 E gralloc4: Empty SMPTE 2094-40 data
04-04 11:09:37.579 22698 22698 E FileUtils: err write to mi_exception_log
04-04 11:09:37.611 22698 22784 E gralloc4: Empty SMPTE 2094-40 data
04-04 11:09:37.615 22698 22784 E gralloc4: Empty SMPTE 2094-40 data
04-04 11:09:37.637 22698 22784 E gralloc4: Empty SMPTE 2094-40 data
04-04 11:09:37.644 22698 22784 E gralloc4: Empty SMPTE 2094-40 data
04-04 11:09:37.655 22698 22784 E gralloc4: Empty SMPTE 2094-40 data
04-04 11:09:37.661 22698 22784 E gralloc4: Empty SMPTE 2094-40 data
04-04 11:09:37.664 22698 22784 E gralloc4: Empty SMPTE 2094-40 data
04-04 11:09:37.672 22698 22784 E gralloc4: Empty SMPTE 2094-40 data
04-04 11:09:37.676 22698 22784 E gralloc4: Empty SMPTE 2094-40 data
04-04 11:09:37.693 22698 22784 E gralloc4: Empty SMPTE 2094-40 data
04-04 11:09:37.696 22698 22784 E gralloc4: Empty SMPTE 2094-40 data
04-04 11:09:37.703 22698 22784 E gralloc4: Empty SMPTE 2094-40 data
04-04 11:09:37.707 22698 22784 E gralloc4: Empty SMPTE 2094-40 data
04-04 11:09:37.722 22698 22784 E gralloc4: Empty SMPTE 2094-40 data
04-04 11:09:37.743 22698 22784 E gralloc4: Empty SMPTE 2094-40 data
04-04 11:09:37.757 22698 22784 E gralloc4: Empty SMPTE 2094-40 data
04-04 11:09:37.776 22698 22784 E gralloc4: Empty SMPTE 2094-40 data
04-04 11:09:37.788 22698 22784 E gralloc4: Empty SMPTE 2094-40 data
04-04 11:09:37.806 22698 22784 E gralloc4: Empty SMPTE 2094-40 data
04-04 11:09:37.825 22698 22784 E gralloc4: Empty SMPTE 2094-40 data
04-04 11:09:37.839 22698 22784 E gralloc4: Empty SMPTE 2094-40 data
04-04 11:09:37.856 22698 22784 E gralloc4: Empty SMPTE 2094-40 data
04-04 11:09:37.868 22698 22784 E gralloc4: Empty SMPTE 2094-40 data
04-04 11:09:37.871 22698 22784 E gralloc4: Empty SMPTE 2094-40 data
04-04 11:09:37.885 22698 22784 E gralloc4: Empty SMPTE 2094-40 data
04-04 11:09:37.888 22698 22784 E gralloc4: Empty SMPTE 2094-40 data
04-04 11:09:37.901 22698 22784 E gralloc4: Empty SMPTE 2094-40 data
04-04 11:09:37.905 22698 22784 E gralloc4: Empty SMPTE 2094-40 data
04-04 11:09:37.918 22698 22784 E gralloc4: Empty SMPTE 2094-40 data
04-04 11:09:37.921 22698 22784 E gralloc4: Empty SMPTE 2094-40 data
04-04 11:09:37.935 22698 22784 E gralloc4: Empty SMPTE 2094-40 data
04-04 11:09:37.938 22698 22784 E gralloc4: Empty SMPTE 2094-40 data
04-04 11:09:37.952 22698 22784 E gralloc4: Empty SMPTE 2094-40 data
04-04 11:09:37.955 22698 22784 E gralloc4: Empty SMPTE 2094-40 data
04-04 11:09:37.968 22698 22784 E gralloc4: Empty SMPTE 2094-40 data
04-04 11:09:37.972 22698 22784 E gralloc4: Empty SMPTE 2094-40 data
04-04 11:09:37.986 22698 22784 E gralloc4: Empty SMPTE 2094-40 data
04-04 11:09:37.989 22698 22784 E gralloc4: Empty SMPTE 2094-40 data
04-04 11:09:38.003 22698 22784 E gralloc4: Empty SMPTE 2094-40 data
04-04 11:09:38.006 22698 22784 E gralloc4: Empty SMPTE 2094-40 data
04-04 11:09:38.023 22698 22784 E gralloc4: Empty SMPTE 2094-40 data
04-04 11:09:38.026 22698 22784 E gralloc4: Empty SMPTE 2094-40 data
04-04 11:09:38.036 22698 22784 E gralloc4: Empty SMPTE 2094-40 data
04-04 11:09:38.040 22698 22784 E gralloc4: Empty SMPTE 2094-40 data
04-04 11:09:38.053 22698 22784 E gralloc4: Empty SMPTE 2094-40 data
04-04 11:09:38.056 22698 22784 E gralloc4: Empty SMPTE 2094-40 data
04-04 11:09:38.069 22698 22784 E gralloc4: Empty SMPTE 2094-40 data
04-04 11:09:38.073 22698 22784 E gralloc4: Empty SMPTE 2094-40 data
04-04 11:09:38.087 22698 22784 E gralloc4: Empty SMPTE 2094-40 data
04-04 11:09:38.091 22698 22784 E gralloc4: Empty SMPTE 2094-40 data
04-04 11:09:38.103 22698 22784 E gralloc4: Empty SMPTE 2094-40 data
04-04 11:09:38.107 22698 22784 E gralloc4: Empty SMPTE 2094-40 data
04-04 11:09:38.124 22698 22784 E gralloc4: Empty SMPTE 2094-40 data
04-04 11:09:38.137 22698 22784 E gralloc4: Empty SMPTE 2094-40 data
04-04 11:09:38.484 22698 22784 E gralloc4: Empty SMPTE 2094-40 data
04-04 11:09:38.984 22698 22784 E gralloc4: Empty SMPTE 2094-40 data
04-04 11:09:39.410 22698 22784 E gralloc4: Empty SMPTE 2094-40 data
04-04 11:09:39.422 22698 22784 E gralloc4: Empty SMPTE 2094-40 data
04-04 11:09:39.429 22698 22784 E gralloc4: Empty SMPTE 2094-40 data
04-04 11:09:39.447 22698 22784 E gralloc4: Empty SMPTE 2094-40 data
04-04 11:09:39.464 22698 22784 E gralloc4: Empty SMPTE 2094-40 data
04-04 11:09:39.483 22698 22784 E gralloc4: Empty SMPTE 2094-40 data
04-04 11:09:39.499 22698 22784 E gralloc4: Empty SMPTE 2094-40 data
04-04 11:09:39.514 22698 22784 E gralloc4: Empty SMPTE 2094-40 data
04-04 11:09:39.535 22698 22784 E gralloc4: Empty SMPTE 2094-40 data
04-04 11:09:39.546 22698 22784 E gralloc4: Empty SMPTE 2094-40 data
04-04 11:09:39.568 22698 22784 E gralloc4: Empty SMPTE 2094-40 data
04-04 11:09:39.580 22698 22784 E gralloc4: Empty SMPTE 2094-40 data
04-04 11:09:39.587 22698 22698 W OnBackInvokedCallback: OnBackInvokedCallback is
not enabled for the application.
04-04 11:09:39.587 22698 22698 W OnBackInvokedCallback: Set
'android:enableOnBackInvokedCallback="true"' in the application manifest.
04-04 11:09:39.596 22698 22784 E gralloc4: Empty SMPTE 2094-40 data
04-04 11:09:39.612 22698 22784 E gralloc4: Empty SMPTE 2094-40 data
04-04 11:09:39.631 22698 22784 E gralloc4: Empty SMPTE 2094-40 data
04-04 11:09:39.647 22698 22784 E gralloc4: Empty SMPTE 2094-40 data
04-04 11:09:39.663 22698 22784 E gralloc4: Empty SMPTE 2094-40 data
04-04 11:09:39.679 22698 22784 E gralloc4: Empty SMPTE 2094-40 data
04-04 11:09:39.817 22698 22784 E gralloc4: Empty SMPTE 2094-40 data
04-04 11:09:39.827 22698 22784 E gralloc4: Empty SMPTE 2094-40 data
04-04 11:09:39.846 22698 22784 E gralloc4: Empty SMPTE 2094-40 data
04-04 11:09:39.861 22698 22784 E gralloc4: Empty SMPTE 2094-40 data
04-04 11:09:39.879 22698 22784 E gralloc4: Empty SMPTE 2094-40 data
04-04 11:09:39.895 22698 22784 E gralloc4: Empty SMPTE 2094-40 data
04-04 11:09:39.912 22698 22784 E gralloc4: Empty SMPTE 2094-40 data
04-04 11:09:39.928 22698 22784 E gralloc4: Empty SMPTE 2094-40 data
04-04 11:09:39.944 22698 22784 E gralloc4: Empty SMPTE 2094-40 data
04-04 11:09:39.962 22698 22784 E gralloc4: Empty SMPTE 2094-40 data
04-04 11:09:39.979 22698 22784 E gralloc4: Empty SMPTE 2094-40 data
04-04 11:09:39.994 22698 22784 E gralloc4: Empty SMPTE 2094-40 data
04-04 11:09:40.011 22698 22784 E gralloc4: Empty SMPTE 2094-40 data
04-04 11:09:40.028 22698 22784 E gralloc4: Empty SMPTE 2094-40 data
04-04 11:09:40.045 22698 22784 E gralloc4: Empty SMPTE 2094-40 data
04-04 11:09:40.064 22698 22784 E gralloc4: Empty SMPTE 2094-40 data
04-04 11:09:40.079 22698 22784 E gralloc4: Empty SMPTE 2094-40 data
04-04 11:09:40.096 22698 22784 E gralloc4: Empty SMPTE 2094-40 data
04-04 11:09:40.428 22698 22784 E gralloc4: Empty SMPTE 2094-40 data
04-04 11:09:40.494 22698 22784 E gralloc4: Empty SMPTE 2094-40 data
04-04 11:09:40.510 22698 22784 E gralloc4: Empty SMPTE 2094-40 data
04-04 11:09:40.528 22698 22784 E gralloc4: Empty SMPTE 2094-40 data
04-04 11:09:40.544 22698 22784 E gralloc4: Empty SMPTE 2094-40 data
04-04 11:09:40.560 22698 22784 E gralloc4: Empty SMPTE 2094-40 data
04-04 11:09:40.577 22698 22784 E gralloc4: Empty SMPTE 2094-40 data
04-04 11:09:40.594 22698 22784 E gralloc4: Empty SMPTE 2094-40 data
04-04 11:09:40.610 22698 22784 E gralloc4: Empty SMPTE 2094-40 data
04-04 11:09:40.629 22698 22784 E gralloc4: Empty SMPTE 2094-40 data
04-04 11:09:40.644 22698 22784 E gralloc4: Empty SMPTE 2094-40 data
04-04 11:09:40.661 22698 22784 E gralloc4: Empty SMPTE 2094-40 data
04-04 11:09:40.677 22698 22784 E gralloc4: Empty SMPTE 2094-40 data
04-04 11:09:40.694 22698 22784 E gralloc4: Empty SMPTE 2094-40 data
04-04 11:09:40.711 22698 22784 E gralloc4: Empty SMPTE 2094-40 data
04-04 11:09:40.729 22698 22784 E gralloc4: Empty SMPTE 2094-40 data
04-04 11:09:40.744 22698 22784 E gralloc4: Empty SMPTE 2094-40 data
04-04 11:09:40.762 22698 22784 E gralloc4: Empty SMPTE 2094-40 data
04-04 11:09:40.908 22698 22784 E gralloc4: Empty SMPTE 2094-40 data
04-04 11:09:40.924 22698 22784 E gralloc4: Empty SMPTE 2094-40 data
04-04 11:09:40.941 22698 22784 E gralloc4: Empty SMPTE 2094-40 data
04-04 11:09:41.428 22698 22784 E gralloc4: Empty SMPTE 2094-40 data
04-04 11:09:41.924 22698 22784 E gralloc4: Empty SMPTE 2094-40 data
04-04 11:09:42.125 22698 22784 E gralloc4: Empty SMPTE 2094-40 data
04-04 11:09:42.138 22698 22784 E gralloc4: Empty SMPTE 2094-40 data
04-04 11:09:42.157 22698 22784 E gralloc4: Empty SMPTE 2094-40 data
04-04 11:09:42.172 22698 22784 E gralloc4: Empty SMPTE 2094-40 data
04-04 11:09:42.188 22698 22784 E gralloc4: Empty SMPTE 2094-40 data
04-04 11:09:42.229 22698 22784 E gralloc4: Empty SMPTE 2094-40 data
04-04 11:09:42.234 22698 22784 E gralloc4: Empty SMPTE 2094-40 data
04-04 11:09:42.359 22698 22784 E gralloc4: Empty SMPTE 2094-40 data
04-04 11:09:42.372 22698 22784 E gralloc4: Empty SMPTE 2094-40 data
04-04 11:09:42.391 22698 22784 E gralloc4: Empty SMPTE 2094-40 data
04-04 11:09:42.787 22698 22784 E gralloc4: Empty SMPTE 2094-40 data
04-04 11:09:42.801 22698 22784 E gralloc4: Empty SMPTE 2094-40 data
04-04 11:09:57.023 22698 22698 E FileUtils: err write to mi_exception_log
04-04 11:09:57.090 22698 22784 E gralloc4: Empty SMPTE 2094-40 data
04-04 11:09:57.092 22698 22698 E FileUtils: err write to mi_exception_log
04-04 11:09:57.105 22698 22784 E gralloc4: Empty SMPTE 2094-40 data
04-04 11:09:57.138 22698 22784 E gralloc4: Empty SMPTE 2094-40 data
04-04 11:09:57.158 22698 22784 E gralloc4: Empty SMPTE 2094-40 data
04-04 11:09:57.170 22698 22784 E gralloc4: Empty SMPTE 2094-40 data
04-04 11:09:57.188 22698 22784 E gralloc4: Empty SMPTE 2094-40 data
04-04 11:09:57.200 22698 22784 E gralloc4: Empty SMPTE 2094-40 data
04-04 11:09:57.204 22698 22698 W OnBackInvokedCallback: OnBackInvokedCallback is
not enabled for the application.
04-04 11:09:57.204 22698 22698 W OnBackInvokedCallback: Set
'android:enableOnBackInvokedCallback="true"' in the application manifest.
04-04 11:09:57.220 22698 22784 E gralloc4: Empty SMPTE 2094-40 data
04-04 11:09:57.237 22698 22784 E gralloc4: Empty SMPTE 2094-40 data
04-04 11:09:57.289 22698 22784 E gralloc4: Empty SMPTE 2094-40 data
04-04 11:09:57.328 22698 22784 E gralloc4: Empty SMPTE 2094-40 data
04-04 11:09:57.432 22698 22784 E gralloc4: Empty SMPTE 2094-40 data
04-04 11:09:57.449 22698 22784 E gralloc4: Empty SMPTE 2094-40 data
04-04 11:09:57.466 22698 22784 E gralloc4: Empty SMPTE 2094-40 data
04-04 11:09:57.482 22698 22784 E gralloc4: Empty SMPTE 2094-40 data
04-04 11:09:57.500 22698 22784 E gralloc4: Empty SMPTE 2094-40 data
04-04 11:09:57.518 22698 22784 E gralloc4: Empty SMPTE 2094-40 data
04-04 11:09:57.541 22698 22784 E gralloc4: Empty SMPTE 2094-40 data
04-04 11:09:57.547 22698 22784 E gralloc4: Empty SMPTE 2094-40 data
04-04 11:09:57.563 22698 22784 E gralloc4: Empty SMPTE 2094-40 data
04-04 11:09:57.582 22698 22784 E gralloc4: Empty SMPTE 2094-40 data
04-04 11:09:57.598 22698 22784 E gralloc4: Empty SMPTE 2094-40 data
04-04 11:09:57.612 22698 22784 E gralloc4: Empty SMPTE 2094-40 data
04-04 11:09:57.631 22698 22784 E gralloc4: Empty SMPTE 2094-40 data
04-04 11:09:57.647 22698 22784 E gralloc4: Empty SMPTE 2094-40 data
04-04 11:09:57.663 22698 22784 E gralloc4: Empty SMPTE 2094-40 data
04-04 11:09:57.679 22698 22784 E gralloc4: Empty SMPTE 2094-40 data
04-04 11:09:57.697 22698 22784 E gralloc4: Empty SMPTE 2094-40 data
04-04 11:09:57.713 22698 22784 E gralloc4: Empty SMPTE 2094-40 data
04-04 11:09:57.962 22698 22784 E gralloc4: Empty SMPTE 2094-40 data
04-04 11:09:58.178 22698 22784 E gralloc4: Empty SMPTE 2094-40 data
04-04 11:09:58.679 22698 22784 E gralloc4: Empty SMPTE 2094-40 data
04-04 11:09:58.990 22698 22784 E gralloc4: Empty SMPTE 2094-40 data
04-04 11:09:59.323 22698 22784 E gralloc4: Empty SMPTE 2094-40 data
04-04 11:09:59.556 22698 22784 E gralloc4: Empty SMPTE 2094-40 data
04-04 11:09:59.571 22698 22784 E gralloc4: Empty SMPTE 2094-40 data
04-04 11:10:00.077 22698 22784 E gralloc4: Empty SMPTE 2094-40 data
04-04 11:10:00.471 22698 22698 E FileUtils: err write to mi_exception_log
04-04 11:10:00.497 22698 22784 E gralloc4: Empty SMPTE 2094-40 data
04-04 11:10:00.514 22698 22784 E gralloc4: Empty SMPTE 2094-40 data
04-04 11:10:00.522 22698 22784 E gralloc4: Empty SMPTE 2094-40 data
04-04 11:10:00.538 22698 22784 E gralloc4: Empty SMPTE 2094-40 data
04-04 11:10:00.561 22698 22784 E gralloc4: Empty SMPTE 2094-40 data
04-04 11:10:00.571 22698 22784 E gralloc4: Empty SMPTE 2094-40 data
04-04 11:10:00.588 22698 22784 E gralloc4: Empty SMPTE 2094-40 data
04-04 11:10:00.628 22698 22784 E gralloc4: Empty SMPTE 2094-40 data
04-04 11:10:00.637 22698 22784 E gralloc4: Empty SMPTE 2094-40 data
04-04 11:10:00.658 22698 22784 E gralloc4: Empty SMPTE 2094-40 data
04-04 11:10:02.697 22698 22698 E FileUtils: err write to mi_exception_log
04-04 11:10:02.722 22698 22784 E gralloc4: Empty SMPTE 2094-40 data
04-04 11:10:02.733 22698 22784 E gralloc4: Empty SMPTE 2094-40 data
04-04 11:10:02.775 22698 22784 E gralloc4: Empty SMPTE 2094-40 data
04-04 11:10:02.784 22698 22784 E gralloc4: Empty SMPTE 2094-40 data
04-04 11:10:02.799 22698 22784 E gralloc4: Empty SMPTE 2094-40 data
04-04 11:10:02.818 22698 22784 E gralloc4: Empty SMPTE 2094-40 data
04-04 11:10:02.832 22698 22698 W OnBackInvokedCallback: OnBackInvokedCallback is
not enabled for the application.
04-04 11:10:02.832 22698 22698 W OnBackInvokedCallback: Set
'android:enableOnBackInvokedCallback="true"' in the application manifest.
04-04 11:10:02.839 22698 22784 E gralloc4: Empty SMPTE 2094-40 data
04-04 11:10:02.855 22698 22784 E gralloc4: Empty SMPTE 2094-40 data
04-04 11:10:02.878 22698 22784 E gralloc4: Empty SMPTE 2094-40 data
04-04 11:10:02.915 22698 22784 E gralloc4: Empty SMPTE 2094-40 data
04-04 11:10:03.109 22698 22784 E gralloc4: Empty SMPTE 2094-40 data
04-04 11:10:03.125 22698 22784 E gralloc4: Empty SMPTE 2094-40 data
04-04 11:10:03.145 22698 22784 E gralloc4: Empty SMPTE 2094-40 data
04-04 11:10:03.159 22698 22784 E gralloc4: Empty SMPTE 2094-40 data
04-04 11:10:03.177 22698 22784 E gralloc4: Empty SMPTE 2094-40 data
04-04 11:10:03.193 22698 22784 E gralloc4: Empty SMPTE 2094-40 data
04-04 11:10:03.210 22698 22784 E gralloc4: Empty SMPTE 2094-40 data
04-04 11:10:03.229 22698 22784 E gralloc4: Empty SMPTE 2094-40 data
04-04 11:10:03.244 22698 22784 E gralloc4: Empty SMPTE 2094-40 data
04-04 11:10:03.260 22698 22784 E gralloc4: Empty SMPTE 2094-40 data
04-04 11:10:03.280 22698 22784 E gralloc4: Empty SMPTE 2094-40 data
04-04 11:10:03.294 22698 22784 E gralloc4: Empty SMPTE 2094-40 data
04-04 11:10:03.309 22698 22784 E gralloc4: Empty SMPTE 2094-40 data
04-04 11:10:03.326 22698 22784 E gralloc4: Empty SMPTE 2094-40 data
04-04 11:10:03.343 22698 22784 E gralloc4: Empty SMPTE 2094-40 data
04-04 11:10:03.359 22698 22784 E gralloc4: Empty SMPTE 2094-40 data
04-04 11:10:03.375 22698 22784 E gralloc4: Empty SMPTE 2094-40 data
04-04 11:10:03.590 22698 22784 E gralloc4: Empty SMPTE 2094-40 data
04-04 11:10:03.956 22698 22784 E gralloc4: Empty SMPTE 2094-40 data
04-04 11:10:04.421 22698 22784 E gralloc4: Empty SMPTE 2094-40 data
04-04 11:10:04.686 22698 22784 E gralloc4: Empty SMPTE 2094-40 data
04-04 11:10:04.915 22698 22698 W Choreographer: Frame time is 0.113174 now =
4275401639100 timestampNanos = 4275401752274 ms in the future! Check that
graphics HAL is generating vsync timestamps using the correct timebase.
04-04 11:10:04.921 22698 22784 E gralloc4: Empty SMPTE 2094-40 data
04-04 11:10:04.938 22698 22784 E gralloc4: Empty SMPTE 2094-40 data
04-04 11:10:04.955 22698 22784 E gralloc4: Empty SMPTE 2094-40 data
04-04 11:10:04.970 22698 22784 E gralloc4: Empty SMPTE 2094-40 data
04-04 11:10:04.971 22698 22784 W Parcel : Expecting binder but got null!
04-04 11:10:04.973 22698 22784 E gralloc4: Empty SMPTE 2094-40 data
04-04 11:10:04.985 22698 22784 E gralloc4: Empty SMPTE 2094-40 data
04-04 11:10:04.988 22698 22784 E gralloc4: Empty SMPTE 2094-40 data
04-04 11:10:05.004 22698 22784 E gralloc4: Empty SMPTE 2094-40 data
04-04 11:10:05.009 22698 22784 E gralloc4: Empty SMPTE 2094-40 data
04-04 11:10:05.021 22698 22784 E gralloc4: Empty SMPTE 2094-40 data
04-04 11:10:05.026 22698 22784 E gralloc4: Empty SMPTE 2094-40 data
04-04 11:10:05.037 22698 22784 E gralloc4: Empty SMPTE 2094-40 data
04-04 11:10:05.041 22698 22784 E gralloc4: Empty SMPTE 2094-40 data
04-04 11:10:05.054 22698 22784 E gralloc4: Empty SMPTE 2094-40 data
04-04 11:10:05.059 22698 22784 E gralloc4: Empty SMPTE 2094-40 data
04-04 11:10:05.071 22698 22784 E gralloc4: Empty SMPTE 2094-40 data
04-04 11:10:05.075 22698 22784 E gralloc4: Empty SMPTE 2094-40 data
04-04 11:10:05.087 22698 22784 E gralloc4: Empty SMPTE 2094-40 data
04-04 11:10:05.090 22698 22784 E gralloc4: Empty SMPTE 2094-40 data
04-04 11:10:05.104 22698 22784 E gralloc4: Empty SMPTE 2094-40 data
04-04 11:10:05.109 22698 22784 E gralloc4: Empty SMPTE 2094-40 data
04-04 11:10:05.125 22698 22784 E gralloc4: Empty SMPTE 2094-40 data
04-04 11:10:05.130 22698 22784 E gralloc4: Empty SMPTE 2094-40 data
04-04 11:10:05.141 22698 22784 E gralloc4: Empty SMPTE 2094-40 data
04-04 11:10:05.145 22698 22784 E gralloc4: Empty SMPTE 2094-40 data
04-04 11:10:05.158 22698 22784 E gralloc4: Empty SMPTE 2094-40 data
04-04 11:10:05.162 22698 22784 E gralloc4: Empty SMPTE 2094-40 data
04-04 11:10:05.174 22698 22784 E gralloc4: Empty SMPTE 2094-40 data
04-04 11:10:05.177 22698 22784 E gralloc4: Empty SMPTE 2094-40 data
04-04 11:10:05.190 22698 22784 E gralloc4: Empty SMPTE 2094-40 data
04-04 11:10:05.196 22698 22784 E gralloc4: Empty SMPTE 2094-40 data
04-04 11:10:05.207 22698 22784 E gralloc4: Empty SMPTE 2094-40 data
04-04 11:10:05.210 22698 22784 E gralloc4: Empty SMPTE 2094-40 data
04-04 11:10:05.222 22698 22784 E gralloc4: Empty SMPTE 2094-40 data
04-04 11:10:05.227 22698 22784 E gralloc4: Empty SMPTE 2094-40 data
04-04 11:10:05.239 22698 22784 E gralloc4: Empty SMPTE 2094-40 data
04-04 11:10:05.243 22698 22784 E gralloc4: Empty SMPTE 2094-40 data
04-04 11:10:05.254 22698 22784 E gralloc4: Empty SMPTE 2094-40 data
04-04 11:10:05.258 22698 22784 E gralloc4: Empty SMPTE 2094-40 data
04-04 11:10:05.271 22698 22784 E gralloc4: Empty SMPTE 2094-40 data
04-04 11:10:05.275 22698 22784 E gralloc4: Empty SMPTE 2094-40 data
04-04 11:10:05.289 22698 22784 E gralloc4: Empty SMPTE 2094-40 data
04-04 11:10:05.293 22698 22784 E gralloc4: Empty SMPTE 2094-40 data
04-04 11:10:05.307 22698 22784 E gralloc4: Empty SMPTE 2094-40 data
04-04 11:10:05.310 22698 22784 E gralloc4: Empty SMPTE 2094-40 data
04-04 11:10:05.323 22698 22784 E gralloc4: Empty SMPTE 2094-40 data
04-04 11:10:05.328 22698 22784 E gralloc4: Empty SMPTE 2094-40 data
04-04 11:10:05.339 22698 22784 E gralloc4: Empty SMPTE 2094-40 data
04-04 11:10:05.344 22698 22784 E gralloc4: Empty SMPTE 2094-40 data
04-04 11:10:05.356 22698 22784 E gralloc4: Empty SMPTE 2094-40 data
04-04 11:10:05.360 22698 22784 E gralloc4: Empty SMPTE 2094-40 data
04-04 11:10:05.372 22698 22784 E gralloc4: Empty SMPTE 2094-40 data
04-04 11:10:05.375 22698 22784 E gralloc4: Empty SMPTE 2094-40 data
04-04 11:10:05.389 22698 22784 E gralloc4: Empty SMPTE 2094-40 data
04-04 11:10:05.393 22698 22784 E gralloc4: Empty SMPTE 2094-40 data
04-04 11:10:05.405 22698 22784 E gralloc4: Empty SMPTE 2094-40 data
04-04 11:10:05.410 22698 22784 E gralloc4: Empty SMPTE 2094-40 data
04-04 11:10:05.423 22698 22784 E gralloc4: Empty SMPTE 2094-40 data
04-04 11:10:05.427 22698 22784 E gralloc4: Empty SMPTE 2094-40 data
04-04 11:10:05.440 22698 22784 E gralloc4: Empty SMPTE 2094-40 data
04-04 11:10:05.445 22698 22784 E gralloc4: Empty SMPTE 2094-40 data
04-04 11:10:05.457 22698 22784 E gralloc4: Empty SMPTE 2094-40 data
04-04 11:10:05.462 22698 22784 E gralloc4: Empty SMPTE 2094-40 data
04-04 11:10:05.472 22698 22784 E gralloc4: Empty SMPTE 2094-40 data
04-04 11:10:05.475 22698 22784 E gralloc4: Empty SMPTE 2094-40 data
04-04 11:10:05.489 22698 22784 E gralloc4: Empty SMPTE 2094-40 data
04-04 11:10:05.493 22698 22784 E gralloc4: Empty SMPTE 2094-40 data
04-04 11:10:05.506 22698 22784 E gralloc4: Empty SMPTE 2094-40 data
04-04 11:10:05.509 22698 22784 E gralloc4: Empty SMPTE 2094-40 data
04-04 11:10:05.522 22698 22784 E gralloc4: Empty SMPTE 2094-40 data
04-04 11:10:05.526 22698 22784 E gralloc4: Empty SMPTE 2094-40 data
04-04 11:10:05.538 22698 22784 E gralloc4: Empty SMPTE 2094-40 data
04-04 11:10:05.542 22698 22784 E gralloc4: Empty SMPTE 2094-40 data
04-04 11:10:05.555 22698 22784 E gralloc4: Empty SMPTE 2094-40 data
04-04 11:10:05.560 22698 22784 E gralloc4: Empty SMPTE 2094-40 data
04-04 11:10:05.570 22698 22784 E gralloc4: Empty SMPTE 2094-40 data
04-04 11:10:05.574 22698 22784 E gralloc4: Empty SMPTE 2094-40 data
04-04 11:10:05.588 22698 22784 E gralloc4: Empty SMPTE 2094-40 data
04-04 11:10:05.594 22698 22784 E gralloc4: Empty SMPTE 2094-40 data
04-04 11:10:05.603 22698 22784 E gralloc4: Empty SMPTE 2094-40 data
04-04 11:10:05.607 22698 22784 E gralloc4: Empty SMPTE 2094-40 data
04-04 11:10:05.622 22698 22784 E gralloc4: Empty SMPTE 2094-40 data
04-04 11:10:05.626 22698 22784 E gralloc4: Empty SMPTE 2094-40 data
04-04 11:10:05.638 22698 22784 E gralloc4: Empty SMPTE 2094-40 data
04-04 11:10:05.643 22698 22784 E gralloc4: Empty SMPTE 2094-40 data
04-04 11:10:05.653 22698 22784 E gralloc4: Empty SMPTE 2094-40 data
04-04 11:10:05.657 22698 22784 E gralloc4: Empty SMPTE 2094-40 data
04-04 11:10:05.672 22698 22784 E gralloc4: Empty SMPTE 2094-40 data
04-04 11:10:05.676 22698 22784 E gralloc4: Empty SMPTE 2094-40 data
04-04 11:10:05.687 22698 22784 E gralloc4: Empty SMPTE 2094-40 data
04-04 11:10:05.691 22698 22784 E gralloc4: Empty SMPTE 2094-40 data
04-04 11:10:05.704 22698 22784 E gralloc4: Empty SMPTE 2094-40 data
04-04 11:10:05.709 22698 22784 E gralloc4: Empty SMPTE 2094-40 data
04-04 11:10:05.720 22698 22784 E gralloc4: Empty SMPTE 2094-40 data
04-04 11:10:05.725 22698 22784 E gralloc4: Empty SMPTE 2094-40 data
04-04 11:10:05.736 22698 22784 E gralloc4: Empty SMPTE 2094-40 data
04-04 11:10:05.740 22698 22784 E gralloc4: Empty SMPTE 2094-40 data
04-04 11:10:05.754 22698 22784 E gralloc4: Empty SMPTE 2094-40 data
04-04 11:10:05.758 22698 22784 E gralloc4: Empty SMPTE 2094-40 data
04-04 11:10:05.767 22698 22784 E gralloc4: Empty SMPTE 2094-40 data
04-04 11:10:05.772 22698 22784 E gralloc4: Empty SMPTE 2094-40 data
04-04 11:10:05.784 22698 22784 E gralloc4: Empty SMPTE 2094-40 data
04-04 11:10:05.789 22698 22784 E gralloc4: Empty SMPTE 2094-40 data
04-04 11:10:05.802 22698 22784 E gralloc4: Empty SMPTE 2094-40 data
04-04 11:10:05.819 22698 22784 E gralloc4: Empty SMPTE 2094-40 data
04-04 11:10:05.836 22698 22784 E gralloc4: Empty SMPTE 2094-40 data
04-04 11:10:05.837 22698 22783 E PlayCore: UID: [10361] PID: [22698]
StandardIntegrity : Phonesky is not installed.
04-04 11:10:05.853 22698 22784 E gralloc4: Empty SMPTE 2094-40 data
04-04 11:10:05.869 22698 22784 E gralloc4: Empty SMPTE 2094-40 data
04-04 11:10:05.886 22698 22784 E gralloc4: Empty SMPTE 2094-40 data
04-04 11:10:05.903 22698 22784 E gralloc4: Empty SMPTE 2094-40 data
04-04 11:10:05.919 22698 22784 E gralloc4: Empty SMPTE 2094-40 data
04-04 11:10:05.936 22698 22784 E gralloc4: Empty SMPTE 2094-40 data
04-04 11:10:05.955 22698 22784 E gralloc4: Empty SMPTE 2094-40 data
04-04 11:10:05.973 22698 22784 E gralloc4: Empty SMPTE 2094-40 data
04-04 11:10:05.986 22698 22784 E gralloc4: Empty SMPTE 2094-40 data
04-04 11:10:06.002 22698 22784 E gralloc4: Empty SMPTE 2094-40 data
04-04 11:10:06.019 22698 22784 E gralloc4: Empty SMPTE 2094-40 data
04-04 11:10:06.037 22698 22784 E gralloc4: Empty SMPTE 2094-40 data
04-04 11:10:06.052 22698 22784 E gralloc4: Empty SMPTE 2094-40 data
04-04 11:10:06.068 22698 22784 E gralloc4: Empty SMPTE 2094-40 data
04-04 11:10:06.084 22698 22784 E gralloc4: Empty SMPTE 2094-40 data
04-04 11:10:06.101 22698 22784 E gralloc4: Empty SMPTE 2094-40 data
04-04 11:10:06.118 22698 22784 E gralloc4: Empty SMPTE 2094-40 data
04-04 11:10:06.135 22698 22784 E gralloc4: Empty SMPTE 2094-40 data
04-04 11:10:06.152 22698 22784 E gralloc4: Empty SMPTE 2094-40 data
04-04 11:10:06.167 22698 22784 E gralloc4: Empty SMPTE 2094-40 data
04-04 11:10:06.185 22698 22784 E gralloc4: Empty SMPTE 2094-40 data
04-04 11:10:06.201 22698 22784 E gralloc4: Empty SMPTE 2094-40 data
04-04 11:10:06.217 22698 22784 E gralloc4: Empty SMPTE 2094-40 data
04-04 11:10:06.234 22698 22784 E gralloc4: Empty SMPTE 2094-40 data
04-04 11:10:06.250 22698 22784 E gralloc4: Empty SMPTE 2094-40 data
04-04 11:10:06.268 22698 22784 E gralloc4: Empty SMPTE 2094-40 data
04-04 11:10:06.284 22698 22784 E gralloc4: Empty SMPTE 2094-40 data
04-04 11:10:06.301 22698 22784 E gralloc4: Empty SMPTE 2094-40 data
04-04 11:10:06.317 22698 22784 E gralloc4: Empty SMPTE 2094-40 data
04-04 11:10:06.334 22698 22784 E gralloc4: Empty SMPTE 2094-40 data
04-04 11:10:06.351 22698 22784 E gralloc4: Empty SMPTE 2094-40 data
04-04 11:10:06.367 22698 22784 E gralloc4: Empty SMPTE 2094-40 data
04-04 11:10:06.384 22698 22784 E gralloc4: Empty SMPTE 2094-40 data
04-04 11:10:06.400 22698 22784 E gralloc4: Empty SMPTE 2094-40 data
04-04 11:10:06.417 22698 22784 E gralloc4: Empty SMPTE 2094-40 data
04-04 11:10:06.434 22698 22784 E gralloc4: Empty SMPTE 2094-40 data
04-04 11:10:06.451 22698 22784 E gralloc4: Empty SMPTE 2094-40 data
04-04 11:10:06.467 22698 22784 E gralloc4: Empty SMPTE 2094-40 data
04-04 11:10:06.484 22698 22784 E gralloc4: Empty SMPTE 2094-40 data
04-04 11:10:06.500 22698 22784 E gralloc4: Empty SMPTE 2094-40 data
04-04 11:10:06.517 22698 22784 E gralloc4: Empty SMPTE 2094-40 data
04-04 11:10:06.533 22698 22784 E gralloc4: Empty SMPTE 2094-40 data
04-04 11:10:06.549 22698 22784 E gralloc4: Empty SMPTE 2094-40 data
04-04 11:10:06.567 22698 22784 E gralloc4: Empty SMPTE 2094-40 data
04-04 11:10:06.584 22698 22784 E gralloc4: Empty SMPTE 2094-40 data
04-04 11:10:06.600 22698 22784 E gralloc4: Empty SMPTE 2094-40 data
04-04 11:10:06.617 22698 22784 E gralloc4: Empty SMPTE 2094-40 data
04-04 11:10:06.633 22698 22784 E gralloc4: Empty SMPTE 2094-40 data
04-04 11:10:06.650 22698 22784 E gralloc4: Empty SMPTE 2094-40 data
04-04 11:10:06.667 22698 22784 E gralloc4: Empty SMPTE 2094-40 data
04-04 11:10:06.683 22698 22784 E gralloc4: Empty SMPTE 2094-40 data
04-04 11:10:06.700 22698 22784 E gralloc4: Empty SMPTE 2094-40 data
04-04 11:10:06.716 22698 22784 E gralloc4: Empty SMPTE 2094-40 data
04-04 11:10:06.733 22698 22784 E gralloc4: Empty SMPTE 2094-40 data
04-04 11:10:06.750 22698 22784 E gralloc4: Empty SMPTE 2094-40 data
04-04 11:10:06.766 22698 22784 E gralloc4: Empty SMPTE 2094-40 data
04-04 11:10:06.783 22698 22784 E gralloc4: Empty SMPTE 2094-40 data
04-04 11:10:06.800 22698 22784 E gralloc4: Empty SMPTE 2094-40 data
04-04 11:10:06.818 22698 22784 E gralloc4: Empty SMPTE 2094-40 data
04-04 11:10:06.833 22698 22784 E gralloc4: Empty SMPTE 2094-40 data
04-04 11:10:06.903 22698 22698 E FileUtils: err write to mi_exception_log
04-04 11:10:06.926 22698 22784 E gralloc4: Empty SMPTE 2094-40 data
04-04 11:10:06.926 22698 22784 W Parcel : Expecting binder but got null!
04-04 11:10:06.932 22698 22698 W OnBackInvokedCallback: OnBackInvokedCallback is
not enabled for the application.
