07-25 14:38:53.934 D/CompatConfig( 1287): No directory
/apex/com.android.adbd/etc/compatconfig, skipping
07-25 14:38:53.934 D/CompatConfig( 1287): No directory
/apex/com.android.resolv/etc/compatconfig, skipping
07-25 14:38:53.934 D/CompatConfig( 1287): No directory
/apex/com.android.i18n/etc/compatconfig, skipping
07-25 14:38:53.934 I/SystemConfig( 1287): Reading permissions from
/vendor/etc/permissions/android.hardware.opengles.aep.xml
07-25 14:38:53.934 D/CompatConfig( 1287): No directory
/apex/com.android.scheduling/etc/compatconfig, skipping
07-25 14:38:53.934 D/CompatConfig( 1287): No directory
/apex/com.android.conscrypt/etc/compatconfig, skipping
07-25 14:38:53.934 I/SystemConfig( 1287): Reading permissions from
/vendor/etc/permissions/android.hardware.sensor.accelerometer.xml
07-25 14:38:53.934 I/SystemConfig( 1287): Reading permissions from
/vendor/etc/permissions/android.hardware.sensor.light.xml
07-25 14:38:53.935 I/SystemConfig( 1287): Reading permissions from
/vendor/etc/permissions/android.hardware.sensor.proximity.xml
07-25 14:38:53.935 I/SystemConfig( 1287): Reading permissions from
/vendor/etc/permissions/android.hardware.sensor.stepcounter.xml
07-25 14:38:53.935 I/SystemConfig( 1287): Reading permissions from
/vendor/etc/permissions/android.hardware.sensor.stepdetector.xml
07-25 14:38:53.935 D/CompatConfig( 1287): Found a config file:
/apex/com.android.art/etc/compatconfig/libcore-platform-compat-config.xml
07-25 14:38:53.935 I/SystemConfig( 1287): Reading permissions from
/vendor/etc/permissions/android.hardware.telephony.gsm.xml
07-25 14:38:53.936 I/SystemConfig( 1287): Reading permissions from
/vendor/etc/permissions/android.hardware.telephony.ims.xml
07-25 14:38:53.936 I/SystemConfig( 1287): Reading permissions from
/vendor/etc/permissions/android.hardware.touchscreen.multitouch.distinct.xml
07-25 14:38:53.936 I/SystemConfig( 1287): Reading permissions from
/vendor/etc/permissions/android.hardware.touchscreen.multitouch.jazzhand.xml
07-25 14:38:53.936 D/CompatConfig( 1287): Adding:
com.android.server.compat.config.Change@72d53b5
07-25 14:38:53.936 I/SystemConfig( 1287): Reading permissions from
/vendor/etc/permissions/android.hardware.touchscreen.multitouch.xml
07-25 14:38:53.937 I/SystemConfig( 1287): Reading permissions from
/vendor/etc/permissions/android.hardware.touchscreen.xml
07-25 14:38:53.937 I/SystemConfig( 1287): Reading permissions from
/vendor/etc/permissions/android.hardware.usb.accessory.xml
07-25 14:38:53.937 D/CompatConfig( 1287): Adding:
com.android.server.compat.config.Change@92c7631
07-25 14:38:53.937 I/SystemConfig( 1287): Reading permissions from
/vendor/etc/permissions/android.hardware.usb.host.xml
07-25 14:38:53.937 I/SystemConfig( 1287): Reading permissions from
/vendor/etc/permissions/android.hardware.vulkan.compute.xml
07-25 14:38:53.937 D/CompatConfig( 1287): Adding:
com.android.server.compat.config.Change@2cb484
07-25 14:38:53.938 I/SystemConfig( 1287): Reading permissions from
/vendor/etc/permissions/android.hardware.vulkan.level.xml
07-25 14:38:53.938 I/SystemConfig( 1287): Reading permissions from
/vendor/etc/permissions/android.hardware.vulkan.version.xml
07-25 14:38:53.938 D/CompatConfig( 1287): Adding:
com.android.server.compat.config.Change@fa4b933
07-25 14:38:53.938 I/SystemConfig( 1287): Reading permissions from
/vendor/etc/permissions/android.hardware.wifi.direct.xml
07-25 14:38:53.938 D/CompatConfig( 1287): Adding:
com.android.server.compat.config.Change@e1aba69
07-25 14:38:53.938 I/SystemConfig( 1287): Reading permissions from
/vendor/etc/permissions/android.hardware.wifi.passpoint.xml
07-25 14:38:53.939 I/SystemConfig( 1287): Reading permissions from
/vendor/etc/permissions/android.hardware.wifi.xml
07-25 14:38:53.939 D/CompatConfig( 1287): Adding:
com.android.server.compat.config.Change@614101c
07-25 14:38:53.939 I/SystemConfig( 1287): Reading permissions from
/vendor/etc/permissions/android.software.ipsec_tunnels.xml
07-25 14:38:53.939 I/SystemConfig( 1287): Reading permissions from
/vendor/etc/permissions/android.software.midi.xml
07-25 14:38:53.939 I/SystemConfig( 1287): Reading permissions from
/vendor/etc/permissions/android.software.verified_boot.xml
07-25 14:38:53.940 D/CompatConfig( 1287): Start loading
/product/etc/appcompat/compat_framework_overrides.xml
07-25 14:38:53.940 I/SystemConfig( 1287): Reading permissions from
/vendor/etc/permissions/android.software.vulkan.deqp.level.xml
07-25 14:38:53.940 D/CompatConfig( 1287): Override file does't exist:
/product/etc/appcompat/compat_framework_overrides.xml
07-25 14:38:53.940 D/CompatConfig( 1287): Start loading
/data/misc/appcompat/compat_framework_overrides.xml
07-25 14:38:53.940 I/SystemConfig( 1287): Reading permissions from
/vendor/etc/permissions/handheld_core_hardware.xml
07-25 14:38:53.941 I/SystemConfig( 1287): Reading aerProductName from
/system/etc/aer_product_name.xml
07-25 14:38:53.942 W/SystemConfig( 1287): fname = o1stur
07-25 14:38:53.942 W/SystemConfig( 1287): ro.product.name = a04ub
07-25 14:38:53.943 W/SystemConfig( 1287): fname = o1sxtur
07-25 14:38:53.943 W/SystemConfig( 1287): ro.product.name = a04ub
07-25 14:38:53.943 W/SystemConfig( 1287): fname = o1sxser
07-25 14:38:53.943 W/SystemConfig( 1287): ro.product.name = a04ub
07-25 14:38:53.943 W/SystemConfig( 1287): fname = o1sxx
07-25 14:38:53.943 W/SystemConfig( 1287): ro.product.name = a04ub
07-25 14:38:53.943 W/SystemConfig( 1287): fname = o1sxxx
07-25 14:38:53.943 W/SystemConfig( 1287): ro.product.name = a04ub
07-25 14:38:53.943 W/SystemConfig( 1287): fname = o1sxeea
07-25 14:38:53.943 W/SystemConfig( 1287): ro.product.name = a04ub
07-25 14:38:53.943 W/SystemConfig( 1287): fname = o1sksx
07-25 14:38:53.943 W/SystemConfig( 1287): ro.product.name = a04ub
07-25 14:38:53.943 W/SystemConfig( 1287): fname = o1sser
07-25 14:38:53.943 W/SystemConfig( 1287): ro.product.name = a04ub
07-25 14:38:53.943 W/SystemConfig( 1287): fname = o1qcsx
07-25 14:38:53.943 W/SystemConfig( 1287): ro.product.name = a04ub
07-25 14:38:53.943 W/SystemConfig( 1287): fname = o1quew
07-25 14:38:53.943 W/SystemConfig( 1287): ro.product.name = a04ub
07-25 14:38:53.943 W/SystemConfig( 1287): fname = o1qzhx
07-25 14:38:53.943 W/SystemConfig( 1287): ro.product.name = a04ub
07-25 14:38:53.943 W/SystemConfig( 1287): fname = o1qsqw
07-25 14:38:53.943 W/SystemConfig( 1287): ro.product.name = a04ub
07-25 14:38:53.943 W/SystemConfig( 1287): fname = SC-51B
07-25 14:38:53.943 W/SystemConfig( 1287): ro.product.name = a04ub
07-25 14:38:53.943 W/SystemConfig( 1287): fname = SCG09_jp_kdi
07-25 14:38:53.943 W/SystemConfig( 1287): ro.product.name = a04ub
07-25 14:38:53.943 W/SystemConfig( 1287): fname = t2sksx
07-25 14:38:53.943 W/SystemConfig( 1287): ro.product.name = a04ub
07-25 14:38:53.943 W/SystemConfig( 1287): fname = t2sxxx
07-25 14:38:53.943 W/SystemConfig( 1287): ro.product.name = a04ub
07-25 14:38:53.943 W/SystemConfig( 1287): fname = t2sxser
07-25 14:38:53.943 W/SystemConfig( 1287): ro.product.name = a04ub
07-25 14:38:53.943 W/SystemConfig( 1287): fname = t2sxeea
07-25 14:38:53.943 W/SystemConfig( 1287): ro.product.name = a04ub
07-25 14:38:53.943 W/SystemConfig( 1287): fname = t2sxtur
07-25 14:38:53.943 W/SystemConfig( 1287): ro.product.name = a04ub
07-25 14:38:53.943 W/SystemConfig( 1287): fname = t2qzhx
07-25 14:38:53.943 W/SystemConfig( 1287): ro.product.name = a04ub
07-25 14:38:53.943 W/SystemConfig( 1287): fname = t2qsqw
07-25 14:38:53.943 W/SystemConfig( 1287): ro.product.name = a04ub
07-25 14:38:53.943 W/SystemConfig( 1287): fname = t2qcsx
07-25 14:38:53.943 W/SystemConfig( 1287): ro.product.name = a04ub
07-25 14:38:53.943 W/SystemConfig( 1287): fname = t2quew
07-25 14:38:53.943 W/SystemConfig( 1287): ro.product.name = a04ub
07-25 14:38:53.943 W/SystemConfig( 1287): fname = SCG10_jp_kdi
07-25 14:38:53.943 W/SystemConfig( 1287): ro.product.name = a04ub
07-25 14:38:53.943 W/SystemConfig( 1287): fname = p3sksx
07-25 14:38:53.943 W/SystemConfig( 1287): ro.product.name = a04ub
07-25 14:38:53.943 W/SystemConfig( 1287): fname = p3sxeea
07-25 14:38:53.943 W/SystemConfig( 1287): ro.product.name = a04ub
07-25 14:38:53.943 W/SystemConfig( 1287): fname = p3sxtur
07-25 14:38:53.943 W/SystemConfig( 1287): ro.product.name = a04ub
07-25 14:38:53.943 W/SystemConfig( 1287): fname = p3sxser
07-25 14:38:53.943 W/SystemConfig( 1287): ro.product.name = a04ub
07-25 14:38:53.944 W/SystemConfig( 1287): fname = p3sxxx
07-25 14:38:53.944 W/SystemConfig( 1287): ro.product.name = a04ub
07-25 14:38:53.944 W/SystemConfig( 1287): fname = p3qcsx
07-25 14:38:53.944 W/SystemConfig( 1287): ro.product.name = a04ub
07-25 14:38:53.944 W/SystemConfig( 1287): fname = p3qsqw
07-25 14:38:53.944 W/SystemConfig( 1287): ro.product.name = a04ub
07-25 14:38:53.944 W/SystemConfig( 1287): fname = p3quew
07-25 14:38:53.944 W/SystemConfig( 1287): ro.product.name = a04ub
07-25 14:38:53.944 W/SystemConfig( 1287): fname = p3qzhx
07-25 14:38:53.944 W/SystemConfig( 1287): ro.product.name = a04ub
07-25 14:38:53.944 W/SystemConfig( 1287): fname = SC-52B
07-25 14:38:53.944 W/SystemConfig( 1287): ro.product.name = a04ub
07-25 14:38:53.944 W/SystemConfig( 1287): fname = q2qsqw
07-25 14:38:53.944 W/SystemConfig( 1287): ro.product.name = a04ub
07-25 14:38:53.944 W/SystemConfig( 1287): fname = q2qxxx
07-25 14:38:53.944 W/SystemConfig( 1287): ro.product.name = a04ub
07-25 14:38:53.944 W/SystemConfig( 1287): fname = q2qcsx
07-25 14:38:53.944 W/SystemConfig( 1287): ro.product.name = a04ub
07-25 14:38:53.944 W/SystemConfig( 1287): fname = q2qzhx
07-25 14:38:53.944 W/SystemConfig( 1287): ro.product.name = a04ub
07-25 14:38:53.944 W/SystemConfig( 1287): fname = q2qksx
07-25 14:38:53.944 W/SystemConfig( 1287): ro.product.name = a04ub
07-25 14:38:53.944 W/SystemConfig( 1287): fname = q2qxtur
07-25 14:38:53.944 W/SystemConfig( 1287): ro.product.name = a04ub
07-25 14:38:53.944 W/SystemConfig( 1287): fname = q2qxser
07-25 14:38:53.944 W/SystemConfig( 1287): ro.product.name = a04ub
07-25 14:38:53.944 W/SystemConfig( 1287): fname = q2qxeea
07-25 14:38:53.944 W/SystemConfig( 1287): ro.product.name = a04ub
07-25 14:38:53.944 W/SystemConfig( 1287): fname = q2quew
07-25 14:38:53.944 W/SystemConfig( 1287): ro.product.name = a04ub
07-25 14:38:53.944 W/SystemConfig( 1287): fname = SC-55B
07-25 14:38:53.944 W/SystemConfig( 1287): ro.product.name = a04ub
07-25 14:38:53.944 W/SystemConfig( 1287): fname = SCG11_jp_kdi
07-25 14:38:53.944 W/SystemConfig( 1287): ro.product.name = a04ub
07-25 14:38:53.944 W/SystemConfig( 1287): fname = b2quew
07-25 14:38:53.944 W/SystemConfig( 1287): ro.product.name = a04ub
07-25 14:38:53.944 W/SystemConfig( 1287): fname = b2qxxx
07-25 14:38:53.944 W/SystemConfig( 1287): ro.product.name = a04ub
07-25 14:38:53.944 W/SystemConfig( 1287): fname = b2qcsx
07-25 14:38:53.944 W/SystemConfig( 1287): ro.product.name = a04ub
07-25 14:38:53.944 W/SystemConfig( 1287): fname = b2qsqw
07-25 14:38:53.944 W/SystemConfig( 1287): ro.product.name = a04ub
07-25 14:38:53.944 W/SystemConfig( 1287): fname = b2qzhx
07-25 14:38:53.944 W/SystemConfig( 1287): ro.product.name = a04ub
07-25 14:38:53.944 W/SystemConfig( 1287): fname = b2qxser
07-25 14:38:53.944 W/SystemConfig( 1287): ro.product.name = a04ub
07-25 14:38:53.944 W/SystemConfig( 1287): fname = b2qxtur
07-25 14:38:53.944 D/CompatConfig( 1287): Loading change overrides for
/data/misc/appcompat/compat_framework_overrides.xml
07-25 14:38:53.944 W/SystemConfig( 1287): ro.product.name = a04ub
07-25 14:38:53.944 W/SystemConfig( 1287): fname = b2qxeea
07-25 14:38:53.944 W/SystemConfig( 1287): ro.product.name = a04ub
07-25 14:38:53.944 W/SystemConfig( 1287): fname = b2qksx
07-25 14:38:53.944 W/SystemConfig( 1287): ro.product.name = a04ub
07-25 14:38:53.944 W/SystemConfig( 1287): fname = SC-54B
07-25 14:38:53.944 W/SystemConfig( 1287): ro.product.name = a04ub
07-25 14:38:53.944 W/SystemConfig( 1287): fname = SCG12_jp_kdi
07-25 14:38:53.945 W/SystemConfig( 1287): ro.product.name = a04ub
07-25 14:38:53.945 W/SystemConfig( 1287): fname = a52qnstur
07-25 14:38:53.945 W/SystemConfig( 1287): ro.product.name = a04ub
07-25 14:38:53.945 W/SystemConfig( 1287): fname = a52qnseea
07-25 14:38:53.945 W/SystemConfig( 1287): ro.product.name = a04ub
07-25 14:38:53.945 W/SystemConfig( 1287): fname = a52qnsxx
07-25 14:38:53.945 W/SystemConfig( 1287): ro.product.name = a04ub
07-25 14:38:53.945 W/SystemConfig( 1287): fname = a52qnsser
07-25 14:38:53.945 W/SystemConfig( 1287): ro.product.name = a04ub
07-25 14:38:53.945 W/SystemConfig( 1287): fname = a52qub
07-25 14:38:53.945 W/SystemConfig( 1287): ro.product.name = a04ub
07-25 14:38:53.945 W/SystemConfig( 1287): fname = a52xque
07-25 14:38:53.945 W/SystemConfig( 1287): ro.product.name = a04ub
07-25 14:38:53.945 W/SystemConfig( 1287): fname = a52xqcs
07-25 14:38:53.945 W/SystemConfig( 1287): ro.product.name = a04ub
07-25 14:38:53.945 W/SystemConfig( 1287): fname = a52xqnaeea
07-25 14:38:53.945 W/SystemConfig( 1287): ro.product.name = a04ub
07-25 14:38:53.945 W/SystemConfig( 1287): fname = a52xqsq
07-25 14:38:53.945 W/SystemConfig( 1287): ro.product.name = a04ub
07-25 14:38:53.945 W/SystemConfig( 1287): fname = a52xqzh
07-25 14:38:53.945 W/SystemConfig( 1287): ro.product.name = a04ub
07-25 14:38:53.945 W/SystemConfig( 1287): fname = a52xqks
07-25 14:38:53.945 W/SystemConfig( 1287): ro.product.name = a04ub
07-25 14:38:53.945 W/SystemConfig( 1287): fname = a52xqnaxx
07-25 14:38:53.945 W/SystemConfig( 1287): ro.product.name = a04ub
07-25 14:38:53.945 W/SystemConfig( 1287): fname = SC-53B
07-25 14:38:53.945 W/SystemConfig( 1287): ro.product.name = a04ub
07-25 14:38:53.945 D/CompatConfig( 1287): Finish loading overrides files
07-25 14:38:53.945 W/SystemConfig( 1287): fname = a52sxqeea
07-25 14:38:53.945 W/SystemConfig( 1287): ro.product.name = a04ub
07-25 14:38:53.945 W/SystemConfig( 1287): fname = a52sxqtur
07-25 14:38:53.945 W/SystemConfig( 1287): ro.product.name = a04ub
07-25 14:38:53.945 W/SystemConfig( 1287): fname = a52sxqser
07-25 14:38:53.945 W/SystemConfig( 1287): ro.product.name = a04ub
07-25 14:38:53.945 W/SystemConfig( 1287): fname = a52sxqzt
07-25 14:38:53.945 W/SystemConfig( 1287): ro.product.name = a04ub
07-25 14:38:53.945 W/SystemConfig( 1287): fname = a52sxqxx
07-25 14:38:53.945 W/SystemConfig( 1287): ro.product.name = a04ub
07-25 14:38:53.945 W/SystemConfig( 1287): fname = a52sxqks
07-25 14:38:53.945 W/SystemConfig( 1287): ro.product.name = a04ub
07-25 14:38:53.945 W/SystemConfig( 1287): fname = r9sxtur
07-25 14:38:53.945 W/SystemConfig( 1287): ro.product.name = a04ub
07-25 14:38:53.945 W/SystemConfig( 1287): fname = r9sxxx
07-25 14:38:53.945 W/SystemConfig( 1287): ro.product.name = a04ub
07-25 14:38:53.945 W/SystemConfig( 1287): fname = r9qksx
07-25 14:38:53.945 W/SystemConfig( 1287): ro.product.name = a04ub
07-25 14:38:53.945 W/SystemConfig( 1287): fname = r9qxeea
07-25 14:38:53.945 W/SystemConfig( 1287): ro.product.name = a04ub
07-25 14:38:53.945 W/SystemConfig( 1287): fname = r9qxtur
07-25 14:38:53.945 W/SystemConfig( 1287): ro.product.name = a04ub
07-25 14:38:53.945 W/SystemConfig( 1287): fname = r9qxser
07-25 14:38:53.945 W/SystemConfig( 1287): ro.product.name = a04ub
07-25 14:38:53.945 W/SystemConfig( 1287): fname = r9qzh
07-25 14:38:53.945 W/SystemConfig( 1287): ro.product.name = a04ub
07-25 14:38:53.945 W/SystemConfig( 1287): fname = r9quew
07-25 14:38:53.945 W/SystemConfig( 1287): ro.product.name = a04ub
07-25 14:38:53.945 W/SystemConfig( 1287): fname = r9qxxx
07-25 14:38:53.945 W/SystemConfig( 1287): ro.product.name = a04ub
07-25 14:38:53.945 W/SystemConfig( 1287): fname = r9qcsx
07-25 14:38:53.945 W/SystemConfig( 1287): ro.product.name = a04ub
07-25 14:38:53.945 W/SystemConfig( 1287): fname = r9qsqw
07-25 14:38:53.945 W/SystemConfig( 1287): ro.product.name = a04ub
07-25 14:38:53.945 W/SystemConfig( 1287): fname = r9q2xser
07-25 14:38:53.945 W/SystemConfig( 1287): ro.product.name = a04ub
07-25 14:38:53.945 W/SystemConfig( 1287): fname = r9q2xxx
07-25 14:38:53.945 W/SystemConfig( 1287): ro.product.name = a04ub
07-25 14:38:53.946 W/SystemConfig( 1287): fname = r9q2xeea
07-25 14:38:53.946 W/SystemConfig( 1287): ro.product.name = a04ub
07-25 14:38:53.946 W/SystemConfig( 1287): fname = r9q2sqw
07-25 14:38:53.946 W/SystemConfig( 1287): ro.product.name = a04ub
07-25 14:38:53.946 W/SystemConfig( 1287): fname = a32ub
07-25 14:38:53.946 W/SystemConfig( 1287): ro.product.name = a04ub
07-25 14:38:53.946 W/SystemConfig( 1287): fname = a32ks
07-25 14:38:53.946 W/SystemConfig( 1287): ro.product.name = a04ub
07-25 14:38:53.946 W/SystemConfig( 1287): fname = a32eea
07-25 14:38:53.946 W/SystemConfig( 1287): ro.product.name = a04ub
07-25 14:38:53.946 W/SystemConfig( 1287): fname = a32tur
07-25 14:38:53.946 W/SystemConfig( 1287): ro.product.name = a04ub
07-25 14:38:53.946 W/SystemConfig( 1287): fname = a32ser
07-25 14:38:53.946 W/SystemConfig( 1287): ro.product.name = a04ub
07-25 14:38:53.946 W/SystemConfig( 1287): fname = a32xx
07-25 14:38:53.946 W/SystemConfig( 1287): ro.product.name = a04ub
07-25 14:38:53.946 W/SystemConfig( 1287): fname = a32xxx
07-25 14:38:53.946 W/SystemConfig( 1287): ro.product.name = a04ub
07-25 14:38:53.946 W/SystemConfig( 1287): fname = a32xcs
07-25 14:38:53.946 W/SystemConfig( 1287): ro.product.name = a04ub
07-25 14:38:53.946 W/SystemConfig( 1287): fname = a32xeea
07-25 14:38:53.946 W/SystemConfig( 1287): ro.product.name = a04ub
07-25 14:38:53.946 W/SystemConfig( 1287): fname = a32xue
07-25 14:38:53.946 W/SystemConfig( 1287): ro.product.name = a04ub
07-25 14:38:53.946 W/SystemConfig( 1287): fname = a32xtfn
07-25 14:38:53.946 W/SystemConfig( 1287): ro.product.name = a04ub
07-25 14:38:53.946 W/SystemConfig( 1287): fname = a32xzh
07-25 14:38:53.946 W/SystemConfig( 1287): ro.product.name = a04ub
07-25 14:38:53.946 W/SystemConfig( 1287): fname = a32xsq
07-25 14:38:53.946 W/SystemConfig( 1287): ro.product.name = a04ub
07-25 14:38:53.946 W/SystemConfig( 1287): fname = SCG08_jp_kdi
07-25 14:38:53.946 W/SystemConfig( 1287): ro.product.name = a04ub
07-25 14:38:53.946 W/SystemConfig( 1287): fname = xcover5eea
07-25 14:38:53.946 W/SystemConfig( 1287): ro.product.name = a04ub
07-25 14:38:53.946 W/SystemConfig( 1287): fname = xcover5ser
07-25 14:38:53.946 W/SystemConfig( 1287): ro.product.name = a04ub
07-25 14:38:53.946 W/SystemConfig( 1287): fname = xcover5kx
07-25 14:38:53.946 W/SystemConfig( 1287): ro.product.name = a04ub
07-25 14:38:53.946 W/SystemConfig( 1287): fname = xcover5xx
07-25 14:38:53.946 W/SystemConfig( 1287): ro.product.name = a04ub
07-25 14:38:53.946 W/SystemConfig( 1287): fname = gts7fewifixx
07-25 14:38:53.946 W/SystemConfig( 1287): ro.product.name = a04ub
07-25 14:38:53.946 W/SystemConfig( 1287): fname = gts7fewifitur
07-25 14:38:53.946 W/SystemConfig( 1287): ro.product.name = a04ub
07-25 14:38:53.946 W/SystemConfig( 1287): fname = gts7fewifieea
07-25 14:38:53.946 W/SystemConfig( 1287): ro.product.name = a04ub
07-25 14:38:53.946 W/SystemConfig( 1287): fname = gts7fewifiser
07-25 14:38:53.946 W/SystemConfig( 1287): ro.product.name = a04ub
07-25 14:38:53.946 W/SystemConfig( 1287): fname = gts7xllitexx
07-25 14:38:53.946 W/SystemConfig( 1287): ro.product.name = a04ub
07-25 14:38:53.946 W/SystemConfig( 1287): fname = gts7xlliteser
07-25 14:38:53.946 W/SystemConfig( 1287): ro.product.name = a04ub
07-25 14:38:53.946 W/SystemConfig( 1287): fname = gts7xllitexeea
07-25 14:38:53.946 W/SystemConfig( 1287): ro.product.name = a04ub
07-25 14:38:53.946 W/SystemConfig( 1287): fname = gts7xllitekx
07-25 14:38:53.946 W/SystemConfig( 1287): ro.product.name = a04ub
07-25 14:38:53.946 W/SystemConfig( 1287): fname = gts7xllitetur
07-25 14:38:53.946 W/SystemConfig( 1287): ro.product.name = a04ub
07-25 14:38:53.946 W/SystemConfig( 1287): fname = gts7xllitekxx
07-25 14:38:53.946 W/SystemConfig( 1287): ro.product.name = a04ub
07-25 14:38:53.946 W/SystemConfig( 1287): fname = gts7xllitesqwnc
07-25 14:38:53.946 W/SystemConfig( 1287): ro.product.name = a04ub
07-25 14:38:53.947 W/SystemConfig( 1287): fname = gts7xllitexxx
07-25 14:38:53.947 W/SystemConfig( 1287): ro.product.name = a04ub
07-25 14:38:53.947 W/SystemConfig( 1287): fname = gts7xllitesqw
07-25 14:38:53.947 W/SystemConfig( 1287): ro.product.name = a04ub
07-25 14:38:53.947 W/SystemConfig( 1287): fname = gts7xllitewifieea
07-25 14:38:53.947 W/SystemConfig( 1287): ro.product.name = a04ub
07-25 14:38:53.947 W/SystemConfig( 1287): fname = gts7xllitewifixx
07-25 14:38:53.947 W/SystemConfig( 1287): ro.product.name = a04ub
07-25 14:38:53.947 W/SystemConfig( 1287): fname = gts7xllitewifitur
07-25 14:38:53.947 W/SystemConfig( 1287): ro.product.name = a04ub
07-25 14:38:53.947 W/SystemConfig( 1287): fname = gts7xllitewifiser
07-25 14:38:53.947 W/SystemConfig( 1287): ro.product.name = a04ub
07-25 14:38:53.947 W/SystemConfig( 1287): fname = b0sxser
07-25 14:38:53.947 W/SystemConfig( 1287): ro.product.name = a04ub
07-25 14:38:53.947 W/SystemConfig( 1287): fname = b0sxtur
07-25 14:38:53.947 W/SystemConfig( 1287): ro.product.name = a04ub
07-25 14:38:53.947 W/SystemConfig( 1287): fname = b0sxxx
07-25 14:38:53.947 W/SystemConfig( 1287): ro.product.name = a04ub
07-25 14:38:53.947 W/SystemConfig( 1287): fname = b0sxeea
07-25 14:38:53.947 W/SystemConfig( 1287): ro.product.name = a04ub
07-25 14:38:53.947 W/SystemConfig( 1287): fname = b0sksx
07-25 14:38:53.947 W/SystemConfig( 1287): ro.product.name = a04ub
07-25 14:38:53.947 W/SystemConfig( 1287): fname = b0qksx
07-25 14:38:53.947 W/SystemConfig( 1287): ro.product.name = a04ub
07-25 14:38:53.947 W/SystemConfig( 1287): fname = b0quew
07-25 14:38:53.947 W/SystemConfig( 1287): ro.product.name = a04ub
07-25 14:38:53.947 I/servicemanager( 437): Adding 'u:r:system_server:s0' service
(platform_compat:1287)
07-25 14:38:53.947 W/SystemConfig( 1287): fname = b0qcsx
07-25 14:38:53.947 W/SystemConfig( 1287): ro.product.name = a04ub
07-25 14:38:53.947 W/SystemConfig( 1287): fname = b0qxxx
07-25 14:38:53.947 W/SystemConfig( 1287): ro.product.name = a04ub
07-25 14:38:53.947 W/SystemConfig( 1287): fname = b0qsqw
07-25 14:38:53.947 W/SystemConfig( 1287): ro.product.name = a04ub
07-25 14:38:53.947 W/SystemConfig( 1287): fname = b0qzhx
07-25 14:38:53.947 W/SystemConfig( 1287): ro.product.name = a04ub
07-25 14:38:53.947 W/SystemConfig( 1287): fname = b0qxtur
07-25 14:38:53.947 W/SystemConfig( 1287): ro.product.name = a04ub
07-25 14:38:53.947 W/SystemConfig( 1287): fname = SC-52C
07-25 14:38:53.947 W/SystemConfig( 1287): ro.product.name = a04ub
07-25 14:38:53.947 W/SystemConfig( 1287): fname = SCG14_jp_kdi
07-25 14:38:53.947 W/SystemConfig( 1287): ro.product.name = a04ub
07-25 14:38:53.947 W/SystemConfig( 1287): fname = r0sxxx
07-25 14:38:53.947 W/SystemConfig( 1287): ro.product.name = a04ub
07-25 14:38:53.947 W/SystemConfig( 1287): fname = r0sxeea
07-25 14:38:53.947 W/SystemConfig( 1287): ro.product.name = a04ub
07-25 14:38:53.947 W/SystemConfig( 1287): fname = r0sxtur
07-25 14:38:53.947 W/SystemConfig( 1287): ro.product.name = a04ub
07-25 14:38:53.947 W/SystemConfig( 1287): fname = r0sxser
07-25 14:38:53.947 W/SystemConfig( 1287): ro.product.name = a04ub
07-25 14:38:53.947 W/SystemConfig( 1287): fname = r0sksx
07-25 14:38:53.947 W/SystemConfig( 1287): ro.product.name = a04ub
07-25 14:38:53.947 W/SystemConfig( 1287): fname = r0qksx
07-25 14:38:53.947 W/SystemConfig( 1287): ro.product.name = a04ub
07-25 14:38:53.947 W/SystemConfig( 1287): fname = r0qxtur
07-25 14:38:53.947 W/SystemConfig( 1287): ro.product.name = a04ub
07-25 14:38:53.947 W/SystemConfig( 1287): fname = r0qcsx
07-25 14:38:53.948 W/SystemConfig( 1287): ro.product.name = a04ub
07-25 14:38:53.948 W/SystemConfig( 1287): fname = r0qzhx
07-25 14:38:53.948 W/SystemConfig( 1287): ro.product.name = a04ub
07-25 14:38:53.948 W/SystemConfig( 1287): fname = r0quew
07-25 14:38:53.948 W/SystemConfig( 1287): ro.product.name = a04ub
07-25 14:38:53.948 W/SystemConfig( 1287): fname = r0qsqw
07-25 14:38:53.948 W/SystemConfig( 1287): ro.product.name = a04ub
07-25 14:38:53.948 W/SystemConfig( 1287): fname = r0qxxx
07-25 14:38:53.948 W/SystemConfig( 1287): ro.product.name = a04ub
07-25 14:38:53.948 W/SystemConfig( 1287): fname = SC-51C
07-25 14:38:53.948 I/servicemanager( 437): Adding 'u:r:system_server:s0' service
(platform_compat_native:1287)
07-25 14:38:53.948 W/SystemConfig( 1287): ro.product.name = a04ub
07-25 14:38:53.948 W/SystemConfig( 1287): fname = SCG13_jp_kdi
07-25 14:38:53.948 W/SystemConfig( 1287): ro.product.name = a04ub
07-25 14:38:53.948 W/SystemConfig( 1287): fname = g0sxxx
07-25 14:38:53.948 W/SystemConfig( 1287): ro.product.name = a04ub
07-25 14:38:53.948 W/SystemConfig( 1287): fname = g0sxtur
07-25 14:38:53.948 W/SystemConfig( 1287): ro.product.name = a04ub
07-25 14:38:53.948 W/SystemConfig( 1287): fname = g0sxeea
07-25 14:38:53.948 W/SystemConfig( 1287): ro.product.name = a04ub
07-25 14:38:53.948 W/SystemConfig( 1287): fname = g0sxser
07-25 14:38:53.948 D/SystemServerTiming( 1287): PlatformCompat took to complete:
111ms
07-25 14:38:53.948 W/SystemConfig( 1287): ro.product.name = a04ub
07-25 14:38:53.948 W/SystemConfig( 1287): fname = g0sksx
07-25 14:38:53.948 I/SystemServerTiming( 1287): StartFileIntegrityService
07-25 14:38:53.948 W/SystemConfig( 1287): ro.product.name = a04ub
07-25 14:38:53.948 W/SystemConfig( 1287): fname = g0qksx
07-25 14:38:53.948 W/SystemConfig( 1287): ro.product.name = a04ub
07-25 14:38:53.948 W/SystemConfig( 1287): fname = g0quew
07-25 14:38:53.948 W/SystemConfig( 1287): ro.product.name = a04ub
07-25 14:38:53.948 W/SystemConfig( 1287): fname = g0qxtur
07-25 14:38:53.948 W/SystemConfig( 1287): ro.product.name = a04ub
07-25 14:38:53.948 W/SystemConfig( 1287): fname = g0qcsx
07-25 14:38:53.948 W/SystemConfig( 1287): ro.product.name = a04ub
07-25 14:38:53.948 W/SystemConfig( 1287): fname = g0qxxx
07-25 14:38:53.948 W/SystemConfig( 1287): ro.product.name = a04ub
07-25 14:38:53.948 W/SystemConfig( 1287): fname = g0qsqw
07-25 14:38:53.948 W/SystemConfig( 1287): ro.product.name = a04ub
07-25 14:38:53.948 W/SystemConfig( 1287): fname = g0qzhx
07-25 14:38:53.948 W/SystemConfig( 1287): ro.product.name = a04ub
07-25 14:38:53.948 W/SystemConfig( 1287): fname = gts8kxx
07-25 14:38:53.948 W/SystemConfig( 1287): ro.product.name = a04ub
07-25 14:38:53.948 W/SystemConfig( 1287): fname = gts8keea
07-25 14:38:53.948 W/SystemConfig( 1287): ro.product.name = a04ub
07-25 14:38:53.948 I/SystemServiceManager( 1287): Starting
com.android.server.security.FileIntegrityService
07-25 14:38:53.948 W/SystemConfig( 1287): fname = gts8xser
07-25 14:38:53.948 W/SystemConfig( 1287): ro.product.name = a04ub
07-25 14:38:53.948 W/SystemConfig( 1287): fname = gts8xeea
07-25 14:38:53.948 W/SystemConfig( 1287): ro.product.name = a04ub
07-25 14:38:53.948 W/SystemConfig( 1287): fname = gts8xxx
07-25 14:38:53.948 W/SystemConfig( 1287): ro.product.name = a04ub
07-25 14:38:53.948 W/SystemConfig( 1287): fname = gts8sq
07-25 14:38:53.948 W/SystemConfig( 1287): ro.product.name = a04ub
07-25 14:38:53.948 W/SystemConfig( 1287): fname = gts8wifiser
07-25 14:38:53.948 W/SystemConfig( 1287): ro.product.name = a04ub
07-25 14:38:53.948 W/SystemConfig( 1287): fname = gts8wifitur
07-25 14:38:53.948 W/SystemConfig( 1287): ro.product.name = a04ub
07-25 14:38:53.948 W/SystemConfig( 1287): fname = gts8wifixx
07-25 14:38:53.948 W/SystemConfig( 1287): ro.product.name = a04ub
07-25 14:38:53.948 W/SystemConfig( 1287): fname = gts8wifieea
07-25 14:38:53.948 W/SystemConfig( 1287): ro.product.name = a04ub
07-25 14:38:53.949 W/SystemConfig( 1287): fname = gts8pkxx
07-25 14:38:53.949 W/SystemConfig( 1287): ro.product.name = a04ub
07-25 14:38:53.949 W/SystemConfig( 1287): fname = gts8psqw
07-25 14:38:53.949 W/SystemConfig( 1287): ro.product.name = a04ub
07-25 14:38:53.949 W/SystemConfig( 1287): fname = gts8psqw
07-25 14:38:53.949 W/SystemConfig( 1287): ro.product.name = a04ub
07-25 14:38:53.949 W/SystemConfig( 1287): fname = gts8pxser
07-25 14:38:53.949 W/SystemConfig( 1287): ro.product.name = a04ub
07-25 14:38:53.949 W/SystemConfig( 1287): fname = gts8peea
07-25 14:38:53.949 W/SystemConfig( 1287): ro.product.name = a04ub
07-25 14:38:53.949 W/SystemConfig( 1287): fname = gts8pxx
07-25 14:38:53.949 W/SystemConfig( 1287): ro.product.name = a04ub
07-25 14:38:53.949 W/SystemConfig( 1287): fname = gts8pxeea
07-25 14:38:53.949 W/SystemConfig( 1287): ro.product.name = a04ub
07-25 14:38:53.949 W/SystemConfig( 1287): fname = gts8pxxx
07-25 14:38:53.949 W/SystemConfig( 1287): ro.product.name = a04ub
07-25 14:38:53.949 W/SystemConfig( 1287): fname = gts8psqwnc
07-25 14:38:53.949 W/SystemConfig( 1287): ro.product.name = a04ub
07-25 14:38:53.949 W/SystemConfig( 1287): fname = gts8pwifitur
07-25 14:38:53.949 W/SystemConfig( 1287): ro.product.name = a04ub
07-25 14:38:53.949 W/SystemConfig( 1287): fname = gts8pwifiser
07-25 14:38:53.949 W/SystemConfig( 1287): ro.product.name = a04ub
07-25 14:38:53.949 W/SystemConfig( 1287): fname = gts8pwifixx
07-25 14:38:53.949 W/SystemConfig( 1287): ro.product.name = a04ub
07-25 14:38:53.949 W/SystemConfig( 1287): fname = gts8pwifieea
07-25 14:38:53.949 W/SystemConfig( 1287): ro.product.name = a04ub
07-25 14:38:53.949 W/SystemConfig( 1287): fname = gts8pwifijpn
07-25 14:38:53.949 W/SystemConfig( 1287): ro.product.name = a04ub
07-25 14:38:53.949 W/SystemConfig( 1287): fname = gts8ukxx
07-25 14:38:53.949 W/SystemConfig( 1287): ro.product.name = a04ub
07-25 14:38:53.949 W/SystemConfig( 1287): fname = gts8uxser
07-25 14:38:53.949 W/SystemConfig( 1287): ro.product.name = a04ub
07-25 14:38:53.949 W/SystemConfig( 1287): fname = gts8uxeea
07-25 14:38:53.949 W/SystemConfig( 1287): ro.product.name = a04ub
07-25 14:38:53.949 W/SystemConfig( 1287): fname = gts8uxxx
07-25 14:38:53.949 W/SystemConfig( 1287): ro.product.name = a04ub
07-25 14:38:53.949 W/SystemConfig( 1287): fname = gts8uwifiser
07-25 14:38:53.949 W/SystemConfig( 1287): ro.product.name = a04ub
07-25 14:38:53.949 W/SystemConfig( 1287): fname = gts8uwifitur
07-25 14:38:53.949 W/SystemConfig( 1287): ro.product.name = a04ub
07-25 14:38:53.949 W/SystemConfig( 1287): fname = gts8uwifieea
07-25 14:38:53.949 W/SystemConfig( 1287): ro.product.name = a04ub
07-25 14:38:53.949 W/SystemConfig( 1287): fname = gts8uwifixx
07-25 14:38:53.949 W/SystemConfig( 1287): ro.product.name = a04ub
07-25 14:38:53.949 W/SystemConfig( 1287): fname = a33xnndxx
07-25 14:38:53.949 W/SystemConfig( 1287): ro.product.name = a04ub
07-25 14:38:53.949 W/SystemConfig( 1287): fname = a33xnsdtur
07-25 14:38:53.949 W/SystemConfig( 1287): ro.product.name = a04ub
07-25 14:38:53.949 W/SystemConfig( 1287): fname = a33xnsdxx
07-25 14:38:53.949 W/SystemConfig( 1287): ro.product.name = a04ub
07-25 14:38:53.949 W/SystemConfig( 1287): fname = a33xnndx
07-25 14:38:53.949 W/SystemConfig( 1287): ro.product.name = a04ub
07-25 14:38:53.949 W/SystemConfig( 1287): fname = a33xnsdx
07-25 14:38:53.949 W/SystemConfig( 1287): ro.product.name = a04ub
07-25 14:38:53.949 W/SystemConfig( 1287): fname = a33xub
07-25 14:38:53.949 W/SystemConfig( 1287): ro.product.name = a04ub
07-25 14:38:53.949 W/SystemConfig( 1287): fname = a33xks
07-25 14:38:53.949 W/SystemConfig( 1287): ro.product.name = a04ub
07-25 14:38:53.949 W/SystemConfig( 1287): fname = a33xzh
07-25 14:38:53.949 W/SystemConfig( 1287): ro.product.name = a04ub
07-25 14:38:53.949 W/SystemConfig( 1287): fname = a33xnsser
07-25 14:38:53.949 W/SystemConfig( 1287): ro.product.name = a04ub
07-25 14:38:53.949 W/SystemConfig( 1287): fname = a33xnsxx
07-25 14:38:53.949 W/SystemConfig( 1287): ro.product.name = a04ub
07-25 14:38:53.949 W/SystemConfig( 1287): fname = a33xnseea
07-25 14:38:53.950 W/SystemConfig( 1287): ro.product.name = a04ub
07-25 14:38:53.950 W/SystemConfig( 1287): fname = a53xtfn
07-25 14:38:53.950 W/SystemConfig( 1287): ro.product.name = a04ub
07-25 14:38:53.950 W/SystemConfig( 1287): fname = a53xzh
07-25 14:38:53.950 W/SystemConfig( 1287): ro.product.name = a04ub
07-25 14:38:53.950 W/SystemConfig( 1287): fname = a53xcsx
07-25 14:38:53.950 W/SystemConfig( 1287): ro.product.name = a04ub
07-25 14:38:53.950 W/SystemConfig( 1287): fname = a53xnaxx
07-25 14:38:53.950 W/SystemConfig( 1287): ro.product.name = a04ub
07-25 14:38:53.950 W/SystemConfig( 1287): fname = a53xksx
07-25 14:38:53.950 W/SystemConfig( 1287): ro.product.name = a04ub
07-25 14:38:53.950 W/SystemConfig( 1287): fname = a53xnsser
07-25 14:38:53.950 W/SystemConfig( 1287): ro.product.name = a04ub
07-25 14:38:53.950 W/SystemConfig( 1287): fname = a53xnstur
07-25 14:38:53.950 W/SystemConfig( 1287): ro.product.name = a04ub
07-25 14:38:53.950 W/SystemConfig( 1287): fname = a53xnsxx
07-25 14:38:53.950 W/SystemConfig( 1287): ro.product.name = a04ub
07-25 14:38:53.950 W/SystemConfig( 1287): fname = a53xsqx
07-25 14:38:53.950 W/SystemConfig( 1287): ro.product.name = a04ub
07-25 14:38:53.950 W/SystemConfig( 1287): fname = a53xsqw
07-25 14:38:53.950 W/SystemConfig( 1287): ro.product.name = a04ub
07-25 14:38:53.950 W/SystemConfig( 1287): fname = a53xnaeea
07-25 14:38:53.950 W/SystemConfig( 1287): ro.product.name = a04ub
07-25 14:38:53.950 W/SystemConfig( 1287): fname = a53xue
07-25 14:38:53.950 W/SystemConfig( 1287): ro.product.name = a04ub
07-25 14:38:53.950 W/SystemConfig( 1287): fname = SC-53C
07-25 14:38:53.950 W/SystemConfig( 1287): ro.product.name = a04ub
07-25 14:38:53.950 W/SystemConfig( 1287): fname = SCG15_jp_kdi
07-25 14:38:53.950 W/SystemConfig( 1287): ro.product.name = a04ub
07-25 14:38:53.950 W/SystemConfig( 1287): fname = xcoverpro2cs
07-25 14:38:53.950 W/SystemConfig( 1287): ro.product.name = a04ub
07-25 14:38:53.950 W/SystemConfig( 1287): fname = xcoverpro2ue
07-25 14:38:53.950 W/SystemConfig( 1287): ro.product.name = a04ub
07-25 14:38:53.950 W/SystemConfig( 1287): fname = xcoverpro2tur
07-25 14:38:53.950 W/SystemConfig( 1287): ro.product.name = a04ub
07-25 14:38:53.950 W/SystemConfig( 1287): fname = xcoverpro2eea
07-25 14:38:53.950 W/SystemConfig( 1287): ro.product.name = a04ub
07-25 14:38:53.950 W/SystemConfig( 1287): fname = xcoverpro2xx
07-25 14:38:53.950 W/SystemConfig( 1287): ro.product.name = a04ub
07-25 14:38:53.950 W/SystemConfig( 1287): fname = xcoverpro2sq
07-25 14:38:53.950 W/SystemConfig( 1287): ro.product.name = a04ub
07-25 14:38:53.950 W/SystemConfig( 1287): fname = q4qsqw
07-25 14:38:53.950 W/SystemConfig( 1287): ro.product.name = a04ub
07-25 14:38:53.950 W/SystemConfig( 1287): fname = q4qzhx
07-25 14:38:53.950 W/SystemConfig( 1287): ro.product.name = a04ub
07-25 14:38:53.950 W/SystemConfig( 1287): fname = q4qksx
07-25 14:38:53.950 W/SystemConfig( 1287): ro.product.name = a04ub
07-25 14:38:53.950 W/SystemConfig( 1287): fname = q4quew
07-25 14:38:53.950 W/SystemConfig( 1287): ro.product.name = a04ub
07-25 14:38:53.950 W/SystemConfig( 1287): fname = q4qcsx
07-25 14:38:53.950 W/SystemConfig( 1287): ro.product.name = a04ub
07-25 14:38:53.950 W/SystemConfig( 1287): fname = q4qxser
07-25 14:38:53.950 W/SystemConfig( 1287): ro.product.name = a04ub
07-25 14:38:53.950 W/SystemConfig( 1287): fname = q4qxtur
07-25 14:38:53.950 W/SystemConfig( 1287): ro.product.name = a04ub
07-25 14:38:53.951 W/SystemConfig( 1287): fname = q4qxxx
07-25 14:38:53.951 W/SystemConfig( 1287): ro.product.name = a04ub
07-25 14:38:53.951 W/SystemConfig( 1287): fname = q4qxeea
07-25 14:38:53.951 W/SystemConfig( 1287): ro.product.name = a04ub
07-25 14:38:53.951 W/SystemConfig( 1287): fname = SC-55C
07-25 14:38:53.951 W/SystemConfig( 1287): ro.product.name = a04ub
07-25 14:38:53.951 W/SystemConfig( 1287): fname = SCG16_jp_kdi
07-25 14:38:53.951 W/SystemConfig( 1287): ro.product.name = a04ub
07-25 14:38:53.951 W/SystemConfig( 1287): fname = b4qsqw
07-25 14:38:53.951 W/SystemConfig( 1287): ro.product.name = a04ub
07-25 14:38:53.951 W/SystemConfig( 1287): fname = b4qzhx
07-25 14:38:53.951 W/SystemConfig( 1287): ro.product.name = a04ub
07-25 14:38:53.951 W/SystemConfig( 1287): fname = b4qxeea
07-25 14:38:53.951 W/SystemConfig( 1287): ro.product.name = a04ub
07-25 14:38:53.951 W/SystemConfig( 1287): fname = b4qksx
07-25 14:38:53.951 W/SystemConfig( 1287): ro.product.name = a04ub
07-25 14:38:53.951 W/SystemConfig( 1287): fname = b4quew
07-25 14:38:53.951 W/SystemConfig( 1287): ro.product.name = a04ub
07-25 14:38:53.951 W/SystemConfig( 1287): fname = b4qrktw
07-25 14:38:53.951 W/SystemConfig( 1287): ro.product.name = a04ub
07-25 14:38:53.951 W/SystemConfig( 1287): fname = b4qcsx
07-25 14:38:53.951 W/SystemConfig( 1287): ro.product.name = a04ub
07-25 14:38:53.951 W/SystemConfig( 1287): fname = b4qxser
07-25 14:38:53.951 W/SystemConfig( 1287): ro.product.name = a04ub
07-25 14:38:53.951 W/SystemConfig( 1287): fname = b4qxtur
07-25 14:38:53.951 W/SystemConfig( 1287): ro.product.name = a04ub
07-25 14:38:53.951 W/SystemConfig( 1287): fname = b4qxxx
07-25 14:38:53.951 W/SystemConfig( 1287): ro.product.name = a04ub
07-25 14:38:53.951 W/SystemConfig( 1287): fname = SC-54C
07-25 14:38:53.951 W/SystemConfig( 1287): ro.product.name = a04ub
07-25 14:38:53.951 W/SystemConfig( 1287): fname = SCG17_jp_kdi
07-25 14:38:53.951 W/SystemConfig( 1287): ro.product.name = a04ub
07-25 14:38:53.951 W/SystemConfig( 1287): fname = gtact4prokxx
07-25 14:38:53.951 W/SystemConfig( 1287): ro.product.name = a04ub
07-25 14:38:53.951 W/SystemConfig( 1287): fname = gtact4proxser
07-25 14:38:53.951 W/SystemConfig( 1287): ro.product.name = a04ub
07-25 14:38:53.951 W/SystemConfig( 1287): fname = gtact4proxeea
07-25 14:38:53.951 W/SystemConfig( 1287): ro.product.name = a04ub
07-25 14:38:53.951 W/SystemConfig( 1287): fname = gtact4proxxx
07-25 14:38:53.951 W/SystemConfig( 1287): ro.product.name = a04ub
07-25 14:38:53.951 W/SystemConfig( 1287): fname = gtact4proue
07-25 14:38:53.951 W/SystemConfig( 1287): ro.product.name = a04ub
07-25 14:38:53.951 W/SystemConfig( 1287): fname = gtact4protur
07-25 14:38:53.951 W/SystemConfig( 1287): ro.product.name = a04ub
07-25 14:38:53.951 W/SystemConfig( 1287): fname = gtact4prowifieea
07-25 14:38:53.951 W/SystemConfig( 1287): ro.product.name = a04ub
07-25 14:38:53.951 W/SystemConfig( 1287): fname = gtact4prowifixx
07-25 14:38:53.952 W/SystemConfig( 1287): ro.product.name = a04ub
07-25 14:38:53.952 W/SystemConfig( 1287): fname = SC-56C
07-25 14:38:53.952 W/SystemConfig( 1287): ro.product.name = a04ub
07-25 14:38:53.952 I/SystemConfig( 1287): Reading permissions from
/product/etc/sysconfig/GoogleCellBroadcast_config.xml
07-25 14:38:53.952 I/servicemanager( 437): Adding 'u:r:system_server:s0' service
(file_integrity:1287)
07-25 14:38:53.952 E/SystemConfig( 1287): aer = false, f.getPath().contains = true
07-25 14:38:53.952 I/SystemConfig( 1287): Reading permissions from
/product/etc/sysconfig/carrierwifi-sysconfig.xml
07-25 14:38:53.952 D/SystemServerTiming( 1287): StartFileIntegrityService took to
complete: 4ms
07-25 14:38:53.953 I/SystemServerTiming( 1287): StartInstaller
07-25 14:38:53.953 I/SystemConfig( 1287): Reading permissions from
/product/etc/sysconfig/google-rollback-package-whitelist.xml
07-25 14:38:53.953 I/SystemServiceManager( 1287): Starting
com.android.server.pm.Installer
07-25 14:38:53.953 I/SystemConfig( 1287): Reading permissions from
/product/etc/sysconfig/google-staged-installer-whitelist.xml
07-25 14:38:53.953 I/SystemConfig( 1287): Reading permissions from
/product/etc/sysconfig/google.xml
07-25 14:38:53.954 I/SystemConfig( 1287): Adding association: com.google.android.as
<- com.android.bluetooth
07-25 14:38:53.954 I/SystemConfig( 1287): Adding association: com.google.android.as
<- com.android.providers.contacts
07-25 14:38:53.954 I/SystemConfig( 1287): Adding association: com.google.android.as
<- com.android.providers.media
07-25 14:38:53.954 I/SystemConfig( 1287): Adding association: com.google.android.as
<- com.android.providers.telephony
07-25 14:38:53.954 I/SystemConfig( 1287): Adding association: com.google.android.as
<- com.android.systemui
07-25 14:38:53.954 I/SystemConfig( 1287): Adding association: com.google.android.as
<- com.google.android.providers.media.module
07-25 14:38:53.954 I/SystemConfig( 1287): Adding association: com.google.android.as
<- com.google.android.as.oss
07-25 14:38:53.954 I/SystemConfig( 1287): Adding association:
com.google.android.as.oss <- com.google.android.as
07-25 14:38:53.954 I/SystemConfig( 1287): Reading permissions from
/product/etc/sysconfig/google_am.xml
07-25 14:38:53.954 I/SystemConfig( 1287): Reading permissions from
/product/etc/sysconfig/google_duo.xml
07-25 14:38:53.955 I/SystemConfig( 1287): Reading permissions from
/product/etc/sysconfig/google_turbo.xml
07-25 14:38:53.955 I/SystemConfig( 1287): Reading permissions from
/product/etc/sysconfig/preinstalled-packages-platform-handheld-product.xml
07-25 14:38:53.955 I/SystemConfig( 1287): Reading permissions from
/product/etc/sysconfig/preinstalled-packages-platform-overlays.xml
07-25 14:38:53.956 I/SystemConfig( 1287): Reading permissions from
/product/etc/sysconfig/wellbeing.xml
07-25 14:38:53.957 I/SystemConfig( 1287): Reading permissions from
/product/etc/permissions/carrierwifi.xml
07-25 14:38:53.957 I/SystemConfig( 1287): Reading permissions from
/product/etc/permissions/privapp-permissions-google-comms-suite.xml
07-25 14:38:53.957 D/installd( 940): Found quota mount /dev/block/dm-10 at /data
07-25 14:38:53.957 I/SystemConfig( 1287): Reading permissions from
/product/etc/permissions/privapp-permissions-google-product.xml
07-25 14:38:53.957 D/installd( 940): Found quota mount /dev/block/dm-10 at
/data/user/0
07-25 14:38:53.960 D/SystemServerTiming( 1287): StartInstaller took to complete:
8ms
07-25 14:38:53.960 I/SystemServerTiming( 1287): DeviceIdentifiersPolicyService
07-25 14:38:53.960 I/SystemServiceManager( 1287): Starting
com.android.server.os.DeviceIdentifiersPolicyService
07-25 14:38:53.961 I/SystemConfig( 1287): Reading permissions from
/product/etc/permissions/product-permissions-mediatek.xml
07-25 14:38:53.961 I/SystemConfig( 1287): Reading permissions from
/product/etc/permissions/split-permissions-google.xml
07-25 14:38:53.961 I/servicemanager( 437): Adding 'u:r:system_server:s0' service
(device_identifiers:1287)
07-25 14:38:53.961 I/SystemConfig( 1287): Reading permissions from
/product/etc/permissions/turboapk-permissions.xml
07-25 14:38:53.962 D/SystemServerTiming( 1287): DeviceIdentifiersPolicyService took
to complete: 2ms
07-25 14:38:53.962 I/SystemServerTiming( 1287): UriGrantsManagerService
07-25 14:38:53.962 I/SystemServiceManager( 1287): Starting
com.android.server.uri.UriGrantsManagerService$Lifecycle
07-25 14:38:53.962 W/SystemConfig( 1287): No directory /system_ext/etc/sysconfig,
skipping
07-25 14:38:53.964 I/servicemanager( 437): Adding 'u:r:system_server:s0' service
(uri_grants:1287)
07-25 14:38:53.964 I/SystemConfig( 1287): Reading permissions from
/system_ext/etc/permissions/com.android.carrierconfig.xml
07-25 14:38:53.964 D/SystemServerTiming( 1287): UriGrantsManagerService took to
complete: 2ms
07-25 14:38:53.964 I/SystemServerTiming( 1287): StartPowerStatsService
07-25 14:38:53.965 I/SystemServiceManager( 1287): Starting
com.android.server.powerstats.PowerStatsService
07-25 14:38:53.965 I/SystemConfig( 1287): Reading permissions from
/system_ext/etc/permissions/com.android.emergency.xml
07-25 14:38:53.965 I/SystemConfig( 1287): Reading permissions from
/system_ext/etc/permissions/com.android.storagemanager.xml
07-25 14:38:53.966 E/servicemanager( 437): Could not find
android.hardware.power.stats.IPowerStats/default in the VINTF manifest.
07-25 14:38:53.966 I/SystemConfig( 1287): Reading permissions from
/system_ext/etc/permissions/com.android.systemui.xml
07-25 14:38:53.968 I/SystemConfig( 1287): Reading permissions from
/system_ext/etc/permissions/com.samsung.systemui.xml
07-25 14:38:53.968 D/hw-ProcessState( 1287): Binder ioctl to enable oneway spam
detection failed: Invalid argument
07-25 14:38:53.969 I/hwservicemanager( 439): getTransport: Cannot find entry
android.hardware.power.stats@1.0::IPowerStats/default in either framework or device
VINTF manifest.
07-25 14:38:53.969 E/PowerStatsService( 1287): Unable to get power.stats HAL
service.
07-25 14:38:53.969 E/PowerStatsService( 1287): nativeInit failed to connect to
power.stats HAL
07-25 14:38:53.969 I/SystemConfig( 1287): Reading permissions from
/system_ext/etc/permissions/privapp-permissions-google-system-ext.xml
07-25 14:38:53.970 I/servicemanager( 437): Adding 'u:r:system_server:s0' service
(powerstats:1287)
07-25 14:38:53.970 D/SystemServerTiming( 1287): StartPowerStatsService took to
complete: 6ms
07-25 14:38:53.970 I/SystemServerTiming( 1287): StartIStatsService
07-25 14:38:53.971 I/SystemConfig( 1287): Reading permissions from
/system_ext/etc/permissions/system-ext-permissions-mediatek.xml
07-25 14:38:53.972 I/HidlServiceManagement( 1287): Registered
android.frameworks.stats@1.0::IStats/default
07-25 14:38:53.973 W/SystemConfig( 1287): No directory /system/carrier/sysconfig,
skipping
07-25 14:38:53.973 W/SystemConfig( 1287): No directory /system/carrier/permissions,
skipping
07-25 14:38:53.973 W/SystemConfig( 1287): No directory
/prism/etc/carriers/single/ARO/sysconfig, skipping
07-25 14:38:53.973 I/servicemanager( 437): Found
android.frameworks.stats.IStats/default in framework VINTF manifest.
07-25 14:38:53.973 I/servicemanager( 437): Adding 'u:r:system_server:s0' service
(android.frameworks.stats.IStats/default:1287)
07-25 14:38:53.974 D/SystemServerTiming( 1287): StartIStatsService took to
complete: 3ms
07-25 14:38:53.974 I/SystemServerTiming( 1287): MemtrackProxyService
07-25 14:38:53.974 I/SystemConfig( 1287): Reading permissions from
/prism/etc/carriers/single/ARO/permissions/privapp-permissions-
com.applovin.array.apphub.samsung.xml
07-25 14:38:53.976 E/servicemanager( 437): Could not find
android.hardware.memtrack.IMemtrack/default in the VINTF manifest.
07-25 14:38:53.976 I/Stability( 1287): Interface set with vintf stability wire
protocol version 1 downgraded to system stability wire protocol version 1 stability
07-25 14:38:53.977 I/SystemConfig( 1287): Reading permissions from
/apex/com.android.tethering/etc/permissions/privapp_allowlist_com.google.android.ne
tworkstack.tethering.xml
07-25 14:38:53.977 I/servicemanager( 437): Adding 'u:r:system_server:s0' service
(memtrack.proxy:1287)
07-25 14:38:53.977 D/SystemServerTiming( 1287): MemtrackProxyService took to
complete: 3ms
07-25 14:38:53.977 I/SystemServerTiming( 1287): StartActivityManager
07-25 14:38:53.977 I/SystemServiceManager( 1287): Starting
com.android.server.wm.ActivityTaskManagerService$Lifecycle
07-25 14:38:53.977 W/SystemConfig( 1287): <privapp-permissions> not allowed in
partition of
/apex/com.android.tethering/etc/permissions/privapp_allowlist_com.google.android.ne
tworkstack.tethering.xml at START_TAG <privapp-permissions
package='com.google.android.networkstack.tethering'>@19:78 in
java.io.FileReader@ed0cb8b
07-25 14:38:53.979 I/SystemConfig( 1287): Reading permissions from
/apex/com.android.cellbroadcast/etc/permissions/privapp_allowlist_com.google.androi
d.cellbroadcastreceiver.xml
07-25 14:38:53.979 W/SystemConfig( 1287): <privapp-permissions> not allowed in
partition of
/apex/com.android.cellbroadcast/etc/permissions/privapp_allowlist_com.google.androi
d.cellbroadcastreceiver.xml at START_TAG <privapp-permissions
package='com.google.android.cellbroadcastreceiver'>@18:77 in
java.io.FileReader@5e73081
07-25 14:38:53.980 I/SystemConfig( 1287): Reading permissions from
/apex/com.android.cellbroadcast/etc/permissions/privapp_allowlist_com.google.androi
d.cellbroadcastservice.xml
07-25 14:38:53.980 W/SystemConfig( 1287): <privapp-permissions> not allowed in
partition of
/apex/com.android.cellbroadcast/etc/permissions/privapp_allowlist_com.google.androi
d.cellbroadcastservice.xml at START_TAG <privapp-permissions
package='com.google.android.cellbroadcastservice'>@18:76 in
java.io.FileReader@67e9567
07-25 14:38:53.982 I/SystemConfig( 1287): Reading permissions from
/apex/com.android.mediaprovider/etc/permissions/privapp_allowlist_com.google.androi
d.providers.media.module.xml
07-25 14:38:53.983 W/SystemConfig( 1287): <privapp-permissions> not allowed in
partition of
/apex/com.android.mediaprovider/etc/permissions/privapp_allowlist_com.google.androi
d.providers.media.module.xml at START_TAG <privapp-permissions
package='com.google.android.providers.media.module'>@18:78 in
java.io.FileReader@cd553bd
07-25 14:38:53.984 I/SystemConfig( 1287): Reading permissions from
/apex/com.android.ipsec/etc/permissions/android.net.ipsec.ike.xml
07-25 14:38:53.987 I/SystemConfig( 1287): Reading permissions from
/apex/com.android.permission/etc/permissions/privapp_allowlist_com.google.android.p
ermissioncontroller.xml
07-25 14:38:53.987 W/SystemConfig( 1287): <privapp-permissions> not allowed in
partition of
/apex/com.android.permission/etc/permissions/privapp_allowlist_com.google.android.p
ermissioncontroller.xml at START_TAG <privapp-permissions
package='com.google.android.permissioncontroller'>@18:76 in
java.io.FileReader@6a02880
07-25 14:38:53.989 D/CoreStateController( 1287): CoreStateController()
07-25 14:38:53.989 I/SystemConfig( 1287): Reading permissions from
/apex/com.android.extservices/etc/permissions/privapp_allowlist_com.google.android.
ext.services.xml
07-25 14:38:53.990 W/SystemConfig( 1287): <privapp-permissions> not allowed in
partition of
/apex/com.android.extservices/etc/permissions/privapp_allowlist_com.google.android.
ext.services.xml at START_TAG <privapp-permissions
package='com.google.android.ext.services'>@18:68 in java.io.FileReader@4e9b2fe
07-25 14:38:53.995 I/servicemanager( 437): Adding 'u:r:system_server:s0' service
(activity_task:1287)
07-25 14:38:53.995 D/SystemConfig( 1287): readAllPermissions took to complete:
157ms
07-25 14:38:53.995 D/SystemServerTimingAsync( 1287):
InitThreadPoolExec:ReadingSystemConfig took to complete: 158ms
07-25 14:38:53.995 I/SystemServiceManager( 1287): Starting
com.android.server.am.ActivityManagerService$Lifecycle
07-25 14:38:54.001 I/ActivityManager( 1287): Memory class: 192
07-25 14:38:54.010 I/Binder ( 1287): Setting heavy hitter watcher config: false,
0, 0.0
07-25 14:38:54.018 D/BatteryDump( 727): wait_for_battery_event : occurred :
