03-21 10:42:20.696 11655 11655 E ArmVmp : Match on catch block at 0xc3 in for 0xa9
03-21 10:42:20.705 11655 11655 E ArmVmp : Match on catch block at 0xc3 in for 0xa9
03-21 10:42:20.711 11655 11655 E ArmVmp : Match on catch block at 0xc3 in for 0xa1
03-21 10:42:20.722 11655 11655 E ArmVmp : Match on catch block at 0xc3 in for 0xa1
03-21 10:42:20.727 11655 11655 E ArmVmp : Match on catch block at 0xc3 in for 0xa5
03-21 10:42:20.739 11655 11655 E ArmVmp : Match on catch block at 0xc3 in for 0xa5
03-21 10:42:20.745 11655 11655 E ArmVmp : Match on catch block at 0xc3 in for 0xa9
03-21 10:42:20.755 11655 11655 E ArmVmp : Match on catch block at 0xc3 in for 0xa9
03-21 10:42:20.758 11655 11655 E ArmVmp : Match on catch block at 0xc3 in for 0xa1
03-21 10:42:20.772 11655 11655 E ArmVmp : Match on catch block at 0xc3 in for 0xa1
03-21 10:42:20.777 11655 11655 E ArmVmp : Match on catch block at 0xc3 in for 0xa5
03-21 10:42:20.789 11655 11655 E ArmVmp : Match on catch block at 0xc3 in for 0xa5
03-21 10:42:20.794 11655 11655 E ArmVmp : Match on catch block at 0xc3 in for 0xa9
03-21 10:42:20.806 11655 11655 E ArmVmp : Match on catch block at 0xc3 in for 0xa9
03-21 10:42:20.812 11655 11655 E ArmVmp : Match on catch block at 0xc3 in for 0xa1
03-21 10:42:20.822 11655 11655 E ArmVmp : Match on catch block at 0xc3 in for 0xa1
03-21 10:42:20.827 11655 11655 E ArmVmp : Match on catch block at 0xc3 in for 0xa5
03-21 10:42:20.839 11655 11655 E ArmVmp : Match on catch block at 0xc3 in for 0xa5
03-21 10:42:20.843 11655 11655 E ArmVmp : Match on catch block at 0xc3 in for 0xa9
03-21 10:42:20.855 11655 11655 E ArmVmp : Match on catch block at 0xc3 in for 0xa9
03-21 10:42:20.860 11655 11655 E ArmVmp : Match on catch block at 0xc3 in for 0xa1
03-21 10:42:20.872 11655 11655 E ArmVmp : Match on catch block at 0xc3 in for 0xa1
03-21 10:42:20.877 11655 11655 E ArmVmp : Match on catch block at 0xc3 in for 0xa5
03-21 10:42:20.889 11655 11655 E ArmVmp : Match on catch block at 0xc3 in for 0xa5
03-21 10:42:20.893 11655 11655 E ArmVmp : Match on catch block at 0xc3 in for 0xa9
03-21 10:42:20.905 11655 11655 E ArmVmp : Match on catch block at 0xc3 in for 0xa9
03-21 10:42:20.910 11655 11655 E ArmVmp : Match on catch block at 0xc3 in for 0xa1
03-21 10:42:20.922 11655 11655 E ArmVmp : Match on catch block at 0xc3 in for 0xa1
03-21 10:42:20.927 11655 11655 E ArmVmp : Match on catch block at 0xc3 in for 0xa5
03-21 10:42:20.939 11655 11655 E ArmVmp : Match on catch block at 0xc3 in for 0xa5
03-21 10:42:20.945 11655 11655 E ArmVmp : Match on catch block at 0xc3 in for 0xa9
03-21 10:42:20.955 11655 11655 E ArmVmp : Match on catch block at 0xc3 in for 0xa9
03-21 10:42:20.960 11655 11655 E ArmVmp : Match on catch block at 0xc3 in for 0xa1
03-21 10:42:20.972 11655 11655 E ArmVmp : Match on catch block at 0xc3 in for 0xa1
03-21 10:42:20.976 11655 11655 E ArmVmp : Match on catch block at 0xc3 in for 0xa5
03-21 10:42:20.989 11655 11655 E ArmVmp : Match on catch block at 0xc3 in for 0xa5
03-21 10:42:20.994 11655 11655 E ArmVmp : Match on catch block at 0xc3 in for 0xa9
03-21 10:42:21.005 11655 11655 E ArmVmp : Match on catch block at 0xc3 in for 0xa9
03-21 10:42:21.009 11655 11655 E ArmVmp : Match on catch block at 0xc3 in for 0xa1
03-21 10:42:21.022 11655 11655 E ArmVmp : Match on catch block at 0xc3 in for 0xa1
03-21 10:42:21.027 11655 11655 E ArmVmp : Match on catch block at 0xc3 in for 0xa5
03-21 10:42:21.039 11655 11655 E ArmVmp : Match on catch block at 0xc3 in for 0xa5
03-21 10:42:21.043 11655 11655 E ArmVmp : Match on catch block at 0xc3 in for 0xa9
03-21 10:42:21.056 11655 11655 E ArmVmp : Match on catch block at 0xc3 in for 0xa9
03-21 10:42:21.062 11655 11655 E ArmVmp : Match on catch block at 0xc3 in for 0xa1
03-21 10:42:21.073 11655 11655 E ArmVmp : Match on catch block at 0xc3 in for 0xa1
03-21 10:42:21.077 11655 11655 E ArmVmp : Match on catch block at 0xc3 in for 0xa5
03-21 10:42:21.088 11655 11655 E ArmVmp : Match on catch block at 0xc3 in for 0xa5
03-21 10:42:21.092 11655 11655 E ArmVmp : Match on catch block at 0xc3 in for 0xa9
03-21 10:42:21.106 11655 11655 E ArmVmp : Match on catch block at 0xc3 in for 0xa9
03-21 10:42:21.111 11655 11655 E ArmVmp : Match on catch block at 0xc3 in for 0xa1
03-21 10:42:21.121 11655 11655 E ArmVmp : Match on catch block at 0xc3 in for 0xa1
03-21 10:42:21.125 11655 11655 E ArmVmp : Match on catch block at 0xc3 in for 0xa5
03-21 10:42:21.139 11655 11655 E ArmVmp : Match on catch block at 0xc3 in for 0xa5
03-21 10:42:21.143 11655 11655 E ArmVmp : Match on catch block at 0xc3 in for 0xa9
03-21 10:42:21.156 11655 11655 E ArmVmp : Match on catch block at 0xc3 in for 0xa9
03-21 10:42:21.161 11655 11655 E ArmVmp : Match on catch block at 0xc3 in for 0xa1
03-21 10:42:21.173 11655 11655 E ArmVmp : Match on catch block at 0xc3 in for 0xa1
03-21 10:42:21.177 11655 11655 E ArmVmp : Match on catch block at 0xc3 in for 0xa5
03-21 10:42:21.189 11655 11655 E ArmVmp : Match on catch block at 0xc3 in for 0xa5
03-21 10:42:21.193 11655 11655 E ArmVmp : Match on catch block at 0xc3 in for 0xa9
03-21 10:42:21.206 11655 11655 E ArmVmp : Match on catch block at 0xc3 in for 0xa9
03-21 10:42:21.210 11655 11655 E ArmVmp : Match on catch block at 0xc3 in for 0xa1
03-21 10:42:21.223 11655 11655 E ArmVmp : Match on catch block at 0xc3 in for 0xa1
03-21 10:42:21.229 11655 11655 E ArmVmp : Match on catch block at 0xc3 in for 0xa5
03-21 10:42:21.238 11655 11655 E ArmVmp : Match on catch block at 0xc3 in for 0xa5
03-21 10:42:21.243 11655 11655 E ArmVmp : Match on catch block at 0xc3 in for 0xa9
03-21 10:42:21.256 11655 11655 E ArmVmp : Match on catch block at 0xc3 in for 0xa9
03-21 10:42:21.260 11655 11655 E ArmVmp : Match on catch block at 0xc3 in for 0xa1
03-21 10:42:21.273 11655 11655 E ArmVmp : Match on catch block at 0xc3 in for 0xa1
03-21 10:42:21.279 11655 11655 E ArmVmp : Match on catch block at 0xc3 in for 0xa5
03-21 10:42:21.288 11655 11655 E ArmVmp : Match on catch block at 0xc3 in for 0xa5
03-21 10:42:21.292 11655 11655 E ArmVmp : Match on catch block at 0xc3 in for 0xa9
03-21 10:42:21.306 11655 11655 E ArmVmp : Match on catch block at 0xc3 in for 0xa9
03-21 10:42:21.312 11655 11655 E ArmVmp : Match on catch block at 0xc3 in for 0xa1
03-21 10:42:21.321 11655 11655 E ArmVmp : Match on catch block at 0xc3 in for 0xa1
03-21 10:42:21.327 11655 11655 E ArmVmp : Match on catch block at 0xc3 in for 0xa5
03-21 10:42:21.339 11655 11655 E ArmVmp : Match on catch block at 0xc3 in for 0xa5
03-21 10:42:21.344 11655 11655 E ArmVmp : Match on catch block at 0xc3 in for 0xa9
03-21 10:42:21.356 11655 11655 E ArmVmp : Match on catch block at 0xc3 in for 0xa9
03-21 10:42:21.362 11655 11655 E ArmVmp : Match on catch block at 0xc3 in for 0xa1
03-21 10:42:21.371 11655 11655 E ArmVmp : Match on catch block at 0xc3 in for 0xa1
03-21 10:42:21.375 11655 11655 E ArmVmp : Match on catch block at 0xc3 in for 0xa5
03-21 10:42:21.390 11655 11655 E ArmVmp : Match on catch block at 0xc3 in for 0xa5
03-21 10:42:21.395 11655 11655 E ArmVmp : Match on catch block at 0xc3 in for 0xa9
03-21 10:42:21.405 11655 11655 E ArmVmp : Match on catch block at 0xc3 in for 0xa9
03-21 10:42:21.410 11655 11655 E ArmVmp : Match on catch block at 0xc3 in for 0xa1
03-21 10:42:21.422 11655 11655 E ArmVmp : Match on catch block at 0xc3 in for 0xa1
03-21 10:42:21.427 11655 11655 E ArmVmp : Match on catch block at 0xc3 in for 0xa5
03-21 10:42:21.438 11655 11655 E ArmVmp : Match on catch block at 0xc3 in for 0xa5
03-21 10:42:21.444 11655 11655 E ArmVmp : Match on catch block at 0xc3 in for 0xa9
03-21 10:42:21.456 11655 11655 E ArmVmp : Match on catch block at 0xc3 in for 0xa9
03-21 10:42:21.461 11655 11655 E ArmVmp : Match on catch block at 0xc3 in for 0xa1
03-21 10:42:21.472 11655 11655 E ArmVmp : Match on catch block at 0xc3 in for 0xa1
03-21 10:42:21.476 11655 11655 E ArmVmp : Match on catch block at 0xc3 in for 0xa5
03-21 10:42:21.490 11655 11655 E ArmVmp : Match on catch block at 0xc3 in for 0xa5
03-21 10:42:21.497 11655 11655 E ArmVmp : Match on catch block at 0xc3 in for 0xa9
03-21 10:42:21.505 11655 11655 E ArmVmp : Match on catch block at 0xc3 in for 0xa9
03-21 10:42:21.509 11655 11655 E ArmVmp : Match on catch block at 0xc3 in for 0xa1
03-21 10:42:21.522 11655 11655 E ArmVmp : Match on catch block at 0xc3 in for 0xa1
03-21 10:42:21.526 11655 11655 E ArmVmp : Match on catch block at 0xc3 in for 0xa5
03-21 10:42:21.540 11655 11655 E ArmVmp : Match on catch block at 0xc3 in for 0xa5
03-21 10:42:21.545 11655 11655 E ArmVmp : Match on catch block at 0xc3 in for 0xa9
03-21 10:42:21.555 11655 11655 E ArmVmp : Match on catch block at 0xc3 in for 0xa9
03-21 10:42:21.559 11655 11655 E ArmVmp : Match on catch block at 0xc3 in for 0xa1
03-21 10:42:21.572 11655 11655 E ArmVmp : Match on catch block at 0xc3 in for 0xa1
03-21 10:42:21.577 11655 11655 E ArmVmp : Match on catch block at 0xc3 in for 0xa5
03-21 10:42:21.588 11655 11655 E ArmVmp : Match on catch block at 0xc3 in for 0xa5
03-21 10:42:21.594 11655 11655 E ArmVmp : Match on catch block at 0xc3 in for 0xa9
03-21 10:42:21.605 11655 11655 E ArmVmp : Match on catch block at 0xc3 in for 0xa9
03-21 10:42:21.610 11655 11655 E ArmVmp : Match on catch block at 0xc3 in for 0xa1
03-21 10:42:21.623 11655 11655 E ArmVmp : Match on catch block at 0xc3 in for 0xa1
03-21 10:42:21.629 11655 11655 E ArmVmp : Match on catch block at 0xc3 in for 0xa5
03-21 10:42:21.638 11655 11655 E ArmVmp : Match on catch block at 0xc3 in for 0xa5
03-21 10:42:21.644 11655 11655 E ArmVmp : Match on catch block at 0xc3 in for 0xa9
03-21 10:42:21.656 11655 11655 E ArmVmp : Match on catch block at 0xc3 in for 0xa9
03-21 10:42:21.662 11655 11655 E ArmVmp : Match on catch block at 0xc3 in for 0xa1
03-21 10:42:21.672 11655 11655 E ArmVmp : Match on catch block at 0xc3 in for 0xa1
03-21 10:42:21.677 11655 11655 E ArmVmp : Match on catch block at 0xc3 in for 0xa5
03-21 10:42:21.689 11655 11655 E ArmVmp : Match on catch block at 0xc3 in for 0xa5
03-21 10:42:21.694 11655 11655 E ArmVmp : Match on catch block at 0xc3 in for 0xa9
03-21 10:42:21.706 11655 11655 E ArmVmp : Match on catch block at 0xc3 in for 0xa9
03-21 10:42:21.711 11655 11655 E ArmVmp : Match on catch block at 0xc3 in for 0xa1
03-21 10:42:21.722 11655 11655 E ArmVmp : Match on catch block at 0xc3 in for 0xa1
03-21 10:42:21.727 11655 11655 E ArmVmp : Match on catch block at 0xc3 in for 0xa5
03-21 10:42:21.739 11655 11655 E ArmVmp : Match on catch block at 0xc3 in for 0xa5
03-21 10:42:21.744 11655 11655 E ArmVmp : Match on catch block at 0xc3 in for 0xa9
03-21 10:42:21.756 11655 11655 E ArmVmp : Match on catch block at 0xc3 in for 0xa9
03-21 10:42:21.761 11655 11655 E ArmVmp : Match on catch block at 0xc3 in for 0xa1
03-21 10:42:21.773 11655 11655 E ArmVmp : Match on catch block at 0xc3 in for 0xa1
03-21 10:42:21.779 11655 11655 E ArmVmp : Match on catch block at 0xc3 in for 0xa5
03-21 10:42:21.788 11655 11655 E ArmVmp : Match on catch block at 0xc3 in for 0xa5
03-21 10:42:21.792 11655 11655 E ArmVmp : Match on catch block at 0xc3 in for 0xa9
03-21 10:42:21.805 11655 11655 E ArmVmp : Match on catch block at 0xc3 in for 0xa9
03-21 10:42:21.809 11655 11655 E ArmVmp : Match on catch block at 0xc3 in for 0xa1
03-21 10:42:21.824 11655 11655 E ArmVmp : Match on catch block at 0xc3 in for 0xa1
03-21 10:42:21.829 11655 11655 E ArmVmp : Match on catch block at 0xc3 in for 0xa5
03-21 10:42:21.838 11655 11655 E ArmVmp : Match on catch block at 0xc3 in for 0xa5
03-21 10:42:21.842 11655 11655 E ArmVmp : Match on catch block at 0xc3 in for 0xa9
03-21 10:42:21.856 11655 11655 E ArmVmp : Match on catch block at 0xc3 in for 0xa9
03-21 10:42:21.862 11655 11655 E ArmVmp : Match on catch block at 0xc3 in for 0xa1
03-21 10:42:21.871 11655 11655 E ArmVmp : Match on catch block at 0xc3 in for 0xa5
03-21 10:42:21.876 11655 11655 E ArmVmp : Match on catch block at 0xc3 in for 0xa9
03-21 10:42:21.888 11655 11655 E ArmVmp : Match on catch block at 0xc3 in for 0xa9
03-21 10:42:21.892 11655 11655 E ArmVmp : Match on catch block at 0xc3 in for 0xa1
03-21 10:42:21.907 11655 11655 E ArmVmp : Match on catch block at 0xc3 in for 0xa1
03-21 10:42:21.912 11655 11655 E ArmVmp : Match on catch block at 0xc3 in for 0xa5
03-21 10:42:21.921 11655 11655 E ArmVmp : Match on catch block at 0xc3 in for 0xa5
03-21 10:42:21.926 11655 11655 E ArmVmp : Match on catch block at 0xc3 in for 0xa9
03-21 10:42:21.939 11655 11655 E ArmVmp : Match on catch block at 0xc3 in for 0xa9
03-21 10:42:21.945 11655 11655 E ArmVmp : Match on catch block at 0xc3 in for 0xa1
03-21 10:42:21.955 11655 11655 E ArmVmp : Match on catch block at 0xc3 in for 0xa1
03-21 10:42:21.960 11655 11655 E ArmVmp : Match on catch block at 0xc3 in for 0xa5
03-21 10:42:21.973 11655 11655 E ArmVmp : Match on catch block at 0xc3 in for 0xa5
03-21 10:42:21.978 11655 11655 E ArmVmp : Match on catch block at 0xc3 in for 0xa9
03-21 10:42:21.988 11655 11655 E ArmVmp : Match on catch block at 0xc3 in for 0xa9
03-21 10:42:21.992 11655 11655 E ArmVmp : Match on catch block at 0xc3 in for 0xa1
03-21 10:42:22.006 11655 11655 E ArmVmp : Match on catch block at 0xc3 in for 0xa1
03-21 10:42:22.010 11655 11655 E ArmVmp : Match on catch block at 0xc3 in for 0xa5
03-21 10:42:22.023 11655 11655 E ArmVmp : Match on catch block at 0xc3 in for 0xa5
03-21 10:42:22.027 11655 11655 E ArmVmp : Match on catch block at 0xc3 in for 0xa9
03-21 10:42:22.040 11655 11655 E ArmVmp : Match on catch block at 0xc3 in for 0xa9
03-21 10:42:22.045 11655 11655 E ArmVmp : Match on catch block at 0xc3 in for 0xa1
03-21 10:42:22.055 11655 11655 E ArmVmp : Match on catch block at 0xc3 in for 0xa1
03-21 10:42:22.060 11655 11655 E ArmVmp : Match on catch block at 0xc3 in for 0xa5
03-21 10:42:22.073 11655 11655 E ArmVmp : Match on catch block at 0xc3 in for 0xa5
03-21 10:42:22.079 11655 11655 E ArmVmp : Match on catch block at 0xc3 in for 0xa9
03-21 10:42:22.088 11655 11655 E ArmVmp : Match on catch block at 0xc3 in for 0xa9
03-21 10:42:22.093 11655 11655 E ArmVmp : Match on catch block at 0xc3 in for 0xa1
03-21 10:42:22.106 11655 11655 E ArmVmp : Match on catch block at 0xc3 in for 0xa1
03-21 10:42:22.111 11655 11655 E ArmVmp : Match on catch block at 0xc3 in for 0xa5
03-21 10:42:22.122 11655 11655 E ArmVmp : Match on catch block at 0xc3 in for 0xa5
03-21 10:42:22.126 11655 11655 E ArmVmp : Match on catch block at 0xc3 in for 0xa9
03-21 10:42:22.139 11655 11655 E ArmVmp : Match on catch block at 0xc3 in for 0xa9
03-21 10:42:22.148 11655 11655 E ArmVmp : Match on catch block at 0xc3 in for 0xa1
03-21 10:42:22.155 11655 11655 E ArmVmp : Match on catch block at 0xc3 in for 0xa1
03-21 10:42:22.158 11655 11655 E ArmVmp : Match on catch block at 0xc3 in for 0xa5
03-21 10:42:22.173 11655 11655 E ArmVmp : Match on catch block at 0xc3 in for 0xa5
03-21 10:42:22.179 11655 11655 E ArmVmp : Match on catch block at 0xc3 in for 0xa9
03-21 10:42:22.190 11655 11655 E ArmVmp : Match on catch block at 0xc3 in for 0xa9
03-21 10:42:22.196 11655 11655 E ArmVmp : Match on catch block at 0xc3 in for 0xa1
03-21 10:42:22.206 11655 11655 E ArmVmp : Match on catch block at 0xc3 in for 0xa1
03-21 10:42:22.210 11655 11655 E ArmVmp : Match on catch block at 0xc3 in for 0xa5
03-21 10:42:22.223 11655 11655 E ArmVmp : Match on catch block at 0xc3 in for 0xa5
03-21 10:42:22.228 11655 11655 E ArmVmp : Match on catch block at 0xc3 in for 0xa9
03-21 10:42:22.238 11655 11655 E ArmVmp : Match on catch block at 0xc3 in for 0xa9
03-21 10:42:22.243 11655 11655 E ArmVmp : Match on catch block at 0xc3 in for 0xa1
03-21 10:42:22.255 11655 11655 E ArmVmp : Match on catch block at 0xc3 in for 0xa1
03-21 10:42:22.259 11655 11655 E ArmVmp : Match on catch block at 0xc3 in for 0xa5
03-21 10:42:22.273 11655 11655 E ArmVmp : Match on catch block at 0xc3 in for 0xa5
03-21 10:42:22.277 11655 11655 E ArmVmp : Match on catch block at 0xc3 in for 0xa9
03-21 10:42:22.289 11655 11655 E ArmVmp : Match on catch block at 0xc3 in for 0xa9
03-21 10:42:22.293 11655 11655 E ArmVmp : Match on catch block at 0xc3 in for 0xa1
03-21 10:42:22.305 11655 11655 E ArmVmp : Match on catch block at 0xc3 in for 0xa1
03-21 10:42:22.310 11655 11655 E ArmVmp : Match on catch block at 0xc3 in for 0xa5
03-21 10:42:22.323 11655 11655 E ArmVmp : Match on catch block at 0xc3 in for 0xa5
03-21 10:42:22.328 11655 11655 E ArmVmp : Match on catch block at 0xc3 in for 0xa9
03-21 10:42:22.339 11655 11655 E ArmVmp : Match on catch block at 0xc3 in for 0xa9
03-21 10:42:22.343 11655 11655 E ArmVmp : Match on catch block at 0xc3 in for 0xa1
03-21 10:42:22.357 11655 11655 E ArmVmp : Match on catch block at 0xc3 in for 0xa1
03-21 10:42:22.363 11655 11655 E ArmVmp : Match on catch block at 0xc3 in for 0xa5
03-21 10:42:22.371 11655 11655 E ArmVmp : Match on catch block at 0xc3 in for 0xa5
03-21 10:42:22.376 11655 11655 E ArmVmp : Match on catch block at 0xc3 in for 0xa9
03-21 10:42:22.390 11655 11655 E ArmVmp : Match on catch block at 0xc3 in for 0xa9
03-21 10:42:22.395 11655 11655 E ArmVmp : Match on catch block at 0xc3 in for 0xa1
03-21 10:42:22.405 11655 11655 E ArmVmp : Match on catch block at 0xc3 in for 0xa1
03-21 10:42:22.410 11655 11655 E ArmVmp : Match on catch block at 0xc3 in for 0xa5
03-21 10:42:22.423 11655 11655 E ArmVmp : Match on catch block at 0xc3 in for 0xa5
03-21 10:42:22.427 11655 11655 E ArmVmp : Match on catch block at 0xc3 in for 0xa9
03-21 10:42:22.439 11655 11655 E ArmVmp : Match on catch block at 0xc3 in for 0xa9
03-21 10:42:22.443 11655 11655 E ArmVmp : Match on catch block at 0xc3 in for 0xa1
03-21 10:42:22.456 11655 11655 E ArmVmp : Match on catch block at 0xc3 in for 0xa1
03-21 10:42:22.462 11655 11655 E ArmVmp : Match on catch block at 0xc3 in for 0xa5
03-21 10:42:22.472 11655 11655 E ArmVmp : Match on catch block at 0xc3 in for 0xa5
03-21 10:42:22.477 11655 11655 E ArmVmp : Match on catch block at 0xc3 in for 0xa9
03-21 10:42:22.489 11655 11655 E ArmVmp : Match on catch block at 0xc3 in for 0xa9
03-21 10:42:22.494 11655 11655 E ArmVmp : Match on catch block at 0xc3 in for 0xa1
03-21 10:42:22.505 11655 11655 E ArmVmp : Match on catch block at 0xc3 in for 0xa1
03-21 10:42:22.510 11655 11655 E ArmVmp : Match on catch block at 0xc3 in for 0xa5
03-21 10:42:22.522 11655 11655 E ArmVmp : Match on catch block at 0xc3 in for 0xa5
03-21 10:42:22.527 11655 11655 E ArmVmp : Match on catch block at 0xc3 in for 0xa9
03-21 10:42:22.540 11655 11655 E ArmVmp : Match on catch block at 0xc3 in for 0xa9
03-21 10:42:22.544 11655 11655 E ArmVmp : Match on catch block at 0xc3 in for 0xa1
03-21 10:42:22.555 11655 11655 E ArmVmp : Match on catch block at 0xc3 in for 0xa1
03-21 10:42:22.560 11655 11655 E ArmVmp : Match on catch block at 0xc3 in for 0xa5
03-21 10:42:22.572 11655 11655 E ArmVmp : Match on catch block at 0xc3 in for 0xa5
03-21 10:42:22.577 11655 11655 E ArmVmp : Match on catch block at 0xc3 in for 0xa9
03-21 10:42:22.589 11655 11655 E ArmVmp : Match on catch block at 0xc3 in for 0xa9
03-21 10:42:22.594 11655 11655 E ArmVmp : Match on catch block at 0xc3 in for 0xa1
03-21 10:42:22.606 11655 11655 E ArmVmp : Match on catch block at 0xc3 in for 0xa1
03-21 10:42:22.611 11655 11655 E ArmVmp : Match on catch block at 0xc3 in for 0xa5
03-21 10:42:22.623 11655 11655 E ArmVmp : Match on catch block at 0xc3 in for 0xa5
03-21 10:42:22.628 11655 11655 E ArmVmp : Match on catch block at 0xc3 in for 0xa9
03-21 10:42:22.638 11655 11655 E ArmVmp : Match on catch block at 0xc3 in for 0xa9
03-21 10:42:22.643 11655 11655 E ArmVmp : Match on catch block at 0xc3 in for 0xa1
03-21 10:42:22.655 11655 11655 E ArmVmp : Match on catch block at 0xc3 in for 0xa1
03-21 10:42:22.658 11655 11655 E ArmVmp : Match on catch block at 0xc3 in for 0xa5
03-21 10:42:22.673 11655 11655 E ArmVmp : Match on catch block at 0xc3 in for 0xa5
03-21 10:42:22.677 11655 11655 E ArmVmp : Match on catch block at 0xc3 in for 0xa9
03-21 10:42:22.689 11655 11655 E ArmVmp : Match on catch block at 0xc3 in for 0xa9
03-21 10:42:22.694 11655 11655 E ArmVmp : Match on catch block at 0xc3 in for 0xa1
03-21 10:42:22.706 11655 11655 E ArmVmp : Match on catch block at 0xc3 in for 0xa1
03-21 10:42:22.710 11655 11655 E ArmVmp : Match on catch block at 0xc3 in for 0xa5
03-21 10:42:22.723 11655 11655 E ArmVmp : Match on catch block at 0xc3 in for 0xa5
03-21 10:42:22.730 11655 11655 E ArmVmp : Match on catch block at 0xc3 in for 0xa9
03-21 10:42:22.739 11655 11655 E ArmVmp : Match on catch block at 0xc3 in for 0xa9
03-21 10:42:22.745 11655 11655 E ArmVmp : Match on catch block at 0xc3 in for 0xa1
03-21 10:42:22.755 11655 11655 E ArmVmp : Match on catch block at 0xc3 in for 0xa9
03-21 10:42:22.760 11655 11655 E ArmVmp : Match on catch block at 0xc3 in for 0xa1
03-21 10:42:22.773 11655 11655 E ArmVmp : Match on catch block at 0xc3 in for 0xa1
03-21 10:42:22.779 11655 11655 E ArmVmp : Match on catch block at 0xc3 in for 0xa5
03-21 10:42:22.789 11655 11655 E ArmVmp : Match on catch block at 0xc3 in for 0xa5
03-21 10:42:22.794 11655 11655 E ArmVmp : Match on catch block at 0xc3 in for 0xa9
03-21 10:42:22.806 11655 11655 E ArmVmp : Match on catch block at 0xc3 in for 0xa9
03-21 10:42:22.811 11655 11655 E ArmVmp : Match on catch block at 0xc3 in for 0xa1
03-21 10:42:22.823 11655 11655 E ArmVmp : Match on catch block at 0xc3 in for 0xa1
03-21 10:42:22.828 11655 11655 E ArmVmp : Match on catch block at 0xc3 in for 0xa5
03-21 10:42:22.840 11655 11655 E ArmVmp : Match on catch block at 0xc3 in for 0xa5
03-21 10:42:22.845 11655 11655 E ArmVmp : Match on catch block at 0xc3 in for 0xa9
03-21 10:42:22.856 11655 11655 E ArmVmp : Match on catch block at 0xc3 in for 0xa1
03-21 10:42:22.860 11655 11655 E ArmVmp : Match on catch block at 0xc3 in for 0xa5
03-21 10:42:23.049 11655 11791 W AudioTrack: createTrack_l(23):
AUDIO_OUTPUT_FLAG_FAST denied by server; frameCount 0 -> 11000
03-21 10:42:23.093 11655 11655 E ArmVmp : Match on catch block at 0xc3 in for 0xa1
03-21 10:42:23.097 11655 11655 E ArmVmp : Match on catch block at 0xc3 in for 0xa5
03-21 10:42:23.108 11655 11655 E ArmVmp : Match on catch block at 0xc3 in for 0xa5
03-21 10:42:23.111 11655 11655 E ArmVmp : Match on catch block at 0xc3 in for 0xa9
03-21 10:42:23.122 11655 11655 E ArmVmp : Match on catch block at 0xc3 in for 0xa1
03-21 10:42:23.127 11655 11655 E ArmVmp : Match on catch block at 0xc3 in for 0xa5
03-21 10:42:23.152 11655 11655 E ArmVmp : Match on catch block at 0xc3 in for 0xa9
03-21 10:42:23.156 11655 11655 E ArmVmp : Match on catch block at 0xc3 in for 0xa1
03-21 10:42:23.163 11655 11655 E ArmVmp : Match on catch block at 0xc3 in for 0xa1
03-21 10:42:23.167 11655 11655 E ArmVmp : Match on catch block at 0xc3 in for 0xa5
03-21 10:42:23.171 11655 11655 E ArmVmp : Match on catch block at 0xc3 in for 0xa5
03-21 10:42:23.173 11655 11655 E ArmVmp : Match on catch block at 0xc3 in for 0xa9
03-21 10:42:23.188 11655 11655 E ArmVmp : Match on catch block at 0xc3 in for 0xa9
03-21 10:42:23.191 11655 11655 E ArmVmp : Match on catch block at 0xc3 in for 0xa1
03-21 10:42:23.206 11655 11655 E ArmVmp : Match on catch block at 0xc3 in for 0xa1
03-21 10:42:23.210 11655 11655 E ArmVmp : Match on catch block at 0xc3 in for 0xa5
03-21 10:42:23.274 11655 11655 E ArmVmp : Match on catch block at 0xc3 in for 0xa9
03-21 10:42:23.277 11655 11655 E ArmVmp : Match on catch block at 0xc3 in for 0xa1
03-21 10:42:23.298 11655 11655 E ArmVmp : Match on catch block at 0xc3 in for 0xa1
03-21 10:42:23.300 11655 11655 E ArmVmp : Match on catch block at 0xc3 in for 0xa5
03-21 10:42:23.319 11655 11655 E ArmVmp : Match on catch block at 0xc3 in for 0xa1
03-21 10:42:23.322 11655 11655 E ArmVmp : Match on catch block at 0xc3 in for 0xa5
03-21 10:42:23.325 11655 11655 E ArmVmp : Match on catch block at 0xc3 in for 0xa5
03-21 10:42:23.327 11655 11655 E ArmVmp : Match on catch block at 0xc3 in for 0xa9
03-21 10:42:23.339 11655 11655 E ArmVmp : Match on catch block at 0xc3 in for 0xa9
03-21 10:42:23.342 11655 11655 E ArmVmp : Match on catch block at 0xc3 in for 0xa1
03-21 10:42:23.355 11655 11655 E ArmVmp : Match on catch block at 0xc3 in for 0xa1
03-21 10:42:23.359 11655 11655 E ArmVmp : Match on catch block at 0xc3 in for 0xa5
03-21 10:42:23.372 11655 11655 E ArmVmp : Match on catch block at 0xc3 in for 0xa5
03-21 10:42:23.376 11655 11655 E ArmVmp : Match on catch block at 0xc3 in for 0xa9
03-21 10:42:23.387 11655 13324 W System : ClassLoader referenced unknown path:
system/framework/mediatek-cta.jar
03-21 10:42:23.388 11655 11655 E ArmVmp : Match on catch block at 0xc3 in for 0xa9
03-21 10:42:23.392 11655 11655 E ArmVmp : Match on catch block at 0xc3 in for 0xa1
03-21 10:42:23.405 11655 11655 E ArmVmp : Match on catch block at 0xc3 in for 0xa1
03-21 10:42:23.409 11655 11655 E ArmVmp : Match on catch block at 0xc3 in for 0xa5
03-21 10:42:23.422 11655 11655 E ArmVmp : Match on catch block at 0xc3 in for 0xa5
03-21 10:42:23.426 11655 11655 E ArmVmp : Match on catch block at 0xc3 in for 0xa9
03-21 10:42:23.438 11655 11655 E ArmVmp : Match on catch block at 0xc3 in for 0xa9
03-21 10:42:23.442 11655 11655 E ArmVmp : Match on catch block at 0xc3 in for 0xa1
03-21 10:42:23.455 11655 11655 E ArmVmp : Match on catch block at 0xc3 in for 0xa1
03-21 10:42:23.459 11655 11655 E ArmVmp : Match on catch block at 0xc3 in for 0xa5
03-21 10:42:23.472 11655 11655 E ArmVmp : Match on catch block at 0xc3 in for 0xa5
03-21 10:42:23.475 11655 11655 E ArmVmp : Match on catch block at 0xc3 in for 0xa9
03-21 10:42:23.488 11655 11655 E ArmVmp : Match on catch block at 0xc3 in for 0xa9
03-21 10:42:23.492 11655 11655 E ArmVmp : Match on catch block at 0xc3 in for 0xa1
03-21 10:42:23.506 11655 11655 E ArmVmp : Match on catch block at 0xc3 in for 0xa1
03-21 10:42:23.510 11655 11655 E ArmVmp : Match on catch block at 0xc3 in for 0xa5
03-21 10:42:23.521 11655 11655 E ArmVmp : Match on catch block at 0xc3 in for 0xa5
03-21 10:42:23.525 11655 11655 E ArmVmp : Match on catch block at 0xc3 in for 0xa9
03-21 10:42:23.538 11655 11655 E ArmVmp : Match on catch block at 0xc3 in for 0xa9
03-21 10:42:23.542 11655 11655 E ArmVmp : Match on catch block at 0xc3 in for 0xa1
03-21 10:42:23.555 11655 11655 E ArmVmp : Match on catch block at 0xc3 in for 0xa1
03-21 10:42:23.559 11655 11655 E ArmVmp : Match on catch block at 0xc3 in for 0xa5
03-21 10:42:23.572 11655 11655 E ArmVmp : Match on catch block at 0xc3 in for 0xa5
03-21 10:42:23.575 11655 11655 E ArmVmp : Match on catch block at 0xc3 in for 0xa9
03-21 10:42:23.589 11655 11655 E ArmVmp : Match on catch block at 0xc3 in for 0xa1
03-21 10:42:23.592 11655 11655 E ArmVmp : Match on catch block at 0xc3 in for 0xa5
03-21 10:42:23.605 11655 11655 E ArmVmp : Match on catch block at 0xc3 in for 0xa5
03-21 10:42:23.609 11655 11655 E ArmVmp : Match on catch block at 0xc3 in for 0xa9
03-21 10:42:23.622 11655 11655 E ArmVmp : Match on catch block at 0xc3 in for 0xa9
03-21 10:42:23.626 11655 11655 E ArmVmp : Match on catch block at 0xc3 in for 0xa1
03-21 10:42:23.639 11655 11655 E ArmVmp : Match on catch block at 0xc3 in for 0xa1
03-21 10:42:23.643 11655 11655 E ArmVmp : Match on catch block at 0xc3 in for 0xa5
03-21 10:42:23.655 11655 11655 E ArmVmp : Match on catch block at 0xc3 in for 0xa5
03-21 10:42:23.659 11655 11655 E ArmVmp : Match on catch block at 0xc3 in for 0xa9
03-21 10:42:23.674 11655 11655 E ArmVmp : Match on catch block at 0xc3 in for 0xa9
03-21 10:42:23.677 11655 11655 E ArmVmp : Match on catch block at 0xc3 in for 0xa1
03-21 10:42:23.688 11655 11655 E ArmVmp : Match on catch block at 0xc3 in for 0xa1
03-21 10:42:23.692 11655 11655 E ArmVmp : Match on catch block at 0xc3 in for 0xa5
03-21 10:42:23.706 11655 11655 E ArmVmp : Match on catch block at 0xc3 in for 0xa5
03-21 10:42:23.709 11655 11655 E ArmVmp : Match on catch block at 0xc3 in for 0xa9
03-21 10:42:23.722 11655 11655 E ArmVmp : Match on catch block at 0xc3 in for 0xa9
03-21 10:42:23.725 11655 11655 E ArmVmp : Match on catch block at 0xc3 in for 0xa1
03-21 10:42:23.739 11655 11655 E ArmVmp : Match on catch block at 0xc3 in for 0xa1
03-21 10:42:23.743 11655 11655 E ArmVmp : Match on catch block at 0xc3 in for 0xa5
03-21 10:42:23.755 11655 11655 E ArmVmp : Match on catch block at 0xc3 in for 0xa5
03-21 10:42:23.759 11655 11655 E ArmVmp : Match on catch block at 0xc3 in for 0xa9
03-21 10:42:23.766 11655 11732 E SQLiteDatabase: Error inserting transferred=1
media_job_uuid=7a4d17c8-1f51-49e9-8025-532e22433773 transcoded=0 gif_attribution=0
first_scan_length=0 direct_path=/v/t62.7117-
24/31858617_1010122670457427_7772739521277081918_n.enc?ccb=11-4&oh=01_AdQw2LBljU4i-
_M2mFuCd3gkcuPgV7U5Jrx0o2qUnzQlBw&oe=6623BF17&_nc_sid=5e03e0
thumbnail_height_width_ratio=0.0 is_animated_sticker=0
file_hash=1TMDzjTNRGLOgUM6CXs0euCUT6WacaJKYDlgbRjQl2o= file_path=Media/WhatsApp
Voice Notes/202412/PTT-20240321-WA0010.opus file_size=0 partial_media_hash=null
face_x=0 face_y=0 height=0 trim_to=0 media_key_timestamp=1711035716765
message_url=https://mmg.whatsapp.net/v/t62.7117-
24/31858617_1010122670457427_7772739521277081918_n.enc?ccb=11-4&oh=01_AdQw2LBljU4i-
_M2mFuCd3gkcuPgV7U5Jrx0o2qUnzQlBw&oe=6623BF17&_nc_sid=5e03e0&mms3=true
media_caption=null trim_from=0 mime_type=audio/ogg; codecs=opus
partial_media_enc_hash=null width=0 original_file_hash=null has_streaming_sidecar=0
autotransfer_retry_enabled=0 media_upload_handle=null message_row_id=237437
multicast_id=null enc_file_hash=OYiJkJQ8Sb3YjvEhp0rE+pLk9Uap7DoGVZpAvTa96Ds=
mute_video=0 page_count=0 first_scan_sidecar=null suspicious_content=0
file_length=64933 media_name=dfea8fc0fb234931afa6ce82543f12d3.opus
media_duration=27 chat_row_id=1026 media_key=[B@fa69938
03-21 10:42:23.766 11655 11732 E SQLiteDatabase:
android.database.sqlite.SQLiteConstraintException: UNIQUE constraint failed:
message_media.message_row_id (code 1555 SQLITE_CONSTRAINT_PRIMARYKEY)
03-21 10:42:23.766 11655 11732 E SQLiteDatabase: at
android.database.sqlite.SQLiteConnection.nativeExecuteForLastInsertedRowId(Native
Method)
03-21 10:42:23.766 11655 11732 E SQLiteDatabase: at
android.database.sqlite.SQLiteConnection.executeForLastInsertedRowId(SQLiteConnecti
on.java:879)
03-21 10:42:23.766 11655 11732 E SQLiteDatabase: at
android.database.sqlite.SQLiteSession.executeForLastInsertedRowId(SQLiteSession.jav
a:790)
03-21 10:42:23.766 11655 11732 E SQLiteDatabase: at
android.database.sqlite.SQLiteStatement.executeInsert(SQLiteStatement.java:88)
03-21 10:42:23.766 11655 11732 E SQLiteDatabase: at
android.database.sqlite.SQLiteDatabase.insertWithOnConflict(SQLiteDatabase.java:159
9)
03-21 10:42:23.766 11655 11732 E SQLiteDatabase: at
android.database.sqlite.SQLiteDatabase.insert(SQLiteDatabase.java:1468)
03-21 10:42:23.766 11655 11732 E SQLiteDatabase: at X.2tm.A08(Unknown
Source:6)
03-21 10:42:23.766 11655 11732 E SQLiteDatabase: at X.35Y.A07(Unknown
Source:212)
03-21 10:42:23.766 11655 11732 E SQLiteDatabase: at X.3QF.A14(Unknown
Source:470)
03-21 10:42:23.766 11655 11732 E SQLiteDatabase: at X.3gU.run(Unknown
Source:982)
03-21 10:42:23.766 11655 11732 E SQLiteDatabase: at
android.os.Handler.handleCallback(Handler.java:914)
03-21 10:42:23.766 11655 11732 E SQLiteDatabase: at
android.os.Handler.dispatchMessage(Handler.java:100)
03-21 10:42:23.766 11655 11732 E SQLiteDatabase: at
X.0zq.dispatchMessage(Unknown Source:4)
03-21 10:42:23.766 11655 11732 E SQLiteDatabase: at
android.os.Looper.loop(Looper.java:224)
03-21 10:42:23.766 11655 11732 E SQLiteDatabase: at
android.os.HandlerThread.run(HandlerThread.java:67)
03-21 10:42:23.772 11655 11655 E ArmVmp : Match on catch block at 0xc3 in for 0xa1
03-21 10:42:23.775 11655 11655 E ArmVmp : Match on catch block at 0xc3 in for 0xa5
03-21 10:42:23.795 11655 11655 E ArmVmp : Match on catch block at 0xc3 in for 0xa5
03-21 10:42:23.799 11655 11655 E ArmVmp : Match on catch block at 0xc3 in for 0xa9
03-21 10:42:23.806 11655 11655 E ArmVmp : Match on catch block at 0xc3 in for 0xa9
03-21 10:42:23.809 11655 11655 E ArmVmp : Match on catch block at 0xc3 in for 0xa1
03-21 10:42:24.055 11655 11655 E ArmVmp : Match on catch block at 0xc3 in for 0xa1
03-21 10:42:24.058 11655 11655 E ArmVmp : Match on catch block at 0xc3 in for 0xa5
03-21 10:42:24.226 11655 11655 E ArmVmp : Match on catch block at 0xc3 in for 0xa1
03-21 10:42:24.229 11655 11655 E ArmVmp : Match on catch block at 0xc3 in for 0xa5
03-21 10:42:24.235 11655 13109 W MediaPlayer: Use of stream types is deprecated for
operations other than volume control
03-21 10:42:24.235 11655 13109 W MediaPlayer: See the documentation of
setAudioStreamType() for what to use instead with android.media.AudioAttributes to
qualify your playback use case
03-21 10:42:24.239 11655 11655 E ArmVmp : Match on catch block at 0xc3 in for 0xa5
03-21 10:42:24.242 11655 11655 E ArmVmp : Match on catch block at 0xc3 in for 0xa9
03-21 10:42:24.555 11655 11655 E ArmVmp : Match on catch block at 0xc3 in for 0xa9
03-21 10:42:24.557 11655 11655 E ArmVmp : Match on catch block at 0xc3 in for 0xa1
03-21 10:42:25.056 11655 11655 E ArmVmp : Match on catch block at 0xc3 in for 0xa5
03-21 10:42:25.059 11655 11655 E ArmVmp : Match on catch block at 0xc3 in for 0xa9
03-21 10:42:25.556 11655 11655 E ArmVmp : Match on catch block at 0xc3 in for 0xa9
03-21 10:42:25.559 11655 11655 E ArmVmp : Match on catch block at 0xc3 in for 0xa1
03-21 10:42:25.810 11655 11655 E ArmVmp : Match on catch block at 0xc3 in for 0xa1
03-21 10:42:25.812 11655 11655 E ArmVmp : Match on catch block at 0xc3 in for 0xa5
03-21 10:42:25.825 11655 11655 E ArmVmp : Match on catch block at 0xc3 in for 0xa5
03-21 10:42:25.827 11655 11655 E ArmVmp : Match on catch block at 0xc3 in for 0xa9
03-21 10:42:25.838 11655 11655 E ArmVmp : Match on catch block at 0xc3 in for 0xa9
03-21 10:42:25.841 11655 11655 E ArmVmp : Match on catch block at 0xc3 in for 0xa1
03-21 10:42:26.055 11655 11655 E ArmVmp : Match on catch block at 0xc3 in for 0xa1
03-21 10:42:26.058 11655 11655 E ArmVmp : Match on catch block at 0xc3 in for 0xa5
03-21 10:42:26.556 11655 11655 E ArmVmp : Match on catch block at 0xc3 in for 0xa9
03-21 10:42:26.559 11655 11655 E ArmVmp : Match on catch block at 0xc3 in for 0xa1
03-21 10:42:26.826 11655 11655 E ArmVmp : Match on catch block at 0xc3 in for 0xa5
03-21 10:42:26.829 11655 11655 E ArmVmp : Match on catch block at 0xc3 in for 0xa9
03-21 10:42:26.840 11655 11655 E ArmVmp : Match on catch block at 0xc3 in for 0xa9
03-21 10:42:26.843 11655 11655 E ArmVmp : Match on catch block at 0xc3 in for 0xa1
03-21 10:42:26.881 11655 11655 E GraphicExt:
GraphicExtModuleLoader::CreateGraphicExtInstance false
03-21 10:42:26.972 11655 11655 E ArmVmp : Match on catch block at 0xc3 in for 0xa5
03-21 10:42:26.974 11655 11655 E ArmVmp : Match on catch block at 0xc3 in for 0xa9
03-21 10:42:27.035 11655 11655 E ArmVmp : Match on catch block at 0xc3 in for 0xa5
03-21 10:42:27.038 11655 11655 E ArmVmp : Match on catch block at 0xc3 in for 0xa9
03-21 10:42:49.772 11655 11755 W System : ClassLoader referenced unknown path:
system/framework/mediatek-cta.jar
03-21 10:42:49.778 11655 11755 W System : ClassLoader referenced unknown path:
system/framework/mediatek-cta.jar
03-21 10:42:50.362 11655 11755 W System : ClassLoader referenced unknown path:
system/framework/mediatek-cta.jar
03-21 10:42:50.540 11655 11755 W System : ClassLoader referenced unknown path:
system/framework/mediatek-cta.jar
03-21 10:42:50.848 11655 11755 W System : ClassLoader referenced unknown path:
system/framework/mediatek-cta.jar
03-21 10:43:53.436 11655 11655 E GraphicExt:
GraphicExtModuleLoader::CreateGraphicExtInstance false
03-21 10:43:55.437 11655 11655 E GraphicExt:
GraphicExtModuleLoader::CreateGraphicExtInstance false
03-21 10:43:57.444 11655 11655 E GraphicExt:
GraphicExtModuleLoader::CreateGraphicExtInstance false
03-21 10:43:59.446 11655 11655 E GraphicExt:
GraphicExtModuleLoader::CreateGraphicExtInstance false
03-21 10:45:43.055 11655 11680 E FirebaseInstanceId: Token retrieval failed without
exception message. Will retry token retrieval
03-21 10:46:31.408 11655 11655 E GraphicExt:
GraphicExtModuleLoader::CreateGraphicExtInstance false
03-21 10:48:52.190 11655 15790 W System : ClassLoader referenced unknown path:
system/framework/mediatek-cta.jar
03-21 10:48:52.194 11655 15790 W System : ClassLoader referenced unknown path:
system/framework/mediatek-cta.jar
03-21 10:48:52.554 11655 15790 E DRM/DcfDecoder: decodeDrmImageIfNeeded stream
caught ClassCastException
03-21 10:48:52.585 11655 11732 E SQLiteDatabase: Error inserting transferred=1
media_job_uuid=bd87803c-376d-4108-a49e-f48fd3fc594f transcoded=0 gif_attribution=0
first_scan_length=7691 direct_path=/v/t62.7118-
24/31852784_388663284095788_1220199492952304429_n.enc?ccb=11-
4&oh=01_AdR5ENIWfv_jK6R6oBmPan4rSiEbsfBRRUVWbkO6OhgYvQ&oe=6623B52E&_nc_sid=5e03e0
thumbnail_height_width_ratio=0.75 is_animated_sticker=0
file_hash=+5hJQkNFRCkFMTl82aGfe9lhgGwvqZhbu7r4TRjF4vA=
file_path=Media/.Statuses/6f1b2ea781234ca7a79394cf06323646.jpg file_size=88914
partial_media_hash=5fFTTNQelb0MPJIAS1k4Gt05jle197DJBnh1lJvEDrM= face_x=0 face_y=0
height=810 trim_to=0 media_key_timestamp=1711036101000
message_url=https://mmg.whatsapp.net/v/t62.7118-
24/31852784_388663284095788_1220199492952304429_n.enc?ccb=11-
4&oh=01_AdR5ENIWfv_jK6R6oBmPan4rSiEbsfBRRUVWbkO6OhgYvQ&oe=6623B52E&_nc_sid=5e03e0&m
ms3=true media_caption=null trim_from=0 mime_type=image/jpeg
partial_media_enc_hash=null width=1080 original_file_hash=null
has_streaming_sidecar=1 autotransfer_retry_enabled=1 media_upload_handle=null
message_row_id=237441 multicast_id=null
enc_file_hash=D5kn/OzUT+PNcrtmgzUhAOZvdOx9JwbGLX6kDOAlVm4= mute_video=0
page_count=0 first_scan_sidecar=[B@892230c suspicious_content=0 file_length=88914
media_name=null media_duration=0 chat_row_id=1 media_key=[B@42ec455
03-21 10:48:52.585 11655 11732 E SQLiteDatabase:
android.database.sqlite.SQLiteConstraintException: UNIQUE constraint failed:
message_media.message_row_id (code 1555 SQLITE_CONSTRAINT_PRIMARYKEY)
03-21 10:48:52.585 11655 11732 E SQLiteDatabase: at
android.database.sqlite.SQLiteConnection.nativeExecuteForLastInsertedRowId(Native
Method)
03-21 10:48:52.585 11655 11732 E SQLiteDatabase: at
android.database.sqlite.SQLiteConnection.executeForLastInsertedRowId(SQLiteConnecti
on.java:879)
03-21 10:48:52.585 11655 11732 E SQLiteDatabase: at
android.database.sqlite.SQLiteSession.executeForLastInsertedRowId(SQLiteSession.jav
a:790)
03-21 10:48:52.585 11655 11732 E SQLiteDatabase: at
android.database.sqlite.SQLiteStatement.executeInsert(SQLiteStatement.java:88)
03-21 10:48:52.585 11655 11732 E SQLiteDatabase: at
android.database.sqlite.SQLiteDatabase.insertWithOnConflict(SQLiteDatabase.java:159
9)
03-21 10:48:52.585 11655 11732 E SQLiteDatabase: at
android.database.sqlite.SQLiteDatabase.insert(SQLiteDatabase.java:1468)
03-21 10:48:52.585 11655 11732 E SQLiteDatabase: at X.2tm.A08(Unknown
Source:6)
03-21 10:48:52.585 11655 11732 E SQLiteDatabase: at X.35Y.A07(Unknown
Source:212)
03-21 10:48:52.585 11655 11732 E SQLiteDatabase: at X.3QF.A14(Unknown
Source:470)
03-21 10:48:52.585 11655 11732 E SQLiteDatabase: at X.3gU.run(Unknown
Source:982)
03-21 10:48:52.585 11655 11732 E SQLiteDatabase: at
android.os.Handler.handleCallback(Handler.java:914)
03-21 10:48:52.585 11655 11732 E SQLiteDatabase: at
android.os.Handler.dispatchMessage(Handler.java:100)
03-21 10:48:52.585 11655 11732 E SQLiteDatabase: at
X.0zq.dispatchMessage(Unknown Source:4)
03-21 10:48:52.585 11655 11732 E SQLiteDatabase: at
android.os.Looper.loop(Looper.java:224)
03-21 10:48:52.585 11655 11732 E SQLiteDatabase: at
android.os.HandlerThread.run(HandlerThread.java:67)
03-21 10:53:43.860 11655 11680 E FirebaseInstanceId: Token retrieval failed without
exception message. Will retry token retrieval
--------- beginning of main
03-21 11:08:06.373 11655 12286 W System : ClassLoader referenced unknown path:
system/framework/mediatek-cta.jar
03-21 11:08:06.663 11655 12249 W System : ClassLoader referenced unknown path:
system/framework/mediatek-cta.jar
03-21 11:08:06.746 11655 12286 W System : ClassLoader referenced unknown path:
system/framework/mediatek-cta.jar
03-21 11:08:07.034 11655 12249 W System : ClassLoader referenced unknown path:
system/framework/mediatek-cta.jar
03-21 11:08:07.038 11655 12286 W System : ClassLoader referenced unknown path:
system/framework/mediatek-cta.jar
03-21 11:08:07.326 11655 12249 W System : ClassLoader referenced unknown path:
system/framework/mediatek-cta.jar
03-21 11:08:07.337 11655 11764 W System : ClassLoader referenced unknown path:
system/framework/mediatek-cta.jar
03-21 11:08:07.351 11655 11764 W System : ClassLoader referenced unknown path:
system/framework/mediatek-cta.jar
03-21 11:08:11.880 11655 11764 W System : ClassLoader referenced unknown path:
system/framework/mediatek-cta.jar
03-21 11:08:17.769 11655 19959 W System : ClassLoader referenced unknown path:
system/framework/mediatek-cta.jar
03-21 11:08:17.794 11655 19959 W System : ClassLoader referenced unknown path:
system/framework/mediatek-cta.jar
--------- beginning of system
03-21 11:08:23.851 11655 19959 W BpBinder: Slow Binder: BpBinder transact took 490
ms, interface=android.media.IMediaMetadataRetriever, code=3 oneway=false
03-21 11:08:24.048 11655 11732 E SQLiteDatabase: Error inserting transferred=1
media_job_uuid=c1652dc2-36e5-448e-b8fd-b273dd61f33e transcoded=0 gif_attribution=0
first_scan_length=0 direct_path=/v/t62.7161-
24/19394824_933139181805270_6526449382693202998_n.enc?ccb=11-
4&oh=01_AdTfSQYsX5EiFQ3sUbSHl1TNgd4F6yodoV-TK0cRGrp7ww&oe=6623CA58&_nc_sid=5e03e0
thumbnail_height_width_ratio=1.7560976 is_animated_sticker=0
file_hash=U1W8po5w+dzqLeGCIi6D9E1ciJAT6kbsACMpc6KTgXY= file_path=Media/WhatsApp
Video/VID-20240321-WA0011.mp4 file_size=2054525 partial_media_hash=null face_x=0
face_y=0 height=1280 trim_to=0 media_key_timestamp=1711029044000
message_url=https://mmg.whatsapp.net/v/t62.7161-
24/19394824_933139181805270_6526449382693202998_n.enc?ccb=11-
4&oh=01_AdTfSQYsX5EiFQ3sUbSHl1TNgd4F6yodoV-
TK0cRGrp7ww&oe=6623CA58&_nc_sid=5e03e0&mms3=true media_caption=null trim_from=0
mime_type=video/mp4 partial_media_enc_hash=null width=720 original_file_hash=null
has_streaming_sidecar=1 autotransfer_retry_enabled=1 media_upload_handle=null
message_row_id=237378 multicast_id=null
enc_file_hash=ME1/EiAHpcdNsLJ3UgJLyg8zWZiG0Mz0liXEjTYDBzU= mute_video=0
page_count=0 first_scan_sidecar=null suspicious_content=0 file_length=2054525
media_name=null media_duration=28 chat_row_id=102 media_key=[B@6c37f87
03-21 11:08:24.048 11655 11732 E SQLiteDatabase:
android.database.sqlite.SQLiteConstraintException: UNIQUE constraint failed:
message_media.message_row_id (code 1555 SQLITE_CONSTRAINT_PRIMARYKEY)
03-21 11:08:24.048 11655 11732 E SQLiteDatabase: at
android.database.sqlite.SQLiteConnection.nativeExecuteForLastInsertedRowId(Native
Method)
03-21 11:08:24.048 11655 11732 E SQLiteDatabase: at
android.database.sqlite.SQLiteConnection.executeForLastInsertedRowId(SQLiteConnecti
on.java:879)
03-21 11:08:24.048 11655 11732 E SQLiteDatabase: at
android.database.sqlite.SQLiteSession.executeForLastInsertedRowId(SQLiteSession.jav
a:790)
03-21 11:08:24.048 11655 11732 E SQLiteDatabase: at
android.database.sqlite.SQLiteStatement.executeInsert(SQLiteStatement.java:88)
03-21 11:08:24.048 11655 11732 E SQLiteDatabase: at
android.database.sqlite.SQLiteDatabase.insertWithOnConflict(SQLiteDatabase.java:159
9)
03-21 11:08:24.048 11655 11732 E SQLiteDatabase: at
android.database.sqlite.SQLiteDatabase.insert(SQLiteDatabase.java:1468)
03-21 11:08:24.048 11655 11732 E SQLiteDatabase: at X.2tm.A08(Unknown
Source:6)
03-21 11:08:24.048 11655 11732 E SQLiteDatabase: at X.35Y.A07(Unknown
Source:212)
03-21 11:08:24.048 11655 11732 E SQLiteDatabase: at X.3QF.A14(Unknown
Source:470)
03-21 11:08:24.048 11655 11732 E SQLiteDatabase: at X.3gU.run(Unknown
Source:982)
03-21 11:08:24.048 11655 11732 E SQLiteDatabase: at
android.os.Handler.handleCallback(Handler.java:914)
03-21 11:08:24.048 11655 11732 E SQLiteDatabase: at
android.os.Handler.dispatchMessage(Handler.java:100)
03-21 11:08:24.048 11655 11732 E SQLiteDatabase: at
X.0zq.dispatchMessage(Unknown Source:4)
03-21 11:08:24.048 11655 11732 E SQLiteDatabase: at
android.os.Looper.loop(Looper.java:224)
03-21 11:08:24.048 11655 11732 E SQLiteDatabase: at
android.os.HandlerThread.run(HandlerThread.java:67)
03-21 11:08:24.132 11655 19959 W System : ClassLoader referenced unknown path:
system/framework/mediatek-cta.jar
03-21 11:08:25.501 20777 20777 E com.whatsapp: Not starting debugger since process
cannot load the jdwp agent.
03-21 11:08:25.862 20777 20777 W ResourceType: CREATING STRING CACHE OF 192 bytes
03-21 11:08:25.942 20777 20777 W System.err: java.lang.ClassNotFoundException:
mbmodsd.mbmodsw.ui.views.btn.BtnBK
03-21 11:08:25.942 20777 20777 W System.err: at
java.lang.Runtime.nativeLoad(Native Method)
03-21 11:08:25.942 20777 20777 W System.err: at
java.lang.Runtime.nativeLoad(Runtime.java:1115)
03-21 11:08:25.942 20777 20777 W System.err: at
java.lang.Runtime.loadLibrary0(Runtime.java:1069)
03-21 11:08:25.942 20777 20777 W System.err: at
java.lang.Runtime.loadLibrary0(Runtime.java:1007)
03-21 11:08:25.942 20777 20777 W System.err: at
java.lang.System.loadLibrary(System.java:1667)
03-21 11:08:25.942 20777 20777 W System.err: at arm.EpicVm.<clinit>(Unknown
Source:2)
03-21 11:08:25.942 20777 20777 W System.err: at
java.lang.Class.newInstance(Native Method)
03-21 11:08:25.942 20777 20777 W System.err: at
android.app.AppComponentFactory.instantiateApplication(AppComponentFactory.java:76)
03-21 11:08:25.942 20777 20777 W System.err: at
androidx.core.app.CoreComponentFactory.instantiateApplication(Unknown Source:0)
03-21 11:08:25.942 20777 20777 W System.err: at
android.app.Instrumentation.newApplication(Instrumentation.java:1155)
03-21 11:08:25.942 20777 20777 W System.err: at
android.app.LoadedApk.makeApplication(LoadedApk.java:1222)
03-21 11:08:25.942 20777 20777 W System.err: at
android.app.ActivityThread.handleBindApplication(ActivityThread.java:6562)
03-21 11:08:25.942 20777 20777 W System.err: at
android.app.ActivityThread.access$1500(ActivityThread.java:230)
03-21 11:08:25.942 20777 20777 W System.err: at
android.app.ActivityThread$H.handleMessage(ActivityThread.java:1911)
03-21 11:08:25.943 20777 20777 W System.err: at
android.os.Handler.dispatchMessage(Handler.java:107)
03-21 11:08:25.943 20777 20777 W System.err: at
android.os.Looper.loop(Looper.java:224)
03-21 11:08:25.943 20777 20777 W System.err: at
android.app.ActivityThread.main(ActivityThread.java:7551)
03-21 11:08:25.943 20777 20777 W System.err: at
java.lang.reflect.Method.invoke(Native Method)
03-21 11:08:25.943 20777 20777 W System.err: at
com.android.internal.os.RuntimeInit$MethodAndArgsCaller.run(RuntimeInit.java:539)
03-21 11:08:25.943 20777 20777 W System.err: at
com.android.internal.os.ZygoteInit.main(ZygoteInit.java:995)
03-21 11:08:26.058 20777 20777 E CustomActivityOnCrash: IMPORTANT WARNING! You
already have an UncaughtExceptionHandler, are you sure this is correct? If you use
a custom UncaughtExceptionHandler, you must initialize it AFTER
CustomActivityOnCrash! Installing anyway, but your original handler will not be
called.
03-21 11:08:26.227 20777 20777 E libc : Access denied finding property
"ro.vendor.df.effect.conflict"
03-21 11:08:26.804 20777 20777 W com.whatsapp: type=1400 audit(0.0:2295): avc:
granted { execute } for
path="/data/data/com.whatsapp/files/decompressed/libs.spk.zst/libc++_shared.so"
dev="sdc46" ino=1712173 scontext=u:r:untrusted_app:s0:c123,c259,c512,c768
tcontext=u:object_r:app_data_file:s0:c123,c259,c512,c768 tclass=file
03-21 11:08:26.814 20777 20777 W linker : Warning:
"/data/data/com.whatsapp/files/decompressed/libs.spk.zst/libc++_shared.so" unused
DT entry: unknown processor-specific (type 0x70000001 arg 0x0) (ignoring)
03-21 11:08:27.288 20777 20950 W com.whatsapp: Class X.2rL failed lock verification
and will run slower.
03-21 11:08:27.288 20777 20950 W com.whatsapp: Common causes for lock verification
issues are non-optimized dex code
03-21 11:08:27.288 20777 20950 W com.whatsapp: and incorrect proguard
optimizations.
03-21 11:08:27.288 20777 20777 W Looper : Slow Looper main: Long Msg: seq=2
plan=11:08:25.530 late=8ms wall=1687ms running=0ms h=android.app.ActivityThread$H
w=110
03-21 11:08:27.714 20777 20978 W System : ClassLoader referenced unknown path:
system/framework/mediatek-cta.jar
03-21 11:08:27.799 20777 20967 W System : ClassLoader referenced unknown path:
system/framework/mediatek-cta.jar
03-21 11:08:27.827 20777 20967 W System : ClassLoader referenced unknown path:
system/framework/mediatek-cta.jar
03-21 11:08:29.072 20777 21013 W BpBinder: Slow Binder: BpBinder transact took 885
ms, interface=android.app.IActivityManager, code=20 oneway=false
03-21 11:08:29.604 20777 21013 W BpBinder: Slow Binder: BpBinder transact took 530
ms, interface=android.content.IContentProvider, code=1 oneway=false
03-21 11:08:32.932 20777 21194 W System : ClassLoader referenced unknown path:
system/framework/mediatek-cta.jar
03-21 11:08:32.934 20777 21194 W System : ClassLoader referenced unknown path:
system/framework/mediatek-cta.jar
03-21 11:08:39.656 20777 20777 W pool-2-thread-1: type=1400 audit(0.0:2380): avc:
granted { execute } for
path="/data/data/com.whatsapp/files/decompressed/libs.spk.zst/libgifimage.so"
dev="sdc46" ino=1712170 scontext=u:r:untrusted_app:s0:c123,c259,c512,c768
tcontext=u:object_r:app_data_file:s0:c123,c259,c512,c768 tclass=file
03-21 11:08:39.815 20777 20934 E SQLiteDatabase: Error inserting transferred=1
media_job_uuid=f4f747a0-24a7-45b5-ba37-20aa90ed5394 transcoded=0 gif_attribution=0
first_scan_length=0 direct_path=/v/t62.7161-
24/31102579_1463542230864003_1096420867026199041_n.enc?ccb=11-
4&oh=01_AdTdsc9Med19nximK5KSDlS5Sjmr154FoIIk7mX96fdlsA&oe=6623B6C1&_nc_sid=5e03e0&_
nc_hot=1711035352 thumbnail_height_width_ratio=1.7857143 is_animated_sticker=0
file_hash=NbG8VbXws1ESirCjkaMj3STEtgaG/rdcUECFpoTQnHo= file_path=Media/WhatsApp
Video/VID-20240321-WA0012.mp4 file_size=12331642 partial_media_hash=null face_x=0
