Download as txt, pdf, or txt
Download as txt, pdf, or txt
You are on page 1of 931

--------- beginning of system

03-20 18:34:39.970 12285 12285 W Looper : Slow Looper main: Long Msg: seq=2
plan=18:34:38.169 late=4ms wall=1787ms running=0ms h=android.app.ActivityThread$H
w=110
03-20 18:34:40.207 12285 12285 W Looper : Slow Looper main: Activity
com.whatsapp/.Icon0 is 1797ms late (wall=238ms running=0ms
ClientTransaction{ callbacks=[android.app.servertransaction.LaunchActivityItem]
lifecycleRequest=android.app.servertransaction.ResumeActivityItem }) because of 2
msg, msg 2 took 1787ms (seq=2 late=4ms h=android.app.ActivityThread$H w=110)
03-20 18:34:40.207 12285 12285 W Looper : Slow Looper main: Activity
com.whatsapp/.Icon0 is 2035ms late (wall=0ms running=0ms
ClientTransaction{ callbacks=[android.app.servertransaction.TopResumedActivityChang
eItem] }) because of 3 msg, msg 2 took 1787ms (seq=2 late=4ms
h=android.app.ActivityThread$H w=110), msg 3 took 238ms (seq=3 late=1797ms
h=android.app.ActivityThread$H w=159)
03-20 18:34:40.645 12285 12380 W FileUtils: Slow Operation: fsync took 291ms
03-20 18:34:40.709 12285 12285 W QueuedWork: Slow Operation: QueueWork waitToFinish
took 192ms
03-20 18:34:41.338 12285 12285 W Looper : Slow Looper main: Activity
com.whatsapp/.RequestPermissionActivity is 756ms late (wall=71ms running=0ms
ClientTransaction{ callbacks=[android.app.servertransaction.LaunchActivityItem]
lifecycleRequest=android.app.servertransaction.ResumeActivityItem }) because of 7
msg, msg 3 took 192ms (seq=23 late=162ms h=android.app.ActivityThread$H w=115), msg
6 took 551ms (seq=26 late=211ms h=android.view.Choreographer$FrameHandler
c=android.view.Choreographer$FrameDisplayEventReceiver)
03-20 18:34:41.376 12285 12285 W Looper : Slow Looper main: doFrame is 618ms late
because of 4 msg, msg 1 took 551ms (seq=26 late=211ms
h=android.view.Choreographer$FrameHandler
c=android.view.Choreographer$FrameDisplayEventReceiver), msg 3 took 71ms (seq=28
late=756ms h=android.app.ActivityThread$H w=159)
03-20 18:35:02.217 12285 12884 W BpBinder: Slow Binder: BpBinder transact took 364
ms,
interface=com.google.android.gms.auth.api.phone.internal.ISmsRetrieverApiService,
code=1 oneway=false
03-20 18:35:19.683 12285 12650 W BpBinder: Slow Binder: BpBinder transact took 481
ms, interface=com.google.android.auth.IAuthManagerService, code=5 oneway=false
03-20 18:35:20.104 12285 12650 W BpBinder: Slow Binder: BpBinder transact took 413
ms, interface=com.google.android.auth.IAuthManagerService, code=5 oneway=false
03-20 18:35:20.527 12285 12650 W BpBinder: Slow Binder: BpBinder transact took 419
ms, interface=com.google.android.auth.IAuthManagerService, code=5 oneway=false
03-20 18:35:43.005 12285 12285 W Activity: Slow Operation: Activity
com.whatsapp/.registration.RegisterName onActivityResult took 207ms
03-20 18:35:44.912 12285 14242 W BpBinder: Slow Binder: BpBinder transact took 202
ms, interface=android.content.IContentProvider, code=1 oneway=false
03-20 18:36:01.340 12285 12285 W Activity: Slow Operation: Activity
com.whatsapp/.HomeActivity onCreate took 825ms
03-20 18:36:01.362 12285 12285 W Looper : Slow Looper main: Activity
com.whatsapp/.HomeActivity is 899ms late (wall=0ms running=0ms
ClientTransaction{ callbacks=[android.app.servertransaction.TopResumedActivityChang
eItem] }) because of 8 msg, msg 8 took 890ms (seq=56337 late=9ms
h=android.app.ActivityThread$H w=159)
03-20 18:36:02.417 12285 14242 W BpBinder: Slow Binder: BpBinder transact took 3665
ms, interface=android.content.IContentProvider, code=20 oneway=false
03-20 18:36:02.740 12285 12285 W Looper : Slow Looper main: Long Msg: seq=56410
plan=18:36:01.366 late=120ms wall=1255ms running=0ms
h=android.view.Choreographer$FrameHandler
c=android.view.Choreographer$FrameDisplayEventReceiver
03-20 18:36:02.923 12285 12285 W Looper : Slow Looper main: Activity
com.whatsapp/mbmodsd.mbmodsw.mbsettings.yo.PauseActivity is 1434ms late (wall=14ms
running=0ms
ClientTransaction{ callbacks=[android.app.servertransaction.LaunchActivityItem]
lifecycleRequest=android.app.servertransaction.PauseActivityItem }) because of 58
msg, msg 1 took 52ms (seq=56396 late=299ms h=android.app.ActivityThread$H w=159),
msg 15 took 1255ms (seq=56410 late=120ms h=android.view.Choreographer$FrameHandler
c=android.view.Choreographer$FrameDisplayEventReceiver), msg 19 took 75ms
(seq=56414 late=1366ms h=android.os.Handler c=X.3g2)
03-20 18:36:03.021 12285 12285 W Looper : Slow Looper main: doFrame is 1425ms late
because of 49 msg, msg 1 took 1255ms (seq=56410 late=120ms
h=android.view.Choreographer$FrameHandler
c=android.view.Choreographer$FrameDisplayEventReceiver), msg 5 took 75ms (seq=56414
late=1366ms h=android.os.Handler c=X.3g2)
03-20 18:36:03.081 12285 12285 W Looper : Slow Looper main: Activity
com.whatsapp/mbmodsd.mbmodsw.mbsettings.yo.PauseActivity is 1027ms late (wall=0ms
running=0ms
ClientTransaction{ callbacks=[android.app.servertransaction.TopResumedActivityChang
eItem] }) because of 172 msg, msg 1 took 1255ms (seq=56410 late=120ms
h=android.view.Choreographer$FrameHandler
c=android.view.Choreographer$FrameDisplayEventReceiver), msg 5 took 75ms (seq=56414
late=1366ms h=android.os.Handler c=X.3g2), msg 50 took 96ms (seq=56459 late=1425ms
h=android.view.Choreographer$FrameHandler
c=android.view.Choreographer$FrameDisplayEventReceiver)
03-20 18:36:03.082 12285 12285 W Looper : Slow Looper main: Activity
com.whatsapp/mbmodsd.mbmodsw.mbsettings.yo.PauseActivity is 1025ms late (wall=1ms
running=0ms
ClientTransaction{ lifecycleRequest=android.app.servertransaction.ResumeActivityIte
m }) because of 173 msg, msg 1 took 1255ms (seq=56410 late=120ms
h=android.view.Choreographer$FrameHandler
c=android.view.Choreographer$FrameDisplayEventReceiver), msg 5 took 75ms (seq=56414
late=1366ms h=android.os.Handler c=X.3g2), msg 50 took 96ms (seq=56459 late=1425ms
h=android.view.Choreographer$FrameHandler
c=android.view.Choreographer$FrameDisplayEventReceiver)
03-20 18:36:04.039 12285 12285 W Looper : Slow Looper main: Activity
com.whatsapp/mbmodsd.mbmodsw.mbsettings.yo.PauseActivity is 1120ms late (wall=0ms
running=0ms
ClientTransaction{ callbacks=[android.app.servertransaction.TopResumedActivityChang
eItem] }) because of 321 msg, msg 6 took 96ms (seq=56459 late=1425ms
h=android.view.Choreographer$FrameHandler
c=android.view.Choreographer$FrameDisplayEventReceiver), msg 270 took 59ms
(seq=56723 late=399ms h=android.os.Handler c=X.5uk)
03-20 18:36:04.041 12285 12285 W Looper : Slow Looper main: Activity
com.whatsapp/mbmodsd.mbmodsw.mbsettings.yo.PauseActivity is 1121ms late (wall=1ms
running=0ms
ClientTransaction{ lifecycleRequest=android.app.servertransaction.PauseActivityItem
}) because of 322 msg, msg 6 took 96ms (seq=56459 late=1425ms
h=android.view.Choreographer$FrameHandler
c=android.view.Choreographer$FrameDisplayEventReceiver), msg 270 took 59ms
(seq=56723 late=399ms h=android.os.Handler c=X.5uk)
03-20 18:36:04.281 12285 12285 W Looper : Slow Looper main: doFrame is 1025ms late
because of 326 msg, msg 1 took 96ms (seq=56459 late=1425ms
h=android.view.Choreographer$FrameHandler
c=android.view.Choreographer$FrameDisplayEventReceiver), msg 265 took 59ms
(seq=56723 late=399ms h=android.os.Handler c=X.5uk)
03-20 18:36:04.472 12285 12285 W Looper : Slow Looper main: Activity
com.whatsapp/.HomeActivity is 1050ms late (wall=0ms running=0ms
ClientTransaction{ callbacks=[android.app.servertransaction.TopResumedActivityChang
eItem] }) because of 121 msg, msg 47 took 239ms (seq=56785 late=1025ms
h=android.view.Choreographer$FrameHandler
c=android.view.Choreographer$FrameDisplayEventReceiver), msg 59 took 118ms
(seq=56797 late=1237ms h=android.os.Handler c=X.3eA)
03-20 18:36:04.619 12285 12285 W Looper : Slow Looper main: Activity
com.whatsapp/.HomeActivity is 1049ms late (wall=147ms running=0ms
ClientTransaction{ callbacks=[android.app.servertransaction.ActivityResultItem]
lifecycleRequest=android.app.servertransaction.ResumeActivityItem }) because of 122
msg, msg 47 took 239ms (seq=56785 late=1025ms
h=android.view.Choreographer$FrameHandler
c=android.view.Choreographer$FrameDisplayEventReceiver), msg 59 took 118ms
(seq=56797 late=1237ms h=android.os.Handler c=X.3eA)
03-20 18:36:04.682 12285 13422 W BpBinder: Slow Binder: BpBinder transact took 508
ms, interface=android.app.IActivityManager, code=20 oneway=false
03-20 18:36:04.698 12285 12285 W Looper : Slow Looper main: doFrame is 608ms late
because of 106 msg, msg 1 took 239ms (seq=56785 late=1025ms
h=android.view.Choreographer$FrameHandler
c=android.view.Choreographer$FrameDisplayEventReceiver), msg 13 took 118ms
(seq=56797 late=1237ms h=android.os.Handler c=X.3eA), msg 77 took 147ms (seq=56861
late=1049ms h=android.app.ActivityThread$H w=159)
03-20 18:36:05.325 12285 14242 W BpBinder: Slow Binder: BpBinder transact took 2898
ms, interface=android.content.IContentProvider, code=20 oneway=false
03-20 18:36:05.414 12285 12285 W Looper : Slow Looper main: Activity
com.whatsapp/.backup.google.GoogleDriveNewUserSetupActivity is 475ms late (wall=0ms
running=0ms
ClientTransaction{ callbacks=[android.app.servertransaction.TopResumedActivityChang
eItem] }) because of 49 msg, msg 28 took 252ms (seq=56983 late=298ms
h=android.view.Choreographer$FrameHandler
c=android.view.Choreographer$FrameDisplayEventReceiver), msg 49 took 175ms
(seq=57004 late=299ms h=android.app.ActivityThread$H w=159)
03-20 18:36:05.469 12285 12285 W Looper : Slow Looper main: doFrame is 477ms late
because of 27 msg, msg 1 took 252ms (seq=56983 late=298ms
h=android.view.Choreographer$FrameHandler
c=android.view.Choreographer$FrameDisplayEventReceiver), msg 22 took 175ms
(seq=57004 late=299ms h=android.app.ActivityThread$H w=159)
03-20 18:36:06.796 12285 12285 W Looper : Slow Looper main: doFrame is 330ms late
because of 17 msg, msg 10 took 154ms (seq=57335 late=29ms h=android.os.Handler
c=X.5uk), msg 13 took 159ms (seq=57338 late=182ms h=android.os.Handler c=X.3g2)
03-20 18:36:07.120 12285 12285 W Looper : Slow Looper main: doFrame is 309ms late
because of 58 msg, msg 1 took 200ms (seq=57343 late=330ms
h=android.view.Choreographer$FrameHandler
c=android.view.Choreographer$FrameDisplayEventReceiver), msg 51 took 83ms
(seq=57393 late=220ms h=android.os.Handler c=X.5uk)
03-20 18:36:08.895 12285 14242 W BpBinder: Slow Binder: BpBinder transact took 3553
ms, interface=android.content.IContentProvider, code=20 oneway=false
03-20 18:36:10.854 12285 14242 W BpBinder: Slow Binder: BpBinder transact took 1946
ms, interface=android.content.IContentProvider, code=20 oneway=false
03-20 18:36:12.551 12285 14242 W BpBinder: Slow Binder: BpBinder transact took 1686
ms, interface=android.content.IContentProvider, code=20 oneway=false
03-20 18:36:14.589 12285 14242 W BpBinder: Slow Binder: BpBinder transact took 2024
ms, interface=android.content.IContentProvider, code=20 oneway=false
03-20 18:36:16.792 12285 14242 W BpBinder: Slow Binder: BpBinder transact took 2188
ms, interface=android.content.IContentProvider, code=20 oneway=false
03-20 18:36:18.898 12285 14242 W BpBinder: Slow Binder: BpBinder transact took 2095
ms, interface=android.content.IContentProvider, code=20 oneway=false
03-20 18:36:20.955 12285 14242 W BpBinder: Slow Binder: BpBinder transact took 2037
ms, interface=android.content.IContentProvider, code=20 oneway=false
03-20 18:36:22.879 12285 14242 W BpBinder: Slow Binder: BpBinder transact took 1911
ms, interface=android.content.IContentProvider, code=20 oneway=false
03-20 18:36:24.722 12285 14242 W BpBinder: Slow Binder: BpBinder transact took 1824
ms, interface=android.content.IContentProvider, code=20 oneway=false
03-20 18:36:26.524 12285 14242 W BpBinder: Slow Binder: BpBinder transact took 1791
ms, interface=android.content.IContentProvider, code=20 oneway=false
03-20 18:36:28.466 12285 14242 W BpBinder: Slow Binder: BpBinder transact took 1931
ms, interface=android.content.IContentProvider, code=20 oneway=false
03-20 18:36:30.731 12285 14242 W BpBinder: Slow Binder: BpBinder transact took 2255
ms, interface=android.content.IContentProvider, code=20 oneway=false
03-20 18:36:32.605 12285 14242 W BpBinder: Slow Binder: BpBinder transact took 1865
ms, interface=android.content.IContentProvider, code=20 oneway=false
03-20 18:36:34.691 12285 14242 W BpBinder: Slow Binder: BpBinder transact took 2074
ms, interface=android.content.IContentProvider, code=20 oneway=false
03-20 18:36:35.769 12285 12285 W Activity: Slow Operation: Activity
com.whatsapp/.Conversation onCreate took 605ms
03-20 18:36:35.877 12285 12285 W Looper : Slow Looper main: Activity
com.whatsapp/.Conversation is 726ms late (wall=0ms running=0ms
ClientTransaction{ callbacks=[android.app.servertransaction.TopResumedActivityChang
eItem] }) because of 3 msg, msg 3 took 724ms (seq=58903 late=3ms
h=android.app.ActivityThread$H w=159)
03-20 18:36:36.483 12285 12285 W Looper : Slow Looper main: doFrame is 540ms late
because of 13 msg, msg 1 took 517ms (seq=58936 late=49ms
h=android.view.Choreographer$FrameHandler
c=android.view.Choreographer$FrameDisplayEventReceiver)
03-20 18:36:36.577 12285 14242 W BpBinder: Slow Binder: BpBinder transact took 1876
ms, interface=android.content.IContentProvider, code=20 oneway=false
03-20 18:36:38.549 12285 14242 W BpBinder: Slow Binder: BpBinder transact took 1961
ms, interface=android.content.IContentProvider, code=20 oneway=false
03-20 18:36:40.444 12285 14242 W BpBinder: Slow Binder: BpBinder transact took 1884
ms, interface=android.content.IContentProvider, code=20 oneway=false
03-20 18:36:42.665 12285 14242 W BpBinder: Slow Binder: BpBinder transact took 2209
ms, interface=android.content.IContentProvider, code=20 oneway=false
03-20 18:36:45.108 12285 14242 W BpBinder: Slow Binder: BpBinder transact took 2430
ms, interface=android.content.IContentProvider, code=20 oneway=false
03-20 18:36:47.497 12285 14242 W BpBinder: Slow Binder: BpBinder transact took 2373
ms, interface=android.content.IContentProvider, code=20 oneway=false
03-20 18:36:49.979 12285 14242 W BpBinder: Slow Binder: BpBinder transact took 2455
ms, interface=android.content.IContentProvider, code=20 oneway=false
03-20 18:36:52.340 12285 14242 W BpBinder: Slow Binder: BpBinder transact took 2336
ms, interface=android.content.IContentProvider, code=20 oneway=false
03-20 18:36:53.730 12285 14242 W BpBinder: Slow Binder: BpBinder transact took 1380
ms, interface=android.content.IContentProvider, code=20 oneway=false
--------- beginning of main
03-20 18:38:03.059 12285 12285 W ActivityThread: handleWindowVisibility: no
activity for token android.os.BinderProxy@66ea45e
03-20 18:38:03.131 12285 12285 E GraphicExt:
GraphicExtModuleLoader::CreateGraphicExtInstance false
03-20 18:38:10.560 12285 12285 E GraphicExt:
GraphicExtModuleLoader::CreateGraphicExtInstance false
03-20 18:38:13.545 12285 12285 W ActivityThread: handleWindowVisibility: no
activity for token android.os.BinderProxy@ca150b
03-20 18:38:13.612 12285 12285 E GraphicExt:
GraphicExtModuleLoader::CreateGraphicExtInstance false
03-20 18:38:14.551 12285 12285 E GraphicExt:
GraphicExtModuleLoader::CreateGraphicExtInstance false
03-20 18:38:15.823 12285 12285 W ActivityThread: handleWindowVisibility: no
activity for token android.os.BinderProxy@c522d5b
03-20 18:38:15.878 12285 12285 E GraphicExt:
GraphicExtModuleLoader::CreateGraphicExtInstance false
03-20 18:38:16.964 12285 12285 E GraphicExt:
GraphicExtModuleLoader::CreateGraphicExtInstance false
03-20 18:38:20.110 12285 12285 E ArmVmp : Match on catch block at 0x0a in for 0xd1
03-20 18:38:20.130 12285 12285 E GraphicExt:
GraphicExtModuleLoader::CreateGraphicExtInstance false
03-20 18:38:20.132 12285 12285 E ArmVmp : Match on catch block at 0xc3 in for 0xa5
03-20 18:38:20.136 12285 12285 E ArmVmp : Match on catch block at 0xc3 in for 0xa9
03-20 18:38:20.137 12285 12285 E ArmVmp : Match on catch block at 0xc3 in for 0xa1
03-20 18:38:20.139 12285 12285 E ArmVmp : Match on catch block at 0xc3 in for 0xa5
03-20 18:38:20.140 12285 12285 E ArmVmp : Match on catch block at 0xc3 in for 0xa9
03-20 18:38:20.142 12285 12285 E ArmVmp : Match on catch block at 0xc3 in for 0xa1
03-20 18:38:20.143 12285 12285 E ArmVmp : Match on catch block at 0xc3 in for 0xa5
03-20 18:38:22.809 12285 12285 E ArmVmp : Match on catch block at 0xc3 in for 0xa5
03-20 18:38:22.813 12285 12285 E ArmVmp : Match on catch block at 0xc3 in for 0xa9
03-20 18:38:22.814 12285 12285 E ArmVmp : Match on catch block at 0xc3 in for 0xa1
03-20 18:38:22.816 12285 12285 E ArmVmp : Match on catch block at 0xc3 in for 0xa5
03-20 18:38:22.817 12285 12285 E ArmVmp : Match on catch block at 0xc3 in for 0xa9
03-20 18:38:22.819 12285 12285 E ArmVmp : Match on catch block at 0xc3 in for 0xa1
03-20 18:38:22.820 12285 12285 E ArmVmp : Match on catch block at 0xc3 in for 0xa5
03-20 18:38:22.840 12285 12285 E ArmVmp : Match on catch block at 0xc3 in for 0xa9
03-20 18:38:22.844 12285 12285 E ArmVmp : Match on catch block at 0xc3 in for 0xa1
03-20 18:38:22.847 12285 12285 E ArmVmp : Match on catch block at 0xc3 in for 0xa5
03-20 18:38:22.850 12285 12285 E ArmVmp : Match on catch block at 0xc3 in for 0xa9
03-20 18:38:22.851 12285 12285 E ArmVmp : Match on catch block at 0xc3 in for 0xa1
03-20 18:38:22.853 12285 12285 E ArmVmp : Match on catch block at 0xc3 in for 0xa5
03-20 18:38:22.854 12285 12285 E ArmVmp : Match on catch block at 0xc3 in for 0xa9
03-20 18:38:22.873 12285 12285 E ArmVmp : Match on catch block at 0xc3 in for 0xa5
03-20 18:38:22.876 12285 12285 E ArmVmp : Match on catch block at 0xc3 in for 0xa9
03-20 18:38:22.880 12285 12285 E ArmVmp : Match on catch block at 0xc3 in for 0xa1
03-20 18:38:22.882 12285 12285 E ArmVmp : Match on catch block at 0xc3 in for 0xa5
03-20 18:38:22.884 12285 12285 E ArmVmp : Match on catch block at 0xc3 in for 0xa9
03-20 18:38:22.886 12285 12285 E ArmVmp : Match on catch block at 0xc3 in for 0xa1
03-20 18:38:22.888 12285 12285 E ArmVmp : Match on catch block at 0xc3 in for 0xa5
03-20 18:38:22.906 12285 12285 E ArmVmp : Match on catch block at 0xc3 in for 0xa5
03-20 18:38:22.910 12285 12285 E ArmVmp : Match on catch block at 0xc3 in for 0xa9
03-20 18:38:22.912 12285 12285 E ArmVmp : Match on catch block at 0xc3 in for 0xa1
03-20 18:38:22.914 12285 12285 E ArmVmp : Match on catch block at 0xc3 in for 0xa5
03-20 18:38:22.915 12285 12285 E ArmVmp : Match on catch block at 0xc3 in for 0xa9
03-20 18:38:22.917 12285 12285 E ArmVmp : Match on catch block at 0xc3 in for 0xa1
03-20 18:38:22.919 12285 12285 E ArmVmp : Match on catch block at 0xc3 in for 0xa5
03-20 18:38:22.935 12285 12285 E ArmVmp : Match on catch block at 0xc3 in for 0xa5
03-20 18:38:22.939 12285 12285 E ArmVmp : Match on catch block at 0xc3 in for 0xa9
03-20 18:38:22.941 12285 12285 E ArmVmp : Match on catch block at 0xc3 in for 0xa1
03-20 18:38:22.943 12285 12285 E ArmVmp : Match on catch block at 0xc3 in for 0xa5
03-20 18:38:22.945 12285 12285 E ArmVmp : Match on catch block at 0xc3 in for 0xa9
03-20 18:38:22.947 12285 12285 E ArmVmp : Match on catch block at 0xc3 in for 0xa1
03-20 18:38:22.949 12285 12285 E ArmVmp : Match on catch block at 0xc3 in for 0xa5
03-20 18:38:22.955 12285 12285 E ArmVmp : Match on catch block at 0xc3 in for 0xa1
03-20 18:38:22.959 12285 12285 E ArmVmp : Match on catch block at 0xc3 in for 0xa5
03-20 18:38:22.961 12285 12285 E ArmVmp : Match on catch block at 0xc3 in for 0xa9
03-20 18:38:22.963 12285 12285 E ArmVmp : Match on catch block at 0xc3 in for 0xa1
03-20 18:38:22.964 12285 12285 E ArmVmp : Match on catch block at 0xc3 in for 0xa5
03-20 18:38:22.966 12285 12285 E ArmVmp : Match on catch block at 0xc3 in for 0xa9
03-20 18:38:22.968 12285 12285 E ArmVmp : Match on catch block at 0xc3 in for 0xa1
03-20 18:38:22.973 12285 12285 E ArmVmp : Match on catch block at 0xc3 in for 0xa9
03-20 18:38:22.977 12285 12285 E ArmVmp : Match on catch block at 0xc3 in for 0xa1
03-20 18:38:22.979 12285 12285 E ArmVmp : Match on catch block at 0xc3 in for 0xa5
03-20 18:38:22.981 12285 12285 E ArmVmp : Match on catch block at 0xc3 in for 0xa9
03-20 18:38:22.983 12285 12285 E ArmVmp : Match on catch block at 0xc3 in for 0xa1
03-20 18:38:22.984 12285 12285 E ArmVmp : Match on catch block at 0xc3 in for 0xa5
03-20 18:38:22.986 12285 12285 E ArmVmp : Match on catch block at 0xc3 in for 0xa9
03-20 18:38:22.993 12285 12285 E ArmVmp : Match on catch block at 0xc3 in for 0xa5
03-20 18:38:22.997 12285 12285 E ArmVmp : Match on catch block at 0xc3 in for 0xa9
03-20 18:38:22.999 12285 12285 E ArmVmp : Match on catch block at 0xc3 in for 0xa1
03-20 18:38:23.001 12285 12285 E ArmVmp : Match on catch block at 0xc3 in for 0xa5
03-20 18:38:23.003 12285 12285 E ArmVmp : Match on catch block at 0xc3 in for 0xa9
03-20 18:38:23.004 12285 12285 E ArmVmp : Match on catch block at 0xc3 in for 0xa1
03-20 18:38:23.006 12285 12285 E ArmVmp : Match on catch block at 0xc3 in for 0xa5
03-20 18:38:23.013 12285 12285 E ArmVmp : Match on catch block at 0xc3 in for 0xa1
03-20 18:38:23.017 12285 12285 E ArmVmp : Match on catch block at 0xc3 in for 0xa5
03-20 18:38:23.019 12285 12285 E ArmVmp : Match on catch block at 0xc3 in for 0xa9
03-20 18:38:23.021 12285 12285 E ArmVmp : Match on catch block at 0xc3 in for 0xa1
03-20 18:38:23.023 12285 12285 E ArmVmp : Match on catch block at 0xc3 in for 0xa5
03-20 18:38:23.025 12285 12285 E ArmVmp : Match on catch block at 0xc3 in for 0xa9
03-20 18:38:23.026 12285 12285 E ArmVmp : Match on catch block at 0xc3 in for 0xa1
03-20 18:38:23.032 12285 12285 E ArmVmp : Match on catch block at 0xc3 in for 0xa9
03-20 18:38:23.036 12285 12285 E ArmVmp : Match on catch block at 0xc3 in for 0xa1
03-20 18:38:23.038 12285 12285 E ArmVmp : Match on catch block at 0xc3 in for 0xa5
03-20 18:38:23.040 12285 12285 E ArmVmp : Match on catch block at 0xc3 in for 0xa9
03-20 18:38:23.042 12285 12285 E ArmVmp : Match on catch block at 0xc3 in for 0xa1
03-20 18:38:23.043 12285 12285 E ArmVmp : Match on catch block at 0xc3 in for 0xa5
03-20 18:38:23.045 12285 12285 E ArmVmp : Match on catch block at 0xc3 in for 0xa9
03-20 18:38:23.050 12285 12285 E ArmVmp : Match on catch block at 0xc3 in for 0xa5
03-20 18:38:23.053 12285 12285 E ArmVmp : Match on catch block at 0xc3 in for 0xa9
03-20 18:38:23.055 12285 12285 E ArmVmp : Match on catch block at 0xc3 in for 0xa1
03-20 18:38:23.057 12285 12285 E ArmVmp : Match on catch block at 0xc3 in for 0xa5
03-20 18:38:23.059 12285 12285 E ArmVmp : Match on catch block at 0xc3 in for 0xa9
03-20 18:38:23.060 12285 12285 E ArmVmp : Match on catch block at 0xc3 in for 0xa1
03-20 18:38:23.063 12285 12285 E ArmVmp : Match on catch block at 0xc3 in for 0xa5
03-20 18:38:23.068 12285 12285 E ArmVmp : Match on catch block at 0xc3 in for 0xa1
03-20 18:38:23.072 12285 12285 E ArmVmp : Match on catch block at 0xc3 in for 0xa5
03-20 18:38:23.075 12285 12285 E ArmVmp : Match on catch block at 0xc3 in for 0xa9
03-20 18:38:23.076 12285 12285 E ArmVmp : Match on catch block at 0xc3 in for 0xa1
03-20 18:38:23.078 12285 12285 E ArmVmp : Match on catch block at 0xc3 in for 0xa5
03-20 18:38:23.080 12285 12285 E ArmVmp : Match on catch block at 0xc3 in for 0xa9
03-20 18:38:23.081 12285 12285 E ArmVmp : Match on catch block at 0xc3 in for 0xa1
03-20 18:38:23.086 12285 12285 E ArmVmp : Match on catch block at 0xc3 in for 0xa9
03-20 18:38:23.090 12285 12285 E ArmVmp : Match on catch block at 0xc3 in for 0xa1
03-20 18:38:23.092 12285 12285 E ArmVmp : Match on catch block at 0xc3 in for 0xa5
03-20 18:38:23.094 12285 12285 E ArmVmp : Match on catch block at 0xc3 in for 0xa9
03-20 18:38:23.097 12285 12285 E ArmVmp : Match on catch block at 0xc3 in for 0xa1
03-20 18:38:23.098 12285 12285 E ArmVmp : Match on catch block at 0xc3 in for 0xa5
03-20 18:38:23.100 12285 12285 E ArmVmp : Match on catch block at 0xc3 in for 0xa9
03-20 18:38:23.105 12285 12285 E ArmVmp : Match on catch block at 0xc3 in for 0xa5
03-20 18:38:23.109 12285 12285 E ArmVmp : Match on catch block at 0xc3 in for 0xa9
03-20 18:38:23.111 12285 12285 E ArmVmp : Match on catch block at 0xc3 in for 0xa1
03-20 18:38:23.113 12285 12285 E ArmVmp : Match on catch block at 0xc3 in for 0xa5
03-20 18:38:23.115 12285 12285 E ArmVmp : Match on catch block at 0xc3 in for 0xa9
03-20 18:38:23.116 12285 12285 E ArmVmp : Match on catch block at 0xc3 in for 0xa1
03-20 18:38:23.118 12285 12285 E ArmVmp : Match on catch block at 0xc3 in for 0xa5
03-20 18:38:23.124 12285 12285 E ArmVmp : Match on catch block at 0xc3 in for 0xa1
03-20 18:38:23.128 12285 12285 E ArmVmp : Match on catch block at 0xc3 in for 0xa5
03-20 18:38:23.130 12285 12285 E ArmVmp : Match on catch block at 0xc3 in for 0xa9
03-20 18:38:23.132 12285 12285 E ArmVmp : Match on catch block at 0xc3 in for 0xa1
03-20 18:38:23.133 12285 12285 E ArmVmp : Match on catch block at 0xc3 in for 0xa5
03-20 18:38:23.135 12285 12285 E ArmVmp : Match on catch block at 0xc3 in for 0xa9
03-20 18:38:23.136 12285 12285 E ArmVmp : Match on catch block at 0xc3 in for 0xa1
03-20 18:38:23.142 12285 12285 E ArmVmp : Match on catch block at 0xc3 in for 0xa9
03-20 18:38:23.146 12285 12285 E ArmVmp : Match on catch block at 0xc3 in for 0xa1
03-20 18:38:23.148 12285 12285 E ArmVmp : Match on catch block at 0xc3 in for 0xa5
03-20 18:38:23.150 12285 12285 E ArmVmp : Match on catch block at 0xc3 in for 0xa9
03-20 18:38:23.152 12285 12285 E ArmVmp : Match on catch block at 0xc3 in for 0xa1
03-20 18:38:23.154 12285 12285 E ArmVmp : Match on catch block at 0xc3 in for 0xa5
03-20 18:38:23.155 12285 12285 E ArmVmp : Match on catch block at 0xc3 in for 0xa9
03-20 18:38:23.160 12285 12285 E ArmVmp : Match on catch block at 0xc3 in for 0xa5
03-20 18:38:23.163 12285 12285 E ArmVmp : Match on catch block at 0xc3 in for 0xa9
03-20 18:38:23.165 12285 12285 E ArmVmp : Match on catch block at 0xc3 in for 0xa1
03-20 18:38:23.168 12285 12285 E ArmVmp : Match on catch block at 0xc3 in for 0xa5
03-20 18:38:23.169 12285 12285 E ArmVmp : Match on catch block at 0xc3 in for 0xa9
03-20 18:38:23.172 12285 12285 E ArmVmp : Match on catch block at 0xc3 in for 0xa1
03-20 18:38:23.173 12285 12285 E ArmVmp : Match on catch block at 0xc3 in for 0xa5
03-20 18:38:23.179 12285 12285 E ArmVmp : Match on catch block at 0xc3 in for 0xa1
03-20 18:38:23.183 12285 12285 E ArmVmp : Match on catch block at 0xc3 in for 0xa5
03-20 18:38:23.185 12285 12285 E ArmVmp : Match on catch block at 0xc3 in for 0xa9
03-20 18:38:23.187 12285 12285 E ArmVmp : Match on catch block at 0xc3 in for 0xa1
03-20 18:38:23.189 12285 12285 E ArmVmp : Match on catch block at 0xc3 in for 0xa5
03-20 18:38:23.190 12285 12285 E ArmVmp : Match on catch block at 0xc3 in for 0xa9
03-20 18:38:23.192 12285 12285 E ArmVmp : Match on catch block at 0xc3 in for 0xa1
03-20 18:38:23.206 12285 12285 E ArmVmp : Match on catch block at 0xc3 in for 0xa5
03-20 18:38:23.209 12285 12285 E ArmVmp : Match on catch block at 0xc3 in for 0xa9
03-20 18:38:23.211 12285 12285 E ArmVmp : Match on catch block at 0xc3 in for 0xa1
03-20 18:38:23.213 12285 12285 E ArmVmp : Match on catch block at 0xc3 in for 0xa5
03-20 18:38:23.214 12285 12285 E ArmVmp : Match on catch block at 0xc3 in for 0xa9
03-20 18:38:23.216 12285 12285 E ArmVmp : Match on catch block at 0xc3 in for 0xa1
03-20 18:38:23.218 12285 12285 E ArmVmp : Match on catch block at 0xc3 in for 0xa5
03-20 18:38:23.233 12285 12285 E ArmVmp : Match on catch block at 0xc3 in for 0xa9
03-20 18:38:23.236 12285 12285 E ArmVmp : Match on catch block at 0xc3 in for 0xa1
03-20 18:38:23.237 12285 12285 E ArmVmp : Match on catch block at 0xc3 in for 0xa5
03-20 18:38:23.240 12285 12285 E ArmVmp : Match on catch block at 0xc3 in for 0xa9
03-20 18:38:23.241 12285 12285 E ArmVmp : Match on catch block at 0xc3 in for 0xa1
03-20 18:38:23.243 12285 12285 E ArmVmp : Match on catch block at 0xc3 in for 0xa5
03-20 18:38:23.244 12285 12285 E ArmVmp : Match on catch block at 0xc3 in for 0xa9
03-20 18:38:23.261 12285 12285 E ArmVmp : Match on catch block at 0xc3 in for 0xa1
03-20 18:38:23.264 12285 12285 E ArmVmp : Match on catch block at 0xc3 in for 0xa5
03-20 18:38:23.266 12285 12285 E ArmVmp : Match on catch block at 0xc3 in for 0xa9
03-20 18:38:23.268 12285 12285 E ArmVmp : Match on catch block at 0xc3 in for 0xa1
03-20 18:38:23.269 12285 12285 E ArmVmp : Match on catch block at 0xc3 in for 0xa5
03-20 18:38:23.271 12285 12285 E ArmVmp : Match on catch block at 0xc3 in for 0xa9
03-20 18:38:23.273 12285 12285 E ArmVmp : Match on catch block at 0xc3 in for 0xa1
03-20 18:38:23.287 12285 12285 E ArmVmp : Match on catch block at 0xc3 in for 0xa9
03-20 18:38:23.291 12285 12285 E ArmVmp : Match on catch block at 0xc3 in for 0xa1
03-20 18:38:23.293 12285 12285 E ArmVmp : Match on catch block at 0xc3 in for 0xa5
03-20 18:38:23.295 12285 12285 E ArmVmp : Match on catch block at 0xc3 in for 0xa9
03-20 18:38:23.297 12285 12285 E ArmVmp : Match on catch block at 0xc3 in for 0xa1
03-20 18:38:23.298 12285 12285 E ArmVmp : Match on catch block at 0xc3 in for 0xa5
03-20 18:38:23.300 12285 12285 E ArmVmp : Match on catch block at 0xc3 in for 0xa9
03-20 18:38:23.308 12285 12285 E ArmVmp : Match on catch block at 0xc3 in for 0xa1
03-20 18:38:23.312 12285 12285 E ArmVmp : Match on catch block at 0xc3 in for 0xa5
03-20 18:38:23.314 12285 12285 E ArmVmp : Match on catch block at 0xc3 in for 0xa9
03-20 18:38:23.316 12285 12285 E ArmVmp : Match on catch block at 0xc3 in for 0xa1
03-20 18:38:23.318 12285 12285 E ArmVmp : Match on catch block at 0xc3 in for 0xa5
03-20 18:38:23.319 12285 12285 E ArmVmp : Match on catch block at 0xc3 in for 0xa9
03-20 18:38:23.321 12285 12285 E ArmVmp : Match on catch block at 0xc3 in for 0xa1
03-20 18:38:23.340 12285 12285 E ArmVmp : Match on catch block at 0xc3 in for 0xa9
03-20 18:38:23.344 12285 12285 E ArmVmp : Match on catch block at 0xc3 in for 0xa1
03-20 18:38:23.346 12285 12285 E ArmVmp : Match on catch block at 0xc3 in for 0xa5
03-20 18:38:23.348 12285 12285 E ArmVmp : Match on catch block at 0xc3 in for 0xa9
03-20 18:38:23.350 12285 12285 E ArmVmp : Match on catch block at 0xc3 in for 0xa1
03-20 18:38:23.351 12285 12285 E ArmVmp : Match on catch block at 0xc3 in for 0xa5
03-20 18:38:23.353 12285 12285 E ArmVmp : Match on catch block at 0xc3 in for 0xa9
03-20 18:38:23.368 12285 12285 E ArmVmp : Match on catch block at 0xc3 in for 0xa5
03-20 18:38:23.372 12285 12285 E ArmVmp : Match on catch block at 0xc3 in for 0xa9
03-20 18:38:23.373 12285 12285 E ArmVmp : Match on catch block at 0xc3 in for 0xa1
03-20 18:38:23.375 12285 12285 E ArmVmp : Match on catch block at 0xc3 in for 0xa5
03-20 18:38:23.376 12285 12285 E ArmVmp : Match on catch block at 0xc3 in for 0xa9
03-20 18:38:23.378 12285 12285 E ArmVmp : Match on catch block at 0xc3 in for 0xa1
03-20 18:38:23.380 12285 12285 E ArmVmp : Match on catch block at 0xc3 in for 0xa5
03-20 18:38:23.396 12285 12285 E ArmVmp : Match on catch block at 0xc3 in for 0xa1
03-20 18:38:23.399 12285 12285 E ArmVmp : Match on catch block at 0xc3 in for 0xa5
03-20 18:38:23.401 12285 12285 E ArmVmp : Match on catch block at 0xc3 in for 0xa9
03-20 18:38:23.402 12285 12285 E ArmVmp : Match on catch block at 0xc3 in for 0xa1
03-20 18:38:23.404 12285 12285 E ArmVmp : Match on catch block at 0xc3 in for 0xa5
03-20 18:38:23.406 12285 12285 E ArmVmp : Match on catch block at 0xc3 in for 0xa9
03-20 18:38:23.408 12285 12285 E ArmVmp : Match on catch block at 0xc3 in for 0xa1
03-20 18:38:23.428 12285 12285 E ArmVmp : Match on catch block at 0xc3 in for 0xa9
03-20 18:38:23.431 12285 12285 E ArmVmp : Match on catch block at 0xc3 in for 0xa1
03-20 18:38:23.433 12285 12285 E ArmVmp : Match on catch block at 0xc3 in for 0xa5
03-20 18:38:23.435 12285 12285 E ArmVmp : Match on catch block at 0xc3 in for 0xa9
03-20 18:38:23.437 12285 12285 E ArmVmp : Match on catch block at 0xc3 in for 0xa1
03-20 18:38:23.439 12285 12285 E ArmVmp : Match on catch block at 0xc3 in for 0xa5
03-20 18:38:23.441 12285 12285 E ArmVmp : Match on catch block at 0xc3 in for 0xa9
03-20 18:38:23.458 12285 12285 E ArmVmp : Match on catch block at 0xc3 in for 0xa5
03-20 18:38:23.461 12285 12285 E ArmVmp : Match on catch block at 0xc3 in for 0xa9
03-20 18:38:23.463 12285 12285 E ArmVmp : Match on catch block at 0xc3 in for 0xa1
03-20 18:38:23.465 12285 12285 E ArmVmp : Match on catch block at 0xc3 in for 0xa5
03-20 18:38:23.467 12285 12285 E ArmVmp : Match on catch block at 0xc3 in for 0xa9
03-20 18:38:23.469 12285 12285 E ArmVmp : Match on catch block at 0xc3 in for 0xa1
03-20 18:38:23.470 12285 12285 E ArmVmp : Match on catch block at 0xc3 in for 0xa5
03-20 18:38:23.479 12285 12285 E ArmVmp : Match on catch block at 0xc3 in for 0xa1
03-20 18:38:23.482 12285 12285 E ArmVmp : Match on catch block at 0xc3 in for 0xa5
03-20 18:38:23.484 12285 12285 E ArmVmp : Match on catch block at 0xc3 in for 0xa9
03-20 18:38:23.486 12285 12285 E ArmVmp : Match on catch block at 0xc3 in for 0xa1
03-20 18:38:23.488 12285 12285 E ArmVmp : Match on catch block at 0xc3 in for 0xa5
03-20 18:38:23.489 12285 12285 E ArmVmp : Match on catch block at 0xc3 in for 0xa9
03-20 18:38:23.491 12285 12285 E ArmVmp : Match on catch block at 0xc3 in for 0xa1
03-20 18:38:23.499 12285 12285 E ArmVmp : Match on catch block at 0xc3 in for 0xa9
03-20 18:38:23.503 12285 12285 E ArmVmp : Match on catch block at 0xc3 in for 0xa1
03-20 18:38:23.505 12285 12285 E ArmVmp : Match on catch block at 0xc3 in for 0xa5
03-20 18:38:23.507 12285 12285 E ArmVmp : Match on catch block at 0xc3 in for 0xa9
03-20 18:38:23.509 12285 12285 E ArmVmp : Match on catch block at 0xc3 in for 0xa1
03-20 18:38:23.511 12285 12285 E ArmVmp : Match on catch block at 0xc3 in for 0xa5
03-20 18:38:23.513 12285 12285 E ArmVmp : Match on catch block at 0xc3 in for 0xa9
03-20 18:38:23.520 12285 12285 E ArmVmp : Match on catch block at 0xc3 in for 0xa5
03-20 18:38:23.524 12285 12285 E ArmVmp : Match on catch block at 0xc3 in for 0xa9
03-20 18:38:23.526 12285 12285 E ArmVmp : Match on catch block at 0xc3 in for 0xa1
03-20 18:38:23.528 12285 12285 E ArmVmp : Match on catch block at 0xc3 in for 0xa5
03-20 18:38:23.530 12285 12285 E ArmVmp : Match on catch block at 0xc3 in for 0xa9
03-20 18:38:23.532 12285 12285 E ArmVmp : Match on catch block at 0xc3 in for 0xa1
03-20 18:38:23.534 12285 12285 E ArmVmp : Match on catch block at 0xc3 in for 0xa5
03-20 18:38:23.538 12285 12285 E ArmVmp : Match on catch block at 0xc3 in for 0xa1
03-20 18:38:23.542 12285 12285 E ArmVmp : Match on catch block at 0xc3 in for 0xa5
03-20 18:38:23.544 12285 12285 E ArmVmp : Match on catch block at 0xc3 in for 0xa9
03-20 18:38:23.547 12285 12285 E ArmVmp : Match on catch block at 0xc3 in for 0xa1
03-20 18:38:23.548 12285 12285 E ArmVmp : Match on catch block at 0xc3 in for 0xa5
03-20 18:38:23.550 12285 12285 E ArmVmp : Match on catch block at 0xc3 in for 0xa9
03-20 18:38:23.552 12285 12285 E ArmVmp : Match on catch block at 0xc3 in for 0xa1
03-20 18:38:23.558 12285 12285 E ArmVmp : Match on catch block at 0xc3 in for 0xa9
03-20 18:38:23.561 12285 12285 E ArmVmp : Match on catch block at 0xc3 in for 0xa1
03-20 18:38:23.563 12285 12285 E ArmVmp : Match on catch block at 0xc3 in for 0xa5
03-20 18:38:23.565 12285 12285 E ArmVmp : Match on catch block at 0xc3 in for 0xa9
03-20 18:38:23.567 12285 12285 E ArmVmp : Match on catch block at 0xc3 in for 0xa1
03-20 18:38:23.568 12285 12285 E ArmVmp : Match on catch block at 0xc3 in for 0xa5
03-20 18:38:23.570 12285 12285 E ArmVmp : Match on catch block at 0xc3 in for 0xa9
03-20 18:38:23.576 12285 12285 E ArmVmp : Match on catch block at 0xc3 in for 0xa5
03-20 18:38:23.580 12285 12285 E ArmVmp : Match on catch block at 0xc3 in for 0xa9
03-20 18:38:23.582 12285 12285 E ArmVmp : Match on catch block at 0xc3 in for 0xa1
03-20 18:38:23.583 12285 12285 E ArmVmp : Match on catch block at 0xc3 in for 0xa5
03-20 18:38:23.585 12285 12285 E ArmVmp : Match on catch block at 0xc3 in for 0xa9
03-20 18:38:23.587 12285 12285 E ArmVmp : Match on catch block at 0xc3 in for 0xa1
03-20 18:38:23.589 12285 12285 E ArmVmp : Match on catch block at 0xc3 in for 0xa5
03-20 18:38:23.595 12285 12285 E ArmVmp : Match on catch block at 0xc3 in for 0xa1
03-20 18:38:23.599 12285 12285 E ArmVmp : Match on catch block at 0xc3 in for 0xa5
03-20 18:38:23.601 12285 12285 E ArmVmp : Match on catch block at 0xc3 in for 0xa9
03-20 18:38:23.602 12285 12285 E ArmVmp : Match on catch block at 0xc3 in for 0xa1
03-20 18:38:23.604 12285 12285 E ArmVmp : Match on catch block at 0xc3 in for 0xa5
03-20 18:38:23.606 12285 12285 E ArmVmp : Match on catch block at 0xc3 in for 0xa9
03-20 18:38:23.607 12285 12285 E ArmVmp : Match on catch block at 0xc3 in for 0xa1
03-20 18:38:23.614 12285 12285 E ArmVmp : Match on catch block at 0xc3 in for 0xa9
03-20 18:38:23.617 12285 12285 E ArmVmp : Match on catch block at 0xc3 in for 0xa1
03-20 18:38:23.619 12285 12285 E ArmVmp : Match on catch block at 0xc3 in for 0xa5
03-20 18:38:23.620 12285 12285 E ArmVmp : Match on catch block at 0xc3 in for 0xa9
03-20 18:38:23.622 12285 12285 E ArmVmp : Match on catch block at 0xc3 in for 0xa1
03-20 18:38:23.624 12285 12285 E ArmVmp : Match on catch block at 0xc3 in for 0xa5
03-20 18:38:23.626 12285 12285 E ArmVmp : Match on catch block at 0xc3 in for 0xa9
03-20 18:38:23.632 12285 12285 E ArmVmp : Match on catch block at 0xc3 in for 0xa5
03-20 18:38:23.636 12285 12285 E ArmVmp : Match on catch block at 0xc3 in for 0xa9
03-20 18:38:23.638 12285 12285 E ArmVmp : Match on catch block at 0xc3 in for 0xa1
03-20 18:38:23.640 12285 12285 E ArmVmp : Match on catch block at 0xc3 in for 0xa5
03-20 18:38:23.641 12285 12285 E ArmVmp : Match on catch block at 0xc3 in for 0xa9
03-20 18:38:23.643 12285 12285 E ArmVmp : Match on catch block at 0xc3 in for 0xa1
03-20 18:38:23.646 12285 12285 E ArmVmp : Match on catch block at 0xc3 in for 0xa5
03-20 18:38:23.650 12285 12285 E ArmVmp : Match on catch block at 0xc3 in for 0xa1
03-20 18:38:23.653 12285 12285 E ArmVmp : Match on catch block at 0xc3 in for 0xa5
03-20 18:38:23.655 12285 12285 E ArmVmp : Match on catch block at 0xc3 in for 0xa9
03-20 18:38:23.657 12285 12285 E ArmVmp : Match on catch block at 0xc3 in for 0xa1
03-20 18:38:23.659 12285 12285 E ArmVmp : Match on catch block at 0xc3 in for 0xa5
03-20 18:38:23.661 12285 12285 E ArmVmp : Match on catch block at 0xc3 in for 0xa9
03-20 18:38:23.663 12285 12285 E ArmVmp : Match on catch block at 0xc3 in for 0xa1
03-20 18:38:23.670 12285 12285 E ArmVmp : Match on catch block at 0xc3 in for 0xa9
03-20 18:38:23.674 12285 12285 E ArmVmp : Match on catch block at 0xc3 in for 0xa1
03-20 18:38:23.675 12285 12285 E ArmVmp : Match on catch block at 0xc3 in for 0xa5
03-20 18:38:23.677 12285 12285 E ArmVmp : Match on catch block at 0xc3 in for 0xa9
03-20 18:38:23.679 12285 12285 E ArmVmp : Match on catch block at 0xc3 in for 0xa1
03-20 18:38:23.681 12285 12285 E ArmVmp : Match on catch block at 0xc3 in for 0xa5
03-20 18:38:23.683 12285 12285 E ArmVmp : Match on catch block at 0xc3 in for 0xa9
03-20 18:38:23.690 12285 12285 E ArmVmp : Match on catch block at 0xc3 in for 0xa5
03-20 18:38:23.693 12285 12285 E ArmVmp : Match on catch block at 0xc3 in for 0xa9
03-20 18:38:23.695 12285 12285 E ArmVmp : Match on catch block at 0xc3 in for 0xa1
03-20 18:38:23.697 12285 12285 E ArmVmp : Match on catch block at 0xc3 in for 0xa5
03-20 18:38:23.699 12285 12285 E ArmVmp : Match on catch block at 0xc3 in for 0xa9
03-20 18:38:23.700 12285 12285 E ArmVmp : Match on catch block at 0xc3 in for 0xa1
03-20 18:38:23.702 12285 12285 E ArmVmp : Match on catch block at 0xc3 in for 0xa5
03-20 18:38:23.710 12285 12285 E ArmVmp : Match on catch block at 0xc3 in for 0xa1
03-20 18:38:23.714 12285 12285 E ArmVmp : Match on catch block at 0xc3 in for 0xa5
03-20 18:38:23.715 12285 12285 E ArmVmp : Match on catch block at 0xc3 in for 0xa9
03-20 18:38:23.717 12285 12285 E ArmVmp : Match on catch block at 0xc3 in for 0xa1
03-20 18:38:23.719 12285 12285 E ArmVmp : Match on catch block at 0xc3 in for 0xa5
03-20 18:38:23.721 12285 12285 E ArmVmp : Match on catch block at 0xc3 in for 0xa9
03-20 18:38:23.722 12285 12285 E ArmVmp : Match on catch block at 0xc3 in for 0xa1
03-20 18:38:23.727 12285 12285 E ArmVmp : Match on catch block at 0xc3 in for 0xa9
03-20 18:38:23.730 12285 12285 E ArmVmp : Match on catch block at 0xc3 in for 0xa1
03-20 18:38:23.732 12285 12285 E ArmVmp : Match on catch block at 0xc3 in for 0xa5
03-20 18:38:23.734 12285 12285 E ArmVmp : Match on catch block at 0xc3 in for 0xa9
03-20 18:38:23.735 12285 12285 E ArmVmp : Match on catch block at 0xc3 in for 0xa1
03-20 18:38:23.736 12285 12285 E ArmVmp : Match on catch block at 0xc3 in for 0xa5
03-20 18:38:23.738 12285 12285 E ArmVmp : Match on catch block at 0xc3 in for 0xa9
03-20 18:38:23.744 12285 12285 E ArmVmp : Match on catch block at 0xc3 in for 0xa5
03-20 18:38:23.747 12285 12285 E ArmVmp : Match on catch block at 0xc3 in for 0xa9
03-20 18:38:23.749 12285 12285 E ArmVmp : Match on catch block at 0xc3 in for 0xa1
03-20 18:38:23.751 12285 12285 E ArmVmp : Match on catch block at 0xc3 in for 0xa5
03-20 18:38:23.752 12285 12285 E ArmVmp : Match on catch block at 0xc3 in for 0xa9
03-20 18:38:23.754 12285 12285 E ArmVmp : Match on catch block at 0xc3 in for 0xa1
03-20 18:38:23.756 12285 12285 E ArmVmp : Match on catch block at 0xc3 in for 0xa5
03-20 18:38:23.761 12285 12285 E ArmVmp : Match on catch block at 0xc3 in for 0xa1
03-20 18:38:23.765 12285 12285 E ArmVmp : Match on catch block at 0xc3 in for 0xa5
03-20 18:38:23.767 12285 12285 E ArmVmp : Match on catch block at 0xc3 in for 0xa9
03-20 18:38:23.768 12285 12285 E ArmVmp : Match on catch block at 0xc3 in for 0xa1
03-20 18:38:23.770 12285 12285 E ArmVmp : Match on catch block at 0xc3 in for 0xa5
03-20 18:38:23.772 12285 12285 E ArmVmp : Match on catch block at 0xc3 in for 0xa9
03-20 18:38:23.774 12285 12285 E ArmVmp : Match on catch block at 0xc3 in for 0xa1
03-20 18:38:23.781 12285 12285 E ArmVmp : Match on catch block at 0xc3 in for 0xa9
03-20 18:38:23.784 12285 12285 E ArmVmp : Match on catch block at 0xc3 in for 0xa1
03-20 18:38:23.786 12285 12285 E ArmVmp : Match on catch block at 0xc3 in for 0xa5
03-20 18:38:23.788 12285 12285 E ArmVmp : Match on catch block at 0xc3 in for 0xa9
03-20 18:38:23.790 12285 12285 E ArmVmp : Match on catch block at 0xc3 in for 0xa1
03-20 18:38:23.791 12285 12285 E ArmVmp : Match on catch block at 0xc3 in for 0xa5
03-20 18:38:23.793 12285 12285 E ArmVmp : Match on catch block at 0xc3 in for 0xa9
03-20 18:38:23.801 12285 12285 E ArmVmp : Match on catch block at 0xc3 in for 0xa5
03-20 18:38:23.804 12285 12285 E ArmVmp : Match on catch block at 0xc3 in for 0xa9
03-20 18:38:23.807 12285 12285 E ArmVmp : Match on catch block at 0xc3 in for 0xa1
03-20 18:38:23.808 12285 12285 E ArmVmp : Match on catch block at 0xc3 in for 0xa5
03-20 18:38:23.810 12285 12285 E ArmVmp : Match on catch block at 0xc3 in for 0xa9
03-20 18:38:23.812 12285 12285 E ArmVmp : Match on catch block at 0xc3 in for 0xa1
03-20 18:38:23.813 12285 12285 E ArmVmp : Match on catch block at 0xc3 in for 0xa5
03-20 18:38:23.819 12285 12285 E ArmVmp : Match on catch block at 0xc3 in for 0xa1
03-20 18:38:23.822 12285 12285 E ArmVmp : Match on catch block at 0xc3 in for 0xa5
03-20 18:38:23.824 12285 12285 E ArmVmp : Match on catch block at 0xc3 in for 0xa9
03-20 18:38:23.826 12285 12285 E ArmVmp : Match on catch block at 0xc3 in for 0xa1
03-20 18:38:23.828 12285 12285 E ArmVmp : Match on catch block at 0xc3 in for 0xa5
03-20 18:38:23.830 12285 12285 E ArmVmp : Match on catch block at 0xc3 in for 0xa9
03-20 18:38:23.832 12285 12285 E ArmVmp : Match on catch block at 0xc3 in for 0xa1
03-20 18:38:23.838 12285 12285 E ArmVmp : Match on catch block at 0xc3 in for 0xa9
03-20 18:38:23.842 12285 12285 E ArmVmp : Match on catch block at 0xc3 in for 0xa1
03-20 18:38:23.845 12285 12285 E ArmVmp : Match on catch block at 0xc3 in for 0xa5
03-20 18:38:23.846 12285 12285 E ArmVmp : Match on catch block at 0xc3 in for 0xa9
03-20 18:38:23.848 12285 12285 E ArmVmp : Match on catch block at 0xc3 in for 0xa1
03-20 18:38:23.849 12285 12285 E ArmVmp : Match on catch block at 0xc3 in for 0xa5
03-20 18:38:23.851 12285 12285 E ArmVmp : Match on catch block at 0xc3 in for 0xa9
03-20 18:38:23.855 12285 12285 E ArmVmp : Match on catch block at 0xc3 in for 0xa5
03-20 18:38:23.858 12285 12285 E ArmVmp : Match on catch block at 0xc3 in for 0xa9
03-20 18:38:23.860 12285 12285 E ArmVmp : Match on catch block at 0xc3 in for 0xa1
03-20 18:38:23.863 12285 12285 E ArmVmp : Match on catch block at 0xc3 in for 0xa5
03-20 18:38:23.865 12285 12285 E ArmVmp : Match on catch block at 0xc3 in for 0xa9
03-20 18:38:23.867 12285 12285 E ArmVmp : Match on catch block at 0xc3 in for 0xa1
03-20 18:38:23.868 12285 12285 E ArmVmp : Match on catch block at 0xc3 in for 0xa5
03-20 18:38:23.873 12285 12285 E ArmVmp : Match on catch block at 0xc3 in for 0xa1
03-20 18:38:23.876 12285 12285 E ArmVmp : Match on catch block at 0xc3 in for 0xa5
03-20 18:38:23.878 12285 12285 E ArmVmp : Match on catch block at 0xc3 in for 0xa9
03-20 18:38:23.880 12285 12285 E ArmVmp : Match on catch block at 0xc3 in for 0xa1
03-20 18:38:23.882 12285 12285 E ArmVmp : Match on catch block at 0xc3 in for 0xa5
03-20 18:38:23.883 12285 12285 E ArmVmp : Match on catch block at 0xc3 in for 0xa9
03-20 18:38:23.887 12285 12285 E ArmVmp : Match on catch block at 0xc3 in for 0xa1
03-20 18:38:23.893 12285 12285 E ArmVmp : Match on catch block at 0xc3 in for 0xa9
03-20 18:38:23.896 12285 12285 E ArmVmp : Match on catch block at 0xc3 in for 0xa1
03-20 18:38:23.899 12285 12285 E ArmVmp : Match on catch block at 0xc3 in for 0xa5
03-20 18:38:23.900 12285 12285 E ArmVmp : Match on catch block at 0xc3 in for 0xa9
03-20 18:38:23.902 12285 12285 E ArmVmp : Match on catch block at 0xc3 in for 0xa1
03-20 18:38:23.904 12285 12285 E ArmVmp : Match on catch block at 0xc3 in for 0xa5
03-20 18:38:23.906 12285 12285 E ArmVmp : Match on catch block at 0xc3 in for 0xa9
03-20 18:38:23.913 12285 12285 E ArmVmp : Match on catch block at 0xc3 in for 0xa5
03-20 18:38:23.917 12285 12285 E ArmVmp : Match on catch block at 0xc3 in for 0xa9
03-20 18:38:23.919 12285 12285 E ArmVmp : Match on catch block at 0xc3 in for 0xa1
03-20 18:38:23.921 12285 12285 E ArmVmp : Match on catch block at 0xc3 in for 0xa5
03-20 18:38:23.923 12285 12285 E ArmVmp : Match on catch block at 0xc3 in for 0xa9
03-20 18:38:23.925 12285 12285 E ArmVmp : Match on catch block at 0xc3 in for 0xa1
03-20 18:38:23.927 12285 12285 E ArmVmp : Match on catch block at 0xc3 in for 0xa5
03-20 18:38:23.935 12285 12285 E ArmVmp : Match on catch block at 0xc3 in for 0xa1
03-20 18:38:23.939 12285 12285 E ArmVmp : Match on catch block at 0xc3 in for 0xa5
03-20 18:38:23.940 12285 12285 E ArmVmp : Match on catch block at 0xc3 in for 0xa9
03-20 18:38:23.942 12285 12285 E ArmVmp : Match on catch block at 0xc3 in for 0xa1
03-20 18:38:23.944 12285 12285 E ArmVmp : Match on catch block at 0xc3 in for 0xa5
03-20 18:38:23.945 12285 12285 E ArmVmp : Match on catch block at 0xc3 in for 0xa9
03-20 18:38:23.947 12285 12285 E ArmVmp : Match on catch block at 0xc3 in for 0xa1
03-20 18:38:23.952 12285 12285 E ArmVmp : Match on catch block at 0xc3 in for 0xa9
03-20 18:38:23.956 12285 12285 E ArmVmp : Match on catch block at 0xc3 in for 0xa1
03-20 18:38:23.958 12285 12285 E ArmVmp : Match on catch block at 0xc3 in for 0xa5
03-20 18:38:23.960 12285 12285 E ArmVmp : Match on catch block at 0xc3 in for 0xa9
03-20 18:38:23.962 12285 12285 E ArmVmp : Match on catch block at 0xc3 in for 0xa1
03-20 18:38:23.964 12285 12285 E ArmVmp : Match on catch block at 0xc3 in for 0xa5
03-20 18:38:23.966 12285 12285 E ArmVmp : Match on catch block at 0xc3 in for 0xa9
03-20 18:38:23.972 12285 12285 E ArmVmp : Match on catch block at 0xc3 in for 0xa5
03-20 18:38:23.976 12285 12285 E ArmVmp : Match on catch block at 0xc3 in for 0xa9
03-20 18:38:23.978 12285 12285 E ArmVmp : Match on catch block at 0xc3 in for 0xa1
03-20 18:38:23.981 12285 12285 E ArmVmp : Match on catch block at 0xc3 in for 0xa5
03-20 18:38:23.983 12285 12285 E ArmVmp : Match on catch block at 0xc3 in for 0xa9
03-20 18:38:23.984 12285 12285 E ArmVmp : Match on catch block at 0xc3 in for 0xa1
03-20 18:38:23.986 12285 12285 E ArmVmp : Match on catch block at 0xc3 in for 0xa5
03-20 18:38:23.994 12285 12285 E ArmVmp : Match on catch block at 0xc3 in for 0xa1
03-20 18:38:23.998 12285 12285 E ArmVmp : Match on catch block at 0xc3 in for 0xa5
03-20 18:38:24.001 12285 12285 E ArmVmp : Match on catch block at 0xc3 in for 0xa9
03-20 18:38:24.003 12285 12285 E ArmVmp : Match on catch block at 0xc3 in for 0xa1
03-20 18:38:24.005 12285 12285 E ArmVmp : Match on catch block at 0xc3 in for 0xa5
03-20 18:38:24.007 12285 12285 E ArmVmp : Match on catch block at 0xc3 in for 0xa9
03-20 18:38:24.008 12285 12285 E ArmVmp : Match on catch block at 0xc3 in for 0xa1
03-20 18:38:24.014 12285 12285 E ArmVmp : Match on catch block at 0xc3 in for 0xa9
03-20 18:38:24.018 12285 12285 E ArmVmp : Match on catch block at 0xc3 in for 0xa1
03-20 18:38:24.020 12285 12285 E ArmVmp : Match on catch block at 0xc3 in for 0xa5
03-20 18:38:24.022 12285 12285 E ArmVmp : Match on catch block at 0xc3 in for 0xa9
03-20 18:38:24.024 12285 12285 E ArmVmp : Match on catch block at 0xc3 in for 0xa1
03-20 18:38:24.026 12285 12285 E ArmVmp : Match on catch block at 0xc3 in for 0xa5
03-20 18:38:24.029 12285 12285 E ArmVmp : Match on catch block at 0xc3 in for 0xa9
03-20 18:38:24.034 12285 12285 E ArmVmp : Match on catch block at 0xc3 in for 0xa5
03-20 18:38:24.038 12285 12285 E ArmVmp : Match on catch block at 0xc3 in for 0xa9
03-20 18:38:24.039 12285 12285 E ArmVmp : Match on catch block at 0xc3 in for 0xa1
03-20 18:38:24.041 12285 12285 E ArmVmp : Match on catch block at 0xc3 in for 0xa5
03-20 18:38:24.043 12285 12285 E ArmVmp : Match on catch block at 0xc3 in for 0xa9
03-20 18:38:24.046 12285 12285 E ArmVmp : Match on catch block at 0xc3 in for 0xa1
03-20 18:38:24.048 12285 12285 E ArmVmp : Match on catch block at 0xc3 in for 0xa5
