system/framework/mediatek-cta.jar
03-21 12:12:37.209 9642 10004 W System : ClassLoader referenced unknown path:
system/framework/mediatek-cta.jar
03-21 12:12:37.425 9642 20522 W System : ClassLoader referenced unknown path:
system/framework/mediatek-cta.jar
03-21 12:12:37.427 9642 20522 W System : ClassLoader referenced unknown path:
system/framework/mediatek-cta.jar
03-21 12:12:37.908 9642 20522 E DRM/DcfDecoder: decodeDrmImageIfNeeded stream
caught ClassCastException
03-21 12:12:38.000 9642 9999 E SQLiteDatabase: Error inserting transferred=1
media_job_uuid=8279918d-63c5-4be2-a678-87fef932ac57 transcoded=0 gif_attribution=0
first_scan_length=25769 direct_path=/v/t62.7118-
24/30927208_388236810650091_3821209425382794748_n.enc?ccb=11-
4&oh=01_AdR_WjU2F0JDqwkwApeBGs_-HLJamroRgRPa6by0qcshFA&oe=6623BFCE&_nc_sid=5e03e0
thumbnail_height_width_ratio=0.7777778 is_animated_sticker=0
file_hash=/RAkakvGmSLJQz9scEaz7I5YptmT+j4jJ/SGmncLWNg= file_path=Media/WhatsApp
Images/IMG-20240321-WA0021.jpg file_size=244648
partial_media_hash=wEdCqpR4aQT0skkqbyYwWhIVCpzSXcRvJIOMXOzBB2w= face_x=0 face_y=0
height=1247 trim_to=0 media_key_timestamp=1711041156000
message_url=https://mmg.whatsapp.net/v/t62.7118-
24/30927208_388236810650091_3821209425382794748_n.enc?ccb=11-
4&oh=01_AdR_WjU2F0JDqwkwApeBGs_-
HLJamroRgRPa6by0qcshFA&oe=6623BFCE&_nc_sid=5e03e0&mms3=true media_caption=null
trim_from=0 mime_type=image/jpeg partial_media_enc_hash=null width=1600
original_file_hash=null has_streaming_sidecar=1 autotransfer_retry_enabled=1
media_upload_handle=null message_row_id=237512 multicast_id=null
enc_file_hash=NVOdeKj76t+G3TkQi2WwRRW2zRDZYizg7oe+lzvhNng= mute_video=0
page_count=0 first_scan_sidecar=[B@238d1be suspicious_content=0 file_length=244648
media_name=null media_duration=0 chat_row_id=92 media_key=[B@90d621f
03-21 12:12:38.000 9642 9999 E SQLiteDatabase:
android.database.sqlite.SQLiteConstraintException: UNIQUE constraint failed:
message_media.message_row_id (code 1555 SQLITE_CONSTRAINT_PRIMARYKEY)
03-21 12:12:38.000 9642 9999 E SQLiteDatabase: at
android.database.sqlite.SQLiteConnection.nativeExecuteForLastInsertedRowId(Native
Method)
03-21 12:12:38.000 9642 9999 E SQLiteDatabase: at
android.database.sqlite.SQLiteConnection.executeForLastInsertedRowId(SQLiteConnecti
on.java:879)
03-21 12:12:38.000 9642 9999 E SQLiteDatabase: at
android.database.sqlite.SQLiteSession.executeForLastInsertedRowId(SQLiteSession.jav
a:790)
03-21 12:12:38.000 9642 9999 E SQLiteDatabase: at
android.database.sqlite.SQLiteStatement.executeInsert(SQLiteStatement.java:88)
03-21 12:12:38.000 9642 9999 E SQLiteDatabase: at
android.database.sqlite.SQLiteDatabase.insertWithOnConflict(SQLiteDatabase.java:159
9)
03-21 12:12:38.000 9642 9999 E SQLiteDatabase: at
android.database.sqlite.SQLiteDatabase.insert(SQLiteDatabase.java:1468)
03-21 12:12:38.000 9642 9999 E SQLiteDatabase: at X.2tm.A08(Unknown
Source:6)
03-21 12:12:38.000 9642 9999 E SQLiteDatabase: at X.35Y.A07(Unknown
Source:212)
03-21 12:12:38.000 9642 9999 E SQLiteDatabase: at X.3QF.A14(Unknown
Source:470)
03-21 12:12:38.000 9642 9999 E SQLiteDatabase: at X.3gU.run(Unknown
Source:982)
03-21 12:12:38.000 9642 9999 E SQLiteDatabase: at
android.os.Handler.handleCallback(Handler.java:914)
03-21 12:12:38.000 9642 9999 E SQLiteDatabase: at
android.os.Handler.dispatchMessage(Handler.java:100)
03-21 12:12:38.000 9642 9999 E SQLiteDatabase: at
X.0zq.dispatchMessage(Unknown Source:4)
03-21 12:12:38.000 9642 9999 E SQLiteDatabase: at
android.os.Looper.loop(Looper.java:224)
03-21 12:12:38.000 9642 9999 E SQLiteDatabase: at
android.os.HandlerThread.run(HandlerThread.java:67)
03-21 12:13:22.641 9642 9642 W ActivityThread: handleWindowVisibility: no
activity for token android.os.BinderProxy@c13f12e
03-21 12:13:22.902 9642 9642 E ArmVmp : Match on catch block at 0x0a in for 0xc9
03-21 12:13:22.903 9642 17787 W System : ClassLoader referenced unknown path:
system/framework/mediatek-cta.jar
03-21 12:13:22.904 9642 9642 E ArmVmp : Match on catch block at 0x0a in for 0xc5
03-21 12:13:22.955 9642 9642 E GraphicExt:
GraphicExtModuleLoader::CreateGraphicExtInstance false
03-21 12:13:23.043 9642 17787 W System : ClassLoader referenced unknown path:
system/framework/mediatek-cta.jar
03-21 12:13:23.112 9642 9642 E ArmVmp : Match on catch block at 0xc3 in for 0xb1
03-21 12:13:23.118 9642 9642 E ArmVmp : Match on catch block at 0xc3 in for 0xb1
03-21 12:13:23.165 9642 9642 E ArmVmp : Match on catch block at 0xc3 in for 0xa9
03-21 12:13:23.168 9642 9642 E ArmVmp : Match on catch block at 0xc3 in for 0xa1
03-21 12:13:23.169 9642 9642 E ArmVmp : Match on catch block at 0xc3 in for 0xa1
03-21 12:13:23.197 9642 9642 E ArmVmp : Match on catch block at 0xc3 in for 0xa1
03-21 12:13:23.200 9642 9642 E ArmVmp : Match on catch block at 0xc3 in for 0xa5
03-21 12:13:23.229 9642 9642 E ArmVmp : Match on catch block at 0xc3 in for 0xa5
03-21 12:13:23.234 9642 9642 E ArmVmp : Match on catch block at 0xc3 in for 0xa9
03-21 12:13:23.236 9642 9642 E ArmVmp : Match on catch block at 0xc3 in for 0xa9
03-21 12:13:23.330 9642 17787 W System : ClassLoader referenced unknown path:
system/framework/mediatek-cta.jar
03-21 12:13:23.692 9642 9642 E ArmVmp : Match on catch block at 0xc3 in for 0xa1
03-21 12:13:23.695 9642 9642 E ArmVmp : Match on catch block at 0xc3 in for 0xa5
03-21 12:13:23.697 9642 9642 E ArmVmp : Match on catch block at 0xc3 in for 0xa5
03-21 12:13:23.758 9642 9642 E ArmVmp : Match on catch block at 0xc3 in for 0xa9
03-21 12:13:23.762 9642 9642 E ArmVmp : Match on catch block at 0xc3 in for 0xa1
03-21 12:13:23.764 9642 9642 E ArmVmp : Match on catch block at 0xc3 in for 0xa1
03-21 12:13:23.776 9642 9642 E ArmVmp : Match on catch block at 0xc3 in for 0xa5
03-21 12:13:23.779 9642 9642 E ArmVmp : Match on catch block at 0xc3 in for 0xa9
03-21 12:13:23.782 9642 9642 E ArmVmp : Match on catch block at 0xc3 in for 0xa9
03-21 12:13:23.792 9642 9642 E ArmVmp : Match on catch block at 0xc3 in for 0xa1
03-21 12:13:23.796 9642 9642 E ArmVmp : Match on catch block at 0xc3 in for 0xa5
03-21 12:13:23.799 9642 9642 E ArmVmp : Match on catch block at 0xc3 in for 0xa5
03-21 12:13:23.808 9642 9642 E ArmVmp : Match on catch block at 0xc3 in for 0xa9
03-21 12:13:23.813 9642 9642 E ArmVmp : Match on catch block at 0xc3 in for 0xa1
03-21 12:13:23.816 9642 9642 E ArmVmp : Match on catch block at 0xc3 in for 0xa1
03-21 12:13:23.827 9642 9642 E ArmVmp : Match on catch block at 0xc3 in for 0xa5
03-21 12:13:23.830 9642 9642 E ArmVmp : Match on catch block at 0xc3 in for 0xa9
03-21 12:13:23.833 9642 9642 E ArmVmp : Match on catch block at 0xc3 in for 0xa9
03-21 12:13:23.843 9642 9642 E ArmVmp : Match on catch block at 0xc3 in for 0xa1
03-21 12:13:23.847 9642 9642 E ArmVmp : Match on catch block at 0xc3 in for 0xa5
03-21 12:13:23.850 9642 9642 E ArmVmp : Match on catch block at 0xc3 in for 0xa5
03-21 12:13:23.860 9642 9642 E ArmVmp : Match on catch block at 0xc3 in for 0xa9
03-21 12:13:23.863 9642 9642 E ArmVmp : Match on catch block at 0xc3 in for 0xa1
03-21 12:13:23.866 9642 9642 E ArmVmp : Match on catch block at 0xc3 in for 0xa1
03-21 12:13:23.876 9642 9642 E ArmVmp : Match on catch block at 0xc3 in for 0xa5
03-21 12:13:23.881 9642 9642 E ArmVmp : Match on catch block at 0xc3 in for 0xa9
03-21 12:13:23.884 9642 9642 E ArmVmp : Match on catch block at 0xc3 in for 0xa9
03-21 12:13:23.891 9642 9642 E ArmVmp : Match on catch block at 0xc3 in for 0xa1
03-21 12:13:23.894 9642 9642 E ArmVmp : Match on catch block at 0xc3 in for 0xa5
03-21 12:13:23.896 9642 9642 E ArmVmp : Match on catch block at 0xc3 in for 0xa5
03-21 12:13:23.909 9642 9642 E ArmVmp : Match on catch block at 0xc3 in for 0xa9
03-21 12:13:23.912 9642 9642 E ArmVmp : Match on catch block at 0xc3 in for 0xa1
03-21 12:13:23.914 9642 9642 E ArmVmp : Match on catch block at 0xc3 in for 0xa1
03-21 12:13:23.926 9642 9642 E ArmVmp : Match on catch block at 0xc3 in for 0xa5
03-21 12:13:23.930 9642 9642 E ArmVmp : Match on catch block at 0xc3 in for 0xa9
03-21 12:13:23.933 9642 9642 E ArmVmp : Match on catch block at 0xc3 in for 0xa9
03-21 12:13:23.941 9642 9642 E ArmVmp : Match on catch block at 0xc3 in for 0xa1
03-21 12:13:23.945 9642 9642 E ArmVmp : Match on catch block at 0xc3 in for 0xa5
03-21 12:13:23.947 9642 9642 E ArmVmp : Match on catch block at 0xc3 in for 0xa5
03-21 12:13:23.958 9642 9642 E ArmVmp : Match on catch block at 0xc3 in for 0xa9
03-21 12:13:23.962 9642 9642 E ArmVmp : Match on catch block at 0xc3 in for 0xa1
03-21 12:13:23.964 9642 9642 E ArmVmp : Match on catch block at 0xc3 in for 0xa1
03-21 12:13:23.976 9642 9642 E ArmVmp : Match on catch block at 0xc3 in for 0xa5
03-21 12:13:23.979 9642 9642 E ArmVmp : Match on catch block at 0xc3 in for 0xa9
03-21 12:13:23.982 9642 9642 E ArmVmp : Match on catch block at 0xc3 in for 0xa9
03-21 12:13:23.992 9642 9642 E ArmVmp : Match on catch block at 0xc3 in for 0xa1
03-21 12:13:23.996 9642 9642 E ArmVmp : Match on catch block at 0xc3 in for 0xa5
03-21 12:13:24.008 9642 9642 E ArmVmp : Match on catch block at 0xc3 in for 0xa5
03-21 12:13:24.012 9642 9642 E ArmVmp : Match on catch block at 0xc3 in for 0xa9
03-21 12:13:24.014 9642 9642 E ArmVmp : Match on catch block at 0xc3 in for 0xa9
03-21 12:13:24.033 9642 9642 E ArmVmp : Match on catch block at 0xc3 in for 0xa9
03-21 12:13:24.035 9642 9642 E ArmVmp : Match on catch block at 0xc3 in for 0xa1
03-21 12:13:24.037 9642 9642 E ArmVmp : Match on catch block at 0xc3 in for 0xa1
03-21 12:13:24.080 9642 9642 W com.whatsapp: type=1400 audit(0.0:8967): avc:
denied { read } for name="u:object_r:debug_bq_dump_prop:s0" dev="tmpfs" ino=2134
scontext=u:r:untrusted_app:s0:c123,c259,c512,c768
tcontext=u:object_r:debug_bq_dump_prop:s0 tclass=file permissive=0
03-21 12:13:24.083 9642 9642 E libc : Access denied finding property
"vendor.debug.bq.dump"
03-21 12:13:24.083 9642 9642 E libc : Access denied finding property
"vendor.debug.bq.dump"
03-21 12:13:24.083 9642 9642 E GraphicExt:
GraphicExtModuleLoader::CreateGraphicExtInstance false
03-21 12:13:24.080 9642 9642 W com.whatsapp: type=1400 audit(0.0:8968): avc:
denied { read } for name="u:object_r:debug_bq_dump_prop:s0" dev="tmpfs" ino=2134
scontext=u:r:untrusted_app:s0:c123,c259,c512,c768
tcontext=u:object_r:debug_bq_dump_prop:s0 tclass=file permissive=0
03-21 12:13:24.084 9642 15564 E BufferQueueProducer: [unnamed-9642-0]
(this:0x748b8a3800,id:0,api:1,p:9642,c:9642) setMaxDequeuedBufferCount: 2 dequeued
buffers would exceed the maxBufferCount (2) (maxAcquired 1 async 0
mDequeuedBufferCannotBlock 0)
03-21 12:13:24.084 9642 15564 E Surface :
IGraphicBufferProducer::setBufferCount(3) returned Invalid argument
03-21 12:13:24.085 9642 15564 W Gralloc3: allocator 3.x is not supported
03-21 12:13:24.087 9642 15564 E ion : ioctl c0044901 failed with code -1:
Invalid argument
03-21 12:13:24.090 9642 9642 W RefBase : CallStack::getCurrentInternal not
linked, returning null
03-21 12:13:24.090 9642 9642 W RefBase : CallStack::logStackInternal not linked
03-21 12:13:24.108 9642 9642 E ArmVmp : Match on catch block at 0xc3 in for 0xa5
03-21 12:13:24.110 9642 9642 E ArmVmp : Match on catch block at 0xc3 in for 0xa9
03-21 12:13:24.112 9642 9642 E ArmVmp : Match on catch block at 0xc3 in for 0xa9
03-21 12:13:24.113 9642 9642 W ActivityThread: handleWindowVisibility: no
activity for token android.os.BinderProxy@e378208
03-21 12:13:24.171 9642 9642 E GraphicExt:
GraphicExtModuleLoader::CreateGraphicExtInstance false
03-21 12:13:24.178 9642 9642 E ArmVmp : Match on catch block at 0xc3 in for 0xa1
03-21 12:13:24.180 9642 9642 E ArmVmp : Match on catch block at 0xc3 in for 0xa5
03-21 12:13:24.182 9642 9642 E ArmVmp : Match on catch block at 0xc3 in for 0xa5
03-21 12:13:24.262 9642 9642 E ArmVmp : Match on catch block at 0xc3 in for 0xa9
03-21 12:13:24.265 9642 9642 E ArmVmp : Match on catch block at 0xc3 in for 0xa1
03-21 12:13:24.268 9642 9642 E ArmVmp : Match on catch block at 0xc3 in for 0xa1
03-21 12:13:24.327 9642 9663 W System : A resource failed to call close.
03-21 12:13:24.792 9642 9642 E ArmVmp : Match on catch block at 0xc3 in for 0xa5
03-21 12:13:24.795 9642 9642 E ArmVmp : Match on catch block at 0xc3 in for 0xa9
03-21 12:13:24.796 9642 9642 E ArmVmp : Match on catch block at 0xc3 in for 0xa9
03-21 12:13:24.809 9642 9642 E ArmVmp : Match on catch block at 0xc3 in for 0xa1
03-21 12:13:24.812 9642 9642 E ArmVmp : Match on catch block at 0xc3 in for 0xa5
03-21 12:13:24.813 9642 9642 E ArmVmp : Match on catch block at 0xc3 in for 0xa5
03-21 12:13:24.825 9642 9642 E ArmVmp : Match on catch block at 0xc3 in for 0xa9
03-21 12:13:24.828 9642 9642 E ArmVmp : Match on catch block at 0xc3 in for 0xa1
03-21 12:13:24.830 9642 9642 E ArmVmp : Match on catch block at 0xc3 in for 0xa1
03-21 12:13:24.842 9642 9642 E ArmVmp : Match on catch block at 0xc3 in for 0xa5
03-21 12:13:24.845 9642 9642 E ArmVmp : Match on catch block at 0xc3 in for 0xa9
03-21 12:13:24.846 9642 9642 E ArmVmp : Match on catch block at 0xc3 in for 0xa9
03-21 12:13:24.859 9642 9642 E ArmVmp : Match on catch block at 0xc3 in for 0xa1
03-21 12:13:24.862 9642 9642 E ArmVmp : Match on catch block at 0xc3 in for 0xa5
03-21 12:13:24.863 9642 9642 E ArmVmp : Match on catch block at 0xc3 in for 0xa5
03-21 12:13:24.875 9642 9642 E ArmVmp : Match on catch block at 0xc3 in for 0xa9
03-21 12:13:24.878 9642 9642 E ArmVmp : Match on catch block at 0xc3 in for 0xa1
03-21 12:13:24.879 9642 9642 E ArmVmp : Match on catch block at 0xc3 in for 0xa1
03-21 12:13:24.891 9642 9642 E ArmVmp : Match on catch block at 0xc3 in for 0xa5
03-21 12:13:24.894 9642 9642 E ArmVmp : Match on catch block at 0xc3 in for 0xa9
03-21 12:13:24.895 9642 9642 E ArmVmp : Match on catch block at 0xc3 in for 0xa9
03-21 12:13:24.908 9642 9642 E ArmVmp : Match on catch block at 0xc3 in for 0xa1
03-21 12:13:24.910 9642 9642 E ArmVmp : Match on catch block at 0xc3 in for 0xa5
03-21 12:13:24.912 9642 9642 E ArmVmp : Match on catch block at 0xc3 in for 0xa5
03-21 12:13:24.925 9642 9642 E ArmVmp : Match on catch block at 0xc3 in for 0xa9
03-21 12:13:24.927 9642 9642 E ArmVmp : Match on catch block at 0xc3 in for 0xa1
03-21 12:13:24.929 9642 9642 E ArmVmp : Match on catch block at 0xc3 in for 0xa1
03-21 12:13:24.941 9642 9642 E ArmVmp : Match on catch block at 0xc3 in for 0xa5
03-21 12:13:24.944 9642 9642 E ArmVmp : Match on catch block at 0xc3 in for 0xa9
03-21 12:13:24.946 9642 9642 E ArmVmp : Match on catch block at 0xc3 in for 0xa9
03-21 12:13:24.958 9642 9642 E ArmVmp : Match on catch block at 0xc3 in for 0xa1
03-21 12:13:24.961 9642 9642 E ArmVmp : Match on catch block at 0xc3 in for 0xa5
03-21 12:13:24.963 9642 9642 E ArmVmp : Match on catch block at 0xc3 in for 0xa5
03-21 12:13:24.975 9642 9642 E ArmVmp : Match on catch block at 0xc3 in for 0xa9
03-21 12:13:24.977 9642 9642 E ArmVmp : Match on catch block at 0xc3 in for 0xa1
03-21 12:13:24.979 9642 9642 E ArmVmp : Match on catch block at 0xc3 in for 0xa1
03-21 12:13:24.991 9642 9642 E ArmVmp : Match on catch block at 0xc3 in for 0xa5
03-21 12:13:24.994 9642 9642 E ArmVmp : Match on catch block at 0xc3 in for 0xa9
03-21 12:13:24.995 9642 9642 E ArmVmp : Match on catch block at 0xc3 in for 0xa9
03-21 12:13:25.008 9642 9642 E ArmVmp : Match on catch block at 0xc3 in for 0xa1
03-21 12:13:25.011 9642 9642 E ArmVmp : Match on catch block at 0xc3 in for 0xa5
03-21 12:13:25.012 9642 9642 E ArmVmp : Match on catch block at 0xc3 in for 0xa5
03-21 12:13:25.025 9642 9642 E ArmVmp : Match on catch block at 0xc3 in for 0xa9
03-21 12:13:25.027 9642 9642 E ArmVmp : Match on catch block at 0xc3 in for 0xa1
03-21 12:13:25.029 9642 9642 E ArmVmp : Match on catch block at 0xc3 in for 0xa1
03-21 12:13:25.042 9642 9642 E ArmVmp : Match on catch block at 0xc3 in for 0xa5
03-21 12:13:25.044 9642 9642 E ArmVmp : Match on catch block at 0xc3 in for 0xa9
03-21 12:13:25.046 9642 9642 E ArmVmp : Match on catch block at 0xc3 in for 0xa9
03-21 12:13:30.308 9642 9642 W com.whatsapp: type=1400 audit(0.0:8969): avc:
denied { read } for name="u:object_r:debug_bq_dump_prop:s0" dev="tmpfs" ino=2134
scontext=u:r:untrusted_app:s0:c123,c259,c512,c768
tcontext=u:object_r:debug_bq_dump_prop:s0 tclass=file permissive=0
03-21 12:13:30.314 9642 9642 E libc : Access denied finding property
"vendor.debug.bq.dump"
03-21 12:13:30.312 9642 9642 W com.whatsapp: type=1400 audit(0.0:8970): avc:
denied { read } for name="u:object_r:debug_bq_dump_prop:s0" dev="tmpfs" ino=2134
scontext=u:r:untrusted_app:s0:c123,c259,c512,c768
tcontext=u:object_r:debug_bq_dump_prop:s0 tclass=file permissive=0
03-21 12:13:30.314 9642 9642 E libc : Access denied finding property
"vendor.debug.bq.dump"
03-21 12:13:30.314 9642 9642 E GraphicExt:
GraphicExtModuleLoader::CreateGraphicExtInstance false
03-21 12:13:30.317 9642 15564 E BufferQueueProducer: [unnamed-9642-1]
(this:0x74c0100800,id:1,api:1,p:9642,c:9642) setMaxDequeuedBufferCount: 2 dequeued
buffers would exceed the maxBufferCount (2) (maxAcquired 1 async 0
mDequeuedBufferCannotBlock 0)
03-21 12:13:30.317 9642 15564 E Surface :
IGraphicBufferProducer::setBufferCount(3) returned Invalid argument
03-21 12:13:30.325 9642 9642 W RefBase : CallStack::getCurrentInternal not
linked, returning null
03-21 12:13:30.325 9642 9642 W RefBase : CallStack::logStackInternal not linked
03-21 12:13:30.328 9642 9642 E ArmVmp : Match on catch block at 0xc3 in for 0xa5
03-21 12:13:30.331 9642 9642 E ArmVmp : Match on catch block at 0xc3 in for 0xa9
03-21 12:13:30.333 9642 9642 E ArmVmp : Match on catch block at 0xc3 in for 0xa9
03-21 12:13:30.342 9642 9642 E ArmVmp : Match on catch block at 0xc3 in for 0xa1
03-21 12:13:30.345 9642 9642 E ArmVmp : Match on catch block at 0xc3 in for 0xa5
03-21 12:13:30.346 9642 9642 E ArmVmp : Match on catch block at 0xc3 in for 0xa5
03-21 12:13:30.377 9642 9642 E ArmVmp : Match on catch block at 0xc3 in for 0xa9
03-21 12:13:30.382 9642 9642 E ArmVmp : Match on catch block at 0xc3 in for 0xa1
03-21 12:13:30.385 9642 9642 E ArmVmp : Match on catch block at 0xc3 in for 0xa1
03-21 12:13:30.402 9642 9642 E ArmVmp : Match on catch block at 0xc3 in for 0xa9
03-21 12:13:30.407 9642 9642 E ArmVmp : Match on catch block at 0xc3 in for 0xa1
03-21 12:13:30.411 9642 9642 E ArmVmp : Match on catch block at 0xc3 in for 0xa1
03-21 12:13:30.428 9642 9642 E ArmVmp : Match on catch block at 0xc3 in for 0xa5
03-21 12:13:30.432 9642 9642 E ArmVmp : Match on catch block at 0xc3 in for 0xa9
03-21 12:13:30.434 9642 9642 E ArmVmp : Match on catch block at 0xc3 in for 0xa9
03-21 12:13:30.472 9642 9642 E ArmVmp : Match on catch block at 0xc3 in for 0xa1
03-21 12:13:30.474 9642 9642 E ArmVmp : Match on catch block at 0xc3 in for 0xa5
03-21 12:13:30.476 9642 9642 E ArmVmp : Match on catch block at 0xc3 in for 0xa5
03-21 12:13:30.496 9642 9642 E ArmVmp : Match on catch block at 0xc3 in for 0xa9
03-21 12:13:30.498 9642 9642 E ArmVmp : Match on catch block at 0xc3 in for 0xa1
03-21 12:13:30.500 9642 9642 E ArmVmp : Match on catch block at 0xc3 in for 0xa1
03-21 12:13:30.979 9642 9642 E ArmVmp : Match on catch block at 0xc3 in for 0xa1
03-21 12:13:30.984 9642 9642 E ArmVmp : Match on catch block at 0xc3 in for 0xa5
03-21 12:13:30.987 9642 9642 E ArmVmp : Match on catch block at 0xc3 in for 0xa5
03-21 12:13:31.476 9642 9642 E ArmVmp : Match on catch block at 0xc3 in for 0xa9
03-21 12:13:31.480 9642 9642 E ArmVmp : Match on catch block at 0xc3 in for 0xa1
03-21 12:13:31.484 9642 9642 E ArmVmp : Match on catch block at 0xc3 in for 0xa1
03-21 12:13:31.979 9642 9642 E ArmVmp : Match on catch block at 0xc3 in for 0xa5
03-21 12:13:31.984 9642 9642 E ArmVmp : Match on catch block at 0xc3 in for 0xa9
03-21 12:13:31.989 9642 9642 E ArmVmp : Match on catch block at 0xc3 in for 0xa9
03-21 12:13:32.062 9642 9642 E ArmVmp : Match on catch block at 0xc3 in for 0xa1
03-21 12:13:32.068 9642 9642 E ArmVmp : Match on catch block at 0xc3 in for 0xa5
03-21 12:13:32.072 9642 9642 E ArmVmp : Match on catch block at 0xc3 in for 0xa5
03-21 12:13:32.078 9642 9642 E ArmVmp : Match on catch block at 0xc3 in for 0xa9
03-21 12:13:32.085 9642 9642 E ArmVmp : Match on catch block at 0xc3 in for 0xa1
03-21 12:13:32.088 9642 9642 E ArmVmp : Match on catch block at 0xc3 in for 0xa1
03-21 12:13:32.093 9642 9642 E ArmVmp : Match on catch block at 0xc3 in for 0xa5
03-21 12:13:32.096 9642 9642 E ArmVmp : Match on catch block at 0xc3 in for 0xa9
03-21 12:13:32.099 9642 9642 E ArmVmp : Match on catch block at 0xc3 in for 0xa9
03-21 12:13:32.111 9642 9642 E ArmVmp : Match on catch block at 0xc3 in for 0xa1
03-21 12:13:32.116 9642 9642 E ArmVmp : Match on catch block at 0xc3 in for 0xa5
03-21 12:13:32.119 9642 9642 E ArmVmp : Match on catch block at 0xc3 in for 0xa5
03-21 12:13:32.127 9642 9642 E ArmVmp : Match on catch block at 0xc3 in for 0xa9
03-21 12:13:32.132 9642 9642 E ArmVmp : Match on catch block at 0xc3 in for 0xa1
03-21 12:13:32.135 9642 9642 E ArmVmp : Match on catch block at 0xc3 in for 0xa1
03-21 12:13:32.144 9642 9642 E ArmVmp : Match on catch block at 0xc3 in for 0xa5
03-21 12:13:32.148 9642 9642 E ArmVmp : Match on catch block at 0xc3 in for 0xa9
03-21 12:13:32.151 9642 9642 E ArmVmp : Match on catch block at 0xc3 in for 0xa9
03-21 12:13:32.160 9642 9642 E ArmVmp : Match on catch block at 0xc3 in for 0xa1
03-21 12:13:32.164 9642 9642 E ArmVmp : Match on catch block at 0xc3 in for 0xa5
03-21 12:13:32.167 9642 9642 E ArmVmp : Match on catch block at 0xc3 in for 0xa5
03-21 12:13:32.177 9642 9642 E ArmVmp : Match on catch block at 0xc3 in for 0xa9
03-21 12:13:32.182 9642 9642 E ArmVmp : Match on catch block at 0xc3 in for 0xa1
03-21 12:13:32.186 9642 9642 E ArmVmp : Match on catch block at 0xc3 in for 0xa1
03-21 12:13:32.194 9642 9642 E ArmVmp : Match on catch block at 0xc3 in for 0xa5
03-21 12:13:32.198 9642 9642 E ArmVmp : Match on catch block at 0xc3 in for 0xa9
03-21 12:13:32.201 9642 9642 E ArmVmp : Match on catch block at 0xc3 in for 0xa9
03-21 12:13:32.211 9642 9642 E ArmVmp : Match on catch block at 0xc3 in for 0xa1
03-21 12:13:32.215 9642 9642 E ArmVmp : Match on catch block at 0xc3 in for 0xa5
03-21 12:13:32.217 9642 9642 E ArmVmp : Match on catch block at 0xc3 in for 0xa5
03-21 12:13:32.228 9642 9642 E ArmVmp : Match on catch block at 0xc3 in for 0xa9
03-21 12:13:32.234 9642 9642 E ArmVmp : Match on catch block at 0xc3 in for 0xa1
03-21 12:13:32.236 9642 9642 E ArmVmp : Match on catch block at 0xc3 in for 0xa1
03-21 12:13:32.244 9642 9642 E ArmVmp : Match on catch block at 0xc3 in for 0xa5
03-21 12:13:32.249 9642 9642 E ArmVmp : Match on catch block at 0xc3 in for 0xa9
03-21 12:13:32.252 9642 9642 E ArmVmp : Match on catch block at 0xc3 in for 0xa9
03-21 12:13:32.261 9642 9642 E ArmVmp : Match on catch block at 0xc3 in for 0xa1
03-21 12:13:32.266 9642 9642 E ArmVmp : Match on catch block at 0xc3 in for 0xa5
03-21 12:13:32.269 9642 9642 E ArmVmp : Match on catch block at 0xc3 in for 0xa5
03-21 12:13:32.277 9642 9642 E ArmVmp : Match on catch block at 0xc3 in for 0xa9
03-21 12:13:32.281 9642 9642 E ArmVmp : Match on catch block at 0xc3 in for 0xa1
03-21 12:13:32.283 9642 9642 E ArmVmp : Match on catch block at 0xc3 in for 0xa1
03-21 12:13:32.294 9642 9642 E ArmVmp : Match on catch block at 0xc3 in for 0xa5
03-21 12:13:32.298 9642 9642 E ArmVmp : Match on catch block at 0xc3 in for 0xa9
03-21 12:13:32.300 9642 9642 E ArmVmp : Match on catch block at 0xc3 in for 0xa9
03-21 12:13:32.311 9642 9642 E ArmVmp : Match on catch block at 0xc3 in for 0xa1
03-21 12:13:32.315 9642 9642 E ArmVmp : Match on catch block at 0xc3 in for 0xa5
03-21 12:13:32.317 9642 9642 E ArmVmp : Match on catch block at 0xc3 in for 0xa5
03-21 12:13:32.327 9642 9642 E ArmVmp : Match on catch block at 0xc3 in for 0xa9
03-21 12:13:32.331 9642 9642 E ArmVmp : Match on catch block at 0xc3 in for 0xa1
03-21 12:13:32.334 9642 9642 E ArmVmp : Match on catch block at 0xc3 in for 0xa1
03-21 12:13:32.478 9642 9642 E ArmVmp : Match on catch block at 0xc3 in for 0xa5
03-21 12:13:32.484 9642 9642 E ArmVmp : Match on catch block at 0xc3 in for 0xa9
03-21 12:13:32.487 9642 9642 E ArmVmp : Match on catch block at 0xc3 in for 0xa9
03-21 12:13:32.978 9642 9642 E ArmVmp : Match on catch block at 0xc3 in for 0xa1
03-21 12:13:32.984 9642 9642 E ArmVmp : Match on catch block at 0xc3 in for 0xa5
03-21 12:13:32.987 9642 9642 E ArmVmp : Match on catch block at 0xc3 in for 0xa5
03-21 12:13:33.484 9642 9642 E ArmVmp : Match on catch block at 0xc3 in for 0xa5
03-21 12:13:33.490 9642 9642 E ArmVmp : Match on catch block at 0xc3 in for 0xa9
03-21 12:13:33.495 9642 9642 E ArmVmp : Match on catch block at 0xc3 in for 0xa9
03-21 12:13:33.978 9642 9642 E ArmVmp : Match on catch block at 0xc3 in for 0xa1
03-21 12:13:33.984 9642 9642 E ArmVmp : Match on catch block at 0xc3 in for 0xa5
03-21 12:13:33.987 9642 9642 E ArmVmp : Match on catch block at 0xc3 in for 0xa5
03-21 12:13:34.480 9642 9642 E ArmVmp : Match on catch block at 0xc3 in for 0xa9
03-21 12:13:34.487 9642 9642 E ArmVmp : Match on catch block at 0xc3 in for 0xa1
03-21 12:13:34.490 9642 9642 E ArmVmp : Match on catch block at 0xc3 in for 0xa1
03-21 12:13:34.978 9642 9642 E ArmVmp : Match on catch block at 0xc3 in for 0xa5
03-21 12:13:34.980 9642 9642 E ArmVmp : Match on catch block at 0xc3 in for 0xa9
03-21 12:13:34.982 9642 9642 E ArmVmp : Match on catch block at 0xc3 in for 0xa9
03-21 12:13:35.067 9642 9642 E ArmVmp : Match on catch block at 0xc3 in for 0xa9
03-21 12:13:35.069 9642 9642 E ArmVmp : Match on catch block at 0xc3 in for 0xa1
03-21 12:13:35.071 9642 9642 E ArmVmp : Match on catch block at 0xc3 in for 0xa1
03-21 12:13:35.072 9642 9642 W com.whatsapp: type=1400 audit(0.0:8971): avc:
denied { read } for name="u:object_r:debug_bq_dump_prop:s0" dev="tmpfs" ino=2134
scontext=u:r:untrusted_app:s0:c123,c259,c512,c768
tcontext=u:object_r:debug_bq_dump_prop:s0 tclass=file permissive=0
03-21 12:13:35.075 9642 9642 E libc : Access denied finding property
"vendor.debug.bq.dump"
03-21 12:13:35.076 9642 9642 E libc : Access denied finding property
"vendor.debug.bq.dump"
03-21 12:13:35.076 9642 9642 E GraphicExt:
GraphicExtModuleLoader::CreateGraphicExtInstance false
03-21 12:13:35.072 9642 9642 W com.whatsapp: type=1400 audit(0.0:8972): avc:
denied { read } for name="u:object_r:debug_bq_dump_prop:s0" dev="tmpfs" ino=2134
scontext=u:r:untrusted_app:s0:c123,c259,c512,c768
tcontext=u:object_r:debug_bq_dump_prop:s0 tclass=file permissive=0
03-21 12:13:35.076 9642 15564 E BufferQueueProducer: [unnamed-9642-2]
(this:0x74c0100800,id:2,api:1,p:9642,c:9642) setMaxDequeuedBufferCount: 2 dequeued
buffers would exceed the maxBufferCount (2) (maxAcquired 1 async 0
mDequeuedBufferCannotBlock 0)
03-21 12:13:35.076 9642 15564 E Surface :
IGraphicBufferProducer::setBufferCount(3) returned Invalid argument
03-21 12:13:35.081 9642 9642 W RefBase : CallStack::getCurrentInternal not
linked, returning null
03-21 12:13:35.081 9642 9642 W RefBase : CallStack::logStackInternal not linked
03-21 12:13:35.084 9642 9642 W ActivityThread: handleWindowVisibility: no
activity for token android.os.BinderProxy@caa54a1
03-21 12:13:35.137 9642 9642 E GraphicExt:
GraphicExtModuleLoader::CreateGraphicExtInstance false
03-21 12:13:35.142 9642 9642 E ArmVmp : Match on catch block at 0xc3 in for 0xa1
03-21 12:13:35.146 9642 9642 E ArmVmp : Match on catch block at 0xc3 in for 0xa5
03-21 12:13:35.147 9642 9642 E ArmVmp : Match on catch block at 0xc3 in for 0xa5
03-21 12:13:35.227 9642 9642 E ArmVmp : Match on catch block at 0xc3 in for 0xa9
03-21 12:13:35.229 9642 9642 E ArmVmp : Match on catch block at 0xc3 in for 0xa1
03-21 12:13:35.231 9642 9642 E ArmVmp : Match on catch block at 0xc3 in for 0xa1
03-21 12:13:35.860 9642 9642 E ArmVmp : Match on catch block at 0xc3 in for 0xa5
03-21 12:13:35.869 9642 9642 E ArmVmp : Match on catch block at 0xc3 in for 0xa9
03-21 12:13:35.873 9642 9642 E ArmVmp : Match on catch block at 0xc3 in for 0xa9
03-21 12:13:36.661 9642 10004 W System : ClassLoader referenced unknown path:
system/framework/mediatek-cta.jar
03-21 12:13:36.664 9642 10004 W System : ClassLoader referenced unknown path:
system/framework/mediatek-cta.jar
03-21 12:13:41.072 9642 9663 W System : A resource failed to call close.
03-21 12:13:41.074 9642 9663 W System : A resource failed to call close.
03-21 12:16:58.882 9642 10004 W System : ClassLoader referenced unknown path:
system/framework/mediatek-cta.jar
03-21 12:16:59.431 9642 21235 W System : ClassLoader referenced unknown path:
system/framework/mediatek-cta.jar
03-21 12:16:59.437 9642 21235 W System : ClassLoader referenced unknown path:
system/framework/mediatek-cta.jar
03-21 12:16:59.439 9642 21235 W System : ClassLoader referenced unknown path:
system/framework/mediatek-cta.jar
03-21 12:16:59.640 9642 21235 E DRM/DcfDecoder: decodeDrmImageIfNeeded stream
caught ClassCastException
03-21 12:16:59.707 9642 9999 E SQLiteDatabase: Error inserting transferred=1
media_job_uuid=6b75aa00-fe43-45dc-a6fb-d0a22a2128ae transcoded=0 gif_attribution=0
first_scan_length=24595 direct_path=/v/t62.7118-
24/55653053_429881469393891_5889532017706207179_n.enc?ccb=11-4&oh=01_AdTdElP7P0Y-
SUVHPTknwZGL5LRp8OfXiazRXbGITRW-XQ&oe=6623D7CD&_nc_sid=5e03e0
thumbnail_height_width_ratio=0.7222222 is_animated_sticker=0
file_hash=ZkunmHty7VkrkfSmwLRl78Udyi4GO6vW9JfPhnbvpDs= file_path=Media/WhatsApp
Images/IMG-20240321-WA0022.jpg file_size=234834
partial_media_hash=oaRBslij9rydWOV/sPKASLWgQ79xLOMFWgf+1jGfpZY= face_x=0 face_y=0
height=1153 trim_to=0 media_key_timestamp=1711041418000
message_url=https://mmg.whatsapp.net/v/t62.7118-
24/55653053_429881469393891_5889532017706207179_n.enc?ccb=11-4&oh=01_AdTdElP7P0Y-
SUVHPTknwZGL5LRp8OfXiazRXbGITRW-XQ&oe=6623D7CD&_nc_sid=5e03e0&mms3=true
media_caption=null trim_from=0 mime_type=image/jpeg partial_media_enc_hash=null
width=1600 original_file_hash=null has_streaming_sidecar=1
autotransfer_retry_enabled=1 media_upload_handle=null message_row_id=237515
multicast_id=null enc_file_hash=3Z0RgPwNb3NRwwx/JcLh4Rt4Z2Y9Y/wb2DekqujtHr8=
mute_video=0 page_count=0 first_scan_sidecar=[B@1e68272 suspicious_content=0
file_length=234834 media_name=null media_duration=0 chat_row_id=92
media_key=[B@11076c3
03-21 12:16:59.707 9642 9999 E SQLiteDatabase:
android.database.sqlite.SQLiteConstraintException: UNIQUE constraint failed:
message_media.message_row_id (code 1555 SQLITE_CONSTRAINT_PRIMARYKEY)
03-21 12:16:59.707 9642 9999 E SQLiteDatabase: at
android.database.sqlite.SQLiteConnection.nativeExecuteForLastInsertedRowId(Native
Method)
03-21 12:16:59.707 9642 9999 E SQLiteDatabase: at
android.database.sqlite.SQLiteConnection.executeForLastInsertedRowId(SQLiteConnecti
on.java:879)
03-21 12:16:59.707 9642 9999 E SQLiteDatabase: at
android.database.sqlite.SQLiteSession.executeForLastInsertedRowId(SQLiteSession.jav
a:790)
03-21 12:16:59.707 9642 9999 E SQLiteDatabase: at
android.database.sqlite.SQLiteStatement.executeInsert(SQLiteStatement.java:88)
03-21 12:16:59.707 9642 9999 E SQLiteDatabase: at
android.database.sqlite.SQLiteDatabase.insertWithOnConflict(SQLiteDatabase.java:159
9)
03-21 12:16:59.707 9642 9999 E SQLiteDatabase: at
android.database.sqlite.SQLiteDatabase.insert(SQLiteDatabase.java:1468)
03-21 12:16:59.707 9642 9999 E SQLiteDatabase: at X.2tm.A08(Unknown
Source:6)
03-21 12:16:59.707 9642 9999 E SQLiteDatabase: at X.35Y.A07(Unknown
Source:212)
03-21 12:16:59.707 9642 9999 E SQLiteDatabase: at X.3QF.A14(Unknown
Source:470)
03-21 12:16:59.707 9642 9999 E SQLiteDatabase: at X.3gU.run(Unknown
Source:982)
03-21 12:16:59.707 9642 9999 E SQLiteDatabase: at
android.os.Handler.handleCallback(Handler.java:914)
03-21 12:16:59.707 9642 9999 E SQLiteDatabase: at
android.os.Handler.dispatchMessage(Handler.java:100)
03-21 12:16:59.707 9642 9999 E SQLiteDatabase: at
X.0zq.dispatchMessage(Unknown Source:4)
03-21 12:16:59.707 9642 9999 E SQLiteDatabase: at
android.os.Looper.loop(Looper.java:224)
03-21 12:16:59.707 9642 9999 E SQLiteDatabase: at
android.os.HandlerThread.run(HandlerThread.java:67)
03-21 12:17:01.979 9642 9642 W ActivityThread: handleWindowVisibility: no
activity for token android.os.BinderProxy@effd79c
03-21 12:17:02.174 9642 9642 E ArmVmp : Match on catch block at 0x0a in for 0xc1
03-21 12:17:02.176 9642 17787 W System : ClassLoader referenced unknown path:
system/framework/mediatek-cta.jar
03-21 12:17:02.176 9642 9642 E ArmVmp : Match on catch block at 0x0a in for 0xc9
03-21 12:17:02.218 9642 9642 E GraphicExt:
GraphicExtModuleLoader::CreateGraphicExtInstance false
03-21 12:17:02.286 9642 17787 W System : ClassLoader referenced unknown path:
system/framework/mediatek-cta.jar
03-21 12:17:02.342 9642 9642 E ArmVmp : Match on catch block at 0xc3 in for 0xb1
03-21 12:17:02.349 9642 9642 E ArmVmp : Match on catch block at 0xc3 in for 0xb1
03-21 12:17:02.393 9642 9642 E ArmVmp : Match on catch block at 0xc3 in for 0xa5
03-21 12:17:02.396 9642 9642 E ArmVmp : Match on catch block at 0xc3 in for 0xa9
03-21 12:17:02.399 9642 9642 E ArmVmp : Match on catch block at 0xc3 in for 0xa9
03-21 12:17:02.424 9642 9642 E ArmVmp : Match on catch block at 0xc3 in for 0xa9
03-21 12:17:02.429 9642 9642 E ArmVmp : Match on catch block at 0xc3 in for 0xa1
03-21 12:17:02.451 9642 9642 E ArmVmp : Match on catch block at 0xc3 in for 0xa1
03-21 12:17:02.456 9642 9642 E ArmVmp : Match on catch block at 0xc3 in for 0xa5
03-21 12:17:02.459 9642 9642 E ArmVmp : Match on catch block at 0xc3 in for 0xa5
03-21 12:17:02.476 9642 9642 E ArmVmp : Match on catch block at 0xc3 in for 0xa1
03-21 12:17:02.479 9642 9642 E ArmVmp : Match on catch block at 0xc3 in for 0xa5
03-21 12:17:02.482 9642 9642 E ArmVmp : Match on catch block at 0xc3 in for 0xa5
03-21 12:17:02.492 9642 9642 E ArmVmp : Match on catch block at 0xc3 in for 0xa1
03-21 12:17:02.495 9642 9642 E ArmVmp : Match on catch block at 0xc3 in for 0xa5
03-21 12:17:02.497 9642 9642 E ArmVmp : Match on catch block at 0xc3 in for 0xa5
03-21 12:17:02.507 9642 9642 E ArmVmp : Match on catch block at 0xc3 in for 0xa9
03-21 12:17:02.511 9642 9642 E ArmVmp : Match on catch block at 0xc3 in for 0xa1
03-21 12:17:02.512 9642 9642 E ArmVmp : Match on catch block at 0xc3 in for 0xa1
03-21 12:17:02.922 9642 9642 E ArmVmp : Match on catch block at 0xc3 in for 0xa5
03-21 12:17:02.925 9642 9642 E ArmVmp : Match on catch block at 0xc3 in for 0xa9
03-21 12:17:02.927 9642 9642 E ArmVmp : Match on catch block at 0xc3 in for 0xa9
03-21 12:17:03.006 9642 9642 E ArmVmp : Match on catch block at 0xc3 in for 0xa9
03-21 12:17:03.008 9642 9642 E ArmVmp : Match on catch block at 0xc3 in for 0xa1
03-21 12:17:03.010 9642 9642 E ArmVmp : Match on catch block at 0xc3 in for 0xa1
03-21 12:17:03.012 9642 9642 W com.whatsapp: type=1400 audit(0.0:9020): avc:
denied { read } for name="u:object_r:debug_bq_dump_prop:s0" dev="tmpfs" ino=2134
scontext=u:r:untrusted_app:s0:c123,c259,c512,c768
tcontext=u:object_r:debug_bq_dump_prop:s0 tclass=file permissive=0
03-21 12:17:03.015 9642 9642 E libc : Access denied finding property
"vendor.debug.bq.dump"
03-21 12:17:03.015 9642 9642 E libc : Access denied finding property
"vendor.debug.bq.dump"
03-21 12:17:03.012 9642 9642 W com.whatsapp: type=1400 audit(0.0:9021): avc:
denied { read } for name="u:object_r:debug_bq_dump_prop:s0" dev="tmpfs" ino=2134
scontext=u:r:untrusted_app:s0:c123,c259,c512,c768
tcontext=u:object_r:debug_bq_dump_prop:s0 tclass=file permissive=0
03-21 12:17:03.015 9642 9642 E GraphicExt:
GraphicExtModuleLoader::CreateGraphicExtInstance false
03-21 12:17:03.015 9642 15564 E BufferQueueProducer: [unnamed-9642-3]
(this:0x748ba59000,id:3,api:1,p:9642,c:9642) setMaxDequeuedBufferCount: 2 dequeued
buffers would exceed the maxBufferCount (2) (maxAcquired 1 async 0
mDequeuedBufferCannotBlock 0)
03-21 12:17:03.015 9642 15564 E Surface :
IGraphicBufferProducer::setBufferCount(3) returned Invalid argument
03-21 12:17:03.020 9642 9642 W RefBase : CallStack::getCurrentInternal not
linked, returning null
03-21 12:17:03.020 9642 9642 W RefBase : CallStack::logStackInternal not linked
03-21 12:17:03.022 9642 9642 W ActivityThread: handleWindowVisibility: no
activity for token android.os.BinderProxy@99eaf7e
03-21 12:17:03.082 9642 9642 E GraphicExt:
GraphicExtModuleLoader::CreateGraphicExtInstance false
03-21 12:17:03.087 9642 9642 E ArmVmp : Match on catch block at 0xc3 in for 0xa1
03-21 12:17:03.092 9642 9642 E ArmVmp : Match on catch block at 0xc3 in for 0xa5
03-21 12:17:03.094 9642 9642 E ArmVmp : Match on catch block at 0xc3 in for 0xa5
03-21 12:17:03.114 9642 9642 E ArmVmp : Match on catch block at 0xc3 in for 0xa5
03-21 12:17:03.117 9642 9642 E ArmVmp : Match on catch block at 0xc3 in for 0xa9
03-21 12:17:03.120 9642 9642 E ArmVmp : Match on catch block at 0xc3 in for 0xa9
03-21 12:17:03.149 9642 9642 E ArmVmp : Match on catch block at 0xc3 in for 0xa5
03-21 12:17:03.152 9642 9642 E ArmVmp : Match on catch block at 0xc3 in for 0xa9
03-21 12:17:03.154 9642 9642 E ArmVmp : Match on catch block at 0xc3 in for 0xa9
03-21 12:17:03.165 9642 9642 E ArmVmp : Match on catch block at 0xc3 in for 0xa1
03-21 12:17:03.168 9642 9642 E ArmVmp : Match on catch block at 0xc3 in for 0xa5
03-21 12:17:03.170 9642 9642 E ArmVmp : Match on catch block at 0xc3 in for 0xa5
03-21 12:17:03.179 9642 9642 E ArmVmp : Match on catch block at 0xc3 in for 0xa9
03-21 12:17:03.183 9642 9642 E ArmVmp : Match on catch block at 0xc3 in for 0xa1
03-21 12:17:03.185 9642 9642 E ArmVmp : Match on catch block at 0xc3 in for 0xa1
03-21 12:17:03.194 9642 9642 E ArmVmp : Match on catch block at 0xc3 in for 0xa5
03-21 12:17:03.199 9642 9642 E ArmVmp : Match on catch block at 0xc3 in for 0xa9
03-21 12:17:03.201 9642 9642 E ArmVmp : Match on catch block at 0xc3 in for 0xa9
03-21 12:17:03.210 9642 9642 E ArmVmp : Match on catch block at 0xc3 in for 0xa1
03-21 12:17:03.214 9642 9642 E ArmVmp : Match on catch block at 0xc3 in for 0xa5
03-21 12:17:03.216 9642 9642 E ArmVmp : Match on catch block at 0xc3 in for 0xa5
03-21 12:17:03.224 9642 9642 E ArmVmp : Match on catch block at 0xc3 in for 0xa9
03-21 12:17:03.227 9642 9642 E ArmVmp : Match on catch block at 0xc3 in for 0xa1
03-21 12:17:03.229 9642 9642 E ArmVmp : Match on catch block at 0xc3 in for 0xa1
03-21 12:17:03.240 9642 9642 E ArmVmp : Match on catch block at 0xc3 in for 0xa5
03-21 12:17:03.243 9642 9642 E ArmVmp : Match on catch block at 0xc3 in for 0xa9
03-21 12:17:03.244 9642 9642 E ArmVmp : Match on catch block at 0xc3 in for 0xa9
03-21 12:17:03.257 9642 9642 E ArmVmp : Match on catch block at 0xc3 in for 0xa1
03-21 12:17:03.259 9642 9642 E ArmVmp : Match on catch block at 0xc3 in for 0xa5
03-21 12:17:03.261 9642 9642 E ArmVmp : Match on catch block at 0xc3 in for 0xa5
03-21 12:17:03.273 9642 9642 E ArmVmp : Match on catch block at 0xc3 in for 0xa9
03-21 12:17:03.276 9642 9642 E ArmVmp : Match on catch block at 0xc3 in for 0xa1
03-21 12:17:03.277 9642 9642 E ArmVmp : Match on catch block at 0xc3 in for 0xa1
03-21 12:17:03.290 9642 9642 E ArmVmp : Match on catch block at 0xc3 in for 0xa5
03-21 12:17:03.293 9642 9642 E ArmVmp : Match on catch block at 0xc3 in for 0xa9
03-21 12:17:03.294 9642 9642 E ArmVmp : Match on catch block at 0xc3 in for 0xa9
03-21 12:17:03.306 9642 9642 E ArmVmp : Match on catch block at 0xc3 in for 0xa1
03-21 12:17:03.309 9642 9642 E ArmVmp : Match on catch block at 0xc3 in for 0xa5
03-21 12:17:03.311 9642 9642 E ArmVmp : Match on catch block at 0xc3 in for 0xa5
03-21 12:17:03.323 9642 9642 E ArmVmp : Match on catch block at 0xc3 in for 0xa9
03-21 12:17:03.326 9642 9642 E ArmVmp : Match on catch block at 0xc3 in for 0xa1
03-21 12:17:03.327 9642 9642 E ArmVmp : Match on catch block at 0xc3 in for 0xa1
03-21 12:17:03.340 9642 9642 E ArmVmp : Match on catch block at 0xc3 in for 0xa5
03-21 12:17:03.343 9642 9642 E ArmVmp : Match on catch block at 0xc3 in for 0xa9
03-21 12:17:03.344 9642 9642 E ArmVmp : Match on catch block at 0xc3 in for 0xa9
03-21 12:17:03.356 9642 9642 E ArmVmp : Match on catch block at 0xc3 in for 0xa1
03-21 12:17:03.359 9642 9642 E ArmVmp : Match on catch block at 0xc3 in for 0xa5
03-21 12:17:03.361 9642 9642 E ArmVmp : Match on catch block at 0xc3 in for 0xa5
03-21 12:17:03.373 9642 9642 E ArmVmp : Match on catch block at 0xc3 in for 0xa9
03-21 12:17:03.376 9642 9642 E ArmVmp : Match on catch block at 0xc3 in for 0xa1
03-21 12:17:03.378 9642 9642 E ArmVmp : Match on catch block at 0xc3 in for 0xa1
03-21 12:17:03.390 9642 9642 E ArmVmp : Match on catch block at 0xc3 in for 0xa5
03-21 12:17:03.394 9642 9642 E ArmVmp : Match on catch block at 0xc3 in for 0xa9
03-21 12:17:03.395 9642 9642 E ArmVmp : Match on catch block at 0xc3 in for 0xa9
03-21 12:17:04.108 9642 9642 E ArmVmp : Match on catch block at 0xc3 in for 0xa1
03-21 12:17:04.113 9642 9642 E ArmVmp : Match on catch block at 0xc3 in for 0xa5
03-21 12:17:04.117 9642 9642 E ArmVmp : Match on catch block at 0xc3 in for 0xa5
03-21 12:17:04.124 9642 9642 E ArmVmp : Match on catch block at 0xc3 in for 0xa9
03-21 12:17:04.131 9642 9642 E ArmVmp : Match on catch block at 0xc3 in for 0xa1
03-21 12:17:04.135 9642 9642 E ArmVmp : Match on catch block at 0xc3 in for 0xa1
03-21 12:17:04.142 9642 9642 E ArmVmp : Match on catch block at 0xc3 in for 0xa5
03-21 12:17:04.148 9642 9642 E ArmVmp : Match on catch block at 0xc3 in for 0xa9
03-21 12:17:04.150 9642 9642 E ArmVmp : Match on catch block at 0xc3 in for 0xa9
03-21 12:17:04.157 9642 9642 E ArmVmp : Match on catch block at 0xc3 in for 0xa1
03-21 12:17:04.163 9642 9642 E ArmVmp : Match on catch block at 0xc3 in for 0xa5
03-21 12:17:04.166 9642 9642 E ArmVmp : Match on catch block at 0xc3 in for 0xa5
03-21 12:17:04.174 9642 9642 E ArmVmp : Match on catch block at 0xc3 in for 0xa9
03-21 12:17:04.177 9642 9642 E ArmVmp : Match on catch block at 0xc3 in for 0xa1
03-21 12:17:04.179 9642 9642 E ArmVmp : Match on catch block at 0xc3 in for 0xa1
03-21 12:17:04.189 9642 9642 E ArmVmp : Match on catch block at 0xc3 in for 0xa5
03-21 12:17:04.194 9642 9642 E ArmVmp : Match on catch block at 0xc3 in for 0xa9
03-21 12:17:04.196 9642 9642 E ArmVmp : Match on catch block at 0xc3 in for 0xa9
03-21 12:17:04.208 9642 9642 E ArmVmp : Match on catch block at 0xc3 in for 0xa1
03-21 12:17:04.211 9642 9642 E ArmVmp : Match on catch block at 0xc3 in for 0xa5
03-21 12:17:04.215 9642 9642 E ArmVmp : Match on catch block at 0xc3 in for 0xa5
03-21 12:17:04.224 9642 9642 E ArmVmp : Match on catch block at 0xc3 in for 0xa9
03-21 12:17:04.229 9642 9642 E ArmVmp : Match on catch block at 0xc3 in for 0xa1
03-21 12:17:04.232 9642 9642 E ArmVmp : Match on catch block at 0xc3 in for 0xa1
03-21 12:17:04.240 9642 9642 E ArmVmp : Match on catch block at 0xc3 in for 0xa5
03-21 12:17:04.244 9642 9642 E ArmVmp : Match on catch block at 0xc3 in for 0xa9
03-21 12:17:04.247 9642 9642 E ArmVmp : Match on catch block at 0xc3 in for 0xa9
03-21 12:17:04.257 9642 9642 E ArmVmp : Match on catch block at 0xc3 in for 0xa1
03-21 12:17:04.261 9642 9642 E ArmVmp : Match on catch block at 0xc3 in for 0xa5
03-21 12:17:04.264 9642 9642 E ArmVmp : Match on catch block at 0xc3 in for 0xa5
03-21 12:17:04.273 9642 9642 E ArmVmp : Match on catch block at 0xc3 in for 0xa9
03-21 12:17:04.278 9642 9642 E ArmVmp : Match on catch block at 0xc3 in for 0xa1
03-21 12:17:04.280 9642 9642 E ArmVmp : Match on catch block at 0xc3 in for 0xa1
03-21 12:17:04.290 9642 9642 E ArmVmp : Match on catch block at 0xc3 in for 0xa5
03-21 12:17:04.294 9642 9642 E ArmVmp : Match on catch block at 0xc3 in for 0xa9
03-21 12:17:04.297 9642 9642 E ArmVmp : Match on catch block at 0xc3 in for 0xa9
03-21 12:17:04.306 9642 9642 E ArmVmp : Match on catch block at 0xc3 in for 0xa1
03-21 12:17:04.309 9642 9642 E ArmVmp : Match on catch block at 0xc3 in for 0xa5
03-21 12:17:04.311 9642 9642 E ArmVmp : Match on catch block at 0xc3 in for 0xa5
03-21 12:17:04.324 9642 9642 E ArmVmp : Match on catch block at 0xc3 in for 0xa9
03-21 12:17:04.330 9642 9642 E ArmVmp : Match on catch block at 0xc3 in for 0xa1
03-21 12:17:04.333 9642 9642 E ArmVmp : Match on catch block at 0xc3 in for 0xa1
03-21 12:17:04.340 9642 9642 E ArmVmp : Match on catch block at 0xc3 in for 0xa5
03-21 12:17:04.343 9642 9642 E ArmVmp : Match on catch block at 0xc3 in for 0xa9
03-21 12:17:04.346 9642 9642 E ArmVmp : Match on catch block at 0xc3 in for 0xa9
03-21 12:17:04.356 9642 9642 E ArmVmp : Match on catch block at 0xc3 in for 0xa1
03-21 12:17:04.360 9642 9642 E ArmVmp : Match on catch block at 0xc3 in for 0xa5
03-21 12:17:04.364 9642 9642 E ArmVmp : Match on catch block at 0xc3 in for 0xa5
03-21 12:17:06.222 9642 9642 E ArmVmp : Match on catch block at 0xc3 in for 0xa9
03-21 12:17:06.227 9642 9642 E ArmVmp : Match on catch block at 0xc3 in for 0xa1
03-21 12:17:06.230 9642 9642 E ArmVmp : Match on catch block at 0xc3 in for 0xa1
03-21 12:17:06.260 9642 9642 E ArmVmp : Match on catch block at 0xc3 in for 0xa5
03-21 12:17:06.264 9642 9642 E ArmVmp : Match on catch block at 0xc3 in for 0xa9
03-21 12:17:06.267 9642 9642 E ArmVmp : Match on catch block at 0xc3 in for 0xa9
03-21 12:17:06.286 9642 9642 E GraphicExt:
GraphicExtModuleLoader::CreateGraphicExtInstance false
03-21 12:17:06.298 9642 9642 E ArmVmp : Match on catch block at 0xc3 in for 0xa9
03-21 12:17:06.302 9642 9642 E ArmVmp : Match on catch block at 0xc3 in for 0xa1
03-21 12:17:06.304 9642 9642 E ArmVmp : Match on catch block at 0xc3 in for 0xa1
03-21 12:17:07.288 9642 9642 W com.whatsapp: type=1400 audit(0.0:9023): avc:
denied { read } for name="u:object_r:debug_bq_dump_prop:s0" dev="tmpfs" ino=2134
scontext=u:r:untrusted_app:s0:c123,c259,c512,c768
tcontext=u:object_r:debug_bq_dump_prop:s0 tclass=file permissive=0
03-21 12:17:07.292 9642 9642 E libc : Access denied finding property
"vendor.debug.bq.dump"
03-21 12:17:07.288 9642 9642 W com.whatsapp: type=1400 audit(0.0:9024): avc:
denied { read } for name="u:object_r:debug_bq_dump_prop:s0" dev="tmpfs" ino=2134
scontext=u:r:untrusted_app:s0:c123,c259,c512,c768
tcontext=u:object_r:debug_bq_dump_prop:s0 tclass=file permissive=0
03-21 12:17:07.293 9642 9642 E libc : Access denied finding property
"vendor.debug.bq.dump"
03-21 12:17:07.293 9642 9642 E GraphicExt:
GraphicExtModuleLoader::CreateGraphicExtInstance false
03-21 12:17:07.295 9642 15564 E BufferQueueProducer: [unnamed-9642-4]
(this:0x745e7d4000,id:4,api:1,p:9642,c:9642) setMaxDequeuedBufferCount: 2 dequeued
buffers would exceed the maxBufferCount (2) (maxAcquired 1 async 0
mDequeuedBufferCannotBlock 0)
03-21 12:17:07.295 9642 15564 E Surface :
IGraphicBufferProducer::setBufferCount(3) returned Invalid argument
03-21 12:17:07.305 9642 9642 W RefBase : CallStack::getCurrentInternal not
linked, returning null
03-21 12:17:07.305 9642 9642 W RefBase : CallStack::logStackInternal not linked
03-21 12:17:07.308 9642 9642 E ArmVmp : Match on catch block at 0xc3 in for 0xa5
03-21 12:17:07.311 9642 9642 E ArmVmp : Match on catch block at 0xc3 in for 0xa9
03-21 12:17:07.313 9642 9642 E ArmVmp : Match on catch block at 0xc3 in for 0xa9
03-21 12:17:07.323 9642 9642 E ArmVmp : Match on catch block at 0xc3 in for 0xa1
03-21 12:17:07.327 9642 9642 E ArmVmp : Match on catch block at 0xc3 in for 0xa5
03-21 12:17:07.331 9642 9642 E ArmVmp : Match on catch block at 0xc3 in for 0xa5
03-21 12:17:07.358 9642 9642 E ArmVmp : Match on catch block at 0xc3 in for 0xa9
03-21 12:17:07.363 9642 9642 E ArmVmp : Match on catch block at 0xc3 in for 0xa1
03-21 12:17:07.366 9642 9642 E ArmVmp : Match on catch block at 0xc3 in for 0xa1
03-21 12:17:07.380 9642 9642 E ArmVmp : Match on catch block at 0xc3 in for 0xa9
03-21 12:17:07.383 9642 9642 E ArmVmp : Match on catch block at 0xc3 in for 0xa1
03-21 12:17:07.385 9642 9642 E ArmVmp : Match on catch block at 0xc3 in for 0xa1
03-21 12:17:07.399 9642 9642 E ArmVmp : Match on catch block at 0xc3 in for 0xa5
03-21 12:17:07.403 9642 9642 E ArmVmp : Match on catch block at 0xc3 in for 0xa9
03-21 12:17:07.406 9642 9642 E ArmVmp : Match on catch block at 0xc3 in for 0xa9
03-21 12:17:07.465 9642 9642 E ArmVmp : Match on catch block at 0xc3 in for 0xa1
03-21 12:17:07.467 9642 9663 W System : A resource failed to call close.
03-21 12:17:07.467 9642 9663 W System : A resource failed to call close.
03-21 12:17:07.468 9642 9642 E ArmVmp : Match on catch block at 0xc3 in for 0xa5
03-21 12:17:07.470 9642 9642 E ArmVmp : Match on catch block at 0xc3 in for 0xa5
03-21 12:17:07.486 9642 9642 E ArmVmp : Match on catch block at 0xc3 in for 0xa9
03-21 12:17:07.489 9642 9642 E ArmVmp : Match on catch block at 0xc3 in for 0xa1
03-21 12:17:07.490 9642 9642 E ArmVmp : Match on catch block at 0xc3 in for 0xa1
03-21 12:17:07.958 9642 9642 E ArmVmp : Match on catch block at 0xc3 in for 0xa9
03-21 12:17:07.961 9642 9642 E ArmVmp : Match on catch block at 0xc3 in for 0xa1
03-21 12:17:07.964 9642 9642 E ArmVmp : Match on catch block at 0xc3 in for 0xa1
03-21 12:17:08.458 9642 9642 E ArmVmp : Match on catch block at 0xc3 in for 0xa5
03-21 12:17:08.465 9642 9642 E ArmVmp : Match on catch block at 0xc3 in for 0xa9
03-21 12:17:08.468 9642 9642 E ArmVmp : Match on catch block at 0xc3 in for 0xa9
03-21 12:17:08.958 9642 9642 E ArmVmp : Match on catch block at 0xc3 in for 0xa1
03-21 12:17:08.963 9642 9642 E ArmVmp : Match on catch block at 0xc3 in for 0xa5
03-21 12:17:08.968 9642 9642 E ArmVmp : Match on catch block at 0xc3 in for 0xa5
03-21 12:17:09.057 9642 9642 E ArmVmp : Match on catch block at 0xc3 in for 0xa9
03-21 12:17:09.062 9642 9642 E ArmVmp : Match on catch block at 0xc3 in for 0xa1
03-21 12:17:09.066 9642 9642 E ArmVmp : Match on catch block at 0xc3 in for 0xa1
03-21 12:17:09.073 9642 9642 E ArmVmp : Match on catch block at 0xc3 in for 0xa5
03-21 12:17:09.078 9642 9642 E ArmVmp : Match on catch block at 0xc3 in for 0xa9
03-21 12:17:09.082 9642 9642 E ArmVmp : Match on catch block at 0xc3 in for 0xa9
03-21 12:17:09.090 9642 9642 E ArmVmp : Match on catch block at 0xc3 in for 0xa1
03-21 12:17:09.095 9642 9642 E ArmVmp : Match on catch block at 0xc3 in for 0xa5
03-21 12:17:09.098 9642 9642 E ArmVmp : Match on catch block at 0xc3 in for 0xa5
03-21 12:17:09.107 9642 9642 E ArmVmp : Match on catch block at 0xc3 in for 0xa9
