03-20 18:38:24.053 12285 12285 E ArmVmp : Match on catch block at 0xc3 in for 0xa1
03-20 18:38:24.057 12285 12285 E ArmVmp : Match on catch block at 0xc3 in for 0xa5
03-20 18:38:24.058 12285 12285 E ArmVmp : Match on catch block at 0xc3 in for 0xa9
03-20 18:38:24.060 12285 12285 E ArmVmp : Match on catch block at 0xc3 in for 0xa1
03-20 18:38:24.063 12285 12285 E ArmVmp : Match on catch block at 0xc3 in for 0xa5
03-20 18:38:24.065 12285 12285 E ArmVmp : Match on catch block at 0xc3 in for 0xa9
03-20 18:38:24.067 12285 12285 E ArmVmp : Match on catch block at 0xc3 in for 0xa1
03-20 18:38:24.074 12285 12285 E ArmVmp : Match on catch block at 0xc3 in for 0xa9
03-20 18:38:24.077 12285 12285 E ArmVmp : Match on catch block at 0xc3 in for 0xa1
03-20 18:38:24.081 12285 12285 E ArmVmp : Match on catch block at 0xc3 in for 0xa5
03-20 18:38:24.083 12285 12285 E ArmVmp : Match on catch block at 0xc3 in for 0xa9
03-20 18:38:24.084 12285 12285 E ArmVmp : Match on catch block at 0xc3 in for 0xa1
03-20 18:38:24.086 12285 12285 E ArmVmp : Match on catch block at 0xc3 in for 0xa5
03-20 18:38:24.089 12285 12285 E ArmVmp : Match on catch block at 0xc3 in for 0xa9
03-20 18:38:25.256 12285 12285 E ArmVmp : Match on catch block at 0xc3 in for 0xa5
03-20 18:38:25.259 12285 12285 E ArmVmp : Match on catch block at 0xc3 in for 0xa9
03-20 18:38:25.261 12285 12285 E ArmVmp : Match on catch block at 0xc3 in for 0xa1
03-20 18:38:25.263 12285 12285 E ArmVmp : Match on catch block at 0xc3 in for 0xa5
03-20 18:38:25.264 12285 12285 E ArmVmp : Match on catch block at 0xc3 in for 0xa9
03-20 18:38:25.266 12285 12285 E ArmVmp : Match on catch block at 0xc3 in for 0xa1
03-20 18:38:25.267 12285 12285 E ArmVmp : Match on catch block at 0xc3 in for 0xa5
03-20 18:38:25.339 12285 12285 E ArmVmp : Match on catch block at 0xc3 in for 0xa9
03-20 18:38:25.341 12285 12285 E ArmVmp : Match on catch block at 0xc3 in for 0xa1
03-20 18:38:25.343 12285 12285 E ArmVmp : Match on catch block at 0xc3 in for 0xa5
03-20 18:38:25.344 12285 12285 E ArmVmp : Match on catch block at 0xc3 in for 0xa9
03-20 18:38:25.346 12285 12285 E ArmVmp : Match on catch block at 0xc3 in for 0xa1
03-20 18:38:25.347 12285 12285 E ArmVmp : Match on catch block at 0xc3 in for 0xa5
03-20 18:38:25.349 12285 12285 E ArmVmp : Match on catch block at 0xc3 in for 0xa9
03-20 18:38:25.366 12285 12285 E GraphicExt:
GraphicExtModuleLoader::CreateGraphicExtInstance false
03-20 18:38:25.432 12285 12285 E ArmVmp : Match on catch block at 0xc3 in for 0xa9
03-20 18:38:25.436 12285 12285 E ArmVmp : Match on catch block at 0xc3 in for 0xa1
03-20 18:38:25.439 12285 12285 E ArmVmp : Match on catch block at 0xc3 in for 0xa5
03-20 18:38:25.441 12285 12285 E ArmVmp : Match on catch block at 0xc3 in for 0xa9
03-20 18:38:25.443 12285 12285 E ArmVmp : Match on catch block at 0xc3 in for 0xa1
03-20 18:38:25.445 12285 12285 E ArmVmp : Match on catch block at 0xc3 in for 0xa5
03-20 18:38:25.447 12285 12285 E ArmVmp : Match on catch block at 0xc3 in for 0xa9
03-20 18:38:34.861 12285 12285 E GraphicExt:
GraphicExtModuleLoader::CreateGraphicExtInstance false
03-20 18:39:11.150 12285 12285 E GraphicExt:
GraphicExtModuleLoader::CreateGraphicExtInstance false
03-20 18:39:19.302 12285 12285 W ActivityThread: handleWindowVisibility: no
activity for token android.os.BinderProxy@d899252
03-20 18:39:19.448 12285 12285 E ArmVmp : Match on catch block at 0x0a in for 0xc5
03-20 18:39:19.450 12285 13323 W System : ClassLoader referenced unknown path:
system/framework/mediatek-cta.jar
03-20 18:39:19.450 12285 12285 E ArmVmp : Match on catch block at 0x0a in for 0xc1
03-20 18:39:19.499 12285 12285 E GraphicExt:
GraphicExtModuleLoader::CreateGraphicExtInstance false
03-20 18:39:19.558 12285 13323 W System : ClassLoader referenced unknown path:
system/framework/mediatek-cta.jar
03-20 18:39:19.892 12285 12285 W View : requestLayout() improperly called by
X.4rh{eaea6ac V.E....L. ......ID 0,494-1080,1518} during layout: running second
layout pass
03-20 18:39:19.893 12285 12285 W View : requestLayout() improperly called by
android.widget.LinearLayout{c2d8f75 V.E...... ......ID 124,118-902,1010 #7f0b0e50
app:id/main_layout} during layout: running second layout pass
03-20 18:39:19.893 12285 12285 W View : requestLayout() improperly called by
com.whatsapp.WaImageView{a99eb0a VFED..CL. ......ID 0,0-372,372 #7f0b19fb
app:id/thumb} during layout: running second layout pass
03-20 18:39:19.893 12285 12285 W View : requestLayout() improperly called by
com.whatsapp.WaImageView{ce24f7b VFED..CL. ......ID 0,0-372,372 #7f0b19fb
app:id/thumb} during layout: running second layout pass
03-20 18:39:19.899 12285 12285 E ArmVmp : Match on catch block at 0xc3 in for 0xb5
03-20 18:39:19.905 12285 12285 E ArmVmp : Match on catch block at 0xc3 in for 0xb5
03-20 18:39:19.969 12285 12285 E ArmVmp : Match on catch block at 0xc3 in for 0xa5
03-20 18:39:19.972 12285 12285 E ArmVmp : Match on catch block at 0xc3 in for 0xa9
03-20 18:39:19.983 12285 12285 W Looper : Slow Looper main: doFrame is 465ms late
because of 25 msg, msg 1 took 464ms (seq=62923 late=3ms
h=android.view.Choreographer$FrameHandler
c=android.view.Choreographer$FrameDisplayEventReceiver)
03-20 18:39:19.974 12285 12285 E ArmVmp : Match on catch block at 0xc3 in for 0xa9
03-20 18:39:20.073 12285 12285 W View : requestLayout() improperly called by
X.4rh{eaea6ac V.E....L. ......ID 0,494-1080,1518} during second layout pass:
posting in next frame
03-20 18:39:20.074 12285 12285 W View : requestLayout() improperly called by
android.widget.LinearLayout{c2d8f75 V.E...... ........ 124,118-902,1010 #7f0b0e50
app:id/main_layout} during second layout pass: posting in next frame
03-20 18:39:20.085 12285 12285 E ArmVmp : Match on catch block at 0xc3 in for 0xa9
03-20 18:39:20.089 12285 12285 E ArmVmp : Match on catch block at 0xc3 in for 0xa1
03-20 18:39:20.091 12285 12285 E ArmVmp : Match on catch block at 0xc3 in for 0xa1
03-20 18:39:20.136 12285 12285 E ArmVmp : Match on catch block at 0xc3 in for 0xa9
03-20 18:39:20.143 12285 12285 E ArmVmp : Match on catch block at 0xc3 in for 0xa1
03-20 18:39:20.145 12285 12285 E ArmVmp : Match on catch block at 0xc3 in for 0xa1
03-20 18:39:20.153 12285 12285 E ArmVmp : Match on catch block at 0xc3 in for 0xa9
03-20 18:39:20.156 12285 12285 E ArmVmp : Match on catch block at 0xc3 in for 0xa1
03-20 18:39:20.158 12285 12285 E ArmVmp : Match on catch block at 0xc3 in for 0xa1
03-20 18:39:20.680 12285 12285 E ArmVmp : Match on catch block at 0xc3 in for 0xa1
03-20 18:39:20.683 12285 12285 E ArmVmp : Match on catch block at 0xc3 in for 0xa5
03-20 18:39:20.685 12285 12285 E ArmVmp : Match on catch block at 0xc3 in for 0xa5
03-20 18:39:20.725 12285 12285 E GraphicExt:
GraphicExtModuleLoader::CreateGraphicExtInstance false
03-20 18:39:20.810 12285 12285 E ArmVmp : Match on catch block at 0xc3 in for 0xa5
03-20 18:39:20.816 12285 12285 E ArmVmp : Match on catch block at 0xc3 in for 0xa9
03-20 18:39:20.819 12285 12285 E ArmVmp : Match on catch block at 0xc3 in for 0xa9
03-20 18:39:20.859 12285 12285 E ArmVmp : Match on catch block at 0xc3 in for 0xa1
03-20 18:39:20.862 12285 12285 E ArmVmp : Match on catch block at 0xc3 in for 0xa5
03-20 18:39:20.864 12285 12285 E ArmVmp : Match on catch block at 0xc3 in for 0xa5
03-20 18:39:21.853 12285 12285 W ActivityThread: handleWindowVisibility: no
activity for token android.os.BinderProxy@6934c0b
03-20 18:39:22.001 12285 12285 E ArmVmp : Match on catch block at 0x0a in for 0xc5
03-20 18:39:22.003 12285 13323 W System : ClassLoader referenced unknown path:
system/framework/mediatek-cta.jar
03-20 18:39:22.004 12285 12285 E ArmVmp : Match on catch block at 0x0a in for 0xc1
03-20 18:39:22.061 12285 12285 E GraphicExt:
GraphicExtModuleLoader::CreateGraphicExtInstance false
03-20 18:39:22.110 12285 13323 W System : ClassLoader referenced unknown path:
system/framework/mediatek-cta.jar
03-20 18:39:22.110 12285 12285 W pool-12-thread-: type=1400 audit(0.0:53366): avc:
granted { execute } for
path="/data/data/com.whatsapp/files/decompressed/libs.spk.zst/libgifimage.so"
dev="sdc46" ino=1712170 scontext=u:r:untrusted_app:s0:c123,c259,c512,c768
tcontext=u:object_r:app_data_file:s0:c123,c259,c512,c768 tclass=file
03-20 18:39:22.165 12285 12285 E ArmVmp : Match on catch block at 0xc3 in for 0xb5
03-20 18:39:22.172 12285 12285 E ArmVmp : Match on catch block at 0xc3 in for 0xb5
03-20 18:39:22.226 12285 12285 E ArmVmp : Match on catch block at 0xc3 in for 0xa1
03-20 18:39:22.229 12285 12285 E ArmVmp : Match on catch block at 0xc3 in for 0xa5
03-20 18:39:22.231 12285 12285 E ArmVmp : Match on catch block at 0xc3 in for 0xa5
03-20 18:39:22.273 12285 12285 E ArmVmp : Match on catch block at 0xc3 in for 0xa5
03-20 18:39:22.277 12285 12285 E ArmVmp : Match on catch block at 0xc3 in for 0xa9
03-20 18:39:22.279 12285 12285 E ArmVmp : Match on catch block at 0xc3 in for 0xa9
03-20 18:39:22.318 12285 12285 E ArmVmp : Match on catch block at 0xc3 in for 0xa1
03-20 18:39:22.321 12285 12285 E ArmVmp : Match on catch block at 0xc3 in for 0xa5
03-20 18:39:22.323 12285 12285 E ArmVmp : Match on catch block at 0xc3 in for 0xa5
03-20 18:39:22.331 12285 12285 E ArmVmp : Match on catch block at 0xc3 in for 0xa1
03-20 18:39:22.334 12285 12285 E ArmVmp : Match on catch block at 0xc3 in for 0xa5
03-20 18:39:22.336 12285 12285 E ArmVmp : Match on catch block at 0xc3 in for 0xa5
03-20 18:39:22.393 12285 12417 W BpBinder: Slow Binder: BpBinder transact took 206
ms, interface=android.media.IMediaMetadataRetriever, code=5 oneway=false
03-20 18:39:22.420 12285 12285 E ArmVmp : Match on catch block at 0xc3 in for 0xa9
03-20 18:39:22.424 12285 12285 E ArmVmp : Match on catch block at 0xc3 in for 0xa1
03-20 18:39:22.427 12285 12285 E ArmVmp : Match on catch block at 0xc3 in for 0xa1
03-20 18:39:22.435 12285 12285 E ArmVmp : Match on catch block at 0xc3 in for 0xa5
03-20 18:39:22.439 12285 12285 E ArmVmp : Match on catch block at 0xc3 in for 0xa9
03-20 18:39:22.442 12285 12285 E ArmVmp : Match on catch block at 0xc3 in for 0xa9
03-20 18:39:22.569 12285 12285 E ArmVmp : Match on catch block at 0xc3 in for 0xa5
03-20 18:39:22.574 12285 12285 E ArmVmp : Match on catch block at 0xc3 in for 0xa9
03-20 18:39:22.576 12285 12285 E ArmVmp : Match on catch block at 0xc3 in for 0xa9
03-20 18:39:22.586 12285 12285 E ArmVmp : Match on catch block at 0xc3 in for 0xa1
03-20 18:39:22.590 12285 12285 E ArmVmp : Match on catch block at 0xc3 in for 0xa5
03-20 18:39:22.593 12285 12285 E ArmVmp : Match on catch block at 0xc3 in for 0xa5
03-20 18:39:22.748 12285 12285 E ArmVmp : Match on catch block at 0xc3 in for 0xa5
03-20 18:39:22.752 12285 12285 E ArmVmp : Match on catch block at 0xc3 in for 0xa9
03-20 18:39:22.756 12285 12285 E ArmVmp : Match on catch block at 0xc3 in for 0xa9
03-20 18:39:22.848 12285 12285 E ArmVmp : Match on catch block at 0xc3 in for 0xa1
03-20 18:39:22.852 12285 12285 E ArmVmp : Match on catch block at 0xc3 in for 0xa5
03-20 18:39:22.856 12285 12285 E ArmVmp : Match on catch block at 0xc3 in for 0xa5
03-20 18:39:22.864 12285 12285 E ArmVmp : Match on catch block at 0xc3 in for 0xa9
03-20 18:39:22.868 12285 12285 E ArmVmp : Match on catch block at 0xc3 in for 0xa1
03-20 18:39:22.872 12285 12285 E ArmVmp : Match on catch block at 0xc3 in for 0xa1
03-20 18:39:22.881 12285 12285 E ArmVmp : Match on catch block at 0xc3 in for 0xa5
03-20 18:39:22.885 12285 12285 E ArmVmp : Match on catch block at 0xc3 in for 0xa9
03-20 18:39:22.888 12285 12285 E ArmVmp : Match on catch block at 0xc3 in for 0xa9
03-20 18:39:22.898 12285 12285 E ArmVmp : Match on catch block at 0xc3 in for 0xa1
03-20 18:39:22.901 12285 12285 E ArmVmp : Match on catch block at 0xc3 in for 0xa5
03-20 18:39:22.903 12285 12285 E ArmVmp : Match on catch block at 0xc3 in for 0xa5
03-20 18:39:22.914 12285 12285 E ArmVmp : Match on catch block at 0xc3 in for 0xa9
03-20 18:39:22.918 12285 12285 E ArmVmp : Match on catch block at 0xc3 in for 0xa1
03-20 18:39:22.921 12285 12285 E ArmVmp : Match on catch block at 0xc3 in for 0xa1
03-20 18:39:22.930 12285 12285 E ArmVmp : Match on catch block at 0xc3 in for 0xa5
03-20 18:39:22.934 12285 12285 E ArmVmp : Match on catch block at 0xc3 in for 0xa9
03-20 18:39:22.936 12285 12285 E ArmVmp : Match on catch block at 0xc3 in for 0xa9
03-20 18:39:22.948 12285 12285 E ArmVmp : Match on catch block at 0xc3 in for 0xa1
03-20 18:39:22.952 12285 12285 E ArmVmp : Match on catch block at 0xc3 in for 0xa5
03-20 18:39:22.955 12285 12285 E ArmVmp : Match on catch block at 0xc3 in for 0xa5
03-20 18:39:22.964 12285 12285 E ArmVmp : Match on catch block at 0xc3 in for 0xa9
03-20 18:39:22.968 12285 12285 E ArmVmp : Match on catch block at 0xc3 in for 0xa1
03-20 18:39:22.970 12285 12285 E ArmVmp : Match on catch block at 0xc3 in for 0xa1
03-20 18:39:22.981 12285 12285 E ArmVmp : Match on catch block at 0xc3 in for 0xa5
03-20 18:39:22.986 12285 12285 E ArmVmp : Match on catch block at 0xc3 in for 0xa9
03-20 18:39:22.988 12285 12285 E ArmVmp : Match on catch block at 0xc3 in for 0xa9
03-20 18:39:22.998 12285 12285 E ArmVmp : Match on catch block at 0xc3 in for 0xa1
03-20 18:39:23.002 12285 12285 E ArmVmp : Match on catch block at 0xc3 in for 0xa5
03-20 18:39:23.006 12285 12285 E ArmVmp : Match on catch block at 0xc3 in for 0xa5
03-20 18:39:23.013 12285 12285 E ArmVmp : Match on catch block at 0xc3 in for 0xa9
03-20 18:39:23.017 12285 12285 E ArmVmp : Match on catch block at 0xc3 in for 0xa1
03-20 18:39:23.020 12285 12285 E ArmVmp : Match on catch block at 0xc3 in for 0xa1
03-20 18:39:23.030 12285 12285 E ArmVmp : Match on catch block at 0xc3 in for 0xa5
03-20 18:39:23.033 12285 12285 E ArmVmp : Match on catch block at 0xc3 in for 0xa9
03-20 18:39:23.035 12285 12285 E ArmVmp : Match on catch block at 0xc3 in for 0xa9
03-20 18:39:23.048 12285 12285 E ArmVmp : Match on catch block at 0xc3 in for 0xa1
03-20 18:39:23.052 12285 12285 E ArmVmp : Match on catch block at 0xc3 in for 0xa5
03-20 18:39:23.056 12285 12285 E ArmVmp : Match on catch block at 0xc3 in for 0xa5
03-20 18:39:23.063 12285 12285 E ArmVmp : Match on catch block at 0xc3 in for 0xa9
03-20 18:39:23.067 12285 12285 E ArmVmp : Match on catch block at 0xc3 in for 0xa1
03-20 18:39:23.071 12285 12285 E ArmVmp : Match on catch block at 0xc3 in for 0xa1
03-20 18:39:23.081 12285 12285 E ArmVmp : Match on catch block at 0xc3 in for 0xa5
03-20 18:39:23.084 12285 12285 E ArmVmp : Match on catch block at 0xc3 in for 0xa9
03-20 18:39:23.086 12285 12285 E ArmVmp : Match on catch block at 0xc3 in for 0xa9
03-20 18:39:23.098 12285 12285 E ArmVmp : Match on catch block at 0xc3 in for 0xa1
03-20 18:39:23.102 12285 12285 E ArmVmp : Match on catch block at 0xc3 in for 0xa5
03-20 18:39:23.105 12285 12285 E ArmVmp : Match on catch block at 0xc3 in for 0xa5
03-20 18:39:23.114 12285 12285 E ArmVmp : Match on catch block at 0xc3 in for 0xa9
03-20 18:39:23.118 12285 12285 E ArmVmp : Match on catch block at 0xc3 in for 0xa1
03-20 18:39:23.122 12285 12285 E ArmVmp : Match on catch block at 0xc3 in for 0xa1
03-20 18:39:23.130 12285 12285 E ArmVmp : Match on catch block at 0xc3 in for 0xa5
03-20 18:39:23.133 12285 12285 E ArmVmp : Match on catch block at 0xc3 in for 0xa9
03-20 18:39:23.136 12285 12285 E ArmVmp : Match on catch block at 0xc3 in for 0xa9
03-20 18:39:23.148 12285 12285 E ArmVmp : Match on catch block at 0xc3 in for 0xa1
03-20 18:39:23.151 12285 12285 E ArmVmp : Match on catch block at 0xc3 in for 0xa5
03-20 18:39:23.154 12285 12285 E ArmVmp : Match on catch block at 0xc3 in for 0xa5
03-20 18:39:23.247 12285 12285 E ArmVmp : Match on catch block at 0xc3 in for 0xa9
03-20 18:39:23.251 12285 12285 E ArmVmp : Match on catch block at 0xc3 in for 0xa1
03-20 18:39:23.254 12285 12285 E ArmVmp : Match on catch block at 0xc3 in for 0xa1
03-20 18:39:23.765 12285 12285 E ArmVmp : Match on catch block at 0xc3 in for 0xa5
03-20 18:39:23.769 12285 12285 E ArmVmp : Match on catch block at 0xc3 in for 0xa9
03-20 18:39:23.773 12285 12285 E ArmVmp : Match on catch block at 0xc3 in for 0xa9
03-20 18:39:24.182 12285 12285 E ArmVmp : Match on catch block at 0xc3 in for 0xa1
03-20 18:39:24.186 12285 12285 E ArmVmp : Match on catch block at 0xc3 in for 0xa5
03-20 18:39:24.190 12285 12285 E ArmVmp : Match on catch block at 0xc3 in for 0xa5
03-20 18:39:24.198 12285 12285 E ArmVmp : Match on catch block at 0xc3 in for 0xa9
03-20 18:39:24.202 12285 12285 E ArmVmp : Match on catch block at 0xc3 in for 0xa1
03-20 18:39:24.205 12285 12285 E ArmVmp : Match on catch block at 0xc3 in for 0xa1
03-20 18:39:24.214 12285 12285 E ArmVmp : Match on catch block at 0xc3 in for 0xa5
03-20 18:39:24.218 12285 12285 E ArmVmp : Match on catch block at 0xc3 in for 0xa9
03-20 18:39:24.220 12285 12285 E ArmVmp : Match on catch block at 0xc3 in for 0xa9
03-20 18:39:24.231 12285 12285 E ArmVmp : Match on catch block at 0xc3 in for 0xa1
03-20 18:39:24.236 12285 12285 E ArmVmp : Match on catch block at 0xc3 in for 0xa5
03-20 18:39:24.238 12285 12285 E ArmVmp : Match on catch block at 0xc3 in for 0xa5
03-20 18:39:24.248 12285 12285 E ArmVmp : Match on catch block at 0xc3 in for 0xa9
03-20 18:39:24.251 12285 12285 E ArmVmp : Match on catch block at 0xc3 in for 0xa1
03-20 18:39:24.254 12285 12285 E ArmVmp : Match on catch block at 0xc3 in for 0xa1
03-20 18:39:24.264 12285 12285 E ArmVmp : Match on catch block at 0xc3 in for 0xa5
03-20 18:39:24.268 12285 12285 E ArmVmp : Match on catch block at 0xc3 in for 0xa9
03-20 18:39:24.270 12285 12285 E ArmVmp : Match on catch block at 0xc3 in for 0xa9
03-20 18:39:24.281 12285 12285 E ArmVmp : Match on catch block at 0xc3 in for 0xa1
03-20 18:39:24.285 12285 12285 E ArmVmp : Match on catch block at 0xc3 in for 0xa5
03-20 18:39:24.289 12285 12285 E ArmVmp : Match on catch block at 0xc3 in for 0xa5
03-20 18:39:24.298 12285 12285 E ArmVmp : Match on catch block at 0xc3 in for 0xa9
03-20 18:39:24.301 12285 12285 E ArmVmp : Match on catch block at 0xc3 in for 0xa1
03-20 18:39:24.303 12285 12285 E ArmVmp : Match on catch block at 0xc3 in for 0xa1
03-20 18:39:24.314 12285 12285 E ArmVmp : Match on catch block at 0xc3 in for 0xa5
03-20 18:39:24.317 12285 12285 E ArmVmp : Match on catch block at 0xc3 in for 0xa9
03-20 18:39:24.320 12285 12285 E ArmVmp : Match on catch block at 0xc3 in for 0xa9
03-20 18:39:24.331 12285 12285 E ArmVmp : Match on catch block at 0xc3 in for 0xa1
03-20 18:39:24.335 12285 12285 E ArmVmp : Match on catch block at 0xc3 in for 0xa5
03-20 18:39:24.338 12285 12285 E ArmVmp : Match on catch block at 0xc3 in for 0xa5
03-20 18:39:24.348 12285 12285 E ArmVmp : Match on catch block at 0xc3 in for 0xa9
03-20 18:39:24.352 12285 12285 E ArmVmp : Match on catch block at 0xc3 in for 0xa1
03-20 18:39:24.353 12285 12285 E ArmVmp : Match on catch block at 0xc3 in for 0xa1
03-20 18:39:24.365 12285 12285 E ArmVmp : Match on catch block at 0xc3 in for 0xa5
03-20 18:39:24.369 12285 12285 E ArmVmp : Match on catch block at 0xc3 in for 0xa9
03-20 18:39:24.372 12285 12285 E ArmVmp : Match on catch block at 0xc3 in for 0xa9
03-20 18:39:24.381 12285 12285 E ArmVmp : Match on catch block at 0xc3 in for 0xa1
03-20 18:39:24.385 12285 12285 E ArmVmp : Match on catch block at 0xc3 in for 0xa5
03-20 18:39:24.388 12285 12285 E ArmVmp : Match on catch block at 0xc3 in for 0xa5
03-20 18:39:24.397 12285 12285 E ArmVmp : Match on catch block at 0xc3 in for 0xa9
03-20 18:39:24.400 12285 12285 E ArmVmp : Match on catch block at 0xc3 in for 0xa1
03-20 18:39:24.402 12285 12285 E ArmVmp : Match on catch block at 0xc3 in for 0xa1
03-20 18:39:24.415 12285 12285 E ArmVmp : Match on catch block at 0xc3 in for 0xa5
03-20 18:39:24.418 12285 12285 E ArmVmp : Match on catch block at 0xc3 in for 0xa9
03-20 18:39:24.422 12285 12285 E ArmVmp : Match on catch block at 0xc3 in for 0xa9
03-20 18:39:24.431 12285 12285 E ArmVmp : Match on catch block at 0xc3 in for 0xa1
03-20 18:39:24.436 12285 12285 E ArmVmp : Match on catch block at 0xc3 in for 0xa5
03-20 18:39:24.439 12285 12285 E ArmVmp : Match on catch block at 0xc3 in for 0xa5
03-20 18:39:24.714 12285 12285 E ArmVmp : Match on catch block at 0xc3 in for 0xa9
03-20 18:39:24.717 12285 12285 E ArmVmp : Match on catch block at 0xc3 in for 0xa1
03-20 18:39:24.721 12285 12285 E ArmVmp : Match on catch block at 0xc3 in for 0xa1
03-20 18:39:24.759 12285 12285 E GraphicExt:
GraphicExtModuleLoader::CreateGraphicExtInstance false
03-20 18:39:24.876 12285 12285 E ArmVmp : Match on catch block at 0xc3 in for 0xa5
03-20 18:39:24.880 12285 12285 E ArmVmp : Match on catch block at 0xc3 in for 0xa9
03-20 18:39:24.883 12285 12285 E ArmVmp : Match on catch block at 0xc3 in for 0xa9
03-20 18:39:24.919 12285 12285 E ArmVmp : Match on catch block at 0xc3 in for 0xa1
03-20 18:39:24.922 12285 12285 E ArmVmp : Match on catch block at 0xc3 in for 0xa5
03-20 18:39:24.924 12285 12285 E ArmVmp : Match on catch block at 0xc3 in for 0xa5
03-20 18:39:25.753 12285 12285 W ActivityThread: handleWindowVisibility: no
activity for token android.os.BinderProxy@b16b3b
03-20 18:39:25.900 12285 12285 E ArmVmp : Match on catch block at 0x0a in for 0xc9
03-20 18:39:25.903 12285 13323 W System : ClassLoader referenced unknown path:
system/framework/mediatek-cta.jar
03-20 18:39:25.903 12285 12285 E ArmVmp : Match on catch block at 0x0a in for 0xc5
03-20 18:39:25.954 12285 12285 E GraphicExt:
GraphicExtModuleLoader::CreateGraphicExtInstance false
03-20 18:39:26.004 12285 13323 W System : ClassLoader referenced unknown path:
system/framework/mediatek-cta.jar
03-20 18:39:26.104 12285 15841 W System : ClassLoader referenced unknown path:
system/framework/mediatek-cta.jar
03-20 18:39:26.107 12285 15841 W System : ClassLoader referenced unknown path:
system/framework/mediatek-cta.jar
03-20 18:39:26.108 12285 15841 W System : ClassLoader referenced unknown path:
system/framework/mediatek-cta.jar
03-20 18:39:26.134 12285 12285 E ArmVmp : Match on catch block at 0xc3 in for 0xb1
03-20 18:39:26.143 12285 12285 E ArmVmp : Match on catch block at 0xc3 in for 0xb1
03-20 18:39:26.158 12285 12285 W StickerImageFil: type=1400 audit(0.0:53377): avc:
granted { execute } for
path="/data/data/com.whatsapp/files/decompressed/libs.spk.zst/libstatic-webp.so"
dev="sdc46" ino=1712172 scontext=u:r:untrusted_app:s0:c123,c259,c512,c768
tcontext=u:object_r:app_data_file:s0:c123,c259,c512,c768 tclass=file
03-20 18:39:26.260 12285 12285 E ArmVmp : Match on catch block at 0xc3 in for 0xa9
03-20 18:39:26.263 12285 12285 E ArmVmp : Match on catch block at 0xc3 in for 0xa1
03-20 18:39:26.276 12285 12285 W Looper : Slow Looper main: doFrame is 304ms late
because of 11 msg, msg 1 took 300ms (seq=63903 late=6ms
h=android.view.Choreographer$FrameHandler
c=android.view.Choreographer$FrameDisplayEventReceiver)
03-20 18:39:26.265 12285 12285 E ArmVmp : Match on catch block at 0xc3 in for 0xa1
03-20 18:39:26.292 12285 12285 E ArmVmp : Match on catch block at 0xc3 in for 0xa1
03-20 18:39:26.295 12285 12285 E ArmVmp : Match on catch block at 0xc3 in for 0xa5
03-20 18:39:26.297 12285 12285 E ArmVmp : Match on catch block at 0xc3 in for 0xa5
03-20 18:39:26.319 12285 12285 E ArmVmp : Match on catch block at 0xc3 in for 0xa9
03-20 18:39:26.323 12285 12285 E ArmVmp : Match on catch block at 0xc3 in for 0xa1
03-20 18:39:26.325 12285 12285 E ArmVmp : Match on catch block at 0xc3 in for 0xa1
03-20 18:39:26.347 12285 12285 E ArmVmp : Match on catch block at 0xc3 in for 0xa5
03-20 18:39:26.350 12285 12285 E ArmVmp : Match on catch block at 0xc3 in for 0xa9
03-20 18:39:26.352 12285 12285 E ArmVmp : Match on catch block at 0xc3 in for 0xa9
03-20 18:39:26.398 12285 12285 E ArmVmp : Match on catch block at 0xc3 in for 0xa9
03-20 18:39:26.402 12285 12285 E ArmVmp : Match on catch block at 0xc3 in for 0xa1
03-20 18:39:26.406 12285 12285 E ArmVmp : Match on catch block at 0xc3 in for 0xa1
03-20 18:39:26.448 12285 12285 E ArmVmp : Match on catch block at 0xc3 in for 0xa5
03-20 18:39:26.453 12285 12285 E ArmVmp : Match on catch block at 0xc3 in for 0xa9
03-20 18:39:26.456 12285 12285 E ArmVmp : Match on catch block at 0xc3 in for 0xa9
03-20 18:39:26.498 12285 12285 E ArmVmp : Match on catch block at 0xc3 in for 0xa1
03-20 18:39:26.503 12285 12285 E ArmVmp : Match on catch block at 0xc3 in for 0xa5
03-20 18:39:26.506 12285 12285 E ArmVmp : Match on catch block at 0xc3 in for 0xa5
03-20 18:39:26.549 12285 12285 E ArmVmp : Match on catch block at 0xc3 in for 0xa9
03-20 18:39:26.553 12285 12285 E ArmVmp : Match on catch block at 0xc3 in for 0xa1
03-20 18:39:26.557 12285 12285 E ArmVmp : Match on catch block at 0xc3 in for 0xa1
03-20 18:39:26.599 12285 12285 E ArmVmp : Match on catch block at 0xc3 in for 0xa9
03-20 18:39:26.604 12285 12285 E ArmVmp : Match on catch block at 0xc3 in for 0xa1
03-20 18:39:26.607 12285 12285 E ArmVmp : Match on catch block at 0xc3 in for 0xa1
03-20 18:39:26.648 12285 12285 E ArmVmp : Match on catch block at 0xc3 in for 0xa5
03-20 18:39:26.653 12285 12285 E ArmVmp : Match on catch block at 0xc3 in for 0xa9
03-20 18:39:26.698 12285 12285 E ArmVmp : Match on catch block at 0xc3 in for 0xa9
03-20 18:39:26.703 12285 12285 E ArmVmp : Match on catch block at 0xc3 in for 0xa1
03-20 18:39:26.706 12285 12285 E ArmVmp : Match on catch block at 0xc3 in for 0xa1
03-20 18:39:26.749 12285 12285 E ArmVmp : Match on catch block at 0xc3 in for 0xa5
03-20 18:39:26.754 12285 12285 E ArmVmp : Match on catch block at 0xc3 in for 0xa9
03-20 18:39:26.766 12285 12285 E ArmVmp : Match on catch block at 0xc3 in for 0xa9
03-20 18:39:26.771 12285 12285 E ArmVmp : Match on catch block at 0xc3 in for 0xa1
03-20 18:39:26.775 12285 12285 E ArmVmp : Match on catch block at 0xc3 in for 0xa1
03-20 18:39:26.782 12285 12285 E ArmVmp : Match on catch block at 0xc3 in for 0xa5
03-20 18:39:26.786 12285 12285 E ArmVmp : Match on catch block at 0xc3 in for 0xa9
03-20 18:39:26.790 12285 12285 E ArmVmp : Match on catch block at 0xc3 in for 0xa9
03-20 18:39:26.798 12285 12285 E ArmVmp : Match on catch block at 0xc3 in for 0xa1
03-20 18:39:26.801 12285 12285 E ArmVmp : Match on catch block at 0xc3 in for 0xa5
03-20 18:39:26.804 12285 12285 E ArmVmp : Match on catch block at 0xc3 in for 0xa5
03-20 18:39:26.814 12285 12285 E ArmVmp : Match on catch block at 0xc3 in for 0xa9
03-20 18:39:26.819 12285 12285 E ArmVmp : Match on catch block at 0xc3 in for 0xa1
03-20 18:39:26.823 12285 12285 E ArmVmp : Match on catch block at 0xc3 in for 0xa1
03-20 18:39:26.832 12285 12285 E ArmVmp : Match on catch block at 0xc3 in for 0xa5
03-20 18:39:26.837 12285 12285 E ArmVmp : Match on catch block at 0xc3 in for 0xa9
03-20 18:39:26.839 12285 12285 E ArmVmp : Match on catch block at 0xc3 in for 0xa9
03-20 18:39:26.848 12285 12285 E ArmVmp : Match on catch block at 0xc3 in for 0xa1
03-20 18:39:26.853 12285 12285 E ArmVmp : Match on catch block at 0xc3 in for 0xa5
03-20 18:39:26.856 12285 12285 E ArmVmp : Match on catch block at 0xc3 in for 0xa5
03-20 18:39:26.865 12285 12285 E ArmVmp : Match on catch block at 0xc3 in for 0xa9
03-20 18:39:26.870 12285 12285 E ArmVmp : Match on catch block at 0xc3 in for 0xa1
03-20 18:39:26.873 12285 12285 E ArmVmp : Match on catch block at 0xc3 in for 0xa1
03-20 18:39:26.883 12285 12285 E ArmVmp : Match on catch block at 0xc3 in for 0xa9
03-20 18:39:26.888 12285 12285 E ArmVmp : Match on catch block at 0xc3 in for 0xa1
03-20 18:39:26.891 12285 12285 E ArmVmp : Match on catch block at 0xc3 in for 0xa1
03-20 18:39:26.902 12285 12285 E ArmVmp : Match on catch block at 0xc3 in for 0xa1
03-20 18:39:26.906 12285 12285 E ArmVmp : Match on catch block at 0xc3 in for 0xa5
03-20 18:39:26.907 12285 12285 E ArmVmp : Match on catch block at 0xc3 in for 0xa5
03-20 18:39:26.918 12285 12285 E ArmVmp : Match on catch block at 0xc3 in for 0xa9
03-20 18:39:26.921 12285 12285 E ArmVmp : Match on catch block at 0xc3 in for 0xa1
03-20 18:39:26.923 12285 12285 E ArmVmp : Match on catch block at 0xc3 in for 0xa1
03-20 18:39:26.946 12285 12285 E ArmVmp : Match on catch block at 0xc3 in for 0xa5
03-20 18:39:26.949 12285 12285 E ArmVmp : Match on catch block at 0xc3 in for 0xa9
03-20 18:39:26.951 12285 12285 E ArmVmp : Match on catch block at 0xc3 in for 0xa9
03-20 18:39:26.964 12285 12285 E GraphicExt:
GraphicExtModuleLoader::CreateGraphicExtInstance false
03-20 18:39:27.048 12285 12285 E ArmVmp : Match on catch block at 0xc3 in for 0xa9
03-20 18:39:27.052 12285 12285 E ArmVmp : Match on catch block at 0xc3 in for 0xa1
03-20 18:39:27.054 12285 12285 E ArmVmp : Match on catch block at 0xc3 in for 0xa1
03-20 18:39:27.080 12285 12285 E ArmVmp : Match on catch block at 0xc3 in for 0xa1
03-20 18:39:27.083 12285 12285 E ArmVmp : Match on catch block at 0xc3 in for 0xa5
03-20 18:39:27.085 12285 12285 E ArmVmp : Match on catch block at 0xc3 in for 0xa5
03-20 18:39:27.118 12285 12285 E ArmVmp : Match on catch block at 0xc3 in for 0xa9
03-20 18:39:27.120 12285 12285 E ArmVmp : Match on catch block at 0xc3 in for 0xa1
03-20 18:39:27.122 12285 12285 E ArmVmp : Match on catch block at 0xc3 in for 0xa1
03-20 18:39:28.117 12285 12285 W ActivityThread: handleWindowVisibility: no
activity for token android.os.BinderProxy@e29b44f
03-20 18:39:28.263 12285 12285 E ArmVmp : Match on catch block at 0x0a in for 0xc9
03-20 18:39:28.264 12285 13323 W System : ClassLoader referenced unknown path:
system/framework/mediatek-cta.jar
03-20 18:39:28.265 12285 12285 E ArmVmp : Match on catch block at 0x0a in for 0xc5
03-20 18:39:28.320 12285 12285 E GraphicExt:
GraphicExtModuleLoader::CreateGraphicExtInstance false
03-20 18:39:28.360 12285 13323 W System : ClassLoader referenced unknown path:
system/framework/mediatek-cta.jar
03-20 18:39:28.483 12285 12285 W View : requestLayout() improperly called by
X.4rh{e1f58e1 V.E....L. ......ID 0,727-1080,1533} during layout: running second
layout pass
03-20 18:39:28.483 12285 12285 W View : requestLayout() improperly called by
android.widget.LinearLayout{f739606 V.E...... ......ID 40,14-818,792 #7f0b0e50
app:id/main_layout} during layout: running second layout pass
03-20 18:39:28.483 12285 12285 W View : requestLayout() improperly called by
com.whatsapp.WaImageView{a90e4c7 VFED..CL. ......ID 0,0-372,372 #7f0b19fb
app:id/thumb} during layout: running second layout pass
03-20 18:39:28.483 12285 12285 W View : requestLayout() improperly called by
com.whatsapp.WaImageView{e503af4 VFED..CL. ......ID 0,0-372,372 #7f0b19fb
app:id/thumb} during layout: running second layout pass
03-20 18:39:28.483 12285 12285 W View : requestLayout() improperly called by
com.whatsapp.WaImageView{6d7a21d VFED..CL. ......ID 0,0-372,372 #7f0b19fb
app:id/thumb} during layout: running second layout pass
03-20 18:39:28.483 12285 12285 W View : requestLayout() improperly called by
com.whatsapp.WaImageView{ca30c92 VFED..CL. ......ID 0,0-372,372 #7f0b19fb
app:id/thumb} during layout: running second layout pass
03-20 18:39:28.489 12285 12285 E ArmVmp : Match on catch block at 0xc3 in for 0xb9
03-20 18:39:28.495 12285 12285 E ArmVmp : Match on catch block at 0xc3 in for 0xb9
03-20 18:39:28.536 12285 12285 E ArmVmp : Match on catch block at 0xc3 in for 0xa5
03-20 18:39:28.539 12285 12285 E ArmVmp : Match on catch block at 0xc3 in for 0xa9
03-20 18:39:28.541 12285 12285 E ArmVmp : Match on catch block at 0xc3 in for 0xa9
03-20 18:39:28.567 12285 12285 W View : requestLayout() improperly called by
X.4rh{e1f58e1 V.E....L. ......ID 0,727-1080,1533} during second layout pass:
posting in next frame
03-20 18:39:28.567 12285 12285 W View : requestLayout() improperly called by
android.widget.LinearLayout{f739606 V.E...... ........ 40,14-818,792 #7f0b0e50
app:id/main_layout} during second layout pass: posting in next frame
03-20 18:39:28.582 12285 12285 E ArmVmp : Match on catch block at 0xc3 in for 0xa1
03-20 18:39:28.585 12285 12285 E ArmVmp : Match on catch block at 0xc3 in for 0xa5
03-20 18:39:28.588 12285 12285 E ArmVmp : Match on catch block at 0xc3 in for 0xa5
03-20 18:39:28.613 12285 12285 E ArmVmp : Match on catch block at 0xc3 in for 0xa9
03-20 18:39:28.616 12285 12285 E ArmVmp : Match on catch block at 0xc3 in for 0xa1
03-20 18:39:28.618 12285 12285 E ArmVmp : Match on catch block at 0xc3 in for 0xa1
03-20 18:39:28.625 12285 12285 E ArmVmp : Match on catch block at 0xc3 in for 0xa5
03-20 18:39:28.628 12285 12285 E ArmVmp : Match on catch block at 0xc3 in for 0xa9
03-20 18:39:28.631 12285 12285 E ArmVmp : Match on catch block at 0xc3 in for 0xa9
03-20 18:39:28.865 12285 12285 E ArmVmp : Match on catch block at 0xc3 in for 0xa1
03-20 18:39:28.869 12285 12285 E ArmVmp : Match on catch block at 0xc3 in for 0xa5
03-20 18:39:28.873 12285 12285 E ArmVmp : Match on catch block at 0xc3 in for 0xa5
03-20 18:39:28.935 12285 12285 E GraphicExt:
GraphicExtModuleLoader::CreateGraphicExtInstance false
03-20 18:39:29.079 12285 12285 E ArmVmp : Match on catch block at 0xc3 in for 0xa1
03-20 18:39:29.083 12285 12285 E ArmVmp : Match on catch block at 0xc3 in for 0xa5
03-20 18:39:29.085 12285 12285 E ArmVmp : Match on catch block at 0xc3 in for 0xa5
03-20 18:39:29.128 12285 12285 E ArmVmp : Match on catch block at 0xc3 in for 0xa5
03-20 18:39:29.131 12285 12285 E ArmVmp : Match on catch block at 0xc3 in for 0xa9
03-20 18:39:29.133 12285 12285 E ArmVmp : Match on catch block at 0xc3 in for 0xa9
03-20 18:39:29.288 12285 12285 E GraphicExt:
GraphicExtModuleLoader::CreateGraphicExtInstance false
03-20 18:39:29.546 12285 12285 W ActivityThread: handleWindowVisibility: no
activity for token android.os.BinderProxy@bc48010
03-20 18:39:29.694 12285 12285 E ArmVmp : Match on catch block at 0x0a in for 0xc5
03-20 18:39:29.696 12285 13323 W System : ClassLoader referenced unknown path:
system/framework/mediatek-cta.jar
03-20 18:39:29.697 12285 12285 E ArmVmp : Match on catch block at 0x0a in for 0xc1
03-20 18:39:29.752 12285 12285 E GraphicExt:
GraphicExtModuleLoader::CreateGraphicExtInstance false
03-20 18:39:29.849 12285 13323 W System : ClassLoader referenced unknown path:
system/framework/mediatek-cta.jar
03-20 18:39:29.900 12285 12285 E ArmVmp : Match on catch block at 0xc3 in for 0xb9
03-20 18:39:29.905 12285 12285 E ArmVmp : Match on catch block at 0xc3 in for 0xb9
03-20 18:39:29.908 12285 12285 E ArmVmp : Match on catch block at 0xc3 in for 0xb9
03-20 18:39:29.966 12285 12285 E ArmVmp : Match on catch block at 0xc3 in for 0xa5
03-20 18:39:29.970 12285 12285 E ArmVmp : Match on catch block at 0xc3 in for 0xa9
03-20 18:39:29.972 12285 12285 E ArmVmp : Match on catch block at 0xc3 in for 0xa9
03-20 18:39:30.043 12285 12285 E ArmVmp : Match on catch block at 0xc3 in for 0xa9
03-20 18:39:30.047 12285 12285 E ArmVmp : Match on catch block at 0xc3 in for 0xa1
03-20 18:39:30.050 12285 12285 E ArmVmp : Match on catch block at 0xc3 in for 0xa1
03-20 18:39:30.077 12285 12285 E ArmVmp : Match on catch block at 0xc3 in for 0xa5
03-20 18:39:30.081 12285 12285 E ArmVmp : Match on catch block at 0xc3 in for 0xa9
03-20 18:39:30.083 12285 12285 E ArmVmp : Match on catch block at 0xc3 in for 0xa9
03-20 18:39:30.120 12285 12285 E ArmVmp : Match on catch block at 0xc3 in for 0xa1
03-20 18:39:30.124 12285 12285 E ArmVmp : Match on catch block at 0xc3 in for 0xa5
03-20 18:39:30.126 12285 12285 E ArmVmp : Match on catch block at 0xc3 in for 0xa5
03-20 18:39:30.239 12285 12285 E ArmVmp : Match on catch block at 0xc3 in for 0xa1
03-20 18:39:30.243 12285 12285 E ArmVmp : Match on catch block at 0xc3 in for 0xa5
03-20 18:39:30.245 12285 12285 E ArmVmp : Match on catch block at 0xc3 in for 0xa5
03-20 18:39:30.315 12285 12285 E ArmVmp : Match on catch block at 0xc3 in for 0xa1
03-20 18:39:30.319 12285 12285 E ArmVmp : Match on catch block at 0xc3 in for 0xa5
03-20 18:39:30.323 12285 12285 E ArmVmp : Match on catch block at 0xc3 in for 0xa5
03-20 18:39:30.428 12285 12285 E GraphicExt:
GraphicExtModuleLoader::CreateGraphicExtInstance false
03-20 18:39:30.464 12285 12285 E ArmVmp : Match on catch block at 0xc3 in for 0xa5
03-20 18:39:30.468 12285 12285 E ArmVmp : Match on catch block at 0xc3 in for 0xa9
03-20 18:39:30.470 12285 12285 E ArmVmp : Match on catch block at 0xc3 in for 0xa9
03-20 18:39:30.693 12285 12285 E ArmVmp : Match on catch block at 0xc3 in for 0xa1
03-20 18:39:30.696 12285 12285 E ArmVmp : Match on catch block at 0xc3 in for 0xa5
03-20 18:39:30.699 12285 12285 E ArmVmp : Match on catch block at 0xc3 in for 0xa5
03-20 18:39:31.300 12285 12285 E GraphicExt:
GraphicExtModuleLoader::CreateGraphicExtInstance false
03-20 18:39:35.040 12285 15861 W System : ClassLoader referenced unknown path:
system/framework/mediatek-cta.jar
03-20 18:39:35.474 12285 12285 W ActivityThread: handleWindowVisibility: no
activity for token android.os.BinderProxy@df7f847
03-20 18:39:35.477 12285 12408 E SQLiteDatabase: Error inserting transferred=0
media_job_uuid=db487f1f-03ac-4164-94de-025fd4be358d transcoded=0 gif_attribution=0
first_scan_length=0 direct_path=/v/t62.7161-
24/380032934_373015095705279_4834044397537084002_n.enc?ccb=11-
4&oh=01_AdTa80DRS4Xvq6DaAn_RJN5oy4-PTgmEChU4Ck4FhVQSWw&oe=6622CA04&_nc_sid=5e03e0
thumbnail_height_width_ratio=1.7777778 is_animated_sticker=0
file_hash=VqKHnrYwJDCIGfCA6IEwG6V30/OSsouNZFNRmIgZQKs= file_path=null file_size=0
partial_media_hash=null face_x=0 face_y=0 height=640 trim_to=0
media_key_timestamp=1710966479000 message_url=https://mmg.whatsapp.net/v/t62.7161-
24/380032934_373015095705279_4834044397537084002_n.enc?ccb=11-
4&oh=01_AdTa80DRS4Xvq6DaAn_RJN5oy4-
PTgmEChU4Ck4FhVQSWw&oe=6622CA04&_nc_sid=5e03e0&mms3=true media_caption=null
trim_from=0 mime_type=video/mp4 partial_media_enc_hash=null width=360
original_file_hash=null has_streaming_sidecar=1 autotransfer_retry_enabled=0
media_upload_handle=null message_row_id=237227 multicast_id=null
enc_file_hash=b5ZMctOUOahpFRq6IfBTnfqhWYMyc0EX4Zmgp/S3UkQ= mute_video=0
page_count=0 first_scan_sidecar=null suspicious_content=0 file_length=1894758
media_name=null media_duration=13 chat_row_id=1 media_key=[B@9a5a93f
03-20 18:39:35.477 12285 12408 E SQLiteDatabase:
android.database.sqlite.SQLiteConstraintException: UNIQUE constraint failed:
message_media.message_row_id (code 1555 SQLITE_CONSTRAINT_PRIMARYKEY)
03-20 18:39:35.477 12285 12408 E SQLiteDatabase: at
android.database.sqlite.SQLiteConnection.nativeExecuteForLastInsertedRowId(Native
Method)
03-20 18:39:35.477 12285 12408 E SQLiteDatabase: at
android.database.sqlite.SQLiteConnection.executeForLastInsertedRowId(SQLiteConnecti
on.java:879)
03-20 18:39:35.477 12285 12408 E SQLiteDatabase: at
android.database.sqlite.SQLiteSession.executeForLastInsertedRowId(SQLiteSession.jav
a:790)
03-20 18:39:35.477 12285 12408 E SQLiteDatabase: at
android.database.sqlite.SQLiteStatement.executeInsert(SQLiteStatement.java:88)
03-20 18:39:35.477 12285 12408 E SQLiteDatabase: at
android.database.sqlite.SQLiteDatabase.insertWithOnConflict(SQLiteDatabase.java:159
9)
03-20 18:39:35.477 12285 12408 E SQLiteDatabase: at
android.database.sqlite.SQLiteDatabase.insert(SQLiteDatabase.java:1468)
03-20 18:39:35.477 12285 12408 E SQLiteDatabase: at X.2tm.A08(Unknown
Source:6)
03-20 18:39:35.477 12285 12408 E SQLiteDatabase: at X.35Y.A07(Unknown
Source:212)
03-20 18:39:35.477 12285 12408 E SQLiteDatabase: at X.3QF.A14(Unknown
Source:470)
03-20 18:39:35.477 12285 12408 E SQLiteDatabase: at X.3gU.run(Unknown
Source:982)
03-20 18:39:35.477 12285 12408 E SQLiteDatabase: at
android.os.Handler.handleCallback(Handler.java:914)
03-20 18:39:35.477 12285 12408 E SQLiteDatabase: at
android.os.Handler.dispatchMessage(Handler.java:100)
03-20 18:39:35.477 12285 12408 E SQLiteDatabase: at
X.0zq.dispatchMessage(Unknown Source:4)
03-20 18:39:35.477 12285 12408 E SQLiteDatabase: at
android.os.Looper.loop(Looper.java:224)
03-20 18:39:35.477 12285 12408 E SQLiteDatabase: at
android.os.HandlerThread.run(HandlerThread.java:67)
03-20 18:39:35.649 12285 12285 E ArmVmp : Match on catch block at 0x0a in for 0xc9
03-20 18:39:35.651 12285 13323 W System : ClassLoader referenced unknown path:
system/framework/mediatek-cta.jar
03-20 18:39:35.651 12285 12285 E ArmVmp : Match on catch block at 0x0a in for 0xc5
03-20 18:39:35.679 12285 12408 E SQLiteDatabase: Error inserting transferred=0
media_job_uuid=db487f1f-03ac-4164-94de-025fd4be358d transcoded=0 gif_attribution=0
first_scan_length=0 direct_path=/v/t62.7161-
24/380032934_373015095705279_4834044397537084002_n.enc?ccb=11-
4&oh=01_AdTa80DRS4Xvq6DaAn_RJN5oy4-PTgmEChU4Ck4FhVQSWw&oe=6622CA04&_nc_sid=5e03e0
thumbnail_height_width_ratio=1.7777778 is_animated_sticker=0
file_hash=VqKHnrYwJDCIGfCA6IEwG6V30/OSsouNZFNRmIgZQKs= file_path=null file_size=0
partial_media_hash=null face_x=0 face_y=0 height=640 trim_to=0
media_key_timestamp=1710966479000 message_url=https://mmg.whatsapp.net/v/t62.7161-
24/380032934_373015095705279_4834044397537084002_n.enc?ccb=11-
4&oh=01_AdTa80DRS4Xvq6DaAn_RJN5oy4-
PTgmEChU4Ck4FhVQSWw&oe=6622CA04&_nc_sid=5e03e0&mms3=true media_caption=null
trim_from=0 mime_type=video/mp4 partial_media_enc_hash=null width=360
original_file_hash=null has_streaming_sidecar=1 autotransfer_retry_enabled=0
media_upload_handle=null message_row_id=237227 multicast_id=null
enc_file_hash=b5ZMctOUOahpFRq6IfBTnfqhWYMyc0EX4Zmgp/S3UkQ= mute_video=0
page_count=0 first_scan_sidecar=null suspicious_content=0 file_length=1894758
media_name=null media_duration=13 chat_row_id=1 media_key=[B@9a5a93f
03-20 18:39:35.679 12285 12408 E SQLiteDatabase:
android.database.sqlite.SQLiteConstraintException: UNIQUE constraint failed:
message_media.message_row_id (code 1555 SQLITE_CONSTRAINT_PRIMARYKEY)
03-20 18:39:35.679 12285 12408 E SQLiteDatabase: at
android.database.sqlite.SQLiteConnection.nativeExecuteForLastInsertedRowId(Native
Method)
03-20 18:39:35.679 12285 12408 E SQLiteDatabase: at
android.database.sqlite.SQLiteConnection.executeForLastInsertedRowId(SQLiteConnecti
on.java:879)
03-20 18:39:35.679 12285 12408 E SQLiteDatabase: at
android.database.sqlite.SQLiteSession.executeForLastInsertedRowId(SQLiteSession.jav
a:790)
03-20 18:39:35.679 12285 12408 E SQLiteDatabase: at
android.database.sqlite.SQLiteStatement.executeInsert(SQLiteStatement.java:88)
03-20 18:39:35.679 12285 12408 E SQLiteDatabase: at
android.database.sqlite.SQLiteDatabase.insertWithOnConflict(SQLiteDatabase.java:159
9)
03-20 18:39:35.679 12285 12408 E SQLiteDatabase: at
android.database.sqlite.SQLiteDatabase.insert(SQLiteDatabase.java:1468)
03-20 18:39:35.679 12285 12408 E SQLiteDatabase: at X.2tm.A08(Unknown
Source:6)
03-20 18:39:35.679 12285 12408 E SQLiteDatabase: at X.35Y.A07(Unknown
Source:212)
03-20 18:39:35.679 12285 12408 E SQLiteDatabase: at X.3QF.A14(Unknown
Source:470)
03-20 18:39:35.679 12285 12408 E SQLiteDatabase: at X.3gU.run(Unknown
Source:982)
03-20 18:39:35.679 12285 12408 E SQLiteDatabase: at
android.os.Handler.handleCallback(Handler.java:914)
03-20 18:39:35.679 12285 12408 E SQLiteDatabase: at
android.os.Handler.dispatchMessage(Handler.java:100)
03-20 18:39:35.679 12285 12408 E SQLiteDatabase: at
X.0zq.dispatchMessage(Unknown Source:4)
03-20 18:39:35.679 12285 12408 E SQLiteDatabase: at
android.os.Looper.loop(Looper.java:224)
03-20 18:39:35.679 12285 12408 E SQLiteDatabase: at
android.os.HandlerThread.run(HandlerThread.java:67)
03-20 18:39:35.707 12285 12285 E GraphicExt:
GraphicExtModuleLoader::CreateGraphicExtInstance false
03-20 18:39:35.750 12285 13323 W System : ClassLoader referenced unknown path:
system/framework/mediatek-cta.jar
03-20 18:39:35.863 12285 12285 E ArmVmp : Match on catch block at 0xc3 in for 0xb9
03-20 18:39:35.867 12285 12285 E ArmVmp : Match on catch block at 0xc3 in for 0xb9
03-20 18:39:35.869 12285 12285 E ArmVmp : Match on catch block at 0xc3 in for 0xb9
03-20 18:39:35.933 12285 12285 E ArmVmp : Match on catch block at 0xc3 in for 0xa1
03-20 18:39:35.936 12285 12285 E ArmVmp : Match on catch block at 0xc3 in for 0xa5
03-20 18:39:35.939 12285 12285 E ArmVmp : Match on catch block at 0xc3 in for 0xa5
03-20 18:39:35.994 12285 12285 E ArmVmp : Match on catch block at 0xc3 in for 0xa5
03-20 18:39:35.998 12285 12285 E ArmVmp : Match on catch block at 0xc3 in for 0xa9
03-20 18:39:36.000 12285 12285 E ArmVmp : Match on catch block at 0xc3 in for 0xa9
03-20 18:39:36.097 12285 12285 E ArmVmp : Match on catch block at 0xc3 in for 0xa1
03-20 18:39:36.100 12285 12285 E ArmVmp : Match on catch block at 0xc3 in for 0xa5
03-20 18:39:36.102 12285 12285 E ArmVmp : Match on catch block at 0xc3 in for 0xa5
03-20 18:39:36.212 12285 12285 E ArmVmp : Match on catch block at 0xc3 in for 0xa5
03-20 18:39:36.216 12285 12285 E ArmVmp : Match on catch block at 0xc3 in for 0xa9
03-20 18:39:36.218 12285 12285 E ArmVmp : Match on catch block at 0xc3 in for 0xa9
03-20 18:39:36.349 12285 12285 E ArmVmp : Match on catch block at 0xc3 in for 0xa9
03-20 18:39:36.352 12285 12285 E ArmVmp : Match on catch block at 0xc3 in for 0xa1
03-20 18:39:36.355 12285 12285 E ArmVmp : Match on catch block at 0xc3 in for 0xa1
03-20 18:39:36.386 12285 12285 E ArmVmp : Match on catch block at 0xc3 in for 0xa1
03-20 18:39:36.389 12285 12285 E ArmVmp : Match on catch block at 0xc3 in for 0xa5
03-20 18:39:36.391 12285 12285 E ArmVmp : Match on catch block at 0xc3 in for 0xa5
03-20 18:39:36.416 12285 12285 E GraphicExt:
GraphicExtModuleLoader::CreateGraphicExtInstance false
03-20 18:39:36.443 12285 12285 E ArmVmp : Match on catch block at 0xc3 in for 0xa9
03-20 18:39:36.446 12285 12285 E ArmVmp : Match on catch block at 0xc3 in for 0xa1
03-20 18:39:36.448 12285 12285 E ArmVmp : Match on catch block at 0xc3 in for 0xa1
03-20 18:39:36.563 12285 12285 E ArmVmp : Match on catch block at 0xc3 in for 0xa1
03-20 18:39:36.566 12285 12285 E ArmVmp : Match on catch block at 0xc3 in for 0xa5
03-20 18:39:36.568 12285 12285 E ArmVmp : Match on catch block at 0xc3 in for 0xa5
03-20 18:39:37.246 12285 12285 E GraphicExt:
GraphicExtModuleLoader::CreateGraphicExtInstance false
03-20 18:39:37.430 12285 12285 W ActivityThread: handleWindowVisibility: no
activity for token android.os.BinderProxy@d322f3
03-20 18:39:37.583 12285 12285 E ArmVmp : Match on catch block at 0x0a in for 0xc5
03-20 18:39:37.585 12285 13323 W System : ClassLoader referenced unknown path:
system/framework/mediatek-cta.jar
03-20 18:39:37.585 12285 12285 E ArmVmp : Match on catch block at 0x0a in for 0xc1
03-20 18:39:37.638 12285 12285 E GraphicExt:
GraphicExtModuleLoader::CreateGraphicExtInstance false
03-20 18:39:37.687 12285 13323 W System : ClassLoader referenced unknown path:
system/framework/mediatek-cta.jar
03-20 18:39:37.767 12285 12285 E ArmVmp : Match on catch block at 0xc3 in for 0xb9
03-20 18:39:37.770 12285 12285 E ArmVmp : Match on catch block at 0xc3 in for 0xb9
03-20 18:39:37.773 12285 12285 E ArmVmp : Match on catch block at 0xc3 in for 0xb9
03-20 18:39:37.813 12285 12285 E ArmVmp : Match on catch block at 0xc3 in for 0xa5
03-20 18:39:37.816 12285 12285 E ArmVmp : Match on catch block at 0xc3 in for 0xa9
03-20 18:39:37.819 12285 12285 E ArmVmp : Match on catch block at 0xc3 in for 0xa9
03-20 18:39:37.877 12285 12285 E ArmVmp : Match on catch block at 0xc3 in for 0xa1
03-20 18:39:37.879 12285 12285 E ArmVmp : Match on catch block at 0xc3 in for 0xa5
03-20 18:39:37.881 12285 12285 E ArmVmp : Match on catch block at 0xc3 in for 0xa5
03-20 18:39:37.913 12285 12285 E ArmVmp : Match on catch block at 0xc3 in for 0xa1
03-20 18:39:37.917 12285 12285 E ArmVmp : Match on catch block at 0xc3 in for 0xa5
03-20 18:39:37.920 12285 12285 E ArmVmp : Match on catch block at 0xc3 in for 0xa5
03-20 18:39:37.944 12285 12285 E ArmVmp : Match on catch block at 0xc3 in for 0xa5
03-20 18:39:37.949 12285 12285 E ArmVmp : Match on catch block at 0xc3 in for 0xa9
03-20 18:39:37.961 12285 12285 E ArmVmp : Match on catch block at 0xc3 in for 0xa9
03-20 18:39:37.964 12285 12285 E ArmVmp : Match on catch block at 0xc3 in for 0xa1
03-20 18:39:37.966 12285 12285 E ArmVmp : Match on catch block at 0xc3 in for 0xa1
03-20 18:39:38.020 12285 12285 E ArmVmp : Match on catch block at 0xc3 in for 0xa1
03-20 18:39:38.024 12285 12285 E ArmVmp : Match on catch block at 0xc3 in for 0xa5
03-20 18:39:38.026 12285 12285 E ArmVmp : Match on catch block at 0xc3 in for 0xa5
03-20 18:39:38.134 12285 12285 E ArmVmp : Match on catch block at 0xc3 in for 0xa1
03-20 18:39:38.139 12285 12285 E ArmVmp : Match on catch block at 0xc3 in for 0xa5
03-20 18:39:38.142 12285 12285 E ArmVmp : Match on catch block at 0xc3 in for 0xa5
03-20 18:39:38.165 12285 12285 E ArmVmp : Match on catch block at 0xc3 in for 0xa1
03-20 18:39:38.168 12285 12285 E ArmVmp : Match on catch block at 0xc3 in for 0xa5
03-20 18:39:38.170 12285 12285 E ArmVmp : Match on catch block at 0xc3 in for 0xa5
03-20 18:39:38.221 12285 12285 E GraphicExt:
GraphicExtModuleLoader::CreateGraphicExtInstance false
03-20 18:39:38.248 12285 12285 E ArmVmp : Match on catch block at 0xc3 in for 0xa1
03-20 18:39:38.251 12285 12285 E ArmVmp : Match on catch block at 0xc3 in for 0xa5
03-20 18:39:38.253 12285 12285 E ArmVmp : Match on catch block at 0xc3 in for 0xa5
03-20 18:39:38.386 12285 12285 E ArmVmp : Match on catch block at 0xc3 in for 0xa1
03-20 18:39:38.390 12285 12285 E ArmVmp : Match on catch block at 0xc3 in for 0xa5
03-20 18:39:38.392 12285 12285 E ArmVmp : Match on catch block at 0xc3 in for 0xa5
03-20 18:39:38.462 12285 12285 E ArmVmp : Match on catch block at 0xc3 in for 0xa5
03-20 18:39:38.466 12285 12285 E ArmVmp : Match on catch block at 0xc3 in for 0xa9
03-20 18:39:38.469 12285 12285 E ArmVmp : Match on catch block at 0xc3 in for 0xa9
03-20 18:39:39.017 12285 12285 W ActivityThread: handleWindowVisibility: no
activity for token android.os.BinderProxy@f33ac28
03-20 18:39:39.171 12285 12285 E ArmVmp : Match on catch block at 0x0a in for 0xc1
03-20 18:39:39.174 12285 13323 W System : ClassLoader referenced unknown path:
system/framework/mediatek-cta.jar
03-20 18:39:39.174 12285 12285 E ArmVmp : Match on catch block at 0x0a in for 0xc9
03-20 18:39:39.228 12285 12285 E GraphicExt:
GraphicExtModuleLoader::CreateGraphicExtInstance false
03-20 18:39:39.281 12285 13323 W System : ClassLoader referenced unknown path:
system/framework/mediatek-cta.jar
