04-10 05:05:49.393 17531 17531 D Surface : lockCanvas
04-10 05:05:49.409 17531 17531 D Surface : lockCanvas
04-10 05:05:49.426 17531 17531 D Surface : lockCanvas
04-10 05:05:49.443 17531 17531 D Surface : lockCanvas
04-10 05:05:49.460 17531 17531 D Surface : lockCanvas
04-10 05:05:49.476 17531 17531 D Surface : lockCanvas
04-10 05:05:49.493 17531 17531 D Surface : lockCanvas
04-10 05:05:49.510 17531 17531 D Surface : lockCanvas
04-10 05:05:49.527 17531 17531 D Surface : lockCanvas
04-10 05:05:49.543 17531 17531 D Surface : lockCanvas
04-10 05:05:49.560 17531 17531 D Surface : lockCanvas
04-10 05:05:49.577 17531 17531 D Surface : lockCanvas
04-10 05:05:49.593 17531 17531 D Surface : lockCanvas
04-10 05:05:49.610 17531 17531 D Surface : lockCanvas
04-10 05:05:49.627 17531 17531 D Surface : lockCanvas
04-10 05:05:49.643 17531 17531 D Surface : lockCanvas
04-10 05:05:49.660 17531 17531 D Surface : lockCanvas
04-10 05:05:49.677 17531 17531 D Surface : lockCanvas
04-10 05:05:49.693 17531 17531 D Surface : lockCanvas
04-10 05:05:49.710 17531 17531 D Surface : lockCanvas
04-10 05:05:49.727 17531 17531 D Surface : lockCanvas
04-10 05:05:49.744 17531 17531 D Surface : lockCanvas
04-10 05:05:49.760 17531 17531 D Surface : lockCanvas
04-10 05:05:49.777 17531 17531 D Surface : lockCanvas
04-10 05:05:49.794 17531 17531 D Surface : lockCanvas
04-10 05:05:49.811 17531 17531 D Surface : lockCanvas
04-10 05:05:49.827 17531 17531 D Surface : lockCanvas
04-10 05:05:49.844 17531 17531 D Surface : lockCanvas
04-10 05:05:49.861 17531 17531 D Surface : lockCanvas
04-10 05:05:49.877 17531 17531 D Surface : lockCanvas
04-10 05:05:49.894 17531 17531 D Surface : lockCanvas
04-10 05:05:49.911 17531 17531 D Surface : lockCanvas
04-10 05:05:49.927 17531 17531 D Surface : lockCanvas
04-10 05:05:49.944 17531 17531 D Surface : lockCanvas
04-10 05:05:49.961 17531 17531 D Surface : lockCanvas
04-10 05:05:49.978 17531 17531 D Surface : lockCanvas
04-10 05:05:49.994 17531 17531 D Surface : lockCanvas
04-10 05:05:50.011 17531 17531 D Surface : lockCanvas
04-10 05:05:50.028 17531 17531 D Surface : lockCanvas
04-10 05:05:50.044 17531 17531 D Surface : lockCanvas
04-10 05:05:50.061 17531 17531 D Surface : lockCanvas
04-10 05:05:50.078 17531 17531 D Surface : lockCanvas
04-10 05:05:50.094 17531 17531 D Surface : lockCanvas
04-10 05:05:50.111 17531 17531 D Surface : lockCanvas
04-10 05:05:50.128 17531 17531 D Surface : lockCanvas
04-10 05:05:50.144 17531 17531 D Surface : lockCanvas
04-10 05:05:50.161 17531 17531 D Surface : lockCanvas
04-10 05:05:50.178 17531 17531 D Surface : lockCanvas
04-10 05:05:50.195 17531 17531 D Surface : lockCanvas
04-10 05:05:50.211 17531 17531 D Surface : lockCanvas
04-10 05:05:50.228 17531 17531 D Surface : lockCanvas
04-10 05:05:50.245 17531 17531 D Surface : lockCanvas
04-10 05:05:50.262 17531 17531 D Surface : lockCanvas
04-10 05:05:50.278 17531 17531 D Surface : lockCanvas
04-10 05:05:50.295 17531 17531 D Surface : lockCanvas
04-10 05:05:50.311 17531 17531 D Surface : lockCanvas
04-10 05:05:50.328 17531 17531 D Surface : lockCanvas
04-10 05:05:50.345 17531 17531 D Surface : lockCanvas
04-10 05:05:50.362 17531 17531 D Surface : lockCanvas
04-10 05:05:50.378 17531 17531 D Surface : lockCanvas
04-10 05:05:50.395 17531 17531 D Surface : lockCanvas
04-10 05:05:50.412 17531 17531 D Surface : lockCanvas
04-10 05:05:50.428 17531 17531 D Surface : lockCanvas
04-10 05:05:50.445 17531 17531 D Surface : lockCanvas
04-10 05:05:50.462 17531 17531 D Surface : lockCanvas
04-10 05:05:50.479 17531 17531 D Surface : lockCanvas
04-10 05:05:50.495 17531 17531 D Surface : lockCanvas
04-10 05:05:50.512 17531 17531 D Surface : lockCanvas
04-10 05:05:50.529 17531 17531 D Surface : lockCanvas
04-10 05:05:50.545 17531 17531 D Surface : lockCanvas
04-10 05:05:50.562 17531 17531 D Surface : lockCanvas
04-10 05:05:50.579 17531 17531 D Surface : lockCanvas
04-10 05:05:50.596 17531 17531 D Surface : lockCanvas
04-10 05:05:50.612 17531 17531 D Surface : lockCanvas
04-10 05:05:50.629 17531 17531 D Surface : lockCanvas
04-10 05:05:50.646 17531 17531 D Surface : lockCanvas
04-10 05:05:50.662 17531 17531 D Surface : lockCanvas
04-10 05:05:50.679 17531 17531 D Surface : lockCanvas
04-10 05:05:50.696 17531 17531 D Surface : lockCanvas
04-10 05:05:50.712 17531 17531 D Surface : lockCanvas
04-10 05:05:50.729 17531 17531 D Surface : lockCanvas
04-10 05:05:50.746 17531 17531 D Surface : lockCanvas
04-10 05:05:50.763 17531 17531 D Surface : lockCanvas
04-10 05:05:50.779 17531 17531 D Surface : lockCanvas
04-10 05:05:50.796 17531 17531 D Surface : lockCanvas
04-10 05:05:50.813 17531 17531 D Surface : lockCanvas
04-10 05:05:50.829 17531 17531 D Surface : lockCanvas
04-10 05:05:50.846 17531 17531 D Surface : lockCanvas
04-10 05:05:50.863 17531 17531 D Surface : lockCanvas
04-10 05:05:50.880 17531 17531 D Surface : lockCanvas
04-10 05:05:50.896 17531 17531 D Surface : lockCanvas
04-10 05:05:50.913 17531 17531 D Surface : lockCanvas
04-10 05:05:50.930 17531 17531 D Surface : lockCanvas
04-10 05:05:50.946 17531 17531 D Surface : lockCanvas
04-10 05:05:50.963 17531 17531 D Surface : lockCanvas
04-10 05:05:50.980 17531 17531 D Surface : lockCanvas
04-10 05:05:50.996 17531 17531 D Surface : lockCanvas
04-10 05:05:51.013 17531 17531 D Surface : lockCanvas
04-10 05:05:51.030 17531 17531 D Surface : lockCanvas
04-10 05:05:51.047 17531 17531 D Surface : lockCanvas
04-10 05:05:51.063 17531 17531 D Surface : lockCanvas
04-10 05:05:51.080 17531 17531 D Surface : lockCanvas
04-10 05:05:51.097 17531 17531 D Surface : lockCanvas
04-10 05:05:51.113 17531 17531 D Surface : lockCanvas
04-10 05:05:51.131 17531 17531 D Surface : lockCanvas
04-10 05:05:51.147 17531 17531 D Surface : lockCanvas
04-10 05:05:51.164 17531 17531 D Surface : lockCanvas
04-10 05:05:51.180 17531 17531 D Surface : lockCanvas
04-10 05:05:51.197 17531 17531 D Surface : lockCanvas
04-10 05:05:51.214 17531 17531 D Surface : lockCanvas
04-10 05:05:51.231 17531 17531 D Surface : lockCanvas
04-10 05:05:51.247 17531 17531 D Surface : lockCanvas
04-10 05:05:51.264 17531 17531 D Surface : lockCanvas
04-10 05:05:51.281 17531 17531 D Surface : lockCanvas
04-10 05:05:51.297 17531 17531 D Surface : lockCanvas
04-10 05:05:51.314 17531 17531 D Surface : lockCanvas
04-10 05:05:51.331 17531 17531 D Surface : lockCanvas
04-10 05:05:51.347 17531 17531 D Surface : lockCanvas
04-10 05:05:51.364 17531 17531 D Surface : lockCanvas
04-10 05:05:51.381 17531 17531 D Surface : lockCanvas
04-10 05:05:51.397 17531 17531 D Surface : lockCanvas
04-10 05:05:51.414 17531 17531 D Surface : lockCanvas
04-10 05:05:51.431 17531 17531 D Surface : lockCanvas
04-10 05:05:51.447 17531 17531 D Surface : lockCanvas
04-10 05:05:51.464 17531 17531 D Surface : lockCanvas
04-10 05:05:51.481 17531 17531 D Surface : lockCanvas
04-10 05:05:51.498 17531 17531 D Surface : lockCanvas
04-10 05:05:51.514 17531 17531 D Surface : lockCanvas
04-10 05:05:51.531 17531 17531 D Surface : lockCanvas
04-10 05:05:51.550 17531 17531 D Surface : lockCanvas
04-10 05:05:51.565 17531 17531 D Surface : lockCanvas
04-10 05:05:51.581 17531 17531 D Surface : lockCanvas
04-10 05:05:51.598 17531 17531 D Surface : lockCanvas
04-10 05:05:51.614 17531 17531 D Surface : lockCanvas
04-10 05:05:51.631 17531 17531 D Surface : lockCanvas
04-10 05:05:51.648 17531 17531 D Surface : lockCanvas
04-10 05:05:51.665 17531 17531 D Surface : lockCanvas
04-10 05:05:51.681 17531 17531 D Surface : lockCanvas
04-10 05:05:51.698 17531 17531 D Surface : lockCanvas
04-10 05:05:51.715 17531 17531 D Surface : lockCanvas
04-10 05:05:51.732 17531 17531 D Surface : lockCanvas
04-10 05:05:51.748 17531 17531 D Surface : lockCanvas
04-10 05:05:51.765 17531 17531 D Surface : lockCanvas
04-10 05:05:51.782 17531 17531 D Surface : lockCanvas
04-10 05:05:51.799 17531 17531 D Surface : lockCanvas
04-10 05:05:51.815 17531 17531 D Surface : lockCanvas
04-10 05:05:51.832 17531 17531 D Surface : lockCanvas
04-10 05:05:51.849 17531 17531 D Surface : lockCanvas
04-10 05:05:51.865 17531 17531 D Surface : lockCanvas
04-10 05:05:51.882 17531 17531 D Surface : lockCanvas
04-10 05:05:51.899 17531 17531 D Surface : lockCanvas
04-10 05:05:51.915 17531 17531 D Surface : lockCanvas
04-10 05:05:51.932 17531 17531 D Surface : lockCanvas
04-10 05:05:51.949 17531 17531 D Surface : lockCanvas
04-10 05:05:51.965 17531 17531 D Surface : lockCanvas
04-10 05:05:51.982 17531 17531 D Surface : lockCanvas
04-10 05:05:51.999 17531 17531 D Surface : lockCanvas
04-10 05:05:52.016 17531 17531 D Surface : lockCanvas
04-10 05:05:52.032 17531 17531 D Surface : lockCanvas
04-10 05:05:52.049 17531 17531 D Surface : lockCanvas
04-10 05:05:52.066 17531 17531 D Surface : lockCanvas
04-10 05:05:52.082 17531 17531 D Surface : lockCanvas
04-10 05:05:52.099 17531 17531 D Surface : lockCanvas
04-10 05:05:52.116 17531 17531 D Surface : lockCanvas
04-10 05:05:52.133 17531 17531 D Surface : lockCanvas
04-10 05:05:52.149 17531 17531 D Surface : lockCanvas
04-10 05:05:52.166 17531 17531 D Surface : lockCanvas
04-10 05:05:52.183 17531 17531 D Surface : lockCanvas
04-10 05:05:52.199 17531 17531 D Surface : lockCanvas
04-10 05:05:52.216 17531 17531 D Surface : lockCanvas
04-10 05:05:52.233 17531 17531 D Surface : lockCanvas
04-10 05:05:52.249 17531 17531 D Surface : lockCanvas
04-10 05:05:52.266 17531 17531 D Surface : lockCanvas
04-10 05:05:52.283 17531 17531 D Surface : lockCanvas
04-10 05:05:52.300 17531 17531 D Surface : lockCanvas
04-10 05:05:52.316 17531 17531 D Surface : lockCanvas
04-10 05:05:52.333 17531 17531 D Surface : lockCanvas
04-10 05:05:52.350 17531 17531 D Surface : lockCanvas
04-10 05:05:52.366 17531 17531 D Surface : lockCanvas
04-10 05:05:52.384 17531 17531 D Surface : lockCanvas
04-10 05:05:52.400 17531 17531 D Surface : lockCanvas
04-10 05:05:52.417 17531 17531 D Surface : lockCanvas
04-10 05:05:52.434 17531 17531 D Surface : lockCanvas
04-10 05:05:52.450 17531 17531 D Surface : lockCanvas
04-10 05:05:52.467 17531 17531 D Surface : lockCanvas
04-10 05:05:52.484 17531 17531 D Surface : lockCanvas
04-10 05:05:52.500 17531 17531 D Surface : lockCanvas
04-10 05:05:52.517 17531 17531 D Surface : lockCanvas
04-10 05:05:52.534 17531 17531 D Surface : lockCanvas
04-10 05:05:52.550 17531 17531 D Surface : lockCanvas
04-10 05:05:52.567 17531 17531 D Surface : lockCanvas
04-10 05:05:52.584 17531 17531 D Surface : lockCanvas
04-10 05:05:52.600 17531 17531 D Surface : lockCanvas
04-10 05:05:52.617 17531 17531 D Surface : lockCanvas
04-10 05:05:52.634 17531 17531 D Surface : lockCanvas
04-10 05:05:52.650 17531 17531 D Surface : lockCanvas
04-10 05:05:52.668 17531 17531 D Surface : lockCanvas
04-10 05:05:52.684 17531 17531 D Surface : lockCanvas
04-10 05:05:52.701 17531 17531 D Surface : lockCanvas
04-10 05:05:52.717 17531 17531 D Surface : lockCanvas
04-10 05:05:52.734 17531 17531 D Surface : lockCanvas
04-10 05:05:52.751 17531 17531 D Surface : lockCanvas
04-10 05:05:52.768 17531 17531 D Surface : lockCanvas
04-10 05:05:52.784 17531 17531 D Surface : lockCanvas
04-10 05:05:52.801 17531 17531 D Surface : lockCanvas
04-10 05:05:52.818 17531 17531 D Surface : lockCanvas
04-10 05:05:52.834 17531 17531 D Surface : lockCanvas
04-10 05:05:52.851 17531 17531 D Surface : lockCanvas
04-10 05:05:52.868 17531 17531 D Surface : lockCanvas
04-10 05:05:52.884 17531 17531 D Surface : lockCanvas
04-10 05:05:52.901 17531 17531 D Surface : lockCanvas
04-10 05:05:52.918 17531 17531 D Surface : lockCanvas
04-10 05:05:52.934 17531 17531 D Surface : lockCanvas
04-10 05:05:52.951 17531 17531 D Surface : lockCanvas
04-10 05:05:52.968 17531 17531 D Surface : lockCanvas
04-10 05:05:52.985 17531 17531 D Surface : lockCanvas
04-10 05:05:53.001 17531 17531 D Surface : lockCanvas
04-10 05:05:53.018 17531 17531 D Surface : lockCanvas
04-10 05:05:53.035 17531 17531 D Surface : lockCanvas
04-10 05:05:53.052 17531 17531 D Surface : lockCanvas
04-10 05:05:53.068 17531 17531 D Surface : lockCanvas
04-10 05:05:53.085 17531 17531 D Surface : lockCanvas
04-10 05:05:53.102 17531 17531 D Surface : lockCanvas
04-10 05:05:53.118 17531 17531 D Surface : lockCanvas
04-10 05:05:53.135 17531 17531 D Surface : lockCanvas
04-10 05:05:53.152 17531 17531 D Surface : lockCanvas
04-10 05:05:53.169 17531 17531 D Surface : lockCanvas
04-10 05:05:53.185 17531 17531 D Surface : lockCanvas
04-10 05:05:53.202 17531 17531 D Surface : lockCanvas
04-10 05:05:53.218 17531 17531 D Surface : lockCanvas
04-10 05:05:53.236 17531 17531 D Surface : lockCanvas
04-10 05:05:53.252 17531 17531 D Surface : lockCanvas
04-10 05:05:53.269 17531 17531 D Surface : lockCanvas
04-10 05:05:53.285 17531 17531 D Surface : lockCanvas
04-10 05:05:53.302 17531 17531 D Surface : lockCanvas
04-10 05:05:53.319 17531 17531 D Surface : lockCanvas
04-10 05:05:53.336 17531 17531 D Surface : lockCanvas
04-10 05:05:53.352 17531 17531 D Surface : lockCanvas
04-10 05:05:53.369 17531 17531 D Surface : lockCanvas
04-10 05:05:53.385 17531 17531 D Surface : lockCanvas
04-10 05:05:53.402 17531 17531 D Surface : lockCanvas
04-10 05:05:53.419 17531 17531 D Surface : lockCanvas
04-10 05:05:53.436 17531 17531 D Surface : lockCanvas
04-10 05:05:53.452 17531 17531 D Surface : lockCanvas
04-10 05:05:53.470 17531 17531 D Surface : lockCanvas
04-10 05:05:53.486 17531 17531 D Surface : lockCanvas
04-10 05:05:53.503 17531 17531 D Surface : lockCanvas
04-10 05:05:53.520 17531 17531 D Surface : lockCanvas
04-10 05:05:53.537 17531 17531 D Surface : lockCanvas
04-10 05:05:53.553 17531 17531 D Surface : lockCanvas
04-10 05:05:53.570 17531 17531 D Surface : lockCanvas
04-10 05:05:53.587 17531 17531 D Surface : lockCanvas
04-10 05:05:53.606 17531 17531 D Surface : lockCanvas
04-10 05:05:53.620 17531 17531 D Surface : lockCanvas
04-10 05:05:53.637 17531 17531 D Surface : lockCanvas
04-10 05:05:53.670 17531 17531 D Surface : lockCanvas
04-10 05:05:53.687 17531 17531 D Surface : lockCanvas
04-10 05:05:53.704 17531 17531 D Surface : lockCanvas
04-10 05:05:53.720 17531 17531 D Surface : lockCanvas
04-10 05:05:53.737 17531 17531 D Surface : lockCanvas
04-10 05:05:53.754 17531 17531 D Surface : lockCanvas
04-10 05:05:53.771 17531 17531 D Surface : lockCanvas
04-10 05:05:53.787 17531 17531 D Surface : lockCanvas
04-10 05:05:53.804 17531 17531 D Surface : lockCanvas
04-10 05:05:53.821 17531 17531 D Surface : lockCanvas
04-10 05:05:53.837 17531 17531 D Surface : lockCanvas
04-10 05:05:53.854 17531 17531 D Surface : lockCanvas
04-10 05:05:53.871 17531 17531 D Surface : lockCanvas
04-10 05:05:53.888 17531 17531 D Surface : lockCanvas
04-10 05:05:53.904 17531 17531 D Surface : lockCanvas
04-10 05:05:53.921 17531 17531 D Surface : lockCanvas
04-10 05:05:53.937 17531 17531 D Surface : lockCanvas
04-10 05:05:53.954 17531 17531 D Surface : lockCanvas
04-10 05:05:53.971 17531 17531 D Surface : lockCanvas
04-10 05:05:53.988 17531 17531 D Surface : lockCanvas
04-10 05:05:54.004 17531 17531 D Surface : lockCanvas
04-10 05:05:54.021 17531 17531 D Surface : lockCanvas
04-10 05:05:54.038 17531 17531 D Surface : lockCanvas
04-10 05:05:54.055 17531 17531 D Surface : lockCanvas
04-10 05:05:54.072 17531 17531 D Surface : lockCanvas
04-10 05:05:54.088 17531 17531 D Surface : lockCanvas
04-10 05:05:54.105 17531 17531 D Surface : lockCanvas
04-10 05:05:54.121 17531 17531 D Surface : lockCanvas
04-10 05:05:54.138 17531 17531 D Surface : lockCanvas
04-10 05:05:54.155 17531 17531 D Surface : lockCanvas
04-10 05:05:54.172 17531 17531 D Surface : lockCanvas
04-10 05:05:54.188 17531 17531 D Surface : lockCanvas
04-10 05:05:54.205 17531 17531 D Surface : lockCanvas
04-10 05:05:54.222 17531 17531 D Surface : lockCanvas
04-10 05:05:54.238 17531 17531 D Surface : lockCanvas
04-10 05:05:54.255 17531 17531 D Surface : lockCanvas
04-10 05:05:54.272 17531 17531 D Surface : lockCanvas
04-10 05:05:54.288 17531 17531 D Surface : lockCanvas
04-10 05:05:54.305 17531 17531 D Surface : lockCanvas
04-10 05:05:54.322 17531 17531 D Surface : lockCanvas
04-10 05:05:54.338 17531 17531 D Surface : lockCanvas
04-10 05:05:54.355 17531 17531 D Surface : lockCanvas
04-10 05:05:54.372 17531 17531 D Surface : lockCanvas
04-10 05:05:54.389 17531 17531 D Surface : lockCanvas
04-10 05:05:54.405 17531 17531 D Surface : lockCanvas
04-10 05:05:54.422 17531 17531 D Surface : lockCanvas
04-10 05:05:54.439 17531 17531 D Surface : lockCanvas
04-10 05:05:54.455 17531 17531 D Surface : lockCanvas
04-10 05:05:54.472 17531 17531 D Surface : lockCanvas
04-10 05:05:54.489 17531 17531 D Surface : lockCanvas
04-10 05:05:54.505 17531 17531 D Surface : lockCanvas
04-10 05:05:54.522 17531 17531 D Surface : lockCanvas
04-10 05:05:54.539 17531 17531 D Surface : lockCanvas
04-10 05:05:54.556 17531 17531 D Surface : lockCanvas
04-10 05:05:54.575 17531 17531 D Surface : lockCanvas
04-10 05:05:54.592 17531 17531 D MediaRecorder: constructor+ 0xb400006fc1f93f00
04-10 05:05:54.597 17531 17531 D MediaRecorder: constructor- 0xb400006fc1f93f00
04-10 05:05:54.597 17531 17531 D MediaRecorder: init+ 0xb400006fc1f93f00
04-10 05:05:54.605 17531 17531 D MediaRecorder: init- 0xb400006fc1f93f00
04-10 05:05:54.636 17531 17531 D MediaRecorder: prepare+ 0xb400006fc1f93f00
04-10 05:05:54.636 17531 17531 D MediaRecorder: prepare- 0xb400006fc1f93f00
04-10 05:05:54.636 17531 17531 E oru : potr
04-10 05:05:54.642 17531 17531 D Surface : lockCanvas
04-10 05:05:54.656 17531 17531 D Surface : lockCanvas
04-10 05:05:54.673 17531 17531 D Surface : lockCanvas
04-10 05:05:54.689 17531 17531 D Surface : lockCanvas
04-10 05:05:54.739 17531 17531 D Surface : lockCanvas
04-10 05:05:54.750 17531 17531 D checklines: max= 1323
04-10 05:05:54.751 17531 17531 D speedScrollViw: delay =35
04-10 05:05:54.751 17531 17531 D speedScrollViw: period =35
04-10 05:05:54.753 17531 17531 D speedScrollViw: delay =35
04-10 05:05:54.753 17531 17531 D speedScrollViw: period =35
04-10 05:05:54.754 17531 17531 D MediaRecorder: start+ 0xb400006fc1f93f00
04-10 05:05:54.880 17531 17531 D MediaRecorder: start- 0xb400006fc1f93f00
04-10 05:05:54.881 17531 17531 D Surface : lockCanvas
04-10 05:05:54.893 17531 17531 D checklines: moveScrollView to 1 to 1323 : 1
04-10 05:05:54.894 17531 17531 D checklines: moveScrollView to 1 to 1323 : 2
04-10 05:05:54.894 17531 17531 D checklines: moveScrollView to 1 to 1323 : 3
04-10 05:05:54.906 17531 17531 D Surface : lockCanvas
04-10 05:05:54.920 17531 17531 D checklines: moveScrollView to 1 to 1323 : 4
04-10 05:05:54.923 17531 17531 D Surface : lockCanvas
04-10 05:05:54.935 17531 17531 D checklines: moveScrollView to 1 to 1323 : 5
04-10 05:05:54.939 17531 17531 D Surface : lockCanvas
04-10 05:05:54.959 17531 17531 D Surface : lockCanvas
04-10 05:05:54.967 17531 17531 D checklines: moveScrollView to 1 to 1323 : 6
04-10 05:05:54.978 17531 17531 D Surface : lockCanvas
04-10 05:05:54.997 17531 17531 D Surface : lockCanvas
04-10 05:05:55.007 17531 17531 D checklines: moveScrollView to 1 to 1323 : 7
04-10 05:05:55.016 17531 17531 D Surface : lockCanvas
04-10 05:05:55.036 17531 17531 D Surface : lockCanvas
04-10 05:05:55.045 17531 17531 D checklines: moveScrollView to 1 to 1323 : 8
04-10 05:05:55.055 17531 17531 D Surface : lockCanvas
04-10 05:05:55.073 17531 17531 D Surface : lockCanvas
04-10 05:05:55.083 17531 17531 D checklines: moveScrollView to 1 to 1323 : 9
04-10 05:05:55.090 17531 17531 D Surface : lockCanvas
04-10 05:05:55.107 17531 17531 D Surface : lockCanvas
04-10 05:05:55.116 17531 17531 D checklines: moveScrollView to 1 to 1323 : 10
04-10 05:05:55.124 17531 17531 D Surface : lockCanvas
04-10 05:05:55.141 17531 17531 D Surface : lockCanvas
04-10 05:05:55.150 17531 17531 D checklines: moveScrollView to 1 to 1323 : 11
04-10 05:05:55.157 17531 17531 D Surface : lockCanvas
04-10 05:05:55.174 17531 17531 D Surface : lockCanvas
04-10 05:05:55.183 17531 17531 D checklines: moveScrollView to 1 to 1323 : 12
04-10 05:05:55.191 17531 17531 D Surface : lockCanvas
04-10 05:05:55.207 17531 17531 D Surface : lockCanvas
04-10 05:05:55.216 17531 17531 D checklines: moveScrollView to 1 to 1323 : 13
04-10 05:05:55.224 17531 17531 D Surface : lockCanvas
04-10 05:05:55.241 17531 17531 D Surface : lockCanvas
04-10 05:05:55.250 17531 17531 D checklines: moveScrollView to 1 to 1323 : 14
04-10 05:05:55.257 17531 17531 D Surface : lockCanvas
04-10 05:05:55.274 17531 17531 D Surface : lockCanvas
04-10 05:05:55.283 17531 17531 D checklines: moveScrollView to 1 to 1323 : 15
04-10 05:05:55.291 17531 17531 D Surface : lockCanvas
04-10 05:05:55.307 17531 17531 D Surface : lockCanvas
04-10 05:05:55.324 17531 17531 D Surface : lockCanvas
04-10 05:05:55.334 17531 17531 D checklines: moveScrollView to 1 to 1323 : 16
04-10 05:05:55.341 17531 17531 D Surface : lockCanvas
04-10 05:05:55.357 17531 17531 D Surface : lockCanvas
04-10 05:05:55.367 17531 17531 D checklines: moveScrollView to 1 to 1323 : 17
04-10 05:05:55.375 17531 17531 D Surface : lockCanvas
04-10 05:05:55.391 17531 17531 D Surface : lockCanvas
04-10 05:05:55.400 17531 17531 D checklines: moveScrollView to 1 to 1323 : 18
04-10 05:05:55.408 17531 17531 D Surface : lockCanvas
04-10 05:05:55.425 17531 17531 D Surface : lockCanvas
04-10 05:05:55.434 17531 17531 D checklines: moveScrollView to 1 to 1323 : 19
04-10 05:05:55.441 17531 17531 D Surface : lockCanvas
04-10 05:05:55.458 17531 17531 D Surface : lockCanvas
04-10 05:05:55.467 17531 17531 D checklines: moveScrollView to 1 to 1323 : 20
04-10 05:05:55.475 17531 17531 D Surface : lockCanvas
04-10 05:05:55.491 17531 17531 D Surface : lockCanvas
04-10 05:05:55.500 17531 17531 D checklines: moveScrollView to 1 to 1323 : 21
04-10 05:05:55.508 17531 17531 D Surface : lockCanvas
04-10 05:05:55.524 17531 17531 D Surface : lockCanvas
04-10 05:05:55.534 17531 17531 D checklines: moveScrollView to 1 to 1323 : 22
04-10 05:05:55.541 17531 17531 D Surface : lockCanvas
04-10 05:05:55.558 17531 17531 D Surface : lockCanvas
04-10 05:05:55.567 17531 17531 D checklines: moveScrollView to 1 to 1323 : 23
04-10 05:05:55.575 17531 17531 D Surface : lockCanvas
04-10 05:05:55.591 17531 17531 D Surface : lockCanvas
04-10 05:05:55.601 17531 17531 D checklines: moveScrollView to 1 to 1323 : 24
04-10 05:05:55.608 17531 17531 D Surface : lockCanvas
04-10 05:05:55.625 17531 17531 D Surface : lockCanvas
04-10 05:05:55.642 17531 17531 D Surface : lockCanvas
04-10 05:05:55.652 17531 17531 D checklines: moveScrollView to 1 to 1323 : 25
04-10 05:05:55.658 17531 17531 D Surface : lockCanvas
04-10 05:05:55.675 17531 17531 D Surface : lockCanvas
04-10 05:05:55.684 17531 17531 D checklines: moveScrollView to 1 to 1323 : 26
04-10 05:05:55.692 17531 17531 D Surface : lockCanvas
04-10 05:05:55.708 17531 17531 D Surface : lockCanvas
04-10 05:05:55.718 17531 17531 D checklines: moveScrollView to 1 to 1323 : 27
04-10 05:05:55.725 17531 17531 D Surface : lockCanvas
04-10 05:05:55.741 17531 17531 D Surface : lockCanvas
04-10 05:05:55.751 17531 17531 D checklines: moveScrollView to 1 to 1323 : 28
04-10 05:05:55.758 17531 17531 D Surface : lockCanvas
04-10 05:05:55.776 17531 17531 D Surface : lockCanvas
04-10 05:05:55.787 17531 17531 D checklines: moveScrollView to 1 to 1323 : 29
04-10 05:05:55.792 17531 17531 D Surface : lockCanvas
04-10 05:05:55.808 17531 17531 D Surface : lockCanvas
04-10 05:05:55.818 17531 17531 D checklines: moveScrollView to 1 to 1323 : 30
04-10 05:05:55.825 17531 17531 D Surface : lockCanvas
04-10 05:05:55.842 17531 17531 D Surface : lockCanvas
04-10 05:05:55.852 17531 17531 D checklines: moveScrollView to 1 to 1323 : 31
04-10 05:05:55.859 17531 17531 D Surface : lockCanvas
04-10 05:05:55.875 17531 17531 D Surface : lockCanvas
04-10 05:05:55.885 17531 17531 D checklines: moveScrollView to 1 to 1323 : 32
04-10 05:05:55.892 17531 17531 D Surface : lockCanvas
04-10 05:05:55.909 17531 17531 D Surface : lockCanvas
04-10 05:05:55.919 17531 17531 D checklines: moveScrollView to 1 to 1323 : 33
04-10 05:05:55.925 17531 17531 D Surface : lockCanvas
04-10 05:05:55.942 17531 17531 D Surface : lockCanvas
04-10 05:05:55.952 17531 17531 D checklines: moveScrollView to 1 to 1323 : 34
04-10 05:05:55.959 17531 17531 D Surface : lockCanvas
04-10 05:05:55.976 17531 17531 D Surface : lockCanvas
04-10 05:05:55.993 17531 17531 D Surface : lockCanvas
04-10 05:05:56.003 17531 17531 D checklines: moveScrollView to 1 to 1323 : 35
04-10 05:05:56.009 17531 17531 D Surface : lockCanvas
04-10 05:05:56.026 17531 17531 D Surface : lockCanvas
04-10 05:05:56.036 17531 17531 D checklines: moveScrollView to 1 to 1323 : 36
04-10 05:05:56.043 17531 17531 D Surface : lockCanvas
04-10 05:05:56.059 17531 17531 D Surface : lockCanvas
04-10 05:05:56.069 17531 17531 D checklines: moveScrollView to 1 to 1323 : 37
04-10 05:05:56.076 17531 17531 D Surface : lockCanvas
04-10 05:05:56.093 17531 17531 D Surface : lockCanvas
04-10 05:05:56.103 17531 17531 D checklines: moveScrollView to 1 to 1323 : 38
04-10 05:05:56.109 17531 17531 D Surface : lockCanvas
04-10 05:05:56.126 17531 17531 D Surface : lockCanvas
04-10 05:05:56.136 17531 17531 D checklines: moveScrollView to 1 to 1323 : 39
04-10 05:05:56.142 17531 17531 D Surface : lockCanvas
04-10 05:05:56.159 17531 17531 D Surface : lockCanvas
04-10 05:05:56.169 17531 17531 D checklines: moveScrollView to 1 to 1323 : 40
04-10 05:05:56.176 17531 17531 D Surface : lockCanvas
04-10 05:05:56.192 17531 17531 D Surface : lockCanvas
04-10 05:05:56.202 17531 17531 D checklines: moveScrollView to 1 to 1323 : 41
04-10 05:05:56.209 17531 17531 D Surface : lockCanvas
04-10 05:05:56.225 17531 17531 D Surface : lockCanvas
04-10 05:05:56.235 17531 17531 D checklines: moveScrollView to 1 to 1323 : 42
04-10 05:05:56.243 17531 17531 D Surface : lockCanvas
04-10 05:05:56.259 17531 17531 D Surface : lockCanvas
04-10 05:05:56.269 17531 17531 D checklines: moveScrollView to 1 to 1323 : 43
04-10 05:05:56.276 17531 17531 D Surface : lockCanvas
04-10 05:05:56.292 17531 17531 D Surface : lockCanvas
04-10 05:05:56.310 17531 17531 D Surface : lockCanvas
04-10 05:05:56.321 17531 17531 D checklines: moveScrollView to 1 to 1323 : 44
04-10 05:05:56.326 17531 17531 D Surface : lockCanvas
04-10 05:05:56.345 17531 17531 D checklines: moveScrollView to 1 to 1323 : 45
04-10 05:05:56.345 17531 17531 D Surface : lockCanvas
04-10 05:05:56.361 17531 17531 D Surface : lockCanvas
04-10 05:05:56.376 17531 17531 D Surface : lockCanvas
04-10 05:05:56.403 17531 17531 D checklines: moveScrollView to 1 to 1323 : 46
04-10 05:05:56.410 17531 17531 D Surface : lockCanvas
04-10 05:05:56.428 17531 17531 D checklines: moveScrollView to 1 to 1323 : 47
04-10 05:05:56.429 17531 17531 D Surface : lockCanvas
04-10 05:05:56.445 17531 17531 D Surface : lockCanvas
04-10 05:05:56.455 17531 17531 D checklines: moveScrollView to 1 to 1323 : 48
04-10 05:05:56.460 17531 17531 D Surface : lockCanvas
04-10 05:05:56.490 17531 17531 D checklines: moveScrollView to 1 to 1323 : 49
04-10 05:05:56.494 17531 17531 D Surface : lockCanvas
04-10 05:05:56.510 17531 17531 D Surface : lockCanvas
04-10 05:05:56.521 17531 17531 D checklines: moveScrollView to 1 to 1323 : 50
04-10 05:05:56.527 17531 17531 D Surface : lockCanvas
04-10 05:05:56.544 17531 17531 D Surface : lockCanvas
04-10 05:05:56.555 17531 17531 D checklines: moveScrollView to 1 to 1323 : 51
04-10 05:05:56.561 17531 17531 D Surface : lockCanvas
04-10 05:05:56.577 17531 17531 D Surface : lockCanvas
04-10 05:05:56.587 17531 17531 D checklines: moveScrollView to 1 to 1323 : 52
04-10 05:05:56.594 17531 17531 D Surface : lockCanvas
04-10 05:05:56.610 17531 17531 D Surface : lockCanvas
04-10 05:05:56.621 17531 17531 D checklines: moveScrollView to 1 to 1323 : 53
04-10 05:05:56.627 17531 17531 D Surface : lockCanvas
04-10 05:05:56.644 17531 17531 D Surface : lockCanvas
04-10 05:05:56.661 17531 17531 D Surface : lockCanvas
04-10 05:05:56.673 17531 17531 D checklines: moveScrollView to 1 to 1323 : 54
04-10 05:05:56.677 17531 17531 D Surface : lockCanvas
04-10 05:05:56.695 17531 17531 D Surface : lockCanvas
04-10 05:05:56.706 17531 17531 D checklines: moveScrollView to 1 to 1323 : 55
04-10 05:05:56.711 17531 17531 D Surface : lockCanvas
04-10 05:05:56.727 17531 17531 D Surface : lockCanvas
04-10 05:05:56.738 17531 17531 D checklines: moveScrollView to 1 to 1323 : 56
04-10 05:05:56.744 17531 17531 D Surface : lockCanvas
04-10 05:05:56.761 17531 17531 D Surface : lockCanvas
04-10 05:05:56.772 17531 17531 D checklines: moveScrollView to 1 to 1323 : 57
04-10 05:05:56.778 17531 17531 D Surface : lockCanvas
04-10 05:05:56.795 17531 17531 D Surface : lockCanvas
04-10 05:05:56.807 17531 17531 D checklines: moveScrollView to 1 to 1323 : 58
04-10 05:05:56.811 17531 17531 D Surface : lockCanvas
04-10 05:05:56.827 17531 17531 D Surface : lockCanvas
04-10 05:05:56.837 17531 17531 D checklines: moveScrollView to 1 to 1323 : 59
04-10 05:05:56.844 17531 17531 D Surface : lockCanvas
04-10 05:05:56.861 17531 17531 D Surface : lockCanvas
04-10 05:05:56.871 17531 17531 D checklines: moveScrollView to 1 to 1323 : 60
04-10 05:05:56.878 17531 17531 D Surface : lockCanvas
04-10 05:05:56.894 17531 17531 D Surface : lockCanvas
04-10 05:05:56.904 17531 17531 D checklines: moveScrollView to 1 to 1323 : 61
04-10 05:05:56.911 17531 17531 D Surface : lockCanvas
04-10 05:05:56.928 17531 17531 D Surface : lockCanvas
04-10 05:05:56.938 17531 17531 D checklines: moveScrollView to 1 to 1323 : 62
04-10 05:05:56.944 17531 17531 D Surface : lockCanvas
04-10 05:05:56.961 17531 17531 D Surface : lockCanvas
04-10 05:05:56.978 17531 17531 D Surface : lockCanvas
04-10 05:05:56.989 17531 17531 D checklines: moveScrollView to 1 to 1323 : 63
04-10 05:05:56.995 17531 17531 D Surface : lockCanvas
04-10 05:05:57.013 17531 17531 D checklines: moveScrollView to 1 to 1323 : 64
04-10 05:05:57.014 17531 17531 D Surface : lockCanvas
04-10 05:05:57.029 17531 17531 D Surface : lockCanvas
04-10 05:05:57.045 17531 17531 D Surface : lockCanvas
04-10 05:05:57.070 17531 17531 D checklines: moveScrollView to 1 to 1323 : 65
04-10 05:05:57.078 17531 17531 D Surface : lockCanvas
04-10 05:05:57.094 17531 17531 D checklines: moveScrollView to 1 to 1323 : 66
04-10 05:05:57.095 17531 17531 D Surface : lockCanvas
04-10 05:05:57.112 17531 17531 D Surface : lockCanvas
04-10 05:05:57.121 17531 17531 D checklines: moveScrollView to 1 to 1323 : 67
04-10 05:05:57.129 17531 17531 D Surface : lockCanvas
04-10 05:05:57.145 17531 17531 D Surface : lockCanvas
04-10 05:05:57.156 17531 17531 D checklines: moveScrollView to 1 to 1323 : 68
04-10 05:05:57.162 17531 17531 D Surface : lockCanvas
04-10 05:05:57.178 17531 17531 D Surface : lockCanvas
04-10 05:05:57.189 17531 17531 D checklines: moveScrollView to 1 to 1323 : 69
04-10 05:05:57.196 17531 17531 D Surface : lockCanvas
04-10 05:05:57.212 17531 17531 D Surface : lockCanvas
04-10 05:05:57.222 17531 17531 D checklines: moveScrollView to 1 to 1323 : 70
04-10 05:05:57.229 17531 17531 D Surface : lockCanvas
04-10 05:05:57.245 17531 17531 D Surface : lockCanvas
04-10 05:05:57.256 17531 17531 D checklines: moveScrollView to 1 to 1323 : 71
04-10 05:05:57.262 17531 17531 D Surface : lockCanvas
04-10 05:05:57.279 17531 17531 D Surface : lockCanvas
04-10 05:05:57.289 17531 17531 D checklines: moveScrollView to 1 to 1323 : 72
04-10 05:05:57.295 17531 17531 D Surface : lockCanvas
04-10 05:05:57.312 17531 17531 D Surface : lockCanvas
04-10 05:05:57.323 17531 17531 D checklines: moveScrollView to 1 to 1323 : 73
04-10 05:05:57.329 17531 17531 D Surface : lockCanvas
04-10 05:05:57.345 17531 17531 D Surface : lockCanvas
04-10 05:05:57.362 17531 17531 D Surface : lockCanvas
04-10 05:05:57.373 17531 17531 D checklines: moveScrollView to 1 to 1323 : 74
04-10 05:05:57.379 17531 17531 D Surface : lockCanvas
04-10 05:05:57.398 17531 17531 D Surface : lockCanvas
04-10 05:05:57.409 17531 17531 D checklines: moveScrollView to 1 to 1323 : 75
04-10 05:05:57.412 17531 17531 D Surface : lockCanvas
04-10 05:05:57.429 17531 17531 D Surface : lockCanvas
04-10 05:05:57.453 17531 17531 D checklines: moveScrollView to 1 to 1323 : 76
04-10 05:05:57.463 17531 17531 D Surface : lockCanvas
04-10 05:05:57.480 17531 17531 D checklines: moveScrollView to 1 to 1323 : 77
04-10 05:05:57.480 17531 17531 D Surface : lockCanvas
04-10 05:05:57.496 17531 17531 D Surface : lockCanvas
04-10 05:05:57.505 17531 17531 D checklines: moveScrollView to 1 to 1323 : 78
04-10 05:05:57.513 17531 17531 D Surface : lockCanvas
04-10 05:05:57.529 17531 17531 D Surface : lockCanvas
04-10 05:05:57.539 17531 17531 D checklines: moveScrollView to 1 to 1323 : 79
04-10 05:05:57.546 17531 17531 D Surface : lockCanvas
04-10 05:05:57.562 17531 17531 D Surface : lockCanvas
04-10 05:05:57.573 17531 17531 D checklines: moveScrollView to 1 to 1323 : 80
04-10 05:05:57.580 17531 17531 D Surface : lockCanvas
04-10 05:05:57.596 17531 17531 D Surface : lockCanvas
04-10 05:05:57.607 17531 17531 D checklines: moveScrollView to 1 to 1323 : 81
04-10 05:05:57.613 17531 17531 D Surface : lockCanvas
04-10 05:05:57.629 17531 17531 D Surface : lockCanvas
04-10 05:05:57.646 17531 17531 D Surface : lockCanvas
04-10 05:05:57.657 17531 17531 D checklines: moveScrollView to 1 to 1323 : 82
04-10 05:05:57.663 17531 17531 D Surface : lockCanvas
04-10 05:05:57.681 17531 17531 D checklines: moveScrollView to 1 to 1323 : 83
04-10 05:05:57.682 17531 17531 D Surface : lockCanvas
04-10 05:05:57.698 17531 17531 D Surface : lockCanvas
04-10 05:05:57.715 17531 17531 D Surface : lockCanvas
04-10 05:05:57.738 17531 17531 D checklines: moveScrollView to 1 to 1323 : 84
04-10 05:05:57.747 17531 17531 D Surface : lockCanvas
04-10 05:05:57.764 17531 17531 D checklines: moveScrollView to 1 to 1323 : 85
04-10 05:05:57.765 17531 17531 D Surface : lockCanvas
04-10 05:05:57.780 17531 17531 D Surface : lockCanvas
04-10 05:05:57.789 17531 17531 D checklines: moveScrollView to 1 to 1323 : 86
04-10 05:05:57.797 17531 17531 D Surface : lockCanvas
04-10 05:05:57.814 17531 17531 D Surface : lockCanvas
04-10 05:05:57.827 17531 17531 D checklines: moveScrollView to 1 to 1323 : 87
04-10 05:05:57.830 17531 17531 D Surface : lockCanvas
04-10 05:05:57.847 17531 17531 D Surface : lockCanvas
04-10 05:05:57.857 17531 17531 D checklines: moveScrollView to 1 to 1323 : 88
04-10 05:05:57.864 17531 17531 D Surface : lockCanvas
04-10 05:05:57.880 17531 17531 D Surface : lockCanvas
04-10 05:05:57.891 17531 17531 D checklines: moveScrollView to 1 to 1323 : 89
04-10 05:05:57.897 17531 17531 D Surface : lockCanvas
04-10 05:05:57.913 17531 17531 D Surface : lockCanvas
04-10 05:05:57.924 17531 17531 D checklines: moveScrollView to 1 to 1323 : 90
04-10 05:05:57.930 17531 17531 D Surface : lockCanvas
04-10 05:05:57.947 17531 17531 D Surface : lockCanvas
04-10 05:05:57.964 17531 17531 D Surface : lockCanvas
04-10 05:05:57.975 17531 17531 D checklines: moveScrollView to 1 to 1323 : 91
04-10 05:05:57.980 17531 17531 D Surface : lockCanvas
04-10 05:05:57.998 17531 17531 D Surface : lockCanvas
04-10 05:05:58.008 17531 17531 D checklines: moveScrollView to 1 to 1323 : 92
04-10 05:05:58.014 17531 17531 D Surface : lockCanvas
04-10 05:05:58.031 17531 17531 D Surface : lockCanvas
04-10 05:05:58.041 17531 17531 D checklines: moveScrollView to 1 to 1323 : 93
04-10 05:05:58.048 17531 17531 D Surface : lockCanvas
04-10 05:05:58.064 17531 17531 D Surface : lockCanvas
04-10 05:05:58.074 17531 17531 D checklines: moveScrollView to 1 to 1323 : 94
04-10 05:05:58.081 17531 17531 D Surface : lockCanvas
04-10 05:05:58.097 17531 17531 D Surface : lockCanvas
04-10 05:05:58.108 17531 17531 D checklines: moveScrollView to 1 to 1323 : 95
04-10 05:05:58.114 17531 17531 D Surface : lockCanvas
04-10 05:05:58.131 17531 17531 D Surface : lockCanvas
04-10 05:05:58.141 17531 17531 D checklines: moveScrollView to 1 to 1323 : 96
04-10 05:05:58.148 17531 17531 D Surface : lockCanvas
04-10 05:05:58.164 17531 17531 D Surface : lockCanvas
04-10 05:05:58.174 17531 17531 D checklines: moveScrollView to 1 to 1323 : 97
04-10 05:05:58.180 17531 17531 D Surface : lockCanvas
04-10 05:05:58.197 17531 17531 D Surface : lockCanvas
04-10 05:05:58.204 17531 17531 D checklines: moveScrollView to 1 to 1323 : 98
04-10 05:05:58.214 17531 17531 D Surface : lockCanvas
04-10 05:05:58.231 17531 17531 D Surface : lockCanvas
04-10 05:05:58.248 17531 17531 D Surface : lockCanvas
04-10 05:05:58.258 17531 17531 D checklines: moveScrollView to 1 to 1323 : 78
04-10 05:05:58.269 17531 17531 D Surface : lockCanvas
04-10 05:05:58.279 17531 17531 D checklines: moveScrollView to 1 to 1323 : 52
04-10 05:05:58.281 17531 17531 D Surface : lockCanvas
04-10 05:05:58.297 17531 17531 D Surface : lockCanvas
04-10 05:05:58.314 17531 17531 D Surface : lockCanvas
04-10 05:05:58.325 17531 17531 D checklines: moveScrollView to 1 to 1323 : 1
04-10 05:05:58.331 17531 17531 D Surface : lockCanvas
04-10 05:05:58.347 17531 17531 D Surface : lockCanvas
04-10 05:05:58.358 17531 17531 D checklines: moveScrollView to 1 to 1323 : 1
04-10 05:05:58.364 17531 17531 D Surface : lockCanvas
04-10 05:05:58.380 17531 17531 D Surface : lockCanvas
04-10 05:05:58.391 17531 17531 D checklines: moveScrollView to 1 to 1323 : 1
04-10 05:05:58.397 17531 17531 D Surface : lockCanvas
04-10 05:05:58.414 17531 17531 D Surface : lockCanvas
04-10 05:05:58.421 17531 17531 D checklines: moveScrollView to 1 to 1323 : 2
04-10 05:05:58.430 17531 17531 D Surface : lockCanvas
04-10 05:05:58.447 17531 17531 D Surface : lockCanvas
04-10 05:05:58.455 17531 17531 D checklines: moveScrollView to 1 to 1323 : 3
04-10 05:05:58.464 17531 17531 D Surface : lockCanvas
04-10 05:05:58.481 17531 17531 D Surface : lockCanvas
04-10 05:05:58.488 17531 17531 D checklines: moveScrollView to 1 to 1323 : 4
04-10 05:05:58.498 17531 17531 D Surface : lockCanvas
04-10 05:05:58.514 17531 17531 D Surface : lockCanvas
04-10 05:05:58.522 17531 17531 D checklines: moveScrollView to 1 to 1323 : 5
04-10 05:05:58.531 17531 17531 D Surface : lockCanvas
04-10 05:05:58.548 17531 17531 D Surface : lockCanvas
04-10 05:05:58.555 17531 17531 D checklines: moveScrollView to 1 to 1323 : 6
04-10 05:05:58.564 17531 17531 D Surface : lockCanvas
04-10 05:05:58.581 17531 17531 D Surface : lockCanvas
04-10 05:05:58.598 17531 17531 D Surface : lockCanvas
04-10 05:05:58.605 17531 17531 D checklines: moveScrollView to 1 to 1323 : 7
04-10 05:05:58.615 17531 17531 D Surface : lockCanvas
04-10 05:05:58.631 17531 17531 D Surface : lockCanvas
04-10 05:05:58.639 17531 17531 D checklines: moveScrollView to 1 to 1323 : 8
04-10 05:05:58.648 17531 17531 D Surface : lockCanvas
04-10 05:05:58.665 17531 17531 D Surface : lockCanvas
04-10 05:05:58.673 17531 17531 D checklines: moveScrollView to 1 to 1323 : 9
04-10 05:05:58.681 17531 17531 D Surface : lockCanvas
04-10 05:05:58.698 17531 17531 D Surface : lockCanvas
04-10 05:05:58.706 17531 17531 D checklines: moveScrollView to 1 to 1323 : 10
04-10 05:05:58.715 17531 17531 D Surface : lockCanvas
04-10 05:05:58.731 17531 17531 D Surface : lockCanvas
04-10 05:05:58.739 17531 17531 D checklines: moveScrollView to 1 to 1323 : 11
04-10 05:05:58.748 17531 17531 D Surface : lockCanvas
04-10 05:05:58.765 17531 17531 D Surface : lockCanvas
04-10 05:05:58.772 17531 17531 D checklines: moveScrollView to 1 to 1323 : 12
04-10 05:05:58.782 17531 17531 D Surface : lockCanvas
04-10 05:05:58.799 17531 17531 D Surface : lockCanvas
04-10 05:05:58.807 17531 17531 D checklines: moveScrollView to 1 to 1323 : 13
04-10 05:05:58.815 17531 17531 D Surface : lockCanvas
04-10 05:05:58.832 17531 17531 D Surface : lockCanvas
04-10 05:05:58.841 17531 17531 D checklines: moveScrollView to 1 to 1323 : 14
04-10 05:05:58.849 17531 17531 D Surface : lockCanvas
04-10 05:05:58.865 17531 17531 D Surface : lockCanvas
04-10 05:05:58.873 17531 17531 D checklines: moveScrollView to 1 to 1323 : 15
04-10 05:05:58.882 17531 17531 D Surface : lockCanvas
04-10 05:05:58.899 17531 17531 D Surface : lockCanvas
04-10 05:05:58.906 17531 17531 D checklines: moveScrollView to 1 to 1323 : 16
04-10 05:05:58.915 17531 17531 D Surface : lockCanvas
04-10 05:05:58.932 17531 17531 D Surface : lockCanvas
04-10 05:05:58.949 17531 17531 D Surface : lockCanvas
04-10 05:05:58.956 17531 17531 D checklines: moveScrollView to 1 to 1323 : 17
04-10 05:05:58.965 17531 17531 D Surface : lockCanvas
04-10 05:05:58.982 17531 17531 D Surface : lockCanvas
04-10 05:05:58.990 17531 17531 D checklines: moveScrollView to 1 to 1323 : 18
04-10 05:05:58.999 17531 17531 D Surface : lockCanvas
04-10 05:05:59.016 17531 17531 D Surface : lockCanvas
04-10 05:05:59.026 17531 17531 D checklines: moveScrollView to 1 to 1323 : 19
04-10 05:05:59.033 17531 17531 D Surface : lockCanvas
04-10 05:05:59.049 17531 17531 D Surface : lockCanvas
04-10 05:05:59.060 17531 17531 D checklines: moveScrollView to 1 to 1323 : 20
04-10 05:05:59.066 17531 17531 D Surface : lockCanvas
04-10 05:05:59.082 17531 17531 D Surface : lockCanvas
04-10 05:05:59.092 17531 17531 D checklines: moveScrollView to 1 to 1323 : 21
04-10 05:05:59.099 17531 17531 D Surface : lockCanvas
04-10 05:05:59.116 17531 17531 D Surface : lockCanvas
04-10 05:05:59.126 17531 17531 D checklines: moveScrollView to 1 to 1323 : 22
04-10 05:05:59.133 17531 17531 D Surface : lockCanvas
04-10 05:05:59.149 17531 17531 D Surface : lockCanvas
04-10 05:05:59.159 17531 17531 D checklines: moveScrollView to 1 to 1323 : 23
04-10 05:05:59.166 17531 17531 D Surface : lockCanvas
04-10 05:05:59.183 17531 17531 D Surface : lockCanvas
04-10 05:05:59.193 17531 17531 D checklines: moveScrollView to 1 to 1323 : 24
04-10 05:05:59.200 17531 17531 D Surface : lockCanvas
04-10 05:05:59.216 17531 17531 D Surface : lockCanvas
04-10 05:05:59.220 17531 18063 I libPerfCtl: fbcNotifySbeRescue ret=-1
04-10 05:05:59.218 17531 17531 W FramePolicy: type=1400 audit(0.0:1278100): avc:
denied { ioctl } for path="/proc/perfmgr/perf_ioctl" dev="proc" ino=4026533141
ioctlcmd=0x6716 scontext=u:r:untrusted_app:s0:c29,c260,c512,c768
tcontext=u:object_r:proc_perfmgr:s0 tclass=file permissive=0
app=com.corepix.videorecording
04-10 05:05:59.227 17531 17531 D checklines: moveScrollView to 1 to 1323 : 25
04-10 05:05:59.233 17531 17531 D Surface : lockCanvas
04-10 05:05:59.250 17531 17531 D Surface : lockCanvas
04-10 05:05:59.260 17531 17531 D checklines: moveScrollView to 1 to 1323 : 26
04-10 05:05:59.266 17531 17531 D Surface : lockCanvas
04-10 05:05:59.283 17531 17531 D Surface : lockCanvas
04-10 05:05:59.293 17531 17531 D checklines: moveScrollView to 1 to 1323 : 27
04-10 05:05:59.300 17531 17531 D Surface : lockCanvas
04-10 05:05:59.315 17531 18063 I libPerfCtl: fbcNotifySbeRescue ret=-1
04-10 05:05:59.314 17531 17531 W FramePolicy: type=1400 audit(0.0:1278101): avc:
denied { ioctl } for path="/proc/perfmgr/perf_ioctl" dev="proc" ino=4026533141
ioctlcmd=0x6716 scontext=u:r:untrusted_app:s0:c29,c260,c512,c768
tcontext=u:object_r:proc_perfmgr:s0 tclass=file permissive=0
app=com.corepix.videorecording
04-10 05:05:59.316 17531 17531 D Surface : lockCanvas
04-10 05:05:59.333 17531 17531 D Surface : lockCanvas
04-10 05:05:59.344 17531 17531 D checklines: moveScrollView to 1 to 1323 : 28
04-10 05:05:59.350 17531 17531 D Surface : lockCanvas
04-10 05:05:59.366 17531 18063 I libPerfCtl: fbcNotifySbeRescue ret=-1
04-10 05:05:59.362 17531 17531 W FramePolicy: type=1400 audit(0.0:1278102): avc:
denied { ioctl } for path="/proc/perfmgr/perf_ioctl" dev="proc" ino=4026533141
ioctlcmd=0x6716 scontext=u:r:untrusted_app:s0:c29,c260,c512,c768
tcontext=u:object_r:proc_perfmgr:s0 tclass=file permissive=0
app=com.corepix.videorecording
04-10 05:05:59.367 17531 17531 D checklines: moveScrollView to 1 to 1323 : 29
04-10 05:05:59.368 17531 17531 D Surface : lockCanvas
04-10 05:05:59.383 17531 17531 D Surface : lockCanvas
04-10 05:05:59.400 17531 17531 D Surface : lockCanvas
04-10 05:05:59.411 17531 17531 D checklines: moveScrollView to 1 to 1323 : 30
04-10 05:05:59.417 17531 17531 D Surface : lockCanvas
04-10 05:05:59.432 17531 18063 I libPerfCtl: fbcNotifySbeRescue ret=-1
04-10 05:05:59.430 17531 17531 W FramePolicy: type=1400 audit(0.0:1278103): avc:
denied { ioctl } for path="/proc/perfmgr/perf_ioctl" dev="proc" ino=4026533141
ioctlcmd=0x6716 scontext=u:r:untrusted_app:s0:c29,c260,c512,c768
tcontext=u:object_r:proc_perfmgr:s0 tclass=file permissive=0
app=com.corepix.videorecording
04-10 05:05:59.434 17531 17531 D Surface : lockCanvas
04-10 05:05:59.445 17531 17531 D checklines: moveScrollView to 1 to 1323 : 31
04-10 05:05:59.450 17531 17531 D Surface : lockCanvas
04-10 05:05:59.467 17531 17531 D Surface : lockCanvas
04-10 05:05:59.477 17531 17531 D checklines: moveScrollView to 1 to 1323 : 32
04-10 05:05:59.484 17531 17531 D Surface : lockCanvas
04-10 05:05:59.499 17531 18063 I libPerfCtl: fbcNotifySbeRescue ret=-1
04-10 05:05:59.498 17531 17531 W FramePolicy: type=1400 audit(0.0:1278104): avc:
denied { ioctl } for path="/proc/perfmgr/perf_ioctl" dev="proc" ino=4026533141
ioctlcmd=0x6716 scontext=u:r:untrusted_app:s0:c29,c260,c512,c768
tcontext=u:object_r:proc_perfmgr:s0 tclass=file permissive=0
app=com.corepix.videorecording
04-10 05:05:59.500 17531 17531 D Surface : lockCanvas
04-10 05:05:59.510 17531 17531 D checklines: moveScrollView to 1 to 1323 : 33
04-10 05:05:59.517 17531 17531 D Surface : lockCanvas
04-10 05:05:59.533 17531 17531 D Surface : lockCanvas
04-10 05:05:59.544 17531 17531 D checklines: moveScrollView to 1 to 1323 : 34
04-10 05:05:59.551 17531 17531 D Surface : lockCanvas
04-10 05:05:59.567 17531 17531 D Surface : lockCanvas
04-10 05:05:59.577 17531 17531 D checklines: moveScrollView to 1 to 1323 : 35
04-10 05:05:59.584 17531 17531 D Surface : lockCanvas
04-10 05:05:59.599 17531 18063 I libPerfCtl: fbcNotifySbeRescue ret=-1
04-10 05:05:59.598 17531 17531 W FramePolicy: type=1400 audit(0.0:1278105): avc:
denied { ioctl } for path="/proc/perfmgr/perf_ioctl" dev="proc" ino=4026533141
ioctlcmd=0x6716 scontext=u:r:untrusted_app:s0:c29,c260,c512,c768
tcontext=u:object_r:proc_perfmgr:s0 tclass=file permissive=0
app=com.corepix.videorecording
04-10 05:05:59.600 17531 17531 D Surface : lockCanvas
04-10 05:05:59.611 17531 17531 D checklines: moveScrollView to 1 to 1323 : 36
04-10 05:05:59.617 17531 17531 D Surface : lockCanvas
04-10 05:05:59.634 17531 17531 D Surface : lockCanvas
04-10 05:05:59.644 17531 17531 D checklines: moveScrollView to 1 to 1323 : 37
04-10 05:05:59.651 17531 17531 D Surface : lockCanvas
04-10 05:05:59.667 17531 17531 D Surface : lockCanvas
04-10 05:05:59.684 17531 17531 D Surface : lockCanvas
04-10 05:05:59.695 17531 17531 D checklines: moveScrollView to 1 to 1323 : 38
04-10 05:05:59.701 17531 17531 D Surface : lockCanvas
04-10 05:05:59.716 17531 18063 I libPerfCtl: fbcNotifySbeRescue ret=-1
04-10 05:05:59.714 17531 17531 W FramePolicy: type=1400 audit(0.0:1278106): avc:
denied { ioctl } for path="/proc/perfmgr/perf_ioctl" dev="proc" ino=4026533141
ioctlcmd=0x6716 scontext=u:r:untrusted_app:s0:c29,c260,c512,c768
tcontext=u:object_r:proc_perfmgr:s0 tclass=file permissive=0
app=com.corepix.videorecording
04-10 05:05:59.718 17531 17531 D Surface : lockCanvas
04-10 05:05:59.728 17531 17531 D checklines: moveScrollView to 1 to 1323 : 39
04-10 05:05:59.734 17531 17531 D Surface : lockCanvas
04-10 05:05:59.751 17531 17531 D Surface : lockCanvas
04-10 05:05:59.761 17531 17531 D checklines: moveScrollView to 1 to 1323 : 40
04-10 05:05:59.767 17531 17531 D Surface : lockCanvas
04-10 05:05:59.784 17531 17531 D Surface : lockCanvas
04-10 05:05:59.791 17531 17531 D checklines: moveScrollView to 1 to 1323 : 41
04-10 05:05:59.801 17531 17531 D Surface : lockCanvas
04-10 05:05:59.817 17531 17531 D Surface : lockCanvas
04-10 05:05:59.824 17531 17531 D checklines: moveScrollView to 1 to 1323 : 42
04-10 05:05:59.834 17531 17531 D Surface : lockCanvas
04-10 05:05:59.845 17531 17531 D checklines: max= 1323
04-10 05:05:59.846 17531 17531 D speedScrollViw: delay =35
04-10 05:05:59.846 17531 17531 D speedScrollViw: period =35
04-10 05:05:59.846 17531 17531 D yyyyy : laste pause is : 1488698539
04-10 05:05:59.846 17531 17531 E oru : potr
04-10 05:05:59.852 17531 17531 D Surface : lockCanvas
04-10 05:05:59.867 17531 17531 D Surface : lockCanvas
04-10 05:05:59.884 17531 17531 D Surface : lockCanvas
04-10 05:05:59.901 17531 17531 D Surface : lockCanvas
04-10 05:05:59.918 17531 17531 D Surface : lockCanvas
04-10 05:05:59.934 17531 17531 D Surface : lockCanvas
04-10 05:05:59.951 17531 17531 D Surface : lockCanvas
04-10 05:05:59.968 17531 17531 D Surface : lockCanvas
04-10 05:05:59.985 17531 17531 D Surface : lockCanvas
04-10 05:06:00.001 17531 17531 D Surface : lockCanvas
04-10 05:06:00.018 17531 17531 D Surface : lockCanvas
04-10 05:06:00.035 17531 17531 D Surface : lockCanvas
04-10 05:06:00.052 17531 17531 D Surface : lockCanvas
04-10 05:06:00.068 17531 17531 D Surface : lockCanvas
04-10 05:06:00.085 17531 17531 D Surface : lockCanvas
04-10 05:06:00.102 17531 17531 D Surface : lockCanvas
04-10 05:06:00.119 17531 17531 D Surface : lockCanvas
04-10 05:06:00.135 17531 17531 D Surface : lockCanvas
04-10 05:06:00.152 17531 17531 D Surface : lockCanvas
04-10 05:06:00.169 17531 17531 D Surface : lockCanvas
04-10 05:06:00.186 17531 17531 D Surface : lockCanvas
04-10 05:06:00.202 17531 17531 D Surface : lockCanvas
04-10 05:06:00.219 17531 17531 D Surface : lockCanvas
04-10 05:06:00.236 17531 17531 D Surface : lockCanvas
04-10 05:06:00.252 17531 17531 D Surface : lockCanvas
04-10 05:06:00.269 17531 17531 D Surface : lockCanvas
04-10 05:06:00.285 17531 17531 D Surface : lockCanvas
04-10 05:06:00.302 17531 17531 D Surface : lockCanvas
04-10 05:06:00.319 17531 17531 D Surface : lockCanvas
04-10 05:06:00.336 17531 17531 D Surface : lockCanvas
04-10 05:06:00.352 17531 17531 D Surface : lockCanvas
04-10 05:06:00.369 17531 17531 D Surface : lockCanvas
04-10 05:06:00.386 17531 17531 D Surface : lockCanvas
04-10 05:06:00.402 17531 17531 D Surface : lockCanvas
04-10 05:06:00.419 17531 17531 D Surface : lockCanvas
04-10 05:06:00.436 17531 17531 D Surface : lockCanvas
04-10 05:06:00.452 17531 17531 D Surface : lockCanvas
04-10 05:06:00.469 17531 17531 D Surface : lockCanvas
04-10 05:06:00.486 17531 17531 D Surface : lockCanvas
