Download as txt, pdf, or txt
Download as txt, pdf, or txt
You are on page 1of 191

--------- beginning of main

04-10 05:05:35.818 17531 17531 I MSYNC3-VariableRefreshRate: Variable refreshrate


is disabled
04-10 05:05:35.820 17531 17531 D MiuiMultiWindowAdapter:
MiuiMultiWindowAdapter::getFreeformVideoWhiteListInSystem::LIST_ABOUT_SUPPORT_LANDS
CAPE_VIDEO = [com.hunantv.imgo.activity, com.tencent.qqlive, com.qiyi.video,
com.hunantv.imgo.activity.inter, com.tencent.qqlivei18n, com.iqiyi.i18n,
tv.danmaku.bili]
04-10 05:05:35.837 17531 18063 I PowerHalWrapper: PowerHalWrapper.getInstance
04-10 05:05:35.906 17531 17531 W .videorecording: type=1400 audit(0.0:1277900):
avc: denied { read } for name="u:object_r:vendor_displayfeature_prop:s0"
dev="tmpfs" ino=13657 scontext=u:r:untrusted_app:s0:c29,c260,c512,c768
tcontext=u:object_r:vendor_displayfeature_prop:s0 tclass=file permissive=0
app=com.corepix.videorecording
04-10 05:05:35.908 17531 17531 W libc : Access denied finding property
"ro.vendor.df.effect.conflict"
04-10 05:05:35.914 17531 17531 D IS_CTS_MODE: false
04-10 05:05:35.914 17531 17531 D MULTI_WINDOW_ENABLED: false
04-10 05:05:35.916 17531 17531 D DecorView[]: getWindowModeFromSystem windowmode
is 1
04-10 05:05:35.934 17531 17531 D CompatibilityChangeReporter: Compat change id
reported: 210923482; UID 11053; state: ENABLED
04-10 05:05:36.001 17531 17531 I SurfaceFactory: [static] sSurfaceFactory =
com.mediatek.view.impl.SurfaceFactoryImpl@1d11525
04-10 05:05:36.011 17531 17531 D DecorView[]: getWindowModeFromSystem windowmode
is 1
04-10 05:05:36.011 17531 17531 D DecorView[]: updateDecorCaptionStatus windowMode
is 1
04-10 05:05:36.022 17531 17531 D libMEOW : meow new tls: 0xb400006f0a47f8c0
04-10 05:05:36.022 17531 17531 D libMEOW : applied 1 plugins for
[com.corepix.videorecording]:
04-10 05:05:36.022 17531 17531 D libMEOW : plugin 1: [libMEOW_gift.so]:
04-10 05:05:36.069 17531 17651 I FA : Tag Manager is not found and thus will
not be used
04-10 05:05:36.097 17531 17531 D BufferQueueConsumer: [](id:447b00000000,api:0,p:-
1,c:17531) connect: controlledByApp=false
04-10 05:05:36.107 17531 17531 E FBI : Can't load library: dlopen failed:
library "libmagtsync.so" not found
04-10 05:05:36.118 17531 17531 D VRI[SplashActivity]: vri.reportNextDraw
android.view.ViewRootImpl.performTraversals:3852
android.view.ViewRootImpl.doTraversal:2587
android.view.ViewRootImpl$TraversalRunnable.run:9716
android.view.Choreographer$CallbackRecord.run:1386
android.view.Choreographer$CallbackRecord.run:1394
04-10 05:05:36.118 17531 17531 D VRI[SplashActivity]: vri.Setup new sync id=0
syncSeqId=0
04-10 05:05:36.119 17531 17531 D Surface : lockCanvas
04-10 05:05:36.127 17531 17531 E ion : ioctl c0044901 failed with code -1:
Invalid argument
04-10 05:05:36.154 17531 17531 D BLASTBufferQueue: [VRI[SplashActivity]#0](f:0,a:1)
acquireNextBufferLocked size=1080x2297 mFrameNumber=1 applyTransaction=true
mTimestamp=1088870830873824(auto) mPendingTransactions.size=0
graphicBufferId=75295071666176 transform=0
--------- beginning of system
04-10 05:05:36.155 17531 17531 W Looper : PerfMonitor doFrame : time=89ms
vsyncFrame=0 latency=327ms procState=-1 historyMsgCount=21 (msgIndex=1 wall=1157ms
seq=2 late=14ms h=android.app.ActivityThread$H w=110) (msgIndex=2 wall=206ms seq=3
late=1188ms h=android.app.ActivityThread$H w=159)
04-10 05:05:36.156 17531 17531 D VRI[SplashActivity]: vri.reportDrawFinished
syncSeqId=0 android.view.ViewRootImpl.lambda$createSyncIfNeeded$4$android-view-
ViewRootImpl:3920 android.view.ViewRootImpl$$ExternalSyntheticLambda1.run:6
android.os.Handler.handleCallback:942 android.os.Handler.dispatchMessage:99
android.os.Looper.loopOnce:211
04-10 05:05:36.176 17531 17531 D Surface : lockCanvas
04-10 05:05:36.186 17531 17979 W AudioCapabilities: Unsupported mime audio/x-adpcm-
dvi-ima
04-10 05:05:36.186 17531 17979 W AudioCapabilities: Unsupported mime audio/x-adpcm-
dvi-ima
04-10 05:05:36.186 17531 17979 W AudioCapabilities: Unsupported mime audio/x-adpcm-
ms
04-10 05:05:36.186 17531 17979 W AudioCapabilities: Unsupported mime audio/x-adpcm-
ms
04-10 05:05:36.186 17531 17979 W AudioCapabilities: Unsupported mime audio/alac
04-10 05:05:36.187 17531 17979 W AudioCapabilities: Unsupported mime audio/alac
04-10 05:05:36.222 17531 17531 D VRI[SplashActivity]: vri.reportNextDraw
android.view.ViewRootImpl.handleResized:1970 android.view.ViewRootImpl.-$
$Nest$mhandleResized:0
android.view.ViewRootImpl$ViewRootHandler.handleMessageImpl:5991
android.view.ViewRootImpl$ViewRootHandler.handleMessage:5955
android.os.Handler.dispatchMessage:106
04-10 05:05:36.227 17531 17531 D VRI[SplashActivity]: vri.Setup new sync id=1
syncSeqId=0
04-10 05:05:36.228 17531 17531 D Surface : lockCanvas
04-10 05:05:36.246 17531 17531 D VRI[SplashActivity]: vri.reportDrawFinished
syncSeqId=0 android.view.ViewRootImpl.lambda$createSyncIfNeeded$4$android-view-
ViewRootImpl:3920 android.view.ViewRootImpl$$ExternalSyntheticLambda1.run:6
android.os.Handler.handleCallback:942 android.os.Handler.dispatchMessage:99
android.os.Looper.loopOnce:211
04-10 05:05:36.248 17531 17531 D DecorView[]: onWindowFocusChanged hasWindowFocus
true
04-10 05:05:36.250 17531 17531 I HandWritingStubImpl: refreshLastKeyboardType: 1
04-10 05:05:36.250 17531 17979 W VideoCapabilities: Unsupported mime video/x-ms-wmv
04-10 05:05:36.250 17531 17531 I HandWritingStubImpl: getCurrentKeyboardType: 1
04-10 05:05:36.250 17531 17979 W VideoCapabilities: Unsupported mime video/x-ms-wmv
04-10 05:05:36.297 17531 17531 D Surface : lockCanvas
04-10 05:05:36.314 17531 17531 I HandWritingStubImpl: getCurrentKeyboardType: 1
04-10 05:05:36.730 17531 17531 D Surface : lockCanvas
04-10 05:05:36.753 17531 17531 D Surface : lockCanvas
04-10 05:05:36.766 17531 17531 I Ads : JS: The jsLoaded GMSG has been sent
(https://googleads.g.doubleclick.net/mads/static/mad/sdk/native/production/sdk-
core-v40-impl.html:795)
04-10 05:05:36.772 17531 17531 D Surface : lockCanvas
04-10 05:05:36.790 17531 17531 D Surface : lockCanvas
04-10 05:05:36.807 17531 17531 D Surface : lockCanvas
04-10 05:05:36.830 17531 17531 D Surface : lockCanvas
04-10 05:05:36.852 17531 17531 D Surface : lockCanvas
04-10 05:05:36.867 17531 17531 D Surface : lockCanvas
04-10 05:05:36.884 17531 17531 D Surface : lockCanvas
04-10 05:05:36.930 17531 17531 D Surface : lockCanvas
04-10 05:05:36.948 17531 17531 D Surface : lockCanvas
04-10 05:05:36.957 17531 18088 W Looper : PerfMonitor longMsg : seq=1
plan=05:05:35.896 late=0ms wall=1060ms h=android.os.Handler c=com.fb.up$100000010
procState=-1
04-10 05:05:36.970 17531 17531 D Surface : lockCanvas
04-10 05:05:36.994 17531 17531 D Surface : lockCanvas
04-10 05:05:37.014 17531 17531 D Surface : lockCanvas
04-10 05:05:37.040 17531 17531 D Surface : lockCanvas
04-10 05:05:37.060 17531 17651 W BpBinder: Slow Binder: BpBinder transact took 274
ms, interface=com.google.android.gms.measurement.internal.IMeasurementService,
code=11 oneway=false
04-10 05:05:37.063 17531 17531 D Surface : lockCanvas
04-10 05:05:37.079 17531 17531 D Surface : lockCanvas
04-10 05:05:37.096 17531 17531 D Surface : lockCanvas
04-10 05:05:37.118 17531 17531 D Surface : lockCanvas
04-10 05:05:37.141 17531 17531 D Surface : lockCanvas
04-10 05:05:37.166 17531 17531 D Surface : lockCanvas
04-10 05:05:37.187 17531 17531 D Surface : lockCanvas
04-10 05:05:37.214 17531 17531 D Surface : lockCanvas
04-10 05:05:37.238 17531 17531 D Surface : lockCanvas
04-10 05:05:37.267 17531 17531 D Surface : lockCanvas
04-10 05:05:37.285 17531 17531 D Surface : lockCanvas
04-10 05:05:37.307 17531 17531 D Surface : lockCanvas
04-10 05:05:37.328 17531 17531 D Surface : lockCanvas
04-10 05:05:37.344 17531 17531 D Surface : lockCanvas
04-10 05:05:37.367 17531 17531 D Surface : lockCanvas
04-10 05:05:37.389 17531 17531 D Surface : lockCanvas
04-10 05:05:37.410 17531 17531 D Surface : lockCanvas
04-10 05:05:37.427 17531 17531 D Surface : lockCanvas
04-10 05:05:37.445 17531 17531 D Surface : lockCanvas
04-10 05:05:37.463 17531 17531 D Surface : lockCanvas
04-10 05:05:37.506 17531 17531 D Surface : lockCanvas
04-10 05:05:37.522 17531 17531 D Surface : lockCanvas
04-10 05:05:37.539 17531 17531 D Surface : lockCanvas
04-10 05:05:37.556 17531 17531 D Surface : lockCanvas
04-10 05:05:37.577 17531 17531 D Surface : lockCanvas
04-10 05:05:37.614 17531 17531 D Surface : lockCanvas
04-10 05:05:37.635 17531 17531 D Surface : lockCanvas
04-10 05:05:37.656 17531 17531 D Surface : lockCanvas
04-10 05:05:37.691 17531 17531 D Surface : lockCanvas
04-10 05:05:37.709 17531 17531 D Surface : lockCanvas
04-10 05:05:37.726 17531 17531 D Surface : lockCanvas
04-10 05:05:37.749 17531 17531 D Surface : lockCanvas
04-10 05:05:37.804 17531 17531 D Surface : lockCanvas
04-10 05:05:37.826 17531 17531 D Surface : lockCanvas
04-10 05:05:37.848 17531 17531 D Surface : lockCanvas
04-10 05:05:37.869 17531 17531 D Surface : lockCanvas
04-10 05:05:37.893 17531 17531 D Surface : lockCanvas
04-10 05:05:37.925 17531 17531 D Surface : lockCanvas
04-10 05:05:37.950 17531 17531 D Surface : lockCanvas
04-10 05:05:37.975 17531 17531 D Surface : lockCanvas
04-10 05:05:37.993 17531 17531 D Surface : lockCanvas
04-10 05:05:38.010 17531 17531 D Surface : lockCanvas
04-10 05:05:38.024 17531 17531 D Surface : lockCanvas
04-10 05:05:38.049 17531 17531 D Surface : lockCanvas
04-10 05:05:38.068 17531 17531 D Surface : lockCanvas
04-10 05:05:38.112 17531 17531 D Surface : lockCanvas
04-10 05:05:38.131 17531 17531 D Surface : lockCanvas
04-10 05:05:38.149 17531 17531 D Surface : lockCanvas
04-10 05:05:38.163 17531 17531 D Surface : lockCanvas
04-10 05:05:38.179 17531 17531 D Surface : lockCanvas
04-10 05:05:38.207 17531 17531 D Surface : lockCanvas
04-10 05:05:38.226 17531 17531 D Surface : lockCanvas
04-10 05:05:38.245 17531 17531 D Surface : lockCanvas
04-10 05:05:38.258 17531 17531 D Surface : lockCanvas
04-10 05:05:38.273 17531 17531 D Surface : lockCanvas
04-10 05:05:38.290 17531 17531 D Surface : lockCanvas
04-10 05:05:38.307 17531 17531 D Surface : lockCanvas
04-10 05:05:38.323 17531 17531 D Surface : lockCanvas
04-10 05:05:38.341 17531 17531 D Surface : lockCanvas
04-10 05:05:38.395 17531 17531 D Surface : lockCanvas
04-10 05:05:38.408 17531 17531 D Surface : lockCanvas
04-10 05:05:38.420 17531 17531 D Surface : lockCanvas
04-10 05:05:38.434 17531 17531 D Surface : lockCanvas
04-10 05:05:38.459 17531 17531 D Surface : lockCanvas
04-10 05:05:38.474 17531 17531 D Surface : lockCanvas
04-10 05:05:38.491 17531 17531 D Surface : lockCanvas
04-10 05:05:38.509 17531 17531 D Surface : lockCanvas
04-10 05:05:38.528 17531 17531 D Surface : lockCanvas
04-10 05:05:38.545 17531 17531 D Surface : lockCanvas
04-10 05:05:38.558 17531 17531 D Surface : lockCanvas
04-10 05:05:38.574 17531 17531 D Surface : lockCanvas
04-10 05:05:38.590 17531 17531 D Surface : lockCanvas
04-10 05:05:38.607 17531 17531 D Surface : lockCanvas
04-10 05:05:38.625 17531 17531 D Surface : lockCanvas
04-10 05:05:38.641 17531 17531 D Surface : lockCanvas
04-10 05:05:38.657 17531 17531 D Surface : lockCanvas
04-10 05:05:38.674 17531 17531 D Surface : lockCanvas
04-10 05:05:38.691 17531 17531 D Surface : lockCanvas
04-10 05:05:38.707 17531 17531 D Surface : lockCanvas
04-10 05:05:38.727 17531 17531 D Surface : lockCanvas
04-10 05:05:38.741 17531 17531 D Surface : lockCanvas
04-10 05:05:38.758 17531 17531 D Surface : lockCanvas
04-10 05:05:38.774 17531 17531 D Surface : lockCanvas
04-10 05:05:38.791 17531 17531 D Surface : lockCanvas
04-10 05:05:38.808 17531 17531 D Surface : lockCanvas
04-10 05:05:38.824 17531 17531 D Surface : lockCanvas
04-10 05:05:39.320 17531 17531 D MiuiMultiWindowAdapter:
MiuiMultiWindowAdapter::getFreeformVideoWhiteListInSystem::LIST_ABOUT_SUPPORT_LANDS
CAPE_VIDEO = [com.hunantv.imgo.activity, com.tencent.qqlive, com.qiyi.video,
com.hunantv.imgo.activity.inter, com.tencent.qqlivei18n, com.iqiyi.i18n,
tv.danmaku.bili]
04-10 05:05:39.342 17531 17531 D IS_CTS_MODE: false
04-10 05:05:39.342 17531 17531 D MULTI_WINDOW_ENABLED: false
04-10 05:05:39.343 17531 17531 D DecorView[]: getWindowModeFromSystem windowmode
is 1
04-10 05:05:39.450 17531 17531 E Adapter : Size of list 2
04-10 05:05:39.472 17531 17531 D BufferQueueConsumer: [](id:447b00000001,api:0,p:-
1,c:17531) connect: controlledByApp=false
04-10 05:05:39.545 17531 17531 D VRI[ScriptsActivity]: vri.reportNextDraw
android.view.ViewRootImpl.performTraversals:3852
android.view.ViewRootImpl.doTraversal:2587
android.view.ViewRootImpl$TraversalRunnable.run:9716
android.view.Choreographer$CallbackRecord.run:1386
android.view.Choreographer$CallbackRecord.run:1394
04-10 05:05:39.547 17531 17531 D VRI[ScriptsActivity]: vri.Setup new sync id=0
syncSeqId=0
04-10 05:05:39.547 17531 17531 D Surface : lockCanvas
04-10 05:05:39.559 17531 17531 D BLASTBufferQueue: [VRI[ScriptsActivity]#1]
(f:0,a:1) acquireNextBufferLocked size=1080x2400 mFrameNumber=1
applyTransaction=true mTimestamp=1088874236620517(auto) mPendingTransactions.size=0
graphicBufferId=75295071666180 transform=0
04-10 05:05:39.560 17531 17531 D VRI[ScriptsActivity]: vri.reportDrawFinished
syncSeqId=0 android.view.ViewRootImpl.lambda$createSyncIfNeeded$4$android-view-
ViewRootImpl:3920 android.view.ViewRootImpl$$ExternalSyntheticLambda1.run:6
android.os.Handler.handleCallback:942 android.os.Handler.dispatchMessage:99
android.os.Looper.loopOnce:211
04-10 05:05:39.560 17531 17531 D DecorView[]: onWindowFocusChanged hasWindowFocus
false
04-10 05:05:39.562 17531 17531 D Surface : lockCanvas
04-10 05:05:39.579 17531 17531 D VRI[ScriptsActivity]: vri.reportNextDraw
android.view.ViewRootImpl.handleResized:1970 android.view.ViewRootImpl.-$
$Nest$mhandleResized:0
android.view.ViewRootImpl$ViewRootHandler.handleMessageImpl:5991
android.view.ViewRootImpl$ViewRootHandler.handleMessage:5955
android.os.Handler.dispatchMessage:106
04-10 05:05:39.580 17531 17531 D VRI[ScriptsActivity]: vri.Setup new sync id=1
syncSeqId=0
04-10 05:05:39.581 17531 17531 D Surface : lockCanvas
04-10 05:05:39.595 17531 17531 D VRI[ScriptsActivity]: vri.reportDrawFinished
syncSeqId=0 android.view.ViewRootImpl.lambda$createSyncIfNeeded$4$android-view-
ViewRootImpl:3920 android.view.ViewRootImpl$$ExternalSyntheticLambda1.run:6
android.os.Handler.handleCallback:942 android.os.Handler.dispatchMessage:99
android.os.Looper.loopOnce:211
04-10 05:05:39.595 17531 17531 D DecorView[]: onWindowFocusChanged hasWindowFocus
true
04-10 05:05:39.596 17531 17531 I HandWritingStubImpl: refreshLastKeyboardType: 1
04-10 05:05:39.596 17531 17531 I HandWritingStubImpl: getCurrentKeyboardType: 1
04-10 05:05:39.603 17531 17531 D Surface : lockCanvas
04-10 05:05:39.629 17531 17531 D Surface : lockCanvas
04-10 05:05:39.644 17531 17531 D Surface : lockCanvas
04-10 05:05:39.666 17531 17531 D Surface : lockCanvas
04-10 05:05:39.682 17531 17531 D Surface : lockCanvas
04-10 05:05:39.694 17531 17531 D Surface : lockCanvas
04-10 05:05:39.712 17531 17531 D Surface : lockCanvas
04-10 05:05:40.089 17531 17531 D BLASTBufferQueue: [VRI[SplashActivity]#0](f:0,a:1)
destructor()
04-10 05:05:40.089 17531 17531 D BufferQueueConsumer: [VRI[SplashActivity]#0(BLAST
Consumer)0](id:447b00000000,api:0,p:-1,c:17531) disconnect
04-10 05:05:40.097 17531 17531 D View : [Warning] assignParent to null: this =
DecorView@c9cd827[SplashActivity]
04-10 05:05:40.371 17531 17531 W MirrorManager: this model don't Support
04-10 05:05:40.479 17531 17531 D Surface : lockCanvas
04-10 05:05:40.489 17531 17531 E RippleDrawable: The RippleDrawable.STYLE_PATTERNED
animation is not supported for a non-hardware accelerated Canvas. Skipping
animation.
04-10 05:05:40.502 17531 17531 D Surface : lockCanvas
04-10 05:05:40.510 17531 17531 E RippleDrawable: The RippleDrawable.STYLE_PATTERNED
animation is not supported for a non-hardware accelerated Canvas. Skipping
animation.
04-10 05:05:40.523 17531 17531 D Surface : lockCanvas
04-10 05:05:40.530 17531 17531 E RippleDrawable: The RippleDrawable.STYLE_PATTERNED
animation is not supported for a non-hardware accelerated Canvas. Skipping
animation.
04-10 05:05:40.532 17531 17531 D MiuiMultiWindowAdapter:
MiuiMultiWindowAdapter::getFreeformVideoWhiteListInSystem::LIST_ABOUT_SUPPORT_LANDS
CAPE_VIDEO = [com.hunantv.imgo.activity, com.tencent.qqlive, com.qiyi.video,
com.hunantv.imgo.activity.inter, com.tencent.qqlivei18n, com.iqiyi.i18n,
tv.danmaku.bili]
04-10 05:05:40.539 17531 17531 D IS_CTS_MODE: false
04-10 05:05:40.539 17531 17531 D MULTI_WINDOW_ENABLED: false
04-10 05:05:40.540 17531 17531 D DecorView[]: getWindowModeFromSystem windowmode
is 1
04-10 05:05:40.570 17531 17531 D checkwidth: 1080
04-10 05:05:40.582 17531 17531 D IS_CTS_MODE: false
04-10 05:05:40.582 17531 17531 D MULTI_WINDOW_ENABLED: false
04-10 05:05:40.624 17531 17531 D BufferQueueConsumer: [](id:447b00000002,api:0,p:-
1,c:17531) connect: controlledByApp=false
04-10 05:05:40.626 17531 17531 D VRI[ScriptDetailsActivity]: vri.reportNextDraw
android.view.ViewRootImpl.performTraversals:3852
android.view.ViewRootImpl.doTraversal:2587
android.view.ViewRootImpl$TraversalRunnable.run:9716
android.view.Choreographer$CallbackRecord.run:1386
android.view.Choreographer$CallbackRecord.run:1394
04-10 05:05:40.626 17531 17531 D VRI[ScriptDetailsActivity]: vri.Setup new sync
id=0 syncSeqId=0
04-10 05:05:40.626 17531 17531 D Surface : lockCanvas
04-10 05:05:40.630 17531 17531 D BLASTBufferQueue: [VRI[ScriptDetailsActivity]#2]
(f:0,a:1) acquireNextBufferLocked size=1200x496 mFrameNumber=1
applyTransaction=true mTimestamp=1088875307085440(auto) mPendingTransactions.size=0
graphicBufferId=75295071666184 transform=0
04-10 05:05:40.656 17531 17531 D BufferQueueConsumer: [](id:447b00000003,api:0,p:-
1,c:17531) connect: controlledByApp=false
04-10 05:05:40.659 17531 17531 W RecyclerView: No adapter attached; skipping layout
04-10 05:05:40.660 17531 17531 D VRI[ScriptDetailsActivity]: vri.reportNextDraw
android.view.ViewRootImpl.performTraversals:3852
android.view.ViewRootImpl.doTraversal:2587
android.view.ViewRootImpl$TraversalRunnable.run:9716
android.view.Choreographer$CallbackRecord.run:1386
android.view.Choreographer$CallbackRecord.run:1394
04-10 05:05:40.660 17531 17531 D VRI[ScriptDetailsActivity]: vri.Setup new sync
id=0 syncSeqId=0
04-10 05:05:40.660 17531 17531 D Surface : lockCanvas
04-10 05:05:40.680 17531 17531 D BLASTBufferQueue: [VRI[ScriptDetailsActivity]#3]
(f:0,a:1) acquireNextBufferLocked size=1080x2400 mFrameNumber=1
applyTransaction=true mTimestamp=1088875357100209(auto) mPendingTransactions.size=0
graphicBufferId=75295071666185 transform=0
04-10 05:05:40.680 17531 17531 D Surface : lockCanvas
04-10 05:05:40.688 17531 17531 E RippleDrawable: The RippleDrawable.STYLE_PATTERNED
animation is not supported for a non-hardware accelerated Canvas. Skipping
animation.
04-10 05:05:40.690 17531 17531 D VRI[ScriptDetailsActivity]: vri.reportDrawFinished
syncSeqId=0 android.view.ViewRootImpl.lambda$createSyncIfNeeded$4$android-view-
ViewRootImpl:3920 android.view.ViewRootImpl$$ExternalSyntheticLambda1.run:6
android.os.Handler.handleCallback:942 android.os.Handler.dispatchMessage:99
android.os.Looper.loopOnce:211
04-10 05:05:40.690 17531 17531 D VRI[ScriptDetailsActivity]: vri.reportDrawFinished
syncSeqId=0 android.view.ViewRootImpl.lambda$createSyncIfNeeded$4$android-view-
ViewRootImpl:3920 android.view.ViewRootImpl$$ExternalSyntheticLambda1.run:6
android.os.Handler.handleCallback:942 android.os.Handler.dispatchMessage:99
android.os.Looper.loopOnce:211
04-10 05:05:40.691 17531 17531 D DecorView[]: onWindowFocusChanged hasWindowFocus
false
04-10 05:05:40.692 17531 17531 D Surface : lockCanvas
04-10 05:05:40.699 17531 17531 D Surface : lockCanvas
04-10 05:05:40.707 17531 17531 E RippleDrawable: The RippleDrawable.STYLE_PATTERNED
animation is not supported for a non-hardware accelerated Canvas. Skipping
animation.
04-10 05:05:40.710 17531 17531 D Surface : lockCanvas
04-10 05:05:40.716 17531 17531 D Surface : lockCanvas
04-10 05:05:40.726 17531 17531 E RippleDrawable: The RippleDrawable.STYLE_PATTERNED
animation is not supported for a non-hardware accelerated Canvas. Skipping
animation.
04-10 05:05:40.731 17531 17531 D Surface : lockCanvas
04-10 05:05:40.735 17531 17531 D Surface : lockCanvas
04-10 05:05:40.754 17531 17531 E RippleDrawable: The RippleDrawable.STYLE_PATTERNED
animation is not supported for a non-hardware accelerated Canvas. Skipping
animation.
04-10 05:05:40.757 17531 17531 D Surface : lockCanvas
04-10 05:05:40.760 17531 17531 D Surface : lockCanvas
04-10 05:05:40.769 17531 17531 E RippleDrawable: The RippleDrawable.STYLE_PATTERNED
animation is not supported for a non-hardware accelerated Canvas. Skipping
animation.
04-10 05:05:40.771 17531 17531 D DecorView[]: onWindowFocusChanged hasWindowFocus
true
04-10 05:05:40.772 17531 17531 D Surface : lockCanvas
04-10 05:05:40.776 17531 17531 D Surface : lockCanvas
04-10 05:05:40.804 17531 17531 E RippleDrawable: The RippleDrawable.STYLE_PATTERNED
animation is not supported for a non-hardware accelerated Canvas. Skipping
animation.
04-10 05:05:40.807 17531 17531 D Surface : lockCanvas
04-10 05:05:40.810 17531 17531 D Surface : lockCanvas
04-10 05:05:40.822 17531 17531 E RippleDrawable: The RippleDrawable.STYLE_PATTERNED
animation is not supported for a non-hardware accelerated Canvas. Skipping
animation.
04-10 05:05:40.825 17531 17531 D Surface : lockCanvas
04-10 05:05:40.828 17531 17531 D Surface : lockCanvas
04-10 05:05:40.840 17531 17531 E RippleDrawable: The RippleDrawable.STYLE_PATTERNED
animation is not supported for a non-hardware accelerated Canvas. Skipping
animation.
04-10 05:05:40.846 17531 17531 D View : [Warning] assignParent to null: this =
DecorView@2e9aaee[ScriptDetailsActivity]
04-10 05:05:40.847 17531 17531 D BLASTBufferQueue: [VRI[ScriptDetailsActivity]#2]
(f:0,a:1) destructor()
04-10 05:05:40.847 17531 17531 D BufferQueueConsumer:
[VRI[ScriptDetailsActivity]#2(BLAST Consumer)2](id:447b00000002,api:0,p:-1,c:17531)
disconnect
04-10 05:05:40.870 17531 17531 D Surface : lockCanvas
04-10 05:05:40.894 17531 17531 D Surface : lockCanvas
04-10 05:05:40.907 17531 17531 E RippleDrawable: The RippleDrawable.STYLE_PATTERNED
animation is not supported for a non-hardware accelerated Canvas. Skipping
animation.
04-10 05:05:40.909 17531 17531 D Surface : lockCanvas
04-10 05:05:40.920 17531 17531 E RippleDrawable: The RippleDrawable.STYLE_PATTERNED
animation is not supported for a non-hardware accelerated Canvas. Skipping
animation.
04-10 05:05:40.921 17531 17531 D DecorView[]: onWindowFocusChanged hasWindowFocus
true
04-10 05:05:40.921 17531 17531 I HandWritingStubImpl: refreshLastKeyboardType: 1
04-10 05:05:40.921 17531 17531 I HandWritingStubImpl: getCurrentKeyboardType: 1
04-10 05:05:40.924 17531 17531 D Surface : lockCanvas
04-10 05:05:40.939 17531 17531 E RippleDrawable: The RippleDrawable.STYLE_PATTERNED
animation is not supported for a non-hardware accelerated Canvas. Skipping
animation.
04-10 05:05:40.942 17531 17531 D Surface : lockCanvas
04-10 05:05:40.971 17531 17531 E RippleDrawable: The RippleDrawable.STYLE_PATTERNED
animation is not supported for a non-hardware accelerated Canvas. Skipping
animation.
04-10 05:05:40.975 17531 17531 D Surface : lockCanvas
04-10 05:05:40.989 17531 17531 E RippleDrawable: The RippleDrawable.STYLE_PATTERNED
animation is not supported for a non-hardware accelerated Canvas. Skipping
animation.
04-10 05:05:40.992 17531 17531 D Surface : lockCanvas
04-10 05:05:41.006 17531 17531 E RippleDrawable: The RippleDrawable.STYLE_PATTERNED
animation is not supported for a non-hardware accelerated Canvas. Skipping
animation.
04-10 05:05:41.009 17531 17531 D Surface : lockCanvas
04-10 05:05:41.041 17531 17531 E RippleDrawable: The RippleDrawable.STYLE_PATTERNED
animation is not supported for a non-hardware accelerated Canvas. Skipping
animation.
04-10 05:05:41.044 17531 17531 D Surface : lockCanvas
04-10 05:05:41.060 17531 17531 E RippleDrawable: The RippleDrawable.STYLE_PATTERNED
animation is not supported for a non-hardware accelerated Canvas. Skipping
animation.
04-10 05:05:41.066 17531 17531 D Surface : lockCanvas
04-10 05:05:41.077 17531 17531 E RippleDrawable: The RippleDrawable.STYLE_PATTERNED
animation is not supported for a non-hardware accelerated Canvas. Skipping
animation.
04-10 05:05:41.082 17531 17531 D Surface : lockCanvas
04-10 05:05:41.108 17531 17531 E RippleDrawable: The RippleDrawable.STYLE_PATTERNED
animation is not supported for a non-hardware accelerated Canvas. Skipping
animation.
04-10 05:05:41.110 17531 17531 D Surface : lockCanvas
04-10 05:05:41.123 17531 17531 E RippleDrawable: The RippleDrawable.STYLE_PATTERNED
animation is not supported for a non-hardware accelerated Canvas. Skipping
animation.
04-10 05:05:41.125 17531 17531 D Surface : lockCanvas
04-10 05:05:41.141 17531 17531 E RippleDrawable: The RippleDrawable.STYLE_PATTERNED
animation is not supported for a non-hardware accelerated Canvas. Skipping
animation.
04-10 05:05:41.143 17531 17531 D Surface : lockCanvas
04-10 05:05:41.176 17531 17531 E RippleDrawable: The RippleDrawable.STYLE_PATTERNED
animation is not supported for a non-hardware accelerated Canvas. Skipping
animation.
04-10 05:05:41.180 17531 17531 D Surface : lockCanvas
04-10 05:05:41.200 17531 17531 E RippleDrawable: The RippleDrawable.STYLE_PATTERNED
animation is not supported for a non-hardware accelerated Canvas. Skipping
animation.
04-10 05:05:41.204 17531 17531 D Surface : lockCanvas
04-10 05:05:41.215 17531 17531 E RippleDrawable: The RippleDrawable.STYLE_PATTERNED
animation is not supported for a non-hardware accelerated Canvas. Skipping
animation.
04-10 05:05:41.235 17531 18215 D BLASTBufferQueue: [VRI[ScriptsActivity]#1]
(f:0,a:1) destructor()
04-10 05:05:41.235 17531 18215 D BufferQueueConsumer: [VRI[ScriptsActivity]#1(BLAST
Consumer)1](id:447b00000001,api:0,p:-1,c:17531) disconnect
04-10 05:05:43.367 17531 17531 D Surface : lockCanvas
04-10 05:05:43.439 17531 17531 D Surface : lockCanvas
04-10 05:05:43.467 17531 17531 D MiuiMultiWindowAdapter:
MiuiMultiWindowAdapter::getFreeformVideoWhiteListInSystem::LIST_ABOUT_SUPPORT_LANDS
CAPE_VIDEO = [com.hunantv.imgo.activity, com.tencent.qqlive, com.qiyi.video,
com.hunantv.imgo.activity.inter, com.tencent.qqlivei18n, com.iqiyi.i18n,
tv.danmaku.bili]
04-10 05:05:43.474 17531 17531 D IS_CTS_MODE: false
04-10 05:05:43.474 17531 17531 D MULTI_WINDOW_ENABLED: false
04-10 05:05:43.475 17531 17531 D DecorView[]: getWindowModeFromSystem windowmode
is 1
04-10 05:05:43.513 17531 17531 E AudioRecorder: Script data **Hook:** "Hai, para
orangtua! Apakah Anda ingin tahu cara terbaik memperkenalkan anak Anda pada
pasangan baru?"
04-10 05:05:43.513 17531 17531 E AudioRecorder:
04-10 05:05:43.513 17531 17531 E AudioRecorder: **Penjelasan:** "Memperkenalkan
anak pada pasangan baru adalah momen penting dalam kehidupan keluarga. Untuk
membuat proses ini lebih lancar, pertama-tama, pastikan anak merasa nyaman dan aman
dengan pasangan baru. Ajak anak untuk terlibat dalam aktivitas bersama untuk
memperkuat ikatan mereka. Berikan waktu pada anak untuk menyesuaikan diri dan
jangan memaksakan hubungan. Komunikasi terbuka dengan anak dan pasangan baru juga
sangat penting untuk membangun kepercayaan dan kenyamanan. Dengan pendekatan yang
tepat, memperkenalkan anak pada pasangan baru bisa menjadi pengalaman positif bagi
semua orang."
04-10 05:05:43.513 17531 17531 E AudioRecorder:
04-10 05:05:43.513 17531 17531 E AudioRecorder: **Call to Action:** "Bagikan
pengalaman Anda dalam memperkenalkan anak pada pasangan baru di komentar! Jangan
lupa untuk like, share, dan follow untuk tips lebih lanjut!" contentHeading Skrip1
04-10 05:05:43.515 17531 17531 D test : 392 788
04-10 05:05:43.515 17531 17531 D test : width= 1080 height= 2167
04-10 05:05:43.517 17531 17531 D DecorView[]: getWindowModeFromSystem windowmode
is 1
04-10 05:05:43.517 17531 17531 D DecorView[]: updateDecorCaptionStatus windowMode
is 1
04-10 05:05:43.554 17531 17531 D BufferQueueConsumer: [](id:447b00000004,api:0,p:-
1,c:17531) connect: controlledByApp=false
04-10 05:05:43.560 17531 17531 D checklines: main height =1324
04-10 05:05:43.560 17531 17531 D checklines: 63
04-10 05:05:43.560 17531 17531 D checklines: max= 1323
04-10 05:05:43.560 17531 17531 D checklines: lines = 21 onewordheight =63
textheight = 1323 totalheight700 scrollview geight = 2023
04-10 05:05:43.560 17531 17531 D VRI[AudioRecorder]: vri.reportNextDraw
android.view.ViewRootImpl.performTraversals:3852
android.view.ViewRootImpl.doTraversal:2587
android.view.ViewRootImpl$TraversalRunnable.run:9716
android.view.Choreographer$CallbackRecord.run:1386
android.view.Choreographer$CallbackRecord.run:1394
04-10 05:05:43.560 17531 17531 D VRI[AudioRecorder]: vri.Setup new sync id=0
syncSeqId=0
04-10 05:05:43.561 17531 17531 D Surface : lockCanvas
04-10 05:05:43.577 17531 17531 D BLASTBufferQueue: [VRI[AudioRecorder]#4](f:0,a:1)
acquireNextBufferLocked size=1080x2297 mFrameNumber=1 applyTransaction=true
mTimestamp=1088878253770671(auto) mPendingTransactions.size=0
graphicBufferId=75295071666189 transform=0
04-10 05:05:43.577 17531 17531 D event : 3
04-10 05:05:43.577 17531 17531 D VRI[AudioRecorder]: vri.reportDrawFinished
syncSeqId=0 android.view.ViewRootImpl.lambda$createSyncIfNeeded$4$android-view-
ViewRootImpl:3920 android.view.ViewRootImpl$$ExternalSyntheticLambda1.run:6
android.os.Handler.handleCallback:942 android.os.Handler.dispatchMessage:99
android.os.Looper.loopOnce:211
04-10 05:05:43.578 17531 17531 D DecorView[]: onWindowFocusChanged hasWindowFocus
false
04-10 05:05:43.579 17531 17531 D Surface : lockCanvas
04-10 05:05:43.594 17531 17531 D VRI[AudioRecorder]: vri.reportNextDraw
android.view.ViewRootImpl.handleResized:1970 android.view.ViewRootImpl.-$
$Nest$mhandleResized:0
android.view.ViewRootImpl$ViewRootHandler.handleMessageImpl:5991
android.view.ViewRootImpl$ViewRootHandler.handleMessage:5955
android.os.Handler.dispatchMessage:106
04-10 05:05:43.596 17531 17531 D VRI[AudioRecorder]: vri.Setup new sync id=1
syncSeqId=0
04-10 05:05:43.596 17531 17531 D Surface : lockCanvas
04-10 05:05:43.609 17531 17531 D VRI[AudioRecorder]: vri.reportDrawFinished
syncSeqId=0 android.view.ViewRootImpl.lambda$createSyncIfNeeded$4$android-view-
ViewRootImpl:3920 android.view.ViewRootImpl$$ExternalSyntheticLambda1.run:6
android.os.Handler.handleCallback:942 android.os.Handler.dispatchMessage:99
android.os.Looper.loopOnce:211
04-10 05:05:43.613 17531 17531 D Surface : lockCanvas
04-10 05:05:43.630 17531 17531 D Surface : lockCanvas
04-10 05:05:43.638 17531 17531 D DecorView[]: onWindowFocusChanged hasWindowFocus
true
04-10 05:05:43.639 17531 17531 I HandWritingStubImpl: refreshLastKeyboardType: 1
04-10 05:05:43.639 17531 17531 I HandWritingStubImpl: getCurrentKeyboardType: 1
04-10 05:05:43.647 17531 17531 D Surface : lockCanvas
04-10 05:05:43.663 17531 17531 D Surface : lockCanvas
04-10 05:05:43.680 17531 17531 D Surface : lockCanvas
04-10 05:05:43.697 17531 17531 D Surface : lockCanvas
04-10 05:05:43.714 17531 17531 D Surface : lockCanvas
04-10 05:05:43.730 17531 17531 D Surface : lockCanvas
04-10 05:05:43.746 17531 17531 D Surface : lockCanvas
04-10 05:05:43.763 17531 17531 D Surface : lockCanvas
04-10 05:05:43.780 17531 17531 D Surface : lockCanvas
04-10 05:05:43.797 17531 17531 D Surface : lockCanvas
04-10 05:05:43.813 17531 17531 D Surface : lockCanvas
04-10 05:05:43.830 17531 17531 D Surface : lockCanvas
04-10 05:05:43.846 17531 17531 D Surface : lockCanvas
04-10 05:05:43.863 17531 17531 D Surface : lockCanvas
04-10 05:05:43.880 17531 17531 D Surface : lockCanvas
04-10 05:05:43.897 17531 17531 D Surface : lockCanvas
04-10 05:05:43.913 17531 17531 D Surface : lockCanvas
04-10 05:05:43.930 17531 17531 D Surface : lockCanvas
04-10 05:05:43.948 17531 17531 D Surface : lockCanvas
04-10 05:05:43.964 17531 17531 D Surface : lockCanvas
04-10 05:05:43.981 17531 17531 D Surface : lockCanvas
04-10 05:05:43.998 17531 17531 D Surface : lockCanvas
04-10 05:05:44.013 17531 17531 D Surface : lockCanvas
04-10 05:05:44.030 17531 17531 D Surface : lockCanvas
04-10 05:05:44.048 17531 17531 D Surface : lockCanvas
04-10 05:05:44.066 17531 17531 D Surface : lockCanvas
04-10 05:05:44.081 17531 17531 D Surface : lockCanvas
04-10 05:05:44.097 17531 17531 D Surface : lockCanvas
04-10 05:05:44.110 17531 17531 D BLASTBufferQueue: [VRI[ScriptDetailsActivity]#3]
(f:0,a:1) destructor()
04-10 05:05:44.110 17531 17531 D BufferQueueConsumer:
[VRI[ScriptDetailsActivity]#3(BLAST Consumer)3](id:447b00000003,api:0,p:-1,c:17531)
disconnect
04-10 05:05:44.114 17531 17531 D Surface : lockCanvas
04-10 05:05:44.131 17531 17531 D Surface : lockCanvas
04-10 05:05:44.147 17531 17531 D Surface : lockCanvas
04-10 05:05:44.164 17531 17531 D Surface : lockCanvas
04-10 05:05:44.180 17531 17531 D Surface : lockCanvas
04-10 05:05:44.197 17531 17531 D Surface : lockCanvas
04-10 05:05:44.215 17531 17531 D Surface : lockCanvas
04-10 05:05:44.231 17531 17531 D Surface : lockCanvas
04-10 05:05:44.247 17531 17531 D Surface : lockCanvas
04-10 05:05:44.264 17531 17531 D Surface : lockCanvas
04-10 05:05:44.280 17531 17531 D Surface : lockCanvas
04-10 05:05:44.297 17531 17531 D Surface : lockCanvas
04-10 05:05:44.314 17531 17531 D Surface : lockCanvas
04-10 05:05:44.331 17531 17531 D Surface : lockCanvas
04-10 05:05:44.347 17531 17531 D Surface : lockCanvas
04-10 05:05:44.364 17531 17531 D Surface : lockCanvas
04-10 05:05:44.381 17531 17531 D Surface : lockCanvas
04-10 05:05:44.397 17531 17531 D Surface : lockCanvas
04-10 05:05:44.414 17531 17531 D Surface : lockCanvas
04-10 05:05:44.431 17531 17531 D Surface : lockCanvas
04-10 05:05:44.448 17531 17531 D Surface : lockCanvas
04-10 05:05:44.472 17531 17531 D Surface : lockCanvas
04-10 05:05:44.481 17531 17531 D Surface : lockCanvas
04-10 05:05:44.498 17531 17531 D Surface : lockCanvas
04-10 05:05:44.514 17531 17531 D Surface : lockCanvas
04-10 05:05:44.531 17531 17531 D Surface : lockCanvas
04-10 05:05:44.548 17531 17531 D Surface : lockCanvas
04-10 05:05:44.565 17531 17531 D Surface : lockCanvas
04-10 05:05:44.581 17531 17531 D Surface : lockCanvas
04-10 05:05:44.598 17531 17531 D Surface : lockCanvas
04-10 05:05:44.615 17531 17531 D Surface : lockCanvas
04-10 05:05:44.632 17531 17531 D Surface : lockCanvas
04-10 05:05:44.648 17531 17531 D Surface : lockCanvas
04-10 05:05:44.665 17531 17531 D Surface : lockCanvas
04-10 05:05:44.682 17531 17531 D Surface : lockCanvas
04-10 05:05:44.698 17531 17531 D Surface : lockCanvas
04-10 05:05:44.715 17531 17531 D Surface : lockCanvas
04-10 05:05:44.732 17531 17531 D Surface : lockCanvas
04-10 05:05:44.748 17531 17531 D Surface : lockCanvas
04-10 05:05:44.765 17531 17531 D Surface : lockCanvas
04-10 05:05:44.782 17531 17531 D Surface : lockCanvas
04-10 05:05:44.798 17531 17531 D Surface : lockCanvas
04-10 05:05:44.815 17531 17531 D Surface : lockCanvas
04-10 05:05:44.832 17531 17531 D Surface : lockCanvas
04-10 05:05:44.848 17531 17531 D Surface : lockCanvas
04-10 05:05:44.865 17531 17531 D Surface : lockCanvas
04-10 05:05:44.882 17531 17531 D Surface : lockCanvas
04-10 05:05:44.899 17531 17531 D Surface : lockCanvas
04-10 05:05:44.915 17531 17531 D Surface : lockCanvas
04-10 05:05:44.932 17531 17531 D Surface : lockCanvas
04-10 05:05:44.949 17531 17531 D Surface : lockCanvas
04-10 05:05:44.965 17531 17531 D Surface : lockCanvas
04-10 05:05:44.982 17531 17531 D Surface : lockCanvas
04-10 05:05:44.999 17531 17531 D Surface : lockCanvas
04-10 05:05:45.016 17531 17531 D Surface : lockCanvas
04-10 05:05:45.032 17531 17531 D Surface : lockCanvas
04-10 05:05:45.049 17531 17531 D Surface : lockCanvas
04-10 05:05:45.066 17531 17531 D Surface : lockCanvas
04-10 05:05:45.083 17531 17531 D Surface : lockCanvas
04-10 05:05:45.099 17531 17531 D Surface : lockCanvas
04-10 05:05:45.116 17531 17531 D Surface : lockCanvas
04-10 05:05:45.133 17531 17531 D Surface : lockCanvas
04-10 05:05:45.149 17531 17531 D Surface : lockCanvas
04-10 05:05:45.166 17531 17531 D Surface : lockCanvas
04-10 05:05:45.183 17531 17531 D Surface : lockCanvas
04-10 05:05:45.199 17531 17531 D Surface : lockCanvas
04-10 05:05:45.216 17531 17531 D Surface : lockCanvas
04-10 05:05:45.233 17531 17531 D Surface : lockCanvas
04-10 05:05:45.249 17531 17531 D Surface : lockCanvas
04-10 05:05:45.266 17531 17531 D Surface : lockCanvas
04-10 05:05:45.283 17531 17531 D Surface : lockCanvas
04-10 05:05:45.300 17531 17531 D Surface : lockCanvas
04-10 05:05:45.316 17531 17531 D Surface : lockCanvas
04-10 05:05:45.333 17531 17531 D Surface : lockCanvas
04-10 05:05:45.350 17531 17531 D Surface : lockCanvas
04-10 05:05:45.366 17531 17531 D Surface : lockCanvas
04-10 05:05:45.383 17531 17531 D Surface : lockCanvas
04-10 05:05:45.400 17531 17531 D Surface : lockCanvas
04-10 05:05:45.417 17531 17531 D Surface : lockCanvas
04-10 05:05:45.433 17531 17531 D Surface : lockCanvas
04-10 05:05:45.450 17531 17531 D Surface : lockCanvas
04-10 05:05:45.468 17531 17531 D Surface : lockCanvas
04-10 05:05:45.484 17531 17531 D Surface : lockCanvas
04-10 05:05:45.500 17531 17531 D Surface : lockCanvas
04-10 05:05:45.517 17531 17531 D Surface : lockCanvas
04-10 05:05:45.534 17531 17531 D Surface : lockCanvas
04-10 05:05:45.550 17531 17531 D Surface : lockCanvas
04-10 05:05:45.567 17531 17531 D Surface : lockCanvas
04-10 05:05:45.584 17531 17531 D Surface : lockCanvas
04-10 05:05:45.600 17531 17531 D Surface : lockCanvas
04-10 05:05:45.617 17531 17531 D Surface : lockCanvas
04-10 05:05:45.634 17531 17531 D Surface : lockCanvas
04-10 05:05:45.651 17531 17531 D Surface : lockCanvas
04-10 05:05:45.667 17531 17531 D Surface : lockCanvas
04-10 05:05:45.684 17531 17531 D Surface : lockCanvas
04-10 05:05:45.701 17531 17531 D Surface : lockCanvas
04-10 05:05:45.718 17531 17531 D Surface : lockCanvas
04-10 05:05:45.734 17531 17531 D Surface : lockCanvas
04-10 05:05:45.751 17531 17531 D Surface : lockCanvas
04-10 05:05:45.767 17531 17531 D Surface : lockCanvas
04-10 05:05:45.784 17531 17531 D Surface : lockCanvas
04-10 05:05:45.801 17531 17531 D Surface : lockCanvas
04-10 05:05:45.818 17531 17531 D Surface : lockCanvas
04-10 05:05:45.834 17531 17531 D Surface : lockCanvas
04-10 05:05:45.851 17531 17531 D Surface : lockCanvas
04-10 05:05:45.868 17531 17531 D Surface : lockCanvas
04-10 05:05:45.885 17531 17531 D Surface : lockCanvas
04-10 05:05:45.901 17531 17531 D Surface : lockCanvas
04-10 05:05:45.918 17531 17531 D Surface : lockCanvas
04-10 05:05:45.934 17531 17531 D Surface : lockCanvas
04-10 05:05:45.951 17531 17531 D Surface : lockCanvas
04-10 05:05:45.968 17531 17531 D Surface : lockCanvas
04-10 05:05:45.985 17531 17531 D Surface : lockCanvas
04-10 05:05:46.001 17531 17531 D Surface : lockCanvas
04-10 05:05:46.018 17531 17531 D Surface : lockCanvas
04-10 05:05:46.035 17531 17531 D Surface : lockCanvas
04-10 05:05:46.051 17531 17531 D Surface : lockCanvas
04-10 05:05:46.068 17531 17531 D Surface : lockCanvas
04-10 05:05:46.085 17531 17531 D Surface : lockCanvas
04-10 05:05:46.102 17531 17531 D Surface : lockCanvas
04-10 05:05:46.118 17531 17531 D Surface : lockCanvas
04-10 05:05:46.136 17531 17531 D Surface : lockCanvas
04-10 05:05:46.152 17531 17531 D Surface : lockCanvas
04-10 05:05:46.170 17531 17531 D Surface : lockCanvas
04-10 05:05:46.185 17531 17531 D Surface : lockCanvas
04-10 05:05:46.202 17531 17531 D Surface : lockCanvas
04-10 05:05:46.219 17531 17531 D Surface : lockCanvas
04-10 05:05:46.236 17531 17531 D Surface : lockCanvas
04-10 05:05:46.254 17531 17531 D Surface : lockCanvas
04-10 05:05:46.269 17531 17531 D Surface : lockCanvas
04-10 05:05:46.288 17531 17531 D Surface : lockCanvas
04-10 05:05:46.302 17531 17531 D Surface : lockCanvas
04-10 05:05:46.319 17531 17531 D Surface : lockCanvas
04-10 05:05:46.337 17531 17531 D Surface : lockCanvas
04-10 05:05:46.352 17531 17531 D Surface : lockCanvas
04-10 05:05:46.369 17531 17531 D Surface : lockCanvas
04-10 05:05:46.386 17531 17531 D Surface : lockCanvas
04-10 05:05:46.403 17531 17531 D Surface : lockCanvas
04-10 05:05:46.421 17531 17531 D Surface : lockCanvas
04-10 05:05:46.436 17531 17531 D Surface : lockCanvas
04-10 05:05:46.453 17531 17531 D Surface : lockCanvas
04-10 05:05:46.470 17531 17531 D Surface : lockCanvas
04-10 05:05:46.486 17531 17531 D Surface : lockCanvas
04-10 05:05:46.503 17531 17531 D Surface : lockCanvas
04-10 05:05:46.519 17531 17531 D Surface : lockCanvas
04-10 05:05:46.536 17531 17531 D Surface : lockCanvas
04-10 05:05:46.553 17531 17531 D Surface : lockCanvas
04-10 05:05:46.569 17531 17531 D Surface : lockCanvas
04-10 05:05:46.586 17531 17531 D Surface : lockCanvas
04-10 05:05:46.603 17531 17531 D Surface : lockCanvas
04-10 05:05:46.620 17531 17531 D Surface : lockCanvas
04-10 05:05:46.636 17531 17531 D Surface : lockCanvas
04-10 05:05:46.653 17531 17531 D Surface : lockCanvas
04-10 05:05:46.670 17531 17531 D Surface : lockCanvas
04-10 05:05:46.686 17531 17531 D Surface : lockCanvas
04-10 05:05:46.703 17531 17531 D Surface : lockCanvas
04-10 05:05:46.720 17531 17531 D Surface : lockCanvas
04-10 05:05:46.738 17531 17531 D Surface : lockCanvas
04-10 05:05:46.753 17531 17531 D Surface : lockCanvas
04-10 05:05:46.770 17531 17531 D Surface : lockCanvas
04-10 05:05:46.786 17531 17531 D Surface : lockCanvas
04-10 05:05:46.803 17531 17531 D Surface : lockCanvas
04-10 05:05:46.820 17531 17531 D Surface : lockCanvas
04-10 05:05:46.837 17531 17531 D Surface : lockCanvas
04-10 05:05:46.853 17531 17531 D Surface : lockCanvas
04-10 05:05:46.870 17531 17531 D Surface : lockCanvas
04-10 05:05:46.887 17531 17531 D Surface : lockCanvas
04-10 05:05:46.904 17531 17531 D Surface : lockCanvas
04-10 05:05:46.920 17531 17531 D Surface : lockCanvas
04-10 05:05:46.937 17531 17531 D Surface : lockCanvas
04-10 05:05:46.954 17531 17531 D Surface : lockCanvas
04-10 05:05:46.971 17531 17531 D Surface : lockCanvas
04-10 05:05:46.987 17531 17531 D Surface : lockCanvas
04-10 05:05:47.004 17531 17531 D Surface : lockCanvas
04-10 05:05:47.020 17531 17531 D Surface : lockCanvas
04-10 05:05:47.037 17531 17531 D Surface : lockCanvas
04-10 05:05:47.054 17531 17531 D Surface : lockCanvas
04-10 05:05:47.071 17531 17531 D Surface : lockCanvas
04-10 05:05:47.087 17531 17531 D Surface : lockCanvas
04-10 05:05:47.104 17531 17531 D Surface : lockCanvas
04-10 05:05:47.121 17531 17531 D Surface : lockCanvas
04-10 05:05:47.137 17531 17531 D Surface : lockCanvas
04-10 05:05:47.155 17531 17531 D Surface : lockCanvas
04-10 05:05:47.171 17531 17531 D Surface : lockCanvas
04-10 05:05:47.188 17531 17531 D Surface : lockCanvas
04-10 05:05:47.205 17531 17531 D Surface : lockCanvas
04-10 05:05:47.221 17531 17531 D Surface : lockCanvas
04-10 05:05:47.238 17531 17531 D Surface : lockCanvas
04-10 05:05:47.254 17531 17531 D Surface : lockCanvas
04-10 05:05:47.271 17531 17531 D Surface : lockCanvas
04-10 05:05:47.288 17531 17531 D Surface : lockCanvas
04-10 05:05:47.304 17531 17531 D Surface : lockCanvas
04-10 05:05:47.321 17531 17531 D Surface : lockCanvas
04-10 05:05:47.338 17531 17531 D Surface : lockCanvas
04-10 05:05:47.355 17531 17531 D Surface : lockCanvas
04-10 05:05:47.371 17531 17531 D Surface : lockCanvas
04-10 05:05:47.388 17531 17531 D Surface : lockCanvas
04-10 05:05:47.405 17531 17531 D Surface : lockCanvas
04-10 05:05:47.421 17531 17531 D Surface : lockCanvas
04-10 05:05:47.438 17531 17531 D Surface : lockCanvas
04-10 05:05:47.455 17531 17531 D Surface : lockCanvas
04-10 05:05:47.472 17531 17531 D Surface : lockCanvas
04-10 05:05:47.488 17531 17531 D Surface : lockCanvas
04-10 05:05:47.505 17531 17531 D Surface : lockCanvas
04-10 05:05:47.522 17531 17531 D Surface : lockCanvas
04-10 05:05:47.538 17531 17531 D Surface : lockCanvas
04-10 05:05:47.555 17531 17531 D Surface : lockCanvas
04-10 05:05:47.572 17531 17531 D Surface : lockCanvas
04-10 05:05:47.588 17531 17531 D Surface : lockCanvas
04-10 05:05:47.605 17531 17531 D Surface : lockCanvas
04-10 05:05:47.622 17531 17531 D Surface : lockCanvas
04-10 05:05:47.638 17531 17531 D Surface : lockCanvas
04-10 05:05:47.656 17531 17531 D Surface : lockCanvas
04-10 05:05:47.672 17531 17531 D Surface : lockCanvas
04-10 05:05:47.689 17531 17531 D Surface : lockCanvas
04-10 05:05:47.705 17531 17531 D Surface : lockCanvas
04-10 05:05:47.722 17531 17531 D Surface : lockCanvas
04-10 05:05:47.739 17531 17531 D Surface : lockCanvas
04-10 05:05:47.755 17531 17531 D Surface : lockCanvas
04-10 05:05:47.772 17531 17531 D Surface : lockCanvas
04-10 05:05:47.789 17531 17531 D Surface : lockCanvas
04-10 05:05:47.806 17531 17531 D Surface : lockCanvas
04-10 05:05:47.822 17531 17531 D Surface : lockCanvas
04-10 05:05:47.839 17531 17531 D Surface : lockCanvas
04-10 05:05:47.856 17531 17531 D Surface : lockCanvas
04-10 05:05:47.872 17531 17531 D Surface : lockCanvas
04-10 05:05:47.889 17531 17531 D Surface : lockCanvas
04-10 05:05:47.906 17531 17531 D Surface : lockCanvas
04-10 05:05:47.922 17531 17531 D Surface : lockCanvas
04-10 05:05:47.939 17531 17531 D Surface : lockCanvas
04-10 05:05:47.956 17531 17531 D Surface : lockCanvas
04-10 05:05:47.973 17531 17531 D Surface : lockCanvas
04-10 05:05:47.989 17531 17531 D Surface : lockCanvas
04-10 05:05:48.006 17531 17531 D Surface : lockCanvas
04-10 05:05:48.023 17531 17531 D Surface : lockCanvas
04-10 05:05:48.039 17531 17531 D Surface : lockCanvas
04-10 05:05:48.056 17531 17531 D Surface : lockCanvas
04-10 05:05:48.073 17531 17531 D Surface : lockCanvas
04-10 05:05:48.090 17531 17531 D Surface : lockCanvas
04-10 05:05:48.106 17531 17531 D Surface : lockCanvas
04-10 05:05:48.124 17531 17531 D Surface : lockCanvas
04-10 05:05:48.140 17531 17531 D Surface : lockCanvas
04-10 05:05:48.156 17531 17531 D Surface : lockCanvas
04-10 05:05:48.173 17531 17531 D Surface : lockCanvas
04-10 05:05:48.190 17531 17531 D Surface : lockCanvas
04-10 05:05:48.206 17531 17531 D Surface : lockCanvas
04-10 05:05:48.224 17531 17531 D Surface : lockCanvas
04-10 05:05:48.240 17531 17531 D Surface : lockCanvas
04-10 05:05:48.257 17531 17531 D Surface : lockCanvas
04-10 05:05:48.273 17531 17531 D Surface : lockCanvas
04-10 05:05:48.290 17531 17531 D Surface : lockCanvas
04-10 05:05:48.307 17531 17531 D Surface : lockCanvas
04-10 05:05:48.315 17531 17531 D DecorView[]: onWindowFocusChanged hasWindowFocus
false
04-10 05:05:48.324 17531 17531 D Surface : lockCanvas
04-10 05:05:48.340 17531 17531 D Surface : lockCanvas
04-10 05:05:48.357 17531 17531 D Surface : lockCanvas
04-10 05:05:48.374 17531 17531 D Surface : lockCanvas
04-10 05:05:48.390 17531 17531 D Surface : lockCanvas
04-10 05:05:48.407 17531 17531 D Surface : lockCanvas
04-10 05:05:48.424 17531 17531 D Surface : lockCanvas
04-10 05:05:48.432 17531 17531 D DecorView[]: onWindowFocusChanged hasWindowFocus
true
04-10 05:05:48.433 17531 17531 I HandWritingStubImpl: refreshLastKeyboardType: 1
04-10 05:05:48.433 17531 17531 I HandWritingStubImpl: getCurrentKeyboardType: 1
04-10 05:05:48.441 17531 17531 D Surface : lockCanvas
04-10 05:05:48.458 17531 17531 D Surface : lockCanvas
04-10 05:05:48.475 17531 17531 D Surface : lockCanvas
04-10 05:05:48.491 17531 17531 D Surface : lockCanvas
04-10 05:05:48.507 17531 17531 D Surface : lockCanvas
04-10 05:05:48.524 17531 17531 D Surface : lockCanvas
04-10 05:05:48.541 17531 17531 D Surface : lockCanvas
04-10 05:05:48.557 17531 17531 D Surface : lockCanvas
04-10 05:05:48.574 17531 17531 D Surface : lockCanvas
04-10 05:05:48.591 17531 17531 D Surface : lockCanvas
04-10 05:05:48.607 17531 17531 D Surface : lockCanvas
04-10 05:05:48.624 17531 17531 D Surface : lockCanvas
04-10 05:05:48.641 17531 17531 D Surface : lockCanvas
04-10 05:05:48.658 17531 17531 D Surface : lockCanvas
04-10 05:05:48.674 17531 17531 D Surface : lockCanvas
04-10 05:05:48.691 17531 17531 D Surface : lockCanvas
04-10 05:05:48.708 17531 17531 D Surface : lockCanvas
04-10 05:05:48.724 17531 17531 D Surface : lockCanvas
04-10 05:05:48.741 17531 17531 D Surface : lockCanvas
04-10 05:05:48.758 17531 17531 D Surface : lockCanvas
04-10 05:05:48.775 17531 17531 D Surface : lockCanvas
04-10 05:05:48.791 17531 17531 D Surface : lockCanvas
04-10 05:05:48.808 17531 17531 D Surface : lockCanvas
04-10 05:05:48.825 17531 17531 D Surface : lockCanvas
04-10 05:05:48.841 17531 17531 D Surface : lockCanvas
04-10 05:05:48.858 17531 17531 D Surface : lockCanvas
04-10 05:05:48.875 17531 17531 D Surface : lockCanvas
04-10 05:05:48.891 17531 17531 D Surface : lockCanvas
04-10 05:05:48.908 17531 17531 D Surface : lockCanvas
04-10 05:05:48.925 17531 17531 D Surface : lockCanvas
04-10 05:05:48.942 17531 17531 D Surface : lockCanvas
04-10 05:05:48.958 17531 17531 D Surface : lockCanvas
04-10 05:05:48.975 17531 17531 D Surface : lockCanvas
04-10 05:05:48.992 17531 17531 D Surface : lockCanvas
04-10 05:05:49.008 17531 17531 D Surface : lockCanvas
04-10 05:05:49.025 17531 17531 D Surface : lockCanvas
04-10 05:05:49.042 17531 17531 D Surface : lockCanvas
04-10 05:05:49.059 17531 17531 D Surface : lockCanvas
04-10 05:05:49.075 17531 17531 D Surface : lockCanvas
04-10 05:05:49.092 17531 17531 D Surface : lockCanvas
04-10 05:05:49.109 17531 17531 D Surface : lockCanvas
04-10 05:05:49.125 17531 17531 D Surface : lockCanvas
04-10 05:05:49.142 17531 17531 D Surface : lockCanvas
04-10 05:05:49.159 17531 17531 D Surface : lockCanvas
04-10 05:05:49.176 17531 17531 D Surface : lockCanvas
04-10 05:05:49.192 17531 17531 D Surface : lockCanvas
04-10 05:05:49.209 17531 17531 D Surface : lockCanvas
04-10 05:05:49.226 17531 17531 D Surface : lockCanvas
04-10 05:05:49.242 17531 17531 D Surface : lockCanvas
04-10 05:05:49.259 17531 17531 D Surface : lockCanvas
04-10 05:05:49.276 17531 17531 D Surface : lockCanvas
04-10 05:05:49.292 17531 17531 D Surface : lockCanvas
04-10 05:05:49.309 17531 17531 D Surface : lockCanvas
04-10 05:05:49.326 17531 17531 D Surface : lockCanvas
04-10 05:05:49.343 17531 17531 D Surface : lockCanvas
04-10 05:05:49.359 17531 17531 D Surface : lockCanvas
04-10 05:05:49.376 17531 17531 D Surface : lockCanvas
