04-10 05:07:49.162 17531 17531 D Surface : lockCanvas
04-10 05:07:49.178 17531 17531 D Surface : lockCanvas
04-10 05:07:49.189 17531 17531 D checklines: moveScrollView to 1 to 1323 : 280
04-10 05:07:49.195 17531 17531 D Surface : lockCanvas
04-10 05:07:49.212 17531 18063 I libPerfCtl: fbcNotifySbeRescue ret=-1
04-10 05:07:49.214 17531 17531 D Surface : lockCanvas
04-10 05:07:49.224 17531 17531 D checklines: moveScrollView to 1 to 1323 : 281
04-10 05:07:49.228 17531 17531 D Surface : lockCanvas
04-10 05:07:49.245 17531 17531 D Surface : lockCanvas
04-10 05:07:49.269 17531 17531 D checklines: moveScrollView to 1 to 1323 : 282
04-10 05:07:49.279 17531 17531 D Surface : lockCanvas
04-10 05:07:49.294 17531 18063 I libPerfCtl: fbcNotifySbeRescue ret=-1
04-10 05:07:49.296 17531 17531 D checklines: moveScrollView to 1 to 1323 : 283
04-10 05:07:49.297 17531 17531 D Surface : lockCanvas
04-10 05:07:49.312 17531 17531 D Surface : lockCanvas
04-10 05:07:49.322 17531 17531 D checklines: moveScrollView to 1 to 1323 : 284
04-10 05:07:49.329 17531 17531 D Surface : lockCanvas
04-10 05:07:49.345 17531 17531 D Surface : lockCanvas
04-10 05:07:49.355 17531 17531 D checklines: moveScrollView to 1 to 1323 : 285
04-10 05:07:49.362 17531 17531 D Surface : lockCanvas
04-10 05:07:49.378 17531 17531 D Surface : lockCanvas
04-10 05:07:49.388 17531 17531 D checklines: moveScrollView to 1 to 1323 : 286
04-10 05:07:49.396 17531 17531 D Surface : lockCanvas
04-10 05:07:49.412 17531 17531 D Surface : lockCanvas
04-10 05:07:49.424 17531 17531 D checklines: moveScrollView to 1 to 1323 : 287
04-10 05:07:49.429 17531 17531 D Surface : lockCanvas
04-10 05:07:49.444 17531 18063 I libPerfCtl: fbcNotifySbeRescue ret=-1
04-10 05:07:49.445 17531 17531 D Surface : lockCanvas
04-10 05:07:49.455 17531 17531 D checklines: moveScrollView to 1 to 1323 : 288
04-10 05:07:49.462 17531 17531 D Surface : lockCanvas
04-10 05:07:49.479 17531 17531 D Surface : lockCanvas
04-10 05:07:49.496 17531 17531 D Surface : lockCanvas
04-10 05:07:49.505 17531 17531 D checklines: moveScrollView to 1 to 1323 : 289
04-10 05:07:49.512 17531 17531 D Surface : lockCanvas
04-10 05:07:49.528 17531 17531 D Surface : lockCanvas
04-10 05:07:49.535 17531 17531 D checklines: moveScrollView to 1 to 1323 : 290
04-10 05:07:49.545 17531 17531 D Surface : lockCanvas
04-10 05:07:49.562 17531 17531 D Surface : lockCanvas
04-10 05:07:49.574 17531 17531 D checklines: moveScrollView to 1 to 1323 : 291
04-10 05:07:49.578 17531 17531 D Surface : lockCanvas
04-10 05:07:49.595 17531 17531 D Surface : lockCanvas
04-10 05:07:49.602 17531 17531 D checklines: moveScrollView to 1 to 1323 : 292
04-10 05:07:49.612 17531 17531 D Surface : lockCanvas
04-10 05:07:49.628 17531 17531 D Surface : lockCanvas
04-10 05:07:49.635 17531 17531 D checklines: moveScrollView to 1 to 1323 : 293
04-10 05:07:49.645 17531 17531 D Surface : lockCanvas
04-10 05:07:49.662 17531 17531 D Surface : lockCanvas
04-10 05:07:49.671 17531 17531 D checklines: moveScrollView to 1 to 1323 : 294
04-10 05:07:49.679 17531 17531 D Surface : lockCanvas
04-10 05:07:49.697 17531 17531 D Surface : lockCanvas
04-10 05:07:49.706 17531 17531 D checklines: moveScrollView to 1 to 1323 : 295
04-10 05:07:49.713 17531 17531 D Surface : lockCanvas
04-10 05:07:49.729 17531 17531 D Surface : lockCanvas
04-10 05:07:49.739 17531 17531 D checklines: moveScrollView to 1 to 1323 : 296
04-10 05:07:49.746 17531 17531 D Surface : lockCanvas
04-10 05:07:49.764 17531 17531 D Surface : lockCanvas
04-10 05:07:49.774 17531 17531 D checklines: moveScrollView to 1 to 1323 : 297
04-10 05:07:49.780 17531 17531 D Surface : lockCanvas
04-10 05:07:49.795 17531 18063 I libPerfCtl: fbcNotifySbeRescue ret=-1
04-10 05:07:49.796 17531 17531 D Surface : lockCanvas
04-10 05:07:49.794 17531 17531 W FramePolicy: type=1400 audit(0.0:1278243): avc:
denied { ioctl } for path="/proc/perfmgr/perf_ioctl" dev="proc" ino=4026533141
ioctlcmd=0x6716 scontext=u:r:untrusted_app:s0:c29,c260,c512,c768
tcontext=u:object_r:proc_perfmgr:s0 tclass=file permissive=0
app=com.corepix.videorecording
04-10 05:07:49.806 17531 17531 D checklines: moveScrollView to 1 to 1323 : 298
04-10 05:07:49.813 17531 17531 D Surface : lockCanvas
04-10 05:07:49.832 17531 17531 D Surface : lockCanvas
04-10 05:07:49.842 17531 17531 D checklines: moveScrollView to 1 to 1323 : 299
04-10 05:07:49.846 17531 17531 D Surface : lockCanvas
04-10 05:07:49.863 17531 17531 D Surface : lockCanvas
04-10 05:07:49.880 17531 17531 D Surface : lockCanvas
04-10 05:07:49.891 17531 17531 D checklines: moveScrollView to 1 to 1323 : 300
04-10 05:07:49.897 17531 17531 D Surface : lockCanvas
04-10 05:07:49.913 17531 18063 I libPerfCtl: fbcNotifySbeRescue ret=-1
04-10 05:07:49.910 17531 17531 W FramePolicy: type=1400 audit(0.0:1278244): avc:
denied { ioctl } for path="/proc/perfmgr/perf_ioctl" dev="proc" ino=4026533141
ioctlcmd=0x6716 scontext=u:r:untrusted_app:s0:c29,c260,c512,c768
tcontext=u:object_r:proc_perfmgr:s0 tclass=file permissive=0
app=com.corepix.videorecording
04-10 05:07:49.914 17531 17531 D Surface : lockCanvas
04-10 05:07:49.924 17531 17531 D checklines: moveScrollView to 1 to 1323 : 301
04-10 05:07:49.930 17531 17531 D Surface : lockCanvas
04-10 05:07:49.946 17531 17531 D Surface : lockCanvas
04-10 05:07:49.957 17531 17531 D checklines: moveScrollView to 1 to 1323 : 302
04-10 05:07:49.964 17531 17531 D Surface : lockCanvas
04-10 05:07:49.980 17531 17531 D Surface : lockCanvas
04-10 05:07:49.990 17531 17531 D checklines: moveScrollView to 1 to 1323 : 303
04-10 05:07:49.997 17531 17531 D Surface : lockCanvas
04-10 05:07:50.013 17531 17531 D Surface : lockCanvas
04-10 05:07:50.024 17531 17531 D checklines: moveScrollView to 1 to 1323 : 304
04-10 05:07:50.030 17531 17531 D Surface : lockCanvas
04-10 05:07:50.047 17531 17531 D Surface : lockCanvas
04-10 05:07:50.056 17531 17531 D checklines: moveScrollView to 1 to 1323 : 305
04-10 05:07:50.064 17531 17531 D Surface : lockCanvas
04-10 05:07:50.080 17531 17531 D Surface : lockCanvas
04-10 05:07:50.091 17531 17531 D checklines: moveScrollView to 1 to 1323 : 306
04-10 05:07:50.097 17531 17531 D Surface : lockCanvas
04-10 05:07:50.113 17531 17531 D Surface : lockCanvas
04-10 05:07:50.131 17531 17531 D Surface : lockCanvas
04-10 05:07:50.141 17531 17531 D checklines: moveScrollView to 1 to 1323 : 307
04-10 05:07:50.148 17531 17531 D Surface : lockCanvas
04-10 05:07:50.166 17531 17531 D checklines: moveScrollView to 1 to 1323 : 308
04-10 05:07:50.167 17531 17531 D Surface : lockCanvas
04-10 05:07:50.183 17531 17531 D Surface : lockCanvas
04-10 05:07:50.197 17531 17531 D Surface : lockCanvas
04-10 05:07:50.222 17531 17531 D checklines: moveScrollView to 1 to 1323 : 309
04-10 05:07:50.231 17531 17531 D Surface : lockCanvas
04-10 05:07:50.249 17531 17531 D checklines: moveScrollView to 1 to 1323 : 310
04-10 05:07:50.249 17531 17531 D Surface : lockCanvas
04-10 05:07:50.265 17531 17531 D Surface : lockCanvas
04-10 05:07:50.274 17531 17531 D checklines: moveScrollView to 1 to 1323 : 311
04-10 05:07:50.281 17531 17531 D Surface : lockCanvas
04-10 05:07:50.311 17531 17531 D checklines: moveScrollView to 1 to 1323 : 312
04-10 05:07:50.314 17531 17531 D Surface : lockCanvas
04-10 05:07:50.331 17531 17531 D Surface : lockCanvas
04-10 05:07:50.341 17531 17531 D checklines: moveScrollView to 1 to 1323 : 313
04-10 05:07:50.348 17531 17531 D Surface : lockCanvas
04-10 05:07:50.364 17531 17531 D Surface : lockCanvas
04-10 05:07:50.374 17531 17531 D checklines: moveScrollView to 1 to 1323 : 314
04-10 05:07:50.381 17531 17531 D Surface : lockCanvas
04-10 05:07:50.398 17531 17531 D Surface : lockCanvas
04-10 05:07:50.408 17531 17531 D checklines: moveScrollView to 1 to 1323 : 315
04-10 05:07:50.415 17531 17531 D Surface : lockCanvas
04-10 05:07:50.432 17531 17531 D Surface : lockCanvas
04-10 05:07:50.442 17531 17531 D checklines: moveScrollView to 1 to 1323 : 316
04-10 05:07:50.448 17531 17531 D Surface : lockCanvas
04-10 05:07:50.465 17531 17531 D Surface : lockCanvas
04-10 05:07:50.481 17531 17531 D Surface : lockCanvas
04-10 05:07:50.491 17531 17531 D checklines: moveScrollView to 1 to 1323 : 317
04-10 05:07:50.498 17531 17531 D Surface : lockCanvas
04-10 05:07:50.514 17531 17531 D Surface : lockCanvas
04-10 05:07:50.524 17531 17531 D checklines: moveScrollView to 1 to 1323 : 318
04-10 05:07:50.531 17531 17531 D Surface : lockCanvas
04-10 05:07:50.548 17531 17531 D Surface : lockCanvas
04-10 05:07:50.558 17531 17531 D checklines: moveScrollView to 1 to 1323 : 319
04-10 05:07:50.565 17531 17531 D Surface : lockCanvas
04-10 05:07:50.581 17531 17531 D Surface : lockCanvas
04-10 05:07:50.592 17531 17531 D checklines: moveScrollView to 1 to 1323 : 320
04-10 05:07:50.598 17531 17531 D Surface : lockCanvas
04-10 05:07:50.615 17531 17531 D Surface : lockCanvas
04-10 05:07:50.625 17531 17531 D checklines: moveScrollView to 1 to 1323 : 321
04-10 05:07:50.632 17531 17531 D Surface : lockCanvas
04-10 05:07:50.648 17531 17531 D Surface : lockCanvas
04-10 05:07:50.658 17531 17531 D checklines: moveScrollView to 1 to 1323 : 322
04-10 05:07:50.665 17531 17531 D Surface : lockCanvas
04-10 05:07:50.682 17531 17531 D Surface : lockCanvas
04-10 05:07:50.692 17531 17531 D checklines: moveScrollView to 1 to 1323 : 323
04-10 05:07:50.699 17531 17531 D Surface : lockCanvas
04-10 05:07:50.715 17531 17531 D Surface : lockCanvas
04-10 05:07:50.725 17531 17531 D checklines: moveScrollView to 1 to 1323 : 324
04-10 05:07:50.732 17531 17531 D Surface : lockCanvas
04-10 05:07:50.749 17531 17531 D Surface : lockCanvas
04-10 05:07:50.765 17531 17531 D Surface : lockCanvas
04-10 05:07:50.776 17531 17531 D checklines: moveScrollView to 1 to 1323 : 325
04-10 05:07:50.782 17531 17531 D Surface : lockCanvas
04-10 05:07:50.800 17531 17531 D Surface : lockCanvas
04-10 05:07:50.810 17531 17531 D checklines: moveScrollView to 1 to 1323 : 326
04-10 05:07:50.815 17531 17531 D Surface : lockCanvas
04-10 05:07:50.832 17531 17531 D Surface : lockCanvas
04-10 05:07:50.841 17531 17531 D checklines: moveScrollView to 1 to 1323 : 327
04-10 05:07:50.849 17531 17531 D Surface : lockCanvas
04-10 05:07:50.865 17531 17531 D Surface : lockCanvas
04-10 05:07:50.876 17531 17531 D checklines: moveScrollView to 1 to 1323 : 328
04-10 05:07:50.882 17531 17531 D Surface : lockCanvas
04-10 05:07:50.899 17531 17531 D Surface : lockCanvas
04-10 05:07:50.908 17531 17531 D checklines: moveScrollView to 1 to 1323 : 329
04-10 05:07:50.916 17531 17531 D Surface : lockCanvas
04-10 05:07:50.932 17531 17531 D Surface : lockCanvas
04-10 05:07:50.943 17531 17531 D checklines: moveScrollView to 1 to 1323 : 330
04-10 05:07:50.948 17531 17531 D Surface : lockCanvas
04-10 05:07:50.965 17531 17531 D Surface : lockCanvas
04-10 05:07:50.972 17531 17531 D checklines: moveScrollView to 1 to 1323 : 331
04-10 05:07:50.982 17531 17531 D Surface : lockCanvas
04-10 05:07:50.999 17531 17531 D Surface : lockCanvas
04-10 05:07:51.006 17531 17531 D checklines: moveScrollView to 1 to 1323 : 332
04-10 05:07:51.015 17531 17531 D Surface : lockCanvas
04-10 05:07:51.026 17531 17531 D checklines: max= 1323
04-10 05:07:51.027 17531 17531 D speedScrollViw: delay =35
04-10 05:07:51.027 17531 17531 D speedScrollViw: period =35
04-10 05:07:51.027 17531 17531 D yyyyy : laste pause is : 1488809719
04-10 05:07:51.027 17531 17531 E oru : potr
04-10 05:07:51.032 17531 17531 D Surface : lockCanvas
04-10 05:07:51.048 17531 17531 D Surface : lockCanvas
04-10 05:07:51.065 17531 17531 D Surface : lockCanvas
04-10 05:07:51.082 17531 17531 D Surface : lockCanvas
04-10 05:07:51.099 17531 17531 D Surface : lockCanvas
04-10 05:07:51.116 17531 17531 D Surface : lockCanvas
04-10 05:07:51.133 17531 17531 D Surface : lockCanvas
04-10 05:07:51.149 17531 17531 D Surface : lockCanvas
04-10 05:07:51.166 17531 17531 D Surface : lockCanvas
04-10 05:07:51.183 17531 17531 D Surface : lockCanvas
04-10 05:07:51.200 17531 17531 D Surface : lockCanvas
04-10 05:07:51.216 17531 17531 D Surface : lockCanvas
04-10 05:07:51.233 17531 17531 D Surface : lockCanvas
04-10 05:07:51.250 17531 17531 D Surface : lockCanvas
04-10 05:07:51.266 17531 17531 D Surface : lockCanvas
04-10 05:07:51.284 17531 17531 D Surface : lockCanvas
04-10 05:07:51.300 17531 17531 D Surface : lockCanvas
04-10 05:07:51.317 17531 17531 D Surface : lockCanvas
04-10 05:07:51.333 17531 17531 D Surface : lockCanvas
04-10 05:07:51.350 17531 17531 D Surface : lockCanvas
04-10 05:07:51.367 17531 17531 D Surface : lockCanvas
04-10 05:07:51.384 17531 17531 D Surface : lockCanvas
04-10 05:07:51.400 17531 17531 D Surface : lockCanvas
04-10 05:07:51.417 17531 17531 D Surface : lockCanvas
04-10 05:07:51.435 17531 17531 D Surface : lockCanvas
04-10 05:07:51.451 17531 17531 D Surface : lockCanvas
04-10 05:07:51.468 17531 17531 D Surface : lockCanvas
04-10 05:07:51.483 17531 17531 D Surface : lockCanvas
04-10 05:07:51.500 17531 17531 D Surface : lockCanvas
04-10 05:07:51.517 17531 17531 D Surface : lockCanvas
04-10 05:07:51.533 17531 17531 D Surface : lockCanvas
04-10 05:07:51.550 17531 17531 D Surface : lockCanvas
04-10 05:07:51.567 17531 17531 D Surface : lockCanvas
04-10 05:07:51.584 17531 17531 D Surface : lockCanvas
04-10 05:07:51.601 17531 17531 D Surface : lockCanvas
04-10 05:07:51.617 17531 17531 D Surface : lockCanvas
04-10 05:07:51.634 17531 17531 D Surface : lockCanvas
04-10 05:07:51.650 17531 17531 D Surface : lockCanvas
04-10 05:07:51.667 17531 17531 D Surface : lockCanvas
04-10 05:07:51.684 17531 17531 D Surface : lockCanvas
04-10 05:07:51.701 17531 17531 D Surface : lockCanvas
04-10 05:07:51.717 17531 17531 D Surface : lockCanvas
04-10 05:07:51.734 17531 17531 D Surface : lockCanvas
04-10 05:07:51.751 17531 17531 D Surface : lockCanvas
04-10 05:07:51.768 17531 17531 D Surface : lockCanvas
04-10 05:07:51.784 17531 17531 D Surface : lockCanvas
04-10 05:07:51.801 17531 17531 D Surface : lockCanvas
04-10 05:07:51.818 17531 17531 D Surface : lockCanvas
04-10 05:07:51.834 17531 17531 D Surface : lockCanvas
04-10 05:07:51.851 17531 17531 D Surface : lockCanvas
04-10 05:07:51.868 17531 17531 D Surface : lockCanvas
04-10 05:07:51.885 17531 17531 D Surface : lockCanvas
04-10 05:07:51.901 17531 17531 D Surface : lockCanvas
04-10 05:07:51.918 17531 17531 D Surface : lockCanvas
04-10 05:07:51.935 17531 17531 D Surface : lockCanvas
04-10 05:07:51.951 17531 17531 D Surface : lockCanvas
04-10 05:07:51.968 17531 17531 D Surface : lockCanvas
04-10 05:07:51.985 17531 17531 D Surface : lockCanvas
04-10 05:07:52.002 17531 17531 D Surface : lockCanvas
04-10 05:07:52.018 17531 17531 D Surface : lockCanvas
04-10 05:07:52.035 17531 17531 D Surface : lockCanvas
04-10 05:07:52.052 17531 17531 D Surface : lockCanvas
04-10 05:07:52.068 17531 17531 D Surface : lockCanvas
04-10 05:07:52.085 17531 17531 D Surface : lockCanvas
04-10 05:07:52.102 17531 17531 D Surface : lockCanvas
04-10 05:07:52.118 17531 17531 D Surface : lockCanvas
04-10 05:07:52.135 17531 17531 D Surface : lockCanvas
04-10 05:07:52.152 17531 17531 D Surface : lockCanvas
04-10 05:07:52.169 17531 17531 D Surface : lockCanvas
04-10 05:07:52.185 17531 17531 D Surface : lockCanvas
04-10 05:07:52.202 17531 17531 D Surface : lockCanvas
04-10 05:07:52.219 17531 17531 D Surface : lockCanvas
04-10 05:07:52.235 17531 17531 D Surface : lockCanvas
04-10 05:07:52.252 17531 17531 D Surface : lockCanvas
04-10 05:07:52.269 17531 17531 D Surface : lockCanvas
04-10 05:07:52.285 17531 17531 D Surface : lockCanvas
04-10 05:07:52.302 17531 17531 D Surface : lockCanvas
04-10 05:07:52.319 17531 17531 D Surface : lockCanvas
04-10 05:07:52.336 17531 17531 D Surface : lockCanvas
04-10 05:07:52.352 17531 17531 D Surface : lockCanvas
04-10 05:07:52.369 17531 17531 D Surface : lockCanvas
04-10 05:07:52.386 17531 17531 D Surface : lockCanvas
04-10 05:07:52.402 17531 17531 D Surface : lockCanvas
04-10 05:07:52.419 17531 17531 D Surface : lockCanvas
04-10 05:07:52.436 17531 17531 D Surface : lockCanvas
04-10 05:07:52.453 17531 17531 D Surface : lockCanvas
04-10 05:07:52.470 17531 17531 D Surface : lockCanvas
04-10 05:07:52.486 17531 17531 D Surface : lockCanvas
04-10 05:07:52.503 17531 17531 D Surface : lockCanvas
04-10 05:07:52.519 17531 17531 D Surface : lockCanvas
04-10 05:07:52.536 17531 17531 D Surface : lockCanvas
04-10 05:07:52.553 17531 17531 D Surface : lockCanvas
04-10 05:07:52.570 17531 17531 D Surface : lockCanvas
04-10 05:07:52.586 17531 17531 D Surface : lockCanvas
04-10 05:07:52.603 17531 17531 D Surface : lockCanvas
04-10 05:07:52.620 17531 17531 D Surface : lockCanvas
04-10 05:07:52.636 17531 17531 D Surface : lockCanvas
04-10 05:07:52.653 17531 17531 D Surface : lockCanvas
04-10 05:07:52.670 17531 17531 D Surface : lockCanvas
04-10 05:07:52.686 17531 17531 D Surface : lockCanvas
04-10 05:07:52.703 17531 17531 D Surface : lockCanvas
04-10 05:07:52.720 17531 17531 D Surface : lockCanvas
04-10 05:07:52.737 17531 17531 D Surface : lockCanvas
04-10 05:07:52.753 17531 17531 D Surface : lockCanvas
04-10 05:07:52.770 17531 17531 D Surface : lockCanvas
04-10 05:07:52.787 17531 17531 D Surface : lockCanvas
04-10 05:07:52.803 17531 17531 D Surface : lockCanvas
04-10 05:07:52.820 17531 17531 D Surface : lockCanvas
04-10 05:07:52.837 17531 17531 D Surface : lockCanvas
04-10 05:07:52.853 17531 17531 D Surface : lockCanvas
04-10 05:07:52.870 17531 17531 D Surface : lockCanvas
04-10 05:07:52.887 17531 17531 D Surface : lockCanvas
04-10 05:07:52.904 17531 17531 D Surface : lockCanvas
04-10 05:07:52.920 17531 17531 D Surface : lockCanvas
04-10 05:07:52.937 17531 17531 D Surface : lockCanvas
04-10 05:07:52.954 17531 17531 D Surface : lockCanvas
04-10 05:07:52.970 17531 17531 D Surface : lockCanvas
04-10 05:07:52.987 17531 17531 D Surface : lockCanvas
04-10 05:07:53.004 17531 17531 D Surface : lockCanvas
04-10 05:07:53.021 17531 17531 D Surface : lockCanvas
04-10 05:07:53.037 17531 17531 D Surface : lockCanvas
04-10 05:07:53.055 17531 17531 D Surface : lockCanvas
04-10 05:07:53.071 17531 17531 D Surface : lockCanvas
04-10 05:07:53.087 17531 17531 D Surface : lockCanvas
04-10 05:07:53.104 17531 17531 D Surface : lockCanvas
04-10 05:07:53.121 17531 17531 D Surface : lockCanvas
04-10 05:07:53.138 17531 17531 D Surface : lockCanvas
04-10 05:07:53.154 17531 17531 D Surface : lockCanvas
04-10 05:07:53.171 17531 17531 D Surface : lockCanvas
04-10 05:07:53.188 17531 17531 D Surface : lockCanvas
04-10 05:07:53.204 17531 17531 D Surface : lockCanvas
04-10 05:07:53.221 17531 17531 D Surface : lockCanvas
04-10 05:07:53.238 17531 17531 D Surface : lockCanvas
04-10 05:07:53.254 17531 17531 D Surface : lockCanvas
04-10 05:07:53.271 17531 17531 D Surface : lockCanvas
04-10 05:07:53.288 17531 17531 D Surface : lockCanvas
04-10 05:07:53.305 17531 17531 D Surface : lockCanvas
04-10 05:07:53.321 17531 17531 D Surface : lockCanvas
04-10 05:07:53.338 17531 17531 D Surface : lockCanvas
04-10 05:07:53.355 17531 17531 D Surface : lockCanvas
04-10 05:07:53.371 17531 17531 D Surface : lockCanvas
04-10 05:07:53.388 17531 17531 D Surface : lockCanvas
04-10 05:07:53.405 17531 17531 D Surface : lockCanvas
04-10 05:07:53.422 17531 17531 D Surface : lockCanvas
04-10 05:07:53.438 17531 17531 D Surface : lockCanvas
04-10 05:07:53.455 17531 17531 D Surface : lockCanvas
04-10 05:07:53.472 17531 17531 D Surface : lockCanvas
04-10 05:07:53.489 17531 17531 D Surface : lockCanvas
04-10 05:07:53.505 17531 17531 D Surface : lockCanvas
04-10 05:07:53.522 17531 17531 D Surface : lockCanvas
04-10 05:07:53.539 17531 17531 D Surface : lockCanvas
04-10 05:07:53.555 17531 17531 D Surface : lockCanvas
04-10 05:07:53.572 17531 17531 D Surface : lockCanvas
04-10 05:07:53.589 17531 17531 D Surface : lockCanvas
04-10 05:07:53.605 17531 17531 D Surface : lockCanvas
04-10 05:07:53.622 17531 17531 D Surface : lockCanvas
04-10 05:07:53.639 17531 17531 D Surface : lockCanvas
04-10 05:07:53.656 17531 17531 D Surface : lockCanvas
04-10 05:07:53.672 17531 17531 D Surface : lockCanvas
04-10 05:07:53.689 17531 17531 D Surface : lockCanvas
04-10 05:07:53.706 17531 17531 D Surface : lockCanvas
04-10 05:07:53.722 17531 17531 D Surface : lockCanvas
04-10 05:07:53.739 17531 17531 D Surface : lockCanvas
04-10 05:07:53.756 17531 17531 D Surface : lockCanvas
04-10 05:07:53.772 17531 17531 D Surface : lockCanvas
04-10 05:07:53.789 17531 17531 D Surface : lockCanvas
04-10 05:07:53.806 17531 17531 D Surface : lockCanvas
04-10 05:07:53.823 17531 17531 D Surface : lockCanvas
04-10 05:07:53.839 17531 17531 D Surface : lockCanvas
04-10 05:07:53.856 17531 17531 D Surface : lockCanvas
04-10 05:07:53.873 17531 17531 D Surface : lockCanvas
04-10 05:07:53.889 17531 17531 D Surface : lockCanvas
04-10 05:07:53.906 17531 17531 D Surface : lockCanvas
04-10 05:07:53.923 17531 17531 D Surface : lockCanvas
04-10 05:07:53.939 17531 17531 D Surface : lockCanvas
04-10 05:07:53.956 17531 17531 D Surface : lockCanvas
04-10 05:07:53.973 17531 17531 D Surface : lockCanvas
04-10 05:07:53.990 17531 17531 D Surface : lockCanvas
04-10 05:07:54.006 17531 17531 D Surface : lockCanvas
04-10 05:07:54.023 17531 17531 D Surface : lockCanvas
04-10 05:07:54.040 17531 17531 D Surface : lockCanvas
04-10 05:07:54.058 17531 17531 D Surface : lockCanvas
04-10 05:07:54.073 17531 17531 D Surface : lockCanvas
04-10 05:07:54.090 17531 17531 D Surface : lockCanvas
04-10 05:07:54.107 17531 17531 D Surface : lockCanvas
04-10 05:07:54.123 17531 17531 D Surface : lockCanvas
04-10 05:07:54.140 17531 17531 D Surface : lockCanvas
04-10 05:07:54.157 17531 17531 D Surface : lockCanvas
04-10 05:07:54.174 17531 17531 D Surface : lockCanvas
04-10 05:07:54.190 17531 17531 D Surface : lockCanvas
04-10 05:07:54.207 17531 17531 D Surface : lockCanvas
04-10 05:07:54.224 17531 17531 D Surface : lockCanvas
04-10 05:07:54.240 17531 17531 D Surface : lockCanvas
04-10 05:07:54.257 17531 17531 D Surface : lockCanvas
04-10 05:07:54.274 17531 17531 D Surface : lockCanvas
04-10 05:07:54.290 17531 17531 D Surface : lockCanvas
04-10 05:07:54.307 17531 17531 D Surface : lockCanvas
04-10 05:07:54.324 17531 17531 D Surface : lockCanvas
04-10 05:07:54.340 17531 17531 D Surface : lockCanvas
04-10 05:07:54.357 17531 17531 D Surface : lockCanvas
04-10 05:07:54.374 17531 17531 D Surface : lockCanvas
04-10 05:07:54.391 17531 17531 D Surface : lockCanvas
04-10 05:07:54.407 17531 17531 D Surface : lockCanvas
04-10 05:07:54.424 17531 17531 D Surface : lockCanvas
04-10 05:07:54.441 17531 17531 D Surface : lockCanvas
04-10 05:07:54.458 17531 17531 D Surface : lockCanvas
04-10 05:07:54.474 17531 17531 D Surface : lockCanvas
04-10 05:07:54.492 17531 17531 D Surface : lockCanvas
04-10 05:07:54.508 17531 17531 D Surface : lockCanvas
04-10 05:07:54.525 17531 17531 D Surface : lockCanvas
04-10 05:07:54.541 17531 17531 D Surface : lockCanvas
04-10 05:07:54.558 17531 17531 D Surface : lockCanvas
04-10 05:07:54.574 17531 17531 D Surface : lockCanvas
04-10 05:07:54.591 17531 17531 D Surface : lockCanvas
04-10 05:07:54.608 17531 17531 D Surface : lockCanvas
04-10 05:07:54.624 17531 17531 D Surface : lockCanvas
04-10 05:07:54.641 17531 17531 D Surface : lockCanvas
04-10 05:07:54.658 17531 17531 D Surface : lockCanvas
04-10 05:07:54.675 17531 17531 D Surface : lockCanvas
04-10 05:07:54.691 17531 17531 D Surface : lockCanvas
04-10 05:07:54.709 17531 17531 D Surface : lockCanvas
04-10 05:07:54.725 17531 17531 D Surface : lockCanvas
04-10 05:07:54.741 17531 17531 D Surface : lockCanvas
04-10 05:07:54.758 17531 17531 D Surface : lockCanvas
04-10 05:07:54.775 17531 17531 D Surface : lockCanvas
04-10 05:07:54.791 17531 17531 D Surface : lockCanvas
04-10 05:07:54.808 17531 17531 D Surface : lockCanvas
04-10 05:07:54.825 17531 17531 D Surface : lockCanvas
04-10 05:07:54.841 17531 17531 D Surface : lockCanvas
04-10 05:07:54.858 17531 17531 D Surface : lockCanvas
04-10 05:07:54.875 17531 17531 D Surface : lockCanvas
04-10 05:07:54.891 17531 17531 D Surface : lockCanvas
04-10 05:07:54.908 17531 17531 D Surface : lockCanvas
04-10 05:07:54.925 17531 17531 D Surface : lockCanvas
04-10 05:07:54.943 17531 17531 D Surface : lockCanvas
04-10 05:07:54.958 17531 17531 D Surface : lockCanvas
04-10 05:07:54.975 17531 17531 D Surface : lockCanvas
04-10 05:07:54.992 17531 17531 D Surface : lockCanvas
04-10 05:07:55.009 17531 17531 D Surface : lockCanvas
04-10 05:07:55.025 17531 17531 D Surface : lockCanvas
04-10 05:07:55.042 17531 17531 D Surface : lockCanvas
04-10 05:07:55.059 17531 17531 D Surface : lockCanvas
04-10 05:07:55.075 17531 17531 D Surface : lockCanvas
04-10 05:07:55.094 17531 17531 D Surface : lockCanvas
04-10 05:07:55.109 17531 17531 D Surface : lockCanvas
04-10 05:07:55.125 17531 17531 D Surface : lockCanvas
04-10 05:07:55.142 17531 17531 D Surface : lockCanvas
04-10 05:07:55.159 17531 17531 D Surface : lockCanvas
04-10 05:07:55.176 17531 17531 D Surface : lockCanvas
04-10 05:07:55.192 17531 17531 D Surface : lockCanvas
04-10 05:07:55.209 17531 17531 D Surface : lockCanvas
04-10 05:07:55.226 17531 17531 D Surface : lockCanvas
04-10 05:07:55.242 17531 17531 D Surface : lockCanvas
04-10 05:07:55.259 17531 17531 D Surface : lockCanvas
04-10 05:07:55.276 17531 17531 D Surface : lockCanvas
04-10 05:07:55.293 17531 17531 D Surface : lockCanvas
04-10 05:07:55.309 17531 17531 D Surface : lockCanvas
04-10 05:07:55.326 17531 17531 D Surface : lockCanvas
04-10 05:07:55.343 17531 17531 D Surface : lockCanvas
04-10 05:07:55.359 17531 17531 D Surface : lockCanvas
04-10 05:07:55.376 17531 17531 D Surface : lockCanvas
04-10 05:07:55.393 17531 17531 D Surface : lockCanvas
04-10 05:07:55.409 17531 17531 D Surface : lockCanvas
04-10 05:07:55.426 17531 17531 D Surface : lockCanvas
04-10 05:07:55.443 17531 17531 D Surface : lockCanvas
04-10 05:07:55.460 17531 17531 D Surface : lockCanvas
04-10 05:07:55.476 17531 17531 D Surface : lockCanvas
04-10 05:07:55.493 17531 17531 D Surface : lockCanvas
04-10 05:07:55.510 17531 17531 D Surface : lockCanvas
04-10 05:07:55.527 17531 17531 D Surface : lockCanvas
04-10 05:07:55.543 17531 17531 D Surface : lockCanvas
04-10 05:07:55.560 17531 17531 D Surface : lockCanvas
04-10 05:07:55.577 17531 17531 D Surface : lockCanvas
04-10 05:07:55.593 17531 17531 D Surface : lockCanvas
04-10 05:07:55.610 17531 17531 D Surface : lockCanvas
04-10 05:07:55.627 17531 17531 D Surface : lockCanvas
04-10 05:07:55.643 17531 17531 D Surface : lockCanvas
04-10 05:07:55.660 17531 17531 D Surface : lockCanvas
04-10 05:07:55.677 17531 17531 D Surface : lockCanvas
04-10 05:07:55.694 17531 17531 D Surface : lockCanvas
04-10 05:07:55.710 17531 17531 D Surface : lockCanvas
04-10 05:07:55.727 17531 17531 D Surface : lockCanvas
04-10 05:07:55.744 17531 17531 D Surface : lockCanvas
04-10 05:07:55.760 17531 17531 D Surface : lockCanvas
04-10 05:07:55.777 17531 17531 D Surface : lockCanvas
04-10 05:07:55.794 17531 17531 D Surface : lockCanvas
04-10 05:07:55.810 17531 17531 D Surface : lockCanvas
04-10 05:07:55.827 17531 17531 D Surface : lockCanvas
04-10 05:07:55.844 17531 17531 D Surface : lockCanvas
04-10 05:07:55.861 17531 17531 D Surface : lockCanvas
04-10 05:07:55.877 17531 17531 D Surface : lockCanvas
04-10 05:07:55.894 17531 17531 D Surface : lockCanvas
04-10 05:07:55.911 17531 17531 D Surface : lockCanvas
04-10 05:07:55.928 17531 17531 D Surface : lockCanvas
04-10 05:07:55.944 17531 17531 D Surface : lockCanvas
04-10 05:07:55.961 17531 17531 D Surface : lockCanvas
04-10 05:07:55.978 17531 17531 D Surface : lockCanvas
04-10 05:07:55.994 17531 17531 D Surface : lockCanvas
04-10 05:07:56.011 17531 17531 D Surface : lockCanvas
04-10 05:07:56.028 17531 17531 D Surface : lockCanvas
04-10 05:07:56.044 17531 17531 D Surface : lockCanvas
04-10 05:07:56.061 17531 17531 D Surface : lockCanvas
04-10 05:07:56.078 17531 17531 D Surface : lockCanvas
04-10 05:07:56.095 17531 17531 D Surface : lockCanvas
04-10 05:07:56.111 17531 17531 D Surface : lockCanvas
04-10 05:07:56.128 17531 17531 D Surface : lockCanvas
04-10 05:07:56.145 17531 17531 D Surface : lockCanvas
04-10 05:07:56.161 17531 17531 D Surface : lockCanvas
04-10 05:07:56.178 17531 17531 D Surface : lockCanvas
04-10 05:07:56.195 17531 17531 D Surface : lockCanvas
04-10 05:07:56.212 17531 17531 D Surface : lockCanvas
04-10 05:07:56.228 17531 17531 D Surface : lockCanvas
04-10 05:07:56.245 17531 17531 D Surface : lockCanvas
04-10 05:07:56.262 17531 17531 D Surface : lockCanvas
04-10 05:07:56.278 17531 17531 D Surface : lockCanvas
04-10 05:07:56.295 17531 17531 D Surface : lockCanvas
04-10 05:07:56.312 17531 17531 D Surface : lockCanvas
04-10 05:07:56.328 17531 17531 D Surface : lockCanvas
04-10 05:07:56.345 17531 17531 D Surface : lockCanvas
04-10 05:07:56.362 17531 17531 D Surface : lockCanvas
04-10 05:07:56.379 17531 17531 D Surface : lockCanvas
04-10 05:07:56.396 17531 17531 D Surface : lockCanvas
04-10 05:07:56.412 17531 17531 D Surface : lockCanvas
04-10 05:07:56.429 17531 17531 D Surface : lockCanvas
04-10 05:07:56.445 17531 17531 D Surface : lockCanvas
04-10 05:07:56.462 17531 17531 D Surface : lockCanvas
04-10 05:07:56.479 17531 17531 D Surface : lockCanvas
04-10 05:07:56.496 17531 17531 D Surface : lockCanvas
04-10 05:07:56.513 17531 17531 D Surface : lockCanvas
04-10 05:07:56.529 17531 17531 D Surface : lockCanvas
04-10 05:07:56.546 17531 17531 D Surface : lockCanvas
04-10 05:07:56.562 17531 17531 D Surface : lockCanvas
04-10 05:07:56.579 17531 17531 D Surface : lockCanvas
04-10 05:07:56.596 17531 17531 D Surface : lockCanvas
04-10 05:07:56.613 17531 17531 D Surface : lockCanvas
04-10 05:07:56.629 17531 17531 D Surface : lockCanvas
04-10 05:07:56.646 17531 17531 D Surface : lockCanvas
04-10 05:07:56.663 17531 17531 D Surface : lockCanvas
04-10 05:07:56.679 17531 17531 D Surface : lockCanvas
04-10 05:07:56.696 17531 17531 D Surface : lockCanvas
04-10 05:07:56.713 17531 17531 D Surface : lockCanvas
04-10 05:07:56.729 17531 17531 D Surface : lockCanvas
04-10 05:07:56.746 17531 17531 D Surface : lockCanvas
04-10 05:07:56.763 17531 17531 D Surface : lockCanvas
04-10 05:07:56.780 17531 17531 D Surface : lockCanvas
04-10 05:07:56.796 17531 17531 D Surface : lockCanvas
04-10 05:07:56.813 17531 17531 D Surface : lockCanvas
04-10 05:07:56.830 17531 17531 D Surface : lockCanvas
04-10 05:07:56.846 17531 17531 D Surface : lockCanvas
04-10 05:07:56.863 17531 17531 D Surface : lockCanvas
04-10 05:07:56.880 17531 17531 D Surface : lockCanvas
04-10 05:07:56.896 17531 17531 D Surface : lockCanvas
04-10 05:07:56.913 17531 17531 D Surface : lockCanvas
04-10 05:07:56.930 17531 17531 D Surface : lockCanvas
04-10 05:07:56.946 17531 17531 D Surface : lockCanvas
04-10 05:07:56.963 17531 17531 D Surface : lockCanvas
04-10 05:07:56.980 17531 17531 D Surface : lockCanvas
04-10 05:07:56.997 17531 17531 D Surface : lockCanvas
04-10 05:07:57.013 17531 17531 D Surface : lockCanvas
04-10 05:07:57.030 17531 17531 D Surface : lockCanvas
04-10 05:07:57.047 17531 17531 D Surface : lockCanvas
04-10 05:07:57.063 17531 17531 D Surface : lockCanvas
04-10 05:07:57.080 17531 17531 D Surface : lockCanvas
04-10 05:07:57.097 17531 17531 D Surface : lockCanvas
04-10 05:07:57.114 17531 17531 D Surface : lockCanvas
04-10 05:07:57.130 17531 17531 D Surface : lockCanvas
04-10 05:07:57.147 17531 17531 D Surface : lockCanvas
04-10 05:07:57.164 17531 17531 D Surface : lockCanvas
04-10 05:07:57.181 17531 17531 D Surface : lockCanvas
04-10 05:07:57.197 17531 17531 D Surface : lockCanvas
04-10 05:07:57.214 17531 17531 D Surface : lockCanvas
04-10 05:07:57.231 17531 17531 D Surface : lockCanvas
04-10 05:07:57.247 17531 17531 D Surface : lockCanvas
04-10 05:07:57.264 17531 17531 D Surface : lockCanvas
04-10 05:07:57.281 17531 17531 D Surface : lockCanvas
04-10 05:07:57.297 17531 17531 D Surface : lockCanvas
04-10 05:07:57.314 17531 17531 D Surface : lockCanvas
04-10 05:07:57.331 17531 17531 D Surface : lockCanvas
04-10 05:07:57.347 17531 17531 D Surface : lockCanvas
04-10 05:07:57.364 17531 17531 D Surface : lockCanvas
04-10 05:07:57.381 17531 17531 D Surface : lockCanvas
04-10 05:07:57.398 17531 17531 D Surface : lockCanvas
04-10 05:07:57.414 17531 17531 D Surface : lockCanvas
04-10 05:07:57.431 17531 17531 D Surface : lockCanvas
04-10 05:07:57.448 17531 17531 D Surface : lockCanvas
04-10 05:07:57.465 17531 17531 D Surface : lockCanvas
04-10 05:07:57.481 17531 17531 D Surface : lockCanvas
04-10 05:07:57.498 17531 17531 D Surface : lockCanvas
04-10 05:07:57.515 17531 17531 D Surface : lockCanvas
04-10 05:07:57.532 17531 17531 D Surface : lockCanvas
04-10 05:07:57.548 17531 17531 D Surface : lockCanvas
04-10 05:07:57.565 17531 17531 D Surface : lockCanvas
04-10 05:07:57.582 17531 17531 D Surface : lockCanvas
04-10 05:07:57.598 17531 17531 D Surface : lockCanvas
04-10 05:07:57.615 17531 17531 D Surface : lockCanvas
04-10 05:07:57.632 17531 17531 D Surface : lockCanvas
04-10 05:07:57.648 17531 17531 D Surface : lockCanvas
04-10 05:07:57.665 17531 17531 D Surface : lockCanvas
04-10 05:07:57.682 17531 17531 D Surface : lockCanvas
04-10 05:07:57.698 17531 17531 D Surface : lockCanvas
04-10 05:07:57.715 17531 17531 D Surface : lockCanvas
04-10 05:07:57.732 17531 17531 D Surface : lockCanvas
04-10 05:07:57.749 17531 17531 D Surface : lockCanvas
04-10 05:07:57.765 17531 17531 D Surface : lockCanvas
04-10 05:07:57.782 17531 17531 D Surface : lockCanvas
04-10 05:07:57.799 17531 17531 D Surface : lockCanvas
04-10 05:07:57.815 17531 17531 D Surface : lockCanvas
04-10 05:07:57.832 17531 17531 D Surface : lockCanvas
04-10 05:07:57.849 17531 17531 D Surface : lockCanvas
04-10 05:07:57.865 17531 17531 D Surface : lockCanvas
04-10 05:07:57.882 17531 17531 D Surface : lockCanvas
04-10 05:07:57.899 17531 17531 D Surface : lockCanvas
04-10 05:07:57.916 17531 17531 D Surface : lockCanvas
04-10 05:07:57.932 17531 17531 D Surface : lockCanvas
04-10 05:07:57.949 17531 17531 D Surface : lockCanvas
04-10 05:07:57.966 17531 17531 D Surface : lockCanvas
04-10 05:07:57.982 17531 17531 D Surface : lockCanvas
04-10 05:07:57.999 17531 17531 D Surface : lockCanvas
04-10 05:07:58.016 17531 17531 D Surface : lockCanvas
04-10 05:07:58.032 17531 17531 D Surface : lockCanvas
04-10 05:07:58.049 17531 17531 D Surface : lockCanvas
04-10 05:07:58.066 17531 17531 D Surface : lockCanvas
04-10 05:07:58.083 17531 17531 D Surface : lockCanvas
04-10 05:07:58.099 17531 17531 D Surface : lockCanvas
04-10 05:07:58.116 17531 17531 D Surface : lockCanvas
04-10 05:07:58.135 17531 17531 D Surface : lockCanvas
04-10 05:07:58.149 17531 17531 D Surface : lockCanvas
04-10 05:07:58.166 17531 17531 D Surface : lockCanvas
04-10 05:07:58.183 17531 17531 D Surface : lockCanvas
04-10 05:07:58.199 17531 17531 D Surface : lockCanvas
04-10 05:07:58.216 17531 17531 D Surface : lockCanvas
04-10 05:07:58.233 17531 17531 D Surface : lockCanvas
04-10 05:07:58.250 17531 17531 D Surface : lockCanvas
04-10 05:07:58.266 17531 17531 D Surface : lockCanvas
04-10 05:07:58.283 17531 17531 D Surface : lockCanvas
04-10 05:07:58.300 17531 17531 D Surface : lockCanvas
04-10 05:07:58.317 17531 17531 D Surface : lockCanvas
04-10 05:07:58.333 17531 17531 D Surface : lockCanvas
04-10 05:07:58.350 17531 17531 D Surface : lockCanvas
04-10 05:07:58.366 17531 17531 D Surface : lockCanvas
04-10 05:07:58.383 17531 17531 D Surface : lockCanvas
04-10 05:07:58.400 17531 17531 D Surface : lockCanvas
04-10 05:07:58.417 17531 17531 D Surface : lockCanvas
04-10 05:07:58.434 17531 17531 D Surface : lockCanvas
04-10 05:07:58.450 17531 17531 D Surface : lockCanvas
04-10 05:07:58.467 17531 17531 D Surface : lockCanvas
04-10 05:07:58.483 17531 17531 D Surface : lockCanvas
04-10 05:07:58.500 17531 17531 D Surface : lockCanvas
04-10 05:07:58.517 17531 17531 D Surface : lockCanvas
04-10 05:07:58.534 17531 17531 D Surface : lockCanvas
04-10 05:07:58.550 17531 17531 D Surface : lockCanvas
04-10 05:07:58.567 17531 17531 D Surface : lockCanvas
04-10 05:07:58.584 17531 17531 D Surface : lockCanvas
04-10 05:07:58.600 17531 17531 D Surface : lockCanvas
04-10 05:07:58.617 17531 17531 D Surface : lockCanvas
04-10 05:07:58.634 17531 17531 D Surface : lockCanvas
04-10 05:07:58.651 17531 17531 D Surface : lockCanvas
04-10 05:07:58.667 17531 17531 D Surface : lockCanvas
04-10 05:07:58.684 17531 17531 D Surface : lockCanvas
04-10 05:07:58.701 17531 17531 D Surface : lockCanvas
04-10 05:07:58.717 17531 17531 D Surface : lockCanvas
04-10 05:07:58.734 17531 17531 D Surface : lockCanvas
04-10 05:07:58.751 17531 17531 D Surface : lockCanvas
04-10 05:07:58.768 17531 17531 D Surface : lockCanvas
04-10 05:07:58.784 17531 17531 D Surface : lockCanvas
04-10 05:07:58.801 17531 17531 D Surface : lockCanvas
04-10 05:07:58.818 17531 17531 D Surface : lockCanvas
04-10 05:07:58.834 17531 17531 D Surface : lockCanvas
04-10 05:07:58.851 17531 17531 D Surface : lockCanvas
04-10 05:07:58.868 17531 17531 D Surface : lockCanvas
04-10 05:07:58.885 17531 17531 D Surface : lockCanvas
04-10 05:07:58.901 17531 17531 D Surface : lockCanvas
04-10 05:07:58.918 17531 17531 D Surface : lockCanvas
04-10 05:07:58.935 17531 17531 D Surface : lockCanvas
04-10 05:07:58.951 17531 17531 D Surface : lockCanvas
04-10 05:07:58.968 17531 17531 D Surface : lockCanvas
04-10 05:07:58.985 17531 17531 D Surface : lockCanvas
04-10 05:07:59.001 17531 17531 D Surface : lockCanvas
04-10 05:07:59.018 17531 17531 D Surface : lockCanvas
04-10 05:07:59.035 17531 17531 D Surface : lockCanvas
04-10 05:07:59.052 17531 17531 D Surface : lockCanvas
04-10 05:07:59.068 17531 17531 D Surface : lockCanvas
04-10 05:07:59.085 17531 17531 D Surface : lockCanvas
04-10 05:07:59.102 17531 17531 D Surface : lockCanvas
04-10 05:07:59.118 17531 17531 D Surface : lockCanvas
04-10 05:07:59.135 17531 17531 D Surface : lockCanvas
04-10 05:07:59.152 17531 17531 D Surface : lockCanvas
04-10 05:07:59.168 17531 17531 D Surface : lockCanvas
04-10 05:07:59.185 17531 17531 D Surface : lockCanvas
04-10 05:07:59.202 17531 17531 D Surface : lockCanvas
04-10 05:07:59.219 17531 17531 D Surface : lockCanvas
04-10 05:07:59.235 17531 17531 D Surface : lockCanvas
04-10 05:07:59.252 17531 17531 D Surface : lockCanvas
04-10 05:07:59.269 17531 17531 D Surface : lockCanvas
04-10 05:07:59.285 17531 17531 D Surface : lockCanvas
04-10 05:07:59.301 17531 17531 D Surface : lockCanvas
04-10 05:07:59.318 17531 17531 D Surface : lockCanvas
04-10 05:07:59.335 17531 17531 D Surface : lockCanvas
04-10 05:07:59.352 17531 17531 D Surface : lockCanvas
04-10 05:07:59.362 17531 17531 D yyyyy : laste pause is : 1488818055
04-10 05:07:59.363 17531 17531 E AudioRecorder: Stop recording
android.media.MediaRecorder@b07d570
04-10 05:07:59.363 17531 17531 D MediaRecorder: stop+ 0xb400006ef76b1f00
04-10 05:07:59.466 17531 17531 D MediaRecorder: stop- 0xb400006ef76b1f00
04-10 05:07:59.466 17531 17531 D MediaRecorder: release+ 0xb400006ef76b1f00
04-10 05:07:59.473 17531 17531 D MediaRecorder: release- 0xb400006ef76b1f00
04-10 05:07:59.473 17531 17531 D MediaRecorder: destructor+ 0xb400006ef76b1f00
04-10 05:07:59.473 17531 17531 D MediaRecorder: destructor- 0xb400006ef76b1f00
04-10 05:07:59.517 17531 17531 D arraylist: [{"arrayList":
[],"id":1,"setLastRecordedVideoName":0},{"arrayList":
[{"ADuration":"00:00:19","ASize":"0,04 MB","Date":"Apr 10, 2024 at 05:06
AM","Videopath":"/storage/emulated/0/Music/Teleprompter/Skrip1_050554.mp3","videona
me":"Skrip1_050554.mp3"},{"ADuration":"00:00:31","ASize":"0,06 MB","Date":"Apr 10,
2024 at 05:07
AM","Videopath":"/storage/emulated/0/Music/Teleprompter/Skrip1_050631.mp3","videona
me":"Skrip1_050631.mp3"},{"ADuration":"00:00:41","ASize":"0,07 MB","Date":"Apr 10,
2024 at 05:07
AM","Videopath":"/storage/emulated/0/Music/Teleprompter/Skrip1_050717.mp3","videona
me":"Skrip1_050717.mp3"}],"id":2,"setLastRecordedVideoName":8}]
04-10 05:07:59.540 17531 17531 D Surface : lockCanvas
04-10 05:07:59.552 17531 17531 W MediaRecorder: mediarecorder went away with
unhandled events
04-10 05:07:59.553 17531 17531 D yyyyy : laste pause is : 1488818246
04-10 05:07:59.567 17531 17531 D Surface : lockCanvas
04-10 05:07:59.579 17531 17531 D MiuiMultiWindowAdapter:
MiuiMultiWindowAdapter::getFreeformVideoWhiteListInSystem::LIST_ABOUT_SUPPORT_LANDS
CAPE_VIDEO = [com.hunantv.imgo.activity, com.tencent.qqlive, com.qiyi.video,
com.hunantv.imgo.activity.inter, com.tencent.qqlivei18n, com.iqiyi.i18n,
tv.danmaku.bili]
04-10 05:07:59.584 17531 17531 D IS_CTS_MODE: false
04-10 05:07:59.584 17531 17531 D MULTI_WINDOW_ENABLED: false
04-10 05:07:59.585 17531 17531 D DecorView[]: getWindowModeFromSystem windowmode
is 1
04-10 05:07:59.601 17531 17531 E Parth : File
path/storage/emulated/0/Music/Teleprompter/Skrip1_050717.mp3
04-10 05:07:59.603 17531 17531 E PARTH : File path to play
/storage/emulated/0/Music/Teleprompter/Skrip1_050717.mp3
04-10 05:07:59.634 17531 17531 D Surface : lockCanvas
04-10 05:07:59.653 17531 17531 D BufferQueueConsumer: [](id:447b0000000b,api:0,p:-
1,c:17531) connect: controlledByApp=false
04-10 05:07:59.656 17531 17531 D VRI[AudioPreviewActivity]: vri.reportNextDraw
android.view.ViewRootImpl.performTraversals:3852
android.view.ViewRootImpl.doTraversal:2587
android.view.ViewRootImpl$TraversalRunnable.run:9716
android.view.Choreographer$CallbackRecord.run:1386
android.view.Choreographer$CallbackRecord.run:1394
04-10 05:07:59.656 17531 17531 D VRI[AudioPreviewActivity]: vri.Setup new sync id=0
syncSeqId=0
04-10 05:07:59.656 17531 17531 D Surface : lockCanvas
04-10 05:07:59.668 17531 17531 D BLASTBufferQueue: [VRI[AudioPreviewActivity]#11]
(f:0,a:1) acquireNextBufferLocked size=1080x2400 mFrameNumber=1
applyTransaction=true mTimestamp=1089014344774140(auto) mPendingTransactions.size=0
graphicBufferId=75295071666217 transform=0
04-10 05:07:59.668 17531 17531 D VRI[AudioPreviewActivity]: vri.reportDrawFinished
syncSeqId=0 android.view.ViewRootImpl.lambda$createSyncIfNeeded$4$android-view-
ViewRootImpl:3920 android.view.ViewRootImpl$$ExternalSyntheticLambda1.run:6
android.os.Handler.handleCallback:942 android.os.Handler.dispatchMessage:99
android.os.Looper.loopOnce:211
04-10 05:07:59.668 17531 17531 D DecorView[]: onWindowFocusChanged hasWindowFocus
false
04-10 05:07:59.671 17531 17531 D Surface : lockCanvas
04-10 05:07:59.687 17531 17531 D Surface : lockCanvas
04-10 05:07:59.700 17531 17531 D VRI[AudioPreviewActivity]: vri.reportNextDraw
android.view.ViewRootImpl.handleResized:1970 android.view.ViewRootImpl.-$
$Nest$mhandleResized:0
android.view.ViewRootImpl$ViewRootHandler.handleMessageImpl:5991
android.view.ViewRootImpl$ViewRootHandler.handleMessage:5955
android.os.Handler.dispatchMessage:106
04-10 05:07:59.703 17531 17531 D Surface : lockCanvas
04-10 05:07:59.715 17531 17531 D VRI[AudioPreviewActivity]: vri.Setup new sync id=1
syncSeqId=0
04-10 05:07:59.716 17531 17531 D Surface : lockCanvas
04-10 05:07:59.724 17531 17531 D VRI[AudioPreviewActivity]: vri.reportDrawFinished
syncSeqId=0 android.view.ViewRootImpl.lambda$createSyncIfNeeded$4$android-view-
ViewRootImpl:3920 android.view.ViewRootImpl$$ExternalSyntheticLambda1.run:6
android.os.Handler.handleCallback:942 android.os.Handler.dispatchMessage:99
android.os.Looper.loopOnce:211
04-10 05:07:59.724 17531 17531 D DecorView[]: onWindowFocusChanged hasWindowFocus
true
04-10 05:07:59.724 17531 17531 I HandWritingStubImpl: refreshLastKeyboardType: 1
04-10 05:07:59.724 17531 17531 I HandWritingStubImpl: getCurrentKeyboardType: 1
04-10 05:07:59.743 17531 17531 D Surface : lockCanvas
04-10 05:07:59.754 17531 17531 D Surface : lockCanvas
04-10 05:07:59.769 17531 17531 D Surface : lockCanvas
04-10 05:07:59.778 17531 17531 D Surface : lockCanvas
04-10 05:07:59.794 17531 17531 D Surface : lockCanvas
04-10 05:07:59.804 17531 17531 D Surface : lockCanvas
04-10 05:07:59.816 17531 17531 D Surface : lockCanvas
04-10 05:07:59.825 17531 17531 D Surface : lockCanvas
04-10 05:07:59.837 17531 17531 D Surface : lockCanvas
04-10 05:07:59.845 17531 17531 D Surface : lockCanvas
04-10 05:07:59.856 17531 17531 D Surface : lockCanvas
04-10 05:07:59.867 17531 17531 D Surface : lockCanvas
04-10 05:07:59.875 17531 17531 D Surface : lockCanvas
04-10 05:07:59.893 17531 17531 D Surface : lockCanvas
04-10 05:07:59.909 17531 17531 D Surface : lockCanvas
04-10 05:07:59.926 17531 17531 D Surface : lockCanvas
04-10 05:07:59.942 17531 17531 D Surface : lockCanvas
04-10 05:07:59.959 17531 17531 D Surface : lockCanvas
04-10 05:07:59.976 17531 17531 D Surface : lockCanvas
04-10 05:07:59.992 17531 17531 D Surface : lockCanvas
04-10 05:08:00.009 17531 17531 D Surface : lockCanvas
04-10 05:08:00.026 17531 17531 D Surface : lockCanvas
04-10 05:08:00.042 17531 17531 D Surface : lockCanvas
04-10 05:08:00.059 17531 17531 D Surface : lockCanvas
04-10 05:08:00.076 17531 17531 D Surface : lockCanvas
04-10 05:08:00.093 17531 17531 D Surface : lockCanvas
04-10 05:08:00.109 17531 17531 D Surface : lockCanvas
04-10 05:08:00.126 17531 17531 D Surface : lockCanvas
04-10 05:08:00.143 17531 17531 D Surface : lockCanvas
04-10 05:08:00.160 17531 17531 D Surface : lockCanvas
04-10 05:08:00.176 17531 17531 D Surface : lockCanvas
04-10 05:08:00.197 17531 17546 D BLASTBufferQueue: [VRI[AudioRecorder]#10](f:0,a:1)
destructor()
04-10 05:08:00.197 17531 17546 D BufferQueueConsumer: [VRI[AudioRecorder]#10(BLAST
Consumer)10](id:447b0000000a,api:0,p:-1,c:17531) disconnect
04-10 05:08:00.628 17531 17531 D Surface : lockCanvas
04-10 05:08:01.630 17531 17531 D Surface : lockCanvas
04-10 05:08:02.632 17531 17531 D Surface : lockCanvas
04-10 05:08:03.277 17531 17531 D DecorView[]: onWindowFocusChanged hasWindowFocus
false
04-10 05:08:03.292 17531 17531 D Surface : lockCanvas
04-10 05:08:03.310 17531 17531 D Surface : lockCanvas
04-10 05:08:03.329 17531 17531 D Surface : lockCanvas
04-10 05:08:03.350 17531 17531 D Surface : lockCanvas
04-10 05:08:03.362 17531 17531 D Surface : lockCanvas
04-10 05:08:03.387 17531 17531 D Surface : lockCanvas
04-10 05:08:03.402 17531 17531 D Surface : lockCanvas
04-10 05:08:03.645 17531 17531 D Surface : lockCanvas
04-10 05:08:04.646 17531 17531 D Surface : lockCanvas
04-10 05:08:05.632 17531 17531 D Surface : lockCanvas
04-10 05:08:05.886 17531 17531 D DecorView[]: onWindowFocusChanged hasWindowFocus
true
04-10 05:08:05.886 17531 17531 I HandWritingStubImpl: refreshLastKeyboardType: 1
04-10 05:08:05.886 17531 17531 I HandWritingStubImpl: getCurrentKeyboardType: 1
04-10 05:08:05.899 17531 17531 D Surface : lockCanvas
04-10 05:08:05.916 17531 17531 D Surface : lockCanvas
04-10 05:08:05.933 17531 17531 D Surface : lockCanvas
04-10 05:08:05.951 17531 17531 D Surface : lockCanvas
04-10 05:08:05.968 17531 17531 D Surface : lockCanvas
04-10 05:08:05.984 17531 17531 D Surface : lockCanvas
04-10 05:08:06.001 17531 17531 D Surface : lockCanvas
04-10 05:08:06.634 17531 17531 D Surface : lockCanvas
04-10 05:08:07.174 17531 17531 D IS_CTS_MODE: false
04-10 05:08:07.174 17531 17531 D MULTI_WINDOW_ENABLED: false
04-10 05:08:07.200 17531 17531 D BufferQueueConsumer: [](id:447b0000000c,api:0,p:-
1,c:17531) connect: controlledByApp=false
04-10 05:08:07.203 17531 17531 D VRI[AudioPreviewActivity]: vri.reportNextDraw
android.view.ViewRootImpl.performTraversals:3852
android.view.ViewRootImpl.doTraversal:2587
android.view.ViewRootImpl$TraversalRunnable.run:9716
android.view.Choreographer$CallbackRecord.run:1386
android.view.Choreographer$CallbackRecord.run:1394
04-10 05:08:07.203 17531 17531 D VRI[AudioPreviewActivity]: vri.Setup new sync id=0
syncSeqId=0
04-10 05:08:07.203 17531 17531 D Surface : lockCanvas
04-10 05:08:07.207 17531 17531 D BLASTBufferQueue: [VRI[AudioPreviewActivity]#12]
(f:0,a:1) acquireNextBufferLocked size=1200x699 mFrameNumber=1
applyTransaction=true mTimestamp=1089021883816602(auto) mPendingTransactions.size=0
graphicBufferId=75295071666221 transform=0
04-10 05:08:07.207 17531 17531 D VRI[AudioPreviewActivity]: vri.reportDrawFinished
syncSeqId=0 android.view.ViewRootImpl.lambda$createSyncIfNeeded$4$android-view-
ViewRootImpl:3920 android.view.ViewRootImpl$$ExternalSyntheticLambda1.run:6
android.os.Handler.handleCallback:942 android.os.Handler.dispatchMessage:99
android.os.Looper.loopOnce:211
04-10 05:08:07.208 17531 17531 D Surface : lockCanvas
04-10 05:08:07.219 17531 17531 D Surface : lockCanvas
04-10 05:08:07.224 17531 17531 D DecorView[]: onWindowFocusChanged hasWindowFocus
false
04-10 05:08:07.236 17531 17531 D Surface : lockCanvas
04-10 05:08:07.244 17531 17531 D Surface : lockCanvas
04-10 05:08:07.252 17531 17531 D Surface : lockCanvas
04-10 05:08:07.261 17531 17531 D Surface : lockCanvas
04-10 05:08:07.264 17531 17531 D DecorView[]: onWindowFocusChanged hasWindowFocus
true
04-10 05:08:07.269 17531 17531 D Surface : lockCanvas
04-10 05:08:07.273 17531 17531 D Surface : lockCanvas
04-10 05:08:07.285 17531 17531 D Surface : lockCanvas
04-10 05:08:07.304 17531 17531 D Surface : lockCanvas
04-10 05:08:07.313 17531 17531 D Surface : lockCanvas
04-10 05:08:07.321 17531 17531 D Surface : lockCanvas
04-10 05:08:07.325 17531 17531 D Surface : lockCanvas
04-10 05:08:07.333 17531 17531 D Surface : lockCanvas
04-10 05:08:07.338 17531 17531 D Surface : lockCanvas
04-10 05:08:07.359 17531 17531 D Surface : lockCanvas
04-10 05:08:07.363 17531 17531 D Surface : lockCanvas
04-10 05:08:07.375 17531 17531 D Surface : lockCanvas
04-10 05:08:07.636 17531 17531 D Surface : lockCanvas
04-10 05:08:08.254 17531 17531 D Surface : lockCanvas
04-10 05:08:08.257 17531 17531 E RippleDrawable: The RippleDrawable.STYLE_PATTERNED
animation is not supported for a non-hardware accelerated Canvas. Skipping
animation.
04-10 05:08:08.271 17531 17531 D Surface : lockCanvas
04-10 05:08:08.273 17531 17531 E RippleDrawable: The RippleDrawable.STYLE_PATTERNED
animation is not supported for a non-hardware accelerated Canvas. Skipping
animation.
04-10 05:08:08.280 17531 17531 D View : [Warning] assignParent to null: this =
DecorView@7724ee2[AudioPreviewActivity]
04-10 05:08:08.293 17531 17544 D BLASTBufferQueue: [VRI[AudioPreviewActivity]#12]
(f:0,a:1) destructor()
04-10 05:08:08.293 17531 17544 D BufferQueueConsumer:
[VRI[AudioPreviewActivity]#12(BLAST Consumer)12](id:447b0000000c,api:0,p:-
1,c:17531) disconnect
