04-10 05:06:29.530 17531 17531 D Surface : lockCanvas
04-10 05:06:29.547 17531 17531 D Surface : lockCanvas
04-10 05:06:29.555 17531 17531 D checklines: moveScrollView to 1 to 1323 : 123
04-10 05:06:29.564 17531 17531 D Surface : lockCanvas
04-10 05:06:29.580 17531 17531 D Surface : lockCanvas
04-10 05:06:29.588 17531 17531 D checklines: moveScrollView to 1 to 1323 : 124
04-10 05:06:29.597 17531 17531 D Surface : lockCanvas
04-10 05:06:29.614 17531 17531 D Surface : lockCanvas
04-10 05:06:29.622 17531 17531 D checklines: moveScrollView to 1 to 1323 : 125
04-10 05:06:29.630 17531 17531 D Surface : lockCanvas
04-10 05:06:29.647 17531 17531 D Surface : lockCanvas
04-10 05:06:29.655 17531 17531 D checklines: moveScrollView to 1 to 1323 : 126
04-10 05:06:29.664 17531 17531 D Surface : lockCanvas
04-10 05:06:29.680 17531 17531 D Surface : lockCanvas
04-10 05:06:29.689 17531 17531 D checklines: moveScrollView to 1 to 1323 : 127
04-10 05:06:29.697 17531 17531 D Surface : lockCanvas
04-10 05:06:29.714 17531 17531 D Surface : lockCanvas
04-10 05:06:29.722 17531 17531 D checklines: moveScrollView to 1 to 1323 : 128
04-10 05:06:29.731 17531 17531 D Surface : lockCanvas
04-10 05:06:29.747 17531 17531 D Surface : lockCanvas
04-10 05:06:29.755 17531 17531 D checklines: moveScrollView to 1 to 1323 : 129
04-10 05:06:29.764 17531 17531 D Surface : lockCanvas
04-10 05:06:29.781 17531 17531 D Surface : lockCanvas
04-10 05:06:29.789 17531 17531 D checklines: moveScrollView to 1 to 1323 : 130
04-10 05:06:29.797 17531 17531 D Surface : lockCanvas
04-10 05:06:29.814 17531 17531 D Surface : lockCanvas
04-10 05:06:29.822 17531 17531 D checklines: moveScrollView to 1 to 1323 : 131
04-10 05:06:29.831 17531 17531 D Surface : lockCanvas
04-10 05:06:29.847 17531 17531 D Surface : lockCanvas
04-10 05:06:29.864 17531 17531 D Surface : lockCanvas
04-10 05:06:29.872 17531 17531 D checklines: moveScrollView to 1 to 1323 : 132
04-10 05:06:29.881 17531 17531 D Surface : lockCanvas
04-10 05:06:29.897 17531 17531 D Surface : lockCanvas
04-10 05:06:29.905 17531 17531 D checklines: moveScrollView to 1 to 1323 : 133
04-10 05:06:29.914 17531 17531 D Surface : lockCanvas
04-10 05:06:29.931 17531 17531 D Surface : lockCanvas
04-10 05:06:29.939 17531 17531 D checklines: moveScrollView to 1 to 1323 : 134
04-10 05:06:29.948 17531 17531 D Surface : lockCanvas
04-10 05:06:29.964 17531 17531 D Surface : lockCanvas
04-10 05:06:29.972 17531 17531 D checklines: moveScrollView to 1 to 1323 : 135
04-10 05:06:29.981 17531 17531 D Surface : lockCanvas
04-10 05:06:29.998 17531 17531 D Surface : lockCanvas
04-10 05:06:30.006 17531 17531 D checklines: moveScrollView to 1 to 1323 : 136
04-10 05:06:30.015 17531 17531 D Surface : lockCanvas
04-10 05:06:30.031 17531 17531 D Surface : lockCanvas
04-10 05:06:30.039 17531 17531 D checklines: moveScrollView to 1 to 1323 : 137
04-10 05:06:30.048 17531 17531 D Surface : lockCanvas
04-10 05:06:30.065 17531 17531 D Surface : lockCanvas
04-10 05:06:30.073 17531 17531 D checklines: moveScrollView to 1 to 1323 : 138
04-10 05:06:30.081 17531 17531 D Surface : lockCanvas
04-10 05:06:30.098 17531 17531 D Surface : lockCanvas
04-10 05:06:30.106 17531 17531 D checklines: moveScrollView to 1 to 1323 : 139
04-10 05:06:30.115 17531 17531 D Surface : lockCanvas
04-10 05:06:30.131 17531 17531 D Surface : lockCanvas
04-10 05:06:30.139 17531 17531 D checklines: moveScrollView to 1 to 1323 : 140
04-10 05:06:30.148 17531 17531 D Surface : lockCanvas
04-10 05:06:30.165 17531 17531 D Surface : lockCanvas
04-10 05:06:30.173 17531 17531 D checklines: moveScrollView to 1 to 1323 : 141
04-10 05:06:30.182 17531 17531 D Surface : lockCanvas
04-10 05:06:30.199 17531 17531 D Surface : lockCanvas
04-10 05:06:30.208 17531 17531 D checklines: moveScrollView to 1 to 1323 : 142
04-10 05:06:30.216 17531 17531 D Surface : lockCanvas
04-10 05:06:30.233 17531 17531 D Surface : lockCanvas
04-10 05:06:30.243 17531 17531 D checklines: moveScrollView to 1 to 1323 : 143
04-10 05:06:30.249 17531 17531 D Surface : lockCanvas
04-10 05:06:30.267 17531 17531 D Surface : lockCanvas
04-10 05:06:30.277 17531 17531 D checklines: moveScrollView to 1 to 1323 : 144
04-10 05:06:30.283 17531 17531 D Surface : lockCanvas
04-10 05:06:30.301 17531 17531 D Surface : lockCanvas
04-10 05:06:30.316 17531 17531 D Surface : lockCanvas
04-10 05:06:30.327 17531 17531 D checklines: moveScrollView to 1 to 1323 : 145
04-10 05:06:30.333 17531 17531 D Surface : lockCanvas
04-10 05:06:30.366 17531 17531 D checklines: moveScrollView to 1 to 1323 : 146
04-10 05:06:30.367 17531 17531 D Surface : lockCanvas
04-10 05:06:30.386 17531 17531 D Surface : lockCanvas
04-10 05:06:30.395 17531 17531 D checklines: moveScrollView to 1 to 1323 : 147
04-10 05:06:30.399 17531 17531 D Surface : lockCanvas
04-10 05:06:30.417 17531 17531 D Surface : lockCanvas
04-10 05:06:30.440 17531 17531 D checklines: moveScrollView to 1 to 1323 : 148
04-10 05:06:30.450 17531 17531 D Surface : lockCanvas
04-10 05:06:30.468 17531 17531 D checklines: moveScrollView to 1 to 1323 : 149
04-10 05:06:30.469 17531 17531 D Surface : lockCanvas
04-10 05:06:30.487 17531 17531 D Surface : lockCanvas
04-10 05:06:30.497 17531 17531 D checklines: moveScrollView to 1 to 1323 : 150
04-10 05:06:30.500 17531 17531 D Surface : lockCanvas
04-10 05:06:30.531 17531 17531 D checklines: moveScrollView to 1 to 1323 : 151
04-10 05:06:30.533 17531 17531 D Surface : lockCanvas
04-10 05:06:30.552 17531 17531 D Surface : lockCanvas
04-10 05:06:30.561 17531 17531 D checklines: moveScrollView to 1 to 1323 : 152
04-10 05:06:30.567 17531 17531 D Surface : lockCanvas
04-10 05:06:30.585 17531 17531 D Surface : lockCanvas
04-10 05:06:30.607 17531 17531 D checklines: moveScrollView to 1 to 1323 : 153
04-10 05:06:30.617 17531 17531 D Surface : lockCanvas
04-10 05:06:30.637 17531 17531 D checklines: moveScrollView to 1 to 1323 : 154
04-10 05:06:30.638 17531 17531 D Surface : lockCanvas
04-10 05:06:30.655 17531 17531 D Surface : lockCanvas
04-10 05:06:30.664 17531 17531 D checklines: moveScrollView to 1 to 1323 : 155
04-10 05:06:30.667 17531 17531 D Surface : lockCanvas
04-10 05:06:30.700 17531 17531 D Surface : lockCanvas
04-10 05:06:30.711 17531 17531 D checklines: moveScrollView to 1 to 1323 : 156
04-10 05:06:30.717 17531 17531 D Surface : lockCanvas
04-10 05:06:30.736 17531 17531 D Surface : lockCanvas
04-10 05:06:30.746 17531 17531 D checklines: moveScrollView to 1 to 1323 : 157
04-10 05:06:30.750 17531 17531 D Surface : lockCanvas
04-10 05:06:30.768 17531 17531 D Surface : lockCanvas
04-10 05:06:30.791 17531 17531 D checklines: moveScrollView to 1 to 1323 : 158
04-10 05:06:30.801 17531 17531 D Surface : lockCanvas
04-10 05:06:30.821 17531 17531 D checklines: moveScrollView to 1 to 1323 : 159
04-10 05:06:30.821 17531 17531 D Surface : lockCanvas
04-10 05:06:30.838 17531 17531 D Surface : lockCanvas
04-10 05:06:30.848 17531 17531 D checklines: moveScrollView to 1 to 1323 : 160
04-10 05:06:30.851 17531 17531 D Surface : lockCanvas
04-10 05:06:30.884 17531 17531 D Surface : lockCanvas
04-10 05:06:30.895 17531 17531 D checklines: moveScrollView to 1 to 1323 : 161
04-10 05:06:30.901 17531 17531 D Surface : lockCanvas
04-10 05:06:30.919 17531 17531 D checklines: moveScrollView to 1 to 1323 : 162
04-10 05:06:30.920 17531 17531 D Surface : lockCanvas
04-10 05:06:30.937 17531 17531 D Surface : lockCanvas
04-10 05:06:30.947 17531 17531 D checklines: moveScrollView to 1 to 1323 : 163
04-10 05:06:30.951 17531 17531 D Surface : lockCanvas
04-10 05:06:30.984 17531 17531 D Surface : lockCanvas
04-10 05:06:30.995 17531 17531 D checklines: moveScrollView to 1 to 1323 : 164
04-10 05:06:31.001 17531 17531 D Surface : lockCanvas
04-10 05:06:31.020 17531 17531 D Surface : lockCanvas
04-10 05:06:31.030 17531 17531 D checklines: moveScrollView to 1 to 1323 : 165
04-10 05:06:31.034 17531 17531 D Surface : lockCanvas
04-10 05:06:31.053 17531 17531 D Surface : lockCanvas
04-10 05:06:31.075 17531 17531 D checklines: moveScrollView to 1 to 1323 : 166
04-10 05:06:31.085 17531 17531 D Surface : lockCanvas
04-10 05:06:31.104 17531 17531 D checklines: moveScrollView to 1 to 1323 : 167
04-10 05:06:31.105 17531 17531 D Surface : lockCanvas
04-10 05:06:31.122 17531 17531 D Surface : lockCanvas
04-10 05:06:31.132 17531 17531 D checklines: moveScrollView to 1 to 1323 : 168
04-10 05:06:31.135 17531 17531 D Surface : lockCanvas
04-10 05:06:31.167 17531 17531 D checklines: moveScrollView to 1 to 1323 : 169
04-10 05:06:31.168 17531 17531 D Surface : lockCanvas
04-10 05:06:31.186 17531 17531 D Surface : lockCanvas
04-10 05:06:31.196 17531 17531 D checklines: moveScrollView to 1 to 1323 : 170
04-10 05:06:31.201 17531 17531 D Surface : lockCanvas
04-10 05:06:31.220 17531 17531 D Surface : lockCanvas
04-10 05:06:31.229 17531 17531 D checklines: moveScrollView to 1 to 1323 : 171
04-10 05:06:31.235 17531 17531 D Surface : lockCanvas
04-10 05:06:31.254 17531 17531 D Surface : lockCanvas
04-10 05:06:31.264 17531 17531 D checklines: moveScrollView to 1 to 1323 : 172
04-10 05:06:31.268 17531 17531 D Surface : lockCanvas
04-10 05:06:31.286 17531 17531 D Surface : lockCanvas
04-10 05:06:31.310 17531 17531 D checklines: moveScrollView to 1 to 1323 : 173
04-10 05:06:31.319 17531 17531 D Surface : lockCanvas
04-10 05:06:31.341 17531 17531 D Surface : lockCanvas
04-10 05:06:31.351 17531 17531 D checklines: moveScrollView to 1 to 1323 : 174
04-10 05:06:31.352 17531 17531 D Surface : lockCanvas
04-10 05:06:31.372 17531 17531 D Surface : lockCanvas
04-10 05:06:31.393 17531 17531 D checklines: moveScrollView to 1 to 1323 : 175
04-10 05:06:31.402 17531 17531 D Surface : lockCanvas
04-10 05:06:31.423 17531 17531 D checklines: moveScrollView to 1 to 1323 : 176
04-10 05:06:31.423 17531 17531 D Surface : lockCanvas
04-10 05:06:31.442 17531 17531 D Surface : lockCanvas
04-10 05:06:31.452 17531 17531 D checklines: moveScrollView to 1 to 1323 : 177
04-10 05:06:31.452 17531 17531 D Surface : lockCanvas
04-10 05:06:31.484 17531 17531 D checklines: moveScrollView to 1 to 1323 : 178
04-10 05:06:31.485 17531 17531 D Surface : lockCanvas
04-10 05:06:31.505 17531 17531 D Surface : lockCanvas
04-10 05:06:31.516 17531 17531 D checklines: moveScrollView to 1 to 1323 : 179
04-10 05:06:31.519 17531 17531 D Surface : lockCanvas
04-10 05:06:31.539 17531 17531 D Surface : lockCanvas
04-10 05:06:31.560 17531 17531 D checklines: moveScrollView to 1 to 1323 : 180
04-10 05:06:31.569 17531 17531 D Surface : lockCanvas
04-10 05:06:31.589 17531 17531 D checklines: moveScrollView to 1 to 1323 : 181
04-10 05:06:31.590 17531 17531 D Surface : lockCanvas
04-10 05:06:31.608 17531 17531 D Surface : lockCanvas
04-10 05:06:31.618 17531 17531 D checklines: moveScrollView to 1 to 1323 : 182
04-10 05:06:31.619 17531 17531 D Surface : lockCanvas
04-10 05:06:31.652 17531 17531 D Surface : lockCanvas
04-10 05:06:31.664 17531 17531 D checklines: moveScrollView to 1 to 1323 : 183
04-10 05:06:31.669 17531 17531 D Surface : lockCanvas
04-10 05:06:31.691 17531 17531 D Surface : lockCanvas
04-10 05:06:31.701 17531 17531 D checklines: moveScrollView to 1 to 1323 : 184
04-10 05:06:31.702 17531 17531 D Surface : lockCanvas
04-10 05:06:31.723 17531 17531 D Surface : lockCanvas
04-10 05:06:31.744 17531 17531 D checklines: moveScrollView to 1 to 1323 : 185
04-10 05:06:31.753 17531 17531 D Surface : lockCanvas
04-10 05:06:31.773 17531 17531 D checklines: moveScrollView to 1 to 1323 : 186
04-10 05:06:31.774 17531 17531 D Surface : lockCanvas
04-10 05:06:31.792 17531 17531 D Surface : lockCanvas
04-10 05:06:31.802 17531 17531 D checklines: moveScrollView to 1 to 1323 : 187
04-10 05:06:31.803 17531 17531 D Surface : lockCanvas
04-10 05:06:31.835 17531 17531 D checklines: moveScrollView to 1 to 1323 : 188
04-10 05:06:31.836 17531 17531 D Surface : lockCanvas
04-10 05:06:31.858 17531 17531 D MediaRecorder: constructor+ 0xb400006ef76a7300
04-10 05:06:31.859 17531 17531 D MediaRecorder: constructor- 0xb400006ef76a7300
04-10 05:06:31.860 17531 17531 D MediaRecorder: init+ 0xb400006ef76a7300
04-10 05:06:31.868 17531 17531 D MediaRecorder: init- 0xb400006ef76a7300
04-10 05:06:31.903 17531 17531 D MediaRecorder: prepare+ 0xb400006ef76a7300
04-10 05:06:31.903 17531 17531 D MediaRecorder: prepare- 0xb400006ef76a7300
04-10 05:06:31.903 17531 17531 E oru : potr
04-10 05:06:31.908 17531 17531 D Surface : lockCanvas
04-10 05:06:31.920 17531 17531 D checklines: moveScrollView to 1 to 1323 : 189
04-10 05:06:31.920 17531 17531 D checklines: moveScrollView to 1 to 1323 : 190
04-10 05:06:31.921 17531 17531 D Surface : lockCanvas
04-10 05:06:31.936 17531 17531 D Surface : lockCanvas
04-10 05:06:31.945 17531 17531 D checklines: moveScrollView to 1 to 1323 : 191
04-10 05:06:31.953 17531 17531 D Surface : lockCanvas
04-10 05:06:31.970 17531 17531 D Surface : lockCanvas
04-10 05:06:31.980 17531 17531 D checklines: moveScrollView to 1 to 1323 : 192
04-10 05:06:31.987 17531 17531 D Surface : lockCanvas
04-10 05:06:32.005 17531 17531 D Surface : lockCanvas
04-10 05:06:32.016 17531 17531 D checklines: moveScrollView to 1 to 1323 : 193
04-10 05:06:32.016 17531 17531 D checklines: max= 1323
04-10 05:06:32.017 17531 17531 D speedScrollViw: delay =35
04-10 05:06:32.017 17531 17531 D speedScrollViw: period =35
04-10 05:06:32.018 17531 17531 D MediaRecorder: start+ 0xb400006ef76a7300
04-10 05:06:32.099 17531 17531 D MediaRecorder: start- 0xb400006ef76a7300
04-10 05:06:32.102 17531 17531 D Surface : lockCanvas
04-10 05:06:32.120 17531 17531 D checklines: moveScrollView to 1 to 1323 : 194
04-10 05:06:32.120 17531 17531 D checklines: moveScrollView to 1 to 1323 : 195
04-10 05:06:32.121 17531 17531 D Surface : lockCanvas
04-10 05:06:32.135 17531 17531 D checklines: moveScrollView to 1 to 1323 : 196
04-10 05:06:32.136 17531 17531 D Surface : lockCanvas
04-10 05:06:32.153 17531 17531 D Surface : lockCanvas
04-10 05:06:32.195 17531 17531 D checklines: moveScrollView to 1 to 1323 : 197
04-10 05:06:32.204 17531 17531 D Surface : lockCanvas
04-10 05:06:32.222 17531 17531 D checklines: moveScrollView to 1 to 1323 : 198
04-10 05:06:32.223 17531 17531 D Surface : lockCanvas
04-10 05:06:32.241 17531 17531 D checklines: moveScrollView to 1 to 1323 : 199
04-10 05:06:32.242 17531 17531 D Surface : lockCanvas
04-10 05:06:32.259 17531 17531 D Surface : lockCanvas
04-10 05:06:32.279 17531 17531 D checklines: moveScrollView to 1 to 1323 : 200
04-10 05:06:32.287 17531 17531 D Surface : lockCanvas
04-10 05:06:32.306 17531 17531 D Surface : lockCanvas
04-10 05:06:32.318 17531 17531 D checklines: moveScrollView to 1 to 1323 : 201
04-10 05:06:32.321 17531 17531 D Surface : lockCanvas
04-10 05:06:32.341 17531 17531 D Surface : lockCanvas
04-10 05:06:32.363 17531 17531 D checklines: moveScrollView to 1 to 1323 : 202
04-10 05:06:32.371 17531 17531 D Surface : lockCanvas
04-10 05:06:32.391 17531 17531 D checklines: moveScrollView to 1 to 1323 : 203
04-10 05:06:32.392 17531 17531 D Surface : lockCanvas
04-10 05:06:32.411 17531 17531 D Surface : lockCanvas
04-10 05:06:32.422 17531 17531 D checklines: moveScrollView to 1 to 1323 : 204
04-10 05:06:32.438 17531 17531 D Surface : lockCanvas
04-10 05:06:32.455 17531 17531 D checklines: moveScrollView to 1 to 1323 : 205
04-10 05:06:32.457 17531 17531 D Surface : lockCanvas
04-10 05:06:32.473 17531 17531 D Surface : lockCanvas
04-10 05:06:32.482 17531 17531 D checklines: moveScrollView to 1 to 1323 : 206
04-10 05:06:32.488 17531 17531 D Surface : lockCanvas
04-10 05:06:32.504 17531 17531 D Surface : lockCanvas
04-10 05:06:32.526 17531 17531 D checklines: moveScrollView to 1 to 1323 : 207
04-10 05:06:32.527 17531 17531 D Surface : lockCanvas
04-10 05:06:32.550 17531 17531 D Surface : lockCanvas
04-10 05:06:32.563 17531 17531 D checklines: moveScrollView to 1 to 1323 : 137
04-10 05:06:32.563 17531 17531 D Surface : lockCanvas
04-10 05:06:32.580 17531 17531 D Surface : lockCanvas
04-10 05:06:32.603 17531 17531 D checklines: moveScrollView to 1 to 1323 : 1
04-10 05:06:32.603 17531 17531 D Surface : lockCanvas
04-10 05:06:32.621 17531 17531 D Surface : lockCanvas
04-10 05:06:32.632 17531 17531 D checklines: moveScrollView to 1 to 1323 : 1
04-10 05:06:32.637 17531 17531 D Surface : lockCanvas
04-10 05:06:32.654 17531 17531 D Surface : lockCanvas
04-10 05:06:32.661 17531 17531 D checklines: moveScrollView to 1 to 1323 : 2
04-10 05:06:32.671 17531 17531 D Surface : lockCanvas
04-10 05:06:32.687 17531 17531 D Surface : lockCanvas
04-10 05:06:32.695 17531 17531 D checklines: moveScrollView to 1 to 1323 : 3
04-10 05:06:32.704 17531 17531 D Surface : lockCanvas
04-10 05:06:32.721 17531 17531 D Surface : lockCanvas
04-10 05:06:32.729 17531 17531 D checklines: moveScrollView to 1 to 1323 : 4
04-10 05:06:32.737 17531 17531 D Surface : lockCanvas
04-10 05:06:32.754 17531 17531 D Surface : lockCanvas
04-10 05:06:32.762 17531 17531 D checklines: moveScrollView to 1 to 1323 : 5
04-10 05:06:32.771 17531 17531 D Surface : lockCanvas
04-10 05:06:32.788 17531 17531 D Surface : lockCanvas
04-10 05:06:32.795 17531 17531 D checklines: moveScrollView to 1 to 1323 : 6
04-10 05:06:32.804 17531 17531 D Surface : lockCanvas
04-10 05:06:32.821 17531 17531 D Surface : lockCanvas
04-10 05:06:32.828 17531 17531 D checklines: moveScrollView to 1 to 1323 : 7
04-10 05:06:32.838 17531 17531 D Surface : lockCanvas
04-10 05:06:32.855 17531 17531 D Surface : lockCanvas
04-10 05:06:32.871 17531 17531 D Surface : lockCanvas
04-10 05:06:32.879 17531 17531 D checklines: moveScrollView to 1 to 1323 : 8
04-10 05:06:32.888 17531 17531 D Surface : lockCanvas
04-10 05:06:32.905 17531 17531 D Surface : lockCanvas
04-10 05:06:32.912 17531 17531 D checklines: moveScrollView to 1 to 1323 : 9
04-10 05:06:32.921 17531 17531 D Surface : lockCanvas
04-10 05:06:32.938 17531 17531 D Surface : lockCanvas
04-10 05:06:32.946 17531 17531 D checklines: moveScrollView to 1 to 1323 : 10
04-10 05:06:32.955 17531 17531 D Surface : lockCanvas
04-10 05:06:32.972 17531 17531 D Surface : lockCanvas
04-10 05:06:32.979 17531 17531 D checklines: moveScrollView to 1 to 1323 : 11
04-10 05:06:32.988 17531 17531 D Surface : lockCanvas
04-10 05:06:33.005 17531 17531 D Surface : lockCanvas
04-10 05:06:33.013 17531 17531 D checklines: moveScrollView to 1 to 1323 : 12
04-10 05:06:33.022 17531 17531 D Surface : lockCanvas
04-10 05:06:33.039 17531 17531 D Surface : lockCanvas
04-10 05:06:33.047 17531 17531 D checklines: moveScrollView to 1 to 1323 : 13
04-10 05:06:33.055 17531 17531 D Surface : lockCanvas
04-10 05:06:33.072 17531 17531 D Surface : lockCanvas
04-10 05:06:33.079 17531 17531 D checklines: moveScrollView to 1 to 1323 : 14
04-10 05:06:33.089 17531 17531 D Surface : lockCanvas
04-10 05:06:33.105 17531 17531 D Surface : lockCanvas
04-10 05:06:33.113 17531 17531 D checklines: moveScrollView to 1 to 1323 : 15
04-10 05:06:33.122 17531 17531 D Surface : lockCanvas
04-10 05:06:33.138 17531 17531 D Surface : lockCanvas
04-10 05:06:33.146 17531 17531 D checklines: moveScrollView to 1 to 1323 : 16
04-10 05:06:33.155 17531 17531 D Surface : lockCanvas
04-10 05:06:33.172 17531 17531 D Surface : lockCanvas
04-10 05:06:33.180 17531 17531 D checklines: moveScrollView to 1 to 1323 : 17
04-10 05:06:33.189 17531 17531 D Surface : lockCanvas
04-10 05:06:33.205 17531 17531 D Surface : lockCanvas
04-10 05:06:33.222 17531 17531 D Surface : lockCanvas
04-10 05:06:33.230 17531 17531 D checklines: moveScrollView to 1 to 1323 : 18
04-10 05:06:33.239 17531 17531 D Surface : lockCanvas
04-10 05:06:33.256 17531 17531 D Surface : lockCanvas
04-10 05:06:33.263 17531 17531 D checklines: moveScrollView to 1 to 1323 : 19
04-10 05:06:33.272 17531 17531 D Surface : lockCanvas
04-10 05:06:33.289 17531 17531 D Surface : lockCanvas
04-10 05:06:33.296 17531 17531 D checklines: moveScrollView to 1 to 1323 : 20
04-10 05:06:33.306 17531 17531 D Surface : lockCanvas
04-10 05:06:33.322 17531 17531 D Surface : lockCanvas
04-10 05:06:33.330 17531 17531 D checklines: moveScrollView to 1 to 1323 : 21
04-10 05:06:33.339 17531 17531 D Surface : lockCanvas
04-10 05:06:33.356 17531 17531 D Surface : lockCanvas
04-10 05:06:33.363 17531 17531 D checklines: moveScrollView to 1 to 1323 : 22
04-10 05:06:33.373 17531 17531 D Surface : lockCanvas
04-10 05:06:33.389 17531 17531 D Surface : lockCanvas
04-10 05:06:33.397 17531 17531 D checklines: moveScrollView to 1 to 1323 : 23
04-10 05:06:33.406 17531 17531 D Surface : lockCanvas
04-10 05:06:33.422 17531 17531 D Surface : lockCanvas
04-10 05:06:33.430 17531 17531 D checklines: moveScrollView to 1 to 1323 : 24
04-10 05:06:33.439 17531 17531 D Surface : lockCanvas
04-10 05:06:33.456 17531 17531 D Surface : lockCanvas
04-10 05:06:33.464 17531 17531 D checklines: moveScrollView to 1 to 1323 : 25
04-10 05:06:33.473 17531 17531 D Surface : lockCanvas
04-10 05:06:33.489 17531 17531 D Surface : lockCanvas
04-10 05:06:33.497 17531 17531 D checklines: moveScrollView to 1 to 1323 : 26
04-10 05:06:33.506 17531 17531 D Surface : lockCanvas
04-10 05:06:33.523 17531 17531 D Surface : lockCanvas
04-10 05:06:33.540 17531 17531 D Surface : lockCanvas
04-10 05:06:33.547 17531 17531 D checklines: moveScrollView to 1 to 1323 : 27
04-10 05:06:33.556 17531 17531 D Surface : lockCanvas
04-10 05:06:33.573 17531 17531 D Surface : lockCanvas
04-10 05:06:33.580 17531 17531 D checklines: moveScrollView to 1 to 1323 : 28
04-10 05:06:33.590 17531 17531 D Surface : lockCanvas
04-10 05:06:33.606 17531 17531 D Surface : lockCanvas
04-10 05:06:33.614 17531 17531 D checklines: moveScrollView to 1 to 1323 : 29
04-10 05:06:33.623 17531 17531 D Surface : lockCanvas
04-10 05:06:33.640 17531 17531 D Surface : lockCanvas
04-10 05:06:33.647 17531 17531 D checklines: moveScrollView to 1 to 1323 : 30
04-10 05:06:33.656 17531 17531 D Surface : lockCanvas
04-10 05:06:33.673 17531 17531 D Surface : lockCanvas
04-10 05:06:33.681 17531 17531 D checklines: moveScrollView to 1 to 1323 : 31
04-10 05:06:33.690 17531 17531 D Surface : lockCanvas
04-10 05:06:33.707 17531 17531 D Surface : lockCanvas
04-10 05:06:33.714 17531 17531 D checklines: moveScrollView to 1 to 1323 : 32
04-10 05:06:33.723 17531 17531 D Surface : lockCanvas
04-10 05:06:33.740 17531 17531 D Surface : lockCanvas
04-10 05:06:33.747 17531 17531 D checklines: moveScrollView to 1 to 1323 : 33
04-10 05:06:33.757 17531 17531 D Surface : lockCanvas
04-10 05:06:33.773 17531 17531 D Surface : lockCanvas
04-10 05:06:33.781 17531 17531 D checklines: moveScrollView to 1 to 1323 : 34
04-10 05:06:33.790 17531 17531 D Surface : lockCanvas
04-10 05:06:33.807 17531 17531 D Surface : lockCanvas
04-10 05:06:33.814 17531 17531 D checklines: moveScrollView to 1 to 1323 : 35
04-10 05:06:33.824 17531 17531 D Surface : lockCanvas
04-10 05:06:33.840 17531 17531 D Surface : lockCanvas
04-10 05:06:33.848 17531 17531 D checklines: moveScrollView to 1 to 1323 : 36
04-10 05:06:33.857 17531 17531 D Surface : lockCanvas
04-10 05:06:33.873 17531 17531 D Surface : lockCanvas
04-10 05:06:33.890 17531 17531 D Surface : lockCanvas
04-10 05:06:33.898 17531 17531 D checklines: moveScrollView to 1 to 1323 : 37
04-10 05:06:33.907 17531 17531 D Surface : lockCanvas
04-10 05:06:33.924 17531 17531 D Surface : lockCanvas
04-10 05:06:33.931 17531 17531 D checklines: moveScrollView to 1 to 1323 : 38
04-10 05:06:33.940 17531 17531 D Surface : lockCanvas
04-10 05:06:33.957 17531 17531 D Surface : lockCanvas
04-10 05:06:33.965 17531 17531 D checklines: moveScrollView to 1 to 1323 : 39
04-10 05:06:33.974 17531 17531 D Surface : lockCanvas
04-10 05:06:33.991 17531 17531 D Surface : lockCanvas
04-10 05:06:33.998 17531 17531 D checklines: moveScrollView to 1 to 1323 : 40
04-10 05:06:34.007 17531 17531 D Surface : lockCanvas
04-10 05:06:34.024 17531 17531 D Surface : lockCanvas
04-10 05:06:34.032 17531 17531 D checklines: moveScrollView to 1 to 1323 : 41
04-10 05:06:34.041 17531 17531 D Surface : lockCanvas
04-10 05:06:34.058 17531 17531 D Surface : lockCanvas
04-10 05:06:34.066 17531 17531 D checklines: moveScrollView to 1 to 1323 : 42
04-10 05:06:34.074 17531 17531 D Surface : lockCanvas
04-10 05:06:34.091 17531 17531 D Surface : lockCanvas
04-10 05:06:34.101 17531 17531 D checklines: moveScrollView to 1 to 1323 : 43
04-10 05:06:34.108 17531 17531 D Surface : lockCanvas
04-10 05:06:34.125 17531 17531 D Surface : lockCanvas
04-10 05:06:34.135 17531 17531 D checklines: moveScrollView to 1 to 1323 : 44
04-10 05:06:34.141 17531 17531 D Surface : lockCanvas
04-10 05:06:34.158 17531 17531 D Surface : lockCanvas
04-10 05:06:34.168 17531 17531 D checklines: moveScrollView to 1 to 1323 : 45
04-10 05:06:34.175 17531 17531 D Surface : lockCanvas
04-10 05:06:34.186 17531 17531 W FramePolicy: type=1400 audit(0.0:1278179): avc:
denied { ioctl } for path="/proc/perfmgr/perf_ioctl" dev="proc" ino=4026533141
ioctlcmd=0x6716 scontext=u:r:untrusted_app:s0:c29,c260,c512,c768
tcontext=u:object_r:proc_perfmgr:s0 tclass=file permissive=0
app=com.corepix.videorecording
04-10 05:06:34.190 17531 18063 I libPerfCtl: fbcNotifySbeRescue ret=-1
04-10 05:06:34.192 17531 17531 D Surface : lockCanvas
04-10 05:06:34.202 17531 17531 D checklines: moveScrollView to 1 to 1323 : 46
04-10 05:06:34.208 17531 17531 D Surface : lockCanvas
04-10 05:06:34.225 17531 17531 D Surface : lockCanvas
04-10 05:06:34.235 17531 17531 D checklines: moveScrollView to 1 to 1323 : 47
04-10 05:06:34.242 17531 17531 D Surface : lockCanvas
04-10 05:06:34.258 17531 17531 D Surface : lockCanvas
04-10 05:06:34.275 17531 17531 D Surface : lockCanvas
04-10 05:06:34.286 17531 17531 D checklines: moveScrollView to 1 to 1323 : 48
04-10 05:06:34.292 17531 17531 D Surface : lockCanvas
04-10 05:06:34.306 17531 17531 W FramePolicy: type=1400 audit(0.0:1278180): avc:
denied { ioctl } for path="/proc/perfmgr/perf_ioctl" dev="proc" ino=4026533141
ioctlcmd=0x6716 scontext=u:r:untrusted_app:s0:c29,c260,c512,c768
tcontext=u:object_r:proc_perfmgr:s0 tclass=file permissive=0
app=com.corepix.videorecording
04-10 05:06:34.307 17531 18063 I libPerfCtl: fbcNotifySbeRescue ret=-1
04-10 05:06:34.309 17531 17531 D Surface : lockCanvas
04-10 05:06:34.320 17531 17531 D checklines: moveScrollView to 1 to 1323 : 49
04-10 05:06:34.325 17531 17531 D Surface : lockCanvas
04-10 05:06:34.341 17531 18063 I libPerfCtl: fbcNotifySbeRescue ret=-1
04-10 05:06:34.338 17531 17531 W FramePolicy: type=1400 audit(0.0:1278181): avc:
denied { ioctl } for path="/proc/perfmgr/perf_ioctl" dev="proc" ino=4026533141
ioctlcmd=0x6716 scontext=u:r:untrusted_app:s0:c29,c260,c512,c768
tcontext=u:object_r:proc_perfmgr:s0 tclass=file permissive=0
app=com.corepix.videorecording
04-10 05:06:34.342 17531 17531 D Surface : lockCanvas
04-10 05:06:34.352 17531 17531 D checklines: moveScrollView to 1 to 1323 : 50
04-10 05:06:34.359 17531 17531 D Surface : lockCanvas
04-10 05:06:34.375 17531 17531 D Surface : lockCanvas
04-10 05:06:34.386 17531 17531 D checklines: moveScrollView to 1 to 1323 : 51
04-10 05:06:34.392 17531 17531 D Surface : lockCanvas
04-10 05:06:34.408 17531 17531 D Surface : lockCanvas
04-10 05:06:34.418 17531 17531 D checklines: moveScrollView to 1 to 1323 : 52
04-10 05:06:34.425 17531 17531 D Surface : lockCanvas
04-10 05:06:34.442 17531 17531 D Surface : lockCanvas
04-10 05:06:34.452 17531 17531 D checklines: moveScrollView to 1 to 1323 : 53
04-10 05:06:34.459 17531 17531 D Surface : lockCanvas
04-10 05:06:34.475 17531 17531 D Surface : lockCanvas
04-10 05:06:34.486 17531 17531 D checklines: moveScrollView to 1 to 1323 : 54
04-10 05:06:34.492 17531 17531 D Surface : lockCanvas
04-10 05:06:34.509 17531 17531 D Surface : lockCanvas
04-10 05:06:34.519 17531 17531 D checklines: moveScrollView to 1 to 1323 : 55
04-10 05:06:34.526 17531 17531 D Surface : lockCanvas
04-10 05:06:34.542 17531 17531 D Surface : lockCanvas
04-10 05:06:34.553 17531 17531 D checklines: moveScrollView to 1 to 1323 : 56
04-10 05:06:34.559 17531 17531 D Surface : lockCanvas
04-10 05:06:34.576 17531 17531 D Surface : lockCanvas
04-10 05:06:34.586 17531 17531 D checklines: moveScrollView to 1 to 1323 : 57
04-10 05:06:34.593 17531 17531 D Surface : lockCanvas
04-10 05:06:34.608 17531 18063 I libPerfCtl: fbcNotifySbeRescue ret=-1
04-10 05:06:34.606 17531 17531 W FramePolicy: type=1400 audit(0.0:1278183): avc:
denied { ioctl } for path="/proc/perfmgr/perf_ioctl" dev="proc" ino=4026533141
ioctlcmd=0x6716 scontext=u:r:untrusted_app:s0:c29,c260,c512,c768
tcontext=u:object_r:proc_perfmgr:s0 tclass=file permissive=0
app=com.corepix.videorecording
04-10 05:06:34.609 17531 17531 D Surface : lockCanvas
04-10 05:06:34.626 17531 17531 D Surface : lockCanvas
04-10 05:06:34.637 17531 17531 D checklines: moveScrollView to 1 to 1323 : 58
04-10 05:06:34.643 17531 17531 D Surface : lockCanvas
04-10 05:06:34.659 17531 18063 I libPerfCtl: fbcNotifySbeRescue ret=-1
04-10 05:06:34.660 17531 17531 D Surface : lockCanvas
04-10 05:06:34.670 17531 17531 D checklines: moveScrollView to 1 to 1323 : 59
04-10 05:06:34.676 17531 17531 D Surface : lockCanvas
04-10 05:06:34.692 17531 17531 D Surface : lockCanvas
04-10 05:06:34.702 17531 17531 D checklines: moveScrollView to 1 to 1323 : 60
04-10 05:06:34.709 17531 17531 D Surface : lockCanvas
04-10 05:06:34.726 17531 17531 D Surface : lockCanvas
04-10 05:06:34.736 17531 17531 D checklines: moveScrollView to 1 to 1323 : 61
04-10 05:06:34.743 17531 17531 D Surface : lockCanvas
04-10 05:06:34.758 17531 18063 I libPerfCtl: fbcNotifySbeRescue ret=-1
04-10 05:06:34.759 17531 17531 D Surface : lockCanvas
04-10 05:06:34.769 17531 17531 D checklines: moveScrollView to 1 to 1323 : 62
04-10 05:06:34.776 17531 17531 D Surface : lockCanvas
04-10 05:06:34.793 17531 17531 D Surface : lockCanvas
04-10 05:06:34.803 17531 17531 D checklines: moveScrollView to 1 to 1323 : 63
04-10 05:06:34.810 17531 17531 D Surface : lockCanvas
04-10 05:06:34.826 17531 17531 D Surface : lockCanvas
04-10 05:06:34.836 17531 17531 D checklines: moveScrollView to 1 to 1323 : 64
04-10 05:06:34.843 17531 17531 D Surface : lockCanvas
04-10 05:06:34.860 17531 17531 D Surface : lockCanvas
04-10 05:06:34.869 17531 17531 D checklines: moveScrollView to 1 to 1323 : 65
04-10 05:06:34.876 17531 17531 D Surface : lockCanvas
04-10 05:06:34.893 17531 17531 D Surface : lockCanvas
04-10 05:06:34.903 17531 17531 D checklines: moveScrollView to 1 to 1323 : 66
04-10 05:06:34.910 17531 17531 D Surface : lockCanvas
04-10 05:06:34.926 17531 17531 D Surface : lockCanvas
04-10 05:06:34.936 17531 17531 D checklines: moveScrollView to 1 to 1323 : 67
04-10 05:06:34.943 17531 17531 D Surface : lockCanvas
04-10 05:06:34.960 17531 17531 D Surface : lockCanvas
04-10 05:06:34.977 17531 17531 D Surface : lockCanvas
04-10 05:06:34.988 17531 17531 D checklines: moveScrollView to 1 to 1323 : 68
04-10 05:06:34.994 17531 17531 D Surface : lockCanvas
04-10 05:06:35.010 17531 17531 D Surface : lockCanvas
04-10 05:06:35.019 17531 17531 D checklines: moveScrollView to 1 to 1323 : 69
04-10 05:06:35.027 17531 17531 D Surface : lockCanvas
04-10 05:06:35.043 17531 17531 D Surface : lockCanvas
04-10 05:06:35.054 17531 17531 D checklines: moveScrollView to 1 to 1323 : 70
04-10 05:06:35.061 17531 17531 D Surface : lockCanvas
04-10 05:06:35.076 17531 18063 I libPerfCtl: fbcNotifySbeRescue ret=-1
04-10 05:06:35.077 17531 17531 D Surface : lockCanvas
04-10 05:06:35.087 17531 17531 D checklines: moveScrollView to 1 to 1323 : 71
04-10 05:06:35.094 17531 17531 D Surface : lockCanvas
04-10 05:06:35.110 17531 17531 D Surface : lockCanvas
04-10 05:06:35.121 17531 17531 D checklines: moveScrollView to 1 to 1323 : 72
04-10 05:06:35.127 17531 17531 D Surface : lockCanvas
04-10 05:06:35.144 17531 17531 D Surface : lockCanvas
04-10 05:06:35.154 17531 17531 D checklines: moveScrollView to 1 to 1323 : 73
04-10 05:06:35.161 17531 17531 D Surface : lockCanvas
04-10 05:06:35.177 17531 17531 D Surface : lockCanvas
04-10 05:06:35.188 17531 17531 D checklines: moveScrollView to 1 to 1323 : 74
04-10 05:06:35.194 17531 17531 D Surface : lockCanvas
04-10 05:06:35.210 17531 17531 D Surface : lockCanvas
04-10 05:06:35.220 17531 17531 D checklines: moveScrollView to 1 to 1323 : 75
04-10 05:06:35.227 17531 17531 D Surface : lockCanvas
04-10 05:06:35.244 17531 17531 D Surface : lockCanvas
04-10 05:06:35.255 17531 17531 D checklines: moveScrollView to 1 to 1323 : 76
04-10 05:06:35.261 17531 17531 D Surface : lockCanvas
04-10 05:06:35.277 17531 17531 D Surface : lockCanvas
04-10 05:06:35.294 17531 17531 D Surface : lockCanvas
04-10 05:06:35.305 17531 17531 D checklines: moveScrollView to 1 to 1323 : 77
04-10 05:06:35.311 17531 17531 D Surface : lockCanvas
04-10 05:06:35.322 17531 17531 W FramePolicy: type=1400 audit(0.0:1278187): avc:
denied { ioctl } for path="/proc/perfmgr/perf_ioctl" dev="proc" ino=4026533141
ioctlcmd=0x6716 scontext=u:r:untrusted_app:s0:c29,c260,c512,c768
tcontext=u:object_r:proc_perfmgr:s0 tclass=file permissive=0
app=com.corepix.videorecording
04-10 05:06:35.326 17531 18063 I libPerfCtl: fbcNotifySbeRescue ret=-1
04-10 05:06:35.330 17531 17531 D Surface : lockCanvas
04-10 05:06:35.340 17531 17531 D checklines: moveScrollView to 1 to 1323 : 78
04-10 05:06:35.344 17531 17531 D Surface : lockCanvas
04-10 05:06:35.361 17531 17531 D Surface : lockCanvas
04-10 05:06:35.371 17531 17531 D checklines: moveScrollView to 1 to 1323 : 79
04-10 05:06:35.378 17531 17531 D Surface : lockCanvas
04-10 05:06:35.394 17531 17531 D Surface : lockCanvas
04-10 05:06:35.404 17531 17531 D checklines: moveScrollView to 1 to 1323 : 80
04-10 05:06:35.411 17531 17531 D Surface : lockCanvas
04-10 05:06:35.428 17531 17531 D Surface : lockCanvas
04-10 05:06:35.438 17531 17531 D checklines: moveScrollView to 1 to 1323 : 81
04-10 05:06:35.445 17531 17531 D Surface : lockCanvas
04-10 05:06:35.464 17531 17531 D Surface : lockCanvas
04-10 05:06:35.474 17531 17531 D checklines: moveScrollView to 1 to 1323 : 82
04-10 05:06:35.478 17531 17531 D Surface : lockCanvas
04-10 05:06:35.494 17531 17531 D Surface : lockCanvas
04-10 05:06:35.505 17531 17531 D checklines: moveScrollView to 1 to 1323 : 83
04-10 05:06:35.511 17531 17531 D Surface : lockCanvas
04-10 05:06:35.528 17531 17531 D Surface : lockCanvas
04-10 05:06:35.538 17531 17531 D checklines: moveScrollView to 1 to 1323 : 84
04-10 05:06:35.545 17531 17531 D Surface : lockCanvas
04-10 05:06:35.561 17531 17531 D Surface : lockCanvas
04-10 05:06:35.571 17531 17531 D checklines: moveScrollView to 1 to 1323 : 85
04-10 05:06:35.578 17531 17531 D Surface : lockCanvas
04-10 05:06:35.595 17531 17531 D Surface : lockCanvas
04-10 05:06:35.604 17531 17531 D checklines: moveScrollView to 1 to 1323 : 86
04-10 05:06:35.612 17531 17531 D Surface : lockCanvas
04-10 05:06:35.628 17531 17531 D Surface : lockCanvas
04-10 05:06:35.644 17531 17531 D Surface : lockCanvas
04-10 05:06:35.651 17531 17531 D checklines: moveScrollView to 1 to 1323 : 87
04-10 05:06:35.661 17531 17531 D Surface : lockCanvas
04-10 05:06:35.678 17531 17531 D Surface : lockCanvas
04-10 05:06:35.685 17531 17531 D checklines: moveScrollView to 1 to 1323 : 88
04-10 05:06:35.695 17531 17531 D Surface : lockCanvas
04-10 05:06:35.712 17531 17531 D Surface : lockCanvas
04-10 05:06:35.722 17531 17531 D checklines: moveScrollView to 1 to 1323 : 66
04-10 05:06:35.728 17531 17531 D Surface : lockCanvas
04-10 05:06:35.745 17531 17531 D Surface : lockCanvas
04-10 05:06:35.755 17531 17531 D checklines: moveScrollView to 1 to 1323 : 27
04-10 05:06:35.762 17531 17531 D Surface : lockCanvas
04-10 05:06:35.778 17531 17531 D Surface : lockCanvas
04-10 05:06:35.789 17531 17531 D checklines: moveScrollView to 1 to 1323 : 1
04-10 05:06:35.795 17531 17531 D Surface : lockCanvas
04-10 05:06:35.812 17531 17531 D Surface : lockCanvas
04-10 05:06:35.822 17531 17531 D checklines: moveScrollView to 1 to 1323 : 1
04-10 05:06:35.828 17531 17531 D Surface : lockCanvas
04-10 05:06:35.845 17531 17531 D Surface : lockCanvas
04-10 05:06:35.856 17531 17531 D checklines: moveScrollView to 1 to 1323 : 1
04-10 05:06:35.862 17531 17531 D Surface : lockCanvas
04-10 05:06:35.879 17531 17531 D Surface : lockCanvas
04-10 05:06:35.889 17531 17531 D checklines: moveScrollView to 1 to 1323 : 1
04-10 05:06:35.895 17531 17531 D Surface : lockCanvas
04-10 05:06:35.912 17531 17531 D Surface : lockCanvas
04-10 05:06:35.923 17531 17531 D checklines: moveScrollView to 1 to 1323 : 1
04-10 05:06:35.929 17531 17531 D Surface : lockCanvas
04-10 05:06:35.945 17531 17531 D Surface : lockCanvas
04-10 05:06:35.962 17531 17531 D Surface : lockCanvas
04-10 05:06:35.973 17531 17531 D checklines: moveScrollView to 1 to 1323 : 1
04-10 05:06:35.979 17531 17531 D Surface : lockCanvas
04-10 05:06:35.996 17531 17531 D Surface : lockCanvas
04-10 05:06:36.006 17531 17531 D checklines: moveScrollView to 1 to 1323 : 1
04-10 05:06:36.012 17531 17531 D Surface : lockCanvas
04-10 05:06:36.029 17531 17531 D Surface : lockCanvas
04-10 05:06:36.040 17531 17531 D checklines: moveScrollView to 1 to 1323 : 1
04-10 05:06:36.046 17531 17531 D Surface : lockCanvas
04-10 05:06:36.062 17531 17531 D Surface : lockCanvas
04-10 05:06:36.073 17531 17531 D checklines: moveScrollView to 1 to 1323 : 1
04-10 05:06:36.080 17531 17531 D Surface : lockCanvas
04-10 05:06:36.096 17531 17531 D Surface : lockCanvas
04-10 05:06:36.107 17531 17531 D checklines: moveScrollView to 1 to 1323 : 1
04-10 05:06:36.113 17531 17531 D Surface : lockCanvas
04-10 05:06:36.129 17531 17531 D Surface : lockCanvas
04-10 05:06:36.140 17531 17531 D checklines: moveScrollView to 1 to 1323 : 1
04-10 05:06:36.146 17531 17531 D Surface : lockCanvas
04-10 05:06:36.162 17531 17531 D Surface : lockCanvas
04-10 05:06:36.170 17531 17531 D checklines: moveScrollView to 1 to 1323 : 1
04-10 05:06:36.179 17531 17531 D Surface : lockCanvas
04-10 05:06:36.196 17531 17531 D Surface : lockCanvas
04-10 05:06:36.207 17531 17531 D checklines: moveScrollView to 1 to 1323 : 1
04-10 05:06:36.213 17531 17531 D Surface : lockCanvas
04-10 05:06:36.230 17531 17531 D Surface : lockCanvas
04-10 05:06:36.240 17531 17531 D checklines: moveScrollView to 1 to 1323 : 1
04-10 05:06:36.246 17531 17531 D Surface : lockCanvas
04-10 05:06:36.263 17531 17531 D Surface : lockCanvas
04-10 05:06:36.280 17531 17531 D Surface : lockCanvas
04-10 05:06:36.290 17531 17531 D checklines: moveScrollView to 1 to 1323 : 1
04-10 05:06:36.296 17531 17531 D Surface : lockCanvas
04-10 05:06:36.313 17531 17531 D Surface : lockCanvas
04-10 05:06:36.324 17531 17531 D checklines: moveScrollView to 1 to 1323 : 1
04-10 05:06:36.329 17531 17531 D Surface : lockCanvas
04-10 05:06:36.346 17531 17531 D Surface : lockCanvas
04-10 05:06:36.354 17531 17531 D checklines: moveScrollView to 1 to 1323 : 2
04-10 05:06:36.363 17531 17531 D Surface : lockCanvas
04-10 05:06:36.380 17531 17531 D Surface : lockCanvas
04-10 05:06:36.388 17531 17531 D checklines: moveScrollView to 1 to 1323 : 3
04-10 05:06:36.396 17531 17531 D Surface : lockCanvas
04-10 05:06:36.413 17531 17531 D Surface : lockCanvas
04-10 05:06:36.420 17531 17531 D checklines: moveScrollView to 1 to 1323 : 4
04-10 05:06:36.430 17531 17531 D Surface : lockCanvas
04-10 05:06:36.446 17531 17531 D Surface : lockCanvas
04-10 05:06:36.454 17531 17531 D checklines: moveScrollView to 1 to 1323 : 5
04-10 05:06:36.463 17531 17531 D Surface : lockCanvas
04-10 05:06:36.480 17531 17531 D Surface : lockCanvas
04-10 05:06:36.487 17531 17531 D checklines: moveScrollView to 1 to 1323 : 6
04-10 05:06:36.497 17531 17531 D Surface : lockCanvas
04-10 05:06:36.513 17531 17531 D Surface : lockCanvas
04-10 05:06:36.521 17531 17531 D checklines: moveScrollView to 1 to 1323 : 7
04-10 05:06:36.530 17531 17531 D Surface : lockCanvas
04-10 05:06:36.547 17531 17531 D Surface : lockCanvas
04-10 05:06:36.558 17531 17531 D checklines: moveScrollView to 1 to 1323 : 8
04-10 05:06:36.564 17531 17531 D Surface : lockCanvas
04-10 05:06:36.580 17531 17531 D Surface : lockCanvas
04-10 05:06:36.588 17531 17531 D checklines: moveScrollView to 1 to 1323 : 9
04-10 05:06:36.597 17531 17531 D Surface : lockCanvas
04-10 05:06:36.614 17531 17531 D Surface : lockCanvas
04-10 05:06:36.631 17531 17531 D Surface : lockCanvas
04-10 05:06:36.641 17531 17531 D checklines: moveScrollView to 1 to 1323 : 11
04-10 05:06:36.647 17531 17531 D Surface : lockCanvas
04-10 05:06:36.664 17531 17531 D Surface : lockCanvas
04-10 05:06:36.671 17531 17531 D checklines: moveScrollView to 1 to 1323 : 14
04-10 05:06:36.681 17531 17531 D Surface : lockCanvas
04-10 05:06:36.697 17531 17531 D Surface : lockCanvas
04-10 05:06:36.704 17531 17531 D checklines: moveScrollView to 1 to 1323 : 14
04-10 05:06:36.714 17531 17531 D Surface : lockCanvas
04-10 05:06:36.730 17531 17531 D Surface : lockCanvas
04-10 05:06:36.738 17531 17531 D checklines: moveScrollView to 1 to 1323 : 15
04-10 05:06:36.748 17531 17531 D Surface : lockCanvas
04-10 05:06:36.764 17531 17531 D Surface : lockCanvas
04-10 05:06:36.771 17531 17531 D checklines: moveScrollView to 1 to 1323 : 16
04-10 05:06:36.781 17531 17531 D Surface : lockCanvas
04-10 05:06:36.797 17531 17531 D Surface : lockCanvas
04-10 05:06:36.808 17531 17531 D checklines: moveScrollView to 1 to 1323 : 18
04-10 05:06:36.814 17531 17531 D Surface : lockCanvas
04-10 05:06:36.831 17531 17531 D Surface : lockCanvas
04-10 05:06:36.842 17531 17531 D checklines: moveScrollView to 1 to 1323 : 19
04-10 05:06:36.848 17531 17531 D Surface : lockCanvas
04-10 05:06:36.864 17531 17531 D Surface : lockCanvas
04-10 05:06:36.875 17531 17531 D checklines: moveScrollView to 1 to 1323 : 22
04-10 05:06:36.881 17531 17531 D Surface : lockCanvas
04-10 05:06:36.898 17531 17531 D Surface : lockCanvas
04-10 05:06:36.908 17531 17531 D checklines: moveScrollView to 1 to 1323 : 22
04-10 05:06:36.914 17531 17531 D Surface : lockCanvas
04-10 05:06:36.931 17531 17531 D Surface : lockCanvas
04-10 05:06:36.942 17531 17531 D checklines: moveScrollView to 1 to 1323 : 23
04-10 05:06:36.948 17531 17531 D Surface : lockCanvas
04-10 05:06:36.964 17531 17531 D Surface : lockCanvas
04-10 05:06:36.981 17531 17531 D Surface : lockCanvas
04-10 05:06:36.992 17531 17531 D checklines: moveScrollView to 1 to 1323 : 24
04-10 05:06:36.998 17531 17531 D Surface : lockCanvas
04-10 05:06:37.015 17531 17531 D Surface : lockCanvas
04-10 05:06:37.025 17531 17531 D checklines: moveScrollView to 1 to 1323 : 25
04-10 05:06:37.031 17531 17531 D Surface : lockCanvas
04-10 05:06:37.048 17531 17531 D Surface : lockCanvas
04-10 05:06:37.059 17531 17531 D checklines: moveScrollView to 1 to 1323 : 26
04-10 05:06:37.065 17531 17531 D Surface : lockCanvas
04-10 05:06:37.081 17531 17531 D Surface : lockCanvas
04-10 05:06:37.092 17531 17531 D checklines: moveScrollView to 1 to 1323 : 27
04-10 05:06:37.099 17531 17531 D Surface : lockCanvas
04-10 05:06:37.115 17531 17531 D Surface : lockCanvas
04-10 05:06:37.126 17531 17531 D checklines: moveScrollView to 1 to 1323 : 28
04-10 05:06:37.132 17531 17531 D Surface : lockCanvas
04-10 05:06:37.148 17531 17531 D Surface : lockCanvas
04-10 05:06:37.156 17531 17531 D checklines: moveScrollView to 1 to 1323 : 29
04-10 05:06:37.165 17531 17531 D Surface : lockCanvas
04-10 05:06:37.181 17531 17531 D Surface : lockCanvas
04-10 05:06:37.189 17531 17531 D checklines: moveScrollView to 1 to 1323 : 30
04-10 05:06:37.198 17531 17531 D Surface : lockCanvas
04-10 05:06:37.215 17531 17531 D Surface : lockCanvas
04-10 05:06:37.223 17531 17531 D checklines: moveScrollView to 1 to 1323 : 31
04-10 05:06:37.232 17531 17531 D Surface : lockCanvas
04-10 05:06:37.248 17531 17531 D Surface : lockCanvas
04-10 05:06:37.256 17531 17531 D checklines: moveScrollView to 1 to 1323 : 32
04-10 05:06:37.265 17531 17531 D Surface : lockCanvas
04-10 05:06:37.282 17531 17531 D Surface : lockCanvas
04-10 05:06:37.298 17531 17531 D Surface : lockCanvas
04-10 05:06:37.306 17531 17531 D checklines: moveScrollView to 1 to 1323 : 32
04-10 05:06:37.315 17531 17531 D Surface : lockCanvas
04-10 05:06:37.332 17531 17531 D Surface : lockCanvas
04-10 05:06:37.339 17531 17531 D checklines: moveScrollView to 1 to 1323 : 33
04-10 05:06:37.349 17531 17531 D Surface : lockCanvas
04-10 05:06:37.366 17531 17531 D Surface : lockCanvas
04-10 05:06:37.376 17531 17531 D checklines: moveScrollView to 1 to 1323 : 33
04-10 05:06:37.382 17531 17531 D Surface : lockCanvas
04-10 05:06:37.399 17531 17531 D Surface : lockCanvas
04-10 05:06:37.406 17531 17531 D checklines: moveScrollView to 1 to 1323 : 33
04-10 05:06:37.416 17531 17531 D Surface : lockCanvas
04-10 05:06:37.432 17531 17531 D Surface : lockCanvas
04-10 05:06:37.443 17531 17531 D checklines: moveScrollView to 1 to 1323 : 32
04-10 05:06:37.449 17531 17531 D Surface : lockCanvas
04-10 05:06:37.466 17531 17531 D Surface : lockCanvas
04-10 05:06:37.476 17531 17531 D checklines: moveScrollView to 1 to 1323 : 32
04-10 05:06:37.483 17531 17531 D Surface : lockCanvas
04-10 05:06:37.499 17531 17531 D Surface : lockCanvas
04-10 05:06:37.510 17531 17531 D checklines: moveScrollView to 1 to 1323 : 32
04-10 05:06:37.516 17531 17531 D Surface : lockCanvas
04-10 05:06:37.532 17531 17531 D Surface : lockCanvas
04-10 05:06:37.540 17531 17531 D checklines: moveScrollView to 1 to 1323 : 33
04-10 05:06:37.549 17531 17531 D Surface : lockCanvas
04-10 05:06:37.566 17531 17531 D Surface : lockCanvas
04-10 05:06:37.573 17531 17531 D checklines: moveScrollView to 1 to 1323 : 34
04-10 05:06:37.583 17531 17531 D Surface : lockCanvas
04-10 05:06:37.599 17531 17531 D Surface : lockCanvas
04-10 05:06:37.606 17531 17531 D checklines: moveScrollView to 1 to 1323 : 34
04-10 05:06:37.616 17531 17531 D Surface : lockCanvas
04-10 05:06:37.633 17531 17531 D Surface : lockCanvas
04-10 05:06:37.649 17531 17531 D Surface : lockCanvas
04-10 05:06:37.657 17531 17531 D checklines: moveScrollView to 1 to 1323 : 34
04-10 05:06:37.666 17531 17531 D Surface : lockCanvas
04-10 05:06:37.683 17531 17531 D Surface : lockCanvas
04-10 05:06:37.690 17531 17531 D checklines: moveScrollView to 1 to 1323 : 34
04-10 05:06:37.700 17531 17531 D Surface : lockCanvas
04-10 05:06:37.717 17531 17531 D Surface : lockCanvas
04-10 05:06:37.730 17531 17531 D checklines: moveScrollView to 1 to 1323 : 34
04-10 05:06:37.733 17531 17531 D Surface : lockCanvas
04-10 05:06:37.750 17531 17531 D Surface : lockCanvas
04-10 05:06:37.759 17531 17531 D checklines: moveScrollView to 1 to 1323 : 35
04-10 05:06:37.767 17531 17531 D Surface : lockCanvas
04-10 05:06:37.784 17531 17531 D Surface : lockCanvas
04-10 05:06:37.794 17531 17531 D checklines: moveScrollView to 1 to 1323 : 35
04-10 05:06:37.801 17531 17531 D Surface : lockCanvas
04-10 05:06:37.817 17531 17531 D Surface : lockCanvas
04-10 05:06:37.827 17531 17531 D checklines: moveScrollView to 1 to 1323 : 36
04-10 05:06:37.834 17531 17531 D Surface : lockCanvas
04-10 05:06:37.851 17531 17531 D Surface : lockCanvas
04-10 05:06:37.861 17531 17531 D checklines: moveScrollView to 1 to 1323 : 37
04-10 05:06:37.868 17531 17531 D Surface : lockCanvas
04-10 05:06:37.884 17531 17531 D Surface : lockCanvas
04-10 05:06:37.894 17531 17531 D checklines: moveScrollView to 1 to 1323 : 37
04-10 05:06:37.901 17531 17531 D Surface : lockCanvas
04-10 05:06:37.918 17531 17531 D Surface : lockCanvas
04-10 05:06:37.932 17531 17531 D checklines: moveScrollView to 1 to 1323 : 38
04-10 05:06:37.934 17531 17531 D Surface : lockCanvas
04-10 05:06:37.951 17531 17531 D Surface : lockCanvas
04-10 05:06:37.960 17531 17531 D checklines: moveScrollView to 1 to 1323 : 39
04-10 05:06:37.968 17531 17531 D Surface : lockCanvas
04-10 05:06:37.984 17531 17531 D Surface : lockCanvas
04-10 05:06:38.001 17531 17531 D Surface : lockCanvas
04-10 05:06:38.015 17531 17531 D checklines: moveScrollView to 1 to 1323 : 39
04-10 05:06:38.018 17531 17531 D Surface : lockCanvas
04-10 05:06:38.034 17531 17531 D Surface : lockCanvas
04-10 05:06:38.047 17531 17531 D checklines: moveScrollView to 1 to 1323 : 40
04-10 05:06:38.051 17531 17531 D Surface : lockCanvas
04-10 05:06:38.068 17531 17531 D Surface : lockCanvas
04-10 05:06:38.081 17531 17531 D checklines: moveScrollView to 1 to 1323 : 41
04-10 05:06:38.085 17531 17531 D Surface : lockCanvas
04-10 05:06:38.102 17531 17531 D Surface : lockCanvas
04-10 05:06:38.117 17531 17531 D checklines: moveScrollView to 1 to 1323 : 42
04-10 05:06:38.118 17531 17531 D Surface : lockCanvas
04-10 05:06:38.135 17531 17531 D Surface : lockCanvas
04-10 05:06:38.148 17531 17531 D checklines: moveScrollView to 1 to 1323 : 43
04-10 05:06:38.151 17531 17531 D Surface : lockCanvas
04-10 05:06:38.168 17531 17531 D Surface : lockCanvas
04-10 05:06:38.181 17531 17531 D checklines: moveScrollView to 1 to 1323 : 44
04-10 05:06:38.185 17531 17531 D Surface : lockCanvas
04-10 05:06:38.201 17531 17531 D Surface : lockCanvas
04-10 05:06:38.214 17531 17531 D checklines: moveScrollView to 1 to 1323 : 46
04-10 05:06:38.218 17531 17531 D Surface : lockCanvas
04-10 05:06:38.234 17531 17531 D Surface : lockCanvas
04-10 05:06:38.244 17531 17531 D checklines: moveScrollView to 1 to 1323 : 47
04-10 05:06:38.251 17531 17531 D Surface : lockCanvas
04-10 05:06:38.268 17531 17531 D Surface : lockCanvas
04-10 05:06:38.278 17531 17531 D checklines: moveScrollView to 1 to 1323 : 48
04-10 05:06:38.285 17531 17531 D Surface : lockCanvas
04-10 05:06:38.301 17531 17531 D Surface : lockCanvas
04-10 05:06:38.318 17531 17531 D Surface : lockCanvas
04-10 05:06:38.329 17531 17531 D checklines: moveScrollView to 1 to 1323 : 49
04-10 05:06:38.335 17531 17531 D Surface : lockCanvas
04-10 05:06:38.353 17531 17531 D Surface : lockCanvas
04-10 05:06:38.367 17531 17531 D checklines: moveScrollView to 1 to 1323 : 50
04-10 05:06:38.368 17531 17531 D Surface : lockCanvas
04-10 05:06:38.385 17531 17531 D Surface : lockCanvas
04-10 05:06:38.399 17531 17531 D checklines: moveScrollView to 1 to 1323 : 52
04-10 05:06:38.402 17531 17531 D Surface : lockCanvas
04-10 05:06:38.418 17531 17531 D Surface : lockCanvas
04-10 05:06:38.428 17531 17531 D checklines: moveScrollView to 1 to 1323 : 53
04-10 05:06:38.436 17531 17531 D Surface : lockCanvas
04-10 05:06:38.452 17531 17531 D Surface : lockCanvas
