04-15 13:13:07.688 17505 17505 D Surface : lockCanvas
04-15 13:13:07.700 17505 17505 D Surface : lockCanvas
04-15 13:13:07.705 17505 17505 D DecorView[]: onWindowFocusChanged hasWindowFocus
false
04-15 13:13:07.717 17505 17505 D Surface : lockCanvas
04-15 13:13:07.726 17505 17505 D Surface : lockCanvas
04-15 13:13:07.734 17505 17505 D Surface : lockCanvas
04-15 13:13:07.743 17505 17505 D Surface : lockCanvas
04-15 13:13:07.747 17505 17505 D DecorView[]: onWindowFocusChanged hasWindowFocus
true
04-15 13:13:07.751 17505 17505 D Surface : lockCanvas
04-15 13:13:07.755 17505 17505 D Surface : lockCanvas
04-15 13:13:07.768 17505 17505 D Surface : lockCanvas
04-15 13:13:07.787 17505 17505 D Surface : lockCanvas
04-15 13:13:07.796 17505 17505 D Surface : lockCanvas
04-15 13:13:07.805 17505 17505 D Surface : lockCanvas
04-15 13:13:07.809 17505 17505 D Surface : lockCanvas
04-15 13:13:07.819 17505 17505 D Surface : lockCanvas
04-15 13:13:07.824 17505 17505 D Surface : lockCanvas
04-15 13:13:07.842 17505 17505 D Surface : lockCanvas
04-15 13:13:07.846 17505 17505 D Surface : lockCanvas
04-15 13:13:07.854 17505 17505 D Surface : lockCanvas
04-15 13:13:08.320 17505 17505 D Surface : lockCanvas
04-15 13:13:08.520 17505 17505 D Surface : lockCanvas
04-15 13:13:08.524 17505 17505 E RippleDrawable: The RippleDrawable.STYLE_PATTERNED
animation is not supported for a non-hardware accelerated Canvas. Skipping
animation.
04-15 13:13:08.537 17505 17505 D Surface : lockCanvas
04-15 13:13:08.539 17505 17505 E RippleDrawable: The RippleDrawable.STYLE_PATTERNED
animation is not supported for a non-hardware accelerated Canvas. Skipping
animation.
04-15 13:13:08.541 17505 17505 D View : [Warning] assignParent to null: this =
DecorView@13fac95[AudioPreviewActivity]
04-15 13:13:08.560 17505 17757 D BLASTBufferQueue: [VRI[AudioPreviewActivity]#34]
(f:0,a:1) destructor()
04-15 13:13:08.560 17505 17757 D BufferQueueConsumer:
[VRI[AudioPreviewActivity]#34(BLAST Consumer)34](id:446100000022,api:0,p:-
1,c:17505) disconnect
04-15 13:13:08.577 17505 17505 D DecorView[]: onWindowFocusChanged hasWindowFocus
true
04-15 13:13:08.577 17505 17505 I HandWritingStubImpl: refreshLastKeyboardType: 1
04-15 13:13:08.577 17505 17505 I HandWritingStubImpl: getCurrentKeyboardType: 1
04-15 13:13:08.592 17505 17505 D Surface : lockCanvas
04-15 13:13:08.611 17505 17505 D Surface : lockCanvas
04-15 13:13:08.630 17505 17505 D Surface : lockCanvas
04-15 13:13:08.649 17505 17505 D Surface : lockCanvas
04-15 13:13:08.668 17505 17505 D Surface : lockCanvas
04-15 13:13:08.687 17505 17505 D Surface : lockCanvas
04-15 13:13:08.704 17505 17505 D Surface : lockCanvas
04-15 13:13:09.323 17505 17505 D Surface : lockCanvas
04-15 13:13:09.381 17505 17505 D IS_CTS_MODE: false
04-15 13:13:09.381 17505 17505 D MULTI_WINDOW_ENABLED: false
04-15 13:13:09.405 17505 17505 D BufferQueueConsumer: [](id:446100000023,api:0,p:-
1,c:17505) connect: controlledByApp=false
04-15 13:13:09.407 17505 17505 D VRI[AudioPreviewActivity]: vri.reportNextDraw
android.view.ViewRootImpl.performTraversals:3852
android.view.ViewRootImpl.doTraversal:2587
android.view.ViewRootImpl$TraversalRunnable.run:9716
android.view.Choreographer$CallbackRecord.run:1386
android.view.Choreographer$CallbackRecord.run:1394
04-15 13:13:09.407 17505 17505 D VRI[AudioPreviewActivity]: vri.Setup new sync id=0
syncSeqId=0
04-15 13:13:09.408 17505 17505 D Surface : lockCanvas
04-15 13:13:09.412 17505 17505 D BLASTBufferQueue: [VRI[AudioPreviewActivity]#35]
(f:0,a:1) acquireNextBufferLocked size=1200x699 mFrameNumber=1
applyTransaction=true mTimestamp=246829721142172(auto) mPendingTransactions.size=0
graphicBufferId=75183402516585 transform=0
04-15 13:13:09.412 17505 17505 D VRI[AudioPreviewActivity]: vri.reportDrawFinished
syncSeqId=0 android.view.ViewRootImpl.lambda$createSyncIfNeeded$4$android-view-
ViewRootImpl:3920 android.view.ViewRootImpl$$ExternalSyntheticLambda1.run:6
android.os.Handler.handleCallback:942 android.os.Handler.dispatchMessage:99
android.os.Looper.loopOnce:211
04-15 13:13:09.413 17505 17505 D Surface : lockCanvas
04-15 13:13:09.425 17505 17505 D Surface : lockCanvas
04-15 13:13:09.431 17505 17505 D DecorView[]: onWindowFocusChanged hasWindowFocus
false
04-15 13:13:09.445 17505 17505 D Surface : lockCanvas
04-15 13:13:09.453 17505 17505 D Surface : lockCanvas
04-15 13:13:09.464 17505 17505 D Surface : lockCanvas
04-15 13:13:09.472 17505 17505 D Surface : lockCanvas
04-15 13:13:09.477 17505 17505 D DecorView[]: onWindowFocusChanged hasWindowFocus
true
04-15 13:13:09.482 17505 17505 D Surface : lockCanvas
04-15 13:13:09.502 17505 17505 D Surface : lockCanvas
04-15 13:13:09.510 17505 17505 D Surface : lockCanvas
04-15 13:13:09.518 17505 17505 D Surface : lockCanvas
04-15 13:13:09.527 17505 17505 D Surface : lockCanvas
04-15 13:13:09.535 17505 17505 D Surface : lockCanvas
04-15 13:13:09.540 17505 17505 D Surface : lockCanvas
04-15 13:13:09.557 17505 17505 D Surface : lockCanvas
04-15 13:13:09.561 17505 17505 D Surface : lockCanvas
04-15 13:13:09.573 17505 17505 D Surface : lockCanvas
04-15 13:13:09.577 17505 17505 D Surface : lockCanvas
04-15 13:13:09.585 17505 17505 D Surface : lockCanvas
04-15 13:13:10.168 17505 17505 D Surface : lockCanvas
04-15 13:13:10.172 17505 17505 E RippleDrawable: The RippleDrawable.STYLE_PATTERNED
animation is not supported for a non-hardware accelerated Canvas. Skipping
animation.
04-15 13:13:10.185 17505 17505 D Surface : lockCanvas
04-15 13:13:10.187 17505 17505 E RippleDrawable: The RippleDrawable.STYLE_PATTERNED
animation is not supported for a non-hardware accelerated Canvas. Skipping
animation.
04-15 13:13:10.210 17505 17505 D View : [Warning] assignParent to null: this =
DecorView@711ad0a[AudioPreviewActivity]
04-15 13:13:10.211 17505 17505 D BLASTBufferQueue: [VRI[AudioPreviewActivity]#35]
(f:0,a:1) destructor()
04-15 13:13:10.211 17505 17505 D BufferQueueConsumer:
[VRI[AudioPreviewActivity]#35(BLAST Consumer)35](id:446100000023,api:0,p:-
1,c:17505) disconnect
04-15 13:13:10.249 17505 17505 D Surface : lockCanvas
04-15 13:13:10.286 17505 17505 D DecorView[]: updateDecorCaptionStatus windowMode
is 1
04-15 13:13:10.318 17505 17505 D BufferQueueConsumer: [](id:446100000024,api:0,p:-
1,c:17505) connect: controlledByApp=false
04-15 13:13:10.319 17505 17505 D VRI[ScriptDetailsActivity]: vri.reportNextDraw
android.view.ViewRootImpl.performTraversals:3852
android.view.ViewRootImpl.doTraversal:2587
android.view.ViewRootImpl$TraversalRunnable.run:9716
android.view.Choreographer$CallbackRecord.run:1386
android.view.Choreographer$CallbackRecord.run:1394
04-15 13:13:10.319 17505 17505 D VRI[ScriptDetailsActivity]: vri.Setup new sync
id=2 syncSeqId=0
04-15 13:13:10.320 17505 17505 D Surface : lockCanvas
04-15 13:13:10.348 17505 17505 D BLASTBufferQueue: [VRI[ScriptDetailsActivity]#36]
(f:0,a:1) acquireNextBufferLocked size=1080x2400 mFrameNumber=1
applyTransaction=true mTimestamp=246830657281942(auto) mPendingTransactions.size=0
graphicBufferId=75183402516589 transform=0
04-15 13:13:10.357 17505 17505 D BufferQueueConsumer: [](id:446100000025,api:0,p:-
1,c:17505) connect: controlledByApp=false
04-15 13:13:10.358 17505 17505 D VRI[ScriptDetailsActivity]: vri.reportNextDraw
android.view.ViewRootImpl.performTraversals:3852
android.view.ViewRootImpl.doTraversal:2587
android.view.ViewRootImpl$TraversalRunnable.run:9716
android.view.Choreographer$CallbackRecord.run:1386
android.view.Choreographer$CallbackRecord.run:1394
04-15 13:13:10.358 17505 17505 D VRI[ScriptDetailsActivity]: vri.Setup new sync
id=0 syncSeqId=0
04-15 13:13:10.359 17505 17505 D Surface : lockCanvas
04-15 13:13:10.363 17505 17505 D BLASTBufferQueue: [VRI[ScriptDetailsActivity]#37]
(f:0,a:1) acquireNextBufferLocked size=1200x496 mFrameNumber=1
applyTransaction=true mTimestamp=246830672799403(auto) mPendingTransactions.size=0
graphicBufferId=75183402516590 transform=0
04-15 13:13:10.364 17505 17505 D VRI[ScriptDetailsActivity]: vri.reportDrawFinished
syncSeqId=0 android.view.ViewRootImpl.lambda$createSyncIfNeeded$4$android-view-
ViewRootImpl:3920 android.view.ViewRootImpl$$ExternalSyntheticLambda1.run:6
android.os.Handler.handleCallback:942 android.os.Handler.dispatchMessage:99
android.os.Looper.loopOnce:211
04-15 13:13:10.364 17505 17505 D VRI[ScriptDetailsActivity]: vri.reportDrawFinished
syncSeqId=0 android.view.ViewRootImpl.lambda$createSyncIfNeeded$4$android-view-
ViewRootImpl:3920 android.view.ViewRootImpl$$ExternalSyntheticLambda1.run:6
android.os.Handler.handleCallback:942 android.os.Handler.dispatchMessage:99
android.os.Looper.loopOnce:211
04-15 13:13:10.371 17505 17505 D Surface : lockCanvas
04-15 13:13:10.377 17505 17505 D Surface : lockCanvas
04-15 13:13:10.388 17505 17505 D VRI[ScriptDetailsActivity]: vri.reportNextDraw
android.view.ViewRootImpl.handleResized:1970 android.view.ViewRootImpl.-$
$Nest$mhandleResized:0
android.view.ViewRootImpl$ViewRootHandler.handleMessageImpl:5991
android.view.ViewRootImpl$ViewRootHandler.handleMessage:5955
android.os.Handler.dispatchMessage:106
04-15 13:13:10.390 17505 17505 D VRI[ScriptDetailsActivity]: vri.Setup new sync
id=1 syncSeqId=0
04-15 13:13:10.391 17505 17505 D Surface : lockCanvas
04-15 13:13:10.397 17505 17505 D VRI[ScriptDetailsActivity]: vri.reportDrawFinished
syncSeqId=0 android.view.ViewRootImpl.lambda$createSyncIfNeeded$4$android-view-
ViewRootImpl:3920 android.view.ViewRootImpl$$ExternalSyntheticLambda1.run:6
android.os.Handler.handleCallback:942 android.os.Handler.dispatchMessage:99
android.os.Looper.loopOnce:211
04-15 13:13:10.406 17505 17505 D Surface : lockCanvas
04-15 13:13:10.419 17505 17505 D Surface : lockCanvas
04-15 13:13:10.435 17505 17505 D Surface : lockCanvas
04-15 13:13:10.438 17505 17505 D DecorView[]: onWindowFocusChanged hasWindowFocus
true
04-15 13:13:10.451 17505 17505 D Surface : lockCanvas
04-15 13:13:10.469 17505 17505 D Surface : lockCanvas
04-15 13:13:10.485 17505 17505 D Surface : lockCanvas
04-15 13:13:10.502 17505 17505 D Surface : lockCanvas
04-15 13:13:10.518 17505 17505 D Surface : lockCanvas
04-15 13:13:10.531 17505 17505 D View : [Warning] assignParent to null: this =
DecorView@70d2477[ScriptDetailsActivity]
04-15 13:13:10.541 17505 17757 D BLASTBufferQueue: [VRI[ScriptDetailsActivity]#37]
(f:0,a:1) destructor()
04-15 13:13:10.541 17505 17757 D BufferQueueConsumer:
[VRI[ScriptDetailsActivity]#37(BLAST Consumer)37](id:446100000025,api:0,p:-
1,c:17505) disconnect
04-15 13:13:10.558 17505 17505 D Surface : lockCanvas
04-15 13:13:10.579 17505 17505 D DecorView[]: onWindowFocusChanged hasWindowFocus
true
04-15 13:13:10.579 17505 17505 I HandWritingStubImpl: refreshLastKeyboardType: 1
04-15 13:13:10.579 17505 17505 I HandWritingStubImpl: getCurrentKeyboardType: 1
04-15 13:13:10.895 17505 17505 D BLASTBufferQueue: [VRI[AudioPreviewActivity]#33]
(f:0,a:1) destructor()
04-15 13:13:10.895 17505 17505 D BufferQueueConsumer:
[VRI[AudioPreviewActivity]#33(BLAST Consumer)33](id:446100000021,api:0,p:-
1,c:17505) disconnect
04-15 13:13:10.898 17505 17505 V MediaPlayer: resetDrmState: mDrmInfo=null
mDrmProvisioningThread=null mPrepareDrmInProgress=false mActiveDrmScheme=false
04-15 13:13:10.898 17505 17505 V MediaPlayer: cleanDrmObj: mDrmObj=null
mDrmSessionId=null
04-15 13:13:10.898 17505 17505 D MediaPlayer: _release native called
04-15 13:13:10.914 17505 17505 D MediaPlayer: _release native finished
04-15 13:13:10.915 17505 17505 D View : [Warning] assignParent to null: this =
DecorView@377aac2[AudioPreviewActivity]
04-15 13:13:16.221 17505 17505 D Surface : lockCanvas
04-15 13:13:16.288 17505 17505 D Surface : lockCanvas
04-15 13:13:16.312 17505 17505 D MiuiMultiWindowAdapter:
MiuiMultiWindowAdapter::getFreeformVideoWhiteListInSystem::LIST_ABOUT_SUPPORT_LANDS
CAPE_VIDEO = [com.hunantv.imgo.activity, com.tencent.qqlive, com.qiyi.video,
com.hunantv.imgo.activity.inter, com.tencent.qqlivei18n, com.iqiyi.i18n,
tv.danmaku.bili]
04-15 13:13:16.320 17505 17505 D call : On create
04-15 13:13:16.321 17505 17505 D IS_CTS_MODE: false
04-15 13:13:16.321 17505 17505 D MULTI_WINDOW_ENABLED: false
04-15 13:13:16.323 17505 17505 D DecorView[]: getWindowModeFromSystem windowmode
is 1
04-15 13:13:16.334 17505 17505 D CameraExtStub: init
android.hardware.camera2.impl.CameraExtImplXiaoMi
04-15 13:13:16.335 17505 18444 D CameraInjector:
updateCloudCameraControllerInfoAsync: E
04-15 13:13:16.383 17505 18444 D CameraInjector:
updateCloudCameraControllerInfoAsync: X
04-15 13:13:16.383 17505 17505 W libc : Access denied finding property
"vendor.camera.aux.packagelist"
04-15 13:13:16.388 17505 17505 W libc : Access denied finding property
"vendor.camera.aux.packagelist"
04-15 13:13:16.426 17505 17505 E oru : potr
04-15 13:13:16.440 17505 17505 D call : On Resume
04-15 13:13:16.442 17505 17505 E TAG : **Judul (Viral):** "7 Tips Aman
Menggunakan Media Sosial untuk Anak-anak"
04-15 13:13:16.442 17505 17505 E TAG :
04-15 13:13:16.442 17505 17505 E TAG : **Hooks:**
04-15 13:13:16.442 17505 17505 E TAG : "Kalian pasti setuju, menjaga anak di
era digital ini jadi semakin penting ya! Nah, kali ini kita punya 7 tips ampuh buat
menjaga anak-anak di media sosial!"
04-15 13:13:16.442 17505 17505 E TAG :
04-15 13:13:16.442 17505 17505 E TAG : **Isi (Penjelasan 'Daging'):**
04-15 13:13:16.442 17505 17505 E TAG : - (Poin 1) "Beri pendampingan saat anak
mulai menggunakan media sosial. Jangan lupa, buatlah kegiatan bersama agar lebih
mendalam."
04-15 13:13:16.442 17505 17505 E TAG : - (Poin 2) "Ajari anak tentang privasi
online. Jelaskan pentingnya untuk tidak membagikan informasi pribadi secara
sembarangan."
04-15 13:13:16.442 17505 17505 E TAG : - (Poin 3) "Gunakan kontrol orang tua
untuk membatasi konten yang dapat diakses oleh anak."
04-15 13:13:16.442 17505 17505 E TAG : - (Poin 4) "Perhatikan waktu yang
dihabiskan anak di media sosial. Usahakan untuk memberikan batasan yang sehat."
04-15 13:13:16.442 17505 17505 E TAG : - (Poin 5) "Jadwalkan waktu untuk
berbicara dengan anak tentang pengalaman online mereka. Ini bisa menjadi momen
edukatif dan menjaga kebersamaan."
04-15 13:13:16.442 17505 17505 E TAG : - (Poin 6) "Ingatkan anak untuk tidak
percaya begitu saja dengan informasi yang mereka temui di media sosial. Ajarkan
kritis dan verifikasi informasi."
04-15 13:13:16.442 17505 17505 E TAG : - (Poin 7) "Buatlah aturan keluarga
tentang penggunaan media sosial. Libatkan anak dalam pembuatan aturan tersebut."
04-15 13:13:16.442 17505 17505 E TAG :
04-15 13:13:16.442 17505 17505 E TAG : **Call To Action (CTA):**
04-15 13:13:16.442 17505 17505 E TAG : - "Yuk, terapkan tips-tips ini mulai
sekarang untuk menjaga buah hati kita tetap aman dan sehat di dunia digital!"
04-15 13:13:16.442 17505 17505 E TAG :
04-15 13:13:16.442 17505 17505 E TAG : **CPM Tinggi:**
04-15 13:13:16.442 17505 17505 E TAG : - (Untuk meningkatkan CPM, tambahkan
elemen interaktif seperti polling, tanya jawab, atau tantangan yang melibatkan
audiens.)
04-15 13:13:16.442 17505 17505 E TAG :
04-15 13:13:16.442 17505 17505 E TAG : Dengan mengemas konten ini dalam
storytelling yang menarik dan bermanfaat, diharapkan dapat meningkatkan engagement
dan mencapai CPM yang tinggi di TikTok Anda. Semoga membantu!
04-15 13:13:16.443 17505 17505 D test : 392 777
04-15 13:13:16.444 17505 17505 D test : width= 1080 height= 2167
04-15 13:13:16.468 17505 18445 W libc : Access denied finding property
"vendor.camera.aux.packagelist"
04-15 13:13:16.469 17505 18445 W libc : Access denied finding property
"vendor.camera.aux.packagelist"
04-15 13:13:16.470 17505 18445 W libc : Access denied finding property
"vendor.camera.aux.packagelist"
04-15 13:13:16.471 17505 17505 D DecorView[]: getWindowModeFromSystem windowmode
is 1
04-15 13:13:16.471 17505 17505 D DecorView[]: updateDecorCaptionStatus windowMode
is 1
04-15 13:13:16.472 17505 18445 W libc : Access denied finding property
"vendor.camera.aux.packagelist"
04-15 13:13:16.473 17505 18445 D Camera : ro.product.odm.device selene
04-15 13:13:16.474 17505 18445 W libc : Access denied finding property
"vendor.camera.aux.packagelist"
04-15 13:13:16.477 17505 17505 D event : 3
04-15 13:13:16.494 17505 18445 D MiuiMultiWindowUtils: freeform resolution args raw
data:{ "liuqin": { "freeform_args": { "vertical_portrait":
{"aspect_ratio":0.5625,
"original_ratio":0.3334,"original_scale":0.835,"top_margin":0.049,"left_margin":0.2
775}, "horizontal_portrait":{"aspect_ratio":0.5625,
"original_ratio":0.3334,"original_scale":0.835,"top_margin":-
1,"left_margin":0.6525}, "vertical_landscape":{"aspect_ratio":-1,
"original_ratio":1,"original_scale":0.468,"top_margin":0.049,"left_margin":-1},
"horizontal_landscape":{"aspect_ratio":-1,
"original_ratio":1,"original_scale":0.468,"top_margin":-
1,"left_margin":0.4976} }, "mini_freeform_args":{ "vertical_portrait":
{"aspect_ratio":0.5625, "original_ratio":0.1278}, "horizontal_portrait":
{"aspect_ratio":0.5625, "original_ratio":0.1278}, "vertical_landscape":
{"aspect_ratio":-1, "original_ratio":0.1778}, "horizontal_landscape":
{"aspect_ratio":-1, "original_ratio":0.1778} } }, "pipa":
{ "freeform_args": { "vertical_portrait":{"aspect_ratio":0.5625,
"original_ratio":0.3334,"original_scale":0.835,"top_margin":0.049,"left_margin":0.2
775}, "horizontal_portrait":{"aspect_ratio":0.5625,
"original_ratio":0.3334,"original_scale":0.835,"top_margin":-
1,"left_margin":0.6525}, "vertical_landscape":{"aspect_ratio":-1,
"original_ratio":1,"original_scale":0.468,"top_margin":0.049,"left_margin":-1},
"horizontal_landscape":{"aspect_ratio":-1,
"original_ratio":1,"original_scale":0.468,"top_margin":-
1,"left_margin":0.4976} }, "mini_freeform_args":{ "vertical_portrait":
{"aspect_ratio":0.5625, "original_ratio":0.1278}, "horizontal_portrait":
{"aspect_ratio":0.5625, "original_ratio":0.1278}, "vertical_landscape":
{"aspect_ratio":-1, "original_ratio":0.1778}, "horizontal_landscape":
{"aspect_ratio":-1, "original_ratio":0.1778} } }, "yunluo":
{ "freeform_args": { "vertical_portrait":{"aspect_ratio":0.5625,
"original_ratio":0.48,"original_scale":0.6133,"top_margin":0.049,"left_margin":0.27
75}, "horizontal_portrait":{"aspect_ratio":0.5625,
"original_ratio":0.48,"original_scale":0.6133,"top_margin":-
1,"left_margin":0.6525}, "vertical_landscape":{"aspect_ratio":-1,
"original_ratio":1,"original_scale":0.468,"top_margin":0.049,"left_margin":-1},
"horizontal_landscape":{"aspect_ratio":-1,
"original_ratio":1,"original_scale":0.468,"top_margin":-
1,"left_margin":0.4976} }, "mini_freeform_args":{ "vertical_portrait":
{"aspect_ratio":0.5625, "original_ratio":0.1917}, "horizontal_portrait":
{"aspect_ratio":0.5625, "original_ratio":0.1917}, "vertical_landscape":
{"aspect_ratio":-1, "original_ratio":0.2667}, "horizontal_landscape":
{"aspect_ratio":-1, "original_ratio":0.2667} } }, "zizhan":
{ "freeform_args": { "inner":{ "vertical_portrait":
{"aspect_ratio":0.626,
"original_ratio":0.5643,"original_scale":0.74,"top_margin":0.168,"left_margin":0.48
4}, "horizontal_portrait":{"aspect_ratio":0.626,
"original_ratio":0.5643,"original_scale":0.74,"top_margin":0.1222,"left_margin":0.5
9745}, "vertical_landscape":{"aspect_ratio":1.6,
"original_ratio":1,"original_scale":0.604,"top_margin":0.2596,"left_margin":0.2624}
, "horizontal_landscape":{"aspect_ratio":1.6,
"original_ratio":1,"original_scale":0.604,"top_margin":0.213,"left_margin":0.3758}
}, "outer":{ "vertical_portrait":{"aspect_ratio":0.626,
"original_ratio":1,"original_scale":0.74,"top_margin":0.0753,"left_margin":-1},
"horizontal_portrait":{"aspect_ratio":0.626,
"original_ratio":1,"original_scale":0.5756,"top_margin":-1,"left_margin":0.0753},
"vertical_landscape":{"aspect_ratio":1.6,
"original_ratio":0.6847,"original_scale":0.587,"top_margin":0.0753,"left_margin":-
1}, "horizontal_landscape":{"aspect_ratio":1.6,
"original_ratio":0.6847,"original_scale":0.587,"top_margin":-
1,"left_margin":0.0753}} }, "mini_freeform_args":{ "inner":
{ "vertical_portrait":{"aspect_ratio":0.626, "original_ratio":0.147},
"horizontal_portrait":{
04-15 13:13:16.495 17505 18445 E MiuiMultiWindowUtils: initFreeFormResolutionArgs
failed, device is selene
04-15 13:13:16.495 17505 18445 D IS_CTS_MODE: false
04-15 13:13:16.495 17505 18445 D MULTI_WINDOW_SWITCH_ENABLED: false
04-15 13:13:16.568 17505 17505 D BufferQueueConsumer: [](id:446100000026,api:0,p:-
1,c:17505) connect: controlledByApp=false
04-15 13:13:16.571 17505 17505 D checklines: main height =9191
04-15 13:13:16.571 17505 17505 D checklines: 101
04-15 13:13:16.571 17505 17505 D checklines: max= 9191
04-15 13:13:16.571 17505 17505 D checklines: lines = 91 onewordheight =101
textheight = 9191 totalheight700 scrollview geight = 9891
04-15 13:13:16.571 17505 17505 D VRI[CameraActivity]: vri.reportNextDraw
android.view.ViewRootImpl.performTraversals:3852
android.view.ViewRootImpl.doTraversal:2587
android.view.ViewRootImpl$TraversalRunnable.run:9716
android.view.Choreographer$CallbackRecord.run:1386
android.view.Choreographer$CallbackRecord.run:1394
04-15 13:13:16.572 17505 17505 D SurfaceView: UPDATE null, mIsCastMode = false
04-15 13:13:16.575 17505 17505 D BufferQueueConsumer: [](id:446100000027,api:0,p:-
1,c:17505) connect: controlledByApp=false
04-15 13:13:16.576 17505 18447 D libMEOW : meow new tls: 0xb4000074411708c0
04-15 13:13:16.576 17505 18447 D libMEOW : applied 1 plugins for
[com.corepix.videorecording]:
04-15 13:13:16.576 17505 18447 D libMEOW : plugin 1: [libMEOW_gift.so]:
04-15 13:13:16.581 17505 17505 D VRI[CameraActivity]: vri.Setup new sync id=0
syncSeqId=0
04-15 13:13:16.582 17505 17505 D Surface : lockCanvas
04-15 13:13:16.598 17505 17505 D BLASTBufferQueue: [VRI[CameraActivity]#38]
(f:0,a:1) acquireNextBufferLocked size=1080x2267 mFrameNumber=1
applyTransaction=true mTimestamp=246836907413942(auto) mPendingTransactions.size=0
graphicBufferId=75183402516595 transform=0
04-15 13:13:16.599 17505 17505 D DecorView[]: onWindowFocusChanged hasWindowFocus
false
04-15 13:13:16.601 17505 17505 D SurfaceView: UPDATE
Surface(name=SurfaceView[com.corepix.videorecording/com.smartvlogger.Activity.Camer
aActivity])/@0x52762b, mIsProjectionMode = false
04-15 13:13:16.601 17505 17505 D SurfaceControl: nativeSetScreenProjection ===>
setScreenProjection
04-15 13:13:16.601 17505 17505 D SurfaceControl: nativeSetScreenProjection ===>
setScreenProjection
04-15 13:13:16.602 17505 17505 D SurfaceControl: nativeSetScreenProjection ===>
setScreenProjection
04-15 13:13:16.603 17505 17505 D Surface : lockCanvas
04-15 13:13:16.607 17505 18447 D BufferQueueConsumer: [](id:446100000028,api:0,p:-
1,c:17505) connect: controlledByApp=true
04-15 13:13:16.619 17505 17505 D VRI[CameraActivity]: vri.reportNextDraw
android.view.ViewRootImpl.handleResized:1970 android.view.ViewRootImpl.-$
$Nest$mhandleResized:0
android.view.ViewRootImpl$ViewRootHandler.handleMessageImpl:5991
android.view.ViewRootImpl$ViewRootHandler.handleMessage:5955
android.os.Handler.dispatchMessage:106
04-15 13:13:16.620 17505 17505 D VRI[CameraActivity]: vri.Setup new sync id=1
syncSeqId=0
04-15 13:13:16.621 17505 17505 D Surface : lockCanvas
04-15 13:13:16.621 17505 18447 D BLASTBufferQueue:
[SurfaceView[com.corepix.videorecording/com.smartvlogger.Activity.CameraActivity]#3
9](f:0,a:1) acquireNextBufferLocked size=1080x2267 mFrameNumber=1
applyTransaction=true mTimestamp=246836930498557(auto) mPendingTransactions.size=0
graphicBufferId=75183402516597 transform=0
04-15 13:13:16.649 17505 17505 D VRI[CameraActivity]: vri.reportDrawFinished
syncSeqId=0 android.view.ViewRootImpl.lambda$createSyncIfNeeded$4$android-view-
ViewRootImpl:3920 android.view.ViewRootImpl$$ExternalSyntheticLambda1.run:6
android.os.Handler.handleCallback:942 android.os.Handler.dispatchMessage:99
android.os.Looper.loopOnce:211
04-15 13:13:16.650 17505 17505 D VRI[CameraActivity]: vri.reportDrawFinished
syncSeqId=0 android.view.ViewRootImpl.lambda$createSyncIfNeeded$4$android-view-
ViewRootImpl:3920 android.view.ViewRootImpl$$ExternalSyntheticLambda1.run:6
android.os.Handler.handleCallback:942 android.os.Handler.dispatchMessage:99
android.os.Looper.loopOnce:211
04-15 13:13:16.651 17505 17505 D Surface : lockCanvas
04-15 13:13:16.711 17505 18445 W BpBinder: Slow Binder: BpBinder transact took 213
ms, interface=android.hardware.ICameraService, code=3 oneway=false
04-15 13:13:16.712 17505 17505 D Surface : lockCanvas
04-15 13:13:16.722 17505 18445 W libc : Access denied finding property
"vendor.camera.aux.packagelist"
04-15 13:13:16.725 17505 18445 W libc : Access denied finding property
"vendor.camera.aux.packagelist"
04-15 13:13:16.738 17505 18445 W libc : Access denied finding property
"vendor.camera.aux.packagelist"
04-15 13:13:16.768 17505 18445 W libc : Access denied finding property
"vendor.camera.aux.packagelist"
04-15 13:13:16.772 17505 17505 D DecorView[]: onWindowFocusChanged hasWindowFocus
true
04-15 13:13:16.773 17505 17505 I HandWritingStubImpl: refreshLastKeyboardType: 1
04-15 13:13:16.773 17505 17505 I HandWritingStubImpl: getCurrentKeyboardType: 1
04-15 13:13:16.778 17505 17505 D Surface : lockCanvas
04-15 13:13:16.852 17505 17505 D Surface : lockCanvas
04-15 13:13:16.924 17505 17505 D Surface : lockCanvas
04-15 13:13:16.996 17505 17505 D Surface : lockCanvas
04-15 13:13:17.067 17505 17514 I .videorecording: Background concurrent copying GC
freed 106657(4602KB) AllocSpace objects, 27(924KB) LOS objects, 50% free,
16MB/33MB, paused 122us,201us total 231.671ms
04-15 13:13:17.067 17505 17505 D Surface : lockCanvas
04-15 13:13:17.083 17505 18445 W BpBinder: Slow Binder: BpBinder transact took 245
ms, interface=android.hardware.ICamera, code=5 oneway=false
04-15 13:13:17.106 17505 17516 D MediaPlayer: finalize() native_finalize called
04-15 13:13:17.106 17505 17516 D MediaPlayer: finalize() native_finalize finished
04-15 13:13:17.106 17505 17516 D MediaPlayer: finalize() native_finalize called
04-15 13:13:17.106 17505 17516 W MediaPlayer-JNI: MediaPlayer finalized without
being released
04-15 13:13:17.127 17505 17516 D MediaPlayer: finalize() native_finalize finished
04-15 13:13:17.137 17505 17505 D Surface : lockCanvas
04-15 13:13:17.188 17505 17505 D Surface : lockCanvas
04-15 13:13:17.221 17505 17505 D Surface : lockCanvas
04-15 13:13:17.244 17505 17505 D BLASTBufferQueue: [VRI[ScriptDetailsActivity]#36]
(f:0,a:1) destructor()
04-15 13:13:17.244 17505 17505 D BufferQueueConsumer:
[VRI[ScriptDetailsActivity]#36(BLAST Consumer)36](id:446100000024,api:0,p:-
1,c:17505) disconnect
04-15 13:13:17.247 17505 17505 D Surface : lockCanvas
04-15 13:13:17.269 17505 17505 D Surface : lockCanvas
04-15 13:13:17.286 17505 17505 D Surface : lockCanvas
04-15 13:13:17.302 17505 17505 D Surface : lockCanvas
04-15 13:13:17.322 17505 17505 D Surface : lockCanvas
04-15 13:13:17.339 17505 17505 D Surface : lockCanvas
04-15 13:13:17.355 17505 17505 D Surface : lockCanvas
04-15 13:13:17.372 17505 17505 D Surface : lockCanvas
04-15 13:13:17.388 17505 17505 D Surface : lockCanvas
04-15 13:13:17.405 17505 17505 D Surface : lockCanvas
04-15 13:13:17.422 17505 17505 D Surface : lockCanvas
04-15 13:13:17.439 17505 17505 D Surface : lockCanvas
04-15 13:13:17.455 17505 17505 D Surface : lockCanvas
04-15 13:13:17.472 17505 17505 D Surface : lockCanvas
04-15 13:13:17.489 17505 17505 D Surface : lockCanvas
04-15 13:13:17.543 17505 17505 D Surface : lockCanvas
04-15 13:13:17.567 17505 17505 D Surface : lockCanvas
04-15 13:13:17.593 17505 17505 D Surface : lockCanvas
04-15 13:13:17.619 17505 17505 D Surface : lockCanvas
04-15 13:13:17.646 17505 17505 D Surface : lockCanvas
04-15 13:13:17.673 17505 17505 D Surface : lockCanvas
04-15 13:13:17.701 17505 17505 D Surface : lockCanvas
04-15 13:13:17.731 17505 18447 I mali_config: @get_buffer_dataspace_setting: update
dataspace (0x00000000 -> 0x08020000)
04-15 13:13:17.731 17505 17505 D Surface : lockCanvas
04-15 13:13:17.760 17505 17505 D Surface : lockCanvas
04-15 13:13:17.787 17505 17505 D Surface : lockCanvas
04-15 13:13:17.813 17505 18447 I mali_config: @get_buffer_dataspace_setting: update
dataspace (0x00000000 -> 0x08020000)
04-15 13:13:17.814 17505 17505 D Surface : lockCanvas
04-15 13:13:17.841 17505 17505 D Surface : lockCanvas
04-15 13:13:17.867 17505 17505 D Surface : lockCanvas
04-15 13:13:17.895 17505 17505 D Surface : lockCanvas
04-15 13:13:17.920 17505 18447 I mali_config: @get_buffer_dataspace_setting: update
dataspace (0x00000000 -> 0x08020000)
04-15 13:13:17.921 17505 17505 D Surface : lockCanvas
04-15 13:13:17.948 17505 17505 D Surface : lockCanvas
04-15 13:13:17.975 17505 17505 D Surface : lockCanvas
04-15 13:13:18.003 17505 17505 D Surface : lockCanvas
04-15 13:13:18.029 17505 18447 I mali_config: @get_buffer_dataspace_setting: update
dataspace (0x00000000 -> 0x08020000)
04-15 13:13:18.030 17505 17505 D Surface : lockCanvas
04-15 13:13:18.058 17505 17505 D Surface : lockCanvas
04-15 13:13:18.085 17505 17505 D Surface : lockCanvas
04-15 13:13:18.112 17505 18447 I mali_config: @get_buffer_dataspace_setting: update
dataspace (0x00000000 -> 0x08020000)
04-15 13:13:18.113 17505 17505 D Surface : lockCanvas
04-15 13:13:18.143 17505 17505 D Surface : lockCanvas
04-15 13:13:18.170 17505 17505 D Surface : lockCanvas
04-15 13:13:18.198 17505 17505 D Surface : lockCanvas
04-15 13:13:18.225 17505 18447 I mali_config: @get_buffer_dataspace_setting: update
dataspace (0x00000000 -> 0x08020000)
04-15 13:13:18.225 17505 17505 D Surface : lockCanvas
04-15 13:13:18.253 17505 17505 D Surface : lockCanvas
04-15 13:13:18.281 17505 17505 D Surface : lockCanvas
04-15 13:13:18.307 17505 18447 I mali_config: @get_buffer_dataspace_setting: update
dataspace (0x00000000 -> 0x08020000)
04-15 13:13:18.308 17505 17505 D Surface : lockCanvas
04-15 13:13:18.336 17505 17505 D Surface : lockCanvas
04-15 13:13:18.366 17505 17505 D Surface : lockCanvas
04-15 13:13:18.393 17505 17505 D Surface : lockCanvas
04-15 13:13:18.429 17505 17505 D Surface : lockCanvas
04-15 13:13:18.448 17505 17505 D Surface : lockCanvas
04-15 13:13:18.479 17505 17505 D Surface : lockCanvas
04-15 13:13:18.499 17505 17505 D Surface : lockCanvas
04-15 13:13:18.529 17505 17505 D Surface : lockCanvas
04-15 13:13:18.548 17505 17505 D Surface : lockCanvas
04-15 13:13:18.579 17505 17505 D Surface : lockCanvas
04-15 13:13:18.612 17505 17505 D Surface : lockCanvas
04-15 13:13:18.630 17505 17505 D Surface : lockCanvas
04-15 13:13:18.648 17505 17505 D Surface : lockCanvas
04-15 13:13:18.679 17505 17505 D Surface : lockCanvas
04-15 13:13:18.699 17505 17505 D Surface : lockCanvas
04-15 13:13:18.730 17505 17505 D Surface : lockCanvas
04-15 13:13:18.748 17505 17505 D Surface : lockCanvas
04-15 13:13:18.780 17505 17505 D Surface : lockCanvas
04-15 13:13:18.813 17505 17505 D Surface : lockCanvas
04-15 13:13:18.829 17505 17505 D Surface : lockCanvas
04-15 13:13:20.684 17505 17505 D Surface : lockCanvas
04-15 13:13:20.708 17505 17505 D Surface : lockCanvas
04-15 13:13:20.747 17505 17505 D Surface : lockCanvas
04-15 13:13:20.790 17505 17505 D Surface : lockCanvas
04-15 13:13:20.832 17505 17505 D Surface : lockCanvas
04-15 13:13:20.877 17505 17505 D Surface : lockCanvas
04-15 13:13:20.922 17505 17505 D Surface : lockCanvas
04-15 13:13:20.966 17505 17505 D Surface : lockCanvas
04-15 13:13:21.011 17505 17505 D Surface : lockCanvas
04-15 13:13:21.055 17505 17505 D Surface : lockCanvas
04-15 13:13:21.098 17505 17505 D Surface : lockCanvas
04-15 13:13:21.119 17505 17505 D Surface : lockCanvas
04-15 13:13:21.152 17505 17505 D Surface : lockCanvas
04-15 13:13:21.218 17505 17505 D Surface : lockCanvas
04-15 13:13:21.246 17505 17505 D Surface : lockCanvas
04-15 13:13:21.295 17505 17505 D Surface : lockCanvas
04-15 13:13:21.339 17505 17505 D Surface : lockCanvas
04-15 13:13:21.386 17505 17505 D Surface : lockCanvas
04-15 13:13:21.433 17505 17505 D Surface : lockCanvas
04-15 13:13:21.480 17505 17505 D Surface : lockCanvas
04-15 13:13:21.528 17505 17505 D Surface : lockCanvas
04-15 13:13:21.576 17505 17505 D Surface : lockCanvas
04-15 13:13:21.623 17505 17505 D Surface : lockCanvas
04-15 13:13:21.669 17505 17505 D Surface : lockCanvas
04-15 13:13:21.705 17505 17505 D Surface : lockCanvas
04-15 13:13:21.742 17505 17505 D Surface : lockCanvas
04-15 13:13:21.774 17505 17505 D Surface : lockCanvas
04-15 13:13:21.805 17505 17505 D Surface : lockCanvas
04-15 13:13:21.835 17505 17505 D Surface : lockCanvas
04-15 13:13:21.868 17505 17505 D Surface : lockCanvas
04-15 13:13:21.901 17505 17505 D Surface : lockCanvas
04-15 13:13:21.933 17505 17505 D Surface : lockCanvas
04-15 13:13:21.967 17505 17505 D Surface : lockCanvas
04-15 13:13:22.000 17505 17505 D Surface : lockCanvas
04-15 13:13:22.031 17505 17505 D Surface : lockCanvas
04-15 13:13:22.071 17505 17505 D Surface : lockCanvas
04-15 13:13:22.107 17505 17505 D Surface : lockCanvas
04-15 13:13:22.144 17505 17505 D Surface : lockCanvas
04-15 13:13:22.185 17505 17505 D Surface : lockCanvas
04-15 13:13:22.220 17505 17505 D Surface : lockCanvas
04-15 13:13:22.254 17505 17505 D Surface : lockCanvas
04-15 13:13:22.292 17505 17505 D Surface : lockCanvas
04-15 13:13:22.328 17505 17505 D Surface : lockCanvas
04-15 13:13:22.365 17505 17505 D Surface : lockCanvas
04-15 13:13:22.401 17505 17505 D Surface : lockCanvas
04-15 13:13:22.437 17505 17505 D Surface : lockCanvas
04-15 13:13:22.474 17505 17505 D Surface : lockCanvas
04-15 13:13:22.512 17505 17505 D Surface : lockCanvas
04-15 13:13:22.547 17505 17505 D Surface : lockCanvas
04-15 13:13:22.582 17505 17505 D Surface : lockCanvas
04-15 13:13:22.616 17505 17505 D Surface : lockCanvas
04-15 13:13:22.646 17505 17505 D Surface : lockCanvas
04-15 13:13:22.680 17505 17505 D Surface : lockCanvas
04-15 13:13:22.713 17505 17505 D Surface : lockCanvas
04-15 13:13:22.745 17505 17505 D Surface : lockCanvas
04-15 13:13:22.778 17505 17505 D Surface : lockCanvas
04-15 13:13:22.811 17505 17505 D Surface : lockCanvas
04-15 13:13:22.843 17505 17505 D Surface : lockCanvas
04-15 13:13:22.876 17505 17505 D Surface : lockCanvas
04-15 13:13:22.909 17505 17505 D Surface : lockCanvas
04-15 13:13:22.939 17505 17505 D Surface : lockCanvas
04-15 13:13:22.955 17505 17505 D Surface : lockCanvas
04-15 13:13:22.972 17505 17505 D Surface : lockCanvas
04-15 13:13:22.989 17505 17505 D Surface : lockCanvas
04-15 13:13:23.007 17505 17505 D Surface : lockCanvas
04-15 13:13:23.023 17505 17505 D Surface : lockCanvas
04-15 13:13:23.039 17505 17505 D Surface : lockCanvas
04-15 13:13:23.073 17505 17505 D Surface : lockCanvas
04-15 13:13:23.091 17505 17505 D Surface : lockCanvas
04-15 13:13:23.123 17505 17505 D Surface : lockCanvas
04-15 13:13:23.156 17505 17505 D Surface : lockCanvas
04-15 13:13:23.175 17505 17505 D Surface : lockCanvas
04-15 13:13:23.207 17505 17505 D Surface : lockCanvas
04-15 13:13:23.226 17505 17505 D Surface : lockCanvas
04-15 13:13:23.257 17505 17505 D Surface : lockCanvas
04-15 13:13:23.275 17505 17505 D Surface : lockCanvas
04-15 13:13:23.306 17505 17505 D Surface : lockCanvas
04-15 13:13:23.323 17505 17505 D Surface : lockCanvas
04-15 13:13:23.354 17505 17505 D Surface : lockCanvas
04-15 13:13:23.402 17505 17505 D Surface : lockCanvas
04-15 13:13:23.452 17505 17505 D Surface : lockCanvas
04-15 13:13:23.506 17505 17505 D Surface : lockCanvas
04-15 13:13:23.557 17505 17505 D Surface : lockCanvas
04-15 13:13:23.610 17505 17505 D Surface : lockCanvas
04-15 13:13:23.660 17505 17505 D Surface : lockCanvas
04-15 13:13:23.715 17505 17505 D Surface : lockCanvas
04-15 13:13:23.768 17505 17505 D Surface : lockCanvas
04-15 13:13:23.792 17505 17505 D Surface : lockCanvas
04-15 13:13:23.824 17505 17505 D Surface : lockCanvas
04-15 13:13:23.892 17505 17505 D Surface : lockCanvas
04-15 13:13:23.923 17505 17505 D Surface : lockCanvas
04-15 13:13:23.967 17505 17505 D Surface : lockCanvas
04-15 13:13:24.012 17505 17505 D Surface : lockCanvas
04-15 13:13:24.057 17505 17505 D Surface : lockCanvas
04-15 13:13:24.105 17505 17505 D Surface : lockCanvas
04-15 13:13:24.151 17505 17505 D Surface : lockCanvas
04-15 13:13:24.200 17505 17505 D Surface : lockCanvas
04-15 13:13:24.247 17505 17505 D Surface : lockCanvas
04-15 13:13:24.296 17505 17505 D Surface : lockCanvas
04-15 13:13:24.338 17505 17505 D Surface : lockCanvas
04-15 13:13:24.377 17505 17505 D Surface : lockCanvas
04-15 13:13:24.402 17505 17505 D Surface : lockCanvas
04-15 13:13:24.419 17505 17505 D Surface : lockCanvas
04-15 13:13:24.438 17505 17505 D Surface : lockCanvas
04-15 13:13:24.457 17505 17505 D Surface : lockCanvas
04-15 13:13:24.474 17505 17505 D Surface : lockCanvas
04-15 13:13:24.491 17505 17505 D Surface : lockCanvas
04-15 13:13:24.508 17505 17505 D Surface : lockCanvas
04-15 13:13:24.524 17505 17505 D Surface : lockCanvas
04-15 13:13:24.542 17505 17505 D Surface : lockCanvas
04-15 13:13:24.560 17505 17505 D Surface : lockCanvas
04-15 13:13:24.576 17505 17505 D Surface : lockCanvas
04-15 13:13:24.593 17505 17505 D Surface : lockCanvas
04-15 13:13:24.611 17505 17505 D Surface : lockCanvas
04-15 13:13:24.630 17505 17505 D Surface : lockCanvas
04-15 13:13:24.646 17505 17505 D Surface : lockCanvas
04-15 13:13:24.662 17505 17505 D Surface : lockCanvas
04-15 13:13:24.692 17505 17505 D Surface : lockCanvas
04-15 13:13:24.744 17505 17505 D Surface : lockCanvas
04-15 13:13:24.769 17505 17505 D Surface : lockCanvas
04-15 13:13:24.795 17505 17505 D Surface : lockCanvas
04-15 13:13:24.822 17505 17505 D Surface : lockCanvas
04-15 13:13:24.849 17505 17505 D Surface : lockCanvas
04-15 13:13:24.874 17505 17505 D Surface : lockCanvas
04-15 13:13:24.900 17505 17505 D Surface : lockCanvas
04-15 13:13:24.928 17505 17505 D Surface : lockCanvas
04-15 13:13:24.954 17505 17505 D Surface : lockCanvas
04-15 13:13:24.980 17505 17505 D Surface : lockCanvas
04-15 13:13:25.006 17505 17505 D Surface : lockCanvas
04-15 13:13:25.031 17505 17505 D Surface : lockCanvas
04-15 13:13:25.057 17505 17505 D Surface : lockCanvas
04-15 13:13:25.083 17505 17505 D Surface : lockCanvas
04-15 13:13:25.109 17505 17505 D Surface : lockCanvas
04-15 13:13:25.135 17505 17505 D Surface : lockCanvas
04-15 13:13:25.161 17505 17505 D Surface : lockCanvas
04-15 13:13:25.187 17505 17505 D Surface : lockCanvas
04-15 13:13:25.213 17505 17505 D Surface : lockCanvas
04-15 13:13:25.241 17505 17505 D Surface : lockCanvas
04-15 13:13:25.266 17505 17505 D Surface : lockCanvas
04-15 13:13:25.292 17505 17505 D Surface : lockCanvas
04-15 13:13:25.319 17505 17505 D Surface : lockCanvas
04-15 13:13:25.345 17505 17505 D Surface : lockCanvas
04-15 13:13:25.372 17505 17505 D Surface : lockCanvas
04-15 13:13:25.398 17505 17505 D Surface : lockCanvas
04-15 13:13:25.425 17505 17505 D Surface : lockCanvas
04-15 13:13:25.453 17505 17505 D Surface : lockCanvas
04-15 13:13:25.480 17505 17505 D Surface : lockCanvas
04-15 13:13:25.505 17505 17505 D Surface : lockCanvas
04-15 13:13:25.532 17505 17505 D Surface : lockCanvas
04-15 13:13:25.559 17505 17505 D Surface : lockCanvas
04-15 13:13:25.584 17505 17505 D Surface : lockCanvas
04-15 13:13:25.612 17505 17505 D Surface : lockCanvas
04-15 13:13:25.629 17505 17505 D Surface : lockCanvas
04-15 13:13:25.646 17505 17505 D Surface : lockCanvas
04-15 13:13:25.663 17505 17505 D Surface : lockCanvas
04-15 13:13:25.680 17505 17505 D Surface : lockCanvas
04-15 13:13:25.698 17505 17505 D Surface : lockCanvas
04-15 13:13:25.729 17505 17505 D Surface : lockCanvas
04-15 13:13:25.746 17505 17505 D Surface : lockCanvas
04-15 13:13:25.763 17505 17505 D Surface : lockCanvas
04-15 13:13:25.780 17505 17505 D Surface : lockCanvas
04-15 13:13:25.798 17505 17505 D Surface : lockCanvas
04-15 13:13:25.829 17505 17505 D Surface : lockCanvas
04-15 13:13:25.846 17505 17505 D Surface : lockCanvas
04-15 13:13:25.863 17505 17505 D Surface : lockCanvas
04-15 13:13:25.881 17505 17505 D Surface : lockCanvas
04-15 13:13:25.913 17505 17505 D Surface : lockCanvas
04-15 13:13:25.930 17505 17505 D Surface : lockCanvas
04-15 13:13:25.946 17505 17505 D Surface : lockCanvas
04-15 13:13:25.963 17505 17505 D Surface : lockCanvas
04-15 13:13:25.980 17505 17505 D Surface : lockCanvas
04-15 13:13:27.667 17505 17505 D Surface : lockCanvas
04-15 13:13:27.691 17505 17505 D Surface : lockCanvas
04-15 13:13:27.731 17505 17505 D Surface : lockCanvas
04-15 13:13:27.774 17505 17505 D Surface : lockCanvas
04-15 13:13:27.817 17505 17505 D Surface : lockCanvas
04-15 13:13:27.860 17505 17505 D Surface : lockCanvas
04-15 13:13:27.902 17505 17505 D Surface : lockCanvas
04-15 13:13:27.944 17505 17505 D Surface : lockCanvas
04-15 13:13:27.988 17505 17505 D Surface : lockCanvas
04-15 13:13:28.031 17505 17505 D Surface : lockCanvas
04-15 13:13:28.073 17505 17505 D Surface : lockCanvas
04-15 13:13:28.101 17505 17505 D Surface : lockCanvas
04-15 13:13:28.118 17505 17505 D Surface : lockCanvas
04-15 13:13:28.202 17505 17505 D Surface : lockCanvas
04-15 13:13:28.231 17505 17505 D Surface : lockCanvas
04-15 13:13:28.277 17505 17505 D Surface : lockCanvas
04-15 13:13:28.324 17505 17505 D Surface : lockCanvas
04-15 13:13:28.373 17505 17505 D Surface : lockCanvas
04-15 13:13:28.420 17505 17505 D Surface : lockCanvas
04-15 13:13:28.467 17505 17505 D Surface : lockCanvas
04-15 13:13:28.514 17505 17505 D Surface : lockCanvas
04-15 13:13:28.562 17505 17505 D Surface : lockCanvas
04-15 13:13:28.612 17505 17505 D Surface : lockCanvas
04-15 13:13:28.653 17505 17505 D Surface : lockCanvas
04-15 13:13:28.687 17505 17505 D Surface : lockCanvas
04-15 13:13:28.713 17505 17505 D Surface : lockCanvas
04-15 13:13:28.732 17505 17505 D Surface : lockCanvas
04-15 13:13:28.748 17505 17505 D Surface : lockCanvas
04-15 13:13:28.767 17505 17505 D Surface : lockCanvas
04-15 13:13:28.784 17505 17505 D Surface : lockCanvas
04-15 13:13:28.801 17505 17505 D Surface : lockCanvas
04-15 13:13:28.819 17505 17505 D Surface : lockCanvas
04-15 13:13:28.835 17505 17505 D Surface : lockCanvas
04-15 13:13:28.853 17505 17505 D Surface : lockCanvas
04-15 13:13:28.870 17505 17505 D Surface : lockCanvas
04-15 13:13:28.887 17505 17505 D Surface : lockCanvas
04-15 13:13:28.904 17505 17505 D Surface : lockCanvas
04-15 13:13:28.922 17505 17505 D Surface : lockCanvas
04-15 13:13:28.939 17505 17505 D Surface : lockCanvas
04-15 13:13:28.955 17505 17505 D Surface : lockCanvas
04-15 13:13:28.985 17505 17505 D Surface : lockCanvas
04-15 13:13:29.002 17505 17505 D Surface : lockCanvas
04-15 13:13:29.071 17505 17505 D Surface : lockCanvas
04-15 13:13:29.096 17505 17505 D Surface : lockCanvas
04-15 13:13:29.123 17505 17505 D Surface : lockCanvas
04-15 13:13:29.148 17505 17505 D Surface : lockCanvas
04-15 13:13:29.175 17505 17505 D Surface : lockCanvas
04-15 13:13:29.201 17505 17505 D Surface : lockCanvas
04-15 13:13:29.226 17505 17505 D Surface : lockCanvas
04-15 13:13:29.252 17505 17505 D Surface : lockCanvas
04-15 13:13:29.278 17505 17505 D Surface : lockCanvas
04-15 13:13:29.304 17505 17505 D Surface : lockCanvas
04-15 13:13:29.330 17505 17505 D Surface : lockCanvas
04-15 13:13:29.356 17505 17505 D Surface : lockCanvas
04-15 13:13:29.384 17505 17505 D Surface : lockCanvas
04-15 13:13:29.410 17505 17505 D Surface : lockCanvas
04-15 13:13:29.435 17505 17505 D Surface : lockCanvas
04-15 13:13:29.461 17505 17505 D Surface : lockCanvas
04-15 13:13:29.489 17505 17505 D Surface : lockCanvas
04-15 13:13:29.514 17505 17505 D Surface : lockCanvas
04-15 13:13:29.541 17505 17505 D Surface : lockCanvas
04-15 13:13:29.565 17505 17505 D Surface : lockCanvas
04-15 13:13:29.589 17505 17505 D Surface : lockCanvas
04-15 13:13:29.613 17505 17505 D Surface : lockCanvas
04-15 13:13:29.636 17505 17505 D Surface : lockCanvas
04-15 13:13:29.658 17505 17505 D Surface : lockCanvas
04-15 13:13:29.681 17505 17505 D Surface : lockCanvas
04-15 13:13:29.706 17505 17505 D Surface : lockCanvas
04-15 13:13:29.729 17505 17505 D Surface : lockCanvas
04-15 13:13:29.752 17505 17505 D Surface : lockCanvas
04-15 13:13:29.776 17505 17505 D Surface : lockCanvas
04-15 13:13:29.801 17505 17505 D Surface : lockCanvas
04-15 13:13:29.825 17505 17505 D Surface : lockCanvas
04-15 13:13:29.848 17505 17505 D Surface : lockCanvas
04-15 13:13:29.874 17505 17505 D Surface : lockCanvas
04-15 13:13:29.900 17505 17505 D Surface : lockCanvas
04-15 13:13:29.922 17505 17505 D Surface : lockCanvas
04-15 13:13:29.939 17505 17505 D Surface : lockCanvas
04-15 13:13:29.956 17505 17505 D Surface : lockCanvas
04-15 13:13:29.974 17505 17505 D Surface : lockCanvas
04-15 13:13:30.006 17505 17505 D Surface : lockCanvas
04-15 13:13:30.022 17505 17505 D Surface : lockCanvas
04-15 13:13:30.039 17505 17505 D Surface : lockCanvas
04-15 13:13:30.056 17505 17505 D Surface : lockCanvas
04-15 13:13:30.074 17505 17505 D Surface : lockCanvas
04-15 13:13:30.089 17505 17505 D Surface : lockCanvas
04-15 13:13:30.107 17505 17505 D Surface : lockCanvas
04-15 13:13:30.124 17505 17505 D Surface : lockCanvas
04-15 13:13:30.139 17505 17505 D Surface : lockCanvas
04-15 13:13:30.156 17505 17505 D Surface : lockCanvas
04-15 13:13:30.189 17505 17505 D Surface : lockCanvas
04-15 13:13:30.206 17505 17505 D Surface : lockCanvas
04-15 13:13:30.222 17505 17505 D Surface : lockCanvas
04-15 13:13:30.239 17505 17505 D Surface : lockCanvas
04-15 13:13:30.273 17505 17505 D Surface : lockCanvas
04-15 13:13:30.290 17505 17505 D Surface : lockCanvas
04-15 13:13:30.307 17505 17505 D Surface : lockCanvas
04-15 13:13:30.692 17505 17505 D Surface : lockCanvas
04-15 13:13:30.715 17505 17505 D Surface : lockCanvas
04-15 13:13:30.754 17505 17505 D Surface : lockCanvas
04-15 13:13:30.797 17505 17505 D Surface : lockCanvas
04-15 13:13:30.838 17505 17505 D Surface : lockCanvas
04-15 13:13:30.881 17505 17505 D Surface : lockCanvas
04-15 13:13:30.924 17505 17505 D Surface : lockCanvas
04-15 13:13:30.967 17505 17505 D Surface : lockCanvas
04-15 13:13:31.009 17505 17505 D Surface : lockCanvas
04-15 13:13:31.052 17505 17505 D Surface : lockCanvas
04-15 13:13:31.094 17505 17505 D Surface : lockCanvas
04-15 13:13:31.113 17505 17505 D Surface : lockCanvas
04-15 13:13:31.142 17505 17505 D Surface : lockCanvas
04-15 13:13:31.226 17505 17505 D Surface : lockCanvas
04-15 13:13:31.257 17505 17505 D Surface : lockCanvas
04-15 13:13:31.301 17505 17505 D Surface : lockCanvas
04-15 13:13:31.349 17505 17505 D Surface : lockCanvas
04-15 13:13:31.398 17505 17505 D Surface : lockCanvas
04-15 13:13:31.444 17505 17505 D Surface : lockCanvas
04-15 13:13:31.492 17505 17505 D Surface : lockCanvas
04-15 13:13:31.539 17505 17505 D Surface : lockCanvas
04-15 13:13:31.588 17505 17505 D Surface : lockCanvas
04-15 13:13:31.634 17505 17505 D Surface : lockCanvas
04-15 13:13:31.680 17505 17505 D Surface : lockCanvas
04-15 13:13:31.711 17505 17505 D Surface : lockCanvas
04-15 13:13:31.739 17505 17505 D Surface : lockCanvas
04-15 13:13:31.756 17505 17505 D Surface : lockCanvas
04-15 13:13:31.776 17505 17505 D Surface : lockCanvas
04-15 13:13:31.795 17505 17505 D Surface : lockCanvas
04-15 13:13:31.812 17505 17505 D Surface : lockCanvas
04-15 13:13:31.832 17505 17505 D Surface : lockCanvas
04-15 13:13:31.848 17505 17505 D Surface : lockCanvas
04-15 13:13:31.875 17505 17505 D Surface : lockCanvas
04-15 13:13:31.892 17505 17505 D Surface : lockCanvas
04-15 13:13:31.909 17505 17505 D Surface : lockCanvas
04-15 13:13:31.926 17505 17505 D Surface : lockCanvas
04-15 13:13:31.944 17505 17505 D Surface : lockCanvas
04-15 13:13:31.961 17505 17505 D Surface : lockCanvas
04-15 13:13:31.978 17505 17505 D Surface : lockCanvas
04-15 13:13:32.009 17505 17505 D Surface : lockCanvas
04-15 13:13:32.026 17505 17505 D Surface : lockCanvas
04-15 13:13:32.095 17505 17505 D Surface : lockCanvas
04-15 13:13:32.120 17505 17505 D Surface : lockCanvas
04-15 13:13:32.147 17505 17505 D Surface : lockCanvas
04-15 13:13:32.171 17505 17505 D Surface : lockCanvas
04-15 13:13:32.198 17505 17505 D Surface : lockCanvas
04-15 13:13:32.225 17505 17505 D Surface : lockCanvas
04-15 13:13:32.250 17505 17505 D Surface : lockCanvas
04-15 13:13:32.275 17505 17505 D Surface : lockCanvas
04-15 13:13:32.301 17505 17505 D Surface : lockCanvas
04-15 13:13:32.329 17505 17505 D Surface : lockCanvas
04-15 13:13:32.352 17505 17505 D Surface : lockCanvas
04-15 13:13:32.375 17505 17505 D Surface : lockCanvas
04-15 13:13:32.398 17505 17505 D Surface : lockCanvas
04-15 13:13:32.420 17505 17505 D Surface : lockCanvas
04-15 13:13:32.442 17505 17505 D Surface : lockCanvas
04-15 13:13:32.465 17505 17505 D Surface : lockCanvas
04-15 13:13:32.488 17505 17505 D Surface : lockCanvas
04-15 13:13:32.514 17505 17505 D Surface : lockCanvas
04-15 13:13:32.539 17505 17505 D Surface : lockCanvas
04-15 13:13:32.566 17505 17505 D Surface : lockCanvas
04-15 13:13:32.595 17505 17505 D Surface : lockCanvas
04-15 13:13:32.624 17505 17505 D Surface : lockCanvas
04-15 13:13:32.652 17505 17505 D Surface : lockCanvas
04-15 13:13:32.678 17505 17505 D Surface : lockCanvas
04-15 13:13:32.705 17505 17505 D Surface : lockCanvas
04-15 13:13:32.732 17505 17505 D Surface : lockCanvas
04-15 13:13:32.759 17505 17505 D Surface : lockCanvas
04-15 13:13:32.783 17505 17505 D Surface : lockCanvas
04-15 13:13:32.809 17505 17505 D Surface : lockCanvas
04-15 13:13:32.834 17505 17505 D Surface : lockCanvas
04-15 13:13:32.857 17505 17505 D Surface : lockCanvas
04-15 13:13:32.880 17505 17505 D Surface : lockCanvas
04-15 13:13:32.905 17505 17505 D Surface : lockCanvas
04-15 13:13:32.929 17505 17505 D Surface : lockCanvas
04-15 13:13:32.946 17505 17505 D Surface : lockCanvas
04-15 13:13:32.963 17505 17505 D Surface : lockCanvas
04-15 13:13:32.979 17505 17505 D Surface : lockCanvas
04-15 13:13:32.996 17505 17505 D Surface : lockCanvas
04-15 13:13:33.015 17505 17505 D Surface : lockCanvas
04-15 13:13:33.030 17505 17505 D Surface : lockCanvas
04-15 13:13:33.046 17505 17505 D Surface : lockCanvas
04-15 13:13:33.079 17505 17505 D Surface : lockCanvas
04-15 13:13:33.096 17505 17505 D Surface : lockCanvas
04-15 13:13:33.113 17505 17505 D Surface : lockCanvas
04-15 13:13:33.129 17505 17505 D Surface : lockCanvas
04-15 13:13:33.146 17505 17505 D Surface : lockCanvas
04-15 13:13:33.180 17505 17505 D Surface : lockCanvas
04-15 13:13:33.196 17505 17505 D Surface : lockCanvas
