02-14 20:33:33.605 8739 8739 E ArmVmp : Match on catch block at 0xc3 in for 0xa1
02-14 20:33:33.616 8739 8739 E ArmVmp : Match on catch block at 0xc3 in for 0xa5
02-14 20:33:34.107 8739 8739 E ArmVmp : Match on catch block at 0xc3 in for 0xa5
02-14 20:33:34.117 8739 8739 E ArmVmp : Match on catch block at 0xc3 in for 0xa9
02-14 20:33:34.607 8739 8739 E ArmVmp : Match on catch block at 0xc3 in for 0xa9
02-14 20:33:34.617 8739 8739 E ArmVmp : Match on catch block at 0xc3 in for 0xa1
02-14 20:33:35.109 8739 8739 E ArmVmp : Match on catch block at 0xc3 in for 0xa1
02-14 20:33:35.120 8739 8739 E ArmVmp : Match on catch block at 0xc3 in for 0xa5
02-14 20:33:35.610 8739 8739 E ArmVmp : Match on catch block at 0xc3 in for 0xa5
02-14 20:33:35.621 8739 8739 E ArmVmp : Match on catch block at 0xc3 in for 0xa9
02-14 20:33:36.129 8739 8739 E ArmVmp : Match on catch block at 0xc3 in for 0xa9
02-14 20:33:36.141 8739 8739 E ArmVmp : Match on catch block at 0xc3 in for 0xa1
02-14 20:33:36.631 8739 8739 E ArmVmp : Match on catch block at 0xc3 in for 0xa1
02-14 20:33:36.642 8739 8739 E ArmVmp : Match on catch block at 0xc3 in for 0xa5
02-14 20:33:37.116 8739 8739 E ArmVmp : Match on catch block at 0xc3 in for 0xa5
02-14 20:33:37.126 8739 8739 E ArmVmp : Match on catch block at 0xc3 in for 0xa9
02-14 20:33:37.627 8739 8739 E ArmVmp : Match on catch block at 0xc3 in for 0xa9
02-14 20:33:37.631 8739 8739 E ArmVmp : Match on catch block at 0xc3 in for 0xa1
02-14 20:33:38.132 8739 8739 E ArmVmp : Match on catch block at 0xc3 in for 0xa1
02-14 20:33:38.143 8739 8739 E ArmVmp : Match on catch block at 0xc3 in for 0xa5
02-14 20:33:38.634 8739 8739 E ArmVmp : Match on catch block at 0xc3 in for 0xa5
02-14 20:33:38.645 8739 8739 E ArmVmp : Match on catch block at 0xc3 in for 0xa9
02-14 20:33:39.136 8739 8739 E ArmVmp : Match on catch block at 0xc3 in for 0xa9
02-14 20:33:39.146 8739 8739 E ArmVmp : Match on catch block at 0xc3 in for 0xa1
02-14 20:33:39.637 8739 8739 E ArmVmp : Match on catch block at 0xc3 in for 0xa1
02-14 20:33:39.647 8739 8739 E ArmVmp : Match on catch block at 0xc3 in for 0xa5
02-14 20:33:40.139 8739 8739 E ArmVmp : Match on catch block at 0xc3 in for 0xa5
02-14 20:33:40.149 8739 8739 E ArmVmp : Match on catch block at 0xc3 in for 0xa9
02-14 20:33:40.640 8739 8739 E ArmVmp : Match on catch block at 0xc3 in for 0xa9
02-14 20:33:40.650 8739 8739 E ArmVmp : Match on catch block at 0xc3 in for 0xa1
02-14 20:33:41.141 8739 8739 E ArmVmp : Match on catch block at 0xc3 in for 0xa1
02-14 20:33:41.151 8739 8739 E ArmVmp : Match on catch block at 0xc3 in for 0xa5
02-14 20:33:41.641 8739 8739 E ArmVmp : Match on catch block at 0xc3 in for 0xa5
02-14 20:33:41.651 8739 8739 E ArmVmp : Match on catch block at 0xc3 in for 0xa9
02-14 20:33:42.143 8739 8739 E ArmVmp : Match on catch block at 0xc3 in for 0xa9
02-14 20:33:42.153 8739 8739 E ArmVmp : Match on catch block at 0xc3 in for 0xa1
02-14 20:33:42.645 8739 8739 E ArmVmp : Match on catch block at 0xc3 in for 0xa1
02-14 20:33:42.660 8739 8739 E ArmVmp : Match on catch block at 0xc3 in for 0xa5
02-14 20:33:43.146 8739 8739 E ArmVmp : Match on catch block at 0xc3 in for 0xa5
02-14 20:33:43.156 8739 8739 E ArmVmp : Match on catch block at 0xc3 in for 0xa9
02-14 20:33:43.648 8739 8739 E ArmVmp : Match on catch block at 0xc3 in for 0xa9
02-14 20:33:43.658 8739 8739 E ArmVmp : Match on catch block at 0xc3 in for 0xa1
02-14 20:33:44.148 8739 8739 E ArmVmp : Match on catch block at 0xc3 in for 0xa1
02-14 20:33:44.161 8739 8739 E ArmVmp : Match on catch block at 0xc3 in for 0xa5
02-14 20:33:44.650 8739 8739 E ArmVmp : Match on catch block at 0xc3 in for 0xa5
02-14 20:33:44.661 8739 8739 E ArmVmp : Match on catch block at 0xc3 in for 0xa9
02-14 20:33:45.150 8739 8739 E ArmVmp : Match on catch block at 0xc3 in for 0xa9
02-14 20:33:45.160 8739 8739 E ArmVmp : Match on catch block at 0xc3 in for 0xa1
02-14 20:33:45.651 8739 8739 E ArmVmp : Match on catch block at 0xc3 in for 0xa1
02-14 20:33:45.662 8739 8739 E ArmVmp : Match on catch block at 0xc3 in for 0xa5
02-14 20:33:46.152 8739 8739 E ArmVmp : Match on catch block at 0xc3 in for 0xa5
02-14 20:33:46.163 8739 8739 E ArmVmp : Match on catch block at 0xc3 in for 0xa9
02-14 20:33:46.654 8739 8739 E ArmVmp : Match on catch block at 0xc3 in for 0xa9
02-14 20:33:46.664 8739 8739 E ArmVmp : Match on catch block at 0xc3 in for 0xa1
02-14 20:33:47.156 8739 8739 E ArmVmp : Match on catch block at 0xc3 in for 0xa1
02-14 20:33:47.167 8739 8739 E ArmVmp : Match on catch block at 0xc3 in for 0xa5
02-14 20:33:47.673 8739 8739 E ArmVmp : Match on catch block at 0xc3 in for 0xa5
02-14 20:33:47.684 8739 8739 E ArmVmp : Match on catch block at 0xc3 in for 0xa9
02-14 20:33:48.174 8739 8739 E ArmVmp : Match on catch block at 0xc3 in for 0xa9
02-14 20:33:48.184 8739 8739 E ArmVmp : Match on catch block at 0xc3 in for 0xa1
02-14 20:33:48.674 8739 8739 E ArmVmp : Match on catch block at 0xc3 in for 0xa1
02-14 20:33:48.683 8739 8739 E ArmVmp : Match on catch block at 0xc3 in for 0xa5
02-14 20:33:49.177 8739 8739 E ArmVmp : Match on catch block at 0xc3 in for 0xa5
02-14 20:33:49.187 8739 8739 E ArmVmp : Match on catch block at 0xc3 in for 0xa9
02-14 20:33:49.679 8739 8739 E ArmVmp : Match on catch block at 0xc3 in for 0xa9
02-14 20:33:49.689 8739 8739 E ArmVmp : Match on catch block at 0xc3 in for 0xa1
02-14 20:33:50.179 8739 8739 E ArmVmp : Match on catch block at 0xc3 in for 0xa1
02-14 20:33:50.189 8739 8739 E ArmVmp : Match on catch block at 0xc3 in for 0xa5
02-14 20:33:50.680 8739 8739 E ArmVmp : Match on catch block at 0xc3 in for 0xa5
02-14 20:33:50.691 8739 8739 E ArmVmp : Match on catch block at 0xc3 in for 0xa9
02-14 20:33:51.181 8739 8739 E ArmVmp : Match on catch block at 0xc3 in for 0xa9
02-14 20:33:51.191 8739 8739 E ArmVmp : Match on catch block at 0xc3 in for 0xa1
02-14 20:33:51.683 8739 8739 E ArmVmp : Match on catch block at 0xc3 in for 0xa1
02-14 20:33:51.693 8739 8739 E ArmVmp : Match on catch block at 0xc3 in for 0xa5
02-14 20:33:52.185 8739 8739 E ArmVmp : Match on catch block at 0xc3 in for 0xa5
02-14 20:33:52.195 8739 8739 E ArmVmp : Match on catch block at 0xc3 in for 0xa9
02-14 20:33:52.687 8739 8739 E ArmVmp : Match on catch block at 0xc3 in for 0xa9
02-14 20:33:52.698 8739 8739 E ArmVmp : Match on catch block at 0xc3 in for 0xa1
02-14 20:33:53.188 8739 8739 E ArmVmp : Match on catch block at 0xc3 in for 0xa1
02-14 20:33:53.198 8739 8739 E ArmVmp : Match on catch block at 0xc3 in for 0xa5
02-14 20:33:53.690 8739 8739 E ArmVmp : Match on catch block at 0xc3 in for 0xa5
02-14 20:33:53.702 8739 8739 E ArmVmp : Match on catch block at 0xc3 in for 0xa9
02-14 20:33:54.190 8739 8739 E ArmVmp : Match on catch block at 0xc3 in for 0xa9
02-14 20:33:54.201 8739 8739 E ArmVmp : Match on catch block at 0xc3 in for 0xa1
02-14 20:33:54.693 8739 8739 E ArmVmp : Match on catch block at 0xc3 in for 0xa1
02-14 20:33:54.704 8739 8739 E ArmVmp : Match on catch block at 0xc3 in for 0xa5
02-14 20:33:55.192 8739 8739 E ArmVmp : Match on catch block at 0xc3 in for 0xa5
02-14 20:33:55.203 8739 8739 E ArmVmp : Match on catch block at 0xc3 in for 0xa9
02-14 20:33:55.693 8739 8739 E ArmVmp : Match on catch block at 0xc3 in for 0xa9
02-14 20:33:55.704 8739 8739 E ArmVmp : Match on catch block at 0xc3 in for 0xa1
02-14 20:33:56.194 8739 8739 E ArmVmp : Match on catch block at 0xc3 in for 0xa1
02-14 20:33:56.206 8739 8739 E ArmVmp : Match on catch block at 0xc3 in for 0xa5
02-14 20:33:56.696 8739 8739 E ArmVmp : Match on catch block at 0xc3 in for 0xa5
02-14 20:33:56.707 8739 8739 E ArmVmp : Match on catch block at 0xc3 in for 0xa9
02-14 20:33:57.197 8739 8739 E ArmVmp : Match on catch block at 0xc3 in for 0xa9
02-14 20:33:57.208 8739 8739 E ArmVmp : Match on catch block at 0xc3 in for 0xa1
02-14 20:33:57.700 8739 8739 E ArmVmp : Match on catch block at 0xc3 in for 0xa1
02-14 20:33:57.710 8739 8739 E ArmVmp : Match on catch block at 0xc3 in for 0xa5
02-14 20:33:58.198 8739 8739 E ArmVmp : Match on catch block at 0xc3 in for 0xa1
02-14 20:33:58.210 8739 8739 E ArmVmp : Match on catch block at 0xc3 in for 0xa5
02-14 20:33:58.717 8739 8739 E ArmVmp : Match on catch block at 0xc3 in for 0xa5
02-14 20:33:58.728 8739 8739 E ArmVmp : Match on catch block at 0xc3 in for 0xa9
02-14 20:33:59.202 8739 8739 E ArmVmp : Match on catch block at 0xc3 in for 0xa9
02-14 20:33:59.212 8739 8739 E ArmVmp : Match on catch block at 0xc3 in for 0xa1
02-14 20:33:59.721 8739 8739 E ArmVmp : Match on catch block at 0xc3 in for 0xa1
02-14 20:33:59.731 8739 8739 E ArmVmp : Match on catch block at 0xc3 in for 0xa5
02-14 20:34:00.220 8739 8739 E ArmVmp : Match on catch block at 0xc3 in for 0xa5
02-14 20:34:00.229 8739 8739 E ArmVmp : Match on catch block at 0xc3 in for 0xa9
02-14 20:34:00.706 8739 8739 E ArmVmp : Match on catch block at 0xc3 in for 0xa9
02-14 20:34:00.716 8739 8739 E ArmVmp : Match on catch block at 0xc3 in for 0xa1
02-14 20:34:01.224 8739 8739 E ArmVmp : Match on catch block at 0xc3 in for 0xa1
02-14 20:34:01.235 8739 8739 E ArmVmp : Match on catch block at 0xc3 in for 0xa5
02-14 20:34:01.725 8739 8739 E ArmVmp : Match on catch block at 0xc3 in for 0xa5
02-14 20:34:01.736 8739 8739 E ArmVmp : Match on catch block at 0xc3 in for 0xa9
02-14 20:34:02.210 8739 8739 E ArmVmp : Match on catch block at 0xc3 in for 0xa9
02-14 20:34:02.221 8739 8739 E ArmVmp : Match on catch block at 0xc3 in for 0xa1
02-14 20:34:02.728 8739 8739 E ArmVmp : Match on catch block at 0xc3 in for 0xa1
02-14 20:34:02.739 8739 8739 E ArmVmp : Match on catch block at 0xc3 in for 0xa5
02-14 20:34:03.228 8739 8739 E ArmVmp : Match on catch block at 0xc3 in for 0xa5
02-14 20:34:03.238 8739 8739 E ArmVmp : Match on catch block at 0xc3 in for 0xa9
02-14 20:34:03.731 8739 8739 E ArmVmp : Match on catch block at 0xc3 in for 0xa9
02-14 20:34:03.742 8739 8739 E ArmVmp : Match on catch block at 0xc3 in for 0xa1
02-14 20:34:04.233 8739 8739 E ArmVmp : Match on catch block at 0xc3 in for 0xa1
02-14 20:34:04.244 8739 8739 E ArmVmp : Match on catch block at 0xc3 in for 0xa5
02-14 20:34:04.734 8739 8739 E ArmVmp : Match on catch block at 0xc3 in for 0xa5
02-14 20:34:04.744 8739 8739 E ArmVmp : Match on catch block at 0xc3 in for 0xa9
02-14 20:34:05.235 8739 8739 E ArmVmp : Match on catch block at 0xc3 in for 0xa9
02-14 20:34:05.246 8739 8739 E ArmVmp : Match on catch block at 0xc3 in for 0xa1
02-14 20:34:05.735 8739 8739 E ArmVmp : Match on catch block at 0xc3 in for 0xa1
02-14 20:34:05.746 8739 8739 E ArmVmp : Match on catch block at 0xc3 in for 0xa5
02-14 20:34:06.236 8739 8739 E ArmVmp : Match on catch block at 0xc3 in for 0xa5
02-14 20:34:06.247 8739 8739 E ArmVmp : Match on catch block at 0xc3 in for 0xa9
02-14 20:34:06.737 8739 8739 E ArmVmp : Match on catch block at 0xc3 in for 0xa9
02-14 20:34:06.747 8739 8739 E ArmVmp : Match on catch block at 0xc3 in for 0xa1
02-14 20:34:07.237 8739 8739 E ArmVmp : Match on catch block at 0xc3 in for 0xa1
02-14 20:34:07.246 8739 8739 E ArmVmp : Match on catch block at 0xc3 in for 0xa5
02-14 20:34:07.740 8739 8739 E ArmVmp : Match on catch block at 0xc3 in for 0xa5
02-14 20:34:07.750 8739 8739 E ArmVmp : Match on catch block at 0xc3 in for 0xa9
02-14 20:34:08.239 8739 8739 E ArmVmp : Match on catch block at 0xc3 in for 0xa9
02-14 20:34:08.249 8739 8739 E ArmVmp : Match on catch block at 0xc3 in for 0xa1
02-14 20:34:08.754 8739 8739 E ArmVmp : Match on catch block at 0xc3 in for 0xa1
02-14 20:34:08.764 8739 8739 E ArmVmp : Match on catch block at 0xc3 in for 0xa5
02-14 20:34:09.243 8739 8739 E ArmVmp : Match on catch block at 0xc3 in for 0xa5
02-14 20:34:09.253 8739 8739 E ArmVmp : Match on catch block at 0xc3 in for 0xa9
02-14 20:34:09.744 8739 8739 E ArmVmp : Match on catch block at 0xc3 in for 0xa9
02-14 20:34:09.755 8739 8739 E ArmVmp : Match on catch block at 0xc3 in for 0xa1
02-14 20:34:10.246 8739 8739 E ArmVmp : Match on catch block at 0xc3 in for 0xa1
02-14 20:34:10.257 8739 8739 E ArmVmp : Match on catch block at 0xc3 in for 0xa5
02-14 20:34:10.747 8739 8739 E ArmVmp : Match on catch block at 0xc3 in for 0xa5
02-14 20:34:10.758 8739 8739 E ArmVmp : Match on catch block at 0xc3 in for 0xa9
02-14 20:34:11.247 8739 8739 E ArmVmp : Match on catch block at 0xc3 in for 0xa9
02-14 20:34:11.258 8739 8739 E ArmVmp : Match on catch block at 0xc3 in for 0xa1
02-14 20:34:11.765 8739 8739 E ArmVmp : Match on catch block at 0xc3 in for 0xa1
02-14 20:34:11.776 8739 8739 E ArmVmp : Match on catch block at 0xc3 in for 0xa5
02-14 20:34:12.265 8739 8739 E ArmVmp : Match on catch block at 0xc3 in for 0xa5
02-14 20:34:12.276 8739 8739 E ArmVmp : Match on catch block at 0xc3 in for 0xa9
02-14 20:34:12.752 8739 8739 E ArmVmp : Match on catch block at 0xc3 in for 0xa9
02-14 20:34:12.762 8739 8739 E ArmVmp : Match on catch block at 0xc3 in for 0xa1
02-14 20:34:13.271 8739 8739 E ArmVmp : Match on catch block at 0xc3 in for 0xa1
02-14 20:34:13.282 8739 8739 E ArmVmp : Match on catch block at 0xc3 in for 0xa5
02-14 20:34:13.773 8739 8739 E ArmVmp : Match on catch block at 0xc3 in for 0xa5
02-14 20:34:13.783 8739 8739 E ArmVmp : Match on catch block at 0xc3 in for 0xa9
02-14 20:34:14.273 8739 8739 E ArmVmp : Match on catch block at 0xc3 in for 0xa9
02-14 20:34:14.282 8739 8739 E ArmVmp : Match on catch block at 0xc3 in for 0xa1
02-14 20:34:14.776 8739 8739 E ArmVmp : Match on catch block at 0xc3 in for 0xa1
02-14 20:34:14.787 8739 8739 E ArmVmp : Match on catch block at 0xc3 in for 0xa5
02-14 20:34:15.277 8739 8739 E ArmVmp : Match on catch block at 0xc3 in for 0xa5
02-14 20:34:15.287 8739 8739 E ArmVmp : Match on catch block at 0xc3 in for 0xa9
02-14 20:34:15.776 8739 8739 E ArmVmp : Match on catch block at 0xc3 in for 0xa9
02-14 20:34:15.787 8739 8739 E ArmVmp : Match on catch block at 0xc3 in for 0xa1
02-14 20:34:16.278 8739 8739 E ArmVmp : Match on catch block at 0xc3 in for 0xa1
02-14 20:34:16.289 8739 8739 E ArmVmp : Match on catch block at 0xc3 in for 0xa5
02-14 20:34:16.779 8739 8739 E ArmVmp : Match on catch block at 0xc3 in for 0xa5
02-14 20:34:16.790 8739 8739 E ArmVmp : Match on catch block at 0xc3 in for 0xa9
02-14 20:34:17.280 8739 8739 E ArmVmp : Match on catch block at 0xc3 in for 0xa9
02-14 20:34:17.290 8739 8739 E ArmVmp : Match on catch block at 0xc3 in for 0xa1
02-14 20:34:17.781 8739 8739 E ArmVmp : Match on catch block at 0xc3 in for 0xa1
02-14 20:34:17.791 8739 8739 E ArmVmp : Match on catch block at 0xc3 in for 0xa5
02-14 20:34:18.284 8739 8739 E ArmVmp : Match on catch block at 0xc3 in for 0xa5
02-14 20:34:18.296 8739 8739 E ArmVmp : Match on catch block at 0xc3 in for 0xa9
02-14 20:34:18.787 8739 8739 E ArmVmp : Match on catch block at 0xc3 in for 0xa9
02-14 20:34:18.798 8739 8739 E ArmVmp : Match on catch block at 0xc3 in for 0xa1
02-14 20:34:19.286 8739 8739 E ArmVmp : Match on catch block at 0xc3 in for 0xa1
02-14 20:34:19.297 8739 8739 E ArmVmp : Match on catch block at 0xc3 in for 0xa5
02-14 20:34:19.787 8739 8739 E ArmVmp : Match on catch block at 0xc3 in for 0xa5
02-14 20:34:19.799 8739 8739 E ArmVmp : Match on catch block at 0xc3 in for 0xa9
02-14 20:34:20.289 8739 8739 E ArmVmp : Match on catch block at 0xc3 in for 0xa9
02-14 20:34:20.299 8739 8739 E ArmVmp : Match on catch block at 0xc3 in for 0xa1
02-14 20:34:20.789 8739 8739 E ArmVmp : Match on catch block at 0xc3 in for 0xa1
02-14 20:34:20.801 8739 8739 E ArmVmp : Match on catch block at 0xc3 in for 0xa5
02-14 20:34:21.291 8739 8739 E ArmVmp : Match on catch block at 0xc3 in for 0xa5
02-14 20:34:21.302 8739 8739 E ArmVmp : Match on catch block at 0xc3 in for 0xa9
02-14 20:34:21.792 8739 8739 E ArmVmp : Match on catch block at 0xc3 in for 0xa9
02-14 20:34:21.801 8739 8739 E ArmVmp : Match on catch block at 0xc3 in for 0xa1
02-14 20:34:22.293 8739 8739 E ArmVmp : Match on catch block at 0xc3 in for 0xa1
02-14 20:34:22.304 8739 8739 E ArmVmp : Match on catch block at 0xc3 in for 0xa5
02-14 20:34:22.795 8739 8739 E ArmVmp : Match on catch block at 0xc3 in for 0xa5
02-14 20:34:22.805 8739 8739 E ArmVmp : Match on catch block at 0xc3 in for 0xa9
02-14 20:34:23.296 8739 8739 E ArmVmp : Match on catch block at 0xc3 in for 0xa9
02-14 20:34:23.307 8739 8739 E ArmVmp : Match on catch block at 0xc3 in for 0xa1
02-14 20:34:23.811 8739 8739 E ArmVmp : Match on catch block at 0xc3 in for 0xa1
02-14 20:34:23.814 8739 8739 E ArmVmp : Match on catch block at 0xc3 in for 0xa5
02-14 20:34:24.315 8739 8739 E ArmVmp : Match on catch block at 0xc3 in for 0xa1
02-14 20:34:24.326 8739 8739 E ArmVmp : Match on catch block at 0xc3 in for 0xa5
02-14 20:34:24.816 8739 8739 E ArmVmp : Match on catch block at 0xc3 in for 0xa5
02-14 20:34:24.826 8739 8739 E ArmVmp : Match on catch block at 0xc3 in for 0xa9
02-14 20:34:25.318 8739 8739 E ArmVmp : Match on catch block at 0xc3 in for 0xa5
02-14 20:34:25.329 8739 8739 E ArmVmp : Match on catch block at 0xc3 in for 0xa9
02-14 20:34:25.819 8739 8739 E ArmVmp : Match on catch block at 0xc3 in for 0xa9
02-14 20:34:25.829 8739 8739 E ArmVmp : Match on catch block at 0xc3 in for 0xa1
02-14 20:34:26.337 8739 8739 E ArmVmp : Match on catch block at 0xc3 in for 0xa1
02-14 20:34:26.347 8739 8739 E ArmVmp : Match on catch block at 0xc3 in for 0xa5
02-14 20:34:26.838 8739 8739 E ArmVmp : Match on catch block at 0xc3 in for 0xa5
02-14 20:34:26.848 8739 8739 E ArmVmp : Match on catch block at 0xc3 in for 0xa9
02-14 20:34:27.339 8739 8739 E ArmVmp : Match on catch block at 0xc3 in for 0xa9
02-14 20:34:27.350 8739 8739 E ArmVmp : Match on catch block at 0xc3 in for 0xa1
02-14 20:34:27.840 8739 8739 E ArmVmp : Match on catch block at 0xc3 in for 0xa9
02-14 20:34:27.851 8739 8739 E ArmVmp : Match on catch block at 0xc3 in for 0xa1
02-14 20:34:28.342 8739 8739 E ArmVmp : Match on catch block at 0xc3 in for 0xa1
02-14 20:34:28.351 8739 8739 E ArmVmp : Match on catch block at 0xc3 in for 0xa5
02-14 20:34:28.842 8739 8739 E ArmVmp : Match on catch block at 0xc3 in for 0xa5
02-14 20:34:28.853 8739 8739 E ArmVmp : Match on catch block at 0xc3 in for 0xa9
02-14 20:34:29.344 8739 8739 E ArmVmp : Match on catch block at 0xc3 in for 0xa9
02-14 20:34:29.356 8739 8739 E ArmVmp : Match on catch block at 0xc3 in for 0xa1
02-14 20:34:29.845 8739 8739 E ArmVmp : Match on catch block at 0xc3 in for 0xa1
02-14 20:34:29.856 8739 8739 E ArmVmp : Match on catch block at 0xc3 in for 0xa5
02-14 20:34:30.347 8739 8739 E ArmVmp : Match on catch block at 0xc3 in for 0xa5
02-14 20:34:30.358 8739 8739 E ArmVmp : Match on catch block at 0xc3 in for 0xa9
02-14 20:34:30.847 8739 8739 E ArmVmp : Match on catch block at 0xc3 in for 0xa9
02-14 20:34:30.858 8739 8739 E ArmVmp : Match on catch block at 0xc3 in for 0xa1
02-14 20:34:31.349 8739 8739 E ArmVmp : Match on catch block at 0xc3 in for 0xa1
02-14 20:34:31.360 8739 8739 E ArmVmp : Match on catch block at 0xc3 in for 0xa5
02-14 20:34:31.851 8739 8739 E ArmVmp : Match on catch block at 0xc3 in for 0xa5
02-14 20:34:31.862 8739 8739 E ArmVmp : Match on catch block at 0xc3 in for 0xa9
02-14 20:34:32.350 8739 8739 E ArmVmp : Match on catch block at 0xc3 in for 0xa9
02-14 20:34:32.361 8739 8739 E ArmVmp : Match on catch block at 0xc3 in for 0xa1
02-14 20:34:32.850 8739 8739 E ArmVmp : Match on catch block at 0xc3 in for 0xa1
02-14 20:34:32.861 8739 8739 E ArmVmp : Match on catch block at 0xc3 in for 0xa5
02-14 20:34:33.355 8739 8739 E ArmVmp : Match on catch block at 0xc3 in for 0xa5
02-14 20:34:33.366 8739 8739 E ArmVmp : Match on catch block at 0xc3 in for 0xa9
02-14 20:34:33.859 8739 8739 E ArmVmp : Match on catch block at 0xc3 in for 0xa9
02-14 20:34:33.870 8739 8739 E ArmVmp : Match on catch block at 0xc3 in for 0xa1
02-14 20:34:34.356 8739 8739 E ArmVmp : Match on catch block at 0xc3 in for 0xa1
02-14 20:34:34.366 8739 8739 E ArmVmp : Match on catch block at 0xc3 in for 0xa5
02-14 20:34:34.857 8739 8739 E ArmVmp : Match on catch block at 0xc3 in for 0xa5
02-14 20:34:34.867 8739 8739 E ArmVmp : Match on catch block at 0xc3 in for 0xa9
02-14 20:34:35.376 8739 8739 E ArmVmp : Match on catch block at 0xc3 in for 0xa9
02-14 20:34:35.389 8739 8739 E ArmVmp : Match on catch block at 0xc3 in for 0xa1
02-14 20:34:35.874 8739 8739 E ArmVmp : Match on catch block at 0xc3 in for 0xa9
02-14 20:34:35.878 8739 8739 E ArmVmp : Match on catch block at 0xc3 in for 0xa1
02-14 20:34:36.374 8739 8739 E ArmVmp : Match on catch block at 0xc3 in for 0xa9
02-14 20:34:36.378 8739 8739 E ArmVmp : Match on catch block at 0xc3 in for 0xa1
02-14 20:34:36.875 8739 8739 E ArmVmp : Match on catch block at 0xc3 in for 0xa9
02-14 20:34:36.879 8739 8739 E ArmVmp : Match on catch block at 0xc3 in for 0xa1
02-14 20:34:37.379 8739 8739 E ArmVmp : Match on catch block at 0xc3 in for 0xa1
02-14 20:34:37.388 8739 8739 E ArmVmp : Match on catch block at 0xc3 in for 0xa5
02-14 20:34:37.883 8739 8739 E ArmVmp : Match on catch block at 0xc3 in for 0xa5
02-14 20:34:37.894 8739 8739 E ArmVmp : Match on catch block at 0xc3 in for 0xa9
02-14 20:34:38.384 8739 8739 E ArmVmp : Match on catch block at 0xc3 in for 0xa9
02-14 20:34:38.395 8739 8739 E ArmVmp : Match on catch block at 0xc3 in for 0xa1
02-14 20:34:38.886 8739 8739 E ArmVmp : Match on catch block at 0xc3 in for 0xa1
02-14 20:34:38.897 8739 8739 E ArmVmp : Match on catch block at 0xc3 in for 0xa5
02-14 20:34:39.386 8739 8739 E ArmVmp : Match on catch block at 0xc3 in for 0xa5
02-14 20:34:39.398 8739 8739 E ArmVmp : Match on catch block at 0xc3 in for 0xa9
02-14 20:34:39.888 8739 8739 E ArmVmp : Match on catch block at 0xc3 in for 0xa9
02-14 20:34:39.897 8739 8739 E ArmVmp : Match on catch block at 0xc3 in for 0xa1
02-14 20:34:40.389 8739 8739 E ArmVmp : Match on catch block at 0xc3 in for 0xa1
02-14 20:34:40.401 8739 8739 E ArmVmp : Match on catch block at 0xc3 in for 0xa5
02-14 20:34:40.889 8739 8739 E ArmVmp : Match on catch block at 0xc3 in for 0xa5
02-14 20:34:40.900 8739 8739 E ArmVmp : Match on catch block at 0xc3 in for 0xa9
02-14 20:34:41.392 8739 8739 E ArmVmp : Match on catch block at 0xc3 in for 0xa9
02-14 20:34:41.403 8739 8739 E ArmVmp : Match on catch block at 0xc3 in for 0xa1
02-14 20:34:41.893 8739 8739 E ArmVmp : Match on catch block at 0xc3 in for 0xa1
02-14 20:34:41.903 8739 8739 E ArmVmp : Match on catch block at 0xc3 in for 0xa5
02-14 20:34:42.392 8739 8739 E ArmVmp : Match on catch block at 0xc3 in for 0xa1
02-14 20:34:42.403 8739 8739 E ArmVmp : Match on catch block at 0xc3 in for 0xa5
02-14 20:34:42.891 8739 8739 E ArmVmp : Match on catch block at 0xc3 in for 0xa5
02-14 20:34:42.898 8739 8739 E ArmVmp : Match on catch block at 0xc3 in for 0xa9
02-14 20:34:43.398 8739 8739 E ArmVmp : Match on catch block at 0xc3 in for 0xa9
02-14 20:34:43.408 8739 8739 E ArmVmp : Match on catch block at 0xc3 in for 0xa1
02-14 20:34:43.899 8739 8739 E ArmVmp : Match on catch block at 0xc3 in for 0xa1
02-14 20:34:43.909 8739 8739 E ArmVmp : Match on catch block at 0xc3 in for 0xa5
02-14 20:34:44.399 8739 8739 E ArmVmp : Match on catch block at 0xc3 in for 0xa5
02-14 20:34:44.410 8739 8739 E ArmVmp : Match on catch block at 0xc3 in for 0xa9
02-14 20:34:44.900 8739 8739 E ArmVmp : Match on catch block at 0xc3 in for 0xa9
02-14 20:34:44.913 8739 8739 E ArmVmp : Match on catch block at 0xc3 in for 0xa1
02-14 20:34:45.417 8739 8739 E ArmVmp : Match on catch block at 0xc3 in for 0xa1
02-14 20:34:45.427 8739 8739 E ArmVmp : Match on catch block at 0xc3 in for 0xa5
02-14 20:34:45.919 8739 8739 E ArmVmp : Match on catch block at 0xc3 in for 0xa5
02-14 20:34:45.930 8739 8739 E ArmVmp : Match on catch block at 0xc3 in for 0xa9
02-14 20:34:46.420 8739 8739 E ArmVmp : Match on catch block at 0xc3 in for 0xa9
02-14 20:34:46.431 8739 8739 E ArmVmp : Match on catch block at 0xc3 in for 0xa1
02-14 20:34:46.921 8739 8739 E ArmVmp : Match on catch block at 0xc3 in for 0xa1
02-14 20:34:46.931 8739 8739 E ArmVmp : Match on catch block at 0xc3 in for 0xa5
02-14 20:34:47.423 8739 8739 E ArmVmp : Match on catch block at 0xc3 in for 0xa5
02-14 20:34:47.434 8739 8739 E ArmVmp : Match on catch block at 0xc3 in for 0xa9
02-14 20:34:47.924 8739 8739 E ArmVmp : Match on catch block at 0xc3 in for 0xa9
02-14 20:34:47.936 8739 8739 E ArmVmp : Match on catch block at 0xc3 in for 0xa1
02-14 20:34:48.426 8739 8739 E ArmVmp : Match on catch block at 0xc3 in for 0xa1
02-14 20:34:48.436 8739 8739 E ArmVmp : Match on catch block at 0xc3 in for 0xa5
02-14 20:34:48.927 8739 8739 E ArmVmp : Match on catch block at 0xc3 in for 0xa9
02-14 20:34:48.939 8739 8739 E ArmVmp : Match on catch block at 0xc3 in for 0xa1
02-14 20:34:49.427 8739 8739 E ArmVmp : Match on catch block at 0xc3 in for 0xa1
02-14 20:34:49.439 8739 8739 E ArmVmp : Match on catch block at 0xc3 in for 0xa5
02-14 20:34:49.928 8739 8739 E ArmVmp : Match on catch block at 0xc3 in for 0xa5
02-14 20:34:49.938 8739 8739 E ArmVmp : Match on catch block at 0xc3 in for 0xa9
02-14 20:34:50.430 8739 8739 E ArmVmp : Match on catch block at 0xc3 in for 0xa9
02-14 20:34:50.440 8739 8739 E ArmVmp : Match on catch block at 0xc3 in for 0xa1
02-14 20:34:50.933 8739 8739 E ArmVmp : Match on catch block at 0xc3 in for 0xa1
02-14 20:34:50.943 8739 8739 E ArmVmp : Match on catch block at 0xc3 in for 0xa5
02-14 20:34:51.432 8739 8739 E ArmVmp : Match on catch block at 0xc3 in for 0xa5
02-14 20:34:51.443 8739 8739 E ArmVmp : Match on catch block at 0xc3 in for 0xa9
02-14 20:34:51.934 8739 8739 E ArmVmp : Match on catch block at 0xc3 in for 0xa9
02-14 20:34:51.945 8739 8739 E ArmVmp : Match on catch block at 0xc3 in for 0xa1
02-14 20:34:52.436 8739 8739 E ArmVmp : Match on catch block at 0xc3 in for 0xa1
02-14 20:34:52.446 8739 8739 E ArmVmp : Match on catch block at 0xc3 in for 0xa5
02-14 20:34:52.937 8739 8739 E ArmVmp : Match on catch block at 0xc3 in for 0xa5
02-14 20:34:52.947 8739 8739 E ArmVmp : Match on catch block at 0xc3 in for 0xa9
02-14 20:34:53.438 8739 8739 E ArmVmp : Match on catch block at 0xc3 in for 0xa9
02-14 20:34:53.450 8739 8739 E ArmVmp : Match on catch block at 0xc3 in for 0xa1
02-14 20:34:53.939 8739 8739 E ArmVmp : Match on catch block at 0xc3 in for 0xa1
02-14 20:34:53.949 8739 8739 E ArmVmp : Match on catch block at 0xc3 in for 0xa5
02-14 20:34:54.441 8739 8739 E ArmVmp : Match on catch block at 0xc3 in for 0xa5
02-14 20:34:54.453 8739 8739 E ArmVmp : Match on catch block at 0xc3 in for 0xa9
02-14 20:34:54.941 8739 8739 E ArmVmp : Match on catch block at 0xc3 in for 0xa9
02-14 20:34:54.951 8739 8739 E ArmVmp : Match on catch block at 0xc3 in for 0xa1
02-14 20:34:55.442 8739 8739 E ArmVmp : Match on catch block at 0xc3 in for 0xa1
02-14 20:34:55.453 8739 8739 E ArmVmp : Match on catch block at 0xc3 in for 0xa5
02-14 20:34:55.944 8739 8739 E ArmVmp : Match on catch block at 0xc3 in for 0xa5
02-14 20:34:55.954 8739 8739 E ArmVmp : Match on catch block at 0xc3 in for 0xa9
02-14 20:34:56.444 8739 8739 E ArmVmp : Match on catch block at 0xc3 in for 0xa9
02-14 20:34:56.455 8739 8739 E ArmVmp : Match on catch block at 0xc3 in for 0xa1
02-14 20:34:56.946 8739 8739 E ArmVmp : Match on catch block at 0xc3 in for 0xa1
02-14 20:34:56.956 8739 8739 E ArmVmp : Match on catch block at 0xc3 in for 0xa5
02-14 20:34:57.447 8739 8739 E ArmVmp : Match on catch block at 0xc3 in for 0xa5
02-14 20:34:57.457 8739 8739 E ArmVmp : Match on catch block at 0xc3 in for 0xa9
02-14 20:34:57.949 8739 8739 E ArmVmp : Match on catch block at 0xc3 in for 0xa9
02-14 20:34:57.959 8739 8739 E ArmVmp : Match on catch block at 0xc3 in for 0xa1
02-14 20:34:58.449 8739 8739 E ArmVmp : Match on catch block at 0xc3 in for 0xa1
02-14 20:34:58.458 8739 8739 E ArmVmp : Match on catch block at 0xc3 in for 0xa5
02-14 20:34:58.952 8739 8739 E ArmVmp : Match on catch block at 0xc3 in for 0xa5
02-14 20:34:58.962 8739 8739 E ArmVmp : Match on catch block at 0xc3 in for 0xa9
02-14 20:34:59.452 8739 8739 E ArmVmp : Match on catch block at 0xc3 in for 0xa5
02-14 20:34:59.463 8739 8739 E ArmVmp : Match on catch block at 0xc3 in for 0xa9
02-14 20:34:59.954 8739 8739 E ArmVmp : Match on catch block at 0xc3 in for 0xa9
02-14 20:34:59.965 8739 8739 E ArmVmp : Match on catch block at 0xc3 in for 0xa1
02-14 20:35:00.455 8739 8739 E ArmVmp : Match on catch block at 0xc3 in for 0xa1
02-14 20:35:00.465 8739 8739 E ArmVmp : Match on catch block at 0xc3 in for 0xa5
02-14 20:35:00.957 8739 8739 E ArmVmp : Match on catch block at 0xc3 in for 0xa5
02-14 20:35:00.968 8739 8739 E ArmVmp : Match on catch block at 0xc3 in for 0xa9
02-14 20:35:01.458 8739 8739 E ArmVmp : Match on catch block at 0xc3 in for 0xa9
02-14 20:35:01.469 8739 8739 E ArmVmp : Match on catch block at 0xc3 in for 0xa1
02-14 20:35:01.961 8739 8739 E ArmVmp : Match on catch block at 0xc3 in for 0xa1
02-14 20:35:01.972 8739 8739 E ArmVmp : Match on catch block at 0xc3 in for 0xa5
02-14 20:35:02.477 8739 8739 E ArmVmp : Match on catch block at 0xc3 in for 0xa5
02-14 20:35:02.487 8739 8739 E ArmVmp : Match on catch block at 0xc3 in for 0xa9
02-14 20:35:02.963 8739 8739 E ArmVmp : Match on catch block at 0xc3 in for 0xa9
02-14 20:35:02.975 8739 8739 E ArmVmp : Match on catch block at 0xc3 in for 0xa1
02-14 20:35:03.480 8739 8739 E ArmVmp : Match on catch block at 0xc3 in for 0xa1
02-14 20:35:03.490 8739 8739 E ArmVmp : Match on catch block at 0xc3 in for 0xa5
02-14 20:35:03.980 8739 8739 E ArmVmp : Match on catch block at 0xc3 in for 0xa5
02-14 20:35:03.990 8739 8739 E ArmVmp : Match on catch block at 0xc3 in for 0xa9
02-14 20:35:04.481 8739 8739 E ArmVmp : Match on catch block at 0xc3 in for 0xa9
02-14 20:35:04.491 8739 8739 E ArmVmp : Match on catch block at 0xc3 in for 0xa1
02-14 20:35:31.463 8739 8739 E ArmVmp : Match on catch block at 0x0a in for 0xc9
02-14 20:35:31.470 8739 8739 E ArmVmp : Match on catch block at 0x0a in for 0xc5
02-14 20:35:31.567 8739 8739 E ArmVmp : Match on catch block at 0xc3 in for 0xa5
02-14 20:35:31.574 8739 8739 E ArmVmp : Match on catch block at 0xc3 in for 0xa9
02-14 20:35:31.583 8739 8739 E ArmVmp : Match on catch block at 0xc3 in for 0xa1
02-14 20:35:31.586 8739 8739 E ArmVmp : Match on catch block at 0xc3 in for 0xa5
02-14 20:35:31.641 8739 8739 W InputMethodManager: startInputReason = 1
02-14 20:35:31.659 8739 8739 E ArmVmp : Match on catch block at 0xc3 in for 0xa5
02-14 20:35:31.662 8739 8739 E ArmVmp : Match on catch block at 0xc3 in for 0xa9
02-14 20:35:31.706 8739 8739 E SpannableStringBuilder: SPAN_EXCLUSIVE_EXCLUSIVE
spans cannot have a zero length
02-14 20:35:32.146 8739 8739 E ArmVmp : Match on catch block at 0xc3 in for 0xa9
02-14 20:35:32.150 8739 8739 E ArmVmp : Match on catch block at 0xc3 in for 0xa1
02-14 20:35:32.313 8739 8739 E ArmVmp : Match on catch block at 0xc3 in for 0xa1
02-14 20:35:32.317 8739 8739 E ArmVmp : Match on catch block at 0xc3 in for 0xa5
02-14 20:35:32.330 8739 8739 E ArmVmp : Match on catch block at 0xc3 in for 0xa5
02-14 20:35:32.334 8739 8739 E ArmVmp : Match on catch block at 0xc3 in for 0xa9
02-14 20:35:32.347 8739 8739 E ArmVmp : Match on catch block at 0xc3 in for 0xa9
02-14 20:35:32.351 8739 8739 E ArmVmp : Match on catch block at 0xc3 in for 0xa1
02-14 20:35:32.364 8739 8739 E ArmVmp : Match on catch block at 0xc3 in for 0xa1
02-14 20:35:32.367 8739 8739 E ArmVmp : Match on catch block at 0xc3 in for 0xa5
02-14 20:35:32.380 8739 8739 E ArmVmp : Match on catch block at 0xc3 in for 0xa5
02-14 20:35:32.384 8739 8739 E ArmVmp : Match on catch block at 0xc3 in for 0xa9
02-14 20:35:32.397 8739 8739 E ArmVmp : Match on catch block at 0xc3 in for 0xa9
02-14 20:35:32.401 8739 8739 E ArmVmp : Match on catch block at 0xc3 in for 0xa1
02-14 20:35:32.414 8739 8739 E ArmVmp : Match on catch block at 0xc3 in for 0xa1
02-14 20:35:32.417 8739 8739 E ArmVmp : Match on catch block at 0xc3 in for 0xa5
02-14 20:35:32.430 8739 8739 E ArmVmp : Match on catch block at 0xc3 in for 0xa5
02-14 20:35:32.434 8739 8739 E ArmVmp : Match on catch block at 0xc3 in for 0xa9
02-14 20:35:32.447 8739 8739 E ArmVmp : Match on catch block at 0xc3 in for 0xa9
02-14 20:35:32.451 8739 8739 E ArmVmp : Match on catch block at 0xc3 in for 0xa1
02-14 20:35:32.464 8739 8739 E ArmVmp : Match on catch block at 0xc3 in for 0xa1
02-14 20:35:32.468 8739 8739 E ArmVmp : Match on catch block at 0xc3 in for 0xa5
02-14 20:35:32.481 8739 8739 E ArmVmp : Match on catch block at 0xc3 in for 0xa5
02-14 20:35:32.485 8739 8739 E ArmVmp : Match on catch block at 0xc3 in for 0xa9
02-14 20:35:32.498 8739 8739 E ArmVmp : Match on catch block at 0xc3 in for 0xa9
02-14 20:35:32.502 8739 8739 E ArmVmp : Match on catch block at 0xc3 in for 0xa1
02-14 20:35:32.514 8739 8739 E ArmVmp : Match on catch block at 0xc3 in for 0xa1
02-14 20:35:32.519 8739 8739 E ArmVmp : Match on catch block at 0xc3 in for 0xa5
02-14 20:35:32.531 8739 8739 E ArmVmp : Match on catch block at 0xc3 in for 0xa5
02-14 20:35:32.535 8739 8739 E ArmVmp : Match on catch block at 0xc3 in for 0xa9
02-14 20:35:32.548 8739 8739 E ArmVmp : Match on catch block at 0xc3 in for 0xa9
02-14 20:35:32.553 8739 8739 E ArmVmp : Match on catch block at 0xc3 in for 0xa1
02-14 20:35:32.564 8739 8739 E ArmVmp : Match on catch block at 0xc3 in for 0xa1
02-14 20:35:32.570 8739 8739 E ArmVmp : Match on catch block at 0xc3 in for 0xa5
02-14 20:35:32.582 8739 8739 E ArmVmp : Match on catch block at 0xc3 in for 0xa5
02-14 20:35:32.588 8739 8739 E ArmVmp : Match on catch block at 0xc3 in for 0xa9
02-14 20:35:32.600 8739 8739 E ArmVmp : Match on catch block at 0xc3 in for 0xa9
02-14 20:35:32.608 8739 8739 E ArmVmp : Match on catch block at 0xc3 in for 0xa1
02-14 20:35:32.617 8739 8739 E ArmVmp : Match on catch block at 0xc3 in for 0xa1
02-14 20:35:32.622 8739 8739 E ArmVmp : Match on catch block at 0xc3 in for 0xa5
02-14 20:35:32.649 8739 8739 E ArmVmp : Match on catch block at 0xc3 in for 0xa5
02-14 20:35:32.656 8739 8739 E ArmVmp : Match on catch block at 0xc3 in for 0xa9
02-14 20:35:33.095 8739 8825 W System.err: FileClientSessionCache: Error writing
session data for 31.13.89.53 to
/data/user/0/com.whatsapp/cache/SSLSessionCache/31.13.89.53.443.
02-14 20:35:33.095 8739 8825 W System.err:
02-14 20:35:33.095 8739 8825 W System.err: java.io.FileNotFoundException:
/data/user/0/com.whatsapp/cache/SSLSessionCache/31.13.89.53.443 (No such file or
directory)
02-14 20:35:33.095 8739 8825 W System.err:
02-14 20:35:33.096 8739 8825 W System.err: at
java.io.FileOutputStream.open0(Native Method)
02-14 20:35:33.096 8739 8825 W System.err:
02-14 20:35:33.096 8739 8825 W System.err: at
java.io.FileOutputStream.open(FileOutputStream.java:287)
02-14 20:35:33.096 8739 8825 W System.err:
02-14 20:35:33.096 8739 8825 W System.err: at
java.io.FileOutputStream.<init>(FileOutputStream.java:223)
02-14 20:35:33.096 8739 8825 W System.err:
02-14 20:35:33.096 8739 8825 W System.err: at
java.io.FileOutputStream.<init>(FileOutputStream.java:171)
02-14 20:35:33.096 8739 8825 W System.err:
02-14 20:35:33.096 8739 8825 W System.err: at
com.android.org.conscrypt.FileClientSessionCache$Impl.putSessionData(FileClientSess
ionCache.java:205)
02-14 20:35:33.096 8739 8825 W System.err:
02-14 20:35:33.096 8739 8825 W System.err: at
com.android.org.conscrypt.ClientSessionContext.onBeforeAddSession(ClientSessionCont
ext.java:151)
02-14 20:35:33.097 8739 8825 W System.err:
02-14 20:35:33.097 8739 8825 W System.err: at
com.android.org.conscrypt.AbstractSessionContext.cacheSession(AbstractSessionContex
t.java:202)
02-14 20:35:33.097 8739 8825 W System.err:
02-14 20:35:33.097 8739 8825 W System.err: at
com.android.org.conscrypt.ConscryptFileDescriptorSocket.onNewSessionEstablished(Con
scryptFileDescriptorSocket.java:368)
02-14 20:35:33.097 8739 8825 W System.err:
02-14 20:35:33.097 8739 8825 W System.err: at
com.android.org.conscrypt.NativeCrypto.SSL_read(Native Method)
02-14 20:35:33.097 8739 8825 W System.err:
02-14 20:35:33.097 8739 8825 W System.err: at
com.android.org.conscrypt.SslWrapper.read(SslWrapper.java:384)
02-14 20:35:33.097 8739 8825 W System.err:
02-14 20:35:33.097 8739 8825 W System.err: at
com.android.org.conscrypt.ConscryptFileDescriptorSocket$SSLInputStream.read(Conscry
ptFileDescriptorSocket.java:541)
02-14 20:35:33.097 8739 8825 W System.err:
02-14 20:35:33.097 8739 8825 W System.err: at
com.android.okhttp.okio.Okio$2.read(Okio.java:136)
02-14 20:35:33.097 8739 8825 W System.err:
02-14 20:35:33.097 8739 8825 W System.err: at
com.android.okhttp.okio.AsyncTimeout$2.read(AsyncTimeout.java:211)
02-14 20:35:33.098 8739 8825 W System.err:
02-14 20:35:33.098 8739 8825 W System.err: at
com.android.okhttp.okio.RealBufferedSource.indexOf(RealBufferedSource.java:306)
02-14 20:35:33.098 8739 8825 W System.err:
02-14 20:35:33.098 8739 8825 W System.err: at
com.android.okhttp.okio.RealBufferedSource.indexOf(RealBufferedSource.java:300)
02-14 20:35:33.098 8739 8825 W System.err:
02-14 20:35:33.098 8739 8825 W System.err: at
com.android.okhttp.okio.RealBufferedSource.readUtf8LineStrict(RealBufferedSource.ja
va:196)
02-14 20:35:33.098 8739 8825 W System.err:
02-14 20:35:33.098 8739 8825 W System.err: at
com.android.okhttp.internal.http.Http1xStream.readResponse(Http1xStream.java:186)
02-14 20:35:33.098 8739 8825 W System.err:
02-14 20:35:33.098 8739 8825 W System.err: at
com.android.okhttp.internal.http.Http1xStream.readResponseHeaders(Http1xStream.java
:127)
02-14 20:35:33.098 8739 8825 W System.err:
02-14 20:35:33.098 8739 8825 W System.err: at
com.android.okhttp.internal.http.HttpEngine.readNetworkResponse(HttpEngine.java:737
)
02-14 20:35:33.098 8739 8825 W System.err:
02-14 20:35:33.099 8739 8825 W System.err: at
com.android.okhttp.internal.http.HttpEngine.readResponse(HttpEngine.java:609)
02-14 20:35:33.099 8739 8825 W System.err:
02-14 20:35:33.099 8739 8825 W System.err: at
com.android.okhttp.internal.huc.HttpURLConnectionImpl.execute(HttpURLConnectionImpl
.java:471)
02-14 20:35:33.099 8739 8825 W System.err:
02-14 20:35:33.099 8739 8825 W System.err: at
com.android.okhttp.internal.huc.HttpURLConnectionImpl.getResponse(HttpURLConnection
Impl.java:407)
02-14 20:35:33.099 8739 8825 W System.err:
02-14 20:35:33.099 8739 8825 W System.err: at
com.android.okhttp.internal.huc.HttpURLConnectionImpl.getResponseCode(HttpURLConnec
tionImpl.java:538)
02-14 20:35:33.099 8739 8825 W System.err:
02-14 20:35:33.099 8739 8825 W System.err: at
com.android.okhttp.internal.huc.DelegatingHttpsURLConnection.getResponseCode(Delega
tingHttpsURLConnection.java:105)
02-14 20:35:33.099 8739 8825 W System.err:
02-14 20:35:33.099 8739 8825 W System.err: at
com.android.okhttp.internal.huc.HttpsURLConnectionImpl.getResponseCode(Unknown
Source:0)
02-14 20:35:33.099 8739 8825 W System.err:
02-14 20:35:33.099 8739 8825 W System.err: at X.3Qr.A00(Unknown Source:916)
02-14 20:35:33.100 8739 8825 W System.err:
02-14 20:35:33.100 8739 8825 W System.err: at X.3Qr.BdL(Unknown Source:6)
02-14 20:35:33.100 8739 8825 W System.err:
02-14 20:35:33.100 8739 8825 W System.err: at X.3gF.run(Unknown Source:1059)
02-14 20:35:33.100 8739 8825 W System.err:
02-14 20:35:33.100 8739 8825 W System.err: at X.0yM.A1J(Unknown Source:2)
02-14 20:35:33.100 8739 8825 W System.err:
02-14 20:35:33.100 8739 8825 W System.err: at X.1nX.run(Unknown Source:91)
02-14 20:35:33.100 8739 8825 W System.err:
02-14 20:35:33.100 8739 8825 W System.err: at
java.util.concurrent.ThreadPoolExecutor.runWorker(ThreadPoolExecutor.java:1162)
02-14 20:35:33.100 8739 8825 W System.err:
02-14 20:35:33.100 8739 8825 W System.err: at
java.util.concurrent.ThreadPoolExecutor$Worker.run(ThreadPoolExecutor.java:636)
02-14 20:35:33.100 8739 8825 W System.err:
02-14 20:35:33.106 8739 8825 W System.err: at X.3gH.run(Unknown Source:1548)
02-14 20:35:33.106 8739 8825 W System.err:
02-14 20:35:33.106 8739 8825 W System.err: at
java.lang.Thread.run(Thread.java:784)
02-14 20:35:33.106 8739 8825 W System.err:
02-14 20:35:33.116 8739 8739 E ArmVmp : Match on catch block at 0xc3 in for 0xa9
02-14 20:35:33.121 8739 8739 E ArmVmp : Match on catch block at 0xc3 in for 0xa1
02-14 20:35:33.132 8739 8739 E ArmVmp : Match on catch block at 0xc3 in for 0xa1
02-14 20:35:33.137 8739 8739 E ArmVmp : Match on catch block at 0xc3 in for 0xa5
02-14 20:35:33.149 8739 8739 E ArmVmp : Match on catch block at 0xc3 in for 0xa5
02-14 20:35:33.153 8739 8739 E ArmVmp : Match on catch block at 0xc3 in for 0xa9
02-14 20:35:33.166 8739 8739 E ArmVmp : Match on catch block at 0xc3 in for 0xa9
02-14 20:35:33.171 8739 8739 E ArmVmp : Match on catch block at 0xc3 in for 0xa1
02-14 20:35:33.183 8739 8739 E ArmVmp : Match on catch block at 0xc3 in for 0xa1
02-14 20:35:33.188 8739 8739 E ArmVmp : Match on catch block at 0xc3 in for 0xa5
02-14 20:35:33.199 8739 8739 E ArmVmp : Match on catch block at 0xc3 in for 0xa5
02-14 20:35:33.204 8739 8739 E ArmVmp : Match on catch block at 0xc3 in for 0xa9
02-14 20:35:33.216 8739 8739 E ArmVmp : Match on catch block at 0xc3 in for 0xa9
02-14 20:35:33.221 8739 8739 E ArmVmp : Match on catch block at 0xc3 in for 0xa1
02-14 20:35:33.233 8739 8739 E ArmVmp : Match on catch block at 0xc3 in for 0xa1
02-14 20:35:33.238 8739 8739 E ArmVmp : Match on catch block at 0xc3 in for 0xa5
02-14 20:35:33.250 8739 8739 E ArmVmp : Match on catch block at 0xc3 in for 0xa5
02-14 20:35:33.254 8739 8739 E ArmVmp : Match on catch block at 0xc3 in for 0xa9
02-14 20:35:33.266 8739 8739 E ArmVmp : Match on catch block at 0xc3 in for 0xa9
02-14 20:35:33.270 8739 8739 E ArmVmp : Match on catch block at 0xc3 in for 0xa1
02-14 20:35:33.283 8739 8739 E ArmVmp : Match on catch block at 0xc3 in for 0xa1
02-14 20:35:33.287 8739 8739 E ArmVmp : Match on catch block at 0xc3 in for 0xa5
02-14 20:35:33.301 8739 8739 E ArmVmp : Match on catch block at 0xc3 in for 0xa5
02-14 20:35:33.306 8739 8739 E ArmVmp : Match on catch block at 0xc3 in for 0xa9
02-14 20:35:33.316 8739 8739 E ArmVmp : Match on catch block at 0xc3 in for 0xa9
02-14 20:35:33.321 8739 8739 E ArmVmp : Match on catch block at 0xc3 in for 0xa1
02-14 20:35:33.333 8739 8739 E ArmVmp : Match on catch block at 0xc3 in for 0xa1
02-14 20:35:33.337 8739 8739 E ArmVmp : Match on catch block at 0xc3 in for 0xa5
02-14 20:35:33.350 8739 8739 E ArmVmp : Match on catch block at 0xc3 in for 0xa5
02-14 20:35:33.355 8739 8739 E ArmVmp : Match on catch block at 0xc3 in for 0xa9
02-14 20:35:33.366 8739 8739 E ArmVmp : Match on catch block at 0xc3 in for 0xa9
02-14 20:35:33.371 8739 8739 E ArmVmp : Match on catch block at 0xc3 in for 0xa1
02-14 20:35:33.383 8739 8739 E ArmVmp : Match on catch block at 0xc3 in for 0xa1
02-14 20:35:33.388 8739 8739 E ArmVmp : Match on catch block at 0xc3 in for 0xa5
02-14 20:35:33.667 8739 8739 E ArmVmp : Match on catch block at 0xc3 in for 0xa5
02-14 20:35:33.671 8739 8739 E ArmVmp : Match on catch block at 0xc3 in for 0xa9
02-14 20:35:34.171 8739 8739 E ArmVmp : Match on catch block at 0xc3 in for 0xa9
02-14 20:35:34.182 8739 8739 E ArmVmp : Match on catch block at 0xc3 in for 0xa1
02-14 20:35:34.672 8739 8739 E ArmVmp : Match on catch block at 0xc3 in for 0xa9
02-14 20:35:34.683 8739 8739 E ArmVmp : Match on catch block at 0xc3 in for 0xa1
02-14 20:35:35.174 8739 8739 E ArmVmp : Match on catch block at 0xc3 in for 0xa9
02-14 20:35:35.186 8739 8739 E ArmVmp : Match on catch block at 0xc3 in for 0xa1
02-14 20:35:35.673 8739 8739 E ArmVmp : Match on catch block at 0xc3 in for 0xa1
02-14 20:35:35.678 8739 8739 E ArmVmp : Match on catch block at 0xc3 in for 0xa5
02-14 20:35:36.174 8739 8739 E ArmVmp : Match on catch block at 0xc3 in for 0xa5
02-14 20:35:36.179 8739 8739 E ArmVmp : Match on catch block at 0xc3 in for 0xa9
02-14 20:35:36.464 8739 9435 W MediaExtractor: creating media extractor in
calling process
02-14 20:35:36.478 8739 9435 W MediaExtractor: uid 10156. not using
HwExtendedExtractor
02-14 20:35:36.506 8739 8803 W SoundPool: sample 1 not READY
02-14 20:35:36.514 8739 8739 E HwCustAudioRecordImpl: isOpenEC : false
02-14 20:35:36.524 8739 9436 E HwExtendedCodec: mime: audio/vorbis matching
compontent failed!
02-14 20:35:36.530 8739 9436 E HwExtendedCodec: mime: video/avc matching
compontent failed!
02-14 20:35:36.534 8739 9436 W HwExtendedUtils: hw configLocalPlayBack err = -
2147483648
02-14 20:35:36.538 8739 8739 W libOpenSLES: Conversion from OpenSL ES positional
channel mask 0x4 to Android mask 0 loses channels
02-14 20:35:36.549 8739 8739 W AudioRecord: AUDIO_INPUT_FLAG_FAST denied by
server; frameCount 0 -> 960
02-14 20:35:36.586 8739 9436 W ACodec : forcing OMX state to Idle when received
shutdown in ExecutingState
02-14 20:35:36.593 8739 8739 E ArmVmp : Match on catch block at 0xc3 in for 0xa9
02-14 20:35:36.594 8739 9435 W MediaExtractor: creating media extractor in
calling process
02-14 20:35:36.596 8739 8739 E ArmVmp : Match on catch block at 0xc3 in for 0xa1
02-14 20:35:36.597 8739 8739 W InputMethodManager: startInputReason = 4
02-14 20:35:36.598 8739 9435 W MediaExtractor: uid 10156. not using
HwExtendedExtractor
02-14 20:35:36.608 8739 9444 E HwExtendedCodec: mime: audio/vorbis matching
compontent failed!
02-14 20:35:36.613 8739 9444 W HwExtendedUtils: hw configLocalPlayBack err = -
2147483648
02-14 20:35:36.623 8739 8739 E ArmVmp : Match on catch block at 0xc3 in for 0xa5
02-14 20:35:36.627 8739 8739 E ArmVmp : Match on catch block at 0xc3 in for 0xa9
02-14 20:35:36.634 8739 8739 E ArmVmp : Match on catch block at 0xc3 in for 0xa1
02-14 20:35:36.639 8739 8739 E ArmVmp : Match on catch block at 0xc3 in for 0xa5
02-14 20:35:36.649 8739 8739 E ArmVmp : Match on catch block at 0xc3 in for 0xa9
02-14 20:35:36.653 8739 8739 E ArmVmp : Match on catch block at 0xc3 in for 0xa1
02-14 20:35:36.663 8739 8739 E ArmVmp : Match on catch block at 0xc3 in for 0xa5
02-14 20:35:36.665 8739 9444 W ACodec : forcing OMX state to Idle when received
shutdown in ExecutingState
02-14 20:35:36.669 8739 8739 E ArmVmp : Match on catch block at 0xc3 in for 0xa9
02-14 20:35:36.676 8739 9435 W MediaExtractor: creating media extractor in
calling process
02-14 20:35:36.677 8739 8739 E ArmVmp : Match on catch block at 0xc3 in for 0xa1
02-14 20:35:36.680 8739 9435 W MediaExtractor: uid 10156. not using
HwExtendedExtractor
02-14 20:35:36.681 8739 8739 E ArmVmp : Match on catch block at 0xc3 in for 0xa5
02-14 20:35:36.693 8739 8739 E ArmVmp : Match on catch block at 0xc3 in for 0xa9
02-14 20:35:36.697 8739 9447 E HwExtendedCodec: mime: audio/vorbis matching
compontent failed!
02-14 20:35:36.697 8739 8739 E ArmVmp : Match on catch block at 0xc3 in for 0xa1
02-14 20:35:36.705 8739 9447 W HwExtendedUtils: hw configLocalPlayBack err = -
2147483648
02-14 20:35:36.710 8739 8739 E ArmVmp : Match on catch block at 0xc3 in for 0xa5
02-14 20:35:36.714 8739 8739 E ArmVmp : Match on catch block at 0xc3 in for 0xa9
02-14 20:35:36.726 8739 8739 E ArmVmp : Match on catch block at 0xc3 in for 0xa1
02-14 20:35:36.731 8739 8739 E ArmVmp : Match on catch block at 0xc3 in for 0xa5
02-14 20:35:36.765 8739 9447 W ACodec : forcing OMX state to Idle when received
shutdown in ExecutingState
02-14 20:35:36.772 8739 9435 W MediaExtractor: creating media extractor in
calling process
02-14 20:35:36.775 8739 9435 W MediaExtractor: uid 10156. not using
HwExtendedExtractor
02-14 20:35:36.782 8739 9451 E HwExtendedCodec: mime: audio/vorbis matching
compontent failed!
02-14 20:35:36.787 8739 9451 W HwExtendedUtils: hw configLocalPlayBack err = -
2147483648
02-14 20:35:36.811 8739 8739 E AudioRecord: start() status -38
02-14 20:35:36.830 8739 8739 E ArmVmp : Match on catch block at 0xc3 in for 0xa1
02-14 20:35:36.838 8739 8739 E ArmVmp : Match on catch block at 0xc3 in for 0xa5
02-14 20:35:36.848 8739 8739 E ArmVmp : Match on catch block at 0xc3 in for 0xa1
02-14 20:35:36.852 8739 8739 E ArmVmp : Match on catch block at 0xc3 in for 0xa5
02-14 20:35:36.880 8739 8739 E ArmVmp : Match on catch block at 0xc3 in for 0xa5
02-14 20:35:36.884 8739 8739 E ArmVmp : Match on catch block at 0xc3 in for 0xa9
02-14 20:35:36.895 8739 8739 E ArmVmp : Match on catch block at 0xc3 in for 0xa1
02-14 20:35:36.900 8739 8739 E ArmVmp : Match on catch block at 0xc3 in for 0xa5
02-14 20:35:36.910 8739 8739 E ArmVmp : Match on catch block at 0xc3 in for 0xa9
02-14 20:35:36.914 8739 8739 E ArmVmp : Match on catch block at 0xc3 in for 0xa1
02-14 20:35:36.924 8739 8739 E Input : getAxisValue(): y-1332.3--1340.0--7.7
02-14 20:35:36.925 8739 8739 E Input : getAxisValue(): y-1332.3--1340.0--7.7
02-14 20:35:36.928 8739 8739 E ArmVmp : Match on catch block at 0xc3 in for 0xa5
02-14 20:35:36.932 8739 8739 E ArmVmp : Match on catch block at 0xc3 in for 0xa9
02-14 20:35:36.934 8739 9451 W ACodec : forcing OMX state to Idle when received
shutdown in ExecutingState
02-14 20:35:36.940 8739 8739 E Input : getAxisValue(): y-1325.2--1340.0--14.8
02-14 20:35:36.941 8739 8739 E Input : getAxisValue(): y-1325.2--1340.0--14.8
02-14 20:35:36.943 8739 8739 E ArmVmp : Match on catch block at 0xc3 in for 0xa1
02-14 20:35:36.944 8739 9435 W MediaExtractor: creating media extractor in
calling process
02-14 20:35:36.947 8739 9435 W MediaExtractor: uid 10156. not using
HwExtendedExtractor
02-14 20:35:36.948 8739 8739 E ArmVmp : Match on catch block at 0xc3 in for 0xa5
02-14 20:35:36.952 8739 9455 E HwExtendedCodec: mime: audio/vorbis matching
compontent failed!
02-14 20:35:36.957 8739 9455 W HwExtendedUtils: hw configLocalPlayBack err = -
2147483648
02-14 20:35:36.957 8739 8739 E Input : getAxisValue(): y-1318.7--1340.0--21.3
02-14 20:35:36.958 8739 8739 E Input : getAxisValue(): y-1318.7--1340.0--21.3
02-14 20:35:36.960 8739 8739 E ArmVmp : Match on catch block at 0xc3 in for 0xa9
02-14 20:35:36.964 8739 8739 E ArmVmp : Match on catch block at 0xc3 in for 0xa1
02-14 20:35:36.975 8739 8739 E Input : getAxisValue(): y-1312.0--1340.0--28.0
02-14 20:35:36.975 8739 8739 E Input : getAxisValue(): y-1312.0--1340.0--28.0
02-14 20:35:36.977 8739 8739 E ArmVmp : Match on catch block at 0xc3 in for 0xa5
02-14 20:35:36.982 8739 8739 E ArmVmp : Match on catch block at 0xc3 in for 0xa9
02-14 20:35:36.991 8739 8739 E Input : getAxisValue(): y-1304.1--1340.0--35.9
02-14 20:35:36.991 8739 8739 E Input : getAxisValue(): y-1304.1--1340.0--35.9
02-14 20:35:36.992 8739 9455 W ACodec : forcing OMX state to Idle when received
