Com - Gk.speed - Booster.tool Logcat

You might also like

Download as txt, pdf, or txt
Download as txt, pdf, or txt
You are on page 1of 864

--------- beginning of main

05-08 16:30:36.795 5183 5223 E ed.booster.tool: No package ID 79 found for


resource ID 0x790b0007.
05-08 16:30:36.795 5183 5223 E ed.booster.tool: No package ID 79 found for
resource ID 0x790b0007.
05-08 16:30:36.795 5183 5223 I FA : App measurement initialized, version:
89019
05-08 16:30:36.795 5183 5223 I FA : To enable debug logging run: adb shell
setprop log.tag.FA VERBOSE
05-08 16:30:36.795 5183 5223 I FA : To enable faster debug mode event
logging run:
05-08 16:30:36.795 5183 5223 I FA : adb shell setprop
debug.firebase.analytics.app com.gk.speed.booster.tool
05-08 16:30:36.831 5183 5233 D TrafficStats: tagSocket(94) with statsTag=0x8001,
statsUid=-1
05-08 16:30:36.842 5183 5223 I FA : Tag Manager is not found and thus will
not be used
05-08 16:30:36.912 5183 5183 D ARouter::: Filter 3 classes by packageName
<com.alibaba.android.arouter.routes>
05-08 16:30:36.951 5243 5243 I er.tool:sandbox: Using CollectorTypeCC GC.
05-08 16:30:36.955 5243 5243 E er.tool:sandbox: Not starting debugger since
process cannot load the jdwp agent.
05-08 16:30:36.958 5243 5243 D ActivityThread: setConscryptValidator
05-08 16:30:36.958 5243 5243 D ActivityThread: setConscryptValidator - put
05-08 16:30:36.966 5243 5243 D CompatibilityChangeReporter: Compat change id
reported: 171979766; UID 10421; state: ENABLED
05-08 16:30:36.966 5243 5243 D CompatibilityChangeReporter: Compat change id
reported: 242716250; UID 10421; state: DISABLED
05-08 16:30:36.972 5243 5243 D nativeloader: Configuring clns-4 for other apk
/system/framework/org.apache.http.legacy.jar. target_sdk_version=33,
uses_libraries=ALL,
library_path=/data/app/~~_zJeLxEuvyMxkeEkDSRHGg==/com.gk.speed.booster.tool-
_ULgRv1ICeTvPjFCex4D5Q==/lib/arm64:/data/app/~~_zJeLxEuvyMxkeEkDSRHGg==/
com.gk.speed.booster.tool-_ULgRv1ICeTvPjFCex4D5Q==/base.apk!/lib/arm64-v8a:/data/
app/~~_zJeLxEuvyMxkeEkDSRHGg==/com.gk.speed.booster.tool-_ULgRv1ICeTvPjFCex4D5Q==/
split_config.ar.apk!/lib/arm64-v8a:/data/app/~~_zJeLxEuvyMxkeEkDSRHGg==/
com.gk.speed.booster.tool-_ULgRv1ICeTvPjFCex4D5Q==/split_config.arm64_v8a.apk!/
lib/arm64-v8a:/data/app/~~_zJeLxEuvyMxkeEkDSRHGg==/com.gk.speed.booster.tool-
_ULgRv1ICeTvPjFCex4D5Q==/split_config.tr.apk!/lib/arm64-v8a:/data/app/
~~_zJeLxEuvyMxkeEkDSRHGg==/com.gk.speed.booster.tool-_ULgRv1ICeTvPjFCex4D5Q==/
split_config.xxhdpi.apk!/lib/arm64-v8a,
permitted_path=/data:/mnt/expand:/data/user/0/com.gk.speed.booster.tool
05-08 16:30:36.972 5243 5243 D nativeloader: Extending system_exposed_libraries:
libhumantracking.arcsoft.so:libPortraitDistortionCorrection.arcsoft.so:libPortraitD
istortionCorrectionCali.arcsoft.so:libface_landmark.arcsoft.so:libFacialStickerEngi
ne.arcsoft.so:libveengine.arcsoft.so:liblow_light_hdr.arcsoft.so:libhigh_dynamic_ra
nge.arcsoft.so:libobjectcapture_jni.arcsoft.so:libobjectcapture.arcsoft.so:libFacia
lAttributeDetection.arcsoft.so:libaudiomirroring_jni.audiomirroring.samsung.so:libB
eauty_v4.camera.samsung.so:libexifa.camera.samsung.so:libjpega.camera.samsung.so:li
bOpenCv.camera.samsung.so:libImageScreener.camera.samsung.so:libMyFilter.camera.sam
sung.so:libtensorflowLite.myfilter.camera.samsung.so:libtensorflowlite_inference_ap
i.myfilter.camera.samsung.so:libHIDTSnapJNI.camera.samsung.so:libSmartScan.camera.s
amsung.so:libRectify.camera.samsung.so:libDocRectifyWrapper.camera.samsung.so:libUl
traWideDistortionCorrection.camera.samsung.so:libFace_Landmark_API.camera.samsung.s
o:libHpr_RecGAE_cvFeature_v1.0.camera.samsung.so:libHprFace_GAE_api.camera
05-08 16:30:36.978 5243 5243 W ziparchive: Unable to open
'/data/app/~~_zJeLxEuvyMxkeEkDSRHGg==/com.gk.speed.booster.tool-
_ULgRv1ICeTvPjFCex4D5Q==/split_config.ar.dm': No such file or directory
05-08 16:30:36.978 5243 5243 W ziparchive: Unable to open
'/data/app/~~_zJeLxEuvyMxkeEkDSRHGg==/com.gk.speed.booster.tool-
_ULgRv1ICeTvPjFCex4D5Q==/split_config.ar.dm': No such file or directory
05-08 16:30:36.978 5243 5243 W er.tool:sandbox: Entry not found
05-08 16:30:36.978 5243 5243 W ziparchive: Unable to open
'/data/app/~~_zJeLxEuvyMxkeEkDSRHGg==/com.gk.speed.booster.tool-
_ULgRv1ICeTvPjFCex4D5Q==/split_config.arm64_v8a.dm': No such file or directory
05-08 16:30:36.978 5243 5243 W ziparchive: Unable to open
'/data/app/~~_zJeLxEuvyMxkeEkDSRHGg==/com.gk.speed.booster.tool-
_ULgRv1ICeTvPjFCex4D5Q==/split_config.arm64_v8a.dm': No such file or directory
05-08 16:30:36.979 5243 5243 W er.tool:sandbox: Entry not found
05-08 16:30:36.979 5243 5243 W ziparchive: Unable to open
'/data/app/~~_zJeLxEuvyMxkeEkDSRHGg==/com.gk.speed.booster.tool-
_ULgRv1ICeTvPjFCex4D5Q==/split_config.tr.dm': No such file or directory
05-08 16:30:36.979 5243 5243 W ziparchive: Unable to open
'/data/app/~~_zJeLxEuvyMxkeEkDSRHGg==/com.gk.speed.booster.tool-
_ULgRv1ICeTvPjFCex4D5Q==/split_config.tr.dm': No such file or directory
05-08 16:30:36.979 5243 5243 W er.tool:sandbox: Entry not found
05-08 16:30:36.979 5243 5243 W ziparchive: Unable to open
'/data/app/~~_zJeLxEuvyMxkeEkDSRHGg==/com.gk.speed.booster.tool-
_ULgRv1ICeTvPjFCex4D5Q==/split_config.xxhdpi.dm': No such file or directory
05-08 16:30:36.979 5243 5243 W ziparchive: Unable to open
'/data/app/~~_zJeLxEuvyMxkeEkDSRHGg==/com.gk.speed.booster.tool-
_ULgRv1ICeTvPjFCex4D5Q==/split_config.xxhdpi.dm': No such file or directory
05-08 16:30:36.980 5243 5243 W er.tool:sandbox: Entry not found
05-08 16:30:36.981 5243 5243 D nativeloader: Configuring clns-5 for other apk
/data/app/~~_zJeLxEuvyMxkeEkDSRHGg==/com.gk.speed.booster.tool-
_ULgRv1ICeTvPjFCex4D5Q==/base.apk:/data/app/~~_zJeLxEuvyMxkeEkDSRHGg==/
com.gk.speed.booster.tool-_ULgRv1ICeTvPjFCex4D5Q==/split_config.ar.apk:/data/app/
~~_zJeLxEuvyMxkeEkDSRHGg==/com.gk.speed.booster.tool-_ULgRv1ICeTvPjFCex4D5Q==/
split_config.arm64_v8a.apk:/data/app/~~_zJeLxEuvyMxkeEkDSRHGg==/
com.gk.speed.booster.tool-_ULgRv1ICeTvPjFCex4D5Q==/split_config.tr.apk:/data/app/
~~_zJeLxEuvyMxkeEkDSRHGg==/com.gk.speed.booster.tool-_ULgRv1ICeTvPjFCex4D5Q==/
split_config.xxhdpi.apk. target_sdk_version=33, uses_libraries=,
library_path=/data/app/~~_zJeLxEuvyMxkeEkDSRHGg==/com.gk.speed.booster.tool-
_ULgRv1ICeTvPjFCex4D5Q==/lib/arm64:/data/app/~~_zJeLxEuvyMxkeEkDSRHGg==/
com.gk.speed.booster.tool-_ULgRv1ICeTvPjFCex4D5Q==/base.apk!/lib/arm64-v8a:/data/
app/~~_zJeLxEuvyMxkeEkDSRHGg==/com.gk.speed.booster.tool-_ULgRv1ICeTvPjFCex4D5Q==/
split_config.ar.apk!/lib/arm64-v8a:/data/app/~~_zJeLxEuvyMxkeEkDSRHGg==/
com.gk.speed.booster.tool-
05-08 16:30:36.989 5243 5243 V GraphicsEnvironment: Currently set values for:
05-08 16:30:36.989 5243 5243 V GraphicsEnvironment:
angle_gl_driver_selection_pkgs=[]
05-08 16:30:36.989 5243 5243 V GraphicsEnvironment:
angle_gl_driver_selection_values=[]
05-08 16:30:36.989 5243 5243 V GraphicsEnvironment: ANGLE GameManagerService for
com.gk.speed.booster.tool: false
05-08 16:30:36.989 5243 5243 V GraphicsEnvironment: com.gk.speed.booster.tool is
not listed in per-application setting
05-08 16:30:36.989 5243 5243 V GraphicsEnvironment: Neither updatable production
driver nor prerelease driver is supported.
05-08 16:30:36.992 5243 5243 I MultiDex: VM with version 2.1.0 has multidex
support
05-08 16:30:36.992 5243 5243 I MultiDex: Installing application
05-08 16:30:36.992 5243 5243 I MultiDex: VM has multidex support, MultiDex
support library is disabled.
05-08 16:30:36.992 5243 5243 I MultiDex: Installing application
05-08 16:30:36.992 5243 5243 I MultiDex: VM has multidex support, MultiDex
support library is disabled.
05-08 16:30:36.993 5243 5243 W er.tool:sandbox: Accessing hidden method
Ldalvik/system/VMRuntime;->setHiddenApiExemptions([Ljava/lang/String;)V
(blocked,core-platform-api, reflection, denied)
05-08 16:30:36.993 5243 5243 W BootstrapClass: reflect bootstrap failed:
05-08 16:30:36.993 5243 5243 W BootstrapClass:
java.lang.reflect.InvocationTargetException
05-08 16:30:36.993 5243 5243 W BootstrapClass: at
java.lang.reflect.Method.invoke(Native Method)
05-08 16:30:36.993 5243 5243 W BootstrapClass: at
me.weishu.reflection.BootstrapClass.<clinit>(AAA:6)
05-08 16:30:36.993 5243 5243 W BootstrapClass: at
me.weishu.reflection.Reflection.unseal(AAA:2)
05-08 16:30:36.993 5243 5243 W BootstrapClass: at
chongya.haiwai.sandbox.BlackBoxCore.doAttachBaseContext(AAA:1)
05-08 16:30:36.993 5243 5243 W BootstrapClass: at
com.zhangkong.virtualbox_core.BlackBoxLoader.attachBaseContext(AAA:1)
05-08 16:30:36.993 5243 5243 W BootstrapClass: at
com.zhangkong.virtualbox_core.VirtualCore.attachBaseContext(AAA:1)
05-08 16:30:36.993 5243 5243 W BootstrapClass: at
k.j.b.g.a.attachBaseContext(AAA:1)
05-08 16:30:36.993 5243 5243 W BootstrapClass: at
com.joke.chongya.BmApplication.attachBaseContext(AAA:3)
05-08 16:30:36.993 5243 5243 W BootstrapClass: at
android.app.Application.attach(Application.java:365)
05-08 16:30:36.993 5243 5243 W BootstrapClass: at
android.app.Instrumentation.newApplication(Instrumentation.java:1283)
05-08 16:30:36.993 5243 5243 W BootstrapClass: at
android.app.LoadedApk.makeApplicationInner(LoadedApk.java:1512)
05-08 16:30:36.993 5243 5243 W BootstrapClass: at
android.app.LoadedApk.makeApplicationInner(LoadedApk.java:1449)
05-08 16:30:36.993 5243 5243 W BootstrapClass: at
android.app.ActivityThread.handleBindApplication(ActivityThread.java:7625)
05-08 16:30:36.993 5243 5243 W BootstrapClass: at
android.app.ActivityThread.-$$Nest$mhandleBindApplication(Unknown Source:0)
05-08 16:30:36.993 5243 5243 W BootstrapClass: at
android.app.ActivityThread$H.handleMessage(ActivityThread.java:2478)
05-08 16:30:36.993 5243 5243 W BootstrapClass: at
android.os.Handler.dispatchMessage(Handler.java:106)
05-08 16:30:36.993 5243 5243 W BootstrapClass: at
android.os.Looper.loopOnce(Looper.java:230)
05-08 16:30:36.993 5243 5243 W BootstrapClass: at
android.os.Looper.loop(Looper.java:319)
05-08 16:30:36.993 5243 5243 W BootstrapClass: at
android.app.ActivityThread.main(ActivityThread.java:8893)
05-08 16:30:36.993 5243 5243 W BootstrapClass: at
java.lang.reflect.Method.invoke(Native Method)
05-08 16:30:36.993 5243 5243 W BootstrapClass: at
com.android.internal.os.RuntimeInit$MethodAndArgsCaller.run(RuntimeInit.java:608)
05-08 16:30:36.993 5243 5243 W BootstrapClass: at
com.android.internal.os.ZygoteInit.main(ZygoteInit.java:1103)
05-08 16:30:36.993 5243 5243 W BootstrapClass: Caused by:
java.lang.NoSuchMethodException: dalvik.system.VMRuntime.setHiddenApiExemptions
[class [Ljava.lang.String;]
05-08 16:30:36.993 5243 5243 W BootstrapClass: at
java.lang.Class.getMethod(Class.java:2937)
05-08 16:30:36.993 5243 5243 W BootstrapClass: at
java.lang.Class.getDeclaredMethod(Class.java:2914)
05-08 16:30:36.993 5243 5243 W BootstrapClass: ... 22 more
05-08 16:30:36.994 5243 5243 E er.tool:sandbox: Attempt to load writable dex
file: /data/user/0/com.gk.speed.booster.tool/code_cache/1715175036994.dex
05-08 16:30:36.994 5243 5243 D CompatibilityChangeReporter: Compat change id
reported: 218865702; UID 10421; state: DISABLED
05-08 16:30:36.994 5243 5243 W er.tool:sandbox: Opening an oat file without a
class loader. Are you using the deprecated DexFile APIs?
05-08 16:30:36.994 5243 5243 W er.tool:sandbox: DexFile
/data/user/0/com.gk.speed.booster.tool/code_cache/1715175036994.dex is in boot
class path but is not in a known location
05-08 16:30:37.008 5243 5243 D HookManager: hook:
chongya.haiwai.sandbox.f.service.IUserManagerProxy@5bc2d2
05-08 16:30:37.009 5243 5243 D HookManager: hook:
chongya.haiwai.sandbox.f.service.IAutofillManagerProxy@c1c4715
05-08 16:30:37.010 5243 5243 D HookManager: hook:
chongya.haiwai.sandbox.f.service.IFingerprintManagerProxy@f9a6ef6
05-08 16:30:37.010 5243 5243 D HookManager: hook:
chongya.haiwai.sandbox.f.service.libcore.OsStub@f623793
05-08 16:30:37.011 5243 5243 D HookManager: hook:
chongya.haiwai.sandbox.f.service.INetworkManagementServiceProxy@b0c66ce
05-08 16:30:37.011 5243 5243 D HookManager: hook:
chongya.haiwai.sandbox.f.service.IShortcutManagerProxy@e17060b
05-08 16:30:37.013 5243 5243 D HookManager: hook:
chongya.haiwai.sandbox.f.service.IPackageManagerProxy@8c51f94
05-08 16:30:37.018 5243 5243 D HookManager: hook:
chongya.haiwai.sandbox.f.service.IActivityManagerProxy@bef3f5
05-08 16:30:37.021 5243 5243 D HookManager: hook:
chongya.haiwai.sandbox.f.service.ILocationManagerProxy@e6afb73
05-08 16:30:37.022 5243 5243 D HookManager: hook:
chongya.haiwai.sandbox.f.service.IPermissionManagerProxy@833d95c
05-08 16:30:37.023 5243 5243 D HookManager: hook:
chongya.haiwai.sandbox.f.service.IDeviceIdentifiersPolicyProxy@e0341e1
05-08 16:30:37.024 5243 5243 D HookManager: hook:
chongya.haiwai.sandbox.f.service.context.ContentServiceStub@8799192
05-08 16:30:37.024 5243 5243 D HookManager: hook:
chongya.haiwai.sandbox.f.service.IPowerManagerProxy@66556bf
05-08 16:30:37.025 5243 5243 D HookManager: hook:
chongya.haiwai.sandbox.f.service.IJobServiceProxy@754fa78
05-08 16:30:37.025 5243 5243 D HookManager: hook:
chongya.haiwai.sandbox.f.service.ISystemUpdateProxy@d4058d
05-08 16:30:37.026 5243 5243 D HookManager: hook error:
chongya.haiwai.sandbox.f.service.ISystemUpdateProxy@d4058d
05-08 16:30:37.026 5243 5243 D HookManager: hook:
chongya.haiwai.sandbox.f.service.IGraphicsStatsProxy@c058342
05-08 16:30:37.026 5243 5243 D HookManager: hook:
chongya.haiwai.sandbox.f.service.ITelephonyRegistryProxy@3632f53
05-08 16:30:37.027 5243 5243 D HookManager: hook:
chongya.haiwai.sandbox.f.service.IDevicePolicyManagerProxy@5cf35bc
05-08 16:30:37.031 5243 5243 D HookManager: hook:
chongya.haiwai.sandbox.f.delegate.AppInstrumentation@66344c1
05-08 16:30:37.032 5243 5243 D HookManager: hook:
chongya.haiwai.sandbox.f.service.IVpnManagerProxy@57d4466
05-08 16:30:37.033 5243 5243 D HookManager: hook:
chongya.haiwai.sandbox.f.service.IDisplayManagerProxy@de69343
05-08 16:30:37.035 5243 5243 D HookManager: hook:
chongya.haiwai.sandbox.f.service.IContextHubServiceProxy@ff527bb
05-08 16:30:37.036 5243 5243 D HookManager: hook error:
chongya.haiwai.sandbox.f.service.IContextHubServiceProxy@ff527bb
05-08 16:30:37.036 5243 5243 D HookManager: hook:
chongya.haiwai.sandbox.f.service.IWifiManagerProxy@ed59316
05-08 16:30:37.039 5243 5243 D HookManager: hook:
chongya.haiwai.sandbox.f.service.IWifiScannerProxy@ac2d333
05-08 16:30:37.040 5243 5243 D HookManager: hook error:
chongya.haiwai.sandbox.f.service.IWifiScannerProxy@ac2d333
05-08 16:30:37.040 5243 5243 D HookManager: hook:
chongya.haiwai.sandbox.f.service.IClipboardManagerProxy@dbfa6f0
05-08 16:30:37.041 5243 5243 D HookManager: hook:
chongya.haiwai.sandbox.f.service.HCallbackProxy@26d6408
05-08 16:30:37.041 5243 5243 D HookManager: hook:
chongya.haiwai.sandbox.f.service.INotificationManagerProxy@c78b8b4
05-08 16:30:37.042 5243 5243 D HookManager: hook:
chongya.haiwai.sandbox.f.service.IAppWidgetManagerProxy@fe6ef23
05-08 16:30:37.043 5243 5243 D HookManager: hook:
chongya.haiwai.sandbox.f.service.IActivityTaskManagerProxy@f66a4c
05-08 16:30:37.044 5243 5243 D HookManager: hook:
chongya.haiwai.sandbox.f.service.IAccountManagerProxy@b15b6e4
05-08 16:30:37.045 5243 5243 D HookManager: hook:
chongya.haiwai.sandbox.f.service.IMediaRouterServiceProxy@eab4b49
05-08 16:30:37.045 5243 5243 D HookManager: hook:
chongya.haiwai.sandbox.f.service.ITelephonyManagerProxy@5910f5a
05-08 16:30:37.059 5243 5243 D HookManager: hook:
chongya.haiwai.sandbox.f.service.IAlarmManagerProxy@3268f67
05-08 16:30:37.059 5243 5243 D HookManager: hook:
chongya.haiwai.sandbox.f.service.IVibratorServiceProxy@2f6ba80
05-08 16:30:37.060 5243 5243 D HookManager: hook:
chongya.haiwai.sandbox.f.service.context.RestrictionsManagerStub@1690775
05-08 16:30:37.061 5243 5243 D HookManager: hook:
chongya.haiwai.sandbox.f.service.IMediaSessionManagerProxy@55f45d6
05-08 16:30:37.061 5243 5243 D HookManager: hook:
chongya.haiwai.sandbox.f.service.IConnectivityManagerProxy@e986af3
05-08 16:30:37.062 5243 5243 D HookManager: hook:
chongya.haiwai.sandbox.f.service.ILauncherAppsProxy@9e36adc
05-08 16:30:37.062 5243 5243 D HookManager: hook:
chongya.haiwai.sandbox.f.service.IPersistentDataBlockServiceProxy@744ed61
05-08 16:30:37.064 5243 5243 D HookManager: hook:
chongya.haiwai.sandbox.f.service.IActivityClientProxy@db6f12
05-08 16:30:37.065 5243 5243 D HookManager: hook:
chongya.haiwai.sandbox.f.service.IStorageStatsManagerProxy@b955f5b
05-08 16:30:37.066 5243 5243 D HookManager: hook:
chongya.haiwai.sandbox.f.service.IStorageManagerProxy@44ee7a4
05-08 16:30:37.066 5243 5243 D HookManager: hook:
chongya.haiwai.sandbox.f.service.IPhoneSubInfoProxy@fc1e909
05-08 16:30:37.067 5243 5243 D HookManager: hook:
chongya.haiwai.sandbox.f.service.IWindowManagerProxy@ba5873c
05-08 16:30:37.068 5243 5243 D HookManager: hook:
chongya.haiwai.sandbox.f.service.IAudioServiceProxy@72d7b27
05-08 16:30:37.069 5243 5243 D HookManager: hook:
chongya.haiwai.sandbox.f.service.IAppOpsManagerProxy@eaae740
05-08 16:30:37.070 5243 5243 D HookManager: hook:
chongya.haiwai.sandbox.f.service.IAccessibilityManagerProxy@2d65e58
--------- beginning of system
05-08 16:30:37.081 5243 5243 D ActivityThread: Loading provider
com.gk.speed.booster.tool.sandbox.SystemCallProvider:
chongya.haiwai.sandbox.d.system.SystemCallProvider
05-08 16:30:37.081 5243 5243 D SystemCallProvider: call: VM, Bundle[{_B_|
_server_name_=package_manager}]
05-08 16:30:37.081 5243 5243 D BlackBoxCore: getService: package_manager,
chongya.haiwai.sandbox.d.system.pm.BPackageManagerService@e95d70f
05-08 16:30:37.084 5243 5262 D SystemCallProvider: call: VM,
Bundle[mParcelledData.dataSize=88]
05-08 16:30:37.084 5183 5183 D BlackBoxCore: getService: activity_manager,
android.os.BinderProxy@ba5873c
05-08 16:30:37.084 5243 5260 D SystemCallProvider: call: VM,
Bundle[mParcelledData.dataSize=76]
05-08 16:30:37.085 5183 5183 D BlackBoxCore: getService: job_manager,
android.os.BinderProxy@9170cc5
05-08 16:30:37.085 5243 5262 D SystemCallProvider: call: VM,
Bundle[mParcelledData.dataSize=84]
05-08 16:30:37.085 5183 5183 D BlackBoxCore: getService: package_manager,
android.os.BinderProxy@a12a61a
05-08 16:30:37.085 5243 5260 D SystemCallProvider: call: VM,
Bundle[mParcelledData.dataSize=84]
05-08 16:30:37.085 5183 5183 D BlackBoxCore: getService: storage_manager,
android.os.BinderProxy@aa8d54b
05-08 16:30:37.085 5243 5261 D SystemCallProvider: call: VM,
Bundle[mParcelledData.dataSize=80]
05-08 16:30:37.085 5183 5183 D BlackBoxCore: getService: user_manager,
android.os.BinderProxy@de1db28
05-08 16:30:37.085 5243 5261 D SystemCallProvider: call: VM,
Bundle[mParcelledData.dataSize=84]
05-08 16:30:37.085 5183 5183 D BlackBoxCore: getService: xposed_manager,
android.os.BinderProxy@2e0b041
05-08 16:30:37.085 5243 5269 D SystemCallProvider: call: VM,
Bundle[mParcelledData.dataSize=84]
05-08 16:30:37.086 5183 5183 D BlackBoxCore: getService: account_manager,
android.os.BinderProxy@2a509e6
05-08 16:30:37.086 5243 5261 D SystemCallProvider: call: VM,
Bundle[mParcelledData.dataSize=88]
05-08 16:30:37.086 5183 5183 D BlackBoxCore: getService: location_manager,
android.os.BinderProxy@72d7b27
05-08 16:30:37.086 5243 5262 D SystemCallProvider: call: VM,
Bundle[mParcelledData.dataSize=96]
05-08 16:30:37.086 5183 5183 D BlackBoxCore: getService: notification_manager,
android.os.BinderProxy@10d81d4
05-08 16:30:37.086 5183 5183 W lxy : 5183--
05-08 16:30:37.089 5243 5243 W lxy : 5243--
05-08 16:30:37.090 5243 5243 I janus_plugin: initPlugin: start
05-08 16:30:37.090 5243 5243 I janus_plugin: initPlugin: app-debug.apk
05-08 16:30:37.090 5243 5243 W System : ClassLoader referenced unknown path:
/storage/emulated/0/Android/data/com.gk.speed.booster.tool/files/app-debug.apk
05-08 16:30:37.090 5243 5243 W janus_plugin:
initPlugincom.gf.p.ContextWrapperImpl@caabea3
05-08 16:30:37.091 5243 5243 W System.err: java.lang.ClassNotFoundException:
Didn't find class "com.gf.liushi.Py" on path:
DexPathList[[],nativeLibraryDirectories=[/system/lib64, /system_ext/lib64]]
05-08 16:30:37.091 5243 5243 W System.err: at
dalvik.system.BaseDexClassLoader.findClass(BaseDexClassLoader.java:259)
05-08 16:30:37.091 5243 5243 W System.err: at
java.lang.ClassLoader.loadClass(ClassLoader.java:379)
05-08 16:30:37.091 5243 5243 W System.err: at
java.lang.ClassLoader.loadClass(ClassLoader.java:312)
05-08 16:30:37.091 5243 5243 W System.err: at
com.gf.liushi.PluginManagerImpl.initPlugin(AAA:9)
05-08 16:30:37.091 5243 5243 W System.err: at
com.gf.liushi.PluginManagerImpl.initPlugin(AAA:3)
05-08 16:30:37.091 5243 5243 W System.err: at k.p.c.b.initApplication(AAA:1)
05-08 16:30:37.091 5243 5243 W System.err: at
com.gf.bean.PluginLoadApk.initPlugin(AAA:3)
05-08 16:30:37.091 5243 5243 W System.err: at
chongya.haiwai.sandbox.f.delegate.AppInstrumentation.callApplicationOnCreate(AAA:4)
05-08 16:30:37.091 5243 5243 W System.err: at
android.app.ActivityThread.handleBindApplication(ActivityThread.java:7685)
05-08 16:30:37.091 5243 5243 W System.err: at android.app.ActivityThread.-$
$Nest$mhandleBindApplication(Unknown Source:0)
05-08 16:30:37.091 5243 5243 W System.err: at
android.app.ActivityThread$H.handleMessage(ActivityThread.java:2478)
05-08 16:30:37.091 5243 5243 W System.err: at
android.os.Handler.dispatchMessage(Handler.java:106)
05-08 16:30:37.091 5243 5243 W System.err: at
android.os.Looper.loopOnce(Looper.java:230)
05-08 16:30:37.091 5243 5243 W System.err: at
android.os.Looper.loop(Looper.java:319)
05-08 16:30:37.091 5243 5243 W System.err: at
android.app.ActivityThread.main(ActivityThread.java:8893)
05-08 16:30:37.091 5243 5243 W System.err: at
java.lang.reflect.Method.invoke(Native Method)
05-08 16:30:37.091 5243 5243 W System.err: at
com.android.internal.os.RuntimeInit$MethodAndArgsCaller.run(RuntimeInit.java:608)
05-08 16:30:37.091 5243 5243 W System.err: at
com.android.internal.os.ZygoteInit.main(ZygoteInit.java:1103)
05-08 16:30:37.091 5243 5243 I janus_plugin: initPlugin:
05-08 16:30:37.091 5243 5243 W BlackManager: pluginLoadAPk initPlugin
05-08 16:30:37.091 5243 5243 W BlackManager: pluginLoadAPk read googleNoAds.txt
path=
/storage/emulated/0/Android/data/com.gk.speed.booster.tool/files/googleNoAds.txt
05-08 16:30:37.092 5243 5243 W BlackManager: pluginLoadAPk
e:java.io.FileNotFoundException:
/storage/emulated/0/Android/data/com.gk.speed.booster.tool/files/googleNoAds.txt:
open failed: EISDIR (Is a directory)
05-08 16:30:37.092 5243 5243 W System.err: java.io.FileNotFoundException:
/storage/emulated/0/Android/data/com.gk.speed.booster.tool/files/googleNoAds.txt:
open failed: EISDIR (Is a directory)
05-08 16:30:37.092 5243 5243 W System.err: at
libcore.io.IoBridge.open(IoBridge.java:574)
05-08 16:30:37.092 5243 5243 W System.err: at
java.io.FileInputStream.<init>(FileInputStream.java:160)
05-08 16:30:37.092 5243 5243 W System.err: at
java.io.FileInputStream.<init>(FileInputStream.java:115)
05-08 16:30:37.092 5243 5243 W System.err: at
chongya.haiwai.sandbox.utils.FileUtils.readToString(AAA:1)
05-08 16:30:37.092 5243 5243 W System.err: at
com.gf.bean.PluginLoadApk.initPlugin(AAA:9)
05-08 16:30:37.092 5243 5243 W System.err: at
chongya.haiwai.sandbox.f.delegate.AppInstrumentation.callApplicationOnCreate(AAA:4)
05-08 16:30:37.092 5243 5243 W System.err: at
android.app.ActivityThread.handleBindApplication(ActivityThread.java:7685)
05-08 16:30:37.092 5243 5243 W System.err: at android.app.ActivityThread.-$
$Nest$mhandleBindApplication(Unknown Source:0)
05-08 16:30:37.092 5243 5243 W System.err: at
android.app.ActivityThread$H.handleMessage(ActivityThread.java:2478)
05-08 16:30:37.092 5243 5243 W System.err: at
android.os.Handler.dispatchMessage(Handler.java:106)
05-08 16:30:37.092 5243 5243 W System.err: at
android.os.Looper.loopOnce(Looper.java:230)
05-08 16:30:37.092 5243 5243 W System.err: at
android.os.Looper.loop(Looper.java:319)
05-08 16:30:37.092 5243 5243 W System.err: at
android.app.ActivityThread.main(ActivityThread.java:8893)
05-08 16:30:37.092 5243 5243 W System.err: at
java.lang.reflect.Method.invoke(Native Method)
05-08 16:30:37.092 5243 5243 W System.err: at
com.android.internal.os.RuntimeInit$MethodAndArgsCaller.run(RuntimeInit.java:608)
05-08 16:30:37.092 5243 5243 W System.err: at
com.android.internal.os.ZygoteInit.main(ZygoteInit.java:1103)
05-08 16:30:37.092 5243 5243 W System.err: Caused by:
android.system.ErrnoException: open failed: EISDIR (Is a directory)
05-08 16:30:37.092 5243 5243 W System.err: at
libcore.io.IoBridge.open(IoBridge.java:564)
05-08 16:30:37.092 5243 5243 W System.err: ... 15 more
05-08 16:30:37.093 5243 5243 W BlackManager: pluginLoadAPk read Ads.txt Path=
/storage/emulated/0/Android/data/com.gk.speed.booster.tool/files/Ads.txt
05-08 16:30:37.093 5243 5243 W BlackManager: pluginLoadAPk Ads.txt
e:java.io.FileNotFoundException:
/storage/emulated/0/Android/data/com.gk.speed.booster.tool/files/Ads.txt: open
failed: EISDIR (Is a directory)
05-08 16:30:37.093 5243 5243 W System.err: java.io.FileNotFoundException:
/storage/emulated/0/Android/data/com.gk.speed.booster.tool/files/Ads.txt: open
failed: EISDIR (Is a directory)
05-08 16:30:37.093 5243 5243 W System.err: at
libcore.io.IoBridge.open(IoBridge.java:574)
05-08 16:30:37.093 5243 5243 W System.err: at
java.io.FileInputStream.<init>(FileInputStream.java:160)
05-08 16:30:37.093 5243 5243 W System.err: at
java.io.FileInputStream.<init>(FileInputStream.java:115)
05-08 16:30:37.093 5243 5243 W System.err: at
chongya.haiwai.sandbox.utils.FileUtils.readToString(AAA:1)
05-08 16:30:37.093 5243 5243 W System.err: at
com.gf.bean.PluginLoadApk.initPlugin(AAA:17)
05-08 16:30:37.093 5243 5243 W System.err: at
chongya.haiwai.sandbox.f.delegate.AppInstrumentation.callApplicationOnCreate(AAA:4)
05-08 16:30:37.093 5243 5243 W System.err: at
android.app.ActivityThread.handleBindApplication(ActivityThread.java:7685)
05-08 16:30:37.093 5243 5243 W System.err: at android.app.ActivityThread.-$
$Nest$mhandleBindApplication(Unknown Source:0)
05-08 16:30:37.093 5243 5243 W System.err: at
android.app.ActivityThread$H.handleMessage(ActivityThread.java:2478)
05-08 16:30:37.093 5243 5243 W System.err: at
android.os.Handler.dispatchMessage(Handler.java:106)
05-08 16:30:37.093 5243 5243 W System.err: at
android.os.Looper.loopOnce(Looper.java:230)
05-08 16:30:37.093 5243 5243 W System.err: at
android.os.Looper.loop(Looper.java:319)
05-08 16:30:37.093 5243 5243 W System.err: at
android.app.ActivityThread.main(ActivityThread.java:8893)
05-08 16:30:37.093 5243 5243 W System.err: at
java.lang.reflect.Method.invoke(Native Method)
05-08 16:30:37.093 5243 5243 W System.err: at
com.android.internal.os.RuntimeInit$MethodAndArgsCaller.run(RuntimeInit.java:608)
05-08 16:30:37.093 5243 5243 W System.err: at
com.android.internal.os.ZygoteInit.main(ZygoteInit.java:1103)
05-08 16:30:37.093 5243 5243 W System.err: Caused by:
android.system.ErrnoException: open failed: EISDIR (Is a directory)
05-08 16:30:37.093 5243 5243 W System.err: at
libcore.io.IoBridge.open(IoBridge.java:564)
05-08 16:30:37.093 5243 5243 W System.err: ... 15 more
05-08 16:30:37.093 5183 5277 D libMEOW : meow new tls: 0xb400006e6c7220c0
05-08 16:30:37.094 5183 5277 D libMEOW : meow reload base cfg path: na
05-08 16:30:37.094 5183 5277 D libMEOW : meow reload overlay cfg path: na
05-08 16:30:37.094 5183 5277 W QT : qt_process_init() called
05-08 16:30:37.094 5183 5277 E QT : [QT]file does not exist
05-08 16:30:37.094 5183 5277 W QT : Support!!
05-08 16:30:37.097 5183 5277 E QT : [QT]file does not exist
05-08 16:30:37.097 5183 5277 D libMEOW : applied 2 plugins for
[com.gk.speed.booster.tool]:
05-08 16:30:37.097 5183 5277 D libMEOW : plugin 1: [libMEOW_gift.so]:
05-08 16:30:37.097 5183 5277 D libMEOW : plugin 2: [libMEOW_semaphore]:
05-08 16:30:37.102 5183 5183 I DecorView: setWindowBackground: isPopOver=false
color=fffafafa d=android.graphics.drawable.ColorDrawable@76f7346
05-08 16:30:37.140 5183 5183 D CompatibilityChangeReporter: Compat change id
reported: 210923482; UID 10421; state: ENABLED
05-08 16:30:37.170 5183 5183 I DecorView: setWindowBackground: isPopOver=false
color=fffafafa d=android.graphics.drawable.ColorDrawable@bbcda73
05-08 16:30:37.199 5183 5183 W lxy : advJson--
05-08 16:30:37.209 5183 5183 I System.out: 1444
05-08 16:30:37.209 5183 5183 I System.out: 2888
05-08 16:30:37.209 5183 5183 I System.out: 4332
05-08 16:30:37.209 5183 5183 I System.out: 5776
05-08 16:30:37.209 5183 5183 I System.out: 7220
05-08 16:30:37.209 5183 5183 I System.out: 8664
05-08 16:30:37.209 5183 5183 I System.out: 10108
05-08 16:30:37.209 5183 5183 I System.out: 11552
05-08 16:30:37.209 5183 5183 I System.out: 12996
05-08 16:30:37.209 5183 5183 I System.out: 14440
05-08 16:30:37.209 5183 5183 I System.out: 15884
05-08 16:30:37.209 5183 5183 I System.out: 17328
05-08 16:30:37.209 5183 5183 I System.out: 18772
05-08 16:30:37.209 5183 5183 I System.out: 20216
05-08 16:30:37.209 5183 5183 I System.out: 21660
05-08 16:30:37.209 5183 5183 I System.out: 23104
05-08 16:30:37.209 5183 5183 I System.out: 24548
05-08 16:30:37.209 5183 5183 I System.out: 25992
05-08 16:30:37.209 5183 5183 I System.out: 27436
05-08 16:30:37.209 5183 5183 I System.out: 28880
05-08 16:30:37.209 5183 5183 I System.out: 30324
05-08 16:30:37.209 5183 5183 I System.out: 31768
05-08 16:30:37.209 5183 5183 I System.out: 33212
05-08 16:30:37.209 5183 5183 I System.out: 34656
05-08 16:30:37.209 5183 5183 I System.out: 36100
05-08 16:30:37.210 5183 5183 I System.out: 37544
05-08 16:30:37.210 5183 5183 I System.out: 38988
05-08 16:30:37.210 5183 5183 I System.out: 40432
05-08 16:30:37.210 5183 5183 I System.out: 41876
05-08 16:30:37.210 5183 5183 I System.out: 43320
05-08 16:30:37.210 5183 5183 I System.out: 44764
05-08 16:30:37.210 5183 5183 I System.out: 46208
05-08 16:30:37.210 5183 5183 I System.out: 47652
05-08 16:30:37.210 5183 5183 I System.out: 49096
05-08 16:30:37.210 5183 5183 I System.out: 50540
05-08 16:30:37.210 5183 5183 I System.out: 51984
05-08 16:30:37.210 5183 5183 I System.out: 53428
05-08 16:30:37.210 5183 5183 I System.out: 54872
05-08 16:30:37.210 5183 5183 I System.out: 56316
05-08 16:30:37.210 5183 5183 I System.out: 57760
05-08 16:30:37.210 5183 5183 I System.out: 59204
05-08 16:30:37.210 5183 5183 I System.out: 60648
05-08 16:30:37.210 5183 5183 I System.out: 62092
05-08 16:30:37.210 5183 5183 I System.out: 63536
05-08 16:30:37.210 5183 5183 I System.out: 64980
05-08 16:30:37.210 5183 5183 I System.out: 66424
05-08 16:30:37.210 5183 5183 I System.out: 67868
05-08 16:30:37.210 5183 5183 I System.out: 69312
05-08 16:30:37.210 5183 5183 I System.out: 70756
05-08 16:30:37.210 5183 5183 I System.out: 72200
05-08 16:30:37.210 5183 5183 I System.out: 73644
05-08 16:30:37.210 5183 5183 I System.out: 75088
05-08 16:30:37.210 5183 5183 I System.out: 76532
05-08 16:30:37.210 5183 5183 I System.out: 77976
05-08 16:30:37.210 5183 5183 I System.out: 79420
05-08 16:30:37.210 5183 5183 I System.out: 80864
05-08 16:30:37.210 5183 5183 I System.out: 82308
05-08 16:30:37.210 5183 5183 I System.out: 83752
05-08 16:30:37.210 5183 5183 I System.out: 85196
05-08 16:30:37.210 5183 5183 I System.out: 86640
05-08 16:30:37.210 5183 5183 I System.out: 88084
05-08 16:30:37.210 5183 5183 I System.out: 89528
05-08 16:30:37.210 5183 5183 I System.out: 90972
05-08 16:30:37.210 5183 5183 I System.out: 92416
05-08 16:30:37.210 5183 5183 I System.out: 93860
05-08 16:30:37.210 5183 5183 I System.out: 95304
05-08 16:30:37.210 5183 5183 I System.out: 96748
05-08 16:30:37.210 5183 5183 I System.out: 98192
05-08 16:30:37.210 5183 5183 I System.out: 99636
05-08 16:30:37.210 5183 5183 I System.out: 101080
05-08 16:30:37.210 5183 5183 I System.out: 102524
05-08 16:30:37.210 5183 5183 I System.out: 103968
05-08 16:30:37.210 5183 5183 I System.out: 105412
05-08 16:30:37.210 5183 5183 I System.out: 106856
05-08 16:30:37.210 5183 5183 I System.out: 108300
05-08 16:30:37.210 5183 5183 I System.out: 109744
05-08 16:30:37.210 5183 5183 I System.out: 111188
05-08 16:30:37.210 5183 5183 I System.out: 112632
05-08 16:30:37.211 5183 5183 I System.out: 114076
05-08 16:30:37.211 5183 5183 I System.out: 115520
05-08 16:30:37.211 5183 5183 I System.out: 116964
05-08 16:30:37.211 5183 5183 I System.out: 118408
05-08 16:30:37.211 5183 5183 I System.out: 119852
05-08 16:30:37.211 5183 5183 I System.out: 121296
05-08 16:30:37.211 5183 5183 I System.out: 122740
05-08 16:30:37.211 5183 5183 I System.out: 124184
05-08 16:30:37.211 5183 5183 I System.out: 125628
05-08 16:30:37.211 5183 5183 I System.out: 127072
05-08 16:30:37.211 5183 5183 I System.out: 128516
05-08 16:30:37.211 5183 5183 I System.out: 129960
05-08 16:30:37.211 5183 5183 I System.out: 131404
05-08 16:30:37.211 5183 5183 I System.out: 132848
05-08 16:30:37.211 5183 5183 I System.out: 134292
05-08 16:30:37.211 5183 5183 I System.out: 135736
05-08 16:30:37.211 5183 5183 I System.out: 137180
05-08 16:30:37.211 5183 5183 I System.out: 138624
05-08 16:30:37.211 5183 5183 I System.out: 140068
05-08 16:30:37.211 5183 5183 I System.out: 141512
05-08 16:30:37.211 5183 5183 I System.out: 142956
05-08 16:30:37.211 5183 5183 I System.out: 144400
05-08 16:30:37.211 5183 5183 I System.out: 145844
05-08 16:30:37.211 5183 5183 I System.out: 147288
05-08 16:30:37.211 5183 5183 I System.out: 148732
05-08 16:30:37.211 5183 5183 I System.out: 150176
05-08 16:30:37.211 5183 5183 I System.out: 151620
05-08 16:30:37.211 5183 5183 I System.out: 153064
05-08 16:30:37.211 5183 5183 I System.out: 154508
05-08 16:30:37.211 5183 5183 I System.out: 155952
05-08 16:30:37.211 5183 5183 I System.out: 157396
05-08 16:30:37.211 5183 5183 I System.out: 158840
05-08 16:30:37.211 5183 5183 I System.out: 160284
05-08 16:30:37.211 5183 5183 I System.out: 161728
05-08 16:30:37.211 5183 5183 I System.out: 163172
05-08 16:30:37.211 5183 5183 I System.out: 164616
05-08 16:30:37.211 5183 5183 I System.out: 166060
05-08 16:30:37.211 5183 5183 I System.out: 167504
05-08 16:30:37.211 5183 5183 I System.out: 168948
05-08 16:30:37.211 5183 5183 I System.out: 170392
05-08 16:30:37.211 5183 5183 I System.out: 171836
05-08 16:30:37.211 5183 5183 I System.out: 173280
05-08 16:30:37.211 5183 5183 I System.out: 174724
05-08 16:30:37.211 5183 5183 I System.out: 176168
05-08 16:30:37.211 5183 5183 I System.out: 177612
05-08 16:30:37.211 5183 5183 I System.out: 179056
05-08 16:30:37.211 5183 5183 I System.out: 180500
05-08 16:30:37.211 5183 5183 I System.out: 181944
05-08 16:30:37.211 5183 5183 I System.out: 183388
05-08 16:30:37.211 5183 5183 I System.out: 184832
05-08 16:30:37.211 5183 5183 I System.out: 186276
05-08 16:30:37.211 5183 5183 I System.out: 187720
05-08 16:30:37.211 5183 5183 I System.out: 189164
05-08 16:30:37.211 5183 5183 I System.out: 190608
05-08 16:30:37.212 5183 5183 I System.out: 192052
05-08 16:30:37.212 5183 5183 I System.out: 193496
05-08 16:30:37.212 5183 5183 I System.out: 194940
05-08 16:30:37.212 5183 5183 I System.out: 196384
05-08 16:30:37.212 5183 5183 I System.out: 197828
05-08 16:30:37.212 5183 5183 I System.out: 199272
05-08 16:30:37.212 5183 5183 I System.out: 200716
05-08 16:30:37.212 5183 5183 I System.out: 202160
05-08 16:30:37.212 5183 5183 I System.out: 203604
05-08 16:30:37.212 5183 5183 I System.out: 205048
05-08 16:30:37.212 5183 5183 I System.out: 206492
05-08 16:30:37.212 5183 5183 I System.out: 207936
05-08 16:30:37.212 5183 5183 I System.out: 209380
05-08 16:30:37.212 5183 5183 I System.out: 210824
05-08 16:30:37.212 5183 5183 I System.out: 212268
05-08 16:30:37.212 5183 5183 I System.out: 213712
05-08 16:30:37.212 5183 5183 I System.out: 215156
05-08 16:30:37.212 5183 5183 I System.out: 216600
05-08 16:30:37.212 5183 5183 I System.out: 218044
05-08 16:30:37.212 5183 5183 I System.out: 219488
05-08 16:30:37.212 5183 5183 I System.out: 220932
05-08 16:30:37.212 5183 5183 I System.out: 222376
05-08 16:30:37.212 5183 5183 I System.out: 223820
05-08 16:30:37.212 5183 5183 I System.out: 225264
05-08 16:30:37.212 5183 5183 I System.out: 226708
05-08 16:30:37.212 5183 5183 I System.out: 228152
05-08 16:30:37.212 5183 5183 I System.out: 229596
05-08 16:30:37.212 5183 5183 I System.out: 231040
05-08 16:30:37.212 5183 5183 I System.out: 232484
05-08 16:30:37.212 5183 5183 I System.out: 233928
05-08 16:30:37.212 5183 5183 I System.out: 235372
05-08 16:30:37.212 5183 5183 I System.out: 236816
05-08 16:30:37.212 5183 5183 I System.out: 238260
05-08 16:30:37.212 5183 5183 I System.out: 239704
05-08 16:30:37.212 5183 5183 I System.out: 241148
05-08 16:30:37.212 5183 5183 I System.out: 242592
05-08 16:30:37.212 5183 5183 I System.out: 244036
05-08 16:30:37.212 5183 5183 I System.out: 245480
05-08 16:30:37.212 5183 5183 I System.out: 246924
05-08 16:30:37.212 5183 5183 I System.out: 248368
05-08 16:30:37.212 5183 5183 I System.out: 249812
05-08 16:30:37.212 5183 5183 I System.out: 251256
05-08 16:30:37.212 5183 5183 I System.out: 252700
05-08 16:30:37.212 5183 5183 I System.out: 254144
05-08 16:30:37.212 5183 5183 I System.out: 255588
05-08 16:30:37.212 5183 5183 I System.out: 257032
05-08 16:30:37.212 5183 5183 I System.out: 258476
05-08 16:30:37.212 5183 5183 I System.out: 259920
05-08 16:30:37.212 5183 5183 I System.out: 261364
05-08 16:30:37.212 5183 5183 I System.out: 262808
05-08 16:30:37.213 5183 5183 I System.out: 264252
05-08 16:30:37.213 5183 5183 I System.out: 265696
05-08 16:30:37.213 5183 5183 I System.out: 267140
05-08 16:30:37.213 5183 5183 I System.out: 268584
05-08 16:30:37.213 5183 5183 I System.out: 270028
05-08 16:30:37.213 5183 5183 I System.out: 271472
05-08 16:30:37.213 5183 5183 I System.out: 272916
05-08 16:30:37.213 5183 5183 I System.out: 274360
05-08 16:30:37.213 5183 5183 I System.out: 275804
05-08 16:30:37.213 5183 5183 I System.out: 277248
05-08 16:30:37.213 5183 5183 I System.out: 278692
05-08 16:30:37.213 5183 5183 I System.out: 280136
05-08 16:30:37.213 5183 5183 I System.out: 281580
05-08 16:30:37.213 5183 5183 I System.out: 283024
05-08 16:30:37.213 5183 5183 I System.out: 284468
05-08 16:30:37.213 5183 5183 I System.out: 285912
05-08 16:30:37.213 5183 5183 I System.out: 287356
05-08 16:30:37.213 5183 5183 I System.out: 288800
05-08 16:30:37.213 5183 5183 I System.out: 290244
05-08 16:30:37.213 5183 5183 I System.out: 291688
05-08 16:30:37.213 5183 5183 I System.out: 293132
05-08 16:30:37.213 5183 5183 I System.out: 294576
05-08 16:30:37.213 5183 5183 I System.out: 296020
05-08 16:30:37.213 5183 5183 I System.out: 297464
05-08 16:30:37.213 5183 5183 I System.out: 298908
05-08 16:30:37.213 5183 5183 I System.out: 300352
05-08 16:30:37.213 5183 5183 I System.out: 301796
05-08 16:30:37.213 5183 5183 I System.out: 303240
05-08 16:30:37.213 5183 5183 I System.out: 304684
05-08 16:30:37.213 5183 5183 I System.out: 306128
05-08 16:30:37.213 5183 5183 I System.out: 307572
05-08 16:30:37.213 5183 5183 I System.out: 309016
05-08 16:30:37.213 5183 5183 I System.out: 310460
05-08 16:30:37.213 5183 5183 I System.out: 311904
05-08 16:30:37.213 5183 5183 I System.out: 313348
05-08 16:30:37.213 5183 5183 I System.out: 314792
05-08 16:30:37.213 5183 5183 I System.out: 316236
05-08 16:30:37.213 5183 5183 I System.out: 317680
05-08 16:30:37.213 5183 5183 I System.out: 319124
05-08 16:30:37.213 5183 5183 I System.out: 320568
05-08 16:30:37.213 5183 5183 I System.out: 322012
05-08 16:30:37.213 5183 5183 I System.out: 323456
05-08 16:30:37.213 5183 5183 I System.out: 324900
05-08 16:30:37.213 5183 5183 I System.out: 326344
05-08 16:30:37.213 5183 5183 I System.out: 327788
05-08 16:30:37.213 5183 5183 I System.out: 329232
05-08 16:30:37.213 5183 5183 I System.out: 330676
05-08 16:30:37.213 5183 5183 I System.out: 332120
05-08 16:30:37.213 5183 5183 I System.out: 333564
05-08 16:30:37.213 5183 5183 I System.out: 335008
05-08 16:30:37.213 5183 5183 I System.out: 336452
05-08 16:30:37.213 5183 5183 I System.out: 337896
05-08 16:30:37.213 5183 5183 I System.out: 339340
05-08 16:30:37.213 5183 5183 I System.out: 340784
05-08 16:30:37.213 5183 5183 I System.out: 342228
05-08 16:30:37.214 5183 5183 I System.out: 343672
05-08 16:30:37.214 5183 5183 I System.out: 345116
05-08 16:30:37.214 5183 5183 I System.out: 346560
05-08 16:30:37.214 5183 5183 I System.out: 348004
05-08 16:30:37.214 5183 5183 I System.out: 349448
05-08 16:30:37.214 5183 5183 I System.out: 350892
05-08 16:30:37.214 5183 5183 I System.out: 352336
05-08 16:30:37.214 5183 5183 I System.out: 353780
05-08 16:30:37.214 5183 5183 I System.out: 355224
05-08 16:30:37.214 5183 5183 I System.out: 356668
05-08 16:30:37.214 5183 5183 I System.out: 358112
05-08 16:30:37.214 5183 5183 I System.out: 359556
05-08 16:30:37.214 5183 5183 I System.out: 361000
05-08 16:30:37.214 5183 5183 I System.out: 362444
05-08 16:30:37.214 5183 5183 I System.out: 363888
05-08 16:30:37.214 5183 5183 I System.out: 365332
05-08 16:30:37.214 5183 5183 I System.out: 366776
05-08 16:30:37.214 5183 5183 I System.out: 368220
05-08 16:30:37.214 5183 5183 I System.out: 369664
05-08 16:30:37.214 5183 5183 I System.out: 371108
05-08 16:30:37.214 5183 5183 I System.out: 372552
05-08 16:30:37.214 5183 5183 I System.out: 373996
05-08 16:30:37.214 5183 5183 I System.out: 375440
05-08 16:30:37.214 5183 5183 I System.out: 376884
05-08 16:30:37.214 5183 5183 I System.out: 378328
05-08 16:30:37.214 5183 5183 I System.out: 379772
05-08 16:30:37.214 5183 5183 I System.out: 381216
05-08 16:30:37.214 5183 5183 I System.out: 382660
05-08 16:30:37.214 5183 5183 I System.out: 384104
05-08 16:30:37.214 5183 5183 I System.out: 385548
05-08 16:30:37.214 5183 5183 I System.out: 386992
05-08 16:30:37.214 5183 5183 I System.out: 388436
05-08 16:30:37.214 5183 5183 I System.out: 389880
05-08 16:30:37.214 5183 5183 I System.out: 391324
05-08 16:30:37.214 5183 5183 I System.out: 392768
05-08 16:30:37.214 5183 5183 I System.out: 394212
05-08 16:30:37.214 5183 5183 I System.out: 395656
05-08 16:30:37.214 5183 5183 I System.out: 397100
05-08 16:30:37.214 5183 5183 I System.out: 398544
05-08 16:30:37.214 5183 5183 I System.out: 399988
05-08 16:30:37.214 5183 5183 I System.out: 401432
05-08 16:30:37.214 5183 5183 I System.out: 402876
05-08 16:30:37.214 5183 5183 I System.out: 404320
05-08 16:30:37.214 5183 5183 I System.out: 405764
05-08 16:30:37.214 5183 5183 I System.out: 407208
05-08 16:30:37.214 5183 5183 I System.out: 408652
05-08 16:30:37.214 5183 5183 I System.out: 410096
05-08 16:30:37.214 5183 5183 I System.out: 411540
05-08 16:30:37.214 5183 5183 I System.out: 412984
05-08 16:30:37.214 5183 5183 I System.out: 414428
05-08 16:30:37.214 5183 5183 I System.out: 415872
05-08 16:30:37.214 5183 5183 I System.out: 417316
05-08 16:30:37.214 5183 5183 I System.out: 418760
05-08 16:30:37.214 5183 5183 I System.out: 420204
05-08 16:30:37.214 5183 5183 I System.out: 421648
05-08 16:30:37.214 5183 5183 I System.out: 423092
05-08 16:30:37.214 5183 5183 I System.out: 424536
05-08 16:30:37.214 5183 5183 I System.out: 425980
05-08 16:30:37.214 5183 5183 I System.out: 427424
05-08 16:30:37.214 5183 5183 I System.out: 428868
05-08 16:30:37.214 5183 5183 I System.out: 430312
05-08 16:30:37.214 5183 5183 I System.out: 431756
05-08 16:30:37.214 5183 5183 I System.out: 433200
05-08 16:30:37.214 5183 5183 I System.out: 434644
05-08 16:30:37.214 5183 5183 I System.out: 436088
05-08 16:30:37.214 5183 5183 I System.out: 437532
05-08 16:30:37.214 5183 5183 I System.out: 438976
05-08 16:30:37.215 5183 5183 I System.out: 440420
05-08 16:30:37.215 5183 5183 I System.out: 441864
05-08 16:30:37.215 5183 5183 I System.out: 443308
05-08 16:30:37.215 5183 5183 I System.out: 444752
05-08 16:30:37.215 5183 5183 I System.out: 446196
05-08 16:30:37.215 5183 5183 I System.out: 447640
05-08 16:30:37.215 5183 5183 I System.out: 449084
05-08 16:30:37.215 5183 5183 I System.out: 450528
05-08 16:30:37.215 5183 5183 I System.out: 451972
05-08 16:30:37.215 5183 5183 I System.out: 453416
05-08 16:30:37.215 5183 5183 I System.out: 454860
05-08 16:30:37.215 5183 5183 I System.out: 456304
05-08 16:30:37.215 5183 5183 I System.out: 457748
05-08 16:30:37.215 5183 5183 I System.out: 459192
05-08 16:30:37.215 5183 5183 I System.out: 460636
05-08 16:30:37.215 5183 5183 I System.out: 462080
05-08 16:30:37.215 5183 5183 I System.out: 463524
05-08 16:30:37.215 5183 5183 I System.out: 464968
05-08 16:30:37.215 5183 5183 I System.out: 466412
05-08 16:30:37.215 5183 5183 I System.out: 467856
05-08 16:30:37.215 5183 5183 I System.out: 469300
05-08 16:30:37.215 5183 5183 I System.out: 470744
05-08 16:30:37.215 5183 5183 I System.out: 472188
05-08 16:30:37.215 5183 5183 I System.out: 473632
05-08 16:30:37.215 5183 5183 I System.out: 475076
05-08 16:30:37.215 5183 5183 I System.out: 476520
05-08 16:30:37.215 5183 5183 I System.out: 477964
05-08 16:30:37.215 5183 5183 I System.out: 479408
05-08 16:30:37.215 5183 5183 I System.out: 480852
05-08 16:30:37.215 5183 5183 I System.out: 482296
05-08 16:30:37.215 5183 5183 I System.out: 483740
05-08 16:30:37.215 5183 5183 I System.out: 485184
05-08 16:30:37.215 5183 5183 I System.out: 486628
05-08 16:30:37.215 5183 5183 I System.out: 488072
05-08 16:30:37.215 5183 5183 I System.out: 489516
05-08 16:30:37.215 5183 5183 I System.out: 490960
05-08 16:30:37.215 5183 5183 I System.out: 492404
05-08 16:30:37.215 5183 5183 I System.out: 493848
05-08 16:30:37.215 5183 5183 I System.out: 495292
05-08 16:30:37.215 5183 5183 I System.out: 496736
05-08 16:30:37.215 5183 5183 I System.out: 498180
05-08 16:30:37.215 5183 5183 I System.out: 499624
05-08 16:30:37.215 5183 5183 I System.out: 501068
05-08 16:30:37.215 5183 5183 I System.out: 502512
05-08 16:30:37.215 5183 5183 I System.out: 503956
05-08 16:30:37.215 5183 5183 I System.out: 505400
05-08 16:30:37.215 5183 5183 I System.out: 506844
05-08 16:30:37.215 5183 5183 I System.out: 508288
05-08 16:30:37.215 5183 5183 I System.out: 509732
05-08 16:30:37.215 5183 5183 I System.out: 511176
05-08 16:30:37.215 5183 5183 I System.out: 512620
05-08 16:30:37.215 5183 5183 I System.out: 514064
05-08 16:30:37.215 5183 5183 I System.out: 515508
05-08 16:30:37.215 5183 5183 I System.out: 516952
05-08 16:30:37.215 5183 5183 I System.out: 518396
05-08 16:30:37.215 5183 5183 I System.out: 519840
05-08 16:30:37.215 5183 5183 I System.out: 521284
05-08 16:30:37.215 5183 5183 I System.out: 522728
05-08 16:30:37.215 5183 5183 I System.out: 524172
05-08 16:30:37.215 5183 5183 I System.out: 525616
05-08 16:30:37.215 5183 5183 I System.out: 527060
05-08 16:30:37.215 5183 5183 I System.out: 528504
05-08 16:30:37.215 5183 5183 I System.out: 529948
05-08 16:30:37.215 5183 5183 I System.out: 531392
05-08 16:30:37.215 5183 5183 I System.out: 532836
05-08 16:30:37.216 5183 5183 I System.out: 534280
05-08 16:30:37.216 5183 5183 I System.out: 535724
05-08 16:30:37.216 5183 5183 I System.out: 537168
05-08 16:30:37.216 5183 5183 I System.out: 538612
05-08 16:30:37.216 5183 5183 I System.out: 540056
05-08 16:30:37.216 5183 5183 I System.out: 541500
05-08 16:30:37.216 5183 5183 I System.out: 542944
05-08 16:30:37.216 5183 5183 I System.out: 544388
05-08 16:30:37.216 5183 5183 I System.out: 545832
05-08 16:30:37.216 5183 5183 I System.out: 547276
05-08 16:30:37.216 5183 5183 I System.out: 548720
05-08 16:30:37.216 5183 5183 I System.out: 550164
05-08 16:30:37.216 5183 5183 I System.out: 551608
05-08 16:30:37.216 5183 5183 I System.out: 553052
05-08 16:30:37.216 5183 5183 I System.out: 554496
05-08 16:30:37.216 5183 5183 I System.out: 555940
05-08 16:30:37.216 5183 5183 I System.out: 557384
05-08 16:30:37.216 5183 5183 I System.out: 558828
05-08 16:30:37.216 5183 5183 I System.out: 560272
05-08 16:30:37.216 5183 5183 I System.out: 561716
05-08 16:30:37.216 5183 5183 I System.out: 563160
05-08 16:30:37.216 5183 5183 I System.out: 564604
05-08 16:30:37.216 5183 5183 I System.out: 566048
05-08 16:30:37.216 5183 5183 I System.out: 567492
05-08 16:30:37.216 5183 5183 I System.out: 568936
05-08 16:30:37.216 5183 5183 I System.out: 570380
05-08 16:30:37.216 5183 5183 I System.out: 571824
05-08 16:30:37.216 5183 5183 I System.out: 573268
05-08 16:30:37.216 5183 5183 I System.out: 574712
05-08 16:30:37.216 5183 5183 I System.out: 576156
05-08 16:30:37.216 5183 5183 I System.out: 577600
05-08 16:30:37.216 5183 5183 I System.out: 579044
05-08 16:30:37.216 5183 5183 I System.out: 580488
05-08 16:30:37.216 5183 5183 I System.out: 581932
05-08 16:30:37.216 5183 5183 I System.out: 583376
05-08 16:30:37.216 5183 5183 I System.out: 584820
05-08 16:30:37.216 5183 5183 I System.out: 586264
05-08 16:30:37.216 5183 5183 I System.out: 587708
05-08 16:30:37.216 5183 5183 I System.out: 589152
05-08 16:30:37.216 5183 5183 I System.out: 590596
05-08 16:30:37.216 5183 5183 I System.out: 592040
05-08 16:30:37.216 5183 5183 I System.out: 593484
05-08 16:30:37.216 5183 5183 I System.out: 594928
05-08 16:30:37.216 5183 5183 I System.out: 596372
05-08 16:30:37.216 5183 5183 I System.out: 597816
05-08 16:30:37.216 5183 5183 I System.out: 599260
05-08 16:30:37.216 5183 5183 I System.out: 600704
05-08 16:30:37.216 5183 5183 I System.out: 602148
05-08 16:30:37.216 5183 5183 I System.out: 603592
05-08 16:30:37.216 5183 5183 I System.out: 605036
05-08 16:30:37.216 5183 5183 I System.out: 606480
05-08 16:30:37.216 5183 5183 I System.out: 607924
05-08 16:30:37.216 5183 5183 I System.out: 609368
05-08 16:30:37.216 5183 5183 I System.out: 610812
05-08 16:30:37.216 5183 5183 I System.out: 612256
05-08 16:30:37.217 5183 5183 I System.out: 613700
05-08 16:30:37.217 5183 5183 I System.out: 615144
05-08 16:30:37.217 5183 5183 I System.out: 616588
05-08 16:30:37.217 5183 5183 I System.out: 618032
05-08 16:30:37.217 5183 5183 I System.out: 619476
05-08 16:30:37.217 5183 5183 I System.out: 620920
05-08 16:30:37.217 5183 5183 I System.out: 622364
05-08 16:30:37.217 5183 5183 I System.out: 623808
05-08 16:30:37.217 5183 5183 I System.out: 625252
05-08 16:30:37.217 5183 5183 I System.out: 626696
05-08 16:30:37.217 5183 5183 I System.out: 628140
05-08 16:30:37.217 5183 5183 I System.out: 629584
05-08 16:30:37.217 5183 5183 I System.out: 631028
05-08 16:30:37.217 5183 5183 I System.out: 632472
