05-02 10:44:03.469 W/SystemConfig( 1243): fname = q2qxxx
05-02 10:44:03.469 W/SystemConfig( 1243): ro.product.name = a04eub
05-02 10:44:03.469 W/SystemConfig( 1243): fname = q2qcsx
05-02 10:44:03.469 W/SystemConfig( 1243): ro.product.name = a04eub
05-02 10:44:03.469 W/SystemConfig( 1243): fname = q2qzhx
05-02 10:44:03.469 W/SystemConfig( 1243): ro.product.name = a04eub
05-02 10:44:03.469 W/SystemConfig( 1243): fname = q2qksx
05-02 10:44:03.469 W/SystemConfig( 1243): ro.product.name = a04eub
05-02 10:44:03.469 W/SystemConfig( 1243): fname = q2qxtur
05-02 10:44:03.469 W/SystemConfig( 1243): ro.product.name = a04eub
05-02 10:44:03.469 W/SystemConfig( 1243): fname = q2qxser
05-02 10:44:03.469 W/SystemConfig( 1243): ro.product.name = a04eub
05-02 10:44:03.469 W/SystemConfig( 1243): fname = q2qxeea
05-02 10:44:03.469 W/SystemConfig( 1243): ro.product.name = a04eub
05-02 10:44:03.469 W/SystemConfig( 1243): fname = q2quew
05-02 10:44:03.469 W/SystemConfig( 1243): ro.product.name = a04eub
05-02 10:44:03.469 W/SystemConfig( 1243): fname = SC-55B
05-02 10:44:03.469 W/SystemConfig( 1243): ro.product.name = a04eub
05-02 10:44:03.469 W/SystemConfig( 1243): fname = SCG11_jp_kdi
05-02 10:44:03.469 W/SystemConfig( 1243): ro.product.name = a04eub
05-02 10:44:03.469 W/SystemConfig( 1243): fname = b2quew
05-02 10:44:03.469 W/SystemConfig( 1243): ro.product.name = a04eub
05-02 10:44:03.469 W/SystemConfig( 1243): fname = b2qxxx
05-02 10:44:03.469 W/SystemConfig( 1243): ro.product.name = a04eub
05-02 10:44:03.469 W/SystemConfig( 1243): fname = b2qcsx
05-02 10:44:03.469 W/SystemConfig( 1243): ro.product.name = a04eub
05-02 10:44:03.469 W/SystemConfig( 1243): fname = b2qsqw
05-02 10:44:03.469 W/SystemConfig( 1243): ro.product.name = a04eub
05-02 10:44:03.469 W/SystemConfig( 1243): fname = b2qzhx
05-02 10:44:03.469 W/SystemConfig( 1243): ro.product.name = a04eub
05-02 10:44:03.470 W/SystemConfig( 1243): fname = b2qxser
05-02 10:44:03.470 W/SystemConfig( 1243): ro.product.name = a04eub
05-02 10:44:03.470 W/SystemConfig( 1243): fname = b2qxtur
05-02 10:44:03.470 W/SystemConfig( 1243): ro.product.name = a04eub
05-02 10:44:03.470 W/SystemConfig( 1243): fname = b2qxeea
05-02 10:44:03.470 W/SystemConfig( 1243): ro.product.name = a04eub
05-02 10:44:03.470 W/SystemConfig( 1243): fname = b2qksx
05-02 10:44:03.470 W/SystemConfig( 1243): ro.product.name = a04eub
05-02 10:44:03.470 W/SystemConfig( 1243): fname = SC-54B
05-02 10:44:03.470 W/SystemConfig( 1243): ro.product.name = a04eub
05-02 10:44:03.470 W/SystemConfig( 1243): fname = SCG12_jp_kdi
05-02 10:44:03.470 W/SystemConfig( 1243): ro.product.name = a04eub
05-02 10:44:03.470 W/SystemConfig( 1243): fname = a52qnstur
05-02 10:44:03.470 W/SystemConfig( 1243): ro.product.name = a04eub
05-02 10:44:03.470 W/SystemConfig( 1243): fname = a52qnseea
05-02 10:44:03.470 W/SystemConfig( 1243): ro.product.name = a04eub
05-02 10:44:03.470 W/SystemConfig( 1243): fname = a52qnsxx
05-02 10:44:03.470 W/SystemConfig( 1243): ro.product.name = a04eub
05-02 10:44:03.470 W/SystemConfig( 1243): fname = a52qnsser
05-02 10:44:03.470 W/SystemConfig( 1243): ro.product.name = a04eub
05-02 10:44:03.470 W/SystemConfig( 1243): fname = a52qub
05-02 10:44:03.470 W/SystemConfig( 1243): ro.product.name = a04eub
05-02 10:44:03.470 W/SystemConfig( 1243): fname = a52xque
05-02 10:44:03.470 W/SystemConfig( 1243): ro.product.name = a04eub
05-02 10:44:03.470 W/SystemConfig( 1243): fname = a52xqcs
05-02 10:44:03.470 W/SystemConfig( 1243): ro.product.name = a04eub
05-02 10:44:03.470 W/SystemConfig( 1243): fname = a52xqnaeea
05-02 10:44:03.470 W/SystemConfig( 1243): ro.product.name = a04eub
05-02 10:44:03.470 W/SystemConfig( 1243): fname = a52xqsq
05-02 10:44:03.470 W/SystemConfig( 1243): ro.product.name = a04eub
05-02 10:44:03.470 W/SystemConfig( 1243): fname = a52xqzh
05-02 10:44:03.470 W/SystemConfig( 1243): ro.product.name = a04eub
05-02 10:44:03.470 W/SystemConfig( 1243): fname = a52xqks
05-02 10:44:03.470 W/SystemConfig( 1243): ro.product.name = a04eub
05-02 10:44:03.470 W/SystemConfig( 1243): fname = a52xqnaxx
05-02 10:44:03.470 W/SystemConfig( 1243): ro.product.name = a04eub
05-02 10:44:03.470 W/SystemConfig( 1243): fname = SC-53B
05-02 10:44:03.470 W/SystemConfig( 1243): ro.product.name = a04eub
05-02 10:44:03.470 W/SystemConfig( 1243): fname = a52sxqeea
05-02 10:44:03.470 W/SystemConfig( 1243): ro.product.name = a04eub
05-02 10:44:03.470 W/SystemConfig( 1243): fname = a52sxqtur
05-02 10:44:03.470 W/SystemConfig( 1243): ro.product.name = a04eub
05-02 10:44:03.470 W/SystemConfig( 1243): fname = a52sxqser
05-02 10:44:03.470 W/SystemConfig( 1243): ro.product.name = a04eub
05-02 10:44:03.471 W/SystemConfig( 1243): fname = a52sxqzt
05-02 10:44:03.471 W/SystemConfig( 1243): ro.product.name = a04eub
05-02 10:44:03.471 W/SystemConfig( 1243): fname = a52sxqxx
05-02 10:44:03.471 W/SystemConfig( 1243): ro.product.name = a04eub
05-02 10:44:03.471 W/SystemConfig( 1243): fname = a52sxqks
05-02 10:44:03.471 W/SystemConfig( 1243): ro.product.name = a04eub
05-02 10:44:03.471 W/SystemConfig( 1243): fname = r9sxtur
05-02 10:44:03.471 W/SystemConfig( 1243): ro.product.name = a04eub
05-02 10:44:03.471 W/SystemConfig( 1243): fname = r9sxxx
05-02 10:44:03.471 W/SystemConfig( 1243): ro.product.name = a04eub
05-02 10:44:03.471 W/SystemConfig( 1243): fname = r9qksx
05-02 10:44:03.471 W/SystemConfig( 1243): ro.product.name = a04eub
05-02 10:44:03.471 W/SystemConfig( 1243): fname = r9qxeea
05-02 10:44:03.471 W/SystemConfig( 1243): ro.product.name = a04eub
05-02 10:44:03.471 W/SystemConfig( 1243): fname = r9qxtur
05-02 10:44:03.471 W/SystemConfig( 1243): ro.product.name = a04eub
05-02 10:44:03.471 W/SystemConfig( 1243): fname = r9qxser
05-02 10:44:03.471 W/SystemConfig( 1243): ro.product.name = a04eub
05-02 10:44:03.471 W/SystemConfig( 1243): fname = r9qzh
05-02 10:44:03.471 W/SystemConfig( 1243): ro.product.name = a04eub
05-02 10:44:03.471 W/SystemConfig( 1243): fname = r9quew
05-02 10:44:03.471 W/SystemConfig( 1243): ro.product.name = a04eub
05-02 10:44:03.471 W/SystemConfig( 1243): fname = r9qxxx
05-02 10:44:03.471 W/SystemConfig( 1243): ro.product.name = a04eub
05-02 10:44:03.471 W/SystemConfig( 1243): fname = r9qcsx
05-02 10:44:03.471 W/SystemConfig( 1243): ro.product.name = a04eub
05-02 10:44:03.471 W/SystemConfig( 1243): fname = r9qsqw
05-02 10:44:03.471 W/SystemConfig( 1243): ro.product.name = a04eub
05-02 10:44:03.471 W/SystemConfig( 1243): fname = r9q2xser
05-02 10:44:03.471 W/SystemConfig( 1243): ro.product.name = a04eub
05-02 10:44:03.471 W/SystemConfig( 1243): fname = r9q2xxx
05-02 10:44:03.471 W/SystemConfig( 1243): ro.product.name = a04eub
05-02 10:44:03.471 W/SystemConfig( 1243): fname = r9q2xeea
05-02 10:44:03.471 W/SystemConfig( 1243): ro.product.name = a04eub
05-02 10:44:03.471 W/SystemConfig( 1243): fname = r9q2sqw
05-02 10:44:03.471 W/SystemConfig( 1243): ro.product.name = a04eub
05-02 10:44:03.471 W/SystemConfig( 1243): fname = a32ub
05-02 10:44:03.471 W/SystemConfig( 1243): ro.product.name = a04eub
05-02 10:44:03.471 W/SystemConfig( 1243): fname = a32ks
05-02 10:44:03.471 W/SystemConfig( 1243): ro.product.name = a04eub
05-02 10:44:03.471 W/SystemConfig( 1243): fname = a32eea
05-02 10:44:03.471 W/SystemConfig( 1243): ro.product.name = a04eub
05-02 10:44:03.471 W/SystemConfig( 1243): fname = a32tur
05-02 10:44:03.471 W/SystemConfig( 1243): ro.product.name = a04eub
05-02 10:44:03.472 W/SystemConfig( 1243): fname = a32ser
05-02 10:44:03.472 W/SystemConfig( 1243): ro.product.name = a04eub
05-02 10:44:03.472 W/SystemConfig( 1243): fname = a32xx
05-02 10:44:03.472 W/SystemConfig( 1243): ro.product.name = a04eub
05-02 10:44:03.472 W/SystemConfig( 1243): fname = a32xxx
05-02 10:44:03.472 W/SystemConfig( 1243): ro.product.name = a04eub
05-02 10:44:03.472 W/SystemConfig( 1243): fname = a32xcs
05-02 10:44:03.472 W/SystemConfig( 1243): ro.product.name = a04eub
05-02 10:44:03.472 W/SystemConfig( 1243): fname = a32xeea
05-02 10:44:03.472 W/SystemConfig( 1243): ro.product.name = a04eub
05-02 10:44:03.472 W/SystemConfig( 1243): fname = a32xue
05-02 10:44:03.472 W/SystemConfig( 1243): ro.product.name = a04eub
05-02 10:44:03.472 W/SystemConfig( 1243): fname = a32xtfn
05-02 10:44:03.472 W/SystemConfig( 1243): ro.product.name = a04eub
05-02 10:44:03.472 W/SystemConfig( 1243): fname = a32xzh
05-02 10:44:03.472 W/SystemConfig( 1243): ro.product.name = a04eub
05-02 10:44:03.472 W/SystemConfig( 1243): fname = a32xsq
05-02 10:44:03.472 W/SystemConfig( 1243): ro.product.name = a04eub
05-02 10:44:03.472 W/SystemConfig( 1243): fname = SCG08_jp_kdi
05-02 10:44:03.472 W/SystemConfig( 1243): ro.product.name = a04eub
05-02 10:44:03.472 W/SystemConfig( 1243): fname = xcover5eea
05-02 10:44:03.472 W/SystemConfig( 1243): ro.product.name = a04eub
05-02 10:44:03.472 W/SystemConfig( 1243): fname = xcover5ser
05-02 10:44:03.472 W/SystemConfig( 1243): ro.product.name = a04eub
05-02 10:44:03.472 W/SystemConfig( 1243): fname = xcover5kx
05-02 10:44:03.472 W/SystemConfig( 1243): ro.product.name = a04eub
05-02 10:44:03.472 W/SystemConfig( 1243): fname = xcover5xx
05-02 10:44:03.472 W/SystemConfig( 1243): ro.product.name = a04eub
05-02 10:44:03.472 W/SystemConfig( 1243): fname = gts7fewifixx
05-02 10:44:03.472 W/SystemConfig( 1243): ro.product.name = a04eub
05-02 10:44:03.472 W/SystemConfig( 1243): fname = gts7fewifitur
05-02 10:44:03.472 W/SystemConfig( 1243): ro.product.name = a04eub
05-02 10:44:03.472 W/SystemConfig( 1243): fname = gts7fewifieea
05-02 10:44:03.472 W/SystemConfig( 1243): ro.product.name = a04eub
05-02 10:44:03.472 W/SystemConfig( 1243): fname = gts7fewifiser
05-02 10:44:03.472 W/SystemConfig( 1243): ro.product.name = a04eub
05-02 10:44:03.472 W/SystemConfig( 1243): fname = gts7xllitexx
05-02 10:44:03.472 W/SystemConfig( 1243): ro.product.name = a04eub
05-02 10:44:03.472 W/SystemConfig( 1243): fname = gts7xlliteser
05-02 10:44:03.472 W/SystemConfig( 1243): ro.product.name = a04eub
05-02 10:44:03.472 W/SystemConfig( 1243): fname = gts7xllitexeea
05-02 10:44:03.472 W/SystemConfig( 1243): ro.product.name = a04eub
05-02 10:44:03.472 W/SystemConfig( 1243): fname = gts7xllitekx
05-02 10:44:03.472 W/SystemConfig( 1243): ro.product.name = a04eub
05-02 10:44:03.472 W/SystemConfig( 1243): fname = gts7xllitetur
05-02 10:44:03.472 W/SystemConfig( 1243): ro.product.name = a04eub
05-02 10:44:03.473 W/SystemConfig( 1243): fname = gts7xllitekxx
05-02 10:44:03.473 W/SystemConfig( 1243): ro.product.name = a04eub
05-02 10:44:03.473 W/SystemConfig( 1243): fname = gts7xllitesqwnc
05-02 10:44:03.473 W/SystemConfig( 1243): ro.product.name = a04eub
05-02 10:44:03.473 W/SystemConfig( 1243): fname = gts7xllitexxx
05-02 10:44:03.473 W/SystemConfig( 1243): ro.product.name = a04eub
05-02 10:44:03.473 W/SystemConfig( 1243): fname = gts7xllitesqw
05-02 10:44:03.473 W/SystemConfig( 1243): ro.product.name = a04eub
05-02 10:44:03.473 W/SystemConfig( 1243): fname = gts7xllitewifieea
05-02 10:44:03.473 W/SystemConfig( 1243): ro.product.name = a04eub
05-02 10:44:03.473 W/SystemConfig( 1243): fname = gts7xllitewifixx
05-02 10:44:03.473 W/SystemConfig( 1243): ro.product.name = a04eub
05-02 10:44:03.473 W/SystemConfig( 1243): fname = gts7xllitewifitur
05-02 10:44:03.473 D/CoreStateController( 1243): CoreStateController()
05-02 10:44:03.473 W/SystemConfig( 1243): ro.product.name = a04eub
05-02 10:44:03.473 W/SystemConfig( 1243): fname = gts7xllitewifiser
05-02 10:44:03.473 W/SystemConfig( 1243): ro.product.name = a04eub
05-02 10:44:03.473 W/SystemConfig( 1243): fname = b0sxser
05-02 10:44:03.473 W/SystemConfig( 1243): ro.product.name = a04eub
05-02 10:44:03.473 W/SystemConfig( 1243): fname = b0sxtur
05-02 10:44:03.473 W/SystemConfig( 1243): ro.product.name = a04eub
05-02 10:44:03.473 W/SystemConfig( 1243): fname = b0sxxx
05-02 10:44:03.473 W/SystemConfig( 1243): ro.product.name = a04eub
05-02 10:44:03.473 W/SystemConfig( 1243): fname = b0sxeea
05-02 10:44:03.473 W/SystemConfig( 1243): ro.product.name = a04eub
05-02 10:44:03.473 W/SystemConfig( 1243): fname = b0sksx
05-02 10:44:03.473 W/SystemConfig( 1243): ro.product.name = a04eub
05-02 10:44:03.473 W/SystemConfig( 1243): fname = b0qksx
05-02 10:44:03.473 W/SystemConfig( 1243): ro.product.name = a04eub
05-02 10:44:03.473 W/SystemConfig( 1243): fname = b0quew
05-02 10:44:03.473 W/SystemConfig( 1243): ro.product.name = a04eub
05-02 10:44:03.473 W/SystemConfig( 1243): fname = b0qcsx
05-02 10:44:03.473 W/SystemConfig( 1243): ro.product.name = a04eub
05-02 10:44:03.473 W/SystemConfig( 1243): fname = b0qxxx
05-02 10:44:03.473 W/SystemConfig( 1243): ro.product.name = a04eub
05-02 10:44:03.473 W/SystemConfig( 1243): fname = b0qsqw
05-02 10:44:03.473 W/SystemConfig( 1243): ro.product.name = a04eub
05-02 10:44:03.473 W/SystemConfig( 1243): fname = b0qzhx
05-02 10:44:03.473 W/SystemConfig( 1243): ro.product.name = a04eub
05-02 10:44:03.473 W/SystemConfig( 1243): fname = b0qxtur
05-02 10:44:03.473 W/SystemConfig( 1243): ro.product.name = a04eub
05-02 10:44:03.473 W/SystemConfig( 1243): fname = SC-52C
05-02 10:44:03.473 W/SystemConfig( 1243): ro.product.name = a04eub
05-02 10:44:03.473 W/SystemConfig( 1243): fname = SCG14_jp_kdi
05-02 10:44:03.474 W/SystemConfig( 1243): ro.product.name = a04eub
05-02 10:44:03.474 W/SystemConfig( 1243): fname = r0sxxx
05-02 10:44:03.474 W/SystemConfig( 1243): ro.product.name = a04eub
05-02 10:44:03.474 W/SystemConfig( 1243): fname = r0sxeea
05-02 10:44:03.474 W/SystemConfig( 1243): ro.product.name = a04eub
05-02 10:44:03.474 W/SystemConfig( 1243): fname = r0sxtur
05-02 10:44:03.474 W/SystemConfig( 1243): ro.product.name = a04eub
05-02 10:44:03.474 W/SystemConfig( 1243): fname = r0sxser
05-02 10:44:03.474 W/SystemConfig( 1243): ro.product.name = a04eub
05-02 10:44:03.474 W/SystemConfig( 1243): fname = r0sksx
05-02 10:44:03.474 W/SystemConfig( 1243): ro.product.name = a04eub
05-02 10:44:03.474 W/SystemConfig( 1243): fname = r0qksx
05-02 10:44:03.474 W/SystemConfig( 1243): ro.product.name = a04eub
05-02 10:44:03.474 W/SystemConfig( 1243): fname = r0qxtur
05-02 10:44:03.474 W/SystemConfig( 1243): ro.product.name = a04eub
05-02 10:44:03.474 W/SystemConfig( 1243): fname = r0qcsx
05-02 10:44:03.474 W/SystemConfig( 1243): ro.product.name = a04eub
05-02 10:44:03.474 W/SystemConfig( 1243): fname = r0qzhx
05-02 10:44:03.474 W/SystemConfig( 1243): ro.product.name = a04eub
05-02 10:44:03.474 W/SystemConfig( 1243): fname = r0quew
05-02 10:44:03.474 W/SystemConfig( 1243): ro.product.name = a04eub
05-02 10:44:03.474 W/SystemConfig( 1243): fname = r0qsqw
05-02 10:44:03.474 W/SystemConfig( 1243): ro.product.name = a04eub
05-02 10:44:03.474 W/SystemConfig( 1243): fname = r0qxxx
05-02 10:44:03.474 W/SystemConfig( 1243): ro.product.name = a04eub
05-02 10:44:03.474 W/SystemConfig( 1243): fname = SC-51C
05-02 10:44:03.474 W/SystemConfig( 1243): ro.product.name = a04eub
05-02 10:44:03.474 W/SystemConfig( 1243): fname = SCG13_jp_kdi
05-02 10:44:03.474 W/SystemConfig( 1243): ro.product.name = a04eub
05-02 10:44:03.474 W/SystemConfig( 1243): fname = g0sxxx
05-02 10:44:03.474 W/SystemConfig( 1243): ro.product.name = a04eub
05-02 10:44:03.474 W/SystemConfig( 1243): fname = g0sxtur
05-02 10:44:03.474 W/SystemConfig( 1243): ro.product.name = a04eub
05-02 10:44:03.474 W/SystemConfig( 1243): fname = g0sxeea
05-02 10:44:03.474 W/SystemConfig( 1243): ro.product.name = a04eub
05-02 10:44:03.474 W/SystemConfig( 1243): fname = g0sxser
05-02 10:44:03.474 W/SystemConfig( 1243): ro.product.name = a04eub
05-02 10:44:03.474 W/SystemConfig( 1243): fname = g0sksx
05-02 10:44:03.474 W/SystemConfig( 1243): ro.product.name = a04eub
05-02 10:44:03.474 W/SystemConfig( 1243): fname = g0qksx
05-02 10:44:03.474 W/SystemConfig( 1243): ro.product.name = a04eub
05-02 10:44:03.474 W/SystemConfig( 1243): fname = g0quew
05-02 10:44:03.474 W/SystemConfig( 1243): ro.product.name = a04eub
05-02 10:44:03.474 W/SystemConfig( 1243): fname = g0qxtur
05-02 10:44:03.474 W/SystemConfig( 1243): ro.product.name = a04eub
05-02 10:44:03.474 W/SystemConfig( 1243): fname = g0qcsx
05-02 10:44:03.475 W/SystemConfig( 1243): ro.product.name = a04eub
05-02 10:44:03.475 W/SystemConfig( 1243): fname = g0qxxx
05-02 10:44:03.475 W/SystemConfig( 1243): ro.product.name = a04eub
05-02 10:44:03.475 W/SystemConfig( 1243): fname = g0qsqw
05-02 10:44:03.475 W/SystemConfig( 1243): ro.product.name = a04eub
05-02 10:44:03.475 W/SystemConfig( 1243): fname = g0qzhx
05-02 10:44:03.475 W/SystemConfig( 1243): ro.product.name = a04eub
05-02 10:44:03.475 W/SystemConfig( 1243): fname = gts8kxx
05-02 10:44:03.475 W/SystemConfig( 1243): ro.product.name = a04eub
05-02 10:44:03.475 W/SystemConfig( 1243): fname = gts8keea
05-02 10:44:03.475 W/SystemConfig( 1243): ro.product.name = a04eub
05-02 10:44:03.475 W/SystemConfig( 1243): fname = gts8xser
05-02 10:44:03.475 W/SystemConfig( 1243): ro.product.name = a04eub
05-02 10:44:03.475 W/SystemConfig( 1243): fname = gts8xeea
05-02 10:44:03.475 W/SystemConfig( 1243): ro.product.name = a04eub
05-02 10:44:03.475 W/SystemConfig( 1243): fname = gts8xxx
05-02 10:44:03.475 W/SystemConfig( 1243): ro.product.name = a04eub
05-02 10:44:03.475 W/SystemConfig( 1243): fname = gts8sq
05-02 10:44:03.475 W/SystemConfig( 1243): ro.product.name = a04eub
05-02 10:44:03.475 W/SystemConfig( 1243): fname = gts8wifiser
05-02 10:44:03.475 W/SystemConfig( 1243): ro.product.name = a04eub
05-02 10:44:03.475 W/SystemConfig( 1243): fname = gts8wifitur
05-02 10:44:03.475 W/SystemConfig( 1243): ro.product.name = a04eub
05-02 10:44:03.475 W/SystemConfig( 1243): fname = gts8wifixx
05-02 10:44:03.475 W/SystemConfig( 1243): ro.product.name = a04eub
05-02 10:44:03.475 W/SystemConfig( 1243): fname = gts8wifieea
05-02 10:44:03.475 W/SystemConfig( 1243): ro.product.name = a04eub
05-02 10:44:03.475 W/SystemConfig( 1243): fname = gts8pkxx
05-02 10:44:03.475 W/SystemConfig( 1243): ro.product.name = a04eub
05-02 10:44:03.475 W/SystemConfig( 1243): fname = gts8psqw
05-02 10:44:03.475 W/SystemConfig( 1243): ro.product.name = a04eub
05-02 10:44:03.475 W/SystemConfig( 1243): fname = gts8psqw
05-02 10:44:03.475 W/SystemConfig( 1243): ro.product.name = a04eub
05-02 10:44:03.475 W/SystemConfig( 1243): fname = gts8pxser
05-02 10:44:03.475 W/SystemConfig( 1243): ro.product.name = a04eub
05-02 10:44:03.475 W/SystemConfig( 1243): fname = gts8peea
05-02 10:44:03.475 W/SystemConfig( 1243): ro.product.name = a04eub
05-02 10:44:03.475 W/SystemConfig( 1243): fname = gts8pxx
05-02 10:44:03.475 W/SystemConfig( 1243): ro.product.name = a04eub
05-02 10:44:03.475 W/SystemConfig( 1243): fname = gts8pxeea
05-02 10:44:03.475 W/SystemConfig( 1243): ro.product.name = a04eub
05-02 10:44:03.475 W/SystemConfig( 1243): fname = gts8pxxx
05-02 10:44:03.475 W/SystemConfig( 1243): ro.product.name = a04eub
05-02 10:44:03.476 W/SystemConfig( 1243): fname = gts8psqwnc
05-02 10:44:03.476 W/SystemConfig( 1243): ro.product.name = a04eub
05-02 10:44:03.476 W/SystemConfig( 1243): fname = gts8pwifitur
05-02 10:44:03.476 W/SystemConfig( 1243): ro.product.name = a04eub
05-02 10:44:03.476 W/SystemConfig( 1243): fname = gts8pwifiser
05-02 10:44:03.476 W/SystemConfig( 1243): ro.product.name = a04eub
05-02 10:44:03.476 W/SystemConfig( 1243): fname = gts8pwifixx
05-02 10:44:03.476 W/SystemConfig( 1243): ro.product.name = a04eub
05-02 10:44:03.476 W/SystemConfig( 1243): fname = gts8pwifieea
05-02 10:44:03.476 W/SystemConfig( 1243): ro.product.name = a04eub
05-02 10:44:03.476 W/SystemConfig( 1243): fname = gts8pwifijpn
05-02 10:44:03.476 W/SystemConfig( 1243): ro.product.name = a04eub
05-02 10:44:03.476 W/SystemConfig( 1243): fname = gts8ukxx
05-02 10:44:03.476 W/SystemConfig( 1243): ro.product.name = a04eub
05-02 10:44:03.476 W/SystemConfig( 1243): fname = gts8uxser
05-02 10:44:03.476 W/SystemConfig( 1243): ro.product.name = a04eub
05-02 10:44:03.476 W/SystemConfig( 1243): fname = gts8uxeea
05-02 10:44:03.476 W/SystemConfig( 1243): ro.product.name = a04eub
05-02 10:44:03.476 W/SystemConfig( 1243): fname = gts8uxxx
05-02 10:44:03.476 W/SystemConfig( 1243): ro.product.name = a04eub
05-02 10:44:03.476 W/SystemConfig( 1243): fname = gts8uwifiser
05-02 10:44:03.476 W/SystemConfig( 1243): ro.product.name = a04eub
05-02 10:44:03.476 W/SystemConfig( 1243): fname = gts8uwifitur
05-02 10:44:03.476 W/SystemConfig( 1243): ro.product.name = a04eub
05-02 10:44:03.476 W/SystemConfig( 1243): fname = gts8uwifieea
05-02 10:44:03.476 W/SystemConfig( 1243): ro.product.name = a04eub
05-02 10:44:03.476 W/SystemConfig( 1243): fname = gts8uwifixx
05-02 10:44:03.476 W/SystemConfig( 1243): ro.product.name = a04eub
05-02 10:44:03.476 W/SystemConfig( 1243): fname = a33xnndxx
05-02 10:44:03.476 W/SystemConfig( 1243): ro.product.name = a04eub
05-02 10:44:03.476 W/SystemConfig( 1243): fname = a33xnsdtur
05-02 10:44:03.476 W/SystemConfig( 1243): ro.product.name = a04eub
05-02 10:44:03.476 W/SystemConfig( 1243): fname = a33xnsdxx
05-02 10:44:03.476 W/SystemConfig( 1243): ro.product.name = a04eub
05-02 10:44:03.476 W/SystemConfig( 1243): fname = a33xnndx
05-02 10:44:03.476 W/SystemConfig( 1243): ro.product.name = a04eub
05-02 10:44:03.476 W/SystemConfig( 1243): fname = a33xnsdx
05-02 10:44:03.476 W/SystemConfig( 1243): ro.product.name = a04eub
05-02 10:44:03.476 W/SystemConfig( 1243): fname = a33xub
05-02 10:44:03.476 W/SystemConfig( 1243): ro.product.name = a04eub
05-02 10:44:03.476 W/SystemConfig( 1243): fname = a33xks
05-02 10:44:03.476 W/SystemConfig( 1243): ro.product.name = a04eub
05-02 10:44:03.476 W/SystemConfig( 1243): fname = a33xzh
05-02 10:44:03.476 W/SystemConfig( 1243): ro.product.name = a04eub
05-02 10:44:03.476 W/SystemConfig( 1243): fname = a33xnsser
05-02 10:44:03.476 W/SystemConfig( 1243): ro.product.name = a04eub
05-02 10:44:03.477 W/SystemConfig( 1243): fname = a33xnsxx
05-02 10:44:03.477 W/SystemConfig( 1243): ro.product.name = a04eub
05-02 10:44:03.477 W/SystemConfig( 1243): fname = a33xnseea
05-02 10:44:03.477 W/SystemConfig( 1243): ro.product.name = a04eub
05-02 10:44:03.477 W/SystemConfig( 1243): fname = a53xtfn
05-02 10:44:03.477 W/SystemConfig( 1243): ro.product.name = a04eub
05-02 10:44:03.477 W/SystemConfig( 1243): fname = a53xzh
05-02 10:44:03.477 W/SystemConfig( 1243): ro.product.name = a04eub
05-02 10:44:03.477 W/SystemConfig( 1243): fname = a53xcsx
05-02 10:44:03.477 W/SystemConfig( 1243): ro.product.name = a04eub
05-02 10:44:03.477 W/SystemConfig( 1243): fname = a53xnaxx
05-02 10:44:03.477 W/SystemConfig( 1243): ro.product.name = a04eub
05-02 10:44:03.477 W/SystemConfig( 1243): fname = a53xksx
05-02 10:44:03.477 W/SystemConfig( 1243): ro.product.name = a04eub
05-02 10:44:03.477 W/SystemConfig( 1243): fname = a53xnsser
05-02 10:44:03.477 W/SystemConfig( 1243): ro.product.name = a04eub
05-02 10:44:03.477 W/SystemConfig( 1243): fname = a53xnstur
05-02 10:44:03.477 W/SystemConfig( 1243): ro.product.name = a04eub
05-02 10:44:03.477 W/SystemConfig( 1243): fname = a53xnsxx
05-02 10:44:03.477 W/SystemConfig( 1243): ro.product.name = a04eub
05-02 10:44:03.477 W/SystemConfig( 1243): fname = a53xsqx
05-02 10:44:03.477 W/SystemConfig( 1243): ro.product.name = a04eub
05-02 10:44:03.477 W/SystemConfig( 1243): fname = a53xsqw
05-02 10:44:03.477 W/SystemConfig( 1243): ro.product.name = a04eub
05-02 10:44:03.477 W/SystemConfig( 1243): fname = a53xnaeea
05-02 10:44:03.477 W/SystemConfig( 1243): ro.product.name = a04eub
05-02 10:44:03.477 W/SystemConfig( 1243): fname = a53xue
05-02 10:44:03.477 W/SystemConfig( 1243): ro.product.name = a04eub
05-02 10:44:03.477 W/SystemConfig( 1243): fname = SC-53C
05-02 10:44:03.477 W/SystemConfig( 1243): ro.product.name = a04eub
05-02 10:44:03.477 W/SystemConfig( 1243): fname = SCG15_jp_kdi
05-02 10:44:03.477 W/SystemConfig( 1243): ro.product.name = a04eub
05-02 10:44:03.477 W/SystemConfig( 1243): fname = xcoverpro2cs
05-02 10:44:03.477 W/SystemConfig( 1243): ro.product.name = a04eub
05-02 10:44:03.477 W/SystemConfig( 1243): fname = xcoverpro2ue
05-02 10:44:03.477 W/SystemConfig( 1243): ro.product.name = a04eub
05-02 10:44:03.477 W/SystemConfig( 1243): fname = xcoverpro2tur
05-02 10:44:03.477 W/SystemConfig( 1243): ro.product.name = a04eub
05-02 10:44:03.477 W/SystemConfig( 1243): fname = xcoverpro2eea
05-02 10:44:03.477 W/SystemConfig( 1243): ro.product.name = a04eub
05-02 10:44:03.477 W/SystemConfig( 1243): fname = xcoverpro2xx
05-02 10:44:03.477 W/SystemConfig( 1243): ro.product.name = a04eub
05-02 10:44:03.477 W/SystemConfig( 1243): fname = xcoverpro2sq
05-02 10:44:03.477 W/SystemConfig( 1243): ro.product.name = a04eub
05-02 10:44:03.477 W/SystemConfig( 1243): fname = q4qsqw
05-02 10:44:03.477 W/SystemConfig( 1243): ro.product.name = a04eub
05-02 10:44:03.477 W/SystemConfig( 1243): fname = q4qzhx
05-02 10:44:03.477 W/SystemConfig( 1243): ro.product.name = a04eub
05-02 10:44:03.477 W/SystemConfig( 1243): fname = q4qksx
05-02 10:44:03.477 W/SystemConfig( 1243): ro.product.name = a04eub
05-02 10:44:03.477 W/SystemConfig( 1243): fname = q4quew
05-02 10:44:03.478 W/SystemConfig( 1243): ro.product.name = a04eub
05-02 10:44:03.478 W/SystemConfig( 1243): fname = q4qcsx
05-02 10:44:03.478 W/SystemConfig( 1243): ro.product.name = a04eub
05-02 10:44:03.478 W/SystemConfig( 1243): fname = q4qxser
05-02 10:44:03.478 W/SystemConfig( 1243): ro.product.name = a04eub
05-02 10:44:03.478 W/SystemConfig( 1243): fname = q4qxtur
05-02 10:44:03.478 W/SystemConfig( 1243): ro.product.name = a04eub
05-02 10:44:03.478 W/SystemConfig( 1243): fname = q4qxxx
05-02 10:44:03.478 W/SystemConfig( 1243): ro.product.name = a04eub
05-02 10:44:03.478 W/SystemConfig( 1243): fname = q4qxeea
05-02 10:44:03.478 W/SystemConfig( 1243): ro.product.name = a04eub
05-02 10:44:03.478 W/SystemConfig( 1243): fname = SC-55C
05-02 10:44:03.478 W/SystemConfig( 1243): ro.product.name = a04eub
05-02 10:44:03.478 W/SystemConfig( 1243): fname = SCG16_jp_kdi
05-02 10:44:03.478 W/SystemConfig( 1243): ro.product.name = a04eub
05-02 10:44:03.478 W/SystemConfig( 1243): fname = b4qsqw
05-02 10:44:03.478 W/SystemConfig( 1243): ro.product.name = a04eub
05-02 10:44:03.478 W/SystemConfig( 1243): fname = b4qzhx
05-02 10:44:03.478 W/SystemConfig( 1243): ro.product.name = a04eub
05-02 10:44:03.478 W/SystemConfig( 1243): fname = b4qxeea
05-02 10:44:03.478 W/SystemConfig( 1243): ro.product.name = a04eub
05-02 10:44:03.478 W/SystemConfig( 1243): fname = b4qksx
05-02 10:44:03.478 W/SystemConfig( 1243): ro.product.name = a04eub
05-02 10:44:03.478 W/SystemConfig( 1243): fname = b4quew
05-02 10:44:03.478 W/SystemConfig( 1243): ro.product.name = a04eub
05-02 10:44:03.478 W/SystemConfig( 1243): fname = b4qrktw
05-02 10:44:03.478 W/SystemConfig( 1243): ro.product.name = a04eub
05-02 10:44:03.478 W/SystemConfig( 1243): fname = b4qcsx
05-02 10:44:03.478 W/SystemConfig( 1243): ro.product.name = a04eub
05-02 10:44:03.478 W/SystemConfig( 1243): fname = b4qxser
05-02 10:44:03.478 W/SystemConfig( 1243): ro.product.name = a04eub
05-02 10:44:03.478 W/SystemConfig( 1243): fname = b4qxtur
05-02 10:44:03.478 W/SystemConfig( 1243): ro.product.name = a04eub
05-02 10:44:03.478 W/SystemConfig( 1243): fname = b4qxxx
05-02 10:44:03.478 W/SystemConfig( 1243): ro.product.name = a04eub
05-02 10:44:03.478 W/SystemConfig( 1243): fname = SC-54C
05-02 10:44:03.478 W/SystemConfig( 1243): ro.product.name = a04eub
05-02 10:44:03.478 W/SystemConfig( 1243): fname = SCG17_jp_kdi
05-02 10:44:03.478 W/SystemConfig( 1243): ro.product.name = a04eub
05-02 10:44:03.478 W/SystemConfig( 1243): fname = gtact4prokxx
05-02 10:44:03.478 W/SystemConfig( 1243): ro.product.name = a04eub
05-02 10:44:03.478 W/SystemConfig( 1243): fname = gtact4proxser
05-02 10:44:03.478 W/SystemConfig( 1243): ro.product.name = a04eub
05-02 10:44:03.479 W/SystemConfig( 1243): fname = gtact4proxeea
05-02 10:44:03.479 W/SystemConfig( 1243): ro.product.name = a04eub
05-02 10:44:03.479 W/SystemConfig( 1243): fname = gtact4proxxx
05-02 10:44:03.479 W/SystemConfig( 1243): ro.product.name = a04eub
05-02 10:44:03.479 W/SystemConfig( 1243): fname = gtact4proue
05-02 10:44:03.479 W/SystemConfig( 1243): ro.product.name = a04eub
05-02 10:44:03.479 W/SystemConfig( 1243): fname = gtact4protur
05-02 10:44:03.479 W/SystemConfig( 1243): ro.product.name = a04eub
05-02 10:44:03.479 I/servicemanager( 411): Adding 'u:r:system_server:s0' service
(activity_task:1243)
05-02 10:44:03.479 W/SystemConfig( 1243): fname = gtact4procs
05-02 10:44:03.479 W/SystemConfig( 1243): ro.product.name = a04eub
05-02 10:44:03.479 W/SystemConfig( 1243): fname = gtact4prowifieea
05-02 10:44:03.479 W/SystemConfig( 1243): ro.product.name = a04eub
05-02 10:44:03.479 W/SystemConfig( 1243): fname = gtact4prowifixx
05-02 10:44:03.479 W/SystemConfig( 1243): ro.product.name = a04eub
05-02 10:44:03.479 W/SystemConfig( 1243): fname = gtact4prowifiser
05-02 10:44:03.479 W/SystemConfig( 1243): ro.product.name = a04eub
05-02 10:44:03.479 W/SystemConfig( 1243): fname = SC-56C
05-02 10:44:03.479 W/SystemConfig( 1243): ro.product.name = a04eub
05-02 10:44:03.479 W/SystemConfig( 1243): fname = SCG18_jp_kdi
05-02 10:44:03.479 W/SystemConfig( 1243): ro.product.name = a04eub
05-02 10:44:03.479 W/SystemConfig( 1243): fname = a23exrkt
05-02 10:44:03.479 W/SystemConfig( 1243): ro.product.name = a04eub
05-02 10:44:03.479 W/SystemConfig( 1243): fname = a23xqzh
05-02 10:44:03.479 W/SystemConfig( 1243): ro.product.name = a04eub
05-02 10:44:03.479 W/SystemConfig( 1243): fname = a23xque
05-02 10:44:03.479 W/SystemConfig( 1243): ro.product.name = a04eub
05-02 10:44:03.479 W/SystemConfig( 1243): fname = a23xqub
05-02 10:44:03.479 W/SystemConfig( 1243): ro.product.name = a04eub
05-02 10:44:03.479 W/SystemConfig( 1243): fname = a23xqtfn
05-02 10:44:03.479 W/SystemConfig( 1243): ro.product.name = a04eub
05-02 10:44:03.479 W/SystemConfig( 1243): fname = a23xqsq
05-02 10:44:03.479 I/SystemServiceManager( 1243): Starting
com.android.server.am.ActivityManagerService$Lifecycle
05-02 10:44:03.479 W/SystemConfig( 1243): ro.product.name = a04eub
05-02 10:44:03.479 W/SystemConfig( 1243): fname = a23xqnsxx
05-02 10:44:03.479 W/SystemConfig( 1243): ro.product.name = a04eub
05-02 10:44:03.479 W/SystemConfig( 1243): fname = a23xqnsser
05-02 10:44:03.479 W/SystemConfig( 1243): ro.product.name = a04eub
05-02 10:44:03.479 W/SystemConfig( 1243): fname = a23xqnseea
05-02 10:44:03.479 W/SystemConfig( 1243): ro.product.name = a04eub
05-02 10:44:03.479 W/SystemConfig( 1243): fname = a23xqnsdxx
05-02 10:44:03.479 W/SystemConfig( 1243): ro.product.name = a04eub
05-02 10:44:03.479 W/SystemConfig( 1243): fname = a23xqnsdtur
05-02 10:44:03.479 W/SystemConfig( 1243): ro.product.name = a04eub
05-02 10:44:03.479 W/SystemConfig( 1243): fname = a23xqnndxx
05-02 10:44:03.480 W/SystemConfig( 1243): ro.product.name = a04eub
05-02 10:44:03.480 W/SystemConfig( 1243): fname = SCG18_jcm_jp
05-02 10:44:03.480 W/SystemConfig( 1243): ro.product.name = a04eub
05-02 10:44:03.480 I/SystemConfig( 1243): Reading permissions from
/product/etc/sysconfig/GoogleCellBroadcast_config.xml
05-02 10:44:03.480 E/SystemConfig( 1243): aer = false, f.getPath().contains = true
05-02 10:44:03.481 I/SystemConfig( 1243): Reading permissions from
/product/etc/sysconfig/carrierwifi-sysconfig.xml
05-02 10:44:03.481 I/SystemConfig( 1243): Reading permissions from
/product/etc/sysconfig/google-rollback-package-whitelist.xml
05-02 10:44:03.481 I/SystemConfig( 1243): Reading permissions from
/product/etc/sysconfig/google-staged-installer-whitelist.xml
05-02 10:44:03.482 I/SystemConfig( 1243): Reading permissions from
/product/etc/sysconfig/google.xml
05-02 10:44:03.482 I/SystemConfig( 1243): Adding association: com.google.android.as
<- com.android.bluetooth
05-02 10:44:03.482 I/SystemConfig( 1243): Adding association: com.google.android.as
<- com.android.providers.contacts
05-02 10:44:03.482 I/SystemConfig( 1243): Adding association: com.google.android.as
<- com.android.providers.media
05-02 10:44:03.482 I/SystemConfig( 1243): Adding association: com.google.android.as
<- com.android.providers.telephony
05-02 10:44:03.482 I/SystemConfig( 1243): Adding association: com.google.android.as
<- com.android.systemui
05-02 10:44:03.482 I/SystemConfig( 1243): Adding association: com.google.android.as
<- com.google.android.providers.media.module
05-02 10:44:03.482 I/SystemConfig( 1243): Adding association: com.google.android.as
<- com.google.android.as.oss
05-02 10:44:03.482 I/SystemConfig( 1243): Adding association:
com.google.android.as.oss <- com.google.android.as
05-02 10:44:03.483 I/SystemConfig( 1243): Reading permissions from
/product/etc/sysconfig/google_am.xml
05-02 10:44:03.483 I/SystemConfig( 1243): Reading permissions from
/product/etc/sysconfig/google_duo.xml
05-02 10:44:03.484 I/SystemConfig( 1243): Reading permissions from
/product/etc/sysconfig/google_turbo.xml
05-02 10:44:03.484 I/SystemConfig( 1243): Reading permissions from
/product/etc/sysconfig/preinstalled-packages-platform-handheld-product.xml
05-02 10:44:03.485 I/SystemConfig( 1243): Reading permissions from
/product/etc/sysconfig/preinstalled-packages-platform-overlays.xml
05-02 10:44:03.486 I/ActivityManager( 1243): Memory class: 192
05-02 10:44:03.486 I/SystemConfig( 1243): Reading permissions from
/product/etc/sysconfig/wellbeing.xml
05-02 10:44:03.487 I/SystemConfig( 1243): Reading permissions from
/product/etc/permissions/carrierwifi.xml
05-02 10:44:03.488 I/SystemConfig( 1243): Reading permissions from
/product/etc/permissions/privapp-permissions-google-comms-suite.xml
05-02 10:44:03.488 I/SystemConfig( 1243): Reading permissions from
/product/etc/permissions/privapp-permissions-google-product.xml
05-02 10:44:03.490 I/Binder ( 1243): Setting heavy hitter watcher config: false,
0, 0.0
05-02 10:44:03.492 I/SystemConfig( 1243): Reading permissions from
/product/etc/permissions/product-permissions-mediatek.xml
05-02 10:44:03.493 I/SystemConfig( 1243): Reading permissions from
/product/etc/permissions/split-permissions-google.xml
05-02 10:44:03.493 I/SystemConfig( 1243): Reading permissions from
/product/etc/permissions/turboapk-permissions.xml
05-02 10:44:03.494 W/SystemConfig( 1243): No directory /system_ext/etc/sysconfig,
skipping
05-02 10:44:03.496 I/SystemConfig( 1243): Reading permissions from
/system_ext/etc/permissions/com.android.carrierconfig.xml
05-02 10:44:03.497 I/SystemConfig( 1243): Reading permissions from
/system_ext/etc/permissions/com.android.emergency.xml
05-02 10:44:03.497 I/SystemConfig( 1243): Reading permissions from
/system_ext/etc/permissions/com.android.storagemanager.xml
05-02 10:44:03.498 I/SystemConfig( 1243): Reading permissions from
/system_ext/etc/permissions/com.android.systemui.xml
05-02 10:44:03.499 I/SystemConfig( 1243): Reading permissions from
/system_ext/etc/permissions/com.samsung.systemui.xml
05-02 10:44:03.501 I/SystemConfig( 1243): Reading permissions from
/system_ext/etc/permissions/privapp-permissions-google-system-ext.xml
05-02 10:44:03.502 I/SystemConfig( 1243): Reading permissions from
/system_ext/etc/permissions/system-ext-permissions-mediatek.xml
05-02 10:44:03.504 W/SystemConfig( 1243): No directory /system/carrier/sysconfig,
skipping
05-02 10:44:03.504 W/SystemConfig( 1243): No directory /system/carrier/permissions,
skipping
05-02 10:44:03.504 W/SystemConfig( 1243): No directory
/prism/etc/carriers/single/MXO/sysconfig, skipping
05-02 10:44:03.505 I/SystemConfig( 1243): Reading permissions from
/prism/etc/carriers/single/MXO/permissions/privapp-permissions-
com.applovin.array.apphub.samsung.xml
05-02 10:44:03.507 I/SystemConfig( 1243): Reading permissions from
/apex/com.android.tethering/etc/permissions/privapp_allowlist_com.google.android.ne
tworkstack.tethering.xml
05-02 10:44:03.508 W/SystemConfig( 1243): <privapp-permissions> not allowed in
partition of
/apex/com.android.tethering/etc/permissions/privapp_allowlist_com.google.android.ne
tworkstack.tethering.xml at START_TAG <privapp-permissions
package='com.google.android.networkstack.tethering'>@19:78 in
java.io.FileReader@cf1061e
05-02 10:44:03.509 I/SystemConfig( 1243): Reading permissions from
/apex/com.android.cellbroadcast/etc/permissions/privapp_allowlist_com.google.androi
d.cellbroadcastreceiver.xml
05-02 10:44:03.510 W/SystemConfig( 1243): <privapp-permissions> not allowed in
partition of
/apex/com.android.cellbroadcast/etc/permissions/privapp_allowlist_com.google.androi
d.cellbroadcastreceiver.xml at START_TAG <privapp-permissions
package='com.google.android.cellbroadcastreceiver'>@18:77 in
java.io.FileReader@b61a4cc
05-02 10:44:03.510 I/SystemConfig( 1243): Reading permissions from
/apex/com.android.cellbroadcast/etc/permissions/privapp_allowlist_com.google.androi
d.cellbroadcastservice.xml
05-02 10:44:03.511 W/SystemConfig( 1243): <privapp-permissions> not allowed in
partition of
/apex/com.android.cellbroadcast/etc/permissions/privapp_allowlist_com.google.androi
d.cellbroadcastservice.xml at START_TAG <privapp-permissions
package='com.google.android.cellbroadcastservice'>@18:76 in
java.io.FileReader@d23662a
05-02 10:44:03.512 I/SystemConfig( 1243): Reading permissions from
/apex/com.android.mediaprovider/etc/permissions/privapp_allowlist_com.google.androi
d.providers.media.module.xml
05-02 10:44:03.512 W/SystemConfig( 1243): <privapp-permissions> not allowed in
partition of
/apex/com.android.mediaprovider/etc/permissions/privapp_allowlist_com.google.androi
d.providers.media.module.xml at START_TAG <privapp-permissions
package='com.google.android.providers.media.module'>@18:78 in
java.io.FileReader@d6a41b8
05-02 10:44:03.513 I/SystemConfig( 1243): Reading permissions from
/apex/com.android.ipsec/etc/permissions/android.net.ipsec.ike.xml
05-02 10:44:03.515 I/SystemConfig( 1243): Reading permissions from
/apex/com.android.permission/etc/permissions/privapp_allowlist_com.google.android.p
ermissioncontroller.xml
05-02 10:44:03.515 W/SystemConfig( 1243): <privapp-permissions> not allowed in
partition of
/apex/com.android.permission/etc/permissions/privapp_allowlist_com.google.android.p
ermissioncontroller.xml at START_TAG <privapp-permissions
package='com.google.android.permissioncontroller'>@18:76 in
java.io.FileReader@23fbef7
05-02 10:44:03.517 I/SystemConfig( 1243): Reading permissions from
/apex/com.android.extservices/etc/permissions/privapp_allowlist_com.google.android.
ext.services.xml
05-02 10:44:03.518 W/SystemConfig( 1243): <privapp-permissions> not allowed in
partition of
/apex/com.android.extservices/etc/permissions/privapp_allowlist_com.google.android.
ext.services.xml at START_TAG <privapp-permissions
package='com.google.android.ext.services'>@18:68 in java.io.FileReader@f2fffcd
05-02 10:44:03.521 D/SystemConfig( 1243): readAllPermissions took to complete:
190ms
05-02 10:44:03.521 D/SystemServerTimingAsync( 1243):
InitThreadPoolExec:ReadingSystemConfig took to complete: 190ms
05-02 10:44:03.527 D/BatteryDump( 694): wait_for_battery_event : occurred :
add@/devices/virtual/wakeup/wakeup140
05-02 10:44:03.531 D/BatteryDump( 694): wait_for_battery_event : occurred :
add@/devices/virtual/wakeup/wakeup141
05-02 10:44:03.535 D/BatteryDump( 694): wait_for_battery_event : occurred :
add@/devices/virtual/wakeup/wakeup142
05-02 10:44:03.535 D/BatteryDump( 694): wait_for_battery_event : occurred :
add@/devices/virtual/wakeup/wakeup143
05-02 10:44:03.539 I/PerProcessNandswap( 1243): Static Initialization of
PerProcessNandswap
05-02 10:44:03.539 I/PerProcessNandswap( 1243): createInstance start
05-02 10:44:03.541 I/ActivityManager( 1243): Connection with lmkd established
05-02 10:44:03.541 I/lmkd ( 410): lmkd data connection established
05-02 10:44:03.544 I/DHA_PROPERTY( 1243): highRes_MaxCached : 6 normalRes_MaxCached
: 10
05-02 10:44:03.544 I/DHA_PROPERTY( 1243): DHA STEP 2
05-02 10:44:03.544 I/DHA_PROPERTY( 1243): DHA TH RATE 2.0
05-02 10:44:03.544 I/DHA_PROPERTY( 1243): DHA mSzDHAThreshold 33554432
05-02 10:44:03.544 I/DHA_PROPERTY( 1243): DHA DHA_INCREASE_THRESHOLD 2097152
05-02 10:44:03.545 I/CameraManagerGlobal( 1243):
unregisterCameraDeviceStateCallback
05-02 10:44:03.545 I/CameraManagerGlobal( 1243): registerCameraDeviceStateCallback
05-02 10:44:03.545 I/CameraManagerGlobal( 1243): Connecting to camera service
05-02 10:44:03.552 I/PackageWatchdog( 1243): Updated health check state for package
com.google.android.ext.services: INACTIVE -> PASSED
05-02 10:44:03.553 I/PackageWatchdog( 1243): Updated health check state for package
com.google.android.cellbroadcastservice: INACTIVE -> PASSED
05-02 10:44:03.553 I/PackageWatchdog( 1243): Updated health check state for package
com.google.android.providers.media.module: INACTIVE -> PASSED
05-02 10:44:03.553 I/PackageWatchdog( 1243): Updated health check state for package
com.samsung.android.app.settings.bixby: INACTIVE -> PASSED
05-02 10:44:03.553 I/PackageWatchdog( 1243): Updated health check state for package
com.android.vending: INACTIVE -> PASSED
05-02 10:44:03.553 I/PackageWatchdog( 1243): Updated health check state for package
com.samsung.SMT: INACTIVE -> PASSED
05-02 10:44:03.553 I/PackageWatchdog( 1243): Updated health check state for package
android: INACTIVE -> PASSED
05-02 10:44:03.553 I/PackageWatchdog( 1243): Updated health check state for package
com.samsung.android.app.telephonyui: INACTIVE -> PASSED
05-02 10:44:03.553 I/PackageWatchdog( 1243): Updated health check state for package
com.google.android.permissioncontroller: INACTIVE -> PASSED
05-02 10:44:03.553 I/PackageWatchdog( 1243): Updated health check state for package
com.google.android.setupwizard: INACTIVE -> PASSED
05-02 10:44:03.553 I/PackageWatchdog( 1243): Updated health check state for package
com.sec.imsservice: INACTIVE -> PASSED
05-02 10:44:03.553 I/PackageWatchdog( 1243): Updated health check state for package
com.google.android.gms: INACTIVE -> PASSED
05-02 10:44:03.553 I/PackageWatchdog( 1243): Updated health check state for package
com.google.android.gsf: INACTIVE -> PASSED
05-02 10:44:03.553 I/PackageWatchdog( 1243): Updated health check state for package
com.sec.android.diagmonagent: INACTIVE -> PASSED
05-02 10:44:03.553 I/PackageWatchdog( 1243): Updated health check state for package
com.sec.android.app.launcher: INACTIVE -> PASSED
05-02 10:44:03.553 I/PackageWatchdog( 1243): Updated health check state for package
com.samsung.android.dqagent: INACTIVE -> PASSED
05-02 10:44:03.553 W/mnld ( 947): thread_adc_capture_init: open_port: Unable to
open /dev/gps_emi, retry:17
05-02 10:44:03.553 I/PackageWatchdog( 1243): Updated health check state for package
com.samsung.android.forest: INACTIVE -> PASSED
05-02 10:44:03.553 I/PackageWatchdog( 1243): Updated health check state for package
com.sec.android.soagent: INACTIVE -> PASSED
05-02 10:44:03.553 I/PackageWatchdog( 1243): Updated health check state for package
com.samsung.android.fmm: INACTIVE -> PASSED
05-02 10:44:03.553 I/PackageWatchdog( 1243): Updated health check state for package
com.samsung.android.uds: INACTIVE -> PASSED
05-02 10:44:03.553 I/PackageWatchdog( 1243): Updated health check state for package
com.android.settings: INACTIVE -> PASSED
05-02 10:44:03.553 I/PackageWatchdog( 1243): Updated health check state for package
com.samsung.android.lool: INACTIVE -> PASSED
05-02 10:44:03.553 I/PackageWatchdog( 1243): Updated health check state for package
com.sec.android.app.bluetoothtest: INACTIVE -> PASSED
05-02 10:44:03.553 I/PackageWatchdog( 1243): Updated health check state for package
com.sec.android.sdhms: INACTIVE -> PASSED
05-02 10:44:03.553 I/PackageWatchdog( 1243): Updated health check state for package
com.google.android.apps.turbo: INACTIVE -> PASSED
05-02 10:44:03.553 I/PackageWatchdog( 1243): Updated health check state for package
com.samsung.android.callbgprovider: INACTIVE -> PASSED
05-02 10:44:03.553 I/PackageWatchdog( 1243): Updated health check state for package
com.sec.mhs.smarttethering: INACTIVE -> PASSED
05-02 10:44:03.553 I/PackageWatchdog( 1243): Updated health check state for package
com.samsung.android.shortcutbackupservice: INACTIVE -> PASSED
05-02 10:44:03.553 I/PackageWatchdog( 1243): Updated health check state for package
com.android.phone: INACTIVE -> PASSED
05-02 10:44:03.553 I/PackageWatchdog( 1243): Updated health check state for package
com.android.shell: INACTIVE -> PASSED
05-02 10:44:03.553 I/PackageWatchdog( 1243): Updated health check state for package
com.wssyncmldm: INACTIVE -> PASSED
05-02 10:44:03.553 I/PackageWatchdog( 1243): Updated health check state for package
com.sec.epdg: INACTIVE -> PASSED
05-02 10:44:03.553 I/PackageWatchdog( 1243): Updated health check state for package
com.android.systemui: INACTIVE -> PASSED
05-02 10:44:03.553 I/PackageWatchdog( 1243): Updated health check state for package
com.samsung.android.app.clockpack: INACTIVE -> PASSED
05-02 10:44:03.553 I/PackageWatchdog( 1243): Updated health check state for package
com.android.bluetooth: INACTIVE -> PASSED
05-02 10:44:03.557 D/ActivityManager_KPM( 1243): Current Launcher:
com.sec.android.app.launcher
05-02 10:44:03.558 I/ActivityManager( 1243): SwappinessController() - default
value: 160
05-02 10:44:03.558 I/ActivityManager_KPM( 1243): KillPolicyManager()
05-02 10:44:03.559 I/ActivityManager_KPM( 1243): initKillPolicyManager()
05-02 10:44:03.559 D/IAFDDBManager( 1243): mDBInitReTryCnt=1
05-02 10:44:03.569 D/BatteryStatsImpl( 1243): Reading daily items from
/data/system/batterystats-daily.xml
05-02 10:44:03.596 W/mnld_pwr_interface( 947): mnld_pwr_open: mnld_pwr_open,
/dev/gps_pwr failed:No such file or directory
05-02 10:44:03.596 E/mnld_pwr_interface( 947): mnld_pwr_control_thread:
mnld_pwr_open failed, No such file or directory, retry:8
05-02 10:44:03.614 I/hwservicemanager( 412): getTransport: Cannot find entry
android.hardware.power.stats@1.0::IPowerStats/default in either framework or device
VINTF manifest.
05-02 10:44:03.614 E/BatteryStatsService( 1243): Unable to load Power.Stats.HAL.
Setting rail availability to false
05-02 10:44:03.616 E/BluetoothAdapter( 1243): Bluetooth binder is null
05-02 10:44:03.616 D/BatteryExternalStatsWorker( 1243): update stats : write (63)
05-02 10:44:03.616 I/KernelCpuUidFreqTimeReader( 1243):
mPerClusterTimesAvailable=true
05-02 10:44:03.620 W/KernelCpuUidFreqTimeBpfMapReader( 1243): Failed to start
tracking
05-02 10:44:03.621 W/KernelCpuUidActiveTimeBpfMapReader( 1243): Failed to start
tracking
05-02 10:44:03.621 W/KernelCpuUidClusterTimeBpfMapReader( 1243): Failed to start
tracking
05-02 10:44:03.622 E/KernelCpuSpeedReader( 1243): Failed to read cpu-freq:
/sys/devices/system/cpu/cpu4/cpufreq/stats/time_in_state: open failed: ENOENT (No
such file or directory)
05-02 10:44:03.622 E/KernelCpuSpeedReader( 1243): Failed to read cpu-freq:
/sys/devices/system/cpu/cpu0/cpufreq/stats/time_in_state: open failed: ENOENT (No
such file or directory)
05-02 10:44:03.622 E/system_server( 1243): Cannot read thread CPU times for PID
1243
05-02 10:44:03.743 I/BufferQueueProducer( 749): [samsungani565#0]
(this:0xb400007803d42948,id:-1,api:0,p:-1,c:749) queueBuffer: fps=12.70 dur=1023.35
max=84.16 min=16.58
05-02 10:44:03.744 I/hwcomposer( 692): [HWCDisplay] [Display_0 (type:1)]
fps:12.701379,dur:1023.51,max:84.19,min:16.33
05-02 10:44:03.755 W/KernelMemoryBandwidthStats( 1243): No kernel memory bandwidth
stats available
05-02 10:44:03.755 D/BatteryExternalStatsWorker( 1243): done
updateExternalStatsLocked
05-02 10:44:03.804 I/IntentFirewall( 1243): Read new rules (A:0 B:0 S:0)
05-02 10:44:03.819 D/CoreStateObserverController( 1243): CoreStateController()
05-02 10:44:03.825 V/ActivityManagerServiceExt( 1243): ActivityManagerServiceExt ::
created
05-02 10:44:03.830 W/HidlServiceManagement( 1037): Waited one second for
vendor.mediatek.hardware.meta@1.0::IMetaTst/MetaATDHidlServer
05-02 10:44:03.830 I/hwservicemanager( 412): Since
vendor.mediatek.hardware.meta@1.0::IMetaTst/MetaATDHidlServer is not registered,
trying to start it as a lazy HAL.
05-02 10:44:03.830 E/FreecessController( 1243): recoverFreezerStateIfTHAWED error:
file doesn't exist or can't write
05-02 10:44:03.830 I/HidlServiceManagement( 1037): getService: Trying again for
vendor.mediatek.hardware.meta@1.0::IMetaTst/MetaATDHidlServer...
05-02 10:44:03.832 W/libc ( 412): Unable to set property "ctl.interface_start"
to "vendor.mediatek.hardware.meta@1.0::IMetaTst/MetaATDHidlServer": error code:
0x20, try count : 1
05-02 10:44:03.832 W/libc ( 412): Unable to set property "ctl.interface_start"
to "vendor.mediatek.hardware.meta@1.0::IMetaTst/MetaATDHidlServer": error code:
0x20, try count : 2
05-02 10:44:03.833 W/libc ( 412): Unable to set property "ctl.interface_start"
to "vendor.mediatek.hardware.meta@1.0::IMetaTst/MetaATDHidlServer": error code:
0x20, try count : 3
05-02 10:44:03.833 I/hwservicemanager( 412): Tried to start
vendor.mediatek.hardware.meta@1.0::IMetaTst/MetaATDHidlServer as a lazy service,
but was unable to. Usually this happens when a service is not installed, but if the
service is intended to be used as a lazy service, then it may be configured
incorrectly.
05-02 10:44:03.838 I/servicemanager( 411): Adding 'u:r:system_server:s0' service
(batterystats:1243)
05-02 10:44:03.839 I/servicemanager( 411): Adding 'u:r:system_server:s0' service
(appops:1243)
05-02 10:44:03.839 D/AppOps ( 1243): AppOpsService published
05-02 10:44:03.843 D/SystemServerTiming( 1243): StartActivityManager took to
complete: 382ms
05-02 10:44:03.843 D/SystemServerTiming( 1243): !@Boot_SystemServer: 382ms :
StartActivityManager
05-02 10:44:03.843 I/SystemServerTiming( 1243): !@Boot_EBS: Took 382ms by
'StartActivityManager'
05-02 10:44:03.844 I/SystemServerTiming( 1243): StartDataLoaderManagerService
05-02 10:44:03.844 I/SystemServiceManager( 1243): Starting
com.android.server.pm.DataLoaderManagerService
05-02 10:44:03.846 I/servicemanager( 411): Adding 'u:r:system_server:s0' service
(dataloader_manager:1243)
05-02 10:44:03.846 D/SystemServerTiming( 1243): StartDataLoaderManagerService took
to complete: 3ms
05-02 10:44:03.846 I/SystemServerTiming( 1243): StartIncrementalService
05-02 10:44:03.852 I/incfs-mounts( 1243): [incfs] Loaded incremental-fs mount info:
0 instances, 0 mount points
