04-11 13:05:01.654 7281 7281 E ArmVmp : Match on catch block at 0xc3 in for 0xa9
04-11 13:05:01.658 7281 7281 E ArmVmp : Match on catch block at 0xc3 in for 0xa1
04-11 13:05:01.671 7281 7281 E ArmVmp : Match on catch block at 0xc3 in for 0xa9
04-11 13:05:01.675 7281 7281 E ArmVmp : Match on catch block at 0xc3 in for 0xa1
04-11 13:05:01.689 7281 7281 E ArmVmp : Match on catch block at 0xc3 in for 0xa9
04-11 13:05:01.693 7281 7281 E ArmVmp : Match on catch block at 0xc3 in for 0xa1
04-11 13:05:01.705 7281 7281 E ArmVmp : Match on catch block at 0xc3 in for 0xa9
04-11 13:05:01.709 7281 7281 E ArmVmp : Match on catch block at 0xc3 in for 0xa1
04-11 13:05:01.723 7281 7281 E ArmVmp : Match on catch block at 0xc3 in for 0xa9
04-11 13:05:01.727 7281 7281 E ArmVmp : Match on catch block at 0xc3 in for 0xa1
04-11 13:05:01.738 7281 7281 E ArmVmp : Match on catch block at 0xc3 in for 0xa9
04-11 13:05:01.742 7281 7281 E ArmVmp : Match on catch block at 0xc3 in for 0xa1
04-11 13:05:01.756 7281 7281 E ArmVmp : Match on catch block at 0xc3 in for 0xa9
04-11 13:05:01.758 7281 7281 E ArmVmp : Match on catch block at 0xc3 in for 0xa1
04-11 13:05:01.770 7281 7281 E ArmVmp : Match on catch block at 0xc3 in for 0xa9
04-11 13:05:01.772 7281 7281 E ArmVmp : Match on catch block at 0xc3 in for 0xa1
04-11 13:05:01.796 7281 7281 E ArmVmp : Match on catch block at 0xc3 in for 0xa5
04-11 13:05:01.799 7281 7281 E ArmVmp : Match on catch block at 0xc3 in for 0xa9
04-11 13:05:01.805 7281 7281 E ArmVmp : Match on catch block at 0xc3 in for 0xa1
04-11 13:05:01.807 7281 7281 E ArmVmp : Match on catch block at 0xc3 in for 0xa5
04-11 13:05:01.814 7281 7281 W Choreographer: OPTS_INPUT: First frame was drawed
before optimized, so skip!
04-11 13:05:01.826 7281 7281 E ArmVmp : Match on catch block at 0xc3 in for 0xa5
04-11 13:05:01.828 7281 7281 E ArmVmp : Match on catch block at 0xc3 in for 0xa9
04-11 13:05:01.838 7281 7281 E ArmVmp : Match on catch block at 0xc3 in for 0xa9
04-11 13:05:01.840 7281 7281 E ArmVmp : Match on catch block at 0xc3 in for 0xa1
04-11 13:05:01.855 7281 7281 E ArmVmp : Match on catch block at 0xc3 in for 0xa1
04-11 13:05:01.857 7281 7281 E ArmVmp : Match on catch block at 0xc3 in for 0xa5
04-11 13:05:01.871 7281 7281 E ArmVmp : Match on catch block at 0xc3 in for 0xa5
04-11 13:05:01.873 7281 7281 E ArmVmp : Match on catch block at 0xc3 in for 0xa9
04-11 13:05:01.888 7281 7281 E ArmVmp : Match on catch block at 0xc3 in for 0xa9
04-11 13:05:01.890 7281 7281 E ArmVmp : Match on catch block at 0xc3 in for 0xa1
04-11 13:05:01.904 7281 7281 E ArmVmp : Match on catch block at 0xc3 in for 0xa1
04-11 13:05:01.907 7281 7281 E ArmVmp : Match on catch block at 0xc3 in for 0xa5
04-11 13:05:01.921 7281 7281 E ArmVmp : Match on catch block at 0xc3 in for 0xa5
04-11 13:05:01.924 7281 7281 E ArmVmp : Match on catch block at 0xc3 in for 0xa9
04-11 13:05:01.938 7281 7281 E ArmVmp : Match on catch block at 0xc3 in for 0xa9
04-11 13:05:01.940 7281 7281 E ArmVmp : Match on catch block at 0xc3 in for 0xa1
04-11 13:05:01.955 7281 7281 E ArmVmp : Match on catch block at 0xc3 in for 0xa1
04-11 13:05:01.957 7281 7281 E ArmVmp : Match on catch block at 0xc3 in for 0xa5
04-11 13:05:01.971 7281 7281 E ArmVmp : Match on catch block at 0xc3 in for 0xa5
04-11 13:05:01.973 7281 7281 E ArmVmp : Match on catch block at 0xc3 in for 0xa9
04-11 13:05:02.007 7281 7281 E libc : Access denied finding property
"ro.vendor.pref_scale_resolution"
04-11 13:05:02.008 7281 7281 E libc : Access denied finding property
"ro.vendor.pref_scale_resolution"
04-11 13:05:02.019 7281 7281 E ArmVmp : Match on catch block at 0xc3 in for 0xa9
04-11 13:05:02.022 7281 7281 E ArmVmp : Match on catch block at 0xc3 in for 0xa1
04-11 13:05:02.029 7281 7281 E ArmVmp : Match on catch block at 0xc3 in for 0xa1
04-11 13:05:02.032 7281 7281 E ArmVmp : Match on catch block at 0xc3 in for 0xa5
04-11 13:05:02.041 7281 7281 E ArmVmp : Match on catch block at 0xc3 in for 0xa1
04-11 13:05:02.044 7281 7281 E ArmVmp : Match on catch block at 0xc3 in for 0xa5
04-11 13:05:02.055 7281 7281 E ArmVmp : Match on catch block at 0xc3 in for 0xa5
04-11 13:05:02.057 7281 7281 E ArmVmp : Match on catch block at 0xc3 in for 0xa9
04-11 13:05:02.071 7281 7281 E ArmVmp : Match on catch block at 0xc3 in for 0xa9
04-11 13:05:02.074 7281 7281 E ArmVmp : Match on catch block at 0xc3 in for 0xa1
04-11 13:05:02.088 7281 7281 E ArmVmp : Match on catch block at 0xc3 in for 0xa1
04-11 13:05:02.090 7281 7281 E ArmVmp : Match on catch block at 0xc3 in for 0xa5
04-11 13:05:02.187 7281 7281 E ArmVmp : Match on catch block at 0xc3 in for 0xa1
04-11 13:05:02.190 7281 7281 E ArmVmp : Match on catch block at 0xc3 in for 0xa5
04-11 13:05:02.321 7281 7281 E ArmVmp : Match on catch block at 0xc3 in for 0xa5
04-11 13:05:02.324 7281 7281 E ArmVmp : Match on catch block at 0xc3 in for 0xa9
04-11 13:05:02.505 7281 7281 E ArmVmp : Match on catch block at 0xc3 in for 0xa9
04-11 13:05:02.509 7281 7281 E ArmVmp : Match on catch block at 0xc3 in for 0xa1
04-11 13:05:02.522 7281 7281 E ArmVmp : Match on catch block at 0xc3 in for 0xa1
04-11 13:05:02.527 7281 7281 E ArmVmp : Match on catch block at 0xc3 in for 0xa5
04-11 13:05:02.538 7281 7281 E ArmVmp : Match on catch block at 0xc3 in for 0xa5
04-11 13:05:02.542 7281 7281 E ArmVmp : Match on catch block at 0xc3 in for 0xa9
04-11 13:05:02.560 7281 7281 E ArmVmp : Match on catch block at 0xc3 in for 0xa9
04-11 13:05:02.564 7281 7281 E ArmVmp : Match on catch block at 0xc3 in for 0xa1
04-11 13:05:02.577 7281 7281 E ArmVmp : Match on catch block at 0xc3 in for 0xa1
04-11 13:05:02.581 7281 7281 E ArmVmp : Match on catch block at 0xc3 in for 0xa5
04-11 13:05:02.594 7281 7281 E ArmVmp : Match on catch block at 0xc3 in for 0xa5
04-11 13:05:02.598 7281 7281 E ArmVmp : Match on catch block at 0xc3 in for 0xa9
04-11 13:05:02.611 7281 7281 E ArmVmp : Match on catch block at 0xc3 in for 0xa9
04-11 13:05:02.615 7281 7281 E ArmVmp : Match on catch block at 0xc3 in for 0xa1
04-11 13:05:02.627 7281 7281 E ArmVmp : Match on catch block at 0xc3 in for 0xa1
04-11 13:05:02.631 7281 7281 E ArmVmp : Match on catch block at 0xc3 in for 0xa5
04-11 13:05:02.644 7281 7281 E ArmVmp : Match on catch block at 0xc3 in for 0xa5
04-11 13:05:02.648 7281 7281 E ArmVmp : Match on catch block at 0xc3 in for 0xa9
04-11 13:05:02.661 7281 7281 E ArmVmp : Match on catch block at 0xc3 in for 0xa9
04-11 13:05:02.664 7281 7281 E ArmVmp : Match on catch block at 0xc3 in for 0xa1
04-11 13:05:02.676 7281 7281 E ArmVmp : Match on catch block at 0xc3 in for 0xa1
04-11 13:05:02.679 7281 7281 E ArmVmp : Match on catch block at 0xc3 in for 0xa5
04-11 13:05:02.687 7281 7281 W Choreographer: OPTS_INPUT: First frame was drawed
before optimized, so skip!
04-11 13:05:02.694 7281 7281 E ArmVmp : Match on catch block at 0xc3 in for 0xa5
04-11 13:05:02.697 7281 7281 E ArmVmp : Match on catch block at 0xc3 in for 0xa9
04-11 13:05:02.711 7281 7281 E ArmVmp : Match on catch block at 0xc3 in for 0xa9
04-11 13:05:02.713 7281 7281 E ArmVmp : Match on catch block at 0xc3 in for 0xa1
04-11 13:05:02.727 7281 7281 E ArmVmp : Match on catch block at 0xc3 in for 0xa1
04-11 13:05:02.730 7281 7281 E ArmVmp : Match on catch block at 0xc3 in for 0xa5
04-11 13:05:02.744 7281 7281 E ArmVmp : Match on catch block at 0xc3 in for 0xa5
04-11 13:05:02.746 7281 7281 E ArmVmp : Match on catch block at 0xc3 in for 0xa9
04-11 13:05:02.760 7281 7281 E ArmVmp : Match on catch block at 0xc3 in for 0xa9
04-11 13:05:02.763 7281 7281 E ArmVmp : Match on catch block at 0xc3 in for 0xa1
04-11 13:05:02.777 7281 7281 E ArmVmp : Match on catch block at 0xc3 in for 0xa1
04-11 13:05:02.780 7281 7281 E ArmVmp : Match on catch block at 0xc3 in for 0xa5
04-11 13:05:02.794 7281 7281 E ArmVmp : Match on catch block at 0xc3 in for 0xa5
04-11 13:05:02.796 7281 7281 E ArmVmp : Match on catch block at 0xc3 in for 0xa9
04-11 13:05:02.811 7281 7281 E ArmVmp : Match on catch block at 0xc3 in for 0xa9
04-11 13:05:02.812 7281 7281 E ArmVmp : Match on catch block at 0xc3 in for 0xa1
04-11 13:05:02.827 7281 7281 E ArmVmp : Match on catch block at 0xc3 in for 0xa1
04-11 13:05:02.829 7281 7281 E ArmVmp : Match on catch block at 0xc3 in for 0xa5
04-11 13:05:02.844 7281 7281 E ArmVmp : Match on catch block at 0xc3 in for 0xa5
04-11 13:05:02.846 7281 7281 E ArmVmp : Match on catch block at 0xc3 in for 0xa9
04-11 13:05:02.861 7281 7281 E ArmVmp : Match on catch block at 0xc3 in for 0xa9
04-11 13:05:02.863 7281 7281 E ArmVmp : Match on catch block at 0xc3 in for 0xa1
04-11 13:05:02.878 7281 7281 E ArmVmp : Match on catch block at 0xc3 in for 0xa5
04-11 13:05:02.880 7281 7281 E ArmVmp : Match on catch block at 0xc3 in for 0xa9
04-11 13:05:03.294 7281 7281 E ArmVmp : Match on catch block at 0xc3 in for 0xa9
04-11 13:05:03.295 7281 7281 E ArmVmp : Match on catch block at 0xc3 in for 0xa1
04-11 13:05:03.310 7281 7281 E ArmVmp : Match on catch block at 0xc3 in for 0xa1
04-11 13:05:03.312 7281 7281 E ArmVmp : Match on catch block at 0xc3 in for 0xa5
04-11 13:05:03.327 7281 7281 E ArmVmp : Match on catch block at 0xc3 in for 0xa5
04-11 13:05:03.329 7281 7281 E ArmVmp : Match on catch block at 0xc3 in for 0xa9
04-11 13:05:03.343 7281 7281 E ArmVmp : Match on catch block at 0xc3 in for 0xa9
04-11 13:05:03.346 7281 7281 E ArmVmp : Match on catch block at 0xc3 in for 0xa1
04-11 13:05:03.360 7281 7281 E ArmVmp : Match on catch block at 0xc3 in for 0xa1
04-11 13:05:03.362 7281 7281 E ArmVmp : Match on catch block at 0xc3 in for 0xa5
04-11 13:05:03.377 7281 7281 E ArmVmp : Match on catch block at 0xc3 in for 0xa5
04-11 13:05:03.379 7281 7281 E ArmVmp : Match on catch block at 0xc3 in for 0xa9
04-11 13:05:03.393 7281 7281 E ArmVmp : Match on catch block at 0xc3 in for 0xa9
04-11 13:05:03.396 7281 7281 E ArmVmp : Match on catch block at 0xc3 in for 0xa1
04-11 13:05:03.410 7281 7281 E ArmVmp : Match on catch block at 0xc3 in for 0xa1
04-11 13:05:03.412 7281 7281 E ArmVmp : Match on catch block at 0xc3 in for 0xa5
04-11 13:05:03.427 7281 7281 E ArmVmp : Match on catch block at 0xc3 in for 0xa5
04-11 13:05:03.429 7281 7281 E ArmVmp : Match on catch block at 0xc3 in for 0xa9
04-11 13:05:03.443 7281 7281 E ArmVmp : Match on catch block at 0xc3 in for 0xa9
04-11 13:05:03.445 7281 7281 E ArmVmp : Match on catch block at 0xc3 in for 0xa1
04-11 13:05:03.460 7281 7281 E ArmVmp : Match on catch block at 0xc3 in for 0xa1
04-11 13:05:03.462 7281 7281 E ArmVmp : Match on catch block at 0xc3 in for 0xa5
04-11 13:05:03.477 7281 7281 E ArmVmp : Match on catch block at 0xc3 in for 0xa5
04-11 13:05:03.481 7281 7281 E ArmVmp : Match on catch block at 0xc3 in for 0xa9
04-11 13:05:03.494 7281 7281 E ArmVmp : Match on catch block at 0xc3 in for 0xa9
04-11 13:05:03.496 7281 7281 E ArmVmp : Match on catch block at 0xc3 in for 0xa1
04-11 13:05:03.510 7281 7281 E ArmVmp : Match on catch block at 0xc3 in for 0xa1
04-11 13:05:03.513 7281 7281 E ArmVmp : Match on catch block at 0xc3 in for 0xa5
04-11 13:05:03.554 7281 7281 E ArmVmp : Match on catch block at 0xc3 in for 0xa9
04-11 13:05:03.557 7281 7281 E ArmVmp : Match on catch block at 0xc3 in for 0xa1
04-11 13:05:03.559 7281 7281 E ArmVmp : Match on catch block at 0xc3 in for 0xb1
04-11 13:05:03.569 7281 7281 E ArmVmp : Match on catch block at 0xc3 in for 0xa1
04-11 13:05:03.572 7281 7281 E ArmVmp : Match on catch block at 0xc3 in for 0xa5
04-11 13:05:03.573 7281 7281 E ArmVmp : Match on catch block at 0xc3 in for 0xa5
04-11 13:05:03.582 7281 7281 E ArmVmp : Match on catch block at 0xc3 in for 0xa9
04-11 13:05:03.585 7281 7281 E ArmVmp : Match on catch block at 0xc3 in for 0xa1
04-11 13:05:03.587 7281 7281 E ArmVmp : Match on catch block at 0xc3 in for 0xa1
04-11 13:05:03.596 7281 7281 E ArmVmp : Match on catch block at 0xc3 in for 0xa5
04-11 13:05:03.600 7281 7281 E ArmVmp : Match on catch block at 0xc3 in for 0xa9
04-11 13:05:03.604 7281 7281 E ArmVmp : Match on catch block at 0xc3 in for 0xa9
04-11 13:05:03.619 7281 7281 E ArmVmp : Match on catch block at 0xc3 in for 0xa1
04-11 13:05:03.621 7281 7281 E ArmVmp : Match on catch block at 0xc3 in for 0xa5
04-11 13:05:03.624 7281 7281 E ArmVmp : Match on catch block at 0xc3 in for 0xa5
04-11 13:05:03.644 7281 7281 E ArmVmp : Match on catch block at 0xc3 in for 0xa9
04-11 13:05:03.648 7281 7281 E ArmVmp : Match on catch block at 0xc3 in for 0xa1
04-11 13:05:03.650 7281 7281 E ArmVmp : Match on catch block at 0xc3 in for 0xa1
04-11 13:05:03.661 7281 7281 E ArmVmp : Match on catch block at 0xc3 in for 0xa5
04-11 13:05:03.664 7281 7281 E ArmVmp : Match on catch block at 0xc3 in for 0xa9
04-11 13:05:03.667 7281 7281 E ArmVmp : Match on catch block at 0xc3 in for 0xa9
04-11 13:05:03.678 7281 7281 E ArmVmp : Match on catch block at 0xc3 in for 0xa1
04-11 13:05:03.682 7281 7281 E ArmVmp : Match on catch block at 0xc3 in for 0xa5
04-11 13:05:03.685 7281 7281 E ArmVmp : Match on catch block at 0xc3 in for 0xa5
04-11 13:05:03.845 7281 7281 E ArmVmp : Match on catch block at 0xc3 in for 0xa9
04-11 13:05:03.849 7281 7281 E ArmVmp : Match on catch block at 0xc3 in for 0xa1
04-11 13:05:03.852 7281 7281 E ArmVmp : Match on catch block at 0xc3 in for 0xa1
04-11 13:05:04.346 7281 7281 E ArmVmp : Match on catch block at 0xc3 in for 0xa5
04-11 13:05:04.350 7281 7281 E ArmVmp : Match on catch block at 0xc3 in for 0xa9
04-11 13:05:04.354 7281 7281 E ArmVmp : Match on catch block at 0xc3 in for 0xa9
04-11 13:05:04.677 7281 7281 E ArmVmp : Match on catch block at 0xc3 in for 0xa5
04-11 13:05:04.679 7281 7281 E ArmVmp : Match on catch block at 0xc3 in for 0xa9
04-11 13:05:04.680 7281 7281 E ArmVmp : Match on catch block at 0xc3 in for 0xa9
04-11 13:05:04.745 7281 7281 E ArmVmp : Match on catch block at 0xc3 in for 0xa1
04-11 13:05:04.747 7281 7281 E ArmVmp : Match on catch block at 0xc3 in for 0xa5
04-11 13:05:04.749 7281 7281 E ArmVmp : Match on catch block at 0xc3 in for 0xa5
04-11 13:05:04.778 7281 7281 E libc : Access denied finding property
"ro.vendor.pref_scale_resolution"
04-11 13:05:04.904 7281 7281 E ArmVmp : Match on catch block at 0xc3 in for 0xa1
04-11 13:05:04.907 7281 7281 E ArmVmp : Match on catch block at 0xc3 in for 0xa5
04-11 13:05:04.909 7281 7281 E ArmVmp : Match on catch block at 0xc3 in for 0xa5
04-11 13:05:05.512 7281 7281 E ArmVmp : Match on catch block at 0xc3 in for 0xa9
04-11 13:05:05.514 7281 7281 E ArmVmp : Match on catch block at 0xc3 in for 0xa1
04-11 13:05:05.518 7281 7281 E ArmVmp : Match on catch block at 0xc3 in for 0xa1
04-11 13:05:05.918 7281 7281 W FileUtils: Slow Operation: fsync took 263ms
procState=2
04-11 13:05:05.922 7281 7281 W Activity: Slow Operation: Activity
com.mbwhatsapp/.HomeActivity onPause took 283ms
04-11 13:05:05.954 7281 7281 W Looper : PerfMonitor doFrame : time=0ms
vsyncFrame=0 latency=305ms procState=2 historyMsgCount=1 (msgIndex=1 wall=316ms
seq=13169 running=8ms io=254ms late=14ms h=android.app.ActivityThread$H w=159)
04-11 13:05:06.042 7281 7281 E libc : Access denied finding property
"ro.vendor.pref_scale_resolution"
04-11 13:05:06.046 7281 7281 E libc : Access denied finding property
"ro.vendor.pref_scale_resolution"
04-11 13:05:06.054 7281 7281 E libc : Access denied finding property
"ro.vendor.pref_scale_resolution"
04-11 13:05:06.066 7281 7281 E libc : Access denied finding property
"ro.vendor.pref_scale_resolution"
04-11 13:05:06.074 7281 7281 E libc : Access denied finding property
"ro.vendor.pref_scale_resolution"
04-11 13:05:06.077 7281 7281 E libc : Access denied finding property
"ro.vendor.pref_scale_resolution"
04-11 13:05:06.122 7281 7281 E libc : Access denied finding property
"ro.vendor.pref_scale_resolution"
04-11 13:05:06.198 7281 7281 E libc : Access denied finding property
"ro.vendor.pref_scale_resolution"
04-11 13:05:06.200 7281 7281 E libc : Access denied finding property
"ro.vendor.pref_scale_resolution"
04-11 13:05:06.210 7281 7281 E libc : Access denied finding property
"ro.vendor.pref_scale_resolution"
04-11 13:05:06.212 7281 7281 E libc : Access denied finding property
"ro.vendor.pref_scale_resolution"
04-11 13:05:06.214 7281 7281 E libc : Access denied finding property
"ro.vendor.pref_scale_resolution"
04-11 13:05:06.226 7281 7281 E libc : Access denied finding property
"ro.vendor.pref_scale_resolution"
04-11 13:05:06.227 7281 7281 E libc : Access denied finding property
"ro.vendor.pref_scale_resolution"
04-11 13:05:06.244 7281 7281 E ArmVmp : Match on catch block at 0x0a in for 0xc9
04-11 13:05:06.246 7281 7281 E ArmVmp : Match on catch block at 0x0a in for 0xc5
04-11 13:05:06.250 7281 7281 E libc : Access denied finding property
"ro.vendor.pref_scale_resolution"
04-11 13:05:06.252 7281 7281 E libc : Access denied finding property
"ro.vendor.pref_scale_resolution"
04-11 13:05:06.256 7281 7281 E libc : Access denied finding property
"ro.vendor.pref_scale_resolution"
04-11 13:05:06.277 7281 7281 W Looper : PerfMonitor looperActivity :
package=com.mbwhatsapp/.Conversation time=1ms latency=342ms running=0ms
procState=2
ClientTransaction{ callbacks=[android.app.servertransaction.TopResumedActivityChang
eItem] } historyMsgCount=9 (msgIndex=1 wall=316ms seq=13169 running=8ms io=254ms
late=14ms h=android.app.ActivityThread$H w=159) (msgIndex=9 wall=321ms seq=13177
running=203ms runnable=3ms io=87ms late=21ms h=android.app.ActivityThread$H w=159)
04-11 13:05:06.360 7281 7281 E libc : Access denied finding property
"ro.vendor.pref_scale_resolution"
04-11 13:05:06.373 7281 7281 E libc : Access denied finding property
"ro.vendor.pref_scale_resolution"
04-11 13:05:06.390 7281 7281 E ArmVmp : Match on catch block at 0xc3 in for 0xb5
04-11 13:05:06.392 7281 7281 E ArmVmp : Match on catch block at 0xc3 in for 0xb5
04-11 13:05:06.412 7281 7281 W Looper : PerfMonitor doFrame : time=134ms
vsyncFrame=0 latency=311ms procState=2 historyMsgCount=2 (msgIndex=1 wall=321ms
seq=13177 running=203ms runnable=3ms io=87ms late=21ms
h=android.app.ActivityThread$H w=159)
04-11 13:05:06.426 7281 7281 E libc : Access denied finding property
"ro.vendor.pref_scale_resolution"
04-11 13:05:06.428 7281 7281 E libc : Access denied finding property
"ro.vendor.pref_scale_resolution"
04-11 13:05:06.495 7281 7281 E ArmVmp : Match on catch block at 0xc3 in for 0xa5
04-11 13:05:06.498 7281 7281 E ArmVmp : Match on catch block at 0xc3 in for 0xa9
04-11 13:05:06.535 7281 7281 E ArmVmp : Match on catch block at 0xc3 in for 0xa1
04-11 13:05:06.537 7281 7281 E ArmVmp : Match on catch block at 0xc3 in for 0xa5
04-11 13:05:06.595 7281 7281 E ArmVmp : Match on catch block at 0xc3 in for 0xa5
04-11 13:05:06.598 7281 7281 E ArmVmp : Match on catch block at 0xc3 in for 0xa9
04-11 13:05:06.614 7281 7281 E ArmVmp : Match on catch block at 0xc3 in for 0xa9
04-11 13:05:06.616 7281 7281 E ArmVmp : Match on catch block at 0xc3 in for 0xa1
04-11 13:05:07.109 7281 7281 E ArmVmp : Match on catch block at 0xc3 in for 0xa1
04-11 13:05:07.112 7281 7281 E ArmVmp : Match on catch block at 0xc3 in for 0xa5
04-11 13:05:07.167 7281 7281 E ArmVmp : Match on catch block at 0xc3 in for 0xa5
04-11 13:05:07.169 7281 7281 E ArmVmp : Match on catch block at 0xc3 in for 0xa9
04-11 13:05:07.176 7281 7281 E ArmVmp : Match on catch block at 0xc3 in for 0xa9
04-11 13:05:07.181 7281 7281 E ArmVmp : Match on catch block at 0xc3 in for 0xa1
04-11 13:05:07.192 7281 7281 E ArmVmp : Match on catch block at 0xc3 in for 0xa1
04-11 13:05:07.195 7281 7281 E ArmVmp : Match on catch block at 0xc3 in for 0xa5
04-11 13:05:07.209 7281 7281 E ArmVmp : Match on catch block at 0xc3 in for 0xa5
04-11 13:05:07.212 7281 7281 E ArmVmp : Match on catch block at 0xc3 in for 0xa9
04-11 13:05:07.225 7281 7281 E ArmVmp : Match on catch block at 0xc3 in for 0xa9
04-11 13:05:07.228 7281 7281 E ArmVmp : Match on catch block at 0xc3 in for 0xa1
04-11 13:05:07.242 7281 7281 E ArmVmp : Match on catch block at 0xc3 in for 0xa1
04-11 13:05:07.245 7281 7281 E ArmVmp : Match on catch block at 0xc3 in for 0xa5
04-11 13:05:07.258 7281 7281 E ArmVmp : Match on catch block at 0xc3 in for 0xa5
04-11 13:05:07.261 7281 7281 E ArmVmp : Match on catch block at 0xc3 in for 0xa9
04-11 13:05:07.275 7281 7281 E ArmVmp : Match on catch block at 0xc3 in for 0xa9
04-11 13:05:07.278 7281 7281 E ArmVmp : Match on catch block at 0xc3 in for 0xa1
04-11 13:05:07.292 7281 7281 E ArmVmp : Match on catch block at 0xc3 in for 0xa1
04-11 13:05:07.295 7281 7281 E ArmVmp : Match on catch block at 0xc3 in for 0xa5
04-11 13:05:07.309 7281 7281 E ArmVmp : Match on catch block at 0xc3 in for 0xa5
04-11 13:05:07.312 7281 7281 E ArmVmp : Match on catch block at 0xc3 in for 0xa9
04-11 13:05:07.325 7281 7281 E ArmVmp : Match on catch block at 0xc3 in for 0xa9
04-11 13:05:07.328 7281 7281 E ArmVmp : Match on catch block at 0xc3 in for 0xa1
04-11 13:05:07.342 7281 7281 E ArmVmp : Match on catch block at 0xc3 in for 0xa1
04-11 13:05:07.345 7281 7281 E ArmVmp : Match on catch block at 0xc3 in for 0xa5
04-11 13:05:07.359 7281 7281 E ArmVmp : Match on catch block at 0xc3 in for 0xa5
04-11 13:05:07.362 7281 7281 E ArmVmp : Match on catch block at 0xc3 in for 0xa9
04-11 13:05:07.376 7281 7281 E ArmVmp : Match on catch block at 0xc3 in for 0xa9
04-11 13:05:07.379 7281 7281 E ArmVmp : Match on catch block at 0xc3 in for 0xa1
04-11 13:05:07.392 7281 7281 E ArmVmp : Match on catch block at 0xc3 in for 0xa1
04-11 13:05:07.395 7281 7281 E ArmVmp : Match on catch block at 0xc3 in for 0xa5
04-11 13:05:07.409 7281 7281 E ArmVmp : Match on catch block at 0xc3 in for 0xa5
04-11 13:05:07.412 7281 7281 E ArmVmp : Match on catch block at 0xc3 in for 0xa9
04-11 13:05:07.542 7281 7281 E ArmVmp : Match on catch block at 0xc3 in for 0xa9
04-11 13:05:07.544 7281 7281 E ArmVmp : Match on catch block at 0xc3 in for 0xa1
04-11 13:05:07.608 7281 7281 E ArmVmp : Match on catch block at 0xc3 in for 0xa1
04-11 13:05:07.610 7281 7281 E ArmVmp : Match on catch block at 0xc3 in for 0xa5
04-11 13:05:07.741 7281 7281 E libc : Access denied finding property
"ro.vendor.pref_scale_resolution"
04-11 13:05:07.824 7281 7281 E libc : Access denied finding property
"ro.vendor.pref_scale_resolution"
04-11 13:05:07.880 7281 7281 E ArmVmp : Match on catch block at 0xc3 in for 0xa5
04-11 13:05:07.882 7281 7281 E ArmVmp : Match on catch block at 0xc3 in for 0xa9
04-11 13:05:07.908 7281 7281 E libc : Access denied finding property
"ro.vendor.pref_scale_resolution"
04-11 13:05:07.912 7281 7281 E ArmVmp : Match on catch block at 0xc3 in for 0xa5
04-11 13:05:07.914 7281 7281 E ArmVmp : Match on catch block at 0xc3 in for 0xa9
04-11 13:05:07.983 7281 7281 E ArmVmp : Match on catch block at 0xc3 in for 0xa5
04-11 13:05:07.985 7281 7281 E ArmVmp : Match on catch block at 0xc3 in for 0xa9
04-11 13:05:08.001 7281 7281 E ArmVmp : Match on catch block at 0xc3 in for 0xa5
04-11 13:05:08.003 7281 7281 E ArmVmp : Match on catch block at 0xc3 in for 0xa9
04-11 13:05:08.061 7281 7281 E ArmVmp : Match on catch block at 0xc3 in for 0xa5
04-11 13:05:08.064 7281 7281 E ArmVmp : Match on catch block at 0xc3 in for 0xa9
04-11 13:05:08.075 7281 7281 E ArmVmp : Match on catch block at 0xc3 in for 0xa5
04-11 13:05:08.078 7281 7281 E ArmVmp : Match on catch block at 0xc3 in for 0xa9
04-11 13:05:08.106 7281 7281 E ArmVmp : Match on catch block at 0xc3 in for 0xa1
04-11 13:05:08.108 7281 7281 E ArmVmp : Match on catch block at 0xc3 in for 0xa5
04-11 13:05:08.208 7281 7281 E ArmVmp : Match on catch block at 0xc3 in for 0xa9
04-11 13:05:08.212 7281 7281 E ArmVmp : Match on catch block at 0xc3 in for 0xa1
04-11 13:05:08.236 7281 7281 E ArmVmp : Match on catch block at 0xc3 in for 0xa5
04-11 13:05:08.239 7281 7281 E ArmVmp : Match on catch block at 0xc3 in for 0xa9
04-11 13:05:08.250 7281 7281 E ArmVmp : Match on catch block at 0xc3 in for 0xa1
04-11 13:05:08.255 7281 7281 E ArmVmp : Match on catch block at 0xc3 in for 0xa5
04-11 13:05:08.267 7281 7281 E ArmVmp : Match on catch block at 0xc3 in for 0xa9
04-11 13:05:08.270 7281 7281 E ArmVmp : Match on catch block at 0xc3 in for 0xa1
04-11 13:05:08.280 7281 7281 E ArmVmp : Match on catch block at 0xc3 in for 0xa5
04-11 13:05:08.283 7281 7281 E ArmVmp : Match on catch block at 0xc3 in for 0xa9
04-11 13:05:08.298 7281 7281 E ArmVmp : Match on catch block at 0xc3 in for 0xa1
04-11 13:05:08.300 7281 7281 E ArmVmp : Match on catch block at 0xc3 in for 0xa5
04-11 13:05:08.313 7281 7281 E ArmVmp : Match on catch block at 0xc3 in for 0xa1
04-11 13:05:08.317 7281 7281 E ArmVmp : Match on catch block at 0xc3 in for 0xa5
04-11 13:05:08.333 7281 7281 E ArmVmp : Match on catch block at 0xc3 in for 0xa5
04-11 13:05:08.337 7281 7281 E ArmVmp : Match on catch block at 0xc3 in for 0xa9
04-11 13:05:08.350 7281 7281 E ArmVmp : Match on catch block at 0xc3 in for 0xa9
04-11 13:05:08.352 7281 7281 E ArmVmp : Match on catch block at 0xc3 in for 0xa1
04-11 13:05:08.365 7281 7281 E ArmVmp : Match on catch block at 0xc3 in for 0xa1
04-11 13:05:08.368 7281 7281 E ArmVmp : Match on catch block at 0xc3 in for 0xa5
04-11 13:05:08.379 7281 7281 E ArmVmp : Match on catch block at 0xc3 in for 0xa5
04-11 13:05:08.381 7281 7281 E ArmVmp : Match on catch block at 0xc3 in for 0xa9
04-11 13:05:08.394 7281 7281 E ArmVmp : Match on catch block at 0xc3 in for 0xa9
04-11 13:05:08.396 7281 7281 E ArmVmp : Match on catch block at 0xc3 in for 0xa1
04-11 13:05:08.406 7281 7281 E ArmVmp : Match on catch block at 0xc3 in for 0xa1
04-11 13:05:08.408 7281 7281 E ArmVmp : Match on catch block at 0xc3 in for 0xa5
04-11 13:05:08.421 7281 7281 E ArmVmp : Match on catch block at 0xc3 in for 0xa5
04-11 13:05:08.423 7281 7281 E ArmVmp : Match on catch block at 0xc3 in for 0xa9
04-11 13:05:08.437 7281 7281 E ArmVmp : Match on catch block at 0xc3 in for 0xa9
04-11 13:05:08.440 7281 7281 E ArmVmp : Match on catch block at 0xc3 in for 0xa1
04-11 13:05:08.454 7281 7281 E ArmVmp : Match on catch block at 0xc3 in for 0xa1
04-11 13:05:08.457 7281 7281 E ArmVmp : Match on catch block at 0xc3 in for 0xa5
04-11 13:05:08.470 7281 7281 E ArmVmp : Match on catch block at 0xc3 in for 0xa5
04-11 13:05:08.473 7281 7281 E ArmVmp : Match on catch block at 0xc3 in for 0xa9
04-11 13:05:08.487 7281 7281 E ArmVmp : Match on catch block at 0xc3 in for 0xa9
04-11 13:05:08.491 7281 7281 E ArmVmp : Match on catch block at 0xc3 in for 0xa1
04-11 13:05:08.504 7281 7281 E ArmVmp : Match on catch block at 0xc3 in for 0xa1
04-11 13:05:08.507 7281 7281 E ArmVmp : Match on catch block at 0xc3 in for 0xa5
04-11 13:05:08.521 7281 7281 E ArmVmp : Match on catch block at 0xc3 in for 0xa5
04-11 13:05:08.524 7281 7281 E ArmVmp : Match on catch block at 0xc3 in for 0xa9
04-11 13:05:08.540 7281 7281 E ArmVmp : Match on catch block at 0xc3 in for 0xa9
04-11 13:05:08.543 7281 7281 E ArmVmp : Match on catch block at 0xc3 in for 0xa1
04-11 13:05:08.557 7281 7281 E ArmVmp : Match on catch block at 0xc3 in for 0xa1
04-11 13:05:08.560 7281 7281 E ArmVmp : Match on catch block at 0xc3 in for 0xa5
04-11 13:05:08.574 7281 7281 E ArmVmp : Match on catch block at 0xc3 in for 0xa5
04-11 13:05:08.577 7281 7281 E ArmVmp : Match on catch block at 0xc3 in for 0xa9
04-11 13:05:08.590 7281 7281 E ArmVmp : Match on catch block at 0xc3 in for 0xa9
04-11 13:05:08.593 7281 7281 E ArmVmp : Match on catch block at 0xc3 in for 0xa1
04-11 13:05:08.606 7281 7281 E ArmVmp : Match on catch block at 0xc3 in for 0xa1
04-11 13:05:08.609 7281 7281 E ArmVmp : Match on catch block at 0xc3 in for 0xa5
04-11 13:05:08.621 7281 7281 E ArmVmp : Match on catch block at 0xc3 in for 0xa5
04-11 13:05:08.624 7281 7281 E ArmVmp : Match on catch block at 0xc3 in for 0xa9
04-11 13:05:08.659 7281 7281 W InputEventReceiver: Attempted to finish an input
event but the input event receiver has already been disposed.
04-11 13:05:08.661 7281 7281 E ArmVmp : Match on catch block at 0xc3 in for 0xa9
04-11 13:05:08.664 7281 7281 E ArmVmp : Match on catch block at 0xc3 in for 0xa1
04-11 13:05:08.670 7281 7281 E ArmVmp : Match on catch block at 0xc3 in for 0xa1
04-11 13:05:08.672 7281 7281 E ArmVmp : Match on catch block at 0xc3 in for 0xa5
04-11 13:05:08.687 7281 7281 E ArmVmp : Match on catch block at 0xc3 in for 0xa9
04-11 13:05:08.689 7281 7281 E ArmVmp : Match on catch block at 0xc3 in for 0xa1
04-11 13:05:08.703 7281 7281 E ArmVmp : Match on catch block at 0xc3 in for 0xa5
04-11 13:05:08.707 7281 7281 E ArmVmp : Match on catch block at 0xc3 in for 0xa9
04-11 13:05:08.720 7281 7281 E ArmVmp : Match on catch block at 0xc3 in for 0xa1
04-11 13:05:08.722 7281 7281 E ArmVmp : Match on catch block at 0xc3 in for 0xa5
04-11 13:05:08.743 7281 7281 E libc : Access denied finding property
"ro.vendor.pref_scale_resolution"
04-11 13:05:08.744 7281 7281 E libc : Access denied finding property
"ro.vendor.pref_scale_resolution"
04-11 13:05:08.763 7281 7281 E ArmVmp : Match on catch block at 0xc3 in for 0xa5
04-11 13:05:08.765 7281 7281 E ArmVmp : Match on catch block at 0xc3 in for 0xa9
04-11 13:05:08.898 7281 7640 W RenderInspector: DequeueBuffer time out on
com.mbwhatsapp/com.mbwhatsapp.Conversation, count=1, avg=28 ms, max=28 ms.
04-11 13:05:08.956 7281 7281 E ArmVmp : Match on catch block at 0xc3 in for 0xa9
04-11 13:05:08.959 7281 7281 E ArmVmp : Match on catch block at 0xc3 in for 0xa1
04-11 13:05:09.047 7281 7281 E ArmVmp : Match on catch block at 0xc3 in for 0xa9
04-11 13:05:09.050 7281 7281 E ArmVmp : Match on catch block at 0xc3 in for 0xa1
04-11 13:05:09.133 7281 7281 E ArmVmp : Match on catch block at 0xc3 in for 0xa1
04-11 13:05:09.137 7281 7281 E ArmVmp : Match on catch block at 0xc3 in for 0xa5
04-11 13:05:09.556 7281 7281 E libc : Access denied finding property
"ro.vendor.pref_scale_resolution"
04-11 13:05:09.614 7281 7281 E ArmVmp : Match on catch block at 0xc3 in for 0xa9
04-11 13:05:09.616 7281 7281 E ArmVmp : Match on catch block at 0xc3 in for 0xa1
04-11 13:05:09.642 7281 7281 E ArmVmp : Match on catch block at 0xc3 in for 0xa9
04-11 13:05:09.645 7281 7281 E ArmVmp : Match on catch block at 0xc3 in for 0xa1
04-11 13:05:09.677 7281 7281 E ArmVmp : Match on catch block at 0xc3 in for 0xa5
04-11 13:05:09.680 7281 7281 E ArmVmp : Match on catch block at 0xc3 in for 0xa9
04-11 13:05:09.689 7281 7281 E ArmVmp : Match on catch block at 0xc3 in for 0xa1
04-11 13:05:09.693 7281 7281 E ArmVmp : Match on catch block at 0xc3 in for 0xa5
04-11 13:05:09.693 7281 7640 W RenderInspector: DequeueBuffer time out on
com.mbwhatsapp/com.mbwhatsapp.Conversation, count=5, avg=21 ms, max=22 ms.
04-11 13:05:09.705 7281 7281 E ArmVmp : Match on catch block at 0xc3 in for 0xa5
04-11 13:05:09.709 7281 7281 E ArmVmp : Match on catch block at 0xc3 in for 0xa9
04-11 13:05:09.721 7281 7281 E ArmVmp : Match on catch block at 0xc3 in for 0xa9
04-11 13:05:09.724 7281 7281 E ArmVmp : Match on catch block at 0xc3 in for 0xa1
04-11 13:05:09.738 7281 7281 E ArmVmp : Match on catch block at 0xc3 in for 0xa1
04-11 13:05:09.741 7281 7281 E ArmVmp : Match on catch block at 0xc3 in for 0xa5
04-11 13:05:09.755 7281 7281 E ArmVmp : Match on catch block at 0xc3 in for 0xa5
04-11 13:05:09.757 7281 7281 E ArmVmp : Match on catch block at 0xc3 in for 0xa9
04-11 13:05:09.771 7281 7281 E ArmVmp : Match on catch block at 0xc3 in for 0xa9
04-11 13:05:09.773 7281 7281 E ArmVmp : Match on catch block at 0xc3 in for 0xa1
04-11 13:05:09.788 7281 7281 E ArmVmp : Match on catch block at 0xc3 in for 0xa1
04-11 13:05:09.790 7281 7281 E ArmVmp : Match on catch block at 0xc3 in for 0xa5
04-11 13:05:09.805 7281 7281 E ArmVmp : Match on catch block at 0xc3 in for 0xa5
04-11 13:05:09.808 7281 7281 E ArmVmp : Match on catch block at 0xc3 in for 0xa9
04-11 13:05:09.822 7281 7281 E ArmVmp : Match on catch block at 0xc3 in for 0xa9
04-11 13:05:09.826 7281 7281 E ArmVmp : Match on catch block at 0xc3 in for 0xa1
04-11 13:05:09.838 7281 7281 E ArmVmp : Match on catch block at 0xc3 in for 0xa1
04-11 13:05:09.844 7281 7281 E ArmVmp : Match on catch block at 0xc3 in for 0xa5
04-11 13:05:09.855 7281 7281 E ArmVmp : Match on catch block at 0xc3 in for 0xa5
04-11 13:05:09.858 7281 7281 E ArmVmp : Match on catch block at 0xc3 in for 0xa9
04-11 13:05:09.873 7281 7281 E ArmVmp : Match on catch block at 0xc3 in for 0xa9
04-11 13:05:09.877 7281 7281 E ArmVmp : Match on catch block at 0xc3 in for 0xa1
04-11 13:05:09.890 7281 7281 E ArmVmp : Match on catch block at 0xc3 in for 0xa1
04-11 13:05:09.894 7281 7281 E ArmVmp : Match on catch block at 0xc3 in for 0xa5
04-11 13:05:09.905 7281 7281 E ArmVmp : Match on catch block at 0xc3 in for 0xa5
04-11 13:05:09.907 7281 7281 E ArmVmp : Match on catch block at 0xc3 in for 0xa9
04-11 13:05:09.921 7281 7281 E ArmVmp : Match on catch block at 0xc3 in for 0xa5
04-11 13:05:09.924 7281 7281 E ArmVmp : Match on catch block at 0xc3 in for 0xa9
04-11 13:05:09.940 7281 7281 E ArmVmp : Match on catch block at 0xc3 in for 0xa9
04-11 13:05:09.943 7281 7281 E ArmVmp : Match on catch block at 0xc3 in for 0xa1
04-11 13:05:09.955 7281 7281 E ArmVmp : Match on catch block at 0xc3 in for 0xa1
04-11 13:05:09.958 7281 7281 E ArmVmp : Match on catch block at 0xc3 in for 0xa5
04-11 13:05:09.973 7281 7281 E ArmVmp : Match on catch block at 0xc3 in for 0xa5
04-11 13:05:09.977 7281 7281 E ArmVmp : Match on catch block at 0xc3 in for 0xa9
04-11 13:05:09.988 7281 7281 E ArmVmp : Match on catch block at 0xc3 in for 0xa9
04-11 13:05:09.991 7281 7281 E ArmVmp : Match on catch block at 0xc3 in for 0xa1
04-11 13:05:10.005 7281 7281 E ArmVmp : Match on catch block at 0xc3 in for 0xa1
04-11 13:05:10.008 7281 7281 E ArmVmp : Match on catch block at 0xc3 in for 0xa5
04-11 13:05:10.089 7281 7281 E ArmVmp : Match on catch block at 0xc3 in for 0xa9
04-11 13:05:10.091 7281 7281 E ArmVmp : Match on catch block at 0xc3 in for 0xa1
04-11 13:05:10.104 7281 7281 E ArmVmp : Match on catch block at 0xc3 in for 0xa1
04-11 13:05:10.106 7281 7281 E ArmVmp : Match on catch block at 0xc3 in for 0xa5
04-11 13:05:10.126 7281 7281 E ArmVmp : Match on catch block at 0xc3 in for 0xa1
04-11 13:05:10.128 7281 7281 E ArmVmp : Match on catch block at 0xc3 in for 0xa5
04-11 13:05:10.221 7281 7281 E ArmVmp : Match on catch block at 0xc3 in for 0xa9
04-11 13:05:10.223 7281 7281 E ArmVmp : Match on catch block at 0xc3 in for 0xa1
04-11 13:05:10.371 7281 7281 E ArmVmp : Match on catch block at 0xc3 in for 0xa1
04-11 13:05:10.374 7281 7281 E ArmVmp : Match on catch block at 0xc3 in for 0xa5
04-11 13:05:10.971 7281 7281 E ArmVmp : Match on catch block at 0xc3 in for 0xa9
04-11 13:05:10.975 7281 7281 E ArmVmp : Match on catch block at 0xc3 in for 0xa1
04-11 13:05:13.379 7281 7281 E libc : Access denied finding property
"ro.vendor.pref_scale_resolution"
04-11 13:05:13.426 7281 7281 E libc : Access denied finding property
"ro.vendor.pref_scale_resolution"
04-11 13:05:13.626 7281 17392 W SQLiteLog: (28) double-quoted string literal:
"9A08AA061BE2008693334DCEE81C1D5B"
04-11 13:05:14.891 7281 7281 E libc : Access denied finding property
"ro.vendor.pref_scale_resolution"
04-11 13:05:14.914 7281 7281 E libc : Access denied finding property
"ro.vendor.pref_scale_resolution"
04-11 13:05:14.922 7281 7281 E libc : Access denied finding property
"ro.vendor.pref_scale_resolution"
04-11 13:05:48.375 7281 7281 E libc : Access denied finding property
"ro.vendor.pref_scale_resolution"
--------- beginning of main
04-11 22:25:43.546 6097 6097 E com.mbwhatsapp: Unknown bits set in runtime_flags:
0x800000
04-11 22:25:43.553 6097 6097 E com.mbwhatsapp: Not starting debugger since
process cannot load the jdwp agent.
--------- beginning of system
04-11 22:25:43.956 6097 6097 W ResourceType: CREATING STRING CACHE OF 192 bytes
04-11 22:25:44.172 6097 6097 W System.err: java.lang.ClassNotFoundException:
mbmodsd.mbmodsw.ui.views.btn.BtnBK
04-11 22:25:44.175 6097 6097 W System.err: at
java.lang.Runtime.nativeLoad(Native Method)
04-11 22:25:44.175 6097 6097 W System.err: at
java.lang.Runtime.nativeLoad(Runtime.java:1131)
04-11 22:25:44.176 6097 6097 W System.err: at
java.lang.Runtime.loadLibrary0(Runtime.java:1085)
04-11 22:25:44.176 6097 6097 W System.err: at
java.lang.Runtime.loadLibrary0(Runtime.java:1008)
04-11 22:25:44.176 6097 6097 W System.err: at
java.lang.System.loadLibrary(System.java:1664)
04-11 22:25:44.176 6097 6097 W System.err: at arm.EpicVm.<clinit>(Unknown
Source:2)
04-11 22:25:44.176 6097 6097 W System.err: at
java.lang.Class.newInstance(Native Method)
04-11 22:25:44.176 6097 6097 W System.err: at
android.app.AppComponentFactory.instantiateApplication(AppComponentFactory.java:76)
04-11 22:25:44.176 6097 6097 W System.err: at
androidx.core.app.CoreComponentFactory.instantiateApplication(Unknown Source:0)
04-11 22:25:44.176 6097 6097 W System.err: at
android.app.Instrumentation.newApplication(Instrumentation.java:1157)
04-11 22:25:44.176 6097 6097 W System.err: at
android.app.LoadedApk.makeApplication(LoadedApk.java:1248)
04-11 22:25:44.176 6097 6097 W System.err: at
android.app.ActivityThread.handleBindApplication(ActivityThread.java:6986)
04-11 22:25:44.176 6097 6097 W System.err: at
android.app.ActivityThread.access$1700(ActivityThread.java:263)
04-11 22:25:44.177 6097 6097 W System.err: at
android.app.ActivityThread$H.handleMessage(ActivityThread.java:2049)
04-11 22:25:44.177 6097 6097 W System.err: at
android.os.Handler.dispatchMessage(Handler.java:106)
04-11 22:25:44.177 6097 6097 W System.err: at
android.os.Looper.loop(Looper.java:236)
04-11 22:25:44.177 6097 6097 W System.err: at
android.app.ActivityThread.main(ActivityThread.java:8069)
04-11 22:25:44.177 6097 6097 W System.err: at
java.lang.reflect.Method.invoke(Native Method)
04-11 22:25:44.177 6097 6097 W System.err: at
com.android.internal.os.RuntimeInit$MethodAndArgsCaller.run(RuntimeInit.java:620)
04-11 22:25:44.177 6097 6097 W System.err: at
com.android.internal.os.ZygoteInit.main(ZygoteInit.java:1011)
04-11 22:25:44.270 6097 6097 E CustomActivityOnCrash: IMPORTANT WARNING! You
already have an UncaughtExceptionHandler, are you sure this is correct? If you use
a custom UncaughtExceptionHandler, you must initialize it AFTER
CustomActivityOnCrash! Installing anyway, but your original handler will not be
called.
04-11 22:25:44.281 6097 6191 E libc : Access denied finding property
"ro.vendor.pref_scale_resolution"
04-11 22:25:44.297 6097 6191 E libc : Access denied finding property
"ro.vendor.pref_scale_resolution"
04-11 22:25:44.319 6097 6191 E libc : Access denied finding property
"ro.vendor.pref_scale_resolution"
04-11 22:25:44.329 6097 6191 E libc : Access denied finding property
"ro.vendor.pref_scale_resolution"
04-11 22:25:44.338 6097 6191 E libc : Access denied finding property
"ro.vendor.pref_scale_resolution"
04-11 22:25:44.341 6097 6191 E libc : Access denied finding property
"ro.vendor.pref_scale_resolution"
04-11 22:25:44.341 6097 6191 E libc : Access denied finding property
"ro.vendor.pref_scale_resolution"
04-11 22:25:45.076 6097 6097 W com.mbwhatsapp: Accessing hidden method
Lcom/android/org/conscrypt/OpenSSLSocketImpl;->setUseSessionTickets(Z)V (greylist-
max-q,test-api, reflection, denied)
04-11 22:25:45.076 6097 6097 W com.mbwhatsapp: Accessing hidden method
Lcom/android/org/conscrypt/AbstractConscryptSocket;->setUseSessionTickets(Z)V
(greylist-max-q, reflection, denied)
04-11 22:25:45.211 6097 6097 W linker : Warning:
"/data/data/com.mbwhatsapp/files/decompressed/libs.spk.zst/libc++_shared.so" unused
DT entry: unknown processor-specific (type 0x70000001 arg 0x0) (ignoring)
04-11 22:25:45.207 6097 6097 W com.mbwhatsapp: type=1400 audit(0.0:944067): avc:
granted { execute } for
path="/data/data/com.mbwhatsapp/files/decompressed/libs.spk.zst/libc++_shared.so"
dev="dm-11" ino=585045 scontext=u:r:untrusted_app:s0:c81,c257,c512,c768
tcontext=u:object_r:app_data_file:s0:c81,c257,c512,c768 tclass=file
app=com.mbwhatsapp
04-11 22:25:45.223 6097 6097 W com.mbwhatsapp: type=1400 audit(0.0:944068): avc:
granted { execute } for
path="/data/data/com.mbwhatsapp/files/decompressed/libs.spk.zst/libvlc.so" dev="dm-
11" ino=572178 scontext=u:r:untrusted_app:s0:c81,c257,c512,c768
tcontext=u:object_r:app_data_file:s0:c81,c257,c512,c768 tclass=file
app=com.mbwhatsapp
04-11 22:25:45.235 6097 6097 W com.mbwhatsapp: type=1400 audit(0.0:944069): avc:
granted { execute } for
path="/data/data/com.mbwhatsapp/files/decompressed/libs.spk.zst/libwhatsapp.so"
dev="dm-11" ino=580271 scontext=u:r:untrusted_app:s0:c81,c257,c512,c768
tcontext=u:object_r:app_data_file:s0:c81,c257,c512,c768 tclass=file
app=com.mbwhatsapp
04-11 22:25:45.335 6097 6097 W com.mbwhatsapp: type=1400 audit(0.0:944070): avc:
granted { execute } for
path="/data/data/com.mbwhatsapp/files/decompressed/libs.spk.zst/libcurve25519.so"
dev="dm-11" ino=585002 scontext=u:r:untrusted_app:s0:c81,c257,c512,c768
tcontext=u:object_r:app_data_file:s0:c81,c257,c512,c768 tclass=file
app=com.mbwhatsapp
04-11 22:25:45.343 6097 6097 W com.mbwhatsapp: type=1400 audit(0.0:944071): avc:
granted { execute } for
path="/data/data/com.mbwhatsapp/files/decompressed/libs.spk.zst/libwhatsapp.so"
dev="dm-11" ino=580271 scontext=u:r:untrusted_app:s0:c81,c257,c512,c768
tcontext=u:object_r:app_data_file:s0:c81,c257,c512,c768 tclass=file
app=com.mbwhatsapp
04-11 22:25:45.505 6097 6097 W Looper : PerfMonitor longMsg : seq=2
plan=22:25:43.593 late=13ms wall=1891ms running=478ms runnable=569ms io=601ms
h=android.app.ActivityThread$H w=110 procState=8
04-11 22:25:45.526 6097 6343 W com.mbwhatsapp: Class X.2rL failed lock
verification and will run slower.
04-11 22:25:45.526 6097 6343 W com.mbwhatsapp: Common causes for lock
verification issues are non-optimized dex code
04-11 22:25:45.526 6097 6343 W com.mbwhatsapp: and incorrect proguard
optimizations.
04-11 22:25:45.892 6097 6097 E libc : Access denied finding property
"vendor.displayfeature_hidl"
04-11 22:25:45.893 6097 6097 E libc : Access denied finding property
"ro.vendor.df.effect.conflict"
04-11 22:25:45.894 6097 6097 E libc : Access denied finding property
"ro.vendor.knock.type"
04-11 22:25:46.258 6097 6097 W BpBinder: Slow Binder: BpBinder transact took 202
ms, interface=android.app.job.IJobCallback, code=2 oneway=false
04-11 22:25:46.581 6097 6386 W BpBinder: Slow Binder: BpBinder transact took 263
ms, interface=android.app.job.IJobScheduler, code=4 oneway=false
04-11 22:25:46.802 6097 6097 W BpBinder: Slow Binder: BpBinder transact took 425
ms, interface=android.app.IActivityManager, code=12 oneway=false
04-11 22:25:46.990 6097 6386 W BpBinder: Slow Binder: BpBinder transact took 348
ms, interface=android.app.job.IJobScheduler, code=1 oneway=false
04-11 22:25:47.418 6097 6376 W BpBinder: Slow Binder: BpBinder transact took 1590
ms, interface=android.app.IActivityManager, code=22 oneway=false
--------- beginning of main
04-11 22:25:59.995 8170 8170 E com.mbwhatsapp: Unknown bits set in runtime_flags:
0x800000
04-11 22:26:00.000 8170 8170 E com.mbwhatsapp: Not starting debugger since
process cannot load the jdwp agent.
--------- beginning of system
04-11 22:26:00.330 8170 8170 W ResourceType: CREATING STRING CACHE OF 192 bytes
04-11 22:26:00.615 8170 8170 W System.err: java.lang.ClassNotFoundException:
mbmodsd.mbmodsw.ui.views.btn.BtnBK
04-11 22:26:00.623 8170 8170 W System.err: at
java.lang.Runtime.nativeLoad(Native Method)
04-11 22:26:00.623 8170 8170 W System.err: at
java.lang.Runtime.nativeLoad(Runtime.java:1131)
04-11 22:26:00.623 8170 8170 W System.err: at
java.lang.Runtime.loadLibrary0(Runtime.java:1085)
04-11 22:26:00.623 8170 8170 W System.err: at
java.lang.Runtime.loadLibrary0(Runtime.java:1008)
04-11 22:26:00.623 8170 8170 W System.err: at
java.lang.System.loadLibrary(System.java:1664)
04-11 22:26:00.623 8170 8170 W System.err: at arm.EpicVm.<clinit>(Unknown
Source:2)
04-11 22:26:00.623 8170 8170 W System.err: at
java.lang.Class.newInstance(Native Method)
04-11 22:26:00.623 8170 8170 W System.err: at
android.app.AppComponentFactory.instantiateApplication(AppComponentFactory.java:76)
04-11 22:26:00.623 8170 8170 W System.err: at
androidx.core.app.CoreComponentFactory.instantiateApplication(Unknown Source:0)
04-11 22:26:00.624 8170 8170 W System.err: at
android.app.Instrumentation.newApplication(Instrumentation.java:1157)
04-11 22:26:00.624 8170 8170 W System.err: at
android.app.LoadedApk.makeApplication(LoadedApk.java:1248)
04-11 22:26:00.624 8170 8170 W System.err: at
android.app.ActivityThread.handleBindApplication(ActivityThread.java:6986)
04-11 22:26:00.624 8170 8170 W System.err: at
android.app.ActivityThread.access$1700(ActivityThread.java:263)
04-11 22:26:00.624 8170 8170 W System.err: at
android.app.ActivityThread$H.handleMessage(ActivityThread.java:2049)
04-11 22:26:00.624 8170 8170 W System.err: at
android.os.Handler.dispatchMessage(Handler.java:106)
04-11 22:26:00.624 8170 8170 W System.err: at
android.os.Looper.loop(Looper.java:236)
04-11 22:26:00.624 8170 8170 W System.err: at
android.app.ActivityThread.main(ActivityThread.java:8069)
04-11 22:26:00.624 8170 8170 W System.err: at
java.lang.reflect.Method.invoke(Native Method)
04-11 22:26:00.624 8170 8170 W System.err: at
com.android.internal.os.RuntimeInit$MethodAndArgsCaller.run(RuntimeInit.java:620)
04-11 22:26:00.624 8170 8170 W System.err: at
com.android.internal.os.ZygoteInit.main(ZygoteInit.java:1011)
04-11 22:26:00.735 8170 8170 E CustomActivityOnCrash: IMPORTANT WARNING! You
already have an UncaughtExceptionHandler, are you sure this is correct? If you use
a custom UncaughtExceptionHandler, you must initialize it AFTER
CustomActivityOnCrash! Installing anyway, but your original handler will not be
called.
04-11 22:26:00.761 8170 8293 E libc : Access denied finding property
"ro.vendor.pref_scale_resolution"
04-11 22:26:00.795 8170 8293 E libc : Access denied finding property
"ro.vendor.pref_scale_resolution"
04-11 22:26:00.805 8170 8293 E libc : Access denied finding property
"ro.vendor.pref_scale_resolution"
04-11 22:26:00.842 8170 8293 E libc : Access denied finding property
"ro.vendor.pref_scale_resolution"
04-11 22:26:00.858 8170 8293 E libc : Access denied finding property
"ro.vendor.pref_scale_resolution"
04-11 22:26:00.880 8170 8293 E libc : Access denied finding property
"ro.vendor.pref_scale_resolution"
04-11 22:26:00.883 8170 8293 E libc : Access denied finding property
"ro.vendor.pref_scale_resolution"
04-11 22:26:01.862 8170 8170 W com.mbwhatsapp: Accessing hidden method
Lcom/android/org/conscrypt/OpenSSLSocketImpl;->setUseSessionTickets(Z)V (greylist-
max-q,test-api, reflection, denied)
04-11 22:26:01.862 8170 8170 W com.mbwhatsapp: Accessing hidden method
Lcom/android/org/conscrypt/AbstractConscryptSocket;->setUseSessionTickets(Z)V
(greylist-max-q, reflection, denied)
04-11 22:26:01.987 8170 8170 W linker : Warning:
"/data/data/com.mbwhatsapp/files/decompressed/libs.spk.zst/libc++_shared.so" unused
DT entry: unknown processor-specific (type 0x70000001 arg 0x0) (ignoring)
04-11 22:26:02.447 8170 8428 W com.mbwhatsapp: Class X.2rL failed lock
verification and will run slower.
04-11 22:26:02.447 8170 8428 W com.mbwhatsapp: Common causes for lock
verification issues are non-optimized dex code
04-11 22:26:02.447 8170 8428 W com.mbwhatsapp: and incorrect proguard
optimizations.
04-11 22:26:02.466 8170 8170 W Looper : PerfMonitor longMsg : seq=2
plan=22:26:00.023 late=19ms wall=2399ms running=614ms runnable=649ms io=600ms
reclaim=46ms h=android.app.ActivityThread$H w=110 procState=8
04-11 22:26:02.708 8170 8170 E libc : Access denied finding property
"vendor.displayfeature_hidl"
04-11 22:26:02.708 8170 8170 E libc : Access denied finding property
"ro.vendor.df.effect.conflict"
04-11 22:26:02.709 8170 8170 E libc : Access denied finding property
"ro.vendor.knock.type"
04-11 22:26:04.216 8170 8632 E ArmVmp : Match on catch block at 0x02 in for 0x11
04-11 22:26:04.232 8170 8632 W System.err: java.lang.NullPointerException
04-11 22:26:04.233 8170 8632 W System.err:
04-11 22:26:04.241 8170 8632 W System.err: at
mbmodsd.mbmodsw.ui.views.toast.GET.A21(Native Method)
04-11 22:26:04.242 8170 8632 W System.err:
04-11 22:26:04.243 8170 8632 W System.err: at
mbmodsd.mbmodsw.ui.views.toast.GET.getContactInfoGET(Native Method)
04-11 22:26:04.244 8170 8632 W System.err:
04-11 22:26:04.248 8170 8632 W System.err: at
mbmodsd.mbmodsw.ui.views.toast.GET.<init>(Unknown Source:5)
04-11 22:26:04.248 8170 8632 W System.err:
04-11 22:26:04.288 8170 8632 W System.err: at
mbmodsd.mbmodsw.ui.views.toast.MBON.shTP(Native Method)
04-11 22:26:04.294 8170 8632 W System.err:
04-11 22:26:04.304 8170 8632 W System.err: at X.1bt.A01(Unknown Source:178)
04-11 22:26:04.304 8170 8632 W System.err:
04-11 22:26:04.305 8170 8632 W System.err: at X.3Uy.A02(Unknown Source:93)
04-11 22:26:04.308 8170 8632 W System.err:
04-11 22:26:04.309 8170 8632 W System.err: at X.3g7.run(Unknown Source:259)
04-11 22:26:04.309 8170 8632 W System.err:
04-11 22:26:04.309 8170 8632 W System.err: at X.0yM.A1J(Unknown Source:2)
04-11 22:26:04.309 8170 8632 W System.err:
04-11 22:26:04.310 8170 8632 W System.err: at X.1nX.run(Unknown Source:91)
04-11 22:26:04.310 8170 8632 W System.err:
04-11 22:26:04.311 8170 8632 W System.err: at
java.util.concurrent.ThreadPoolExecutor.runWorker(ThreadPoolExecutor.java:1167)
04-11 22:26:04.313 8170 8632 W System.err:
04-11 22:26:04.331 8170 8632 W System.err: at
java.util.concurrent.ThreadPoolExecutor$Worker.run(ThreadPoolExecutor.java:641)
04-11 22:26:04.341 8170 8632 W System.err:
04-11 22:26:04.342 8170 8632 W System.err: at X.3gH.run(Unknown Source:1548)
04-11 22:26:04.347 8170 8632 W System.err:
04-11 22:26:04.348 8170 8419 W com.mbwhatsapp: Long monitor contention with owner
MBWhatsApp Worker #1 (8428) at android.database.sqlite.SQLiteConnection
android.database.sqlite.SQLiteConnectionPool.waitForConnection(java.lang.String,
int, android.os.CancellationSignal)(SQLiteConnectionPool.java:702) waiters=0 in
android.database.sqlite.SQLiteConnection
android.database.sqlite.SQLiteConnectionPool.waitForConnection(java.lang.String,
int, android.os.CancellationSignal) for 148ms
04-11 22:26:04.358 8170 8632 W System.err: at
java.lang.Thread.run(Thread.java:923)
04-11 22:26:04.358 8170 8632 W System.err:
