"ro.vendor.pref_scale_resolution"
04-11 13:01:00.217 7281 7281 E libc : Access denied finding property
"ro.vendor.pref_scale_resolution"
04-11 13:01:00.222 7281 7281 E libc : Access denied finding property
"ro.vendor.pref_scale_resolution"
04-11 13:01:00.238 7281 7281 E libc : Access denied finding property
"ro.vendor.pref_scale_resolution"
04-11 13:01:00.251 7281 7281 E libc : Access denied finding property
"ro.vendor.pref_scale_resolution"
04-11 13:01:00.255 7281 7281 E libc : Access denied finding property
"ro.vendor.pref_scale_resolution"
04-11 13:01:05.106 7281 7640 W RenderInspector: DequeueBuffer time out on
com.mbwhatsapp/com.mbwhatsapp.HomeActivity, count=2, avg=19 ms, max=19 ms.
04-11 13:01:05.191 7281 7281 E libc : Access denied finding property
"ro.vendor.pref_scale_resolution"
04-11 13:01:05.197 7281 7281 E libc : Access denied finding property
"ro.vendor.pref_scale_resolution"
04-11 13:01:05.233 7281 7281 E libc : Access denied finding property
"ro.vendor.pref_scale_resolution"
04-11 13:01:05.236 7281 7281 E libc : Access denied finding property
"ro.vendor.pref_scale_resolution"
04-11 13:01:07.901 7281 7281 W Choreographer: OPTS_INPUT: First frame was drawed
before optimized, so skip!
04-11 13:01:08.689 7281 7281 W Choreographer: OPTS_INPUT: First frame was drawed
before optimized, so skip!
04-11 13:01:09.152 7281 7281 W Choreographer: OPTS_INPUT: First frame was drawed
before optimized, so skip!
04-11 13:01:09.876 7281 7281 E libc : Access denied finding property
"ro.vendor.pref_scale_resolution"
04-11 13:01:09.882 7281 7281 E libc : Access denied finding property
"ro.vendor.pref_scale_resolution"
04-11 13:01:12.482 7281 7281 E libc : Access denied finding property
"ro.vendor.pref_scale_resolution"
04-11 13:01:12.496 7281 7281 E libc : Access denied finding property
"ro.vendor.pref_scale_resolution"
04-11 13:01:12.502 7281 7281 E ArmVmp : Match on catch block at 0x0a in for
0x175
04-11 13:01:14.327 7281 7281 W InputEventReceiver: Attempted to finish an input
event but the input event receiver has already been disposed.
04-11 13:01:16.346 7281 7640 W RenderInspector: DequeueBuffer time out on
com.mbwhatsapp/com.mbwhatsapp.HomeActivity, count=5, avg=17 ms, max=29 ms.
04-11 13:01:16.783 7281 7640 W RenderInspector: DequeueBuffer time out on
com.mbwhatsapp/com.mbwhatsapp.HomeActivity, count=1, avg=19 ms, max=19 ms.
04-11 13:01:18.637 7281 7281 E libc : Access denied finding property
"ro.vendor.pref_scale_resolution"
04-11 13:01:18.645 7281 7281 E libc : Access denied finding property
"ro.vendor.pref_scale_resolution"
04-11 13:01:18.678 7281 7281 E libc : Access denied finding property
"ro.vendor.pref_scale_resolution"
04-11 13:01:18.680 7281 7281 E libc : Access denied finding property
"ro.vendor.pref_scale_resolution"
04-11 13:01:18.706 7281 7281 E libc : Access denied finding property
"ro.vendor.pref_scale_resolution"
04-11 13:01:20.995 7281 7640 W RenderInspector: DequeueBuffer time out on
com.mbwhatsapp/com.mbwhatsapp.HomeActivity, count=1, avg=18 ms, max=18 ms.
04-11 13:01:21.755 7281 7281 E ArmVmp : Match on catch block at 0x0a in for 0xe9
04-11 13:01:21.767 7281 7281 E libc : Access denied finding property
"ro.vendor.pref_scale_resolution"
04-11 13:01:21.775 7281 7281 E libc : Access denied finding property
"ro.vendor.pref_scale_resolution"
04-11 13:01:21.811 7281 7281 E libc : Access denied finding property
"ro.vendor.pref_scale_resolution"
04-11 13:01:21.849 7281 7281 E ArmVmp : Match on catch block at 0x0a in for 0xc9
04-11 13:01:24.545 7281 7281 E libc : Access denied finding property
"ro.vendor.pref_scale_resolution"
04-11 13:01:24.559 7281 7281 E libc : Access denied finding property
"ro.vendor.pref_scale_resolution"
04-11 13:01:24.562 7281 7281 E libc : Access denied finding property
"ro.vendor.pref_scale_resolution"
04-11 13:01:24.564 7281 7281 E libc : Access denied finding property
"ro.vendor.pref_scale_resolution"
04-11 13:01:24.573 7281 7281 E libc : Access denied finding property
"ro.vendor.pref_scale_resolution"
04-11 13:01:24.576 7281 7281 E libc : Access denied finding property
"ro.vendor.pref_scale_resolution"
04-11 13:01:24.578 7281 7281 E libc : Access denied finding property
"ro.vendor.pref_scale_resolution"
04-11 13:01:24.583 7281 7281 E libc : Access denied finding property
"ro.vendor.pref_scale_resolution"
04-11 13:01:24.585 7281 7281 E libc : Access denied finding property
"ro.vendor.pref_scale_resolution"
04-11 13:01:24.588 7281 7281 E libc : Access denied finding property
"ro.vendor.pref_scale_resolution"
04-11 13:01:24.589 7281 7281 E libc : Access denied finding property
"ro.vendor.pref_scale_resolution"
04-11 13:01:24.591 7281 7281 E libc : Access denied finding property
"ro.vendor.pref_scale_resolution"
04-11 13:01:24.593 7281 7281 E libc : Access denied finding property
"ro.vendor.pref_scale_resolution"
04-11 13:01:24.595 7281 7281 E libc : Access denied finding property
"ro.vendor.pref_scale_resolution"
04-11 13:01:24.600 7281 7281 E libc : Access denied finding property
"ro.vendor.pref_scale_resolution"
04-11 13:01:24.605 7281 7281 E libc : Access denied finding property
"ro.vendor.pref_scale_resolution"
04-11 13:01:24.609 7281 7281 E libc : Access denied finding property
"ro.vendor.pref_scale_resolution"
04-11 13:01:24.614 7281 7281 E libc : Access denied finding property
"ro.vendor.pref_scale_resolution"
04-11 13:01:24.617 7281 7281 E libc : Access denied finding property
"ro.vendor.pref_scale_resolution"
04-11 13:01:24.620 7281 7281 E libc : Access denied finding property
"ro.vendor.pref_scale_resolution"
04-11 13:01:24.623 7281 7281 E libc : Access denied finding property
"ro.vendor.pref_scale_resolution"
04-11 13:01:24.626 7281 7281 E libc : Access denied finding property
"ro.vendor.pref_scale_resolution"
04-11 13:01:24.795 7281 7281 E libc : Access denied finding property
"ro.vendor.pref_scale_resolution"
04-11 13:01:24.796 7281 7281 E libc : Access denied finding property
"ro.vendor.pref_scale_resolution"
04-11 13:01:27.500 7281 7298 W System : A resource failed to call release.
04-11 13:01:27.505 7281 7298 W System : A resource failed to call release.
04-11 13:01:28.252 7281 7281 W Choreographer: OPTS_INPUT: First frame was drawed
before optimized, so skip!
04-11 13:01:29.393 7281 7281 E ArmVmp : Match on catch block at 0x0a in for 0xf1
04-11 13:01:29.400 7281 7281 E libc : Access denied finding property
"ro.vendor.pref_scale_resolution"
04-11 13:01:29.404 7281 7281 E ArmVmp : Match on catch block at 0x22 in for 0xb1
04-11 13:01:29.405 7281 7281 E libc : Access denied finding property
"ro.vendor.pref_scale_resolution"
04-11 13:01:29.468 7281 7281 E libc : Access denied finding property
"ro.vendor.pref_scale_resolution"
04-11 13:01:29.478 7281 7281 E libc : Access denied finding property
"ro.vendor.pref_scale_resolution"
04-11 13:01:29.485 7281 7281 E ArmVmp : Match on catch block at 0x0a in for 0xb5
04-11 13:01:29.488 7281 7281 E BitmapFactory: Unable to decode stream:
java.io.FileNotFoundException: /data/user/0/com.mbwhatsapp/files/me.jpg: open
failed: ENOENT (No such file or directory)
04-11 13:01:29.502 7281 7281 E ArmVmp : Match on catch block at 0x0a in for 0xd1
04-11 13:01:29.578 7281 7281 E ArmVmp : Match on catch block at 0xc3 in for 0xb1
04-11 13:01:29.589 7281 7281 E ArmVmp : Match on catch block at 0xc3 in for 0xb1
04-11 13:01:29.591 7281 7281 E ArmVmp : Match on catch block at 0xc3 in for 0xb1
04-11 13:01:29.595 7281 7281 E ArmVmp : Match on catch block at 0xc3 in for 0xb1
04-11 13:01:29.667 7281 7281 E ArmVmp : Match on catch block at 0xc3 in for 0xa1
04-11 13:01:29.672 7281 7281 E ArmVmp : Match on catch block at 0xc3 in for 0xa5
04-11 13:01:29.675 7281 7281 E ArmVmp : Match on catch block at 0xc3 in for 0xa9
04-11 13:01:29.676 7281 7281 E ArmVmp : Match on catch block at 0xc3 in for 0xa1
04-11 13:01:29.678 7281 7281 E ArmVmp : Match on catch block at 0xc3 in for 0xa5
04-11 13:01:29.680 7281 7281 E ArmVmp : Match on catch block at 0xc3 in for 0xa9
04-11 13:01:29.682 7281 7281 E ArmVmp : Match on catch block at 0xc3 in for 0xa1
04-11 13:01:29.704 7281 7281 E ArmVmp : Match on catch block at 0xc3 in for 0xa9
04-11 13:01:29.707 7281 7281 E ArmVmp : Match on catch block at 0xc3 in for 0xa1
04-11 13:01:29.708 7281 7281 E ArmVmp : Match on catch block at 0xc3 in for 0xa5
04-11 13:01:29.709 7281 7281 E ArmVmp : Match on catch block at 0xc3 in for 0xa9
04-11 13:01:29.710 7281 7281 E ArmVmp : Match on catch block at 0xc3 in for 0xa1
04-11 13:01:29.711 7281 7281 E ArmVmp : Match on catch block at 0xc3 in for 0xa5
04-11 13:01:29.712 7281 7281 E ArmVmp : Match on catch block at 0xc3 in for 0xa9
04-11 13:01:29.730 7281 7281 E ArmVmp : Match on catch block at 0xc3 in for 0xa5
04-11 13:01:29.736 7281 7281 E ArmVmp : Match on catch block at 0xc3 in for 0xa9
04-11 13:01:29.737 7281 7281 E ArmVmp : Match on catch block at 0xc3 in for 0xa1
04-11 13:01:29.738 7281 7281 E ArmVmp : Match on catch block at 0xc3 in for 0xa5
04-11 13:01:29.739 7281 7281 E ArmVmp : Match on catch block at 0xc3 in for 0xa9
04-11 13:01:29.740 7281 7281 E ArmVmp : Match on catch block at 0xc3 in for 0xa1
04-11 13:01:29.741 7281 7281 E ArmVmp : Match on catch block at 0xc3 in for 0xa5
04-11 13:01:29.748 7281 7281 E ArmVmp : Match on catch block at 0xc3 in for 0xa1
04-11 13:01:29.752 7281 7281 E ArmVmp : Match on catch block at 0xc3 in for 0xa5
04-11 13:01:29.754 7281 7281 E ArmVmp : Match on catch block at 0xc3 in for 0xa9
04-11 13:01:29.755 7281 7281 E ArmVmp : Match on catch block at 0xc3 in for 0xa1
04-11 13:01:29.756 7281 7281 E ArmVmp : Match on catch block at 0xc3 in for 0xa5
04-11 13:01:29.757 7281 7281 E ArmVmp : Match on catch block at 0xc3 in for 0xa9
04-11 13:01:29.758 7281 7281 E ArmVmp : Match on catch block at 0xc3 in for 0xa1
04-11 13:01:29.764 7281 7281 E ArmVmp : Match on catch block at 0xc3 in for 0xa9
04-11 13:01:29.766 7281 7281 E ArmVmp : Match on catch block at 0xc3 in for 0xa1
04-11 13:01:29.768 7281 7281 E ArmVmp : Match on catch block at 0xc3 in for 0xa5
04-11 13:01:29.769 7281 7281 E ArmVmp : Match on catch block at 0xc3 in for 0xa9
04-11 13:01:29.770 7281 7281 E ArmVmp : Match on catch block at 0xc3 in for 0xa1
04-11 13:01:29.771 7281 7281 E ArmVmp : Match on catch block at 0xc3 in for 0xa5
04-11 13:01:29.772 7281 7281 E ArmVmp : Match on catch block at 0xc3 in for 0xa9
04-11 13:01:31.514 7281 7281 E ArmVmp : Match on catch block at 0xc3 in for 0xa1
04-11 13:01:31.517 7281 7281 E ArmVmp : Match on catch block at 0xc3 in for 0xa5
04-11 13:01:31.519 7281 7281 E ArmVmp : Match on catch block at 0xc3 in for 0xa9
04-11 13:01:31.520 7281 7281 E ArmVmp : Match on catch block at 0xc3 in for 0xa1
04-11 13:01:31.521 7281 7281 E ArmVmp : Match on catch block at 0xc3 in for 0xa5
04-11 13:01:31.522 7281 7281 E ArmVmp : Match on catch block at 0xc3 in for 0xa9
04-11 13:01:31.523 7281 7281 E ArmVmp : Match on catch block at 0xc3 in for 0xa1
04-11 13:01:31.549 7281 7281 E ArmVmp : Match on catch block at 0xc3 in for 0xa5
04-11 13:01:31.552 7281 7281 E ArmVmp : Match on catch block at 0xc3 in for 0xa9
04-11 13:01:31.554 7281 7281 E ArmVmp : Match on catch block at 0xc3 in for 0xa1
04-11 13:01:31.555 7281 7281 E ArmVmp : Match on catch block at 0xc3 in for 0xa5
04-11 13:01:31.556 7281 7281 E ArmVmp : Match on catch block at 0xc3 in for 0xa9
04-11 13:01:31.557 7281 7281 E ArmVmp : Match on catch block at 0xc3 in for 0xa1
04-11 13:01:31.558 7281 7281 E ArmVmp : Match on catch block at 0xc3 in for 0xa5
04-11 13:01:31.577 7281 7281 E ArmVmp : Match on catch block at 0xc3 in for 0xa9
04-11 13:01:31.580 7281 7281 E ArmVmp : Match on catch block at 0xc3 in for 0xa1
04-11 13:01:31.581 7281 7281 E ArmVmp : Match on catch block at 0xc3 in for 0xa5
04-11 13:01:31.583 7281 7281 E ArmVmp : Match on catch block at 0xc3 in for 0xa9
04-11 13:01:31.584 7281 7281 E ArmVmp : Match on catch block at 0xc3 in for 0xa1
04-11 13:01:31.585 7281 7281 E ArmVmp : Match on catch block at 0xc3 in for 0xa5
04-11 13:01:31.586 7281 7281 E ArmVmp : Match on catch block at 0xc3 in for 0xa9
04-11 13:01:31.609 7281 7281 E ArmVmp : Match on catch block at 0xc3 in for 0xa5
04-11 13:01:31.614 7281 7281 E ArmVmp : Match on catch block at 0xc3 in for 0xa9
04-11 13:01:31.616 7281 7281 E ArmVmp : Match on catch block at 0xc3 in for 0xa1
04-11 13:01:31.617 7281 7281 E ArmVmp : Match on catch block at 0xc3 in for 0xa5
04-11 13:01:31.619 7281 7281 E ArmVmp : Match on catch block at 0xc3 in for 0xa9
04-11 13:01:31.620 7281 7281 E ArmVmp : Match on catch block at 0xc3 in for 0xa1
04-11 13:01:31.623 7281 7281 E ArmVmp : Match on catch block at 0xc3 in for 0xa5
04-11 13:01:31.628 7281 7281 E ArmVmp : Match on catch block at 0xc3 in for 0xa1
04-11 13:01:31.632 7281 7281 E ArmVmp : Match on catch block at 0xc3 in for 0xa5
04-11 13:01:31.634 7281 7281 E ArmVmp : Match on catch block at 0xc3 in for 0xa9
04-11 13:01:31.635 7281 7281 E ArmVmp : Match on catch block at 0xc3 in for 0xa1
04-11 13:01:31.636 7281 7281 E ArmVmp : Match on catch block at 0xc3 in for 0xa5
04-11 13:01:31.637 7281 7281 E ArmVmp : Match on catch block at 0xc3 in for 0xa9
04-11 13:01:31.638 7281 7281 E ArmVmp : Match on catch block at 0xc3 in for 0xa1
04-11 13:01:31.659 7281 7281 E ArmVmp : Match on catch block at 0xc3 in for 0xa1
04-11 13:01:31.662 7281 7281 E ArmVmp : Match on catch block at 0xc3 in for 0xa5
04-11 13:01:31.663 7281 7281 E ArmVmp : Match on catch block at 0xc3 in for 0xa9
04-11 13:01:31.664 7281 7281 E ArmVmp : Match on catch block at 0xc3 in for 0xa1
04-11 13:01:31.665 7281 7281 E ArmVmp : Match on catch block at 0xc3 in for 0xa5
04-11 13:01:31.666 7281 7281 E ArmVmp : Match on catch block at 0xc3 in for 0xa9
04-11 13:01:31.667 7281 7281 E ArmVmp : Match on catch block at 0xc3 in for 0xa1
04-11 13:01:31.689 7281 7281 E ArmVmp : Match on catch block at 0xc3 in for 0xa5
04-11 13:01:31.692 7281 7281 E ArmVmp : Match on catch block at 0xc3 in for 0xa9
04-11 13:01:31.693 7281 7281 E ArmVmp : Match on catch block at 0xc3 in for 0xa1
04-11 13:01:31.694 7281 7281 E ArmVmp : Match on catch block at 0xc3 in for 0xa5
04-11 13:01:31.695 7281 7281 E ArmVmp : Match on catch block at 0xc3 in for 0xa9
04-11 13:01:31.696 7281 7281 E ArmVmp : Match on catch block at 0xc3 in for 0xa1
04-11 13:01:31.698 7281 7281 E ArmVmp : Match on catch block at 0xc3 in for 0xa5
04-11 13:01:31.717 7281 7281 E ArmVmp : Match on catch block at 0xc3 in for 0xa1
04-11 13:01:31.720 7281 7281 E ArmVmp : Match on catch block at 0xc3 in for 0xa5
04-11 13:01:31.722 7281 7281 E ArmVmp : Match on catch block at 0xc3 in for 0xa9
04-11 13:01:31.723 7281 7281 E ArmVmp : Match on catch block at 0xc3 in for 0xa1
04-11 13:01:31.724 7281 7281 E ArmVmp : Match on catch block at 0xc3 in for 0xa5
04-11 13:01:31.725 7281 7281 E ArmVmp : Match on catch block at 0xc3 in for 0xa9
04-11 13:01:31.726 7281 7281 E ArmVmp : Match on catch block at 0xc3 in for 0xa1
04-11 13:01:31.742 7281 7281 E ArmVmp : Match on catch block at 0xc3 in for 0xa9
04-11 13:01:31.745 7281 7281 E ArmVmp : Match on catch block at 0xc3 in for 0xa1
04-11 13:01:31.747 7281 7281 E ArmVmp : Match on catch block at 0xc3 in for 0xa5
04-11 13:01:31.749 7281 7281 E ArmVmp : Match on catch block at 0xc3 in for 0xa9
04-11 13:01:31.750 7281 7281 E ArmVmp : Match on catch block at 0xc3 in for 0xa1
04-11 13:01:31.752 7281 7281 E ArmVmp : Match on catch block at 0xc3 in for 0xa5
04-11 13:01:31.753 7281 7281 E ArmVmp : Match on catch block at 0xc3 in for 0xa9
04-11 13:01:31.759 7281 7281 E ArmVmp : Match on catch block at 0xc3 in for 0xa5
04-11 13:01:31.762 7281 7281 E ArmVmp : Match on catch block at 0xc3 in for 0xa9
04-11 13:01:31.763 7281 7281 E ArmVmp : Match on catch block at 0xc3 in for 0xa1
04-11 13:01:31.764 7281 7281 E ArmVmp : Match on catch block at 0xc3 in for 0xa5
04-11 13:01:31.765 7281 7281 E ArmVmp : Match on catch block at 0xc3 in for 0xa9
04-11 13:01:31.766 7281 7281 E ArmVmp : Match on catch block at 0xc3 in for 0xa1
04-11 13:01:31.767 7281 7281 E ArmVmp : Match on catch block at 0xc3 in for 0xa5
04-11 13:01:31.776 7281 7281 E ArmVmp : Match on catch block at 0xc3 in for 0xa1
04-11 13:01:31.779 7281 7281 E ArmVmp : Match on catch block at 0xc3 in for 0xa5
04-11 13:01:31.780 7281 7281 E ArmVmp : Match on catch block at 0xc3 in for 0xa9
04-11 13:01:31.781 7281 7281 E ArmVmp : Match on catch block at 0xc3 in for 0xa1
04-11 13:01:31.783 7281 7281 E ArmVmp : Match on catch block at 0xc3 in for 0xa5
04-11 13:01:31.785 7281 7281 E ArmVmp : Match on catch block at 0xc3 in for 0xa9
04-11 13:01:31.786 7281 7281 E ArmVmp : Match on catch block at 0xc3 in for 0xa1
04-11 13:01:31.792 7281 7281 E ArmVmp : Match on catch block at 0xc3 in for 0xa9
04-11 13:01:31.796 7281 7281 E ArmVmp : Match on catch block at 0xc3 in for 0xa1
04-11 13:01:31.797 7281 7281 E ArmVmp : Match on catch block at 0xc3 in for 0xa5
04-11 13:01:31.798 7281 7281 E ArmVmp : Match on catch block at 0xc3 in for 0xa9
04-11 13:01:31.799 7281 7281 E ArmVmp : Match on catch block at 0xc3 in for 0xa1
04-11 13:01:31.801 7281 7281 E ArmVmp : Match on catch block at 0xc3 in for 0xa5
04-11 13:01:31.802 7281 7281 E ArmVmp : Match on catch block at 0xc3 in for 0xa9
04-11 13:01:31.809 7281 7281 E ArmVmp : Match on catch block at 0xc3 in for 0xa5
04-11 13:01:31.813 7281 7281 E ArmVmp : Match on catch block at 0xc3 in for 0xa9
04-11 13:01:31.814 7281 7281 E ArmVmp : Match on catch block at 0xc3 in for 0xa1
04-11 13:01:31.816 7281 7281 E ArmVmp : Match on catch block at 0xc3 in for 0xa5
04-11 13:01:31.817 7281 7281 E ArmVmp : Match on catch block at 0xc3 in for 0xa9
04-11 13:01:31.819 7281 7281 E ArmVmp : Match on catch block at 0xc3 in for 0xa1
04-11 13:01:31.820 7281 7281 E ArmVmp : Match on catch block at 0xc3 in for 0xa5
04-11 13:01:31.826 7281 7281 E ArmVmp : Match on catch block at 0xc3 in for 0xa1
04-11 13:01:31.830 7281 7281 E ArmVmp : Match on catch block at 0xc3 in for 0xa5
04-11 13:01:31.832 7281 7281 E ArmVmp : Match on catch block at 0xc3 in for 0xa9
04-11 13:01:31.834 7281 7281 E ArmVmp : Match on catch block at 0xc3 in for 0xa1
04-11 13:01:31.835 7281 7281 E ArmVmp : Match on catch block at 0xc3 in for 0xa5
04-11 13:01:31.836 7281 7281 E ArmVmp : Match on catch block at 0xc3 in for 0xa9
04-11 13:01:31.837 7281 7281 E ArmVmp : Match on catch block at 0xc3 in for 0xa1
04-11 13:01:31.843 7281 7281 E ArmVmp : Match on catch block at 0xc3 in for 0xa9
04-11 13:01:31.847 7281 7281 E ArmVmp : Match on catch block at 0xc3 in for 0xa1
04-11 13:01:31.849 7281 7281 E ArmVmp : Match on catch block at 0xc3 in for 0xa5
04-11 13:01:31.850 7281 7281 E ArmVmp : Match on catch block at 0xc3 in for 0xa9
04-11 13:01:31.851 7281 7281 E ArmVmp : Match on catch block at 0xc3 in for 0xa1
04-11 13:01:31.853 7281 7281 E ArmVmp : Match on catch block at 0xc3 in for 0xa5
04-11 13:01:31.854 7281 7281 E ArmVmp : Match on catch block at 0xc3 in for 0xa9
04-11 13:01:31.859 7281 7281 E ArmVmp : Match on catch block at 0xc3 in for 0xa5
04-11 13:01:31.862 7281 7281 E ArmVmp : Match on catch block at 0xc3 in for 0xa9
04-11 13:01:31.863 7281 7281 E ArmVmp : Match on catch block at 0xc3 in for 0xa1
04-11 13:01:31.864 7281 7281 E ArmVmp : Match on catch block at 0xc3 in for 0xa5
04-11 13:01:31.865 7281 7281 E ArmVmp : Match on catch block at 0xc3 in for 0xa9
04-11 13:01:31.866 7281 7281 E ArmVmp : Match on catch block at 0xc3 in for 0xa1
04-11 13:01:31.867 7281 7281 E ArmVmp : Match on catch block at 0xc3 in for 0xa5
04-11 13:01:31.876 7281 7281 E ArmVmp : Match on catch block at 0xc3 in for 0xa1
04-11 13:01:31.878 7281 7281 E ArmVmp : Match on catch block at 0xc3 in for 0xa5
04-11 13:01:31.880 7281 7281 E ArmVmp : Match on catch block at 0xc3 in for 0xa9
04-11 13:01:31.882 7281 7281 E ArmVmp : Match on catch block at 0xc3 in for 0xa1
04-11 13:01:31.884 7281 7281 E ArmVmp : Match on catch block at 0xc3 in for 0xa5
04-11 13:01:31.885 7281 7281 E ArmVmp : Match on catch block at 0xc3 in for 0xa9
04-11 13:01:31.886 7281 7281 E ArmVmp : Match on catch block at 0xc3 in for 0xa1
04-11 13:01:31.893 7281 7281 E ArmVmp : Match on catch block at 0xc3 in for 0xa9
04-11 13:01:31.896 7281 7281 E ArmVmp : Match on catch block at 0xc3 in for 0xa1
04-11 13:01:31.898 7281 7281 E ArmVmp : Match on catch block at 0xc3 in for 0xa5
04-11 13:01:31.899 7281 7281 E ArmVmp : Match on catch block at 0xc3 in for 0xa9
04-11 13:01:31.900 7281 7281 E ArmVmp : Match on catch block at 0xc3 in for 0xa1
04-11 13:01:31.902 7281 7281 E ArmVmp : Match on catch block at 0xc3 in for 0xa5
04-11 13:01:31.903 7281 7281 E ArmVmp : Match on catch block at 0xc3 in for 0xa9
04-11 13:01:31.909 7281 7281 E ArmVmp : Match on catch block at 0xc3 in for 0xa5
04-11 13:01:31.912 7281 7281 E ArmVmp : Match on catch block at 0xc3 in for 0xa9
04-11 13:01:31.914 7281 7281 E ArmVmp : Match on catch block at 0xc3 in for 0xa1
04-11 13:01:31.915 7281 7281 E ArmVmp : Match on catch block at 0xc3 in for 0xa5
04-11 13:01:31.916 7281 7281 E ArmVmp : Match on catch block at 0xc3 in for 0xa9
04-11 13:01:31.918 7281 7281 E ArmVmp : Match on catch block at 0xc3 in for 0xa1
04-11 13:01:31.919 7281 7281 E ArmVmp : Match on catch block at 0xc3 in for 0xa5
04-11 13:01:31.926 7281 7281 E ArmVmp : Match on catch block at 0xc3 in for 0xa1
04-11 13:01:31.929 7281 7281 E ArmVmp : Match on catch block at 0xc3 in for 0xa5
04-11 13:01:31.931 7281 7281 E ArmVmp : Match on catch block at 0xc3 in for 0xa9
04-11 13:01:31.932 7281 7281 E ArmVmp : Match on catch block at 0xc3 in for 0xa1
04-11 13:01:31.933 7281 7281 E ArmVmp : Match on catch block at 0xc3 in for 0xa5
04-11 13:01:31.935 7281 7281 E ArmVmp : Match on catch block at 0xc3 in for 0xa9
04-11 13:01:31.936 7281 7281 E ArmVmp : Match on catch block at 0xc3 in for 0xa1
04-11 13:01:31.943 7281 7281 E ArmVmp : Match on catch block at 0xc3 in for 0xa9
04-11 13:01:31.946 7281 7281 E ArmVmp : Match on catch block at 0xc3 in for 0xa1
04-11 13:01:31.948 7281 7281 E ArmVmp : Match on catch block at 0xc3 in for 0xa5
04-11 13:01:31.949 7281 7281 E ArmVmp : Match on catch block at 0xc3 in for 0xa9
04-11 13:01:31.951 7281 7281 E ArmVmp : Match on catch block at 0xc3 in for 0xa1
04-11 13:01:31.953 7281 7281 E ArmVmp : Match on catch block at 0xc3 in for 0xa5
04-11 13:01:31.954 7281 7281 E ArmVmp : Match on catch block at 0xc3 in for 0xa9
04-11 13:01:31.959 7281 7281 E ArmVmp : Match on catch block at 0xc3 in for 0xa5
04-11 13:01:31.963 7281 7281 E ArmVmp : Match on catch block at 0xc3 in for 0xa9
04-11 13:01:31.965 7281 7281 E ArmVmp : Match on catch block at 0xc3 in for 0xa1
04-11 13:01:31.967 7281 7281 E ArmVmp : Match on catch block at 0xc3 in for 0xa5
04-11 13:01:31.968 7281 7281 E ArmVmp : Match on catch block at 0xc3 in for 0xa9
04-11 13:01:31.970 7281 7281 E ArmVmp : Match on catch block at 0xc3 in for 0xa1
04-11 13:01:31.971 7281 7281 E ArmVmp : Match on catch block at 0xc3 in for 0xa5
04-11 13:01:31.976 7281 7281 E ArmVmp : Match on catch block at 0xc3 in for 0xa1
04-11 13:01:31.979 7281 7281 E ArmVmp : Match on catch block at 0xc3 in for 0xa5
04-11 13:01:31.980 7281 7281 E ArmVmp : Match on catch block at 0xc3 in for 0xa9
04-11 13:01:31.981 7281 7281 E ArmVmp : Match on catch block at 0xc3 in for 0xa1
04-11 13:01:31.982 7281 7281 E ArmVmp : Match on catch block at 0xc3 in for 0xa5
04-11 13:01:31.983 7281 7281 E ArmVmp : Match on catch block at 0xc3 in for 0xa9
04-11 13:01:31.984 7281 7281 E ArmVmp : Match on catch block at 0xc3 in for 0xa1
04-11 13:01:31.992 7281 7281 E ArmVmp : Match on catch block at 0xc3 in for 0xa9
04-11 13:01:31.995 7281 7281 E ArmVmp : Match on catch block at 0xc3 in for 0xa1
04-11 13:01:31.996 7281 7281 E ArmVmp : Match on catch block at 0xc3 in for 0xa5
04-11 13:01:31.997 7281 7281 E ArmVmp : Match on catch block at 0xc3 in for 0xa9
04-11 13:01:31.998 7281 7281 E ArmVmp : Match on catch block at 0xc3 in for 0xa1
04-11 13:01:31.999 7281 7281 E ArmVmp : Match on catch block at 0xc3 in for 0xa5
04-11 13:01:32.000 7281 7281 E ArmVmp : Match on catch block at 0xc3 in for 0xa9
04-11 13:01:32.009 7281 7281 E ArmVmp : Match on catch block at 0xc3 in for 0xa5
04-11 13:01:32.012 7281 7281 E ArmVmp : Match on catch block at 0xc3 in for 0xa9
04-11 13:01:32.013 7281 7281 E ArmVmp : Match on catch block at 0xc3 in for 0xa1
04-11 13:01:32.014 7281 7281 E ArmVmp : Match on catch block at 0xc3 in for 0xa5
04-11 13:01:32.015 7281 7281 E ArmVmp : Match on catch block at 0xc3 in for 0xa9
04-11 13:01:32.015 7281 7281 E ArmVmp : Match on catch block at 0xc3 in for 0xa1
04-11 13:01:32.016 7281 7281 E ArmVmp : Match on catch block at 0xc3 in for 0xa5
04-11 13:01:32.026 7281 7281 E ArmVmp : Match on catch block at 0xc3 in for 0xa1
04-11 13:01:32.028 7281 7281 E ArmVmp : Match on catch block at 0xc3 in for 0xa5
04-11 13:01:32.029 7281 7281 E ArmVmp : Match on catch block at 0xc3 in for 0xa9
04-11 13:01:32.031 7281 7281 E ArmVmp : Match on catch block at 0xc3 in for 0xa1
04-11 13:01:32.032 7281 7281 E ArmVmp : Match on catch block at 0xc3 in for 0xa5
04-11 13:01:32.033 7281 7281 E ArmVmp : Match on catch block at 0xc3 in for 0xa9
04-11 13:01:32.033 7281 7281 E ArmVmp : Match on catch block at 0xc3 in for 0xa1
04-11 13:01:32.043 7281 7281 E ArmVmp : Match on catch block at 0xc3 in for 0xa9
04-11 13:01:32.045 7281 7281 E ArmVmp : Match on catch block at 0xc3 in for 0xa1
04-11 13:01:32.046 7281 7281 E ArmVmp : Match on catch block at 0xc3 in for 0xa5
04-11 13:01:32.047 7281 7281 E ArmVmp : Match on catch block at 0xc3 in for 0xa9
04-11 13:01:32.048 7281 7281 E ArmVmp : Match on catch block at 0xc3 in for 0xa1
04-11 13:01:32.049 7281 7281 E ArmVmp : Match on catch block at 0xc3 in for 0xa5
04-11 13:01:32.050 7281 7281 E ArmVmp : Match on catch block at 0xc3 in for 0xa9
04-11 13:01:32.059 7281 7281 E ArmVmp : Match on catch block at 0xc3 in for 0xa5
04-11 13:01:32.062 7281 7281 E ArmVmp : Match on catch block at 0xc3 in for 0xa9
04-11 13:01:32.063 7281 7281 E ArmVmp : Match on catch block at 0xc3 in for 0xa1
04-11 13:01:32.064 7281 7281 E ArmVmp : Match on catch block at 0xc3 in for 0xa5
04-11 13:01:32.065 7281 7281 E ArmVmp : Match on catch block at 0xc3 in for 0xa9
04-11 13:01:32.066 7281 7281 E ArmVmp : Match on catch block at 0xc3 in for 0xa1
04-11 13:01:32.067 7281 7281 E ArmVmp : Match on catch block at 0xc3 in for 0xa5
04-11 13:01:32.076 7281 7281 E ArmVmp : Match on catch block at 0xc3 in for 0xa1
04-11 13:01:32.078 7281 7281 E ArmVmp : Match on catch block at 0xc3 in for 0xa5
04-11 13:01:32.079 7281 7281 E ArmVmp : Match on catch block at 0xc3 in for 0xa9
04-11 13:01:32.080 7281 7281 E ArmVmp : Match on catch block at 0xc3 in for 0xa1
04-11 13:01:32.081 7281 7281 E ArmVmp : Match on catch block at 0xc3 in for 0xa5
04-11 13:01:32.083 7281 7281 E ArmVmp : Match on catch block at 0xc3 in for 0xa9
04-11 13:01:32.084 7281 7281 E ArmVmp : Match on catch block at 0xc3 in for 0xa1
04-11 13:01:32.093 7281 7281 E ArmVmp : Match on catch block at 0xc3 in for 0xa9
04-11 13:01:32.096 7281 7281 E ArmVmp : Match on catch block at 0xc3 in for 0xa1
04-11 13:01:32.098 7281 7281 E ArmVmp : Match on catch block at 0xc3 in for 0xa5
04-11 13:01:32.099 7281 7281 E ArmVmp : Match on catch block at 0xc3 in for 0xa9
04-11 13:01:32.100 7281 7281 E ArmVmp : Match on catch block at 0xc3 in for 0xa1
04-11 13:01:32.101 7281 7281 E ArmVmp : Match on catch block at 0xc3 in for 0xa5
04-11 13:01:32.103 7281 7281 E ArmVmp : Match on catch block at 0xc3 in for 0xa9
04-11 13:01:32.110 7281 7281 E ArmVmp : Match on catch block at 0xc3 in for 0xa5
04-11 13:01:32.115 7281 7281 E ArmVmp : Match on catch block at 0xc3 in for 0xa9
04-11 13:01:32.116 7281 7281 E ArmVmp : Match on catch block at 0xc3 in for 0xa1
04-11 13:01:32.118 7281 7281 E ArmVmp : Match on catch block at 0xc3 in for 0xa5
04-11 13:01:32.120 7281 7281 E ArmVmp : Match on catch block at 0xc3 in for 0xa9
04-11 13:01:32.121 7281 7281 E ArmVmp : Match on catch block at 0xc3 in for 0xa1
04-11 13:01:32.122 7281 7281 E ArmVmp : Match on catch block at 0xc3 in for 0xa5
04-11 13:01:32.127 7281 7281 E ArmVmp : Match on catch block at 0xc3 in for 0xa1
04-11 13:01:32.132 7281 7281 E ArmVmp : Match on catch block at 0xc3 in for 0xa5
04-11 13:01:32.135 7281 7281 E ArmVmp : Match on catch block at 0xc3 in for 0xa9
04-11 13:01:32.137 7281 7281 E ArmVmp : Match on catch block at 0xc3 in for 0xa1
04-11 13:01:32.138 7281 7281 E ArmVmp : Match on catch block at 0xc3 in for 0xa5
04-11 13:01:32.139 7281 7281 E ArmVmp : Match on catch block at 0xc3 in for 0xa9
04-11 13:01:32.141 7281 7281 E ArmVmp : Match on catch block at 0xc3 in for 0xa1
04-11 13:01:32.146 7281 7281 E ArmVmp : Match on catch block at 0xc3 in for 0xa9
04-11 13:01:32.150 7281 7281 E ArmVmp : Match on catch block at 0xc3 in for 0xa1
04-11 13:01:32.151 7281 7281 E ArmVmp : Match on catch block at 0xc3 in for 0xa5
04-11 13:01:32.153 7281 7281 E ArmVmp : Match on catch block at 0xc3 in for 0xa9
04-11 13:01:32.154 7281 7281 E ArmVmp : Match on catch block at 0xc3 in for 0xa1
04-11 13:01:32.156 7281 7281 E ArmVmp : Match on catch block at 0xc3 in for 0xa5
04-11 13:01:32.157 7281 7281 E ArmVmp : Match on catch block at 0xc3 in for 0xa9
04-11 13:01:32.162 7281 7281 E ArmVmp : Match on catch block at 0xc3 in for 0xa5
04-11 13:01:32.167 7281 7281 E ArmVmp : Match on catch block at 0xc3 in for 0xa9
04-11 13:01:32.169 7281 7281 E ArmVmp : Match on catch block at 0xc3 in for 0xa1
04-11 13:01:32.170 7281 7281 E ArmVmp : Match on catch block at 0xc3 in for 0xa5
04-11 13:01:32.172 7281 7281 E ArmVmp : Match on catch block at 0xc3 in for 0xa9
04-11 13:01:32.173 7281 7281 E ArmVmp : Match on catch block at 0xc3 in for 0xa1
04-11 13:01:32.174 7281 7281 E ArmVmp : Match on catch block at 0xc3 in for 0xa5
04-11 13:01:32.180 7281 7281 E ArmVmp : Match on catch block at 0xc3 in for 0xa1
04-11 13:01:32.184 7281 7281 E ArmVmp : Match on catch block at 0xc3 in for 0xa5
04-11 13:01:32.186 7281 7281 E ArmVmp : Match on catch block at 0xc3 in for 0xa9
04-11 13:01:32.188 7281 7281 E ArmVmp : Match on catch block at 0xc3 in for 0xa1
04-11 13:01:32.189 7281 7281 E ArmVmp : Match on catch block at 0xc3 in for 0xa5
04-11 13:01:32.191 7281 7281 E ArmVmp : Match on catch block at 0xc3 in for 0xa9
04-11 13:01:32.192 7281 7281 E ArmVmp : Match on catch block at 0xc3 in for 0xa1
04-11 13:01:32.198 7281 7281 E ArmVmp : Match on catch block at 0xc3 in for 0xa9
04-11 13:01:32.202 7281 7281 E ArmVmp : Match on catch block at 0xc3 in for 0xa1
04-11 13:01:32.204 7281 7281 E ArmVmp : Match on catch block at 0xc3 in for 0xa5
04-11 13:01:32.205 7281 7281 E ArmVmp : Match on catch block at 0xc3 in for 0xa9
04-11 13:01:32.207 7281 7281 E ArmVmp : Match on catch block at 0xc3 in for 0xa1
04-11 13:01:32.208 7281 7281 E ArmVmp : Match on catch block at 0xc3 in for 0xa5
04-11 13:01:32.210 7281 7281 E ArmVmp : Match on catch block at 0xc3 in for 0xa9
04-11 13:01:32.215 7281 7281 E ArmVmp : Match on catch block at 0xc3 in for 0xa5
04-11 13:01:32.219 7281 7281 E ArmVmp : Match on catch block at 0xc3 in for 0xa9
04-11 13:01:32.221 7281 7281 E ArmVmp : Match on catch block at 0xc3 in for 0xa1
04-11 13:01:32.222 7281 7281 E ArmVmp : Match on catch block at 0xc3 in for 0xa5
04-11 13:01:32.224 7281 7281 E ArmVmp : Match on catch block at 0xc3 in for 0xa9
04-11 13:01:32.225 7281 7281 E ArmVmp : Match on catch block at 0xc3 in for 0xa1
04-11 13:01:32.227 7281 7281 E ArmVmp : Match on catch block at 0xc3 in for 0xa5
04-11 13:01:32.233 7281 7281 E ArmVmp : Match on catch block at 0xc3 in for 0xa1
04-11 13:01:32.237 7281 7281 E ArmVmp : Match on catch block at 0xc3 in for 0xa5
04-11 13:01:32.239 7281 7281 E ArmVmp : Match on catch block at 0xc3 in for 0xa9
04-11 13:01:32.240 7281 7281 E ArmVmp : Match on catch block at 0xc3 in for 0xa1
04-11 13:01:32.242 7281 7281 E ArmVmp : Match on catch block at 0xc3 in for 0xa5
04-11 13:01:32.243 7281 7281 E ArmVmp : Match on catch block at 0xc3 in for 0xa9
04-11 13:01:32.244 7281 7281 E ArmVmp : Match on catch block at 0xc3 in for 0xa1
04-11 13:01:32.249 7281 7281 E ArmVmp : Match on catch block at 0xc3 in for 0xa9
04-11 13:01:32.253 7281 7281 E ArmVmp : Match on catch block at 0xc3 in for 0xa1
04-11 13:01:32.255 7281 7281 E ArmVmp : Match on catch block at 0xc3 in for 0xa5
04-11 13:01:32.257 7281 7281 E ArmVmp : Match on catch block at 0xc3 in for 0xa9
04-11 13:01:32.259 7281 7281 E ArmVmp : Match on catch block at 0xc3 in for 0xa1
04-11 13:01:32.260 7281 7281 E ArmVmp : Match on catch block at 0xc3 in for 0xa5
04-11 13:01:32.262 7281 7281 E ArmVmp : Match on catch block at 0xc3 in for 0xa9
04-11 13:01:32.267 7281 7281 E ArmVmp : Match on catch block at 0xc3 in for 0xa5
04-11 13:01:32.271 7281 7281 E ArmVmp : Match on catch block at 0xc3 in for 0xa9
04-11 13:01:32.273 7281 7281 E ArmVmp : Match on catch block at 0xc3 in for 0xa1
04-11 13:01:32.275 7281 7281 E ArmVmp : Match on catch block at 0xc3 in for 0xa5
04-11 13:01:32.276 7281 7281 E ArmVmp : Match on catch block at 0xc3 in for 0xa9
04-11 13:01:32.278 7281 7281 E ArmVmp : Match on catch block at 0xc3 in for 0xa1
04-11 13:01:32.280 7281 7281 E ArmVmp : Match on catch block at 0xc3 in for 0xa5
04-11 13:01:32.285 7281 7281 E ArmVmp : Match on catch block at 0xc3 in for 0xa1
04-11 13:01:32.289 7281 7281 E ArmVmp : Match on catch block at 0xc3 in for 0xa5
04-11 13:01:32.291 7281 7281 E ArmVmp : Match on catch block at 0xc3 in for 0xa9
04-11 13:01:32.292 7281 7281 E ArmVmp : Match on catch block at 0xc3 in for 0xa1
04-11 13:01:32.294 7281 7281 E ArmVmp : Match on catch block at 0xc3 in for 0xa5
04-11 13:01:32.296 7281 7281 E ArmVmp : Match on catch block at 0xc3 in for 0xa9
04-11 13:01:32.297 7281 7281 E ArmVmp : Match on catch block at 0xc3 in for 0xa1
04-11 13:01:32.302 7281 7281 E ArmVmp : Match on catch block at 0xc3 in for 0xa9
04-11 13:01:32.306 7281 7281 E ArmVmp : Match on catch block at 0xc3 in for 0xa1
04-11 13:01:32.308 7281 7281 E ArmVmp : Match on catch block at 0xc3 in for 0xa5
04-11 13:01:32.310 7281 7281 E ArmVmp : Match on catch block at 0xc3 in for 0xa9
04-11 13:01:32.311 7281 7281 E ArmVmp : Match on catch block at 0xc3 in for 0xa1
04-11 13:01:32.313 7281 7281 E ArmVmp : Match on catch block at 0xc3 in for 0xa5
04-11 13:01:32.314 7281 7281 E ArmVmp : Match on catch block at 0xc3 in for 0xa9
04-11 13:01:32.319 7281 7281 E ArmVmp : Match on catch block at 0xc3 in for 0xa5
04-11 13:01:32.323 7281 7281 E ArmVmp : Match on catch block at 0xc3 in for 0xa9
04-11 13:01:32.324 7281 7281 E ArmVmp : Match on catch block at 0xc3 in for 0xa1
04-11 13:01:32.326 7281 7281 E ArmVmp : Match on catch block at 0xc3 in for 0xa5
04-11 13:01:32.328 7281 7281 E ArmVmp : Match on catch block at 0xc3 in for 0xa9
04-11 13:01:32.329 7281 7281 E ArmVmp : Match on catch block at 0xc3 in for 0xa1
04-11 13:01:32.331 7281 7281 E ArmVmp : Match on catch block at 0xc3 in for 0xa5
04-11 13:01:32.336 7281 7281 E ArmVmp : Match on catch block at 0xc3 in for 0xa1
04-11 13:01:32.341 7281 7281 E ArmVmp : Match on catch block at 0xc3 in for 0xa5
04-11 13:01:32.342 7281 7281 E ArmVmp : Match on catch block at 0xc3 in for 0xa9
04-11 13:01:32.344 7281 7281 E ArmVmp : Match on catch block at 0xc3 in for 0xa1
04-11 13:01:32.345 7281 7281 E ArmVmp : Match on catch block at 0xc3 in for 0xa5
04-11 13:01:32.346 7281 7281 E ArmVmp : Match on catch block at 0xc3 in for 0xa9
04-11 13:01:32.348 7281 7281 E ArmVmp : Match on catch block at 0xc3 in for 0xa1
04-11 13:01:32.353 7281 7281 E ArmVmp : Match on catch block at 0xc3 in for 0xa9
04-11 13:01:32.357 7281 7281 E ArmVmp : Match on catch block at 0xc3 in for 0xa1
04-11 13:01:32.359 7281 7281 E ArmVmp : Match on catch block at 0xc3 in for 0xa5
04-11 13:01:32.360 7281 7281 E ArmVmp : Match on catch block at 0xc3 in for 0xa9
04-11 13:01:32.362 7281 7281 E ArmVmp : Match on catch block at 0xc3 in for 0xa1
04-11 13:01:32.363 7281 7281 E ArmVmp : Match on catch block at 0xc3 in for 0xa5
04-11 13:01:32.365 7281 7281 E ArmVmp : Match on catch block at 0xc3 in for 0xa9
04-11 13:01:33.672 7281 7281 E ArmVmp : Match on catch block at 0xc3 in for 0xa5
04-11 13:01:33.675 7281 7281 E ArmVmp : Match on catch block at 0xc3 in for 0xa9
04-11 13:01:33.676 7281 7281 E ArmVmp : Match on catch block at 0xc3 in for 0xa1
04-11 13:01:33.678 7281 7281 E ArmVmp : Match on catch block at 0xc3 in for 0xa5
04-11 13:01:33.679 7281 7281 E ArmVmp : Match on catch block at 0xc3 in for 0xa9
04-11 13:01:33.680 7281 7281 E ArmVmp : Match on catch block at 0xc3 in for 0xa1
04-11 13:01:33.680 7281 7281 E ArmVmp : Match on catch block at 0xc3 in for 0xa5
04-11 13:01:33.789 7281 7281 E ArmVmp : Match on catch block at 0xc3 in for 0xa9
04-11 13:01:33.793 7281 7281 E ArmVmp : Match on catch block at 0xc3 in for 0xa1
04-11 13:01:33.795 7281 7281 E ArmVmp : Match on catch block at 0xc3 in for 0xa5
04-11 13:01:33.796 7281 7281 E ArmVmp : Match on catch block at 0xc3 in for 0xa9
04-11 13:01:33.797 7281 7281 E ArmVmp : Match on catch block at 0xc3 in for 0xa1
04-11 13:01:33.799 7281 7281 E ArmVmp : Match on catch block at 0xc3 in for 0xa5
04-11 13:01:33.800 7281 7281 E ArmVmp : Match on catch block at 0xc3 in for 0xa9
04-11 13:01:34.429 7281 7281 E ArmVmp : Match on catch block at 0xc3 in for 0xa9
04-11 13:01:34.433 7281 7281 E ArmVmp : Match on catch block at 0xc3 in for 0xa1
04-11 13:01:34.435 7281 7281 E ArmVmp : Match on catch block at 0xc3 in for 0xa5
04-11 13:01:34.437 7281 7281 E ArmVmp : Match on catch block at 0xc3 in for 0xa9
04-11 13:01:34.439 7281 7281 E ArmVmp : Match on catch block at 0xc3 in for 0xa1
04-11 13:01:34.440 7281 7281 E ArmVmp : Match on catch block at 0xc3 in for 0xa5
04-11 13:01:34.441 7281 7281 E ArmVmp : Match on catch block at 0xc3 in for 0xa9
04-11 13:01:35.651 7281 7281 E libc : Access denied finding property
"ro.vendor.pref_scale_resolution"
04-11 13:01:35.651 7281 7281 E libc : Access denied finding property
"ro.vendor.pref_scale_resolution"
04-11 13:01:35.666 7281 7281 E libc : Access denied finding property
"ro.vendor.pref_scale_resolution"
04-11 13:01:35.701 7281 7281 E libc : Access denied finding property
"ro.vendor.pref_scale_resolution"
04-11 13:01:35.733 7281 7281 E libc : Access denied finding property
"ro.vendor.pref_scale_resolution"
04-11 13:01:35.743 7281 7281 E libc : Access denied finding property
"ro.vendor.pref_scale_resolution"
04-11 13:01:35.881 7281 7281 E libc : Access denied finding property
"ro.vendor.pref_scale_resolution"
04-11 13:01:35.882 7281 7281 E libc : Access denied finding property
"ro.vendor.pref_scale_resolution"
04-11 13:01:36.519 7281 7640 W RenderInspector: DequeueBuffer time out on
com.mbwhatsapp/com.mbwhatsapp.settings.SettingsPrivacy, count=1, avg=23 ms, max=23
ms.
04-11 13:01:39.175 7281 7281 E libc : Access denied finding property
"ro.vendor.pref_scale_resolution"
04-11 13:01:39.187 7281 7281 E libc : Access denied finding property
"ro.vendor.pref_scale_resolution"
04-11 13:01:39.191 7281 7281 E libc : Access denied finding property
"ro.vendor.pref_scale_resolution"
04-11 13:01:39.198 7281 7281 E libc : Access denied finding property
"ro.vendor.pref_scale_resolution"
04-11 13:01:39.315 7281 7281 E libc : Access denied finding property
"ro.vendor.pref_scale_resolution"
04-11 13:01:39.316 7281 7281 E libc : Access denied finding property
"ro.vendor.pref_scale_resolution"
04-11 13:01:42.166 7281 7640 W RenderInspector: DequeueBuffer time out on
com.mbwhatsapp/com.mbwhatsapp.settings.SettingsPrivacy, count=4, avg=18 ms, max=23
ms.
04-11 13:01:42.939 7281 7281 E libc : Access denied finding property
"ro.vendor.pref_scale_resolution"
04-11 13:01:42.949 7281 7281 E libc : Access denied finding property
"ro.vendor.pref_scale_resolution"
04-11 13:01:42.954 7281 7281 E libc : Access denied finding property
"ro.vendor.pref_scale_resolution"
04-11 13:01:43.061 7281 7281 E libc : Access denied finding property
"ro.vendor.pref_scale_resolution"
04-11 13:01:43.061 7281 7281 E libc : Access denied finding property
"ro.vendor.pref_scale_resolution"
04-11 13:01:46.688 7281 7281 E libc : Access denied finding property
"ro.vendor.pref_scale_resolution"
04-11 13:01:46.699 7281 7281 E libc : Access denied finding property
"ro.vendor.pref_scale_resolution"
04-11 13:01:46.705 7281 7281 E libc : Access denied finding property
"ro.vendor.pref_scale_resolution"
04-11 13:01:46.721 7281 7281 E libc : Access denied finding property
"ro.vendor.pref_scale_resolution"
04-11 13:01:46.820 7281 7281 E libc : Access denied finding property
"ro.vendor.pref_scale_resolution"
04-11 13:01:46.821 7281 7281 E libc : Access denied finding property
"ro.vendor.pref_scale_resolution"
04-11 13:01:47.857 7281 7281 E libc : Access denied finding property
"ro.vendor.pref_scale_resolution"
04-11 13:01:47.873 7281 7281 E libc : Access denied finding property
"ro.vendor.pref_scale_resolution"
04-11 13:01:47.996 7281 7281 E libc : Access denied finding property
"ro.vendor.pref_scale_resolution"
04-11 13:01:48.010 7281 7281 E libc : Access denied finding property
"ro.vendor.pref_scale_resolution"
04-11 13:01:48.052 7281 7281 E libc : Access denied finding property
"ro.vendor.pref_scale_resolution"
04-11 13:01:48.057 7281 7281 E libc : Access denied finding property
"ro.vendor.pref_scale_resolution"
04-11 13:01:48.060 7281 7281 E libc : Access denied finding property
"ro.vendor.pref_scale_resolution"
04-11 13:01:49.905 7281 7281 W Choreographer: OPTS_INPUT: First frame was drawed
before optimized, so skip!
04-11 13:01:50.434 7281 7281 W Choreographer: OPTS_INPUT: First frame was drawed
before optimized, so skip!
04-11 13:01:56.368 7281 7281 E libc : Access denied finding property
"ro.vendor.pref_scale_resolution"
04-11 13:01:56.377 7281 7281 E libc : Access denied finding property
"ro.vendor.pref_scale_resolution"
04-11 13:01:59.928 7281 7281 W Choreographer: OPTS_INPUT: First frame was drawed
before optimized, so skip!
04-11 13:02:00.375 7281 7333 E FirebaseInstanceId: Token retrieval failed without
exception message. Will retry token retrieval
04-11 13:02:00.704 7281 7640 W RenderInspector: DequeueBuffer time out on
com.mbwhatsapp/com.mbwhatsapp.settings.SettingsPrivacy, count=5, avg=16 ms, max=19
ms.
04-11 13:02:03.318 7281 7281 E libc : Access denied finding property
"ro.vendor.pref_scale_resolution"
04-11 13:02:03.337 7281 7281 E libc : Access denied finding property
"ro.vendor.pref_scale_resolution"
04-11 13:02:03.338 7281 7281 E libc : Access denied finding property
"ro.vendor.pref_scale_resolution"
04-11 13:02:03.344 7281 7281 E libc : Access denied finding property
"ro.vendor.pref_scale_resolution"
04-11 13:02:03.363 7281 7281 E libc : Access denied finding property
"ro.vendor.pref_scale_resolution"
04-11 13:02:03.370 7281 7281 E libc : Access denied finding property
"ro.vendor.pref_scale_resolution"
04-11 13:02:03.386 7281 7281 E libc : Access denied finding property
"ro.vendor.pref_scale_resolution"
04-11 13:02:03.389 7281 9679 E libc : Access denied finding property
"ro.vendor.pref_scale_resolution"
04-11 13:02:03.390 7281 7281 E libc : Access denied finding property
"ro.vendor.pref_scale_resolution"
04-11 13:02:03.392 7281 7281 E libc : Access denied finding property
"ro.vendor.pref_scale_resolution"
04-11 13:02:03.394 7281 7281 E libc : Access denied finding property
"ro.vendor.pref_scale_resolution"
04-11 13:02:03.398 7281 7281 E libc : Access denied finding property
"ro.vendor.pref_scale_resolution"
04-11 13:02:03.399 7281 7281 E libc : Access denied finding property
"ro.vendor.pref_scale_resolution"
04-11 13:02:03.404 7281 7281 E libc : Access denied finding property
"ro.vendor.pref_scale_resolution"
04-11 13:02:03.432 7281 7281 E libc : Access denied finding property
"ro.vendor.pref_scale_resolution"
04-11 13:02:03.446 7281 7281 E libc : Access denied finding property
"ro.vendor.pref_scale_resolution"
04-11 13:02:03.447 7281 7281 E libc : Access denied finding property
"ro.vendor.pref_scale_resolution"
04-11 13:02:03.462 7281 7281 E libc : Access denied finding property
"ro.vendor.pref_scale_resolution"
04-11 13:02:03.464 7281 7281 E libc : Access denied finding property
"ro.vendor.pref_scale_resolution"
04-11 13:02:03.482 7281 7281 E libc : Access denied finding property
"ro.vendor.pref_scale_resolution"
04-11 13:02:03.485 7281 7281 W Activity: Slow Operation: Activity
com.mbwhatsapp/.contact.picker.ContactPicker onStart took 175ms
04-11 13:02:03.648 7281 7281 E libc : Access denied finding property
"ro.vendor.pref_scale_resolution"
04-11 13:02:03.648 7281 7281 E libc : Access denied finding property
"ro.vendor.pref_scale_resolution"
04-11 13:02:04.281 7281 7281 E libc : Access denied finding property
"ro.vendor.pref_scale_resolution"
04-11 13:02:04.323 7281 7281 E libc : Access denied finding property
"ro.vendor.pref_scale_resolution"
04-11 13:02:15.847 7281 7281 E ArmVmp : Match on catch block at 0x0a in for 0xe5
04-11 13:02:15.860 7281 7281 E libc : Access denied finding property
"ro.vendor.pref_scale_resolution"
04-11 13:02:15.893 7281 7281 E libc : Access denied finding property
"ro.vendor.pref_scale_resolution"
04-11 13:02:15.925 7281 7281 E libc : Access denied finding property
"ro.vendor.pref_scale_resolution"
04-11 13:02:15.942 7281 7281 E ArmVmp : Match on catch block at 0x0a in for 0xc5
04-11 13:02:22.438 7281 7281 E ArmVmp : Match on catch block at 0x0a in for 0xf1
04-11 13:02:22.450 7281 7281 E ArmVmp : Match on catch block at 0x22 in for 0xb5
04-11 13:02:22.510 7281 7281 E ArmVmp : Match on catch block at 0x0a in for 0xb9
04-11 13:02:22.513 7281 7281 E BitmapFactory: Unable to decode stream:
java.io.FileNotFoundException: /data/user/0/com.mbwhatsapp/files/me.jpg: open
failed: ENOENT (No such file or directory)
04-11 13:02:22.527 7281 7281 E ArmVmp : Match on catch block at 0x0a in for 0xd5
04-11 13:02:22.598 7281 7281 E ArmVmp : Match on catch block at 0xc3 in for 0xb5
04-11 13:02:22.602 7281 7281 E ArmVmp : Match on catch block at 0xc3 in for 0xb5
04-11 13:02:22.610 7281 7281 E ArmVmp : Match on catch block at 0xc3 in for 0xb5
04-11 13:02:22.636 7281 7281 E ArmVmp : Match on catch block at 0xc3 in for 0xa1
04-11 13:02:22.639 7281 7281 E ArmVmp : Match on catch block at 0xc3 in for 0xa5
04-11 13:02:22.640 7281 7281 E ArmVmp : Match on catch block at 0xc3 in for 0xa9
04-11 13:02:22.641 7281 7281 E ArmVmp : Match on catch block at 0xc3 in for 0xa1
04-11 13:02:22.643 7281 7281 E ArmVmp : Match on catch block at 0xc3 in for 0xa5
04-11 13:02:22.644 7281 7281 E ArmVmp : Match on catch block at 0xc3 in for 0xa9
04-11 13:02:22.645 7281 7281 E ArmVmp : Match on catch block at 0xc3 in for 0xa1
04-11 13:02:22.682 7281 7281 E ArmVmp : Match on catch block at 0xc3 in for 0xa9
04-11 13:02:22.685 7281 7281 E ArmVmp : Match on catch block at 0xc3 in for 0xa1
04-11 13:02:22.687 7281 7281 E ArmVmp : Match on catch block at 0xc3 in for 0xa5
04-11 13:02:22.689 7281 7281 E ArmVmp : Match on catch block at 0xc3 in for 0xa9
04-11 13:02:22.691 7281 7281 E ArmVmp : Match on catch block at 0xc3 in for 0xa1
04-11 13:02:22.692 7281 7281 E ArmVmp : Match on catch block at 0xc3 in for 0xa5
04-11 13:02:22.695 7281 7281 E ArmVmp : Match on catch block at 0xc3 in for 0xa9
04-11 13:02:22.718 7281 7281 E ArmVmp : Match on catch block at 0xc3 in for 0xa5
04-11 13:02:22.721 7281 7281 E ArmVmp : Match on catch block at 0xc3 in for 0xa9
04-11 13:02:22.723 7281 7281 E ArmVmp : Match on catch block at 0xc3 in for 0xa1
04-11 13:02:22.725 7281 7281 E ArmVmp : Match on catch block at 0xc3 in for 0xa5
04-11 13:02:22.726 7281 7281 E ArmVmp : Match on catch block at 0xc3 in for 0xa9
04-11 13:02:22.727 7281 7281 E ArmVmp : Match on catch block at 0xc3 in for 0xa1
04-11 13:02:22.728 7281 7281 E ArmVmp : Match on catch block at 0xc3 in for 0xa5
04-11 13:02:22.739 7281 7281 E ArmVmp : Match on catch block at 0xc3 in for 0xa1
04-11 13:02:22.743 7281 7281 E ArmVmp : Match on catch block at 0xc3 in for 0xa5
04-11 13:02:22.745 7281 7281 E ArmVmp : Match on catch block at 0xc3 in for 0xa9
04-11 13:02:22.746 7281 7281 E ArmVmp : Match on catch block at 0xc3 in for 0xa1
04-11 13:02:22.748 7281 7281 E ArmVmp : Match on catch block at 0xc3 in for 0xa5
04-11 13:02:22.748 7281 7281 E ArmVmp : Match on catch block at 0xc3 in for 0xa9
04-11 13:02:22.749 7281 7281 E ArmVmp : Match on catch block at 0xc3 in for 0xa1
04-11 13:02:22.756 7281 7281 E ArmVmp : Match on catch block at 0xc3 in for 0xa9
04-11 13:02:22.759 7281 7281 E ArmVmp : Match on catch block at 0xc3 in for 0xa1
04-11 13:02:22.761 7281 7281 E ArmVmp : Match on catch block at 0xc3 in for 0xa5
04-11 13:02:22.763 7281 7281 E ArmVmp : Match on catch block at 0xc3 in for 0xa9
04-11 13:02:22.764 7281 7281 E ArmVmp : Match on catch block at 0xc3 in for 0xa1
04-11 13:02:22.765 7281 7281 E ArmVmp : Match on catch block at 0xc3 in for 0xa5
04-11 13:02:22.765 7281 7281 E ArmVmp : Match on catch block at 0xc3 in for 0xa9
04-11 13:02:22.773 7281 7281 E ArmVmp : Match on catch block at 0xc3 in for 0xa5
04-11 13:02:22.776 7281 7281 E ArmVmp : Match on catch block at 0xc3 in for 0xa9
04-11 13:02:22.777 7281 7281 E ArmVmp : Match on catch block at 0xc3 in for 0xa1
04-11 13:02:22.778 7281 7281 E ArmVmp : Match on catch block at 0xc3 in for 0xa5
04-11 13:02:22.780 7281 7281 E ArmVmp : Match on catch block at 0xc3 in for 0xa9
04-11 13:02:22.781 7281 7281 E ArmVmp : Match on catch block at 0xc3 in for 0xa1
04-11 13:02:22.782 7281 7281 E ArmVmp : Match on catch block at 0xc3 in for 0xa5
04-11 13:02:24.101 7281 7281 E ArmVmp : Match on catch block at 0xc3 in for 0xa1
04-11 13:02:24.104 7281 7281 E ArmVmp : Match on catch block at 0xc3 in for 0xa5
04-11 13:02:24.105 7281 7281 E ArmVmp : Match on catch block at 0xc3 in for 0xa9
04-11 13:02:24.106 7281 7281 E ArmVmp : Match on catch block at 0xc3 in for 0xa1
04-11 13:02:24.107 7281 7281 E ArmVmp : Match on catch block at 0xc3 in for 0xa5
04-11 13:02:24.108 7281 7281 E ArmVmp : Match on catch block at 0xc3 in for 0xa9
04-11 13:02:24.110 7281 7281 E ArmVmp : Match on catch block at 0xc3 in for 0xa1
04-11 13:02:24.124 7281 7281 E libc : Access denied finding property
"ro.vendor.pref_scale_resolution"
04-11 13:02:24.129 7281 7281 E libc : Access denied finding property
"ro.vendor.pref_scale_resolution"
