12-28 19:03:50.495 11425 11599 D MediaCodecList: DLEAK
matchIndex=18446744073709551614
12-28 19:03:50.499 11425 12961 D CCodec : allocate(c2.mtk.avc.decoder)
12-28 19:03:50.505 11425 12961 I CCodec : setting up 'default' as default (vendor)
store
12-28 19:03:50.522 11425 12961 I CCodec : Created component [c2.mtk.avc.decoder]
12-28 19:03:50.523 11425 12961 D CCodecConfig: read media type: video/avc
12-28 19:03:50.525 11425 12961 D ReflectedParamUpdater: extent() != 1 for single
value type: algo.buffers.max-count.values
12-28 19:03:50.527 11425 12961 D ReflectedParamUpdater: extent() != 1 for single
value type: output.subscribed-indices.values
12-28 19:03:50.527 11425 12961 D ReflectedParamUpdater: extent() != 1 for single
value type: input.buffers.allocator-ids.values
12-28 19:03:50.527 11425 12961 D ReflectedParamUpdater: extent() != 1 for single
value type: output.buffers.allocator-ids.values
12-28 19:03:50.527 11425 12961 D ReflectedParamUpdater: extent() != 1 for single
value type: algo.buffers.allocator-ids.values
12-28 19:03:50.527 11425 12961 D ReflectedParamUpdater: extent() != 1 for single
value type: output.buffers.pool-ids.values
12-28 19:03:50.528 11425 12961 D ReflectedParamUpdater: extent() != 1 for single
value type: algo.buffers.pool-ids.values
12-28 19:03:50.530 11425 12961 D ReflectedParamUpdater: ignored struct field
coded.color-format.locations
12-28 19:03:50.538 11425 12961 D CCodecConfig: ignoring local param raw.size
(0xd2001800) as it is already supported
12-28 19:03:50.538 11425 12961 D CCodecConfig: ignoring local param raw.crop
(0xd2001801) as it is already supported
12-28 19:03:50.538 11425 12961 D CCodecConfig: ignoring local param default.color
(0x5200180b) as it is already supported
12-28 19:03:50.538 11425 12961 D CCodecConfig: ignoring local param raw.hdr-static-
info (0xd200180a) as it is already supported
12-28 19:03:50.539 11425 12961 I CCodecConfig: query failed after returning 17
values (BAD_INDEX)
12-28 19:03:50.539 11425 12961 D CCodecConfig: c2 config diff is Dict {
12-28 19:03:50.539 11425 12961 D CCodecConfig: c2::i32 algo.priority.value = 1
12-28 19:03:50.539 11425 12961 D CCodecConfig: c2::float algo.rate.value = 0
12-28 19:03:50.539 11425 12961 D CCodecConfig: c2::float coded.frame-rate.value =
30
12-28 19:03:50.539 11425 12961 D CCodecConfig: c2::u32 coded.pl.level = 20495
12-28 19:03:50.539 11425 12961 D CCodecConfig: c2::u32 coded.pl.profile = 20481
12-28 19:03:50.539 11425 12961 D CCodecConfig: c2::u32 coded.vui.color.matrix = 0
12-28 19:03:50.539 11425 12961 D CCodecConfig: c2::u32 coded.vui.color.primaries
= 0
12-28 19:03:50.539 11425 12961 D CCodecConfig: c2::u32 coded.vui.color.range = 2
12-28 19:03:50.539 11425 12961 D CCodecConfig: c2::u32 coded.vui.color.transfer =
0
12-28 19:03:50.539 11425 12961 D CCodecConfig: c2::u32 default.color.matrix = 0
12-28 19:03:50.539 11425 12961 D CCodecConfig: c2::u32 default.color.primaries =
0
12-28 19:03:50.539 11425 12961 D CCodecConfig: c2::u32 default.color.range = 0
12-28 19:03:50.539 11425 12961 D CCodecConfig: c2::u32 default.color.transfer = 0
12-28 19:03:50.539 11425 12961 D CCodecConfig: c2::u32 input.buffers.max-
size.value = 2097152
12-28 19:03:50.539 11425 12961 D CCodecConfig: c2::u32 input.delay.value = 4
12-28 19:03:50.539 11425 12961 D CCodecConfig: string input.media-type.value =
"video/avc"
12-28 19:03:50.539 11425 12961 D CCodecConfig: c2::u32 output.delay.value = 12
12-28 19:03:50.539 11425 12961 D CCodecConfig: string output.media-type.value =
"video/raw"
12-28 19:03:50.539 11425 12961 D CCodecConfig: c2::u32 raw.color.matrix = 0
12-28 19:03:50.539 11425 12961 D CCodecConfig: c2::u32 raw.color.primaries = 0
12-28 19:03:50.539 11425 12961 D CCodecConfig: c2::u32 raw.color.range = 2
12-28 19:03:50.539 11425 12961 D CCodecConfig: c2::u32 raw.color.transfer = 0
12-28 19:03:50.539 11425 12961 D CCodecConfig: c2::u32 raw.crop.height = 239
12-28 19:03:50.539 11425 12961 D CCodecConfig: c2::u32 raw.crop.left = 0
12-28 19:03:50.539 11425 12961 D CCodecConfig: c2::u32 raw.crop.top = 0
12-28 19:03:50.539 11425 12961 D CCodecConfig: c2::u32 raw.crop.width = 319
12-28 19:03:50.539 11425 12961 D CCodecConfig: c2::float raw.hdr-static-
info.mastering.blue.x = 0
12-28 19:03:50.539 11425 12961 D CCodecConfig: c2::float raw.hdr-s
12-28 19:03:50.540 11425 12961 W ColorUtils: expected specified color aspects
(2:0:0:0)
12-28 19:03:50.543 11425 12960 I MediaCodec: MediaCodec will operate in async mode
12-28 19:03:50.544 11425 12960 D SurfaceUtils: connecting to surface
0xb40000773f117070, reason connectToSurface
12-28 19:03:50.545 11425 12960 I BufferQueueProducer: [ImageReader-1x1f23u256m2-
11425-0](id:2ca100000013,api:3,p:11425,c:11425) connect: api=3
producerControlledByApp=true
12-28 19:03:50.545 11425 12960 I MediaCodec: [c2.mtk.avc.decoder] setting surface
generation to 11699207
12-28 19:03:50.545 11425 12960 D SurfaceUtils: disconnecting from surface
0xb40000773f117070, reason connectToSurface(reconnect)
12-28 19:03:50.545 11425 12960 I BufferQueueProducer: [ImageReader-1x1f23u256m2-
11425-0](id:2ca100000013,api:3,p:11425,c:11425) disconnect: api 3
12-28 19:03:50.545 11425 12960 D SurfaceUtils: connecting to surface
0xb40000773f117070, reason connectToSurface(reconnect)
12-28 19:03:50.545 11425 12960 I BufferQueueProducer: [ImageReader-1x1f23u256m2-
11425-0](id:2ca100000013,api:3,p:11425,c:11425) connect: api=3
producerControlledByApp=true
12-28 19:03:50.545 11425 12960 D MediaCodec: [c2.mtk.avc.decoder] current pid:
11425, current process name: com.dual.space.parallel.apps.multiaccounts.appscloner
12-28 19:03:50.545 11425 12961 D CCodec : [c2.mtk.avc.decoder] buffers are bound
to CCodec for this session
12-28 19:03:50.546 11425 12961 D CCodecConfig: no c2 equivalents for csd-1
12-28 19:03:50.546 11425 12961 D CCodecConfig: no c2 equivalents for native-window
12-28 19:03:50.546 11425 12961 D CCodecConfig: no c2 equivalents for flags
12-28 19:03:50.547 11425 12961 D CCodecConfig: c2 config diff is c2::u32
input.buffers.max-size.value = 2094080
12-28 19:03:50.547 11425 12961 D CCodecConfig: c2::u32 raw.max-size.height = 1024
12-28 19:03:50.547 11425 12961 D CCodecConfig: c2::u32 raw.max-size.width = 558
12-28 19:03:50.547 11425 12961 D CCodecConfig: c2::u32 raw.pixel-format.value =
34
12-28 19:03:50.547 11425 12961 D CCodecConfig: c2::u32 raw.size.height = 1024
12-28 19:03:50.547 11425 12961 D CCodecConfig: c2::u32 raw.size.width = 558
12-28 19:03:50.548 11425 12961 W Codec2Client: query -- param skipped: index =
1107298332.
12-28 19:03:50.549 11425 12961 D CCodec : client requested max input size 786432,
which is smaller than what component recommended (2094080); overriding with
component recommendation.
12-28 19:03:50.549 11425 12961 W CCodec : This behavior is subject to change. It
is recommended that app developers double check whether the requested max input
size is in reasonable range.
12-28 19:03:50.549 11425 12961 D CCodec : setup formats input: AMessage(what =
0x00000000) = {
12-28 19:03:50.549 11425 12961 D CCodec : string mime = "video/avc"
12-28 19:03:50.549 11425 12961 D CCodec : int32_t width = 558
12-28 19:03:50.549 11425 12961 D CCodec : int32_t profile = 65536
12-28 19:03:50.549 11425 12961 D CCodec : int32_t priority = -1
12-28 19:03:50.549 11425 12961 D CCodec : int32_t frame-rate = 30
12-28 19:03:50.549 11425 12961 D CCodec : int32_t height = 1024
12-28 19:03:50.549 11425 12961 D CCodec : int32_t level = 32768
12-28 19:03:50.549 11425 12961 D CCodec : int32_t max-input-size = 2094080
12-28 19:03:50.549 11425 12961 D CCodec : Rect crop(0, 0, 318, 238)
12-28 19:03:50.549 11425 12961 D CCodec : }
12-28 19:03:50.549 11425 12961 D CCodec : setup formats output: AMessage(what =
0x00000000) = {
12-28 19:03:50.549 11425 12961 D CCodec : int32_t android._color-format =
2130708361
12-28 19:03:50.549 11425 12961 D CCodec : int32_t android._video-scaling = 1
12-28 19:03:50.549 11425 12961 D CCodec : int32_t sar-width = 1
12-28 19:03:50.549 11425 12961 D CCodec : int32_t color-standard = 4
12-28 19:03:50.549 11425 12961 D CCodec : int32_t color-range = 2
12-28 19:03:50.549 11425 12961 D CCodec : int32_t color-transfer = 3
12-28 19:03:50.549 11425 12961 D CCodec : int32_t android._dataspace = 259
12-28 19:03:50.549 11425 12961 D CCodec : int32_t width = 558
12-28 19:03:50.549 11425 12961 D CCodec : int32_t rotation-degrees = 0
12-28 19:03:50.549 11425 12961 D CCodec : int32_t sar-height = 1
12-28 19:03:50.549 11425 12961 D CCodec : int32_t max-width = 558
12-28 19:03:50.549 11425 12961 D CCodec : int32_t max-height = 1024
12-28 19:03:50.549 11425 12961 D CCodec : int32_t priority = -1
12-28 19:03:50.549 11425 12961 D CCodec : string mime = "video/raw"
12-28 19:03:50.549 11425 12961 D CCodec : Rect crop(0, 0, 318, 238)
12-28 19:03:50.549 11425 12961 D CCodec : Buffer hdr-static-info = {
12-28 19:03:50.549 11425 12961 D CCodec : 00000000: 00 00 00 00 00 00 00 00
00 00 00 00 00 00 00 00 ................
12-28 19:03:50.549 11425 12961 D CCodec : 00000010: 00 00 00 00 00 00 00 00
00 .........
12-28 19:03:50.549 11425 12961 D CCodec : }
12-28 19:03:50.549 11425 12961 D CCodec : int32_t frame-rate = 30
12-28 19:03:50.549 11425 12961 D CCodec : int32_t height = 1024
12-28 19:03:50.549 11425 12961 D CCodec : int32_t color-format = 2130708361
12-28 19:03:50.549 11425 12961 D CCodec : }
12-28 19:03:50.549 11425 12961 I CCodecConfig: query failed after returning 17
values (BAD_INDEX)
12-28 19:03:50.549 11425 11599 D MediaCodec: keep callback message for reclaim
12-28 19:03:50.553 11425 12961 W Codec2Client: query -- param skipped: index =
1342179345.
12-28 19:03:50.553 11425 12961 W Codec2Client: query -- param skipped: index =
2415921170.
12-28 19:03:50.553 11425 12961 W Codec2Client: query -- param skipped: index =
1610614798.
12-28 19:03:50.555 11425 12961 D CCodecBufferChannel: [c2.mtk.avc.decoder#353]
Created input block pool with allocatorID 16 => poolID 21 - OK (0)
12-28 19:03:50.555 11425 12961 D CCodecBufferChannel: [c2.mtk.avc.decoder#353]
Query output surface allocator returned 0 params => BAD_INDEX (6)
12-28 19:03:50.556 11425 12961 I CCodecBufferChannel: [c2.mtk.avc.decoder#353]
Created output block pool with allocatorID 18 => poolID 3278 - OK
12-28 19:03:50.556 11425 12961 D CCodecBufferChannel: [c2.mtk.avc.decoder#353]
Configured output block pool ids 3278 => OK
12-28 19:03:50.556 11425 12961 D Codec2-OutputBufferQueue: remote graphic buffer
migration 0/0
12-28 19:03:50.557 11425 12961 D Codec2Client: setOutputSurface --
generation=11699207 consumer usage=0x900
12-28 19:03:50.559 11425 12961 D Codec2Client: Surface configure completed
12-28 19:03:50.561 11425 11599 I cr_MediaCodecBridge: create MediaCodec video
decoder, mime video/avc
12-28 19:03:50.562 11425 11599 D unts.appsclone: DLEAK reply value=40
12-28 19:03:50.562 11425 11599 D MediaCodecList: DLEAK matchIndex=40
12-28 19:03:50.562 11425 11599 D MediaCodecList: codecHandlesFormat: no format, so
no extra checks
12-28 19:03:50.562 11425 11599 D MediaCodecList: DLEAK matching
'c2.mtk.avc.decoder'
12-28 19:03:50.562 11425 12186 D BufferPoolAccessor2.0: bufferpool2
0xb40000769f0d9248 : 0(0 size) total buffers - 0(0 size) used buffers - 0/8
(recycle/alloc) - 8/312 (fetch/transfer)
12-28 19:03:50.562 11425 12186 D BufferPoolAccessor2.0: Destruction - bufferpool2
0xb40000769f0d9248 cached: 0/0M, 0/0% in use; allocs: 8, 0% recycled; transfers:
312, 97% unfetched
12-28 19:03:50.563 11425 11599 D unts.appsclone: DLEAK reply value=58
12-28 19:03:50.563 11425 11599 D MediaCodecList: DLEAK matchIndex=58
12-28 19:03:50.563 11425 11599 D MediaCodecList: codecHandlesFormat: no format, so
no extra checks
12-28 19:03:50.563 11425 11599 D MediaCodecList: DLEAK matching
'c2.android.avc.decoder'
12-28 19:03:50.563 11425 11599 D unts.appsclone: DLEAK reply value=-2
12-28 19:03:50.563 11425 11599 D MediaCodecList: DLEAK
matchIndex=18446744073709551614
12-28 19:03:50.565 11425 12975 D CCodec : allocate(c2.mtk.avc.decoder)
12-28 19:03:50.568 11425 12975 I CCodec : setting up 'default' as default (vendor)
store
12-28 19:03:50.581 11425 12975 I CCodec : Created component [c2.mtk.avc.decoder]
12-28 19:03:50.581 11425 12961 D CCodecBufferChannel: [c2.mtk.avc.decoder#353]
flushed work; ignored.
12-28 19:03:50.581 11425 12961 D CCodecBufferChannel: [c2.mtk.avc.decoder#353]
Discard frames from previous generation.
12-28 19:03:50.581 11425 12961 D PipelineWatcher: onWorkDone: frameIndex not found
(18446744073709551615); ignored
12-28 19:03:50.581 11425 12975 D CCodecConfig: read media type: video/avc
12-28 19:03:50.585 11425 12975 D ReflectedParamUpdater: extent() != 1 for single
value type: algo.buffers.max-count.values
12-28 19:03:50.586 11425 12961 D CCodecConfig: c2 config diff is c2::u32
output.delay.value = 15
12-28 19:03:50.586 11425 12961 D CCodecConfig: c2::u32 raw.color.matrix = 1
12-28 19:03:50.586 11425 12961 D CCodecConfig: c2::u32 raw.color.primaries = 1
12-28 19:03:50.586 11425 12961 D CCodecConfig: c2::u32 raw.color.transfer = 3
12-28 19:03:50.587 11425 12961 D Codec2-OutputBufferQueue: set max dequeue count 22
from update
12-28 19:03:50.596 11425 12975 D ReflectedParamUpdater: extent() != 1 for single
value type: output.subscribed-indices.values
12-28 19:03:50.596 11425 12975 D ReflectedParamUpdater: extent() != 1 for single
value type: input.buffers.allocator-ids.values
12-28 19:03:50.596 11425 12975 D ReflectedParamUpdater: extent() != 1 for single
value type: output.buffers.allocator-ids.values
12-28 19:03:50.598 11425 12975 D ReflectedParamUpdater: extent() != 1 for single
value type: algo.buffers.allocator-ids.values
12-28 19:03:50.599 11425 12975 D ReflectedParamUpdater: extent() != 1 for single
value type: output.buffers.pool-ids.values
12-28 19:03:50.599 11425 12975 D ReflectedParamUpdater: extent() != 1 for single
value type: algo.buffers.pool-ids.values
12-28 19:03:50.601 11425 12975 D ReflectedParamUpdater: ignored struct field
coded.color-format.locations
12-28 19:03:50.607 11425 12975 D CCodecConfig: ignoring local param raw.size
(0xd2001800) as it is already supported
12-28 19:03:50.607 11425 12975 D CCodecConfig: ignoring local param raw.crop
(0xd2001801) as it is already supported
12-28 19:03:50.607 11425 12975 D CCodecConfig: ignoring local param default.color
(0x5200180b) as it is already supported
12-28 19:03:50.607 11425 12975 D CCodecConfig: ignoring local param raw.hdr-static-
info (0xd200180a) as it is already supported
12-28 19:03:50.608 11425 12975 I CCodecConfig: query failed after returning 17
values (BAD_INDEX)
12-28 19:03:50.609 11425 12975 D CCodecConfig: c2 config diff is Dict {
12-28 19:03:50.609 11425 12975 D CCodecConfig: c2::i32 algo.priority.value = 1
12-28 19:03:50.609 11425 12975 D CCodecConfig: c2::float algo.rate.value = 0
12-28 19:03:50.609 11425 12975 D CCodecConfig: c2::float coded.frame-rate.value =
30
12-28 19:03:50.609 11425 12975 D CCodecConfig: c2::u32 coded.pl.level = 20495
12-28 19:03:50.609 11425 12975 D CCodecConfig: c2::u32 coded.pl.profile = 20481
12-28 19:03:50.609 11425 12975 D CCodecConfig: c2::u32 coded.vui.color.matrix = 0
12-28 19:03:50.609 11425 12975 D CCodecConfig: c2::u32 coded.vui.color.primaries
= 0
12-28 19:03:50.609 11425 12975 D CCodecConfig: c2::u32 coded.vui.color.range = 2
12-28 19:03:50.609 11425 12975 D CCodecConfig: c2::u32 coded.vui.color.transfer =
0
12-28 19:03:50.609 11425 12975 D CCodecConfig: c2::u32 default.color.matrix = 0
12-28 19:03:50.609 11425 12975 D CCodecConfig: c2::u32 default.color.primaries =
0
12-28 19:03:50.609 11425 12975 D CCodecConfig: c2::u32 default.color.range = 0
12-28 19:03:50.609 11425 12975 D CCodecConfig: c2::u32 default.color.transfer = 0
12-28 19:03:50.609 11425 12975 D CCodecConfig: c2::u32 input.buffers.max-
size.value = 2097152
12-28 19:03:50.609 11425 12975 D CCodecConfig: c2::u32 input.delay.value = 4
12-28 19:03:50.609 11425 12975 D CCodecConfig: string input.media-type.value =
"video/avc"
12-28 19:03:50.609 11425 12975 D CCodecConfig: c2::u32 output.delay.value = 12
12-28 19:03:50.609 11425 12975 D CCodecConfig: string output.media-type.value =
"video/raw"
12-28 19:03:50.609 11425 12975 D CCodecConfig: c2::u32 raw.color.matrix = 0
12-28 19:03:50.609 11425 12975 D CCodecConfig: c2::u32 raw.color.primaries = 0
12-28 19:03:50.609 11425 12975 D CCodecConfig: c2::u32 raw.color.range = 2
12-28 19:03:50.609 11425 12975 D CCodecConfig: c2::u32 raw.color.transfer = 0
12-28 19:03:50.609 11425 12975 D CCodecConfig: c2::u32 raw.crop.height = 239
12-28 19:03:50.609 11425 12975 D CCodecConfig: c2::u32 raw.crop.left = 0
12-28 19:03:50.609 11425 12975 D CCodecConfig: c2::u32 raw.crop.top = 0
12-28 19:03:50.609 11425 12975 D CCodecConfig: c2::u32 raw.crop.width = 319
12-28 19:03:50.609 11425 12975 D CCodecConfig: c2::float raw.hdr-static-
info.mastering.blue.x = 0
12-28 19:03:50.609 11425 12975 D CCodecConfig: c2::float raw.hdr-s
12-28 19:03:50.609 11425 12975 W ColorUtils: expected specified color aspects
(2:0:0:0)
12-28 19:03:50.611 11425 12973 I MediaCodec: MediaCodec will operate in async mode
12-28 19:03:50.611 11425 12973 D SurfaceUtils: connecting to surface
0xb40000773f154c40, reason connectToSurface
12-28 19:03:50.611 11425 12973 I BufferQueueProducer: [ImageReader-1x1f23u256m2-
11425-1](id:2ca100000014,api:3,p:11425,c:11425) connect: api=3
producerControlledByApp=true
12-28 19:03:50.611 11425 12973 I MediaCodec: [c2.mtk.avc.decoder] setting surface
generation to 11699208
12-28 19:03:50.611 11425 12973 D SurfaceUtils: disconnecting from surface
0xb40000773f154c40, reason connectToSurface(reconnect)
12-28 19:03:50.611 11425 12973 I BufferQueueProducer: [ImageReader-1x1f23u256m2-
11425-1](id:2ca100000014,api:3,p:11425,c:11425) disconnect: api 3
12-28 19:03:50.611 11425 12973 D SurfaceUtils: connecting to surface
0xb40000773f154c40, reason connectToSurface(reconnect)
12-28 19:03:50.611 11425 12973 I BufferQueueProducer: [ImageReader-1x1f23u256m2-
11425-1](id:2ca100000014,api:3,p:11425,c:11425) connect: api=3
producerControlledByApp=true
12-28 19:03:50.612 11425 12973 D MediaCodec: [c2.mtk.avc.decoder] current pid:
11425, current process name: com.dual.space.parallel.apps.multiaccounts.appscloner
12-28 19:03:50.612 11425 12975 D CCodec : [c2.mtk.avc.decoder] buffers are bound
to CCodec for this session
12-28 19:03:50.612 11425 12975 D CCodecConfig: no c2 equivalents for csd-1
12-28 19:03:50.612 11425 12975 D CCodecConfig: no c2 equivalents for native-window
12-28 19:03:50.612 11425 12975 D CCodecConfig: no c2 equivalents for flags
12-28 19:03:50.613 11425 12975 D CCodecConfig: c2 config diff is c2::u32
input.buffers.max-size.value = 2094080
12-28 19:03:50.613 11425 12975 D CCodecConfig: c2::u32 raw.max-size.height = 576
12-28 19:03:50.613 11425 12975 D CCodecConfig: c2::u32 raw.max-size.width = 1024
12-28 19:03:50.613 11425 12975 D CCodecConfig: c2::u32 raw.pixel-format.value =
34
12-28 19:03:50.613 11425 12975 D CCodecConfig: c2::u32 raw.size.height = 576
12-28 19:03:50.613 11425 12975 D CCodecConfig: c2::u32 raw.size.width = 1024
12-28 19:03:50.613 11425 12975 W Codec2Client: query -- param skipped: index =
1107298332.
12-28 19:03:50.613 11425 12975 D CCodec : client requested max input size 442368,
which is smaller than what component recommended (2094080); overriding with
component recommendation.
12-28 19:03:50.613 11425 12975 W CCodec : This behavior is subject to change. It
is recommended that app developers double check whether the requested max input
size is in reasonable range.
12-28 19:03:50.613 11425 12975 D CCodec : setup formats input: AMessage(what =
0x00000000) = {
12-28 19:03:50.613 11425 12975 D CCodec : string mime = "video/avc"
12-28 19:03:50.613 11425 12975 D CCodec : int32_t width = 1024
12-28 19:03:50.613 11425 12975 D CCodec : int32_t profile = 65536
12-28 19:03:50.613 11425 12975 D CCodec : int32_t priority = -1
12-28 19:03:50.613 11425 12975 D CCodec : int32_t frame-rate = 30
12-28 19:03:50.613 11425 12975 D CCodec : int32_t height = 576
12-28 19:03:50.613 11425 12975 D CCodec : int32_t level = 32768
12-28 19:03:50.613 11425 12975 D CCodec : int32_t max-input-size = 2094080
12-28 19:03:50.613 11425 12975 D CCodec : Rect crop(0, 0, 318, 238)
12-28 19:03:50.613 11425 12975 D CCodec : }
12-28 19:03:50.614 11425 12975 D CCodec : setup formats output: AMessage(what =
0x00000000) = {
12-28 19:03:50.614 11425 12975 D CCodec : int32_t android._color-format =
2130708361
12-28 19:03:50.614 11425 12975 D CCodec : int32_t android._video-scaling = 1
12-28 19:03:50.614 11425 12975 D CCodec : int32_t sar-width = 1
12-28 19:03:50.614 11425 12975 D CCodec : int32_t color-standard = 4
12-28 19:03:50.614 11425 12975 D CCodec : int32_t color-range = 2
12-28 19:03:50.614 11425 12975 D CCodec : int32_t color-transfer = 3
12-28 19:03:50.614 11425 12975 D CCodec : int32_t android._dataspace = 259
12-28 19:03:50.614 11425 12975 D CCodec : int32_t width = 1024
12-28 19:03:50.614 11425 12975 D CCodec : int32_t rotation-degrees = 0
12-28 19:03:50.614 11425 12975 D CCodec : int32_t sar-height = 1
12-28 19:03:50.614 11425 12975 D CCodec : int32_t max-width = 1024
12-28 19:03:50.614 11425 12975 D CCodec : int32_t max-height = 576
12-28 19:03:50.614 11425 12975 D CCodec : int32_t priority = -1
12-28 19:03:50.614 11425 12975 D CCodec : string mime = "video/raw"
12-28 19:03:50.614 11425 12975 D CCodec : Rect crop(0, 0, 318, 238)
12-28 19:03:50.614 11425 12975 D CCodec : Buffer hdr-static-info = {
12-28 19:03:50.614 11425 12975 D CCodec : 00000000: 00 00 00 00 00 00 00 00
00 00 00 00 00 00 00 00 ................
12-28 19:03:50.614 11425 12975 D CCodec : 00000010: 00 00 00 00 00 00 00 00
00 .........
12-28 19:03:50.614 11425 12975 D CCodec : }
12-28 19:03:50.614 11425 12975 D CCodec : int32_t frame-rate = 30
12-28 19:03:50.614 11425 12975 D CCodec : int32_t height = 576
12-28 19:03:50.614 11425 12975 D CCodec : int32_t color-format = 2130708361
12-28 19:03:50.614 11425 12975 D CCodec : }
12-28 19:03:50.614 11425 12975 I CCodecConfig: query failed after returning 17
values (BAD_INDEX)
12-28 19:03:50.614 11425 11599 D MediaCodec: keep callback message for reclaim
12-28 19:03:50.617 11425 12975 W Codec2Client: query -- param skipped: index =
1342179345.
12-28 19:03:50.617 11425 12975 W Codec2Client: query -- param skipped: index =
2415921170.
12-28 19:03:50.617 11425 12975 W Codec2Client: query -- param skipped: index =
1610614798.
12-28 19:03:50.617 11425 12975 D CCodecBufferChannel: [c2.mtk.avc.decoder#693]
Created input block pool with allocatorID 16 => poolID 22 - OK (0)
12-28 19:03:50.617 11425 12975 D CCodecBufferChannel: [c2.mtk.avc.decoder#693]
Query output surface allocator returned 0 params => BAD_INDEX (6)
12-28 19:03:50.618 11425 12975 I CCodecBufferChannel: [c2.mtk.avc.decoder#693]
Created output block pool with allocatorID 18 => poolID 3279 - OK
12-28 19:03:50.618 11425 12975 D CCodecBufferChannel: [c2.mtk.avc.decoder#693]
Configured output block pool ids 3279 => OK
12-28 19:03:50.618 11425 12975 D Codec2-OutputBufferQueue: remote graphic buffer
migration 0/0
12-28 19:03:50.618 11425 12975 D Codec2Client: setOutputSurface --
generation=11699208 consumer usage=0x900
12-28 19:03:50.619 11425 12975 D Codec2Client: Surface configure completed
12-28 19:03:50.642 11425 12975 D CCodecBufferChannel: [c2.mtk.avc.decoder#693]
flushed work; ignored.
12-28 19:03:50.642 11425 12975 D CCodecBufferChannel: [c2.mtk.avc.decoder#693]
Discard frames from previous generation.
12-28 19:03:50.642 11425 12975 D PipelineWatcher: onWorkDone: frameIndex not found
(18446744073709551615); ignored
12-28 19:03:50.649 11425 12975 D CCodecConfig: c2 config diff is c2::u32
output.delay.value = 15
12-28 19:03:50.649 11425 12975 D CCodecConfig: c2::u32 raw.color.matrix = 1
12-28 19:03:50.649 11425 12975 D CCodecConfig: c2::u32 raw.color.primaries = 1
12-28 19:03:50.649 11425 12975 D CCodecConfig: c2::u32 raw.color.transfer = 3
12-28 19:03:50.651 11425 12975 D Codec2-OutputBufferQueue: set max dequeue count 22
from update
12-28 19:03:50.654 11425 12186 D CCodecBufferChannel: [c2.mtk.avc.decoder#693]
Ignoring stale input buffer done callback: last flush index = 0, frameIndex = 0
12-28 19:03:50.666 11425 11541 E GPUAUX : [AUX]GuiExtAuxCheckAuxPath:670: Null anb
12-28 19:03:50.667 11425 11541 E GPUAUX : [AUX]GuiExtAuxCheckAuxPath:670: Null anb
12-28 19:03:50.667 11425 11541 E GPUAUX : [AUX]GuiExtAuxCheckAuxPath:670: Null anb
12-28 19:03:50.667 11425 11541 E GPUAUX : [AUX]GuiExtAuxCheckAuxPath:670: Null anb
12-28 19:03:50.667 11425 11541 E GPUAUX : [AUX]GuiExtAuxCheckAuxPath:670: Null anb
12-28 19:03:50.667 11425 11541 E GPUAUX : [AUX]GuiExtAuxCheckAuxPath:670: Null anb
12-28 19:03:50.667 11425 11541 E GPUAUX : [AUX]GuiExtAuxCheckAuxPath:670: Null anb
12-28 19:03:50.667 11425 11541 E GPUAUX : [AUX]GuiExtAuxCheckAuxPath:670: Null anb
12-28 19:03:50.667 11425 11541 E GPUAUX : [AUX]GuiExtAuxCheckAuxPath:670: Null anb
12-28 19:03:50.667 11425 11541 E GPUAUX : [AUX]GuiExtAuxCheckAuxPath:670: Null anb
12-28 19:03:50.668 11425 11541 E GPUAUX : [AUX]GuiExtAuxCheckAuxPath:670: Null anb
12-28 19:03:50.668 11425 11541 E GPUAUX : [AUX]GuiExtAuxCheckAuxPath:670: Null anb
12-28 19:03:50.668 11425 11541 E GPUAUX : [AUX]GuiExtAuxCheckAuxPath:670: Null anb
12-28 19:03:50.668 11425 11541 E GPUAUX : [AUX]GuiExtAuxCheckAuxPath:670: Null anb
12-28 19:03:50.668 11425 11541 E GPUAUX : [AUX]GuiExtAuxCheckAuxPath:670: Null anb
12-28 19:03:50.668 11425 11541 E GPUAUX : [AUX]GuiExtAuxCheckAuxPath:670: Null anb
12-28 19:03:50.668 11425 11541 E GPUAUX : [AUX]GuiExtAuxCheckAuxPath:670: Null anb
12-28 19:03:50.668 11425 11541 E GPUAUX : [AUX]GuiExtAuxCheckAuxPath:670: Null anb
12-28 19:03:50.669 11425 11541 E GPUAUX : [AUX]GuiExtAuxCheckAuxPath:670: Null anb
12-28 19:03:50.669 11425 11541 E GPUAUX : [AUX]GuiExtAuxCheckAuxPath:670: Null anb
12-28 19:03:50.669 11425 11541 E GPUAUX : [AUX]GuiExtAuxCheckAuxPath:670: Null anb
12-28 19:03:50.669 11425 11541 E GPUAUX : [AUX]GuiExtAuxCheckAuxPath:670: Null anb
12-28 19:03:50.669 11425 11541 E GPUAUX : [AUX]GuiExtAuxCheckAuxPath:670: Null anb
12-28 19:03:50.669 11425 11541 E GPUAUX : [AUX]GuiExtAuxCheckAuxPath:670: Null anb
12-28 19:03:50.669 11425 11541 E GPUAUX : [AUX]GuiExtAuxCheckAuxPath:670: Null anb
12-28 19:03:50.728 11425 11541 E GPUAUX : [AUX]GuiExtAuxCheckAuxPath:670: Null anb
12-28 19:03:50.728 11425 11541 E GPUAUX : [AUX]GuiExtAuxCheckAuxPath:670: Null anb
12-28 19:03:50.729 11425 11541 E GPUAUX : [AUX]GuiExtAuxCheckAuxPath:670: Null anb
12-28 19:03:50.729 11425 11541 E GPUAUX : [AUX]GuiExtAuxCheckAuxPath:670: Null anb
12-28 19:03:50.729 11425 11541 E GPUAUX : [AUX]GuiExtAuxCheckAuxPath:670: Null anb
12-28 19:03:50.729 11425 11541 E GPUAUX : [AUX]GuiExtAuxCheckAuxPath:670: Null anb
12-28 19:03:50.729 11425 11541 E GPUAUX : [AUX]GuiExtAuxCheckAuxPath:670: Null anb
12-28 19:03:50.730 11425 11541 E GPUAUX : [AUX]GuiExtAuxCheckAuxPath:670: Null anb
12-28 19:03:50.730 11425 11541 E GPUAUX : [AUX]GuiExtAuxCheckAuxPath:670: Null anb
12-28 19:03:50.730 11425 11541 E GPUAUX : [AUX]GuiExtAuxCheckAuxPath:670: Null anb
12-28 19:03:50.730 11425 11541 E GPUAUX : [AUX]GuiExtAuxCheckAuxPath:670: Null anb
12-28 19:03:50.730 11425 11541 E GPUAUX : [AUX]GuiExtAuxCheckAuxPath:670: Null anb
12-28 19:03:50.730 11425 11541 E GPUAUX : [AUX]GuiExtAuxCheckAuxPath:670: Null anb
12-28 19:03:50.730 11425 11541 E GPUAUX : [AUX]GuiExtAuxCheckAuxPath:670: Null anb
12-28 19:03:50.730 11425 11541 E GPUAUX : [AUX]GuiExtAuxCheckAuxPath:670: Null anb
12-28 19:03:50.730 11425 11541 E GPUAUX : [AUX]GuiExtAuxCheckAuxPath:670: Null anb
12-28 19:03:50.731 11425 11541 E GPUAUX : [AUX]GuiExtAuxCheckAuxPath:670: Null anb
12-28 19:03:50.731 11425 11541 E GPUAUX : [AUX]GuiExtAuxCheckAuxPath:670: Null anb
12-28 19:03:50.731 11425 11541 E GPUAUX : [AUX]GuiExtAuxCheckAuxPath:670: Null anb
12-28 19:03:50.731 11425 11541 E GPUAUX : [AUX]GuiExtAuxCheckAuxPath:670: Null anb
12-28 19:03:50.731 11425 11541 E GPUAUX : [AUX]GuiExtAuxCheckAuxPath:670: Null anb
12-28 19:03:50.731 11425 11541 E GPUAUX : [AUX]GuiExtAuxCheckAuxPath:670: Null anb
12-28 19:03:50.731 11425 11541 E GPUAUX : [AUX]GuiExtAuxCheckAuxPath:670: Null anb
12-28 19:03:50.731 11425 11541 E GPUAUX : [AUX]GuiExtAuxCheckAuxPath:670: Null anb
12-28 19:03:50.756 11425 12961 D CCodecConfig: c2 config diff is c2::u32
raw.crop.height = 1024
12-28 19:03:50.756 11425 12961 D CCodecConfig: c2::u32 raw.crop.width = 558
12-28 19:03:50.756 11425 12961 D CCodecConfig: c2::u32 raw.pixel-format.value =
842094169
12-28 19:03:50.756 11425 12961 D CCodecBuffers: [c2.mtk.avc.decoder#353:2D-Output]
popFromStashAndRegister: at 21333us, output format changed to AMessage(what =
0x00000000) = {
12-28 19:03:50.756 11425 12961 D CCodecBuffers: int32_t android._color-format =
2135033992
12-28 19:03:50.756 11425 12961 D CCodecBuffers: int32_t android._video-scaling =
1
12-28 19:03:50.756 11425 12961 D CCodecBuffers: int32_t sar-width = 1
12-28 19:03:50.756 11425 12961 D CCodecBuffers: int32_t color-standard = 1
12-28 19:03:50.756 11425 12961 D CCodecBuffers: int32_t color-range = 2
12-28 19:03:50.756 11425 12961 D CCodecBuffers: int32_t color-transfer = 3
12-28 19:03:50.756 11425 12961 D CCodecBuffers: int32_t android._dataspace = 260
12-28 19:03:50.756 11425 12961 D CCodecBuffers: int32_t width = 558
12-28 19:03:50.756 11425 12961 D CCodecBuffers: int32_t rotation-degrees = 0
12-28 19:03:50.756 11425 12961 D CCodecBuffers: int32_t sar-height = 1
12-28 19:03:50.756 11425 12961 D CCodecBuffers: int32_t max-width = 558
12-28 19:03:50.756 11425 12961 D CCodecBuffers: int32_t max-height = 1024
12-28 19:03:50.756 11425 12961 D CCodecBuffers: int32_t priority = -1
12-28 19:03:50.756 11425 12961 D CCodecBuffers: string mime = "video/raw"
12-28 19:03:50.756 11425 12961 D CCodecBuffers: Rect crop(0, 0, 557, 1023)
12-28 19:03:50.756 11425 12961 D CCodecBuffers: Buffer hdr-static-info = {
12-28 19:03:50.756 11425 12961 D CCodecBuffers: 00000000: 00 00 00 00 00 00 00
00 00 00 00 00 00 00 00 00 ................
12-28 19:03:50.756 11425 12961 D CCodecBuffers: 00000010: 00 00 00 00 00 00 00
00 00 .........
12-28 19:03:50.756 11425 12961 D CCodecBuffers: }
12-28 19:03:50.756 11425 12961 D CCodecBuffers: int32_t frame-rate = 30
12-28 19:03:50.756 11425 12961 D CCodecBuffers: int32_t height = 1024
12-28 19:03:50.756 11425 12961 D CCodecBuffers: int32_t color-format = 2130708361
12-28 19:03:50.756 11425 12961 D CCodecBuffers: }
12-28 19:03:50.760 11425 12975 D CCodecConfig: c2 config diff is c2::u32
raw.crop.height = 576
12-28 19:03:50.760 11425 12975 D CCodecConfig: c2::u32 raw.crop.width = 1024
12-28 19:03:50.760 11425 12975 D CCodecConfig: c2::u32 raw.pixel-format.value =
842094169
12-28 19:03:50.761 11425 12975 D CCodecBuffers: [c2.mtk.avc.decoder#693:2D-Output]
popFromStashAndRegister: at 21333us, output format changed to AMessage(what =
0x00000000) = {
12-28 19:03:50.761 11425 12975 D CCodecBuffers: int32_t android._color-format =
2135033992
12-28 19:03:50.761 11425 12975 D CCodecBuffers: int32_t android._video-scaling =
1
12-28 19:03:50.761 11425 12975 D CCodecBuffers: int32_t sar-width = 1
12-28 19:03:50.761 11425 12975 D CCodecBuffers: int32_t color-standard = 1
12-28 19:03:50.761 11425 12975 D CCodecBuffers: int32_t color-range = 2
12-28 19:03:50.761 11425 12975 D CCodecBuffers: int32_t color-transfer = 3
12-28 19:03:50.761 11425 12975 D CCodecBuffers: int32_t android._dataspace = 260
12-28 19:03:50.761 11425 12975 D CCodecBuffers: int32_t width = 1024
12-28 19:03:50.761 11425 12975 D CCodecBuffers: int32_t rotation-degrees = 0
12-28 19:03:50.761 11425 12975 D CCodecBuffers: int32_t sar-height = 1
12-28 19:03:50.761 11425 12975 D CCodecBuffers: int32_t max-width = 1024
12-28 19:03:50.761 11425 12975 D CCodecBuffers: int32_t max-height = 576
12-28 19:03:50.761 11425 12975 D CCodecBuffers: int32_t priority = -1
12-28 19:03:50.761 11425 12975 D CCodecBuffers: string mime = "video/raw"
12-28 19:03:50.761 11425 12975 D CCodecBuffers: Rect crop(0, 0, 1023, 575)
12-28 19:03:50.761 11425 12975 D CCodecBuffers: Buffer hdr-static-info = {
12-28 19:03:50.761 11425 12975 D CCodecBuffers: 00000000: 00 00 00 00 00 00 00
00 00 00 00 00 00 00 00 00 ................
12-28 19:03:50.761 11425 12975 D CCodecBuffers: 00000010: 00 00 00 00 00 00 00
00 00 .........
12-28 19:03:50.761 11425 12975 D CCodecBuffers: }
12-28 19:03:50.761 11425 12975 D CCodecBuffers: int32_t frame-rate = 30
12-28 19:03:50.761 11425 12975 D CCodecBuffers: int32_t height = 576
12-28 19:03:50.761 11425 12975 D CCodecBuffers: int32_t color-format = 2130708361
12-28 19:03:50.761 11425 12975 D CCodecBuffers: }
12-28 19:03:50.785 11425 11541 E GPUAUX : [AUX]GuiExtAuxCheckAuxPath:670: Null anb
12-28 19:03:50.786 11425 11541 E GPUAUX : [AUX]GuiExtAuxCheckAuxPath:670: Null anb
12-28 19:03:50.786 11425 11541 E GPUAUX : [AUX]GuiExtAuxCheckAuxPath:670: Null anb
12-28 19:03:50.786 11425 11541 E GPUAUX : [AUX]GuiExtAuxCheckAuxPath:670: Null anb
12-28 19:03:50.786 11425 11541 E GPUAUX : [AUX]GuiExtAuxCheckAuxPath:670: Null anb
12-28 19:03:50.786 11425 11541 E GPUAUX : [AUX]GuiExtAuxCheckAuxPath:670: Null anb
12-28 19:03:50.786 11425 11541 E GPUAUX : [AUX]GuiExtAuxCheckAuxPath:670: Null anb
12-28 19:03:50.786 11425 11541 E GPUAUX : [AUX]GuiExtAuxCheckAuxPath:670: Null anb
12-28 19:03:50.786 11425 11541 E GPUAUX : [AUX]GuiExtAuxCheckAuxPath:670: Null anb
12-28 19:03:50.786 11425 11541 E GPUAUX : [AUX]GuiExtAuxCheckAuxPath:670: Null anb
12-28 19:03:50.786 11425 11541 E GPUAUX : [AUX]GuiExtAuxCheckAuxPath:670: Null anb
12-28 19:03:50.786 11425 11541 E GPUAUX : [AUX]GuiExtAuxCheckAuxPath:670: Null anb
12-28 19:03:50.786 11425 11541 E GPUAUX : [AUX]GuiExtAuxCheckAuxPath:670: Null anb
12-28 19:03:50.786 11425 11541 E GPUAUX : [AUX]GuiExtAuxCheckAuxPath:670: Null anb
12-28 19:03:50.786 11425 11541 E GPUAUX : [AUX]GuiExtAuxCheckAuxPath:670: Null anb
12-28 19:03:50.786 11425 11541 E GPUAUX : [AUX]GuiExtAuxCheckAuxPath:670: Null anb
12-28 19:03:50.786 11425 11541 E GPUAUX : [AUX]GuiExtAuxCheckAuxPath:670: Null anb
12-28 19:03:50.786 11425 11541 E GPUAUX : [AUX]GuiExtAuxCheckAuxPath:670: Null anb
12-28 19:03:50.786 11425 11541 E GPUAUX : [AUX]GuiExtAuxCheckAuxPath:670: Null anb
12-28 19:03:50.786 11425 11541 E GPUAUX : [AUX]GuiExtAuxCheckAuxPath:670: Null anb
12-28 19:03:50.786 11425 11541 E GPUAUX : [AUX]GuiExtAuxCheckAuxPath:670: Null anb
12-28 19:03:50.786 11425 11541 E GPUAUX : [AUX]GuiExtAuxCheckAuxPath:670: Null anb
12-28 19:03:50.786 11425 11541 E GPUAUX : [AUX]GuiExtAuxCheckAuxPath:670: Null anb
12-28 19:03:50.786 11425 11541 E GPUAUX : [AUX]GuiExtAuxCheckAuxPath:670: Null anb
12-28 19:03:50.797 11425 11637 D NdkImageReader: acquireImageLocked: Overriding
buffer format YUV_420_888 to 0x32315659.
12-28 19:03:50.798 11425 11637 D NdkImageReader: acquireImageLocked: Overriding
buffer format YUV_420_888 to 0x32315659.
12-28 19:03:50.869 11425 11541 I mali_config: @get_buffer_dataspace_setting: update
dataspace from GE (0x10020000 -> 0x10010000)
12-28 19:03:50.869 11425 11541 E GPUAUX : [AUX]GuiExtAuxCheckAuxPath:670: Null anb
12-28 19:03:50.870 11425 11541 E GPUAUX : [AUX]GuiExtAuxCheckAuxPath:670: Null anb
12-28 19:03:50.870 11425 11541 E GPUAUX : [AUX]GuiExtAuxCheckAuxPath:670: Null anb
12-28 19:03:50.870 11425 11541 E GPUAUX : [AUX]GuiExtAuxCheckAuxPath:670: Null anb
12-28 19:03:50.870 11425 11541 E GPUAUX : [AUX]GuiExtAuxCheckAuxPath:670: Null anb
12-28 19:03:50.870 11425 11541 E GPUAUX : [AUX]GuiExtAuxCheckAuxPath:670: Null anb
12-28 19:03:50.870 11425 11541 E GPUAUX : [AUX]GuiExtAuxCheckAuxPath:670: Null anb
12-28 19:03:50.870 11425 11541 E GPUAUX : [AUX]GuiExtAuxCheckAuxPath:670: Null anb
12-28 19:03:50.870 11425 11541 E GPUAUX : [AUX]GuiExtAuxCheckAuxPath:670: Null anb
12-28 19:03:50.888 11425 11541 I mali_config: @get_buffer_dataspace_setting: update
dataspace from GE (0x10020000 -> 0x10010000)
12-28 19:03:50.889 11425 11541 E GPUAUX : [AUX]GuiExtAuxCheckAuxPath:670: Null anb
12-28 19:03:50.889 11425 11541 E GPUAUX : [AUX]GuiExtAuxCheckAuxPath:670: Null anb
12-28 19:03:50.889 11425 11541 E GPUAUX : [AUX]GuiExtAuxCheckAuxPath:670: Null anb
12-28 19:03:50.889 11425 11541 E GPUAUX : [AUX]GuiExtAuxCheckAuxPath:670: Null anb
12-28 19:03:50.889 11425 11541 E GPUAUX : [AUX]GuiExtAuxCheckAuxPath:670: Null anb
12-28 19:03:50.889 11425 11541 E GPUAUX : [AUX]GuiExtAuxCheckAuxPath:670: Null anb
12-28 19:03:50.889 11425 11541 E GPUAUX : [AUX]GuiExtAuxCheckAuxPath:670: Null anb
12-28 19:03:50.889 11425 11541 E GPUAUX : [AUX]GuiExtAuxCheckAuxPath:670: Null anb
12-28 19:03:50.889 11425 11541 E GPUAUX : [AUX]GuiExtAuxCheckAuxPath:670: Null anb
12-28 19:03:50.907 11425 11541 I mali_config: @get_buffer_dataspace_setting: update
dataspace from GE (0x10020000 -> 0x10010000)
12-28 19:03:50.909 11425 11541 I mali_config: @get_buffer_dataspace_setting: update
dataspace from GE (0x10020000 -> 0x10010000)
12-28 19:03:50.910 11425 11541 E GPUAUX : [AUX]GuiExtAuxCheckAuxPath:670: Null anb
12-28 19:03:50.910 11425 11541 E GPUAUX : [AUX]GuiExtAuxCheckAuxPath:670: Null anb
12-28 19:03:50.910 11425 11541 E GPUAUX : [AUX]GuiExtAuxCheckAuxPath:670: Null anb
12-28 19:03:50.910 11425 11541 E GPUAUX : [AUX]GuiExtAuxCheckAuxPath:670: Null anb
12-28 19:03:50.910 11425 11541 E GPUAUX : [AUX]GuiExtAuxCheckAuxPath:670: Null anb
12-28 19:03:50.910 11425 11541 E GPUAUX : [AUX]GuiExtAuxCheckAuxPath:670: Null anb
12-28 19:03:50.912 11425 11541 E GPUAUX : [AUX]GuiExtAuxCheckAuxPath:670: Null anb
12-28 19:03:50.912 11425 11541 E GPUAUX : [AUX]GuiExtAuxCheckAuxPath:670: Null anb
12-28 19:03:50.912 11425 11541 E GPUAUX : [AUX]GuiExtAuxCheckAuxPath:670: Null anb
12-28 19:03:50.912 11425 11541 E GPUAUX : [AUX]GuiExtAuxCheckAuxPath:670: Null anb
12-28 19:03:50.912 11425 11541 E GPUAUX : [AUX]GuiExtAuxCheckAuxPath:670: Null anb
12-28 19:03:50.912 11425 11541 E GPUAUX : [AUX]GuiExtAuxCheckAuxPath:670: Null anb
12-28 19:03:50.912 11425 11541 E GPUAUX : [AUX]GuiExtAuxCheckAuxPath:670: Null anb
12-28 19:03:50.912 11425 11541 E GPUAUX : [AUX]GuiExtAuxCheckAuxPath:670: Null anb
12-28 19:03:50.912 11425 11541 E GPUAUX : [AUX]GuiExtAuxCheckAuxPath:670: Null anb
12-28 19:03:50.917 11425 12015 D ApplicationPackageManager: [getText] isMxtcMarket:
false, isCoclmarket: false
12-28 19:03:50.930 11425 11541 I mali_config: @get_buffer_dataspace_setting: update
dataspace from GE (0x10020000 -> 0x10010000)
12-28 19:03:50.931 11425 11541 I mali_config: @get_buffer_dataspace_setting: update
dataspace from GE (0x10020000 -> 0x10010000)
12-28 19:03:50.959 11425 11541 I mali_config: @get_buffer_dataspace_setting: update
dataspace from GE (0x10020000 -> 0x10010000)
12-28 19:03:50.962 11425 11541 I mali_config: @get_buffer_dataspace_setting: update
dataspace from GE (0x10020000 -> 0x10010000)
12-28 19:03:50.988 11425 11541 I mali_config: @get_buffer_dataspace_setting: update
dataspace from GE (0x10020000 -> 0x10010000)
12-28 19:03:50.989 11425 11541 I mali_config: @get_buffer_dataspace_setting: update
dataspace from GE (0x10020000 -> 0x10010000)
12-28 19:03:51.020 11425 11541 I mali_config: @get_buffer_dataspace_setting: update
dataspace from GE (0x10020000 -> 0x10010000)
12-28 19:03:51.021 11425 11541 I mali_config: @get_buffer_dataspace_setting: update
dataspace from GE (0x10020000 -> 0x10010000)
12-28 19:03:51.055 11425 11541 I mali_config: @get_buffer_dataspace_setting: update
dataspace from GE (0x10020000 -> 0x10010000)
12-28 19:03:51.055 11425 11541 E GPUAUX : [AUX]GuiExtAuxCheckAuxPath:670: Null anb
12-28 19:03:51.055 11425 11541 E GPUAUX : [AUX]GuiExtAuxCheckAuxPath:670: Null anb
12-28 19:03:51.055 11425 11541 E GPUAUX : [AUX]GuiExtAuxCheckAuxPath:670: Null anb
12-28 19:03:51.055 11425 11541 E GPUAUX : [AUX]GuiExtAuxCheckAuxPath:670: Null anb
12-28 19:03:51.056 11425 11541 E GPUAUX : [AUX]GuiExtAuxCheckAuxPath:670: Null anb
12-28 19:03:51.056 11425 11541 E GPUAUX : [AUX]GuiExtAuxCheckAuxPath:670: Null anb
12-28 19:03:51.056 11425 11541 E GPUAUX : [AUX]GuiExtAuxCheckAuxPath:670: Null anb
12-28 19:03:51.056 11425 11541 E GPUAUX : [AUX]GuiExtAuxCheckAuxPath:670: Null anb
12-28 19:03:51.056 11425 11541 E GPUAUX : [AUX]GuiExtAuxCheckAuxPath:670: Null anb
12-28 19:03:51.058 11425 11541 I mali_config: @get_buffer_dataspace_setting: update
dataspace from GE (0x10020000 -> 0x10010000)
12-28 19:03:51.058 11425 11541 E GPUAUX : [AUX]GuiExtAuxCheckAuxPath:670: Null anb
12-28 19:03:51.059 11425 11541 E GPUAUX : [AUX]GuiExtAuxCheckAuxPath:670: Null anb
12-28 19:03:51.059 11425 11541 E GPUAUX : [AUX]GuiExtAuxCheckAuxPath:670: Null anb
12-28 19:03:51.059 11425 11541 E GPUAUX : [AUX]GuiExtAuxCheckAuxPath:670: Null anb
12-28 19:03:51.059 11425 11541 E GPUAUX : [AUX]GuiExtAuxCheckAuxPath:670: Null anb
12-28 19:03:51.059 11425 11541 E GPUAUX : [AUX]GuiExtAuxCheckAuxPath:670: Null anb
12-28 19:03:51.059 11425 11541 E GPUAUX : [AUX]GuiExtAuxCheckAuxPath:670: Null anb
12-28 19:03:51.059 11425 11541 E GPUAUX : [AUX]GuiExtAuxCheckAuxPath:670: Null anb
12-28 19:03:51.059 11425 11541 E GPUAUX : [AUX]GuiExtAuxCheckAuxPath:670: Null anb
12-28 19:03:51.059 11425 11541 E GPUAUX : [AUX]GuiExtAuxCheckAuxPath:670: Null anb
12-28 19:03:51.059 11425 11541 E GPUAUX : [AUX]GuiExtAuxCheckAuxPath:670: Null anb
12-28 19:03:51.059 11425 11541 E GPUAUX : [AUX]GuiExtAuxCheckAuxPath:670: Null anb
12-28 19:03:51.059 11425 11541 E GPUAUX : [AUX]GuiExtAuxCheckAuxPath:670: Null anb
12-28 19:03:51.059 11425 11541 E GPUAUX : [AUX]GuiExtAuxCheckAuxPath:670: Null anb
12-28 19:03:51.059 11425 11541 E GPUAUX : [AUX]GuiExtAuxCheckAuxPath:670: Null anb
12-28 19:03:51.085 11425 11541 I mali_config: @get_buffer_dataspace_setting: update
dataspace from GE (0x10020000 -> 0x10010000)
12-28 19:03:51.087 11425 11541 I mali_config: @get_buffer_dataspace_setting: update
dataspace from GE (0x10020000 -> 0x10010000)
12-28 19:03:51.118 11425 11541 I mali_config: @get_buffer_dataspace_setting: update
dataspace from GE (0x10020000 -> 0x10010000)
12-28 19:03:51.119 11425 11541 I mali_config: @get_buffer_dataspace_setting: update
dataspace from GE (0x10020000 -> 0x10010000)
12-28 19:03:51.152 11425 11541 I mali_config: @get_buffer_dataspace_setting: update
dataspace from GE (0x10020000 -> 0x10010000)
12-28 19:03:51.153 11425 11541 I mali_config: @get_buffer_dataspace_setting: update
dataspace from GE (0x10020000 -> 0x10010000)
12-28 19:03:51.184 11425 11541 I mali_config: @get_buffer_dataspace_setting: update
dataspace from GE (0x10020000 -> 0x10010000)
12-28 19:03:51.185 11425 11541 I mali_config: @get_buffer_dataspace_setting: update
dataspace from GE (0x10020000 -> 0x10010000)
12-28 19:03:51.218 11425 11541 I mali_config: @get_buffer_dataspace_setting: update
dataspace from GE (0x10020000 -> 0x10010000)
12-28 19:03:51.219 11425 11541 I mali_config: @get_buffer_dataspace_setting: update
dataspace from GE (0x10020000 -> 0x10010000)
12-28 19:03:51.234 11425 11425 I PlayCore: UID: [10387] PID: [11425]
PrewarmService : prewarm(com.dual.space.parallel.apps.multiaccounts.appscloner)
12-28 19:03:51.235 11425 13005 I PlayCore: UID: [10387] PID: [11425]
PrewarmService : Initiate binding to the service.
12-28 19:03:51.235 11425 11425 D ffnet : Successful load banner
12-28 19:03:51.251 11425 11425 I PlayCore: UID: [10387] PID: [11425]
PrewarmService :
ServiceConnectionImpl.onServiceConnected(ComponentInfo{com.android.vending/
com.google.android.finsky.prewarmservice.PrewarmService})
12-28 19:03:51.252 11425 13005 I PlayCore: UID: [10387] PID: [11425]
PrewarmService : linkToDeath
12-28 19:03:51.267 11425 11541 I mali_config: @get_buffer_dataspace_setting: update
dataspace from GE (0x10020000 -> 0x10010000)
12-28 19:03:51.268 11425 11541 I mali_config: @get_buffer_dataspace_setting: update
dataspace from GE (0x10020000 -> 0x10010000)
12-28 19:03:51.300 11425 11541 I mali_config: @get_buffer_dataspace_setting: update
dataspace from GE (0x10020000 -> 0x10010000)
12-28 19:03:51.300 11425 11541 I mali_config: @get_buffer_dataspace_setting: update
dataspace from GE (0x10020000 -> 0x10010000)
12-28 19:03:51.333 11425 11541 I mali_config: @get_buffer_dataspace_setting: update
dataspace from GE (0x10020000 -> 0x10010000)
12-28 19:03:51.334 11425 11541 I mali_config: @get_buffer_dataspace_setting: update
dataspace from GE (0x10020000 -> 0x10010000)
12-28 19:03:51.366 11425 11541 I mali_config: @get_buffer_dataspace_setting: update
dataspace from GE (0x10020000 -> 0x10010000)
12-28 19:03:51.367 11425 11541 I mali_config: @get_buffer_dataspace_setting: update
dataspace from GE (0x10020000 -> 0x10010000)
12-28 19:03:51.399 11425 11541 I mali_config: @get_buffer_dataspace_setting: update
dataspace from GE (0x10020000 -> 0x10010000)
12-28 19:03:51.400 11425 11541 I mali_config: @get_buffer_dataspace_setting: update
dataspace from GE (0x10020000 -> 0x10010000)
12-28 19:03:51.432 11425 11541 I mali_config: @get_buffer_dataspace_setting: update
dataspace from GE (0x10020000 -> 0x10010000)
12-28 19:03:51.434 11425 11541 I mali_config: @get_buffer_dataspace_setting: update
dataspace from GE (0x10020000 -> 0x10010000)
12-28 19:03:51.466 11425 11541 I mali_config: @get_buffer_dataspace_setting: update
dataspace from GE (0x10020000 -> 0x10010000)
12-28 19:03:51.467 11425 11541 I mali_config: @get_buffer_dataspace_setting: update
dataspace from GE (0x10020000 -> 0x10010000)
12-28 19:03:51.499 11425 11541 I mali_config: @get_buffer_dataspace_setting: update
dataspace from GE (0x10020000 -> 0x10010000)
12-28 19:03:51.501 11425 11541 I mali_config: @get_buffer_dataspace_setting: update
dataspace from GE (0x10020000 -> 0x10010000)
12-28 19:03:51.533 11425 11541 I mali_config: @get_buffer_dataspace_setting: update
dataspace from GE (0x10020000 -> 0x10010000)
12-28 19:03:51.535 11425 11541 I mali_config: @get_buffer_dataspace_setting: update
dataspace from GE (0x10020000 -> 0x10010000)
12-28 19:03:51.570 11425 11541 I mali_config: @get_buffer_dataspace_setting: update
dataspace from GE (0x10020000 -> 0x10010000)
12-28 19:03:51.597 11425 11541 I mali_config: @get_buffer_dataspace_setting: update
dataspace from GE (0x10020000 -> 0x10010000)
12-28 19:03:51.629 11425 11541 I mali_config: @get_buffer_dataspace_setting: update
dataspace from GE (0x10020000 -> 0x10010000)
12-28 19:03:51.630 11425 11541 I mali_config: @get_buffer_dataspace_setting: update
dataspace from GE (0x10020000 -> 0x10010000)
12-28 19:03:51.662 11425 11541 I mali_config: @get_buffer_dataspace_setting: update
dataspace from GE (0x10020000 -> 0x10010000)
12-28 19:03:51.729 11425 11541 I mali_config: @get_buffer_dataspace_setting: update
dataspace from GE (0x10020000 -> 0x10010000)
12-28 19:03:52.262 11425 11425 D TAG_1_ad: onAdLoaded:
12-28 19:03:52.921 11425 11541 E GPUAUX : [AUX]GuiExtAuxCheckAuxPath:670: Null anb
12-28 19:03:53.799 11425 12183 D CCodecBufferChannel: elapsed: mInputMetEos 0,
hasPendingOutputsInClient 1, n 19
12-28 19:03:53.799 11425 12183 D CCodecBufferChannel: elapsed: mInputMetEos 0,
hasPendingOutputsInClient 1, n 19
12-28 19:03:54.008 11425 11541 E GPUAUX : [AUX]GuiExtAuxCheckAuxPath:670: Null anb
12-28 19:03:54.174 11425 11541 E GPUAUX : [AUX]GuiExtAuxCheckAuxPath:670: Null anb
12-28 19:03:54.174 11425 11541 E GPUAUX : [AUX]GuiExtAuxCheckAuxPath:670: Null anb
12-28 19:03:54.174 11425 11541 E GPUAUX : [AUX]GuiExtAuxCheckAuxPath:670: Null anb
12-28 19:03:54.174 11425 11541 E GPUAUX : [AUX]GuiExtAuxCheckAuxPath:670: Null anb
12-28 19:03:54.174 11425 11541 E GPUAUX : [AUX]GuiExtAuxCheckAuxPath:670: Null anb
12-28 19:03:54.174 11425 11541 E GPUAUX : [AUX]GuiExtAuxCheckAuxPath:670: Null anb
12-28 19:03:54.174 11425 11541 E GPUAUX : [AUX]GuiExtAuxCheckAuxPath:670: Null anb
12-28 19:03:54.175 11425 11541 E GPUAUX : [AUX]GuiExtAuxCheckAuxPath:670: Null anb
12-28 19:03:54.175 11425 11541 E GPUAUX : [AUX]GuiExtAuxCheckAuxPath:670: Null anb
12-28 19:03:55.050 11425 11541 E GPUAUX : [AUX]GuiExtAuxCheckAuxPath:670: Null anb
12-28 19:03:55.756 11425 12186 D BufferPoolAccessor2.0: bufferpool2
0xb40000769f0c42f8 : 9(18846720 size) total buffers - 9(18846720 size) used buffers
163/172 (recycle/alloc) - 9/167 (fetch/transfer)
12-28 19:03:55.866 11425 12960 D BufferPoolAccessor2.0: bufferpool2
0xb40000769f0e56d8 : 9(18846720 size) total buffers - 8(16752640 size) used buffers
162/172 (recycle/alloc) - 10/165 (fetch/transfer)
12-28 19:03:56.105 11425 11541 E GPUAUX : [AUX]GuiExtAuxCheckAuxPath:670: Null anb
12-28 19:03:56.555 11425 12185 D BufferPoolAccessor2.0: evictor expired: 1,
evicted: 0
12-28 19:03:56.834 11425 12961 D PipelineWatcher: onWorkDone: frameIndex not found
(18446744073709551615); ignored
12-28 19:03:56.834 11425 12961 D PipelineWatcher: onWorkDone: frameIndex not found
(18446744073709551615); ignored
12-28 19:03:56.834 11425 12961 D PipelineWatcher: onWorkDone: frameIndex not found
(18446744073709551615); ignored
12-28 19:03:56.834 11425 12961 D PipelineWatcher: onWorkDone: frameIndex not found
(18446744073709551615); ignored
12-28 19:03:56.834 11425 12961 D PipelineWatcher: onWorkDone: frameIndex not found
(18446744073709551615); ignored
12-28 19:03:56.834 11425 12961 D PipelineWatcher: onWorkDone: frameIndex not found
(18446744073709551615); ignored
12-28 19:03:56.834 11425 12961 D PipelineWatcher: onWorkDone: frameIndex not found
(18446744073709551615); ignored
12-28 19:03:56.834 11425 12961 D PipelineWatcher: onWorkDone: frameIndex not found
(18446744073709551615); ignored
12-28 19:03:56.834 11425 11627 D MediaCodec: keep callback message for reclaim
12-28 19:03:56.835 11425 12960 I CCodecConfig: query failed after returning 17
values (BAD_INDEX)
12-28 19:03:56.836 11425 12960 D CCodecConfig: c2 config diff is c2::u32
coded.vui.color.matrix = 1
12-28 19:03:56.836 11425 12960 D CCodecConfig: c2::u32 coded.vui.color.primaries
= 1
12-28 19:03:56.836 11425 12960 D CCodecConfig: c2::u32 coded.vui.color.transfer =
3
12-28 19:03:56.836 11425 12960 D CCodecConfig: c2::u32 output.delay.value = 12
12-28 19:03:56.837 11425 12960 W Codec2Client: query -- param skipped: index =
1342179345.
12-28 19:03:56.837 11425 12960 W Codec2Client: query -- param skipped: index =
2415921170.
