android.frameworks.stats.IStats/default in framework VINTF manifest.
06-28 15:35:40.196 I/servicemanager( 552): Adding 'u:r:system_server:s0' service
(android.frameworks.stats.IStats/default:1718)
06-28 15:35:40.196 D/SystemServerTiming( 1718): StartIStatsService took to
complete: 10ms
06-28 15:35:40.197 I/SystemServerTiming( 1718): MemtrackProxyService
06-28 15:35:40.197 I/SystemConfig( 1718): Reading permissions from
/system/etc/permissions/privapp-permissions-qti.xml
06-28 15:35:40.199 I/SystemConfig( 1718): Reading permissions from
/system/etc/permissions/privapp-permissions-themestore.xml
06-28 15:35:40.200 E/servicemanager( 552): Could not find
android.hardware.memtrack.IMemtrack/default in the VINTF manifest.
06-28 15:35:40.200 I/Stability( 1718): Interface set with vintf stability wire
protocol version 1 downgraded to system stability wire protocol version 1 stability
06-28 15:35:40.200 I/SystemConfig( 1718): Reading permissions from
/system/etc/permissions/qti_telephony_hidl_wrapper.xml
06-28 15:35:40.201 I/SystemConfig( 1718): Reading permissions from
/system/etc/permissions/qti_telephony_utils.xml
06-28 15:35:40.201 I/servicemanager( 552): Adding 'u:r:system_server:s0' service
(memtrack.proxy:1718)
06-28 15:35:40.201 I/SystemConfig( 1718): Reading permissions from
/system/etc/permissions/rcsopenapi_library.xml
06-28 15:35:40.202 D/SystemServerTiming( 1718): MemtrackProxyService took to
complete: 5ms
06-28 15:35:40.202 I/SystemServerTiming( 1718): StartActivityManager
06-28 15:35:40.202 I/SystemServiceManager( 1718): Starting
com.android.server.wm.ActivityTaskManagerService$Lifecycle
06-28 15:35:40.202 I/SystemConfig( 1718): Reading permissions from
/system/etc/permissions/samsungkeystoreutils.xml
06-28 15:35:40.203 I/SystemConfig( 1718): Reading permissions from
/system/etc/permissions/scamera_sdk_util.xml
06-28 15:35:40.203 I/SystemConfig( 1718): Reading permissions from
/system/etc/permissions/scamera_sep.xml
06-28 15:35:40.204 I/SystemConfig( 1718): Reading permissions from
/system/etc/permissions/sec_platform_library.xml
06-28 15:35:40.204 I/SystemConfig( 1718): Reading permissions from
/system/etc/permissions/secimaging.xml
06-28 15:35:40.205 I/SystemConfig( 1718): Reading permissions from
/system/etc/permissions/sem_telephony_common.xml
06-28 15:35:40.206 I/SystemConfig( 1718): Reading permissions from
/system/etc/permissions/semextendedformat.xml
06-28 15:35:40.206 I/SystemConfig( 1718): Reading permissions from
/system/etc/permissions/semmediatranscoder.xml
06-28 15:35:40.207 I/SystemConfig( 1718): Reading permissions from
/system/etc/permissions/semsdrvideoconverter.xml
06-28 15:35:40.207 I/SystemConfig( 1718): Reading permissions from
/system/etc/permissions/sfeffect.xml
06-28 15:35:40.207 I/SystemConfig( 1718): Reading permissions from
/system/etc/permissions/vsimservice_library.xml
06-28 15:35:40.208 I/SystemConfig( 1718): Reading permissions from
/system/etc/permissions/platform.xml
06-28 15:35:40.212 W/SystemConfig( 1718): Tag system-user-whitelisted-app is
unknown in /system/etc/permissions/platform.xml at START_TAG (empty) <system-user-
whitelisted-app package='com.tmobile.echolocate'>@381:69 in
java.io.FileReader@2372951
06-28 15:35:40.214 I/SystemConfig( 1718): Reading permissions from
/vendor/etc/permissions/android.hardware.telephony.ims.xml
06-28 15:35:40.215 I/SystemConfig( 1718): Reading permissions from
/vendor/etc/permissions/android.hardware.camera.raw.xml
06-28 15:35:40.216 I/SystemConfig( 1718): Reading permissions from
/vendor/etc/permissions/android.hardware.usb.accessory.xml
06-28 15:35:40.216 D/CoreStateController( 1718): CoreStateController()
06-28 15:35:40.217 I/SystemConfig( 1718): Reading permissions from
/vendor/etc/permissions/android.hardware.wifi.direct.xml
06-28 15:35:40.217 I/SystemConfig( 1718): Reading permissions from
/vendor/etc/permissions/android.software.verified_boot.xml
06-28 15:35:40.218 I/SystemConfig( 1718): Reading permissions from
/vendor/etc/permissions/android.hardware.opengles.aep.xml
06-28 15:35:40.219 I/SystemConfig( 1718): Reading permissions from
/vendor/etc/permissions/android.hardware.bluetooth.xml
06-28 15:35:40.220 I/SystemConfig( 1718): Reading permissions from
/vendor/etc/permissions/android.hardware.location.gps.xml
06-28 15:35:40.220 I/SystemConfig( 1718): Reading permissions from
/vendor/etc/permissions/handheld_core_hardware.xml
06-28 15:35:40.221 I/SystemConfig( 1718): Reading permissions from
/vendor/etc/permissions/android.hardware.camera.front.xml
06-28 15:35:40.222 I/SystemConfig( 1718): Reading permissions from
/vendor/etc/permissions/android.software.sip.voip.xml
06-28 15:35:40.223 I/SystemConfig( 1718): Reading permissions from
/vendor/etc/permissions/android.hardware.bluetooth_le.xml
06-28 15:35:40.223 I/SystemConfig( 1718): Reading permissions from
/vendor/etc/permissions/android.software.midi.xml
06-28 15:35:40.224 I/SystemConfig( 1718): Reading permissions from
/vendor/etc/permissions/android.hardware.touchscreen.multitouch.jazzhand.xml
06-28 15:35:40.224 I/servicemanager( 552): Adding 'u:r:system_server:s0' service
(activity_task:1718)
06-28 15:35:40.224 I/SystemServiceManager( 1718): Starting
com.android.server.am.ActivityManagerService$Lifecycle
06-28 15:35:40.224 I/SystemConfig( 1718): Reading permissions from
/vendor/etc/permissions/android.hardware.vulkan.version-1_1.xml
06-28 15:35:40.225 I/SystemConfig( 1718): Reading permissions from
/vendor/etc/permissions/android.software.opengles.deqp.level.xml
06-28 15:35:40.226 I/SystemConfig( 1718): Reading permissions from
/vendor/etc/permissions/android.hardware.sensor.stepdetector.xml
06-28 15:35:40.226 I/SystemConfig( 1718): Reading permissions from
/vendor/etc/permissions/android.software.ipsec_tunnels.xml
06-28 15:35:40.227 I/SystemConfig( 1718): Reading permissions from
/vendor/etc/permissions/android.hardware.telephony.gsm.xml
06-28 15:35:40.227 I/SystemConfig( 1718): Reading permissions from
/vendor/etc/permissions/android.hardware.usb.host.xml
06-28 15:35:40.228 I/SystemConfig( 1718): Reading permissions from
/vendor/etc/permissions/android.hardware.camera.flash-autofocus.xml
06-28 15:35:40.229 I/ActivityManager( 1718): Memory class: 128
06-28 15:35:40.229 I/SystemConfig( 1718): Reading permissions from
/vendor/etc/permissions/android.software.vulkan.deqp.level.xml
06-28 15:35:40.229 I/SystemConfig( 1718): Reading permissions from
/vendor/etc/permissions/android.hardware.wifi.passpoint.xml
06-28 15:35:40.230 I/SystemConfig( 1718): Reading permissions from
/vendor/etc/permissions/android.hardware.sensor.stepcounter.xml
06-28 15:35:40.231 I/SystemConfig( 1718): Reading permissions from
/vendor/etc/permissions/android.hardware.wifi.xml
06-28 15:35:40.231 I/SystemConfig( 1718): Reading permissions from
/vendor/etc/permissions/android.hardware.vulkan.compute-0.xml
06-28 15:35:40.232 I/SystemConfig( 1718): Reading permissions from
/vendor/etc/permissions/android.hardware.vulkan.level-0.xml
06-28 15:35:40.233 I/SystemConfig( 1718): Reading permissions from
/vendor/etc/permissions/android.hardware.sensor.light.xml
06-28 15:35:40.233 I/Binder ( 1718): Setting heavy hitter watcher config: false,
0, 0.0
06-28 15:35:40.233 I/SystemConfig( 1718): Reading permissions from
/vendor/etc/permissions/android.hardware.sensor.accelerometer.xml
06-28 15:35:40.234 I/SystemConfig( 1718): Reading permissions from
/vendor/etc/permissions/android.hardware.camera.full.xml
06-28 15:35:40.235 I/SystemConfig( 1718): Reading permissions from
/vendor/etc/permissions/android.hardware.sensor.proximity.xml
06-28 15:35:40.238 I/SystemConfig( 1718): Reading aerProductName from
/system/etc/aer_product_name.xml
06-28 15:35:40.239 W/SystemConfig( 1718): fname = o1stur
06-28 15:35:40.239 W/SystemConfig( 1718): ro.product.name = a11qnnxx
06-28 15:35:40.240 W/SystemConfig( 1718): fname = o1sxtur
06-28 15:35:40.240 W/SystemConfig( 1718): ro.product.name = a11qnnxx
06-28 15:35:40.240 W/SystemConfig( 1718): fname = o1sxser
06-28 15:35:40.240 W/SystemConfig( 1718): ro.product.name = a11qnnxx
06-28 15:35:40.240 W/SystemConfig( 1718): fname = o1sxx
06-28 15:35:40.240 W/SystemConfig( 1718): ro.product.name = a11qnnxx
06-28 15:35:40.240 W/SystemConfig( 1718): fname = o1sxxx
06-28 15:35:40.240 W/SystemConfig( 1718): ro.product.name = a11qnnxx
06-28 15:35:40.240 W/SystemConfig( 1718): fname = o1sxeea
06-28 15:35:40.240 W/SystemConfig( 1718): ro.product.name = a11qnnxx
06-28 15:35:40.240 W/SystemConfig( 1718): fname = o1sksx
06-28 15:35:40.240 W/SystemConfig( 1718): ro.product.name = a11qnnxx
06-28 15:35:40.240 W/SystemConfig( 1718): fname = o1sser
06-28 15:35:40.240 W/SystemConfig( 1718): ro.product.name = a11qnnxx
06-28 15:35:40.240 W/SystemConfig( 1718): fname = o1qcsx
06-28 15:35:40.240 W/SystemConfig( 1718): ro.product.name = a11qnnxx
06-28 15:35:40.240 W/SystemConfig( 1718): fname = o1quew
06-28 15:35:40.240 W/SystemConfig( 1718): ro.product.name = a11qnnxx
06-28 15:35:40.240 W/SystemConfig( 1718): fname = o1qzhx
06-28 15:35:40.240 W/SystemConfig( 1718): ro.product.name = a11qnnxx
06-28 15:35:40.240 W/SystemConfig( 1718): fname = o1qsqw
06-28 15:35:40.240 W/SystemConfig( 1718): ro.product.name = a11qnnxx
06-28 15:35:40.240 W/SystemConfig( 1718): fname = SC-51B
06-28 15:35:40.240 W/SystemConfig( 1718): ro.product.name = a11qnnxx
06-28 15:35:40.240 W/SystemConfig( 1718): fname = SCG09_jp_kdi
06-28 15:35:40.240 W/SystemConfig( 1718): ro.product.name = a11qnnxx
06-28 15:35:40.240 W/SystemConfig( 1718): fname = t2sksx
06-28 15:35:40.240 W/SystemConfig( 1718): ro.product.name = a11qnnxx
06-28 15:35:40.240 W/SystemConfig( 1718): fname = t2sxxx
06-28 15:35:40.240 W/SystemConfig( 1718): ro.product.name = a11qnnxx
06-28 15:35:40.240 W/SystemConfig( 1718): fname = t2sxser
06-28 15:35:40.240 W/SystemConfig( 1718): ro.product.name = a11qnnxx
06-28 15:35:40.240 W/SystemConfig( 1718): fname = t2sxeea
06-28 15:35:40.240 W/SystemConfig( 1718): ro.product.name = a11qnnxx
06-28 15:35:40.240 W/SystemConfig( 1718): fname = t2sxtur
06-28 15:35:40.240 W/SystemConfig( 1718): ro.product.name = a11qnnxx
06-28 15:35:40.240 W/SystemConfig( 1718): fname = t2qzhx
06-28 15:35:40.240 W/SystemConfig( 1718): ro.product.name = a11qnnxx
06-28 15:35:40.240 W/SystemConfig( 1718): fname = t2qsqw
06-28 15:35:40.240 W/SystemConfig( 1718): ro.product.name = a11qnnxx
06-28 15:35:40.240 W/SystemConfig( 1718): fname = t2qcsx
06-28 15:35:40.240 W/SystemConfig( 1718): ro.product.name = a11qnnxx
06-28 15:35:40.240 W/SystemConfig( 1718): fname = t2quew
06-28 15:35:40.240 W/SystemConfig( 1718): ro.product.name = a11qnnxx
06-28 15:35:40.240 W/SystemConfig( 1718): fname = SCG10_jp_kdi
06-28 15:35:40.240 W/SystemConfig( 1718): ro.product.name = a11qnnxx
06-28 15:35:40.241 W/SystemConfig( 1718): fname = p3sksx
06-28 15:35:40.241 W/SystemConfig( 1718): ro.product.name = a11qnnxx
06-28 15:35:40.241 W/SystemConfig( 1718): fname = p3sxeea
06-28 15:35:40.241 W/SystemConfig( 1718): ro.product.name = a11qnnxx
06-28 15:35:40.241 W/SystemConfig( 1718): fname = p3sxtur
06-28 15:35:40.241 W/SystemConfig( 1718): ro.product.name = a11qnnxx
06-28 15:35:40.241 W/SystemConfig( 1718): fname = p3sxser
06-28 15:35:40.241 W/SystemConfig( 1718): ro.product.name = a11qnnxx
06-28 15:35:40.241 W/SystemConfig( 1718): fname = p3sxxx
06-28 15:35:40.241 W/SystemConfig( 1718): ro.product.name = a11qnnxx
06-28 15:35:40.241 W/SystemConfig( 1718): fname = p3qcsx
06-28 15:35:40.241 W/SystemConfig( 1718): ro.product.name = a11qnnxx
06-28 15:35:40.241 W/SystemConfig( 1718): fname = p3qsqw
06-28 15:35:40.241 W/SystemConfig( 1718): ro.product.name = a11qnnxx
06-28 15:35:40.241 W/SystemConfig( 1718): fname = p3quew
06-28 15:35:40.241 W/SystemConfig( 1718): ro.product.name = a11qnnxx
06-28 15:35:40.241 W/SystemConfig( 1718): fname = p3qzhx
06-28 15:35:40.241 W/SystemConfig( 1718): ro.product.name = a11qnnxx
06-28 15:35:40.241 W/SystemConfig( 1718): fname = SC-52B
06-28 15:35:40.241 W/SystemConfig( 1718): ro.product.name = a11qnnxx
06-28 15:35:40.241 W/SystemConfig( 1718): fname = q2qsqw
06-28 15:35:40.241 W/SystemConfig( 1718): ro.product.name = a11qnnxx
06-28 15:35:40.241 W/SystemConfig( 1718): fname = q2qxxx
06-28 15:35:40.241 W/SystemConfig( 1718): ro.product.name = a11qnnxx
06-28 15:35:40.241 W/SystemConfig( 1718): fname = q2qcsx
06-28 15:35:40.241 W/SystemConfig( 1718): ro.product.name = a11qnnxx
06-28 15:35:40.241 W/SystemConfig( 1718): fname = q2qzhx
06-28 15:35:40.241 W/SystemConfig( 1718): ro.product.name = a11qnnxx
06-28 15:35:40.241 W/SystemConfig( 1718): fname = q2qksx
06-28 15:35:40.241 W/SystemConfig( 1718): ro.product.name = a11qnnxx
06-28 15:35:40.241 W/SystemConfig( 1718): fname = q2qxtur
06-28 15:35:40.241 W/SystemConfig( 1718): ro.product.name = a11qnnxx
06-28 15:35:40.241 W/SystemConfig( 1718): fname = q2qxser
06-28 15:35:40.241 W/SystemConfig( 1718): ro.product.name = a11qnnxx
06-28 15:35:40.241 W/SystemConfig( 1718): fname = q2qxeea
06-28 15:35:40.241 W/SystemConfig( 1718): ro.product.name = a11qnnxx
06-28 15:35:40.241 W/SystemConfig( 1718): fname = q2quew
06-28 15:35:40.241 W/SystemConfig( 1718): ro.product.name = a11qnnxx
06-28 15:35:40.241 W/SystemConfig( 1718): fname = SC-55B
06-28 15:35:40.241 W/SystemConfig( 1718): ro.product.name = a11qnnxx
06-28 15:35:40.241 W/SystemConfig( 1718): fname = SCG11_jp_kdi
06-28 15:35:40.241 W/SystemConfig( 1718): ro.product.name = a11qnnxx
06-28 15:35:40.241 W/SystemConfig( 1718): fname = b2quew
06-28 15:35:40.241 W/SystemConfig( 1718): ro.product.name = a11qnnxx
06-28 15:35:40.242 W/SystemConfig( 1718): fname = b2qxxx
06-28 15:35:40.242 W/SystemConfig( 1718): ro.product.name = a11qnnxx
06-28 15:35:40.242 W/SystemConfig( 1718): fname = b2qcsx
06-28 15:35:40.242 W/SystemConfig( 1718): ro.product.name = a11qnnxx
06-28 15:35:40.242 W/SystemConfig( 1718): fname = b2qsqw
06-28 15:35:40.242 W/SystemConfig( 1718): ro.product.name = a11qnnxx
06-28 15:35:40.242 W/SystemConfig( 1718): fname = b2qzhx
06-28 15:35:40.242 W/SystemConfig( 1718): ro.product.name = a11qnnxx
06-28 15:35:40.242 W/SystemConfig( 1718): fname = b2qxser
06-28 15:35:40.242 W/SystemConfig( 1718): ro.product.name = a11qnnxx
06-28 15:35:40.242 W/SystemConfig( 1718): fname = b2qxtur
06-28 15:35:40.242 W/SystemConfig( 1718): ro.product.name = a11qnnxx
06-28 15:35:40.242 W/SystemConfig( 1718): fname = b2qxeea
06-28 15:35:40.242 W/SystemConfig( 1718): ro.product.name = a11qnnxx
06-28 15:35:40.242 W/SystemConfig( 1718): fname = b2qksx
06-28 15:35:40.242 W/SystemConfig( 1718): ro.product.name = a11qnnxx
06-28 15:35:40.242 W/SystemConfig( 1718): fname = SC-54B
06-28 15:35:40.242 W/SystemConfig( 1718): ro.product.name = a11qnnxx
06-28 15:35:40.242 W/SystemConfig( 1718): fname = SCG12_jp_kdi
06-28 15:35:40.242 W/SystemConfig( 1718): ro.product.name = a11qnnxx
06-28 15:35:40.242 W/SystemConfig( 1718): fname = a52qnstur
06-28 15:35:40.242 W/SystemConfig( 1718): ro.product.name = a11qnnxx
06-28 15:35:40.242 W/SystemConfig( 1718): fname = a52qnseea
06-28 15:35:40.242 W/SystemConfig( 1718): ro.product.name = a11qnnxx
06-28 15:35:40.242 W/SystemConfig( 1718): fname = a52qnsxx
06-28 15:35:40.242 W/SystemConfig( 1718): ro.product.name = a11qnnxx
06-28 15:35:40.242 W/SystemConfig( 1718): fname = a52qnsser
06-28 15:35:40.242 W/SystemConfig( 1718): ro.product.name = a11qnnxx
06-28 15:35:40.242 W/SystemConfig( 1718): fname = a52qub
06-28 15:35:40.242 W/SystemConfig( 1718): ro.product.name = a11qnnxx
06-28 15:35:40.242 W/SystemConfig( 1718): fname = a52xque
06-28 15:35:40.242 W/SystemConfig( 1718): ro.product.name = a11qnnxx
06-28 15:35:40.242 W/SystemConfig( 1718): fname = a52xqcs
06-28 15:35:40.242 W/SystemConfig( 1718): ro.product.name = a11qnnxx
06-28 15:35:40.242 W/SystemConfig( 1718): fname = a52xqnaeea
06-28 15:35:40.242 W/SystemConfig( 1718): ro.product.name = a11qnnxx
06-28 15:35:40.242 W/SystemConfig( 1718): fname = a52xqsq
06-28 15:35:40.242 W/SystemConfig( 1718): ro.product.name = a11qnnxx
06-28 15:35:40.242 W/SystemConfig( 1718): fname = a52xqzh
06-28 15:35:40.242 W/SystemConfig( 1718): ro.product.name = a11qnnxx
06-28 15:35:40.242 W/SystemConfig( 1718): fname = a52xqks
06-28 15:35:40.242 W/SystemConfig( 1718): ro.product.name = a11qnnxx
06-28 15:35:40.242 W/SystemConfig( 1718): fname = a52xqnaxx
06-28 15:35:40.242 W/SystemConfig( 1718): ro.product.name = a11qnnxx
06-28 15:35:40.242 W/SystemConfig( 1718): fname = SC-53B
06-28 15:35:40.242 W/SystemConfig( 1718): ro.product.name = a11qnnxx
06-28 15:35:40.243 W/SystemConfig( 1718): fname = a52sxqeea
06-28 15:35:40.243 W/SystemConfig( 1718): ro.product.name = a11qnnxx
06-28 15:35:40.243 W/SystemConfig( 1718): fname = a52sxqtur
06-28 15:35:40.243 W/SystemConfig( 1718): ro.product.name = a11qnnxx
06-28 15:35:40.243 W/SystemConfig( 1718): fname = a52sxqser
06-28 15:35:40.243 W/SystemConfig( 1718): ro.product.name = a11qnnxx
06-28 15:35:40.243 W/SystemConfig( 1718): fname = a52sxqzt
06-28 15:35:40.243 W/SystemConfig( 1718): ro.product.name = a11qnnxx
06-28 15:35:40.243 W/SystemConfig( 1718): fname = a52sxqxx
06-28 15:35:40.243 W/SystemConfig( 1718): ro.product.name = a11qnnxx
06-28 15:35:40.243 W/SystemConfig( 1718): fname = a52sxqks
06-28 15:35:40.243 W/SystemConfig( 1718): ro.product.name = a11qnnxx
06-28 15:35:40.243 W/SystemConfig( 1718): fname = r9sxtur
06-28 15:35:40.243 W/SystemConfig( 1718): ro.product.name = a11qnnxx
06-28 15:35:40.243 W/SystemConfig( 1718): fname = r9sxxx
06-28 15:35:40.243 W/SystemConfig( 1718): ro.product.name = a11qnnxx
06-28 15:35:40.243 W/SystemConfig( 1718): fname = r9qksx
06-28 15:35:40.243 W/SystemConfig( 1718): ro.product.name = a11qnnxx
06-28 15:35:40.243 W/SystemConfig( 1718): fname = r9qxeea
06-28 15:35:40.243 W/SystemConfig( 1718): ro.product.name = a11qnnxx
06-28 15:35:40.243 W/SystemConfig( 1718): fname = r9qxtur
06-28 15:35:40.243 W/SystemConfig( 1718): ro.product.name = a11qnnxx
06-28 15:35:40.243 W/SystemConfig( 1718): fname = r9qxser
06-28 15:35:40.243 W/SystemConfig( 1718): ro.product.name = a11qnnxx
06-28 15:35:40.243 W/SystemConfig( 1718): fname = r9qzh
06-28 15:35:40.243 W/SystemConfig( 1718): ro.product.name = a11qnnxx
06-28 15:35:40.243 W/SystemConfig( 1718): fname = r9quew
06-28 15:35:40.243 W/SystemConfig( 1718): ro.product.name = a11qnnxx
06-28 15:35:40.243 W/SystemConfig( 1718): fname = r9qxxx
06-28 15:35:40.243 W/SystemConfig( 1718): ro.product.name = a11qnnxx
06-28 15:35:40.243 W/SystemConfig( 1718): fname = r9qcsx
06-28 15:35:40.243 W/SystemConfig( 1718): ro.product.name = a11qnnxx
06-28 15:35:40.243 W/SystemConfig( 1718): fname = r9qsqw
06-28 15:35:40.243 W/SystemConfig( 1718): ro.product.name = a11qnnxx
06-28 15:35:40.243 W/SystemConfig( 1718): fname = r9q2xser
06-28 15:35:40.243 W/SystemConfig( 1718): ro.product.name = a11qnnxx
06-28 15:35:40.243 W/SystemConfig( 1718): fname = r9q2xxx
06-28 15:35:40.243 W/SystemConfig( 1718): ro.product.name = a11qnnxx
06-28 15:35:40.243 W/SystemConfig( 1718): fname = r9q2xeea
06-28 15:35:40.243 W/SystemConfig( 1718): ro.product.name = a11qnnxx
06-28 15:35:40.243 W/SystemConfig( 1718): fname = r9q2sqw
06-28 15:35:40.243 W/SystemConfig( 1718): ro.product.name = a11qnnxx
06-28 15:35:40.243 W/SystemConfig( 1718): fname = a32ub
06-28 15:35:40.243 W/SystemConfig( 1718): ro.product.name = a11qnnxx
06-28 15:35:40.243 W/SystemConfig( 1718): fname = a32ks
06-28 15:35:40.243 W/SystemConfig( 1718): ro.product.name = a11qnnxx
06-28 15:35:40.243 W/SystemConfig( 1718): fname = a32eea
06-28 15:35:40.243 W/SystemConfig( 1718): ro.product.name = a11qnnxx
06-28 15:35:40.243 W/SystemConfig( 1718): fname = a32tur
06-28 15:35:40.244 W/SystemConfig( 1718): ro.product.name = a11qnnxx
06-28 15:35:40.244 W/SystemConfig( 1718): fname = a32ser
06-28 15:35:40.244 W/SystemConfig( 1718): ro.product.name = a11qnnxx
06-28 15:35:40.244 W/SystemConfig( 1718): fname = a32xx
06-28 15:35:40.244 W/SystemConfig( 1718): ro.product.name = a11qnnxx
06-28 15:35:40.244 W/SystemConfig( 1718): fname = a32xxx
06-28 15:35:40.244 W/SystemConfig( 1718): ro.product.name = a11qnnxx
06-28 15:35:40.244 W/SystemConfig( 1718): fname = a32xcs
06-28 15:35:40.244 W/SystemConfig( 1718): ro.product.name = a11qnnxx
06-28 15:35:40.244 W/SystemConfig( 1718): fname = a32xeea
06-28 15:35:40.244 W/SystemConfig( 1718): ro.product.name = a11qnnxx
06-28 15:35:40.244 W/SystemConfig( 1718): fname = a32xue
06-28 15:35:40.244 W/SystemConfig( 1718): ro.product.name = a11qnnxx
06-28 15:35:40.244 W/SystemConfig( 1718): fname = a32xtfn
06-28 15:35:40.244 W/SystemConfig( 1718): ro.product.name = a11qnnxx
06-28 15:35:40.244 W/SystemConfig( 1718): fname = a32xzh
06-28 15:35:40.244 W/SystemConfig( 1718): ro.product.name = a11qnnxx
06-28 15:35:40.244 W/SystemConfig( 1718): fname = a32xsq
06-28 15:35:40.244 W/SystemConfig( 1718): ro.product.name = a11qnnxx
06-28 15:35:40.244 W/SystemConfig( 1718): fname = SCG08_jp_kdi
06-28 15:35:40.244 W/SystemConfig( 1718): ro.product.name = a11qnnxx
06-28 15:35:40.244 W/SystemConfig( 1718): fname = xcover5eea
06-28 15:35:40.244 W/SystemConfig( 1718): ro.product.name = a11qnnxx
06-28 15:35:40.244 W/SystemConfig( 1718): fname = xcover5ser
06-28 15:35:40.244 W/SystemConfig( 1718): ro.product.name = a11qnnxx
06-28 15:35:40.244 W/SystemConfig( 1718): fname = xcover5kx
06-28 15:35:40.244 W/SystemConfig( 1718): ro.product.name = a11qnnxx
06-28 15:35:40.244 W/SystemConfig( 1718): fname = xcover5xx
06-28 15:35:40.244 W/SystemConfig( 1718): ro.product.name = a11qnnxx
06-28 15:35:40.244 W/SystemConfig( 1718): fname = gts7fewifixx
06-28 15:35:40.244 W/SystemConfig( 1718): ro.product.name = a11qnnxx
06-28 15:35:40.244 W/SystemConfig( 1718): fname = gts7fewifitur
06-28 15:35:40.244 W/SystemConfig( 1718): ro.product.name = a11qnnxx
06-28 15:35:40.244 W/SystemConfig( 1718): fname = gts7fewifieea
06-28 15:35:40.244 W/SystemConfig( 1718): ro.product.name = a11qnnxx
06-28 15:35:40.244 W/SystemConfig( 1718): fname = gts7fewifiser
06-28 15:35:40.244 W/SystemConfig( 1718): ro.product.name = a11qnnxx
06-28 15:35:40.244 W/SystemConfig( 1718): fname = gts7xllitexx
06-28 15:35:40.244 W/SystemConfig( 1718): ro.product.name = a11qnnxx
06-28 15:35:40.244 W/SystemConfig( 1718): fname = gts7xlliteser
06-28 15:35:40.244 W/SystemConfig( 1718): ro.product.name = a11qnnxx
06-28 15:35:40.244 W/SystemConfig( 1718): fname = gts7xllitexeea
06-28 15:35:40.244 W/SystemConfig( 1718): ro.product.name = a11qnnxx
06-28 15:35:40.244 W/SystemConfig( 1718): fname = gts7xllitekx
06-28 15:35:40.244 W/SystemConfig( 1718): ro.product.name = a11qnnxx
06-28 15:35:40.244 W/SystemConfig( 1718): fname = gts7xllitetur
06-28 15:35:40.244 W/SystemConfig( 1718): ro.product.name = a11qnnxx
06-28 15:35:40.244 W/SystemConfig( 1718): fname = gts7xllitekxx
06-28 15:35:40.245 W/SystemConfig( 1718): ro.product.name = a11qnnxx
06-28 15:35:40.245 W/SystemConfig( 1718): fname = gts7xllitesqwnc
06-28 15:35:40.245 W/SystemConfig( 1718): ro.product.name = a11qnnxx
06-28 15:35:40.245 W/SystemConfig( 1718): fname = gts7xllitexxx
06-28 15:35:40.245 W/SystemConfig( 1718): ro.product.name = a11qnnxx
06-28 15:35:40.245 W/SystemConfig( 1718): fname = gts7xllitesqw
06-28 15:35:40.245 W/SystemConfig( 1718): ro.product.name = a11qnnxx
06-28 15:35:40.245 W/SystemConfig( 1718): fname = gts7xllitewifieea
06-28 15:35:40.245 W/SystemConfig( 1718): ro.product.name = a11qnnxx
06-28 15:35:40.245 W/SystemConfig( 1718): fname = gts7xllitewifixx
06-28 15:35:40.245 W/SystemConfig( 1718): ro.product.name = a11qnnxx
06-28 15:35:40.245 W/SystemConfig( 1718): fname = gts7xllitewifitur
06-28 15:35:40.245 W/SystemConfig( 1718): ro.product.name = a11qnnxx
06-28 15:35:40.245 W/SystemConfig( 1718): fname = gts7xllitewifiser
06-28 15:35:40.245 W/SystemConfig( 1718): ro.product.name = a11qnnxx
06-28 15:35:40.245 W/SystemConfig( 1718): fname = b0sxser
06-28 15:35:40.245 W/SystemConfig( 1718): ro.product.name = a11qnnxx
06-28 15:35:40.245 W/SystemConfig( 1718): fname = b0sxtur
06-28 15:35:40.245 W/SystemConfig( 1718): ro.product.name = a11qnnxx
06-28 15:35:40.245 W/SystemConfig( 1718): fname = b0sxxx
06-28 15:35:40.245 W/SystemConfig( 1718): ro.product.name = a11qnnxx
06-28 15:35:40.245 W/SystemConfig( 1718): fname = b0sxeea
06-28 15:35:40.245 W/SystemConfig( 1718): ro.product.name = a11qnnxx
06-28 15:35:40.245 W/SystemConfig( 1718): fname = b0sksx
06-28 15:35:40.245 W/SystemConfig( 1718): ro.product.name = a11qnnxx
06-28 15:35:40.245 W/SystemConfig( 1718): fname = b0qksx
06-28 15:35:40.245 W/SystemConfig( 1718): ro.product.name = a11qnnxx
06-28 15:35:40.245 W/SystemConfig( 1718): fname = b0quew
06-28 15:35:40.245 W/SystemConfig( 1718): ro.product.name = a11qnnxx
06-28 15:35:40.245 W/SystemConfig( 1718): fname = b0qcsx
06-28 15:35:40.245 W/SystemConfig( 1718): ro.product.name = a11qnnxx
06-28 15:35:40.245 W/SystemConfig( 1718): fname = b0qxxx
06-28 15:35:40.245 W/SystemConfig( 1718): ro.product.name = a11qnnxx
06-28 15:35:40.245 W/SystemConfig( 1718): fname = b0qsqw
06-28 15:35:40.245 W/SystemConfig( 1718): ro.product.name = a11qnnxx
06-28 15:35:40.245 W/SystemConfig( 1718): fname = b0qzhx
06-28 15:35:40.245 W/SystemConfig( 1718): ro.product.name = a11qnnxx
06-28 15:35:40.245 W/SystemConfig( 1718): fname = b0qxtur
06-28 15:35:40.245 W/SystemConfig( 1718): ro.product.name = a11qnnxx
06-28 15:35:40.245 W/SystemConfig( 1718): fname = SC-52C
06-28 15:35:40.245 W/SystemConfig( 1718): ro.product.name = a11qnnxx
06-28 15:35:40.245 W/SystemConfig( 1718): fname = SCG14_jp_kdi
06-28 15:35:40.245 W/SystemConfig( 1718): ro.product.name = a11qnnxx
06-28 15:35:40.245 W/SystemConfig( 1718): fname = r0sxxx
06-28 15:35:40.245 W/SystemConfig( 1718): ro.product.name = a11qnnxx
06-28 15:35:40.245 W/SystemConfig( 1718): fname = r0sxeea
06-28 15:35:40.245 W/SystemConfig( 1718): ro.product.name = a11qnnxx
06-28 15:35:40.246 W/SystemConfig( 1718): fname = r0sxtur
06-28 15:35:40.246 W/SystemConfig( 1718): ro.product.name = a11qnnxx
06-28 15:35:40.246 W/SystemConfig( 1718): fname = r0sxser
06-28 15:35:40.246 W/SystemConfig( 1718): ro.product.name = a11qnnxx
06-28 15:35:40.246 W/SystemConfig( 1718): fname = r0sksx
06-28 15:35:40.246 W/SystemConfig( 1718): ro.product.name = a11qnnxx
06-28 15:35:40.246 W/SystemConfig( 1718): fname = r0qksx
06-28 15:35:40.246 W/SystemConfig( 1718): ro.product.name = a11qnnxx
06-28 15:35:40.246 W/SystemConfig( 1718): fname = r0qxtur
06-28 15:35:40.246 W/SystemConfig( 1718): ro.product.name = a11qnnxx
06-28 15:35:40.246 W/SystemConfig( 1718): fname = r0qcsx
06-28 15:35:40.246 W/SystemConfig( 1718): ro.product.name = a11qnnxx
06-28 15:35:40.246 W/SystemConfig( 1718): fname = r0qzhx
06-28 15:35:40.246 W/SystemConfig( 1718): ro.product.name = a11qnnxx
06-28 15:35:40.246 W/SystemConfig( 1718): fname = r0quew
06-28 15:35:40.246 W/SystemConfig( 1718): ro.product.name = a11qnnxx
06-28 15:35:40.246 W/SystemConfig( 1718): fname = r0qsqw
06-28 15:35:40.246 W/SystemConfig( 1718): ro.product.name = a11qnnxx
06-28 15:35:40.246 W/SystemConfig( 1718): fname = r0qxxx
06-28 15:35:40.246 W/SystemConfig( 1718): ro.product.name = a11qnnxx
06-28 15:35:40.246 W/SystemConfig( 1718): fname = SC-51C
06-28 15:35:40.246 W/SystemConfig( 1718): ro.product.name = a11qnnxx
06-28 15:35:40.246 W/SystemConfig( 1718): fname = SCG13_jp_kdi
06-28 15:35:40.246 W/SystemConfig( 1718): ro.product.name = a11qnnxx
06-28 15:35:40.246 W/SystemConfig( 1718): fname = g0sxxx
06-28 15:35:40.246 W/SystemConfig( 1718): ro.product.name = a11qnnxx
06-28 15:35:40.246 W/SystemConfig( 1718): fname = g0sxtur
06-28 15:35:40.246 W/SystemConfig( 1718): ro.product.name = a11qnnxx
06-28 15:35:40.246 W/SystemConfig( 1718): fname = g0sxeea
06-28 15:35:40.246 W/SystemConfig( 1718): ro.product.name = a11qnnxx
06-28 15:35:40.246 W/SystemConfig( 1718): fname = g0sxser
06-28 15:35:40.246 W/SystemConfig( 1718): ro.product.name = a11qnnxx
06-28 15:35:40.246 W/SystemConfig( 1718): fname = g0sksx
06-28 15:35:40.246 W/SystemConfig( 1718): ro.product.name = a11qnnxx
06-28 15:35:40.246 W/SystemConfig( 1718): fname = g0qksx
06-28 15:35:40.246 W/SystemConfig( 1718): ro.product.name = a11qnnxx
06-28 15:35:40.246 W/SystemConfig( 1718): fname = g0quew
06-28 15:35:40.246 W/SystemConfig( 1718): ro.product.name = a11qnnxx
06-28 15:35:40.246 W/SystemConfig( 1718): fname = g0qxtur
06-28 15:35:40.246 W/SystemConfig( 1718): ro.product.name = a11qnnxx
06-28 15:35:40.246 W/SystemConfig( 1718): fname = g0qcsx
06-28 15:35:40.246 W/SystemConfig( 1718): ro.product.name = a11qnnxx
06-28 15:35:40.246 W/SystemConfig( 1718): fname = g0qxxx
06-28 15:35:40.246 W/SystemConfig( 1718): ro.product.name = a11qnnxx
06-28 15:35:40.246 W/SystemConfig( 1718): fname = g0qsqw
06-28 15:35:40.246 W/SystemConfig( 1718): ro.product.name = a11qnnxx
06-28 15:35:40.246 W/SystemConfig( 1718): fname = g0qzhx
06-28 15:35:40.246 W/SystemConfig( 1718): ro.product.name = a11qnnxx
06-28 15:35:40.246 W/SystemConfig( 1718): fname = gts8kxx
06-28 15:35:40.246 W/SystemConfig( 1718): ro.product.name = a11qnnxx
06-28 15:35:40.247 W/SystemConfig( 1718): fname = gts8keea
06-28 15:35:40.247 W/SystemConfig( 1718): ro.product.name = a11qnnxx
06-28 15:35:40.247 W/SystemConfig( 1718): fname = gts8xser
06-28 15:35:40.247 W/SystemConfig( 1718): ro.product.name = a11qnnxx
06-28 15:35:40.247 W/SystemConfig( 1718): fname = gts8xeea
06-28 15:35:40.247 W/SystemConfig( 1718): ro.product.name = a11qnnxx
06-28 15:35:40.247 W/SystemConfig( 1718): fname = gts8xxx
06-28 15:35:40.247 W/SystemConfig( 1718): ro.product.name = a11qnnxx
06-28 15:35:40.247 W/SystemConfig( 1718): fname = gts8sq
06-28 15:35:40.247 W/SystemConfig( 1718): ro.product.name = a11qnnxx
06-28 15:35:40.247 W/SystemConfig( 1718): fname = gts8wifiser
06-28 15:35:40.247 W/SystemConfig( 1718): ro.product.name = a11qnnxx
06-28 15:35:40.247 W/SystemConfig( 1718): fname = gts8wifitur
06-28 15:35:40.247 W/SystemConfig( 1718): ro.product.name = a11qnnxx
06-28 15:35:40.247 W/SystemConfig( 1718): fname = gts8wifixx
06-28 15:35:40.247 W/SystemConfig( 1718): ro.product.name = a11qnnxx
06-28 15:35:40.247 W/SystemConfig( 1718): fname = gts8wifieea
06-28 15:35:40.247 W/SystemConfig( 1718): ro.product.name = a11qnnxx
06-28 15:35:40.247 W/SystemConfig( 1718): fname = gts8pkxx
06-28 15:35:40.247 W/SystemConfig( 1718): ro.product.name = a11qnnxx
06-28 15:35:40.247 W/SystemConfig( 1718): fname = gts8psqw
06-28 15:35:40.247 W/SystemConfig( 1718): ro.product.name = a11qnnxx
06-28 15:35:40.247 W/SystemConfig( 1718): fname = gts8psqw
06-28 15:35:40.247 W/SystemConfig( 1718): ro.product.name = a11qnnxx
06-28 15:35:40.247 W/SystemConfig( 1718): fname = gts8pxser
06-28 15:35:40.247 W/SystemConfig( 1718): ro.product.name = a11qnnxx
06-28 15:35:40.247 W/SystemConfig( 1718): fname = gts8peea
06-28 15:35:40.247 W/SystemConfig( 1718): ro.product.name = a11qnnxx
06-28 15:35:40.247 W/SystemConfig( 1718): fname = gts8pxx
06-28 15:35:40.247 W/SystemConfig( 1718): ro.product.name = a11qnnxx
06-28 15:35:40.247 W/SystemConfig( 1718): fname = gts8pxeea
06-28 15:35:40.247 W/SystemConfig( 1718): ro.product.name = a11qnnxx
06-28 15:35:40.247 W/SystemConfig( 1718): fname = gts8pxxx
06-28 15:35:40.247 W/SystemConfig( 1718): ro.product.name = a11qnnxx
06-28 15:35:40.247 W/SystemConfig( 1718): fname = gts8psqwnc
06-28 15:35:40.247 W/SystemConfig( 1718): ro.product.name = a11qnnxx
06-28 15:35:40.247 W/SystemConfig( 1718): fname = gts8pwifitur
06-28 15:35:40.247 W/SystemConfig( 1718): ro.product.name = a11qnnxx
06-28 15:35:40.247 W/SystemConfig( 1718): fname = gts8pwifiser
06-28 15:35:40.247 W/SystemConfig( 1718): ro.product.name = a11qnnxx
06-28 15:35:40.247 W/SystemConfig( 1718): fname = gts8pwifixx
06-28 15:35:40.247 W/SystemConfig( 1718): ro.product.name = a11qnnxx
06-28 15:35:40.247 W/SystemConfig( 1718): fname = gts8pwifieea
06-28 15:35:40.247 W/SystemConfig( 1718): ro.product.name = a11qnnxx
06-28 15:35:40.247 W/SystemConfig( 1718): fname = gts8ukxx
06-28 15:35:40.247 W/SystemConfig( 1718): ro.product.name = a11qnnxx
06-28 15:35:40.247 W/SystemConfig( 1718): fname = gts8uxser
06-28 15:35:40.247 W/SystemConfig( 1718): ro.product.name = a11qnnxx
06-28 15:35:40.248 W/SystemConfig( 1718): fname = gts8uxeea
06-28 15:35:40.248 W/SystemConfig( 1718): ro.product.name = a11qnnxx
06-28 15:35:40.248 W/SystemConfig( 1718): fname = gts8uxxx
06-28 15:35:40.248 W/SystemConfig( 1718): ro.product.name = a11qnnxx
06-28 15:35:40.248 W/SystemConfig( 1718): fname = gts8uwifiser
06-28 15:35:40.248 W/SystemConfig( 1718): ro.product.name = a11qnnxx
06-28 15:35:40.248 W/SystemConfig( 1718): fname = gts8uwifitur
06-28 15:35:40.248 W/SystemConfig( 1718): ro.product.name = a11qnnxx
06-28 15:35:40.248 W/SystemConfig( 1718): fname = gts8uwifieea
06-28 15:35:40.248 W/SystemConfig( 1718): ro.product.name = a11qnnxx
06-28 15:35:40.248 W/SystemConfig( 1718): fname = gts8uwifixx
06-28 15:35:40.248 W/SystemConfig( 1718): ro.product.name = a11qnnxx
06-28 15:35:40.248 W/SystemConfig( 1718): fname = a33xnndxx
06-28 15:35:40.248 W/SystemConfig( 1718): ro.product.name = a11qnnxx
06-28 15:35:40.248 W/SystemConfig( 1718): fname = a33xnsdtur
06-28 15:35:40.248 W/SystemConfig( 1718): ro.product.name = a11qnnxx
06-28 15:35:40.248 W/SystemConfig( 1718): fname = a33xnsdxx
06-28 15:35:40.248 W/SystemConfig( 1718): ro.product.name = a11qnnxx
06-28 15:35:40.248 W/SystemConfig( 1718): fname = a33xnndx
06-28 15:35:40.248 W/SystemConfig( 1718): ro.product.name = a11qnnxx
06-28 15:35:40.248 W/SystemConfig( 1718): fname = a33xnsdx
06-28 15:35:40.248 W/SystemConfig( 1718): ro.product.name = a11qnnxx
06-28 15:35:40.248 W/SystemConfig( 1718): fname = a33xub
06-28 15:35:40.248 W/SystemConfig( 1718): ro.product.name = a11qnnxx
06-28 15:35:40.248 W/SystemConfig( 1718): fname = a33xks
06-28 15:35:40.248 W/SystemConfig( 1718): ro.product.name = a11qnnxx
06-28 15:35:40.248 W/SystemConfig( 1718): fname = a33xzh
06-28 15:35:40.248 W/SystemConfig( 1718): ro.product.name = a11qnnxx
06-28 15:35:40.248 W/SystemConfig( 1718): fname = a33xnsser
06-28 15:35:40.248 W/SystemConfig( 1718): ro.product.name = a11qnnxx
06-28 15:35:40.248 W/SystemConfig( 1718): fname = a33xnsxx
06-28 15:35:40.248 W/SystemConfig( 1718): ro.product.name = a11qnnxx
06-28 15:35:40.248 W/SystemConfig( 1718): fname = a33xnseea
06-28 15:35:40.248 W/SystemConfig( 1718): ro.product.name = a11qnnxx
06-28 15:35:40.248 W/SystemConfig( 1718): fname = a53xtfn
06-28 15:35:40.248 W/SystemConfig( 1718): ro.product.name = a11qnnxx
06-28 15:35:40.248 W/SystemConfig( 1718): fname = a53xzh
06-28 15:35:40.248 W/SystemConfig( 1718): ro.product.name = a11qnnxx
06-28 15:35:40.248 W/SystemConfig( 1718): fname = a53xcsx
06-28 15:35:40.248 W/SystemConfig( 1718): ro.product.name = a11qnnxx
06-28 15:35:40.248 W/SystemConfig( 1718): fname = a53xnaxx
06-28 15:35:40.248 W/SystemConfig( 1718): ro.product.name = a11qnnxx
06-28 15:35:40.248 W/SystemConfig( 1718): fname = a53xksx
06-28 15:35:40.248 W/SystemConfig( 1718): ro.product.name = a11qnnxx
06-28 15:35:40.248 W/SystemConfig( 1718): fname = a53xnsser
06-28 15:35:40.248 W/SystemConfig( 1718): ro.product.name = a11qnnxx
06-28 15:35:40.248 W/SystemConfig( 1718): fname = a53xnstur
06-28 15:35:40.248 W/SystemConfig( 1718): ro.product.name = a11qnnxx
06-28 15:35:40.248 W/SystemConfig( 1718): fname = a53xnsxx
06-28 15:35:40.248 W/SystemConfig( 1718): ro.product.name = a11qnnxx
06-28 15:35:40.249 W/SystemConfig( 1718): fname = a53xsqx
06-28 15:35:40.249 W/SystemConfig( 1718): ro.product.name = a11qnnxx
06-28 15:35:40.249 W/SystemConfig( 1718): fname = a53xsqw
06-28 15:35:40.249 W/SystemConfig( 1718): ro.product.name = a11qnnxx
06-28 15:35:40.249 W/SystemConfig( 1718): fname = a53xnaeea
06-28 15:35:40.249 W/SystemConfig( 1718): ro.product.name = a11qnnxx
06-28 15:35:40.249 W/SystemConfig( 1718): fname = a53xue
06-28 15:35:40.249 W/SystemConfig( 1718): ro.product.name = a11qnnxx
06-28 15:35:40.249 W/SystemConfig( 1718): fname = SC-53C
06-28 15:35:40.249 W/SystemConfig( 1718): ro.product.name = a11qnnxx
06-28 15:35:40.249 W/SystemConfig( 1718): fname = SCG15_jp_kdi
06-28 15:35:40.249 W/SystemConfig( 1718): ro.product.name = a11qnnxx
06-28 15:35:40.249 W/SystemConfig( 1718): fname = xcoverpro2tur
06-28 15:35:40.249 W/SystemConfig( 1718): ro.product.name = a11qnnxx
06-28 15:35:40.249 W/SystemConfig( 1718): fname = xcoverpro2eea
06-28 15:35:40.249 W/SystemConfig( 1718): ro.product.name = a11qnnxx
06-28 15:35:40.249 W/SystemConfig( 1718): fname = xcoverpro2xx
06-28 15:35:40.249 W/SystemConfig( 1718): ro.product.name = a11qnnxx
06-28 15:35:40.249 W/SystemConfig( 1718): fname = xcoverpro2sq
06-28 15:35:40.249 W/SystemConfig( 1718): ro.product.name = a11qnnxx
06-28 15:35:40.249 W/SystemConfig( 1718): fname = q4qzhx
06-28 15:35:40.249 W/SystemConfig( 1718): ro.product.name = a11qnnxx
06-28 15:35:40.249 W/SystemConfig( 1718): fname = q4qsqw
06-28 15:35:40.249 W/SystemConfig( 1718): ro.product.name = a11qnnxx
06-28 15:35:40.249 W/SystemConfig( 1718): fname = b4qsqw
06-28 15:35:40.249 W/SystemConfig( 1718): ro.product.name = a11qnnxx
06-28 15:35:40.250 I/SystemConfig( 1718): Reading permissions from
/product/etc/sysconfig/google_turbo.xml
06-28 15:35:40.250 I/SystemConfig( 1718): Reading permissions from
/product/etc/sysconfig/google.xml
06-28 15:35:40.251 I/SystemConfig( 1718): Adding association: com.google.android.as
<- com.android.bluetooth
06-28 15:35:40.251 I/SystemConfig( 1718): Adding association: com.google.android.as
<- com.android.providers.contacts
06-28 15:35:40.251 I/SystemConfig( 1718): Adding association: com.google.android.as
<- com.android.providers.media
06-28 15:35:40.251 I/SystemConfig( 1718): Adding association: com.google.android.as
<- com.android.providers.telephony
06-28 15:35:40.251 I/SystemConfig( 1718): Adding association: com.google.android.as
<- com.android.systemui
06-28 15:35:40.251 I/SystemConfig( 1718): Adding association: com.google.android.as
<- com.google.android.providers.media.module
06-28 15:35:40.251 I/SystemConfig( 1718): Adding association: com.google.android.as
<- com.google.android.as.oss
06-28 15:35:40.251 I/SystemConfig( 1718): Adding association:
com.google.android.as.oss <- com.google.android.as
06-28 15:35:40.251 I/SystemConfig( 1718): Reading permissions from
/product/etc/sysconfig/wellbeing.xml
06-28 15:35:40.252 I/SystemConfig( 1718): Reading permissions from
/product/etc/sysconfig/GoogleCellBroadcast_config.xml
06-28 15:35:40.252 I/SystemConfig( 1718): Reading permissions from
/product/etc/sysconfig/google_duo.xml
06-28 15:35:40.253 E/SystemConfig( 1718): aer = false, f.getPath().contains = true
06-28 15:35:40.253 I/SystemConfig( 1718): Reading permissions from
/product/etc/sysconfig/google-rollback-package-whitelist.xml
06-28 15:35:40.253 I/SystemConfig( 1718): Reading permissions from
/product/etc/sysconfig/preinstalled-packages-platform-overlays.xml
06-28 15:35:40.255 I/SystemConfig( 1718): Reading permissions from
/product/etc/sysconfig/google-staged-installer-whitelist.xml
06-28 15:35:40.255 I/SystemConfig( 1718): Reading permissions from
/product/etc/sysconfig/preinstalled-packages-platform-handheld-product.xml
06-28 15:35:40.255 I/SystemConfig( 1718): Reading permissions from
/product/etc/sysconfig/carrierwifi-sysconfig.xml
06-28 15:35:40.256 I/SystemConfig( 1718): Reading permissions from
/product/etc/permissions/split-permissions-google.xml
06-28 15:35:40.256 I/SystemConfig( 1718): Reading permissions from
/product/etc/permissions/vendor.qti.hardware.data.connection-V1.0-java.xml
06-28 15:35:40.257 I/SystemConfig( 1718): Reading permissions from
/product/etc/permissions/privapp-permissions-google-product.xml
06-28 15:35:40.261 I/SystemConfig( 1718): Reading permissions from
/product/etc/permissions/turboapk-permissions.xml
06-28 15:35:40.262 I/SystemConfig( 1718): Reading permissions from
/product/etc/permissions/vendor.qti.hardware.data.connection-V1.1-java.xml
06-28 15:35:40.262 I/SystemConfig( 1718): Reading permissions from
/product/etc/permissions/carrierwifi.xml
06-28 15:35:40.263 W/SystemConfig( 1718): No directory /system_ext/etc/sysconfig,
skipping
06-28 15:35:40.264 I/SystemConfig( 1718): Reading permissions from
/system_ext/etc/permissions/privapp-permissions-qti-system-ext.xml
06-28 15:35:40.265 I/SystemConfig( 1718): Reading permissions from
/system_ext/etc/permissions/com.android.systemui.xml
06-28 15:35:40.267 I/SystemConfig( 1718): Reading permissions from
/system_ext/etc/permissions/qcrilhook.xml
06-28 15:35:40.269 I/SystemConfig( 1718): Reading permissions from
/system_ext/etc/permissions/com.android.carrierconfig.xml
06-28 15:35:40.271 I/SystemConfig( 1718): Reading permissions from
/system_ext/etc/permissions/com.android.storagemanager.xml
06-28 15:35:40.273 I/SystemConfig( 1718): Reading permissions from
/system_ext/etc/permissions/embms.xml
06-28 15:35:40.274 I/SystemConfig( 1718): Reading permissions from
/system_ext/etc/permissions/privapp-permissions-google-system-ext.xml
06-28 15:35:40.276 I/SystemConfig( 1718): Reading permissions from
/system_ext/etc/permissions/qti_telephony_hidl_wrapper.xml
06-28 15:35:40.278 I/SystemConfig( 1718): Reading permissions from
/system_ext/etc/permissions/com.samsung.systemui.xml
06-28 15:35:40.280 I/SystemConfig( 1718): Reading permissions from
/system_ext/etc/permissions/izat.xt.srv.xml
06-28 15:35:40.282 I/SystemConfig( 1718): Reading permissions from
/system_ext/etc/permissions/audiosphere.xml
06-28 15:35:40.283 I/SystemConfig( 1718): Reading permissions from
/system_ext/etc/permissions/qti_telephony_utils.xml
06-28 15:35:40.285 W/SystemConfig( 1718): No directory /system/carrier/sysconfig,
skipping
06-28 15:35:40.285 W/SystemConfig( 1718): No directory /system/carrier/permissions,
skipping
06-28 15:35:40.286 I/SystemConfig( 1718): Reading permissions from
/prism/etc/carriers/XSG/sysconfig/whitelist_com.dti.samsung.xml
06-28 15:35:40.287 I/SystemConfig( 1718): Reading permissions from
/prism/etc/carriers/XSG/permissions/permission_ignite_com.dti.samsung.xml
06-28 15:35:40.288 I/SystemConfig( 1718): Reading permissions from
/prism/etc/carriers/XSG/permissions/privapp-permissions-
com.samsung.android.spaymini.xml
06-28 15:35:40.292 I/SystemConfig( 1718): Reading permissions from
/apex/com.android.ipsec/etc/permissions/android.net.ipsec.ike.xml
06-28 15:35:40.298 D/SystemConfig( 1718): readAllPermissions took to complete:
262ms
06-28 15:35:40.299 D/SystemServerTimingAsync( 1718):
InitThreadPoolExec:ReadingSystemConfig took to complete: 262ms
06-28 15:35:40.308 I/PerProcessNandswap( 1718): Static Initialization of
PerProcessNandswap
06-28 15:35:40.309 I/PerProcessNandswap( 1718): createInstance start
06-28 15:35:40.310 E/QTI_SDM_INFO( 1392): [qti_rmnet_peripheral.c:768]
qti_file_open():Could not open device file. Errno 2 error msg=No such file or
directory
06-28 15:35:40.312 I/ActivityManager( 1718): Connection with lmkd established
06-28 15:35:40.312 I/lmkd ( 551): lmkd data connection established
06-28 15:35:40.314 I/DHA_PROPERTY( 1718): highRes_MaxCached : 1 normalRes_MaxCached
: 5
06-28 15:35:40.314 I/DHA_PROPERTY( 1718): DHA STEP 2
06-28 15:35:40.314 I/DHA_PROPERTY( 1718): DHA TH RATE 2.0
06-28 15:35:40.314 I/DHA_PROPERTY( 1718): DHA mSzDHAThreshold 33554432
06-28 15:35:40.314 I/DHA_PROPERTY( 1718): DHA DHA_INCREASE_THRESHOLD 2097152
06-28 15:35:40.314 I/CameraManagerGlobal( 1718):
unregisterCameraDeviceStateCallback
06-28 15:35:40.314 I/CameraManagerGlobal( 1718): registerCameraDeviceStateCallback
06-28 15:35:40.314 I/CameraManagerGlobal( 1718): Connecting to camera service
06-28 15:35:40.322 I/PackageWatchdog( 1718): Updated health check state for package
com.google.android.ext.services: INACTIVE -> PASSED
06-28 15:35:40.322 I/PackageWatchdog( 1718): Updated health check state for package
com.google.android.cellbroadcastservice: INACTIVE -> PASSED
06-28 15:35:40.322 I/PackageWatchdog( 1718): Updated health check state for package
com.samsung.android.incallui: INACTIVE -> PASSED
06-28 15:35:40.322 I/PackageWatchdog( 1718): Updated health check state for package
com.google.android.providers.media.module: INACTIVE -> PASSED
06-28 15:35:40.322 I/PackageWatchdog( 1718): Updated health check state for package
com.android.vending: INACTIVE -> PASSED
06-28 15:35:40.322 I/PackageWatchdog( 1718): Updated health check state for package
com.samsung.SMT: INACTIVE -> PASSED
06-28 15:35:40.322 I/PackageWatchdog( 1718): Updated health check state for package
android: INACTIVE -> PASSED
06-28 15:35:40.323 I/PackageWatchdog( 1718): Updated health check state for package
com.samsung.android.app.telephonyui: INACTIVE -> PASSED
06-28 15:35:40.323 I/PackageWatchdog( 1718): Updated health check state for package
com.google.android.permissioncontroller: INACTIVE -> PASSED
06-28 15:35:40.323 I/PackageWatchdog( 1718): Updated health check state for package
com.sec.imsservice: INACTIVE -> PASSED
06-28 15:35:40.323 I/PackageWatchdog( 1718): Updated health check state for package
com.google.android.captiveportallogin: INACTIVE -> PASSED
06-28 15:35:40.323 I/PackageWatchdog( 1718): Updated health check state for package
com.google.android.gms: INACTIVE -> PASSED
06-28 15:35:40.323 I/PackageWatchdog( 1718): Updated health check state for package
com.google.android.gsf: INACTIVE -> PASSED
06-28 15:35:40.323 I/PackageWatchdog( 1718): Updated health check state for package
com.sec.android.app.launcher: INACTIVE -> PASSED
06-28 15:35:40.323 I/PackageWatchdog( 1718): Updated health check state for package
com.samsung.android.forest: INACTIVE -> PASSED
06-28 15:35:40.323 I/PackageWatchdog( 1718): Updated health check state for package
com.samsung.android.fmm: INACTIVE -> PASSED
06-28 15:35:40.323 I/PackageWatchdog( 1718): Updated health check state for package
com.android.settings: INACTIVE -> PASSED
06-28 15:35:40.323 I/PackageWatchdog( 1718): Updated health check state for package
com.samsung.android.lool: INACTIVE -> PASSED
06-28 15:35:40.323 I/PackageWatchdog( 1718): Updated health check state for package
com.sec.android.app.bluetoothtest: INACTIVE -> PASSED
06-28 15:35:40.323 I/PackageWatchdog( 1718): Updated health check state for package
com.sec.android.sdhms: INACTIVE -> PASSED
06-28 15:35:40.323 I/PackageWatchdog( 1718): Updated health check state for package
com.samsung.android.callbgprovider: INACTIVE -> PASSED
06-28 15:35:40.323 I/PackageWatchdog( 1718): Updated health check state for package
com.android.phone: INACTIVE -> PASSED
06-28 15:35:40.323 I/PackageWatchdog( 1718): Updated health check state for package
com.android.systemui: INACTIVE -> PASSED
06-28 15:35:40.323 I/PackageWatchdog( 1718): Updated health check state for package
com.android.bluetooth: INACTIVE -> PASSED
06-28 15:35:40.325 D/ActivityManager_KPM( 1718): Current Launcher:
com.sec.android.app.launcher
06-28 15:35:40.327 D/IAFDDBManager( 1718): mDBInitReTryCnt=1
06-28 15:35:40.328 I/ActivityManager( 1718): SwappinessController() - default
value: 160
06-28 15:35:40.328 I/ActivityManager_KPM( 1718): KillPolicyManager()
06-28 15:35:40.328 I/ActivityManager_KPM( 1718): initKillPolicyManager()
06-28 15:35:40.336 D/BatteryStatsImpl( 1718): Reading daily items from
/data/system/batterystats-daily.xml
06-28 15:35:40.376 I/hwservicemanager( 553): getTransport: Cannot find entry
android.hardware.power.stats@1.0::IPowerStats/default in either framework or device
VINTF manifest.
06-28 15:35:40.376 E/BatteryStatsService( 1718): Unable to load Power.Stats.HAL.
Setting rail availability to false
06-28 15:35:40.378 E/BluetoothAdapter( 1718): Bluetooth binder is null
06-28 15:35:40.378 D/BatteryExternalStatsWorker( 1718): update stats : write (63)
06-28 15:35:40.378 I/KernelCpuUidFreqTimeReader( 1718):
mPerClusterTimesAvailable=false
06-28 15:35:40.383 W/KernelCpuUidFreqTimeBpfMapReader( 1718): Failed to start
tracking
06-28 15:35:40.385 W/KernelCpuUidActiveTimeBpfMapReader( 1718): Failed to start
tracking
06-28 15:35:40.387 W/KernelCpuUidClusterTimeBpfMapReader( 1718): Failed to start
tracking
06-28 15:35:40.390 E/KernelCpuSpeedReader( 1718): Failed to read cpu-freq:
/sys/devices/system/cpu/cpu0/cpufreq/stats/time_in_state: open failed: ENOENT (No
such file or directory)
06-28 15:35:40.390 E/system_server( 1718): Cannot read thread CPU times for PID
1718
06-28 15:35:40.398 W/KernelMemoryBandwidthStats( 1718): No kernel memory bandwidth
stats available
06-28 15:35:40.398 D/BatteryExternalStatsWorker( 1718): done
updateExternalStatsLocked
06-28 15:35:40.503 I/keystore2( 617): keystore2::watchdog: Watchdog thread idle ->
terminating. Have a great day.
06-28 15:35:40.668 I/system_server( 1718): Background young concurrent copying GC
freed 93626(7997KB) AllocSpace objects, 293(6580KB) LOS objects, 56% free,
4684KB/10MB, paused 216us,81us total 109.472ms
06-28 15:35:40.681 I/IntentFirewall( 1718): Read new rules (A:0 B:0 S:0)
06-28 15:35:40.691 D/CoreStateObserverController( 1718): CoreStateController()
06-28 15:35:40.699 V/ActivityManagerServiceExt( 1718): ActivityManagerServiceExt ::
created
06-28 15:35:40.704 E/FreecessController( 1718): recoverFreezerStateIfTHAWED error:
file doesn't exist or can't write
06-28 15:35:40.716 I/servicemanager( 552): Adding 'u:r:system_server:s0' service
(batterystats:1718)
06-28 15:35:40.717 I/servicemanager( 552): Adding 'u:r:system_server:s0' service
(appops:1718)
06-28 15:35:40.717 D/AppOps ( 1718): AppOpsService published
06-28 15:35:40.720 D/SystemServerTiming( 1718): StartActivityManager took to
complete: 518ms
06-28 15:35:40.720 D/SystemServerTiming( 1718): !@Boot_SystemServer: 518ms :
StartActivityManager
06-28 15:35:40.720 I/SystemServerTiming( 1718): !@Boot_EBS: Took 518ms by
'StartActivityManager'
06-28 15:35:40.720 I/SystemServerTiming( 1718): StartDataLoaderManagerService
06-28 15:35:40.720 I/SystemServiceManager( 1718): Starting
com.android.server.pm.DataLoaderManagerService
06-28 15:35:40.721 I/servicemanager( 552): Adding 'u:r:system_server:s0' service
(dataloader_manager:1718)
06-28 15:35:40.722 D/SystemServerTiming( 1718): StartDataLoaderManagerService took
to complete: 1ms
06-28 15:35:40.722 I/SystemServerTiming( 1718): StartIncrementalService
06-28 15:35:40.722 D/SystemServerTiming( 1718): StartIncrementalService took to
complete: 0ms
