[thread_server_init:199] thread_server_init egis_server_init start
06-28 15:35:38.496 D/cdfingerHAL( 1336): set_notify_callback(0xe7f2c000,
0xb53fa381)
06-28 15:35:38.496 D/android.hardware.biometrics.fingerprint@2.1-service( 1336):
egis_server_init start
06-28 15:35:38.496 D/hw-ProcessState( 1336): Binder ioctl to enable oneway spam
detection failed: Invalid argument
06-28 15:35:38.497 I/HidlServiceManagement( 1336): Registered
vendor.egistec.hardware.fingerprint@4.0::IBiometricsFingerprintRbs/default
06-28 15:35:38.498 V/APM_AudioPolicyManager( 983): getAudioPolicyConfig:
g_volume_situation_key;type=8;device=1
06-28 15:35:38.499 V/SamsungPowerSound( 1155): getSettingVolume [0.000000]
06-28 15:35:38.499 I/SamsungPowerSound( 1155): wait_for_surface_manager ++
06-28 15:35:38.500 E/hw-IPCThreadState( 553): Process making non-oneway call
(code: 256067662) but is restricted.
06-28 15:35:38.500 W/hw-IPCThreadState( 553): CallStack::getCurrentInternal not
linked, returning null
06-28 15:35:38.500 W/non-oneway call( 553): CallStack::logStackInternal not linked
06-28 15:35:38.501 I/HidlServiceManagement( 1336): Registered
android.hardware.biometrics.fingerprint@2.1::IBiometricsFingerprint/default
06-28 15:35:38.501 I/HidlServiceManagement( 1336): Removing namespace from process
name android.hardware.biometrics.fingerprint@2.1-service to fingerprint@2.1-
service.
06-28 15:35:38.501 I/SamsungPowerSound( 1155): wait_for_surface_manager --
06-28 15:35:38.501 D/SamsungPowerSound( 1155): factorymode Error :
/efs/FactoryApp/factorymode
06-28 15:35:38.501 D/SamsungPowerSound( 1155): factorymode Error : /efs/imei/keystr
06-28 15:35:38.501 V/SamsungPowerSound( 1155): Bootsound delay: 0
06-28 15:35:38.502 D/SamsungPowerSound( 1155): Enter play
06-28 15:35:38.503 D/cdfinger( 1336): SIGIO signal FINGERDOWN received!
06-28 15:35:38.503 E/SamsungPowerSound( 1155): Can not open
system/media/audio/ui/PowerOn.ogg
06-28 15:35:38.503 V/SamsungPowerSound( 1155): Vibrate mode
06-28 15:35:38.503 D/cdfinger( 1336): sem_waited : (0)
06-28 15:35:38.503 V/SamsungPowerSound( 1155): Power sound playback complete
06-28 15:35:38.503 V/SamsungPowerSound( 1155): resetObserverDevice
06-28 15:35:38.503 V/SamsungPowerSound( 1155): requestExit() to Observer thread
06-28 15:35:38.506 D/cdfinger( 1336): device_waitForFinger ret = 0
06-28 15:35:38.506 D/cdfinger( 1336): EventProcessThread case status:13
06-28 15:35:38.506 D/cdfinger( 1336): Enter Switch Status, mCurStatus = 13
06-28 15:35:38.506 D/cdfinger( 1336): mCurStatus = 13 , nextStatus = 14
06-28 15:35:38.542 D/cdfingerTA( 1336): CFP_NZ: FP_REQUEST_DETECT_FINGER [2]
06-28 15:35:38.542 D/cdfingerTA( 1336): configAGC agc = 0xeb, spend 8 ms, ret = 0
06-28 15:35:38.542 D/cdfingerTA( 1336): get image success 15598 17408
06-28 15:35:38.542 D/cdfingerTA( 1336): cfp_devCheckFinger nav down 0 136 137 0 134
0
06-28 15:35:38.542 D/cdfingerTA( 1336): cfp_calibrateKeyTrigger=0xf9 0
06-28 15:35:38.542 D/cdfingerTA( 1336): close move check, nConFlag 0, interFlag 0
06-28 15:35:38.542 D/cdfingerTA( 1336): CFP_NZ: FP_REQUEST_DETECT_FINGER, result =
128
06-28 15:35:38.542 E/libc ( 1336): Access denied finding property
"property.cdfinger.enablesave"
06-28 15:35:38.542 I/mm-camera( 925): <SENSOR>< INFO> 257: sensor_probe:
[gc5035_hs70_cxt]CFG_SINIT_PROBE failed
06-28 15:35:38.542 D/cdfinger( 1336): Enter Switch Status, mCurStatus = 14
06-28 15:35:38.542 D/cdfinger( 1336): mCurStatus = 14 , nextStatus = 13
06-28 15:35:38.542 D/cdfinger( 1336): REPORT_KEY: not finger or read image fail
06-28 15:35:38.542 D/cdfinger( 1336): EventProcessThread end,then check status 13
and global status 1
06-28 15:35:38.542 I/mm-camera( 925): <SENSOR>< INFO> 410: sensor_init_xml_probe:
failed: to probe gc5035_hs70_cxt
06-28 15:35:38.543 E/mm-camera( 925): <SENSOR><ERROR> 272:
sensor_xml_util_get_node_data: LCF ADD:num_pairs = 13
06-28 15:35:38.543 D/cdfinger( 1336): EventProcessThread wait hal_Down! status:13
06-28 15:35:38.543 D/cdfinger( 1336): fingerprint wait for finger .
06-28 15:35:38.543 D/cdfinger( 1336): device_waitForFinger enter
06-28 15:35:38.546 I/mm-camera( 925): <SENSOR>< INFO> 317:
sensor_sdk_util_get_i2c_freq_mode: Invalid i2c_freq_mode = 4
06-28 15:35:38.550 D/cdfinger( 1336): get screen status = 1, mode = 1
06-28 15:35:38.550 D/cdfinger( 1336): gotoCheckIrq no need check.
06-28 15:35:38.562 W/system_server( 1718): Failed to upload odrefresh metrics:
metrics file '/data/misc/odrefresh/odrefresh-metrics.txt' could not be opened: No
such file or directory
06-28 15:35:38.566 D/cdfingerTA( 1336): CFP_NZ: FP_REQUEST_SETMODE, ChipID = 0X88
06-28 15:35:38.566 D/cdfingerTA( 1336): cdfinger_config_interrupt 0xf9, mode = [1]
06-28 15:35:38.566 D/cdfingerTA( 1336): CFP_NZ: FP_REQUEST_SETMODE [1] ret[0]
06-28 15:35:38.566 D/cdfinger( 1336): timeout_gap:3, check_gap:2
06-28 15:35:38.566 D/cdfinger( 1336): sem_wait : (0)
06-28 15:35:38.566 E/system_server( 1718): Not starting debugger since process
cannot load the jdwp agent.
06-28 15:35:38.584 D/cdfinger( 1336): SIGIO signal FINGERDOWN received!
06-28 15:35:38.584 D/cdfinger( 1336): sem_waited : (0)
06-28 15:35:38.587 D/cdfinger( 1336): device_waitForFinger ret = 0
06-28 15:35:38.587 D/cdfinger( 1336): EventProcessThread case status:13
06-28 15:35:38.587 D/cdfinger( 1336): Enter Switch Status, mCurStatus = 13
06-28 15:35:38.587 D/cdfinger( 1336): mCurStatus = 13 , nextStatus = 14
06-28 15:35:38.595 V/SamsungPowerSound( 1155): [Exit] SamsungPowerSoundObserver
threadFunc
06-28 15:35:38.596 V/SamsungPowerSound( 1155): -------- SamsungPowerSoundObserver
Destructor ---------
06-28 15:35:38.596 V/SamsungPowerSound( 1155): -------- SamsungPowerSoundPlayer
Destructor ---------
06-28 15:35:38.599 I/BpBinder( 1155): onLastStrongRef automatically unlinking death
recipients: <uncached descriptor>
06-28 15:35:38.599 I/BpBinder( 1155): onLastStrongRef automatically unlinking death
recipients: <uncached descriptor>
06-28 15:35:38.612 I/AudioFlinger( 983): removeDlbCodecCallback pid:1155 type:-1
06-28 15:35:38.612 I/AudioEffectExtendAction( 983): dolby set content type 0
06-28 15:35:38.623 D/cdfingerTA( 1336): CFP_NZ: FP_REQUEST_DETECT_FINGER [2]
06-28 15:35:38.623 D/cdfingerTA( 1336): configAGC agc = 0xeb, spend 8 ms, ret = 0
06-28 15:35:38.623 D/cdfingerTA( 1336): get image success 15601 17408
06-28 15:35:38.623 D/cdfingerTA( 1336): cfp_devCheckFinger nav down 0 136 137 0 134
0
06-28 15:35:38.623 D/cdfingerTA( 1336): cfp_calibrateKeyTrigger=0xf9 1
06-28 15:35:38.623 D/cdfingerTA( 1336): close move check, nConFlag 0, interFlag 0
06-28 15:35:38.623 D/cdfingerTA( 1336): CFP_NZ: FP_REQUEST_DETECT_FINGER, result =
128
06-28 15:35:38.623 E/libc ( 1336): Access denied finding property
"property.cdfinger.enablesave"
06-28 15:35:38.624 D/cdfinger( 1336): Enter Switch Status, mCurStatus = 14
06-28 15:35:38.624 D/cdfinger( 1336): mCurStatus = 14 , nextStatus = 13
06-28 15:35:38.624 D/cdfinger( 1336): REPORT_KEY: not finger or read image fail
06-28 15:35:38.624 D/cdfinger( 1336): EventProcessThread end,then check status 13
and global status 1
06-28 15:35:38.625 D/cdfinger( 1336): EventProcessThread wait hal_Down! status:13
06-28 15:35:38.625 D/cdfinger( 1336): fingerprint wait for finger .
06-28 15:35:38.625 D/cdfinger( 1336): device_waitForFinger enter
06-28 15:35:38.632 D/cdfinger( 1336): get screen status = 1, mode = 1
06-28 15:35:38.632 D/cdfinger( 1336): gotoCheckIrq no need check.
06-28 15:35:38.648 D/cdfingerTA( 1336): CFP_NZ: FP_REQUEST_SETMODE, ChipID = 0X88
06-28 15:35:38.648 D/cdfingerTA( 1336): cdfinger_config_interrupt 0xf9, mode = [1]
06-28 15:35:38.648 D/cdfingerTA( 1336): CFP_NZ: FP_REQUEST_SETMODE [1] ret[0]
06-28 15:35:38.648 D/cdfinger( 1336): timeout_gap:3, check_gap:2
06-28 15:35:38.648 D/cdfinger( 1336): sem_wait : (0)
06-28 15:35:38.666 D/cdfinger( 1336): SIGIO signal FINGERDOWN received!
06-28 15:35:38.666 D/cdfinger( 1336): sem_waited : (0)
06-28 15:35:38.669 D/cdfinger( 1336): device_waitForFinger ret = 0
06-28 15:35:38.669 D/cdfinger( 1336): EventProcessThread case status:13
06-28 15:35:38.669 D/cdfinger( 1336): Enter Switch Status, mCurStatus = 13
06-28 15:35:38.669 D/cdfinger( 1336): mCurStatus = 13 , nextStatus = 14
06-28 15:35:38.705 D/cdfingerTA( 1336): CFP_NZ: FP_REQUEST_DETECT_FINGER [2]
06-28 15:35:38.705 D/cdfingerTA( 1336): configAGC agc = 0xeb, spend 8 ms, ret = 0
06-28 15:35:38.705 D/cdfingerTA( 1336): get image success 15605 17408
06-28 15:35:38.705 D/cdfingerTA( 1336): cfp_devCheckFinger nav down 0 136 137 0 134
0
06-28 15:35:38.705 D/cdfingerTA( 1336): cfp_calibrateKeyTrigger=0xf9 2
06-28 15:35:38.705 D/cdfingerTA( 1336): close move check, nConFlag 0, interFlag 0
06-28 15:35:38.705 D/cdfingerTA( 1336): CFP_NZ: FP_REQUEST_DETECT_FINGER, result =
128
06-28 15:35:38.705 E/libc ( 1336): Access denied finding property
"property.cdfinger.enablesave"
06-28 15:35:38.705 D/cdfinger( 1336): Enter Switch Status, mCurStatus = 14
06-28 15:35:38.705 D/cdfinger( 1336): mCurStatus = 14 , nextStatus = 13
06-28 15:35:38.705 D/cdfinger( 1336): REPORT_KEY: not finger or read image fail
06-28 15:35:38.705 D/cdfinger( 1336): EventProcessThread end,then check status 13
and global status 1
06-28 15:35:38.706 D/cdfinger( 1336): EventProcessThread wait hal_Down! status:13
06-28 15:35:38.706 D/cdfinger( 1336): fingerprint wait for finger .
06-28 15:35:38.706 D/cdfinger( 1336): device_waitForFinger enter
06-28 15:35:38.713 D/cdfinger( 1336): get screen status = 1, mode = 1
06-28 15:35:38.713 D/cdfinger( 1336): gotoCheckIrq no need check.
06-28 15:35:38.729 D/cdfingerTA( 1336): CFP_NZ: FP_REQUEST_SETMODE, ChipID = 0X88
06-28 15:35:38.729 D/cdfingerTA( 1336): cdfinger_config_interrupt 0xf9, mode = [1]
06-28 15:35:38.729 D/cdfingerTA( 1336): CFP_NZ: FP_REQUEST_SETMODE [1] ret[0]
06-28 15:35:38.729 D/cdfinger( 1336): timeout_gap:3, check_gap:2
06-28 15:35:38.729 D/cdfinger( 1336): sem_wait : (0)
06-28 15:35:38.747 D/cdfinger( 1336): SIGIO signal FINGERDOWN received!
06-28 15:35:38.747 D/cdfinger( 1336): sem_waited : (0)
06-28 15:35:38.750 D/cdfinger( 1336): device_waitForFinger ret = 0
06-28 15:35:38.750 D/cdfinger( 1336): EventProcessThread case status:13
06-28 15:35:38.750 D/cdfinger( 1336): Enter Switch Status, mCurStatus = 13
06-28 15:35:38.750 D/cdfinger( 1336): mCurStatus = 13 , nextStatus = 14
06-28 15:35:38.770 D/io_stats( 600): !@ 179,0 r 16177 673265 w 357 5124 d 275
18408 f 460 609 iot 7990 7356 th 102400 0 0 pt 0 inp 0 8 18.094
06-28 15:35:38.786 D/cdfingerTA( 1336): CFP_NZ: FP_REQUEST_DETECT_FINGER [2]
06-28 15:35:38.786 D/cdfingerTA( 1336): configAGC agc = 0xeb, spend 8 ms, ret = 0
06-28 15:35:38.786 D/cdfingerTA( 1336): get image success 15603 17408
06-28 15:35:38.786 D/cdfingerTA( 1336): cfp_devCheckFinger nav down 0 136 137 0 134
0
06-28 15:35:38.786 D/cdfingerTA( 1336): cfp_calibrateKeyTrigger=0xf3 0
06-28 15:35:38.786 D/cdfingerTA( 1336): close move check, nConFlag 0, interFlag 0
06-28 15:35:38.786 D/cdfingerTA( 1336): CFP_NZ: FP_REQUEST_DETECT_FINGER, result =
128
06-28 15:35:38.787 E/libc ( 1336): Access denied finding property
"property.cdfinger.enablesave"
06-28 15:35:38.787 D/cdfinger( 1336): Enter Switch Status, mCurStatus = 14
06-28 15:35:38.787 D/cdfinger( 1336): mCurStatus = 14 , nextStatus = 13
06-28 15:35:38.787 D/cdfinger( 1336): REPORT_KEY: not finger or read image fail
06-28 15:35:38.787 D/cdfinger( 1336): EventProcessThread end,then check status 13
and global status 1
06-28 15:35:38.788 D/cdfinger( 1336): EventProcessThread wait hal_Down! status:13
06-28 15:35:38.788 D/cdfinger( 1336): fingerprint wait for finger .
06-28 15:35:38.788 D/cdfinger( 1336): device_waitForFinger enter
06-28 15:35:38.795 D/cdfinger( 1336): get screen status = 1, mode = 1
06-28 15:35:38.796 D/cdfinger( 1336): gotoCheckIrq no need check.
06-28 15:35:38.811 D/cdfingerTA( 1336): CFP_NZ: FP_REQUEST_SETMODE, ChipID = 0X88
06-28 15:35:38.811 D/cdfingerTA( 1336): cdfinger_config_interrupt 0xf3, mode = [1]
06-28 15:35:38.811 D/cdfingerTA( 1336): CFP_NZ: FP_REQUEST_SETMODE [1] ret[0]
06-28 15:35:38.811 D/cdfinger( 1336): timeout_gap:3, check_gap:2
06-28 15:35:38.811 D/cdfinger( 1336): sem_wait : (0)
06-28 15:35:38.829 D/cdfinger( 1336): SIGIO signal FINGERDOWN received!
06-28 15:35:38.829 D/cdfinger( 1336): sem_waited : (0)
06-28 15:35:38.832 D/cdfinger( 1336): device_waitForFinger ret = 0
06-28 15:35:38.832 D/cdfinger( 1336): EventProcessThread case status:13
06-28 15:35:38.832 D/cdfinger( 1336): Enter Switch Status, mCurStatus = 13
06-28 15:35:38.832 D/cdfinger( 1336): mCurStatus = 13 , nextStatus = 14
06-28 15:35:38.831 D/ProcessState( 1718): Binder ioctl to enable oneway spam
detection failed: Invalid argument
06-28 15:35:38.833 I/ProcessState( 1718): system_server uses 2M binder buffer
06-28 15:35:38.842 I/mm-camera( 925): <SENSOR>< INFO> 257: sensor_probe:
[gc5035_hs70_ly]CFG_SINIT_PROBE failed
06-28 15:35:38.842 I/SystemServerTiming( 1718): InitBeforeStartServices
06-28 15:35:38.842 I/mm-camera( 925): <SENSOR>< INFO> 410: sensor_init_xml_probe:
failed: to probe gc5035_hs70_ly
06-28 15:35:38.843 E/mm-camera( 925): <SENSOR><ERROR> 272:
sensor_xml_util_get_node_data: LCF ADD:num_pairs = 13
06-28 15:35:38.847 I/mm-camera( 925): <SENSOR>< INFO> 317:
sensor_sdk_util_get_i2c_freq_mode: Invalid i2c_freq_mode = 4
06-28 15:35:38.847 I/SystemServer( 1718): !@Boot_EBS_F: SYSTEM_SERVER_START
06-28 15:35:38.847 I/SystemServer( 1718): Entered the Android system server!
06-28 15:35:38.847 I/SystemServer( 1718): !@Boot: Entered the Android system
server!
06-28 15:35:38.848 I/SystemServer( 1718): !@Boot_EBS_F: BOOT_PROGRESS_SYSTEM_RUN
06-28 15:35:38.868 D/cdfingerTA( 1336): CFP_NZ: FP_REQUEST_DETECT_FINGER [2]
06-28 15:35:38.868 D/cdfingerTA( 1336): configAGC agc = 0xeb, spend 8 ms, ret = 0
06-28 15:35:38.868 D/cdfingerTA( 1336): get image success 15603 17408
06-28 15:35:38.868 D/cdfingerTA( 1336): cfp_devCheckFinger nav down 0 136 137 0 134
0
06-28 15:35:38.868 D/cdfingerTA( 1336): cfp_calibrateKeyTrigger=0xf3 1
06-28 15:35:38.868 D/cdfingerTA( 1336): close move check, nConFlag 0, interFlag 0
06-28 15:35:38.868 D/cdfingerTA( 1336): CFP_NZ: FP_REQUEST_DETECT_FINGER, result =
128
06-28 15:35:38.869 E/libc ( 1336): Access denied finding property
"property.cdfinger.enablesave"
06-28 15:35:38.869 D/cdfinger( 1336): Enter Switch Status, mCurStatus = 14
06-28 15:35:38.869 D/cdfinger( 1336): mCurStatus = 14 , nextStatus = 13
06-28 15:35:38.869 D/cdfinger( 1336): REPORT_KEY: not finger or read image fail
06-28 15:35:38.869 D/cdfinger( 1336): EventProcessThread end,then check status 13
and global status 1
06-28 15:35:38.870 D/cdfinger( 1336): EventProcessThread wait hal_Down! status:13
06-28 15:35:38.870 D/cdfinger( 1336): fingerprint wait for finger .
06-28 15:35:38.870 D/cdfinger( 1336): device_waitForFinger enter
06-28 15:35:38.878 D/cdfinger( 1336): get screen status = 1, mode = 1
06-28 15:35:38.878 D/cdfinger( 1336): gotoCheckIrq no need check.
06-28 15:35:38.894 D/cdfingerTA( 1336): CFP_NZ: FP_REQUEST_SETMODE, ChipID = 0X88
06-28 15:35:38.894 D/cdfingerTA( 1336): cdfinger_config_interrupt 0xf3, mode = [1]
06-28 15:35:38.894 D/cdfingerTA( 1336): CFP_NZ: FP_REQUEST_SETMODE [1] ret[0]
06-28 15:35:38.894 D/cdfinger( 1336): timeout_gap:3, check_gap:2
06-28 15:35:38.894 D/cdfinger( 1336): sem_wait : (0)
06-28 15:35:38.912 D/cdfinger( 1336): SIGIO signal FINGERDOWN received!
06-28 15:35:38.912 D/cdfinger( 1336): sem_waited : (0)
06-28 15:35:38.915 D/cdfinger( 1336): device_waitForFinger ret = 0
06-28 15:35:38.915 D/cdfinger( 1336): EventProcessThread case status:13
06-28 15:35:38.915 D/cdfinger( 1336): Enter Switch Status, mCurStatus = 13
06-28 15:35:38.915 D/cdfinger( 1336): mCurStatus = 13 , nextStatus = 14
06-28 15:35:38.951 D/cdfingerTA( 1336): CFP_NZ: FP_REQUEST_DETECT_FINGER [2]
06-28 15:35:38.951 D/cdfingerTA( 1336): configAGC agc = 0xeb, spend 8 ms, ret = 0
06-28 15:35:38.951 D/cdfingerTA( 1336): get image success 15602 17408
06-28 15:35:38.951 D/cdfingerTA( 1336): cfp_devCheckFinger nav down 0 136 137 0 134
0
06-28 15:35:38.951 D/cdfingerTA( 1336): cfp_calibrateKeyTrigger=0xf3 2
06-28 15:35:38.951 D/cdfingerTA( 1336): close move check, nConFlag 0, interFlag 0
06-28 15:35:38.951 D/cdfingerTA( 1336): CFP_NZ: FP_REQUEST_DETECT_FINGER, result =
128
06-28 15:35:38.951 E/libc ( 1336): Access denied finding property
"property.cdfinger.enablesave"
06-28 15:35:38.951 D/cdfinger( 1336): Enter Switch Status, mCurStatus = 14
06-28 15:35:38.951 D/cdfinger( 1336): mCurStatus = 14 , nextStatus = 13
06-28 15:35:38.951 D/cdfinger( 1336): REPORT_KEY: not finger or read image fail
06-28 15:35:38.951 D/cdfinger( 1336): EventProcessThread end,then check status 13
and global status 1
06-28 15:35:38.952 D/cdfinger( 1336): EventProcessThread wait hal_Down! status:13
06-28 15:35:38.952 D/cdfinger( 1336): fingerprint wait for finger .
06-28 15:35:38.952 D/cdfinger( 1336): device_waitForFinger enter
06-28 15:35:38.959 D/cdfinger( 1336): get screen status = 1, mode = 1
06-28 15:35:38.959 D/cdfinger( 1336): gotoCheckIrq no need check.
06-28 15:35:38.973 I/macloader( 1285): PATH_QCWLANSTATE_SYSFS read retry 46
06-28 15:35:38.974 E/macloader( 1285): Failed to open qcwlanstate
06-28 15:35:38.975 D/cdfingerTA( 1336): CFP_NZ: FP_REQUEST_SETMODE, ChipID = 0X88
06-28 15:35:38.975 D/cdfingerTA( 1336): cdfinger_config_interrupt 0xf3, mode = [1]
06-28 15:35:38.975 D/cdfingerTA( 1336): CFP_NZ: FP_REQUEST_SETMODE [1] ret[0]
06-28 15:35:38.975 D/cdfinger( 1336): timeout_gap:3, check_gap:2
06-28 15:35:38.975 D/cdfinger( 1336): sem_wait : (0)
06-28 15:35:38.984 I/vendor.silead.hardware.fingerprintext@1.0-service( 1338):
Couldn't find 'com_silead_fpext' socket; retrying after timeout
06-28 15:35:38.993 D/cdfinger( 1336): SIGIO signal FINGERDOWN received!
06-28 15:35:38.993 D/cdfinger( 1336): sem_waited : (0)
06-28 15:35:38.996 D/cdfinger( 1336): device_waitForFinger ret = 0
06-28 15:35:38.996 D/cdfinger( 1336): EventProcessThread case status:13
06-28 15:35:38.996 D/cdfinger( 1336): Enter Switch Status, mCurStatus = 13
06-28 15:35:38.996 D/cdfinger( 1336): mCurStatus = 13 , nextStatus = 14
06-28 15:35:39.032 D/cdfingerTA( 1336): CFP_NZ: FP_REQUEST_DETECT_FINGER [2]
06-28 15:35:39.032 D/cdfingerTA( 1336): configAGC agc = 0xeb, spend 8 ms, ret = 0
06-28 15:35:39.032 D/cdfingerTA( 1336): get image success 15590 17408
06-28 15:35:39.032 D/cdfingerTA( 1336): cfp_devCheckFinger nav down 0 136 137 0 134
0
06-28 15:35:39.032 D/cdfingerTA( 1336): cfp_calibrateKeyTrigger=0xed 0
06-28 15:35:39.032 D/cdfingerTA( 1336): close move check, nConFlag 0, interFlag 0
06-28 15:35:39.032 D/cdfingerTA( 1336): CFP_NZ: FP_REQUEST_DETECT_FINGER, result =
128
06-28 15:35:39.032 E/libc ( 1336): Access denied finding property
"property.cdfinger.enablesave"
06-28 15:35:39.032 D/cdfinger( 1336): Enter Switch Status, mCurStatus = 14
06-28 15:35:39.032 D/cdfinger( 1336): mCurStatus = 14 , nextStatus = 13
06-28 15:35:39.032 D/cdfinger( 1336): REPORT_KEY: not finger or read image fail
06-28 15:35:39.032 D/cdfinger( 1336): EventProcessThread end,then check status 13
and global status 1
06-28 15:35:39.033 D/cdfinger( 1336): EventProcessThread wait hal_Down! status:13
06-28 15:35:39.033 D/cdfinger( 1336): fingerprint wait for finger .
06-28 15:35:39.033 D/cdfinger( 1336): device_waitForFinger enter
06-28 15:35:39.040 D/cdfinger( 1336): get screen status = 1, mode = 1
06-28 15:35:39.040 D/cdfinger( 1336): gotoCheckIrq no need check.
06-28 15:35:39.056 D/cdfingerTA( 1336): CFP_NZ: FP_REQUEST_SETMODE, ChipID = 0X88
06-28 15:35:39.056 D/cdfingerTA( 1336): cdfinger_config_interrupt 0xed, mode = [1]
06-28 15:35:39.056 D/cdfingerTA( 1336): CFP_NZ: FP_REQUEST_SETMODE [1] ret[0]
06-28 15:35:39.056 D/cdfinger( 1336): timeout_gap:3, check_gap:2
06-28 15:35:39.056 D/cdfinger( 1336): sem_wait : (0)
06-28 15:35:39.074 D/cdfinger( 1336): SIGIO signal FINGERDOWN received!
06-28 15:35:39.074 D/cdfinger( 1336): sem_waited : (0)
06-28 15:35:39.077 D/cdfinger( 1336): device_waitForFinger ret = 0
06-28 15:35:39.077 D/cdfinger( 1336): EventProcessThread case status:13
06-28 15:35:39.077 D/cdfinger( 1336): Enter Switch Status, mCurStatus = 13
06-28 15:35:39.077 D/cdfinger( 1336): mCurStatus = 13 , nextStatus = 14
06-28 15:35:39.113 D/cdfingerTA( 1336): CFP_NZ: FP_REQUEST_DETECT_FINGER [2]
06-28 15:35:39.113 D/cdfingerTA( 1336): configAGC agc = 0xeb, spend 8 ms, ret = 0
06-28 15:35:39.113 D/cdfingerTA( 1336): get image success 15595 17408
06-28 15:35:39.113 D/cdfingerTA( 1336): cfp_devCheckFinger nav down 0 136 137 0 134
0
06-28 15:35:39.113 D/cdfingerTA( 1336): cfp_calibrateKeyTrigger=0xed 1
06-28 15:35:39.113 D/cdfingerTA( 1336): close move check, nConFlag 0, interFlag 0
06-28 15:35:39.113 D/cdfingerTA( 1336): CFP_NZ: FP_REQUEST_DETECT_FINGER, result =
128
06-28 15:35:39.113 E/libc ( 1336): Access denied finding property
"property.cdfinger.enablesave"
06-28 15:35:39.113 D/cdfinger( 1336): Enter Switch Status, mCurStatus = 14
06-28 15:35:39.113 D/cdfinger( 1336): mCurStatus = 14 , nextStatus = 13
06-28 15:35:39.113 D/cdfinger( 1336): REPORT_KEY: not finger or read image fail
06-28 15:35:39.113 D/cdfinger( 1336): EventProcessThread end,then check status 13
and global status 1
06-28 15:35:39.114 D/cdfinger( 1336): EventProcessThread wait hal_Down! status:13
06-28 15:35:39.114 D/cdfinger( 1336): fingerprint wait for finger .
06-28 15:35:39.114 D/cdfinger( 1336): device_waitForFinger enter
06-28 15:35:39.121 D/cdfinger( 1336): get screen status = 1, mode = 1
06-28 15:35:39.121 D/cdfinger( 1336): gotoCheckIrq no need check.
06-28 15:35:39.137 D/cdfingerTA( 1336): CFP_NZ: FP_REQUEST_SETMODE, ChipID = 0X88
06-28 15:35:39.137 D/cdfingerTA( 1336): cdfinger_config_interrupt 0xed, mode = [1]
06-28 15:35:39.137 D/cdfingerTA( 1336): CFP_NZ: FP_REQUEST_SETMODE [1] ret[0]
06-28 15:35:39.137 D/cdfinger( 1336): timeout_gap:3, check_gap:2
06-28 15:35:39.137 D/cdfinger( 1336): sem_wait : (0)
06-28 15:35:39.142 I/mm-camera( 925): <SENSOR>< INFO> 257: sensor_probe:
[gc5035_hs70_par]CFG_SINIT_PROBE failed
06-28 15:35:39.142 I/mm-camera( 925): <SENSOR>< INFO> 410: sensor_init_xml_probe:
failed: to probe gc5035_hs70_par
06-28 15:35:39.143 E/mm-camera( 925): <SENSOR><ERROR> 272:
sensor_xml_util_get_node_data: LCF ADD:num_pairs = 13
06-28 15:35:39.146 I/mm-camera( 925): <SENSOR>< INFO> 317:
sensor_sdk_util_get_i2c_freq_mode: Invalid i2c_freq_mode = 4
06-28 15:35:39.155 D/cdfinger( 1336): SIGIO signal FINGERDOWN received!
06-28 15:35:39.155 D/cdfinger( 1336): sem_waited : (0)
06-28 15:35:39.158 D/cdfinger( 1336): device_waitForFinger ret = 0
06-28 15:35:39.158 D/cdfinger( 1336): EventProcessThread case status:13
06-28 15:35:39.158 D/cdfinger( 1336): Enter Switch Status, mCurStatus = 13
06-28 15:35:39.158 D/cdfinger( 1336): mCurStatus = 13 , nextStatus = 14
06-28 15:35:39.195 D/cdfingerTA( 1336): CFP_NZ: FP_REQUEST_DETECT_FINGER [2]
06-28 15:35:39.195 D/cdfingerTA( 1336): configAGC agc = 0xeb, spend 8 ms, ret = 0
06-28 15:35:39.195 D/cdfingerTA( 1336): get image success 15618 17408
06-28 15:35:39.195 D/cdfingerTA( 1336): cfp_devCheckFinger nav down 0 136 137 0 134
0
06-28 15:35:39.195 D/cdfingerTA( 1336): cfp_calibrateKeyTrigger=0xed 2
06-28 15:35:39.195 D/cdfingerTA( 1336): close move check, nConFlag 0, interFlag 0
06-28 15:35:39.195 D/cdfingerTA( 1336): CFP_NZ: FP_REQUEST_DETECT_FINGER, result =
128
06-28 15:35:39.195 E/libc ( 1336): Access denied finding property
"property.cdfinger.enablesave"
06-28 15:35:39.195 D/cdfinger( 1336): Enter Switch Status, mCurStatus = 14
06-28 15:35:39.195 D/cdfinger( 1336): mCurStatus = 14 , nextStatus = 13
06-28 15:35:39.195 D/cdfinger( 1336): REPORT_KEY: not finger or read image fail
06-28 15:35:39.195 D/cdfinger( 1336): EventProcessThread end,then check status 13
and global status 1
06-28 15:35:39.196 D/cdfinger( 1336): EventProcessThread wait hal_Down! status:13
06-28 15:35:39.196 D/cdfinger( 1336): fingerprint wait for finger .
06-28 15:35:39.196 D/cdfinger( 1336): device_waitForFinger enter
06-28 15:35:39.203 D/cdfinger( 1336): get screen status = 1, mode = 1
06-28 15:35:39.203 D/cdfinger( 1336): gotoCheckIrq no need check.
06-28 15:35:39.212 E/UsbAlsaJackDetectorJNI( 1718): Can't register
UsbAlsaJackDetector native methods
06-28 15:35:39.219 D/cdfingerTA( 1336): CFP_NZ: FP_REQUEST_SETMODE, ChipID = 0X88
06-28 15:35:39.219 D/cdfingerTA( 1336): cdfinger_config_interrupt 0xed, mode = [1]
06-28 15:35:39.219 D/cdfingerTA( 1336): CFP_NZ: FP_REQUEST_SETMODE [1] ret[0]
06-28 15:35:39.219 D/cdfinger( 1336): timeout_gap:3, check_gap:2
06-28 15:35:39.219 D/cdfinger( 1336): sem_wait : (0)
06-28 15:35:39.221 V/KnoxFWS ( 1718): knox framework jni has registed
06-28 15:35:39.225 D/LoadedApk( 1718): LoadedApk::makeApplication()
appContext.mOpPackageName=android appContext.mBasePackageName=android
06-28 15:35:39.230 I/servicemanager( 552): Adding 'u:r:system_server:s0' service
(system_server_dumper:1718)
06-28 15:35:39.231 I/SystemServerInitThreadPool( 1718): Creating instance with 8
threads
06-28 15:35:39.237 D/cdfinger( 1336): SIGIO signal FINGERDOWN received!
06-28 15:35:39.237 D/cdfinger( 1336): sem_waited : (0)
06-28 15:35:39.240 D/cdfinger( 1336): device_waitForFinger ret = 0
06-28 15:35:39.240 D/cdfinger( 1336): EventProcessThread case status:13
06-28 15:35:39.240 D/cdfinger( 1336): Enter Switch Status, mCurStatus = 13
06-28 15:35:39.240 D/cdfinger( 1336): mCurStatus = 13 , nextStatus = 14
06-28 15:35:39.276 D/cdfingerTA( 1336): CFP_NZ: FP_REQUEST_DETECT_FINGER [2]
06-28 15:35:39.276 D/cdfingerTA( 1336): configAGC agc = 0xeb, spend 8 ms, ret = 0
06-28 15:35:39.276 D/cdfingerTA( 1336): get image success 15604 17408
06-28 15:35:39.276 D/cdfingerTA( 1336): cfp_devCheckFinger nav down 0 136 137 0 134
0
06-28 15:35:39.276 D/cdfingerTA( 1336): cfp_calibrateKeyTrigger=0xe7 0
06-28 15:35:39.276 D/cdfingerTA( 1336): close move check, nConFlag 0, interFlag 0
06-28 15:35:39.276 D/cdfingerTA( 1336): CFP_NZ: FP_REQUEST_DETECT_FINGER, result =
128
06-28 15:35:39.276 E/libc ( 1336): Access denied finding property
"property.cdfinger.enablesave"
06-28 15:35:39.276 D/cdfinger( 1336): Enter Switch Status, mCurStatus = 14
06-28 15:35:39.276 D/cdfinger( 1336): mCurStatus = 14 , nextStatus = 13
06-28 15:35:39.276 D/cdfinger( 1336): REPORT_KEY: not finger or read image fail
06-28 15:35:39.276 D/cdfinger( 1336): EventProcessThread end,then check status 13
and global status 1
06-28 15:35:39.277 D/cdfinger( 1336): EventProcessThread wait hal_Down! status:13
06-28 15:35:39.277 D/cdfinger( 1336): fingerprint wait for finger .
06-28 15:35:39.277 D/cdfinger( 1336): device_waitForFinger enter
06-28 15:35:39.285 D/cdfinger( 1336): get screen status = 1, mode = 1
06-28 15:35:39.285 D/cdfinger( 1336): gotoCheckIrq no need check.
06-28 15:35:39.300 D/cdfingerTA( 1336): CFP_NZ: FP_REQUEST_SETMODE, ChipID = 0X88
06-28 15:35:39.300 D/cdfingerTA( 1336): cdfinger_config_interrupt 0xe7, mode = [1]
06-28 15:35:39.300 D/cdfingerTA( 1336): CFP_NZ: FP_REQUEST_SETMODE [1] ret[0]
06-28 15:35:39.300 D/cdfinger( 1336): timeout_gap:3, check_gap:2
06-28 15:35:39.300 D/cdfinger( 1336): sem_wait : (0)
06-28 15:35:39.310 E/QTI_SDM_INFO( 1392): [qti_rmnet_peripheral.c:768]
qti_file_open():Could not open device file. Errno 2 error msg=No such file or
directory
06-28 15:35:39.318 D/cdfinger( 1336): SIGIO signal FINGERDOWN received!
06-28 15:35:39.318 D/cdfinger( 1336): sem_waited : (0)
06-28 15:35:39.321 D/cdfinger( 1336): device_waitForFinger ret = 0
06-28 15:35:39.321 D/cdfinger( 1336): EventProcessThread case status:13
06-28 15:35:39.321 D/cdfinger( 1336): Enter Switch Status, mCurStatus = 13
06-28 15:35:39.321 D/cdfinger( 1336): mCurStatus = 13 , nextStatus = 14
06-28 15:35:39.357 D/cdfingerTA( 1336): CFP_NZ: FP_REQUEST_DETECT_FINGER [2]
06-28 15:35:39.357 D/cdfingerTA( 1336): configAGC agc = 0xeb, spend 8 ms, ret = 0
06-28 15:35:39.357 D/cdfingerTA( 1336): get image success 15603 17408
06-28 15:35:39.357 D/cdfingerTA( 1336): cfp_devCheckFinger nav down 0 136 137 0 134
0
06-28 15:35:39.357 D/cdfingerTA( 1336): cfp_calibrateKeyTrigger=0xe7 1
06-28 15:35:39.357 D/cdfingerTA( 1336): close move check, nConFlag 0, interFlag 0
06-28 15:35:39.357 D/cdfingerTA( 1336): CFP_NZ: FP_REQUEST_DETECT_FINGER, result =
128
06-28 15:35:39.357 E/libc ( 1336): Access denied finding property
"property.cdfinger.enablesave"
06-28 15:35:39.357 D/cdfinger( 1336): Enter Switch Status, mCurStatus = 14
06-28 15:35:39.357 D/cdfinger( 1336): mCurStatus = 14 , nextStatus = 13
06-28 15:35:39.357 D/cdfinger( 1336): REPORT_KEY: not finger or read image fail
06-28 15:35:39.357 D/cdfinger( 1336): EventProcessThread end,then check status 13
and global status 1
06-28 15:35:39.358 D/cdfinger( 1336): EventProcessThread wait hal_Down! status:13
06-28 15:35:39.358 D/cdfinger( 1336): fingerprint wait for finger .
06-28 15:35:39.359 D/cdfinger( 1336): device_waitForFinger enter
06-28 15:35:39.365 D/cdfinger( 1336): get screen status = 1, mode = 1
06-28 15:35:39.366 D/cdfinger( 1336): gotoCheckIrq no need check.
06-28 15:35:39.381 D/cdfingerTA( 1336): CFP_NZ: FP_REQUEST_SETMODE, ChipID = 0X88
06-28 15:35:39.381 D/cdfingerTA( 1336): cdfinger_config_interrupt 0xe7, mode = [1]
06-28 15:35:39.381 D/cdfingerTA( 1336): CFP_NZ: FP_REQUEST_SETMODE [1] ret[0]
06-28 15:35:39.381 D/cdfinger( 1336): timeout_gap:3, check_gap:2
06-28 15:35:39.381 D/cdfinger( 1336): sem_wait : (0)
06-28 15:35:39.399 D/cdfinger( 1336): SIGIO signal FINGERDOWN received!
06-28 15:35:39.399 D/cdfinger( 1336): sem_waited : (0)
06-28 15:35:39.402 D/cdfinger( 1336): device_waitForFinger ret = 0
06-28 15:35:39.402 D/cdfinger( 1336): EventProcessThread case status:13
06-28 15:35:39.402 D/cdfinger( 1336): Enter Switch Status, mCurStatus = 13
06-28 15:35:39.402 D/cdfinger( 1336): mCurStatus = 13 , nextStatus = 14
06-28 15:35:39.438 D/cdfingerTA( 1336): CFP_NZ: FP_REQUEST_DETECT_FINGER [2]
06-28 15:35:39.438 D/cdfingerTA( 1336): configAGC agc = 0xeb, spend 8 ms, ret = 0
06-28 15:35:39.438 D/cdfingerTA( 1336): get image success 15615 17408
06-28 15:35:39.438 D/cdfingerTA( 1336): cfp_devCheckFinger nav down 0 136 137 0 134
0
06-28 15:35:39.438 D/cdfingerTA( 1336): cfp_calibrateKeyTrigger=0xe7 2
06-28 15:35:39.438 D/cdfingerTA( 1336): close move check, nConFlag 0, interFlag 0
06-28 15:35:39.438 D/cdfingerTA( 1336): CFP_NZ: FP_REQUEST_DETECT_FINGER, result =
128
06-28 15:35:39.439 E/libc ( 1336): Access denied finding property
"property.cdfinger.enablesave"
06-28 15:35:39.439 D/cdfinger( 1336): Enter Switch Status, mCurStatus = 14
06-28 15:35:39.439 D/cdfinger( 1336): mCurStatus = 14 , nextStatus = 13
06-28 15:35:39.439 D/cdfinger( 1336): REPORT_KEY: not finger or read image fail
06-28 15:35:39.439 D/cdfinger( 1336): EventProcessThread end,then check status 13
and global status 1
06-28 15:35:39.440 D/cdfinger( 1336): EventProcessThread wait hal_Down! status:13
06-28 15:35:39.440 D/cdfinger( 1336): fingerprint wait for finger .
06-28 15:35:39.440 D/cdfinger( 1336): device_waitForFinger enter
06-28 15:35:39.448 D/cdfinger( 1336): get screen status = 1, mode = 1
06-28 15:35:39.448 D/cdfinger( 1336): gotoCheckIrq no need check.
06-28 15:35:39.463 W/ServiceManager( 1254): Service package_native didn't start.
Returning NULL
06-28 15:35:39.463 E/ServiceUtilities( 1254): getInfo: Cannot find package_native
06-28 15:35:39.463 W/AudioAnalytics( 1254): (key=audio.flinger) Audioflinger
constructor event detected
06-28 15:35:39.464 D/cdfingerTA( 1336): CFP_NZ: FP_REQUEST_SETMODE, ChipID = 0X88
06-28 15:35:39.464 D/cdfingerTA( 1336): cdfinger_config_interrupt 0xe7, mode = [1]
06-28 15:35:39.464 D/cdfingerTA( 1336): CFP_NZ: FP_REQUEST_SETMODE [1] ret[0]
06-28 15:35:39.464 D/cdfinger( 1336): timeout_gap:3, check_gap:2
06-28 15:35:39.464 D/cdfinger( 1336): sem_wait : (0)
06-28 15:35:39.482 I/mm-camera( 925): <SENSOR>< INFO> 257: sensor_probe:
[gc5035_hs70_mcn]CFG_SINIT_PROBE failed
06-28 15:35:39.482 D/cdfinger( 1336): SIGIO signal FINGERDOWN received!
06-28 15:35:39.482 D/cdfinger( 1336): sem_waited : (0)
06-28 15:35:39.482 I/mm-camera( 925): <SENSOR>< INFO> 410: sensor_init_xml_probe:
failed: to probe gc5035_hs70_mcn
06-28 15:35:39.483 E/mm-camera( 925): <SENSOR><ERROR> 272:
sensor_xml_util_get_node_data: LCF ADD:num_pairs = 13
06-28 15:35:39.483 W/ServiceManager( 1259): Service package_native didn't start.
Returning NULL
06-28 15:35:39.483 E/storaged( 1259): getService package_native failed
06-28 15:35:39.484 W/android.hardware.health@2.1-service-samsung( 935):
registerCallback
06-28 15:35:39.485 D/cdfinger( 1336): device_waitForFinger ret = 0
06-28 15:35:39.485 D/cdfinger( 1336): EventProcessThread case status:13
06-28 15:35:39.485 D/cdfinger( 1336): Enter Switch Status, mCurStatus = 13
06-28 15:35:39.485 D/cdfinger( 1336): mCurStatus = 13 , nextStatus = 14
06-28 15:35:39.486 I/mm-camera( 925): <SENSOR>< INFO> 317:
sensor_sdk_util_get_i2c_freq_mode: Invalid i2c_freq_mode = 4
06-28 15:35:39.487 I/android.hardware.health@2.1-service-samsung( 935): start
ISehThermal::getService()
06-28 15:35:39.487 I/hwservicemanager( 553): getTransport: Cannot find entry
vendor.samsung.hardware.thermal@1.0::ISehThermal/default in either framework or
device VINTF manifest.
06-28 15:35:39.488 E/android.hardware.health@2.1-service-samsung( 935):
ISehThermal::getService() fail
06-28 15:35:39.489 I/storaged( 1259): storaged: Start
06-28 15:35:39.490 I/servicemanager( 552): Adding 'u:r:storaged:s0' service
(storaged:1259)
06-28 15:35:39.491 I/servicemanager( 552): Adding 'u:r:storaged:s0' service
(storaged_pri:1259)
06-28 15:35:39.492 I/ServiceManager( 1259): Waiting for service 'package_native' on
'/dev/binder'...
06-28 15:35:39.521 D/cdfingerTA( 1336): CFP_NZ: FP_REQUEST_DETECT_FINGER [2]
06-28 15:35:39.521 D/cdfingerTA( 1336): configAGC agc = 0xeb, spend 8 ms, ret = 0
06-28 15:35:39.521 D/cdfingerTA( 1336): get image success 15616 17408
06-28 15:35:39.521 D/cdfingerTA( 1336): cfp_devCheckFinger nav down 0 136 137 0 134
0
06-28 15:35:39.521 D/cdfingerTA( 1336): cfp_calibrateKeyTrigger=0xe1 0
06-28 15:35:39.521 D/cdfingerTA( 1336): close move check, nConFlag 0, interFlag 0
06-28 15:35:39.521 D/cdfingerTA( 1336): CFP_NZ: FP_REQUEST_DETECT_FINGER, result =
128
06-28 15:35:39.521 E/libc ( 1336): Access denied finding property
"property.cdfinger.enablesave"
06-28 15:35:39.522 D/cdfinger( 1336): Enter Switch Status, mCurStatus = 14
06-28 15:35:39.522 D/cdfinger( 1336): mCurStatus = 14 , nextStatus = 13
06-28 15:35:39.522 D/cdfinger( 1336): REPORT_KEY: not finger or read image fail
06-28 15:35:39.522 D/cdfinger( 1336): EventProcessThread end,then check status 13
and global status 1
06-28 15:35:39.523 D/cdfinger( 1336): EventProcessThread wait hal_Down! status:13
06-28 15:35:39.523 D/cdfinger( 1336): fingerprint wait for finger .
06-28 15:35:39.523 D/cdfinger( 1336): device_waitForFinger enter
06-28 15:35:39.528 D/BatteryDump( 935): wait_for_battery_event : occurred :
add@/devices/platform/soc/1b0c000.qcom,cci/1b0c000.qcom,cci:qcom,camera@3/media4
06-28 15:35:39.529 D/BatteryDump( 935): wait_for_battery_event : occurred :
add@/devices/platform/soc/1b0c000.qcom,cci/1b0c000.qcom,cci:qcom,camera@3/
video4linux/video4
06-28 15:35:39.530 D/BatteryDump( 935): wait_for_battery_event : occurred :
add@/devices/platform/soc/1b00000.qcom,msm-cam/video4linux/v4l-subdev21
06-28 15:35:39.531 D/cdfinger( 1336): get screen status = 1, mode = 1
06-28 15:35:39.531 D/cdfinger( 1336): gotoCheckIrq no need check.
06-28 15:35:39.547 D/cdfingerTA( 1336): CFP_NZ: FP_REQUEST_SETMODE, ChipID = 0X88
06-28 15:35:39.547 D/cdfingerTA( 1336): cdfinger_config_interrupt 0xe1, mode = [1]
06-28 15:35:39.547 D/cdfingerTA( 1336): CFP_NZ: FP_REQUEST_SETMODE [1] ret[0]
06-28 15:35:39.547 D/cdfinger( 1336): timeout_gap:3, check_gap:2
06-28 15:35:39.547 D/cdfinger( 1336): sem_wait : (0)
06-28 15:35:39.564 E/mm-camera( 925): <SENSOR><ERROR> 272:
sensor_xml_util_get_node_data: LCF ADD:num_pairs = 9
06-28 15:35:39.564 E/mm-camera( 925): <SENSOR><ERROR> 272:
sensor_xml_util_get_node_data: LCF ADD:num_pairs = 4
06-28 15:35:39.565 D/cdfinger( 1336): SIGIO signal FINGERDOWN received!
06-28 15:35:39.565 D/cdfinger( 1336): sem_waited : (0)
06-28 15:35:39.565 E/mm-camera( 925): <SENSOR><ERROR> 272:
sensor_xml_util_get_node_data: LCF ADD:num_pairs = 53
06-28 15:35:39.565 E/mm-camera( 925): <SENSOR><ERROR> 272:
sensor_xml_util_get_node_data: LCF ADD:num_pairs = 53
06-28 15:35:39.565 E/mm-camera( 925): <SENSOR><ERROR> 272:
sensor_xml_util_get_node_data: LCF ADD:num_pairs = 53
06-28 15:35:39.565 E/mm-camera( 925): <SENSOR><ERROR> 272:
sensor_xml_util_get_node_data: LCF ADD:num_pairs = 52
06-28 15:35:39.568 D/cdfinger( 1336): device_waitForFinger ret = 0
06-28 15:35:39.568 D/cdfinger( 1336): EventProcessThread case status:13
06-28 15:35:39.568 D/cdfinger( 1336): Enter Switch Status, mCurStatus = 13
06-28 15:35:39.568 D/cdfinger( 1336): mCurStatus = 13 , nextStatus = 14
06-28 15:35:39.604 D/cdfingerTA( 1336): CFP_NZ: FP_REQUEST_DETECT_FINGER [2]
06-28 15:35:39.604 D/cdfingerTA( 1336): configAGC agc = 0xeb, spend 8 ms, ret = 0
06-28 15:35:39.604 D/cdfingerTA( 1336): get image success 15617 17408
06-28 15:35:39.604 D/cdfingerTA( 1336): cfp_devCheckFinger nav down 0 136 137 0 134
0
06-28 15:35:39.604 D/cdfingerTA( 1336): cfp_calibrateKeyTrigger=0xe1 1
06-28 15:35:39.604 D/cdfingerTA( 1336): close move check, nConFlag 0, interFlag 0
06-28 15:35:39.604 D/cdfingerTA( 1336): CFP_NZ: FP_REQUEST_DETECT_FINGER, result =
128
06-28 15:35:39.604 E/libc ( 1336): Access denied finding property
"property.cdfinger.enablesave"
06-28 15:35:39.605 D/cdfinger( 1336): Enter Switch Status, mCurStatus = 14
06-28 15:35:39.605 D/cdfinger( 1336): mCurStatus = 14 , nextStatus = 13
06-28 15:35:39.605 D/cdfinger( 1336): REPORT_KEY: not finger or read image fail
06-28 15:35:39.605 D/cdfinger( 1336): EventProcessThread end,then check status 13
and global status 1
06-28 15:35:39.606 D/cdfinger( 1336): EventProcessThread wait hal_Down! status:13
06-28 15:35:39.606 D/cdfinger( 1336): fingerprint wait for finger .
06-28 15:35:39.606 D/cdfinger( 1336): device_waitForFinger enter
06-28 15:35:39.613 D/cdfinger( 1336): get screen status = 1, mode = 1
06-28 15:35:39.613 D/cdfinger( 1336): gotoCheckIrq no need check.
06-28 15:35:39.629 D/cdfingerTA( 1336): CFP_NZ: FP_REQUEST_SETMODE, ChipID = 0X88
06-28 15:35:39.629 D/cdfingerTA( 1336): cdfinger_config_interrupt 0xe1, mode = [1]
06-28 15:35:39.629 D/cdfingerTA( 1336): CFP_NZ: FP_REQUEST_SETMODE [1] ret[0]
06-28 15:35:39.629 D/cdfinger( 1336): timeout_gap:3, check_gap:2
06-28 15:35:39.629 D/cdfinger( 1336): sem_wait : (0)
06-28 15:35:39.647 D/cdfinger( 1336): SIGIO signal FINGERDOWN received!
06-28 15:35:39.647 D/cdfinger( 1336): sem_waited : (0)
06-28 15:35:39.650 D/cdfinger( 1336): device_waitForFinger ret = 0
06-28 15:35:39.650 D/cdfinger( 1336): EventProcessThread case status:13
06-28 15:35:39.650 D/cdfinger( 1336): Enter Switch Status, mCurStatus = 13
06-28 15:35:39.650 D/cdfinger( 1336): mCurStatus = 13 , nextStatus = 14
06-28 15:35:39.686 D/cdfingerTA( 1336): CFP_NZ: FP_REQUEST_DETECT_FINGER [2]
06-28 15:35:39.686 D/cdfingerTA( 1336): configAGC agc = 0xeb, spend 8 ms, ret = 0
06-28 15:35:39.686 D/cdfingerTA( 1336): get image success 15605 17408
06-28 15:35:39.686 D/cdfingerTA( 1336): cfp_devCheckFinger nav down 0 136 137 0 134
0
06-28 15:35:39.686 D/cdfingerTA( 1336): cfp_calibrateKeyTrigger=0xe1 2
06-28 15:35:39.686 D/cdfingerTA( 1336): close move check, nConFlag 0, interFlag 0
06-28 15:35:39.686 D/cdfingerTA( 1336): CFP_NZ: FP_REQUEST_DETECT_FINGER, result =
128
06-28 15:35:39.686 E/libc ( 1336): Access denied finding property
"property.cdfinger.enablesave"
06-28 15:35:39.686 D/cdfinger( 1336): Enter Switch Status, mCurStatus = 14
06-28 15:35:39.686 D/cdfinger( 1336): mCurStatus = 14 , nextStatus = 13
06-28 15:35:39.686 D/cdfinger( 1336): REPORT_KEY: not finger or read image fail
06-28 15:35:39.686 D/cdfinger( 1336): EventProcessThread end,then check status 13
and global status 1
06-28 15:35:39.687 D/cdfinger( 1336): EventProcessThread wait hal_Down! status:13
06-28 15:35:39.687 D/cdfinger( 1336): fingerprint wait for finger .
06-28 15:35:39.687 D/cdfinger( 1336): device_waitForFinger enter
06-28 15:35:39.694 D/cdfinger( 1336): get screen status = 1, mode = 1
06-28 15:35:39.694 D/cdfinger( 1336): gotoCheckIrq no need check.
06-28 15:35:39.711 D/cdfingerTA( 1336): CFP_NZ: FP_REQUEST_SETMODE, ChipID = 0X88
06-28 15:35:39.711 D/cdfingerTA( 1336): cdfinger_config_interrupt 0xe1, mode = [1]
06-28 15:35:39.711 D/cdfingerTA( 1336): CFP_NZ: FP_REQUEST_SETMODE [1] ret[0]
06-28 15:35:39.711 D/cdfinger( 1336): timeout_gap:3, check_gap:2
06-28 15:35:39.711 D/cdfinger( 1336): sem_wait : (0)
06-28 15:35:39.728 D/cdfinger( 1336): SIGIO signal FINGERDOWN received!
06-28 15:35:39.728 D/cdfinger( 1336): sem_waited : (0)
06-28 15:35:39.731 D/cdfinger( 1336): device_waitForFinger ret = 0
06-28 15:35:39.731 D/cdfinger( 1336): EventProcessThread case status:13
06-28 15:35:39.731 D/cdfinger( 1336): Enter Switch Status, mCurStatus = 13
06-28 15:35:39.731 D/cdfinger( 1336): mCurStatus = 13 , nextStatus = 14
06-28 15:35:39.736 E/mm-camera( 925): <SENSOR><ERROR> 7776:
module_sensor_init_eeprom: Exit subdev_id[SUB_MODULE_EEPROM] == -1
06-28 15:35:39.767 D/cdfingerTA( 1336): CFP_NZ: FP_REQUEST_DETECT_FINGER [2]
06-28 15:35:39.767 D/cdfingerTA( 1336): configAGC agc = 0xeb, spend 8 ms, ret = 0
06-28 15:35:39.767 D/cdfingerTA( 1336): get image success 15610 17408
06-28 15:35:39.767 D/cdfingerTA( 1336): cfp_devCheckFinger nav down 0 136 137 0 134
0
06-28 15:35:39.767 D/cdfingerTA( 1336): cfp_calibrateKeyTrigger=0xdb 0
06-28 15:35:39.767 D/cdfingerTA( 1336): close move check, nConFlag 0, interFlag 0
06-28 15:35:39.767 D/cdfingerTA( 1336): CFP_NZ: FP_REQUEST_DETECT_FINGER, result =
128
06-28 15:35:39.767 E/libc ( 1336): Access denied finding property
"property.cdfinger.enablesave"
06-28 15:35:39.767 D/cdfinger( 1336): Enter Switch Status, mCurStatus = 14
06-28 15:35:39.767 D/cdfinger( 1336): mCurStatus = 14 , nextStatus = 13
06-28 15:35:39.767 D/cdfinger( 1336): REPORT_KEY: not finger or read image fail
06-28 15:35:39.767 D/cdfinger( 1336): EventProcessThread end,then check status 13
and global status 1
06-28 15:35:39.768 D/cdfinger( 1336): EventProcessThread wait hal_Down! status:13
06-28 15:35:39.768 D/cdfinger( 1336): fingerprint wait for finger .
06-28 15:35:39.768 D/cdfinger( 1336): device_waitForFinger enter
06-28 15:35:39.775 D/cdfinger( 1336): get screen status = 1, mode = 1
06-28 15:35:39.775 D/cdfinger( 1336): gotoCheckIrq no need check.
06-28 15:35:39.791 D/cdfingerTA( 1336): CFP_NZ: FP_REQUEST_SETMODE, ChipID = 0X88
06-28 15:35:39.791 D/cdfingerTA( 1336): cdfinger_config_interrupt 0xdb, mode = [1]
06-28 15:35:39.791 D/cdfingerTA( 1336): CFP_NZ: FP_REQUEST_SETMODE [1] ret[0]
06-28 15:35:39.791 D/cdfinger( 1336): timeout_gap:3, check_gap:2
06-28 15:35:39.791 D/cdfinger( 1336): sem_wait : (0)
06-28 15:35:39.809 D/cdfinger( 1336): SIGIO signal FINGERDOWN received!
06-28 15:35:39.809 D/cdfinger( 1336): sem_waited : (0)
06-28 15:35:39.812 D/cdfinger( 1336): device_waitForFinger ret = 0
06-28 15:35:39.812 D/cdfinger( 1336): EventProcessThread case status:13
06-28 15:35:39.812 D/cdfinger( 1336): Enter Switch Status, mCurStatus = 13
06-28 15:35:39.812 D/cdfinger( 1336): mCurStatus = 13 , nextStatus = 14
06-28 15:35:39.848 D/cdfingerTA( 1336): CFP_NZ: FP_REQUEST_DETECT_FINGER [2]
06-28 15:35:39.848 D/cdfingerTA( 1336): configAGC agc = 0xeb, spend 8 ms, ret = 0
06-28 15:35:39.848 D/cdfingerTA( 1336): get image success 15603 17408
06-28 15:35:39.848 D/cdfingerTA( 1336): cfp_devCheckFinger nav down 0 136 137 0 134
0
06-28 15:35:39.848 D/cdfingerTA( 1336): cfp_calibrateKeyTrigger=0xdb 1
06-28 15:35:39.848 D/cdfingerTA( 1336): close move check, nConFlag 0, interFlag 0
06-28 15:35:39.848 D/cdfingerTA( 1336): CFP_NZ: FP_REQUEST_DETECT_FINGER, result =
128
06-28 15:35:39.848 E/libc ( 1336): Access denied finding property
"property.cdfinger.enablesave"
06-28 15:35:39.848 D/cdfinger( 1336): Enter Switch Status, mCurStatus = 14
06-28 15:35:39.848 D/cdfinger( 1336): mCurStatus = 14 , nextStatus = 13
06-28 15:35:39.848 D/cdfinger( 1336): REPORT_KEY: not finger or read image fail
06-28 15:35:39.848 D/cdfinger( 1336): EventProcessThread end,then check status 13
and global status 1
06-28 15:35:39.849 D/SystemServerTiming( 1718): InitBeforeStartServices took to
complete: 1006ms
06-28 15:35:39.849 D/SystemServerTiming( 1718): !@Boot_SystemServer: 1006ms :
InitBeforeStartServices
06-28 15:35:39.849 I/SystemServerTiming( 1718): !@Boot_EBS: Took 1006ms by
'InitBeforeStartServices'
06-28 15:35:39.849 I/SystemServerTiming( 1718): StartServices
06-28 15:35:39.849 I/SystemServer( 1718): !@Boot_EBS_F: startBootstrapServices
06-28 15:35:39.849 I/SystemServerTiming( 1718): startBootstrapServices
06-28 15:35:39.849 D/cdfinger( 1336): EventProcessThread wait hal_Down! status:13
06-28 15:35:39.849 D/cdfinger( 1336): fingerprint wait for finger .
06-28 15:35:39.849 D/cdfinger( 1336): device_waitForFinger enter
06-28 15:35:39.849 I/SystemServerTiming( 1718): StartWatchdog
06-28 15:35:39.856 D/cdfinger( 1336): get screen status = 1, mode = 1
06-28 15:35:39.856 D/cdfinger( 1336): gotoCheckIrq no need check.
06-28 15:35:39.871 D/cdfingerTA( 1336): CFP_NZ: FP_REQUEST_SETMODE, ChipID = 0X88
06-28 15:35:39.871 D/cdfingerTA( 1336): cdfinger_config_interrupt 0xdb, mode = [1]
06-28 15:35:39.871 D/cdfingerTA( 1336): CFP_NZ: FP_REQUEST_SETMODE [1] ret[0]
06-28 15:35:39.872 D/cdfinger( 1336): timeout_gap:3, check_gap:2
06-28 15:35:39.872 D/cdfinger( 1336): sem_wait : (0)
06-28 15:35:39.890 D/cdfinger( 1336): SIGIO signal FINGERDOWN received!
06-28 15:35:39.890 D/cdfinger( 1336): sem_waited : (0)
06-28 15:35:39.893 D/cdfinger( 1336): device_waitForFinger ret = 0
06-28 15:35:39.893 D/cdfinger( 1336): EventProcessThread case status:13
06-28 15:35:39.893 D/cdfinger( 1336): Enter Switch Status, mCurStatus = 13
06-28 15:35:39.893 D/cdfinger( 1336): mCurStatus = 13 , nextStatus = 14
06-28 15:35:39.929 D/cdfingerTA( 1336): CFP_NZ: FP_REQUEST_DETECT_FINGER [2]
06-28 15:35:39.929 D/cdfingerTA( 1336): configAGC agc = 0xeb, spend 8 ms, ret = 0
06-28 15:35:39.929 D/cdfingerTA( 1336): get image success 15610 17408
06-28 15:35:39.929 D/cdfingerTA( 1336): cfp_devCheckFinger nav down 0 136 137 0 134
0
06-28 15:35:39.929 D/cdfingerTA( 1336): cfp_calibrateKeyTrigger=0xdb 2
06-28 15:35:39.929 D/cdfingerTA( 1336): close move check, nConFlag 0, interFlag 0
06-28 15:35:39.929 D/cdfingerTA( 1336): CFP_NZ: FP_REQUEST_DETECT_FINGER, result =
128
06-28 15:35:39.929 E/libc ( 1336): Access denied finding property
"property.cdfinger.enablesave"
06-28 15:35:39.929 D/cdfinger( 1336): Enter Switch Status, mCurStatus = 14
06-28 15:35:39.929 D/cdfinger( 1336): mCurStatus = 14 , nextStatus = 13
06-28 15:35:39.929 D/cdfinger( 1336): REPORT_KEY: not finger or read image fail
06-28 15:35:39.929 D/cdfinger( 1336): EventProcessThread end,then check status 13
and global status 1
06-28 15:35:39.930 D/cdfinger( 1336): EventProcessThread wait hal_Down! status:13
06-28 15:35:39.930 D/cdfinger( 1336): fingerprint wait for finger .
06-28 15:35:39.930 D/cdfinger( 1336): device_waitForFinger enter
06-28 15:35:39.938 D/cdfinger( 1336): get screen status = 1, mode = 1
06-28 15:35:39.938 D/cdfinger( 1336): gotoCheckIrq no need check.
06-28 15:35:39.947 D/AT_Distributor( 1321): write ATD_SOCKET_ID to DDEXE
06-28 15:35:39.947 D/DataRouter( 1246): write [15] bytes of data to USB fd[6]
06-28 15:35:39.954 D/cdfingerTA( 1336): CFP_NZ: FP_REQUEST_SETMODE, ChipID = 0X88
06-28 15:35:39.954 D/cdfingerTA( 1336): cdfinger_config_interrupt 0xdb, mode = [1]
06-28 15:35:39.954 D/cdfingerTA( 1336): CFP_NZ: FP_REQUEST_SETMODE [1] ret[0]
06-28 15:35:39.954 D/cdfinger( 1336): timeout_gap:3, check_gap:2
06-28 15:35:39.954 D/cdfinger( 1336): sem_wait : (0)
06-28 15:35:39.972 D/cdfinger( 1336): SIGIO signal FINGERDOWN received!
06-28 15:35:39.972 D/cdfinger( 1336): sem_waited : (0)
06-28 15:35:39.974 I/macloader( 1285): PATH_QCWLANSTATE_SYSFS read retry 45
06-28 15:35:39.974 E/macloader( 1285): Failed to open qcwlanstate
06-28 15:35:39.975 D/cdfinger( 1336): device_waitForFinger ret = 0
06-28 15:35:39.975 D/cdfinger( 1336): EventProcessThread case status:13
06-28 15:35:39.975 D/cdfinger( 1336): Enter Switch Status, mCurStatus = 13
06-28 15:35:39.975 D/cdfinger( 1336): mCurStatus = 13 , nextStatus = 14
06-28 15:35:40.011 D/cdfingerTA( 1336): CFP_NZ: FP_REQUEST_DETECT_FINGER [2]
06-28 15:35:40.011 D/cdfingerTA( 1336): configAGC agc = 0xeb, spend 8 ms, ret = 0
06-28 15:35:40.011 D/cdfingerTA( 1336): get image success 15614 17408
06-28 15:35:40.011 D/cdfingerTA( 1336): cfp_devCheckFinger nav down 0 136 137 0 134
0
06-28 15:35:40.011 D/cdfingerTA( 1336): cfp_calibrateKeyTrigger=0xd5 0
06-28 15:35:40.011 D/cdfingerTA( 1336): close move check, nConFlag 0, interFlag 0
06-28 15:35:40.011 D/cdfingerTA( 1336): CFP_NZ: FP_REQUEST_DETECT_FINGER, result =
128
06-28 15:35:40.011 E/libc ( 1336): Access denied finding property
"property.cdfinger.enablesave"
06-28 15:35:40.011 D/cdfinger( 1336): Enter Switch Status, mCurStatus = 14
06-28 15:35:40.011 D/cdfinger( 1336): mCurStatus = 14 , nextStatus = 13
06-28 15:35:40.011 D/cdfinger( 1336): REPORT_KEY: not finger or read image fail
06-28 15:35:40.011 D/cdfinger( 1336): EventProcessThread end,then check status 13
and global status 1
06-28 15:35:40.013 D/cdfinger( 1336): EventProcessThread wait hal_Down! status:13
06-28 15:35:40.013 D/cdfinger( 1336): fingerprint wait for finger .
06-28 15:35:40.013 D/cdfinger( 1336): device_waitForFinger enter
06-28 15:35:40.019 D/cdfinger( 1336): get screen status = 1, mode = 1
06-28 15:35:40.019 D/cdfinger( 1336): gotoCheckIrq no need check.
06-28 15:35:40.034 D/SystemServerTiming( 1718): StartWatchdog took to complete:
185ms
06-28 15:35:40.035 I/SystemServer( 1718): Reading configuration...
06-28 15:35:40.035 D/cdfingerTA( 1336): CFP_NZ: FP_REQUEST_SETMODE, ChipID = 0X88
