Download as txt, pdf, or txt
Download as txt, pdf, or txt
You are on page 1of 906

--------- beginning of system

01-24 14:46:55.072 26034 26034 W ActivityThread: Main thread can not be idle for a
long time.
01-24 14:56:14.317 5222 5222 W ActivityThread: Main thread can not be idle for a
long time.
--------- beginning of main
01-24 15:00:42.103 29771 29771 W System.err: java.lang.ClassNotFoundException:
mbmodsd.mbmodsw.ui.views.btn.BtnBK
01-24 15:00:42.103 29771 29771 W System.err: at
java.lang.Runtime.nativeLoad(Native Method)
01-24 15:00:42.103 29771 29771 W System.err: at
java.lang.Runtime.nativeLoad(Runtime.java:1131)
01-24 15:00:42.103 29771 29771 W System.err: at
java.lang.Runtime.loadLibrary0(Runtime.java:1085)
01-24 15:00:42.103 29771 29771 W System.err: at
java.lang.Runtime.loadLibrary0(Runtime.java:1008)
01-24 15:00:42.103 29771 29771 W System.err: at
java.lang.System.loadLibrary(System.java:1664)
01-24 15:00:42.103 29771 29771 W System.err: at arm.EpicVm.<clinit>(Unknown
Source:2)
01-24 15:00:42.103 29771 29771 W System.err: at
java.lang.Class.newInstance(Native Method)
01-24 15:00:42.103 29771 29771 W System.err: at
android.app.AppComponentFactory.instantiateApplication(AppComponentFactory.java:76)
01-24 15:00:42.103 29771 29771 W System.err: at
androidx.core.app.CoreComponentFactory.instantiateApplication(Unknown Source:0)
01-24 15:00:42.103 29771 29771 W System.err: at
android.app.Instrumentation.newApplication(Instrumentation.java:1158)
01-24 15:00:42.103 29771 29771 W System.err: at
android.app.LoadedApk.makeApplication(LoadedApk.java:1268)
01-24 15:00:42.103 29771 29771 W System.err: at
android.app.ActivityThread.handleBindApplication(ActivityThread.java:6889)
01-24 15:00:42.103 29771 29771 W System.err: at
android.app.ActivityThread.access$1300(ActivityThread.java:260)
01-24 15:00:42.103 29771 29771 W System.err: at
android.app.ActivityThread$H.handleMessage(ActivityThread.java:1955)
01-24 15:00:42.103 29771 29771 W System.err: at
android.os.Handler.dispatchMessage(Handler.java:106)
01-24 15:00:42.103 29771 29771 W System.err: at
android.os.Looper.loop(Looper.java:223)
01-24 15:00:42.103 29771 29771 W System.err: at
android.app.ActivityThread.main(ActivityThread.java:7955)
01-24 15:00:42.103 29771 29771 W System.err: at
java.lang.reflect.Method.invoke(Native Method)
01-24 15:00:42.103 29771 29771 W System.err: at
com.android.internal.os.RuntimeInit$MethodAndArgsCaller.run(RuntimeInit.java:603)
01-24 15:00:42.103 29771 29771 W System.err: at
com.android.internal.os.ZygoteInit.main(ZygoteInit.java:947)
01-24 15:00:42.231 29771 29771 W CheckTime: App running slow: Executing
handleBindApplication : makeApplication took 307ms
01-24 15:00:42.237 29771 29771 E CustomActivityOnCrash: IMPORTANT WARNING! You
already have an UncaughtExceptionHandler, are you sure this is correct? If you use
a custom UncaughtExceptionHandler, you must initialize it AFTER
CustomActivityOnCrash! Installing anyway, but your original handler will not be
called.
01-24 15:00:42.938 29771 29771 W com.mbwhatsapp: Accessing hidden method
Lcom/android/org/conscrypt/OpenSSLSocketImpl;->setUseSessionTickets(Z)V (greylist-
max-q,test-api, reflection, denied)
01-24 15:00:42.938 29771 29771 W com.mbwhatsapp: Accessing hidden method
Lcom/android/org/conscrypt/AbstractConscryptSocket;->setUseSessionTickets(Z)V
(greylist-max-q, reflection, denied)
01-24 15:00:45.005 29771 29771 W linker : Warning:
"/data/data/com.mbwhatsapp/files/decompressed/libs.spk.zst/libc++_shared.so" unused
DT entry: unknown processor-specific (type 0x70000001 arg 0x0) (ignoring)
01-24 15:00:44.999 29771 29771 W com.mbwhatsapp: type=1400 audit(0.0:999239): avc:
granted { execute } for
path="/data/data/com.mbwhatsapp/files/decompressed/libs.spk.zst/libc++_shared.so"
dev="dm-11" ino=90064 scontext=u:r:untrusted_app:s0:c246,c256,c512,c768
tcontext=u:object_r:app_data_file:s0:c246,c256,c512,c768 tclass=file
app=com.mbwhatsapp
01-24 15:00:45.003 29771 29771 W com.mbwhatsapp: type=1400 audit(0.0:999240): avc:
granted { execute } for
path="/data/data/com.mbwhatsapp/files/decompressed/libs.spk.zst/libvlc.so" dev="dm-
11" ino=90055 scontext=u:r:untrusted_app:s0:c246,c256,c512,c768
tcontext=u:object_r:app_data_file:s0:c246,c256,c512,c768 tclass=file
app=com.mbwhatsapp
01-24 15:00:45.015 29771 29771 W com.mbwhatsapp: type=1400 audit(0.0:999241): avc:
granted { execute } for
path="/data/data/com.mbwhatsapp/files/decompressed/libs.spk.zst/libwhatsapp.so"
dev="dm-11" ino=90059 scontext=u:r:untrusted_app:s0:c246,c256,c512,c768
tcontext=u:object_r:app_data_file:s0:c246,c256,c512,c768 tclass=file
app=com.mbwhatsapp
01-24 15:00:45.043 29771 29771 W com.mbwhatsapp: type=1400 audit(0.0:999242): avc:
granted { execute } for
path="/data/data/com.mbwhatsapp/files/decompressed/libs.spk.zst/libcurve25519.so"
dev="dm-11" ino=90062 scontext=u:r:untrusted_app:s0:c246,c256,c512,c768
tcontext=u:object_r:app_data_file:s0:c246,c256,c512,c768 tclass=file
app=com.mbwhatsapp
01-24 15:00:45.055 29771 29771 W com.mbwhatsapp: type=1400 audit(0.0:999243): avc:
granted { execute } for
path="/data/data/com.mbwhatsapp/files/decompressed/libs.spk.zst/libwhatsapp.so"
dev="dm-11" ino=90059 scontext=u:r:untrusted_app:s0:c246,c256,c512,c768
tcontext=u:object_r:app_data_file:s0:c246,c256,c512,c768 tclass=file
app=com.mbwhatsapp
01-24 15:00:45.233 29771 29771 W CheckTime: App running slow: Executing
handleBindApplication : callApplicationOnCreate took 2895ms
01-24 15:00:45.236 29771 29771 W CheckTime: App running slow: Executing
com.mbwhatsapp.systemreceivers.appupdated.AppUpdatedReceiver scheduleReceive took
3443ms
01-24 15:00:45.236 29771 29771 W ActivityThread: Main thread can not be idle for a
long time.
01-24 15:00:45.243 29771 521 W com.mbwhatsapp: Class X.2rL failed lock
verification and will run slower.
01-24 15:00:45.243 29771 521 W com.mbwhatsapp: Common causes for lock
verification issues are non-optimized dex code
01-24 15:00:45.243 29771 521 W com.mbwhatsapp: and incorrect proguard
optimizations.
01-24 15:05:23.916 5380 5380 E com.mbwhatsapp: Not starting debugger since
process cannot load the jdwp agent.
01-24 15:05:31.139 29771 29771 W com.mbwhatsapp: Class X.0eU failed lock
verification and will run slower.
01-24 15:05:31.311 29771 29771 W com.mbwhatsapp: Class com.mbwhatsapp.HomeActivity
failed lock verification and will run slower.
01-24 15:05:31.670 29771 29771 E ArmVmp : Match on catch block at 0x0a in for 0xc5
01-24 15:05:31.693 29771 29771 E ArmVmp : Match on catch block at 0x0a in for
0x135
01-24 15:05:31.772 29771 5448 W com.mbwhatsapp: Accessing hidden method
Lcom/android/org/conscrypt/ConscryptEngineSocket;->setUseSessionTickets(Z)V
(greylist-max-q,test-api, reflection, denied)
01-24 15:05:31.772 29771 5448 W com.mbwhatsapp: Accessing hidden method
Lcom/android/org/conscrypt/OpenSSLSocketImpl;->setUseSessionTickets(Z)V (greylist-
max-q,test-api, reflection, denied)
01-24 15:05:31.772 29771 5448 W com.mbwhatsapp: Accessing hidden method
Lcom/android/org/conscrypt/AbstractConscryptSocket;->setUseSessionTickets(Z)V
(greylist-max-q, reflection, denied)
01-24 15:05:31.772 29771 5448 W com.mbwhatsapp: Accessing hidden method
Lcom/android/org/conscrypt/ConscryptEngineSocket;->setHostname(Ljava/lang/String;)V
(greylist-max-q,test-api, reflection, denied)
01-24 15:05:31.772 29771 5448 W com.mbwhatsapp: Accessing hidden method
Lcom/android/org/conscrypt/OpenSSLSocketImpl;->setHostname(Ljava/lang/String;)V
(greylist-max-q,test-api, reflection, denied)
01-24 15:05:31.772 29771 5448 W com.mbwhatsapp: Accessing hidden method
Lcom/android/org/conscrypt/AbstractConscryptSocket;->setHostname(Ljava/lang/
String;)V (greylist-max-q, reflection, denied)
01-24 15:05:31.772 29771 5448 W com.mbwhatsapp: Accessing hidden method
Lcom/android/org/conscrypt/OpenSSLSocketImpl;->setAlpnProtocols([B)V (greylist-max-
q,test-api, reflection, denied)
01-24 15:05:31.772 29771 5448 W com.mbwhatsapp: Accessing hidden method
Lcom/android/org/conscrypt/AbstractConscryptSocket;->setAlpnProtocols([B)V
(greylist-max-q, reflection, denied)
01-24 15:05:31.886 29771 5448 W com.mbwhatsapp: Accessing hidden method
Lcom/android/org/conscrypt/OpenSSLSocketImpl;->getAlpnSelectedProtocol()[B
(greylist-max-q,test-api, reflection, denied)
01-24 15:05:31.886 29771 5448 W com.mbwhatsapp: Accessing hidden method
Lcom/android/org/conscrypt/AbstractConscryptSocket;->getAlpnSelectedProtocol()[B
(greylist-max-q, reflection, denied)
01-24 15:05:32.846 29771 29771 E RecyclerView: No adapter attached; skipping layout
01-24 15:05:32.875 29771 5445 E libc : Access denied finding property
"persist.vendor.sf.fbc"
01-24 15:05:32.875 29771 5445 E libc : Access denied finding property
"persist.vendor.gpu.fbc"
01-24 15:05:32.875 29771 5445 E libc : Access denied finding property
"persist.vendor.vsp.fbc"
01-24 15:05:32.871 29771 29771 W RenderThread: type=1400 audit(0.0:999801): avc:
denied { read } for name="u:object_r:vendor_sf_fbc_prop:s0" dev="tmpfs" ino=8540
scontext=u:r:untrusted_app:s0:c246,c256,c512,c768
tcontext=u:object_r:vendor_sf_fbc_prop:s0 tclass=file permissive=0
app=com.mbwhatsapp
01-24 15:05:33.218 29771 29771 E RecyclerView: No adapter attached; skipping layout
01-24 15:05:33.219 29771 29771 W View : requestLayout() improperly called by
androidx.appcompat.view.menu.ActionMenuItemView{b02c905 VFED..C.. ......ID 170,0-
254,0 #7f0b0f8a app:id/menuitem_search} during layout: running second layout pass
01-24 15:05:33.219 29771 29771 W View : requestLayout() improperly called by
androidx.appcompat.widget.ActionMenuView{84d4d5a V.E...... ......ID 333,219-
750,219} during layout: running second layout pass
01-24 15:05:33.233 29771 29771 E ArmVmp : Match on catch block at 0x0a in for 0xd1
01-24 15:05:33.332 29771 5445 W libEGL : EGLNativeWindowType 0xb400006ead3388e0
disconnect failed
01-24 15:05:33.431 29771 29771 W View : requestLayout() improperly called by
DecorView@f7c8810[HomeActivity] during second layout pass: posting in next frame
01-24 15:05:33.493 29771 5480 W LOTTIE : Animation contains merge paths. Merge
paths are only supported on KitKat+ and must be manually enabled by calling
enableMergePathsForKitKatAndAbove().
01-24 15:05:33.739 29771 29771 W LOTTIE : Animation contains merge paths but they
are disabled.
01-24 15:05:34.341 29771 29771 E ArmVmp : Match on catch block at 0x5b in for 0x85
01-24 15:05:36.313 29771 5510 E RenderScript: Failed loading RS driver: dlopen
failed: library "libRSDriverArm.so" not found
01-24 15:05:36.313 29771 5510 E RenderScript: Failed to load runtime
libRSDriverArm.so, loading default
01-24 15:05:36.544 29771 29771 E ArmVmp : Match on catch block at 0x0a in for 0xc9
01-24 15:05:36.549 29771 29771 E ArmVmp : Match on catch block at 0x0a in for 0xc9
01-24 15:05:36.570 29771 29771 E ArmVmp : Match on catch block at 0x0a in for
0x1c9
01-24 15:05:36.575 29771 29771 E Dialog : show dialog
view=DecorView@7911f61[Conversation]
01-24 15:05:36.978 29771 29771 E ArmVmp : Match on catch block at 0xc3 in for 0xb5
01-24 15:05:36.985 29771 29771 E ArmVmp : Match on catch block at 0xc3 in for 0xb5
01-24 15:05:37.114 29771 29771 E ArmVmp : Match on catch block at 0xc3 in for 0xa9
01-24 15:05:37.119 29771 29771 E ArmVmp : Match on catch block at 0xc3 in for 0xa1
01-24 15:05:37.124 29771 29771 E ArmVmp : Match on catch block at 0xc3 in for 0xa1
01-24 15:05:37.194 29771 29771 E ArmVmp : Match on catch block at 0xc3 in for 0xa9
01-24 15:05:37.197 29771 29771 E ArmVmp : Match on catch block at 0xc3 in for 0xa1
01-24 15:05:37.200 29771 29771 E ArmVmp : Match on catch block at 0xc3 in for 0xa1
01-24 15:05:37.232 29771 29771 E ArmVmp : Match on catch block at 0xc3 in for 0xa1
01-24 15:05:37.234 29771 29771 E ArmVmp : Match on catch block at 0xc3 in for 0xa5
01-24 15:05:37.236 29771 29771 E ArmVmp : Match on catch block at 0xc3 in for 0xa5
01-24 15:05:37.430 29771 29771 E ArmVmp : Match on catch block at 0xc3 in for 0xa5
01-24 15:05:37.432 29771 29771 E ArmVmp : Match on catch block at 0xc3 in for 0xa9
01-24 15:05:37.433 29771 29771 E ArmVmp : Match on catch block at 0xc3 in for 0xa9
01-24 15:05:37.450 29771 29771 E ArmVmp : Match on catch block at 0xc3 in for 0xa9
01-24 15:05:37.452 29771 29771 E ArmVmp : Match on catch block at 0xc3 in for 0xa1
01-24 15:05:37.453 29771 29771 E ArmVmp : Match on catch block at 0xc3 in for 0xa1
01-24 15:05:37.467 29771 29771 E ArmVmp : Match on catch block at 0xc3 in for 0xa1
01-24 15:05:37.469 29771 29771 E ArmVmp : Match on catch block at 0xc3 in for 0xa5
01-24 15:05:37.470 29771 29771 E ArmVmp : Match on catch block at 0xc3 in for 0xa5
01-24 15:05:37.509 29771 29771 E ArmVmp : Match on catch block at 0xc3 in for 0xa5
01-24 15:05:37.511 29771 29771 E ArmVmp : Match on catch block at 0xc3 in for 0xa9
01-24 15:05:37.512 29771 29771 E ArmVmp : Match on catch block at 0xc3 in for 0xa9
01-24 15:05:37.524 29771 5445 W libEGL : EGLNativeWindowType 0xb400006ead3388e0
disconnect failed
01-24 15:05:37.542 29771 29771 E ArmVmp : Match on catch block at 0xc3 in for 0xa9
01-24 15:05:37.544 29771 29771 E ArmVmp : Match on catch block at 0xc3 in for 0xa1
01-24 15:05:37.546 29771 29771 E ArmVmp : Match on catch block at 0xc3 in for 0xa1
01-24 15:05:37.559 29771 29771 E ArmVmp : Match on catch block at 0xc3 in for 0xa1
01-24 15:05:37.561 29771 29771 E ArmVmp : Match on catch block at 0xc3 in for 0xa5
01-24 15:05:37.563 29771 29771 E ArmVmp : Match on catch block at 0xc3 in for 0xa5
01-24 15:05:37.576 29771 29771 E ArmVmp : Match on catch block at 0xc3 in for 0xa5
01-24 15:05:37.578 29771 29771 E ArmVmp : Match on catch block at 0xc3 in for 0xa9
01-24 15:05:37.590 29771 29771 E ArmVmp : Match on catch block at 0xc3 in for 0xa9
01-24 15:05:37.592 29771 29771 E ArmVmp : Match on catch block at 0xc3 in for 0xa1
01-24 15:05:37.604 29771 29771 E ArmVmp : Match on catch block at 0xc3 in for 0xa1
01-24 15:05:37.606 29771 29771 E ArmVmp : Match on catch block at 0xc3 in for 0xa5
01-24 15:05:37.618 29771 29771 E ArmVmp : Match on catch block at 0xc3 in for 0xa5
01-24 15:05:37.620 29771 29771 E ArmVmp : Match on catch block at 0xc3 in for 0xa9
01-24 15:05:37.635 29771 29771 E ArmVmp : Match on catch block at 0xc3 in for 0xa9
01-24 15:05:37.637 29771 29771 E ArmVmp : Match on catch block at 0xc3 in for 0xa1
01-24 15:05:37.652 29771 29771 E ArmVmp : Match on catch block at 0xc3 in for 0xa1
01-24 15:05:37.654 29771 29771 E ArmVmp : Match on catch block at 0xc3 in for 0xa5
01-24 15:05:37.669 29771 29771 E ArmVmp : Match on catch block at 0xc3 in for 0xa5
01-24 15:05:37.671 29771 29771 E ArmVmp : Match on catch block at 0xc3 in for 0xa9
01-24 15:05:37.686 29771 29771 E ArmVmp : Match on catch block at 0xc3 in for 0xa9
01-24 15:05:37.688 29771 29771 E ArmVmp : Match on catch block at 0xc3 in for 0xa1
01-24 15:05:37.703 29771 29771 E ArmVmp : Match on catch block at 0xc3 in for 0xa1
01-24 15:05:37.705 29771 29771 E ArmVmp : Match on catch block at 0xc3 in for 0xa5
01-24 15:05:37.720 29771 29771 E ArmVmp : Match on catch block at 0xc3 in for 0xa5
01-24 15:05:37.722 29771 29771 E ArmVmp : Match on catch block at 0xc3 in for 0xa9
01-24 15:05:37.737 29771 29771 E ArmVmp : Match on catch block at 0xc3 in for 0xa9
01-24 15:05:37.738 29771 29771 E ArmVmp : Match on catch block at 0xc3 in for 0xa1
01-24 15:05:37.754 29771 29771 E ArmVmp : Match on catch block at 0xc3 in for 0xa1
01-24 15:05:37.756 29771 29771 E ArmVmp : Match on catch block at 0xc3 in for 0xa5
01-24 15:05:37.757 29771 29771 E ArmVmp : Match on catch block at 0xc3 in for 0xa5
01-24 15:05:38.281 29771 29771 E ArmVmp : Match on catch block at 0xc3 in for 0xa5
01-24 15:05:38.285 29771 29771 E ArmVmp : Match on catch block at 0xc3 in for 0xa9
01-24 15:05:38.775 29771 29771 E ArmVmp : Match on catch block at 0xc3 in for 0xa9
01-24 15:05:38.781 29771 29771 E ArmVmp : Match on catch block at 0xc3 in for 0xa1
01-24 15:05:38.786 29771 29771 E ArmVmp : Match on catch block at 0xc3 in for 0xa1
01-24 15:05:38.801 29771 29771 E ArmVmp : Match on catch block at 0xc3 in for 0xa5
01-24 15:05:38.806 29771 29771 E ArmVmp : Match on catch block at 0xc3 in for 0xa9
01-24 15:05:38.809 29771 29771 E ArmVmp : Match on catch block at 0xc3 in for 0xa9
01-24 15:05:38.833 29771 29771 E ArmVmp : Match on catch block at 0xc3 in for 0xa9
01-24 15:05:38.837 29771 29771 E ArmVmp : Match on catch block at 0xc3 in for 0xa1
01-24 15:05:38.840 29771 29771 E ArmVmp : Match on catch block at 0xc3 in for 0xa1
01-24 15:05:38.852 29771 29771 E ArmVmp : Match on catch block at 0xc3 in for 0xa5
01-24 15:05:38.855 29771 29771 E ArmVmp : Match on catch block at 0xc3 in for 0xa9
01-24 15:05:38.858 29771 29771 E ArmVmp : Match on catch block at 0xc3 in for 0xa9
01-24 15:05:38.880 29771 29771 E ArmVmp : Match on catch block at 0xc3 in for 0xa9
01-24 15:05:38.884 29771 29771 E ArmVmp : Match on catch block at 0xc3 in for 0xa1
01-24 15:05:38.887 29771 29771 E ArmVmp : Match on catch block at 0xc3 in for 0xa1
01-24 15:05:38.909 29771 29771 E ArmVmp : Match on catch block at 0xc3 in for 0xa1
01-24 15:05:38.914 29771 29771 E ArmVmp : Match on catch block at 0xc3 in for 0xa5
01-24 15:05:38.917 29771 29771 E ArmVmp : Match on catch block at 0xc3 in for 0xa5
01-24 15:05:38.938 29771 29771 E ArmVmp : Match on catch block at 0xc3 in for 0xa5
01-24 15:05:38.941 29771 29771 E ArmVmp : Match on catch block at 0xc3 in for 0xa9
01-24 15:05:38.944 29771 29771 E ArmVmp : Match on catch block at 0xc3 in for 0xa9
01-24 15:05:38.962 29771 5445 W libEGL : EGLNativeWindowType 0xb400006ead4c0460
disconnect failed
01-24 15:05:38.979 29771 29771 E ArmVmp : Match on catch block at 0xc3 in for 0xa5
01-24 15:05:38.983 29771 29771 E ArmVmp : Match on catch block at 0xc3 in for 0xa9
01-24 15:05:38.986 29771 29771 E ArmVmp : Match on catch block at 0xc3 in for 0xa9
01-24 15:05:38.999 29771 29771 E ArmVmp : Match on catch block at 0xc3 in for 0xa1
01-24 15:05:39.003 29771 29771 E ArmVmp : Match on catch block at 0xc3 in for 0xa5
01-24 15:05:39.006 29771 29771 E ArmVmp : Match on catch block at 0xc3 in for 0xa5
01-24 15:05:39.016 29771 29771 E ArmVmp : Match on catch block at 0xc3 in for 0xa9
01-24 15:05:39.020 29771 29771 E ArmVmp : Match on catch block at 0xc3 in for 0xa1
01-24 15:05:39.023 29771 29771 E ArmVmp : Match on catch block at 0xc3 in for 0xa1
01-24 15:05:39.044 29771 29771 E ArmVmp : Match on catch block at 0xc3 in for 0xa5
01-24 15:05:39.048 29771 29771 E ArmVmp : Match on catch block at 0xc3 in for 0xa9
01-24 15:05:39.051 29771 29771 E ArmVmp : Match on catch block at 0xc3 in for 0xa9
01-24 15:05:39.541 29771 29771 E ArmVmp : Match on catch block at 0xc3 in for 0xa5
01-24 15:05:39.545 29771 29771 E ArmVmp : Match on catch block at 0xc3 in for 0xa9
01-24 15:05:39.548 29771 29771 E ArmVmp : Match on catch block at 0xc3 in for 0xa9
01-24 15:05:39.860 29771 29771 E ArmVmp : Match on catch block at 0xc3 in for 0xa5
01-24 15:05:39.863 29771 29771 E ArmVmp : Match on catch block at 0xc3 in for 0xa9
01-24 15:05:39.866 29771 29771 E ArmVmp : Match on catch block at 0xc3 in for 0xa9
01-24 15:05:39.872 29771 29771 E ArmVmp : Match on catch block at 0xc3 in for 0xa1
01-24 15:05:39.875 29771 29771 E ArmVmp : Match on catch block at 0xc3 in for 0xa5
01-24 15:05:39.878 29771 29771 E ArmVmp : Match on catch block at 0xc3 in for 0xa5
01-24 15:05:40.008 29771 29771 E ArmVmp : Match on catch block at 0xc3 in for 0xa9
01-24 15:05:40.012 29771 29771 E ArmVmp : Match on catch block at 0xc3 in for 0xa1
01-24 15:05:40.015 29771 29771 E ArmVmp : Match on catch block at 0xc3 in for 0xa1
01-24 15:05:40.047 29771 29771 E ArmVmp : Match on catch block at 0xc3 in for 0xa5
01-24 15:05:40.051 29771 29771 E ArmVmp : Match on catch block at 0xc3 in for 0xa9
01-24 15:05:40.055 29771 29771 E ArmVmp : Match on catch block at 0xc3 in for 0xa9
01-24 15:05:40.190 29771 29771 E ArmVmp : Match on catch block at 0xc3 in for 0xa1
01-24 15:05:40.191 29771 5445 W libEGL : EGLNativeWindowType 0xb400006ead4c4880
disconnect failed
01-24 15:05:40.193 29771 29771 E ArmVmp : Match on catch block at 0xc3 in for 0xa5
01-24 15:05:40.196 29771 29771 E ArmVmp : Match on catch block at 0xc3 in for 0xa5
01-24 15:05:40.246 29771 29771 E ArmVmp : Match on catch block at 0xc3 in for 0xa9
01-24 15:05:40.252 29771 29771 E ArmVmp : Match on catch block at 0xc3 in for 0xa1
01-24 15:05:40.255 29771 29771 E ArmVmp : Match on catch block at 0xc3 in for 0xa1
01-24 15:05:40.264 29771 29771 E ArmVmp : Match on catch block at 0xc3 in for 0xa5
01-24 15:05:40.268 29771 29771 E ArmVmp : Match on catch block at 0xc3 in for 0xa9
01-24 15:05:40.271 29771 29771 E ArmVmp : Match on catch block at 0xc3 in for 0xa9
01-24 15:05:40.538 29771 29771 E ArmVmp : Match on catch block at 0xc3 in for 0xa1
01-24 15:05:40.543 29771 29771 E ArmVmp : Match on catch block at 0xc3 in for 0xa5
01-24 15:05:40.546 29771 29771 E ArmVmp : Match on catch block at 0xc3 in for 0xa5
01-24 15:05:41.045 29771 29771 E ArmVmp : Match on catch block at 0xc3 in for 0xa9
01-24 15:05:41.051 29771 29771 E ArmVmp : Match on catch block at 0xc3 in for 0xa1
01-24 15:05:41.055 29771 29771 E ArmVmp : Match on catch block at 0xc3 in for 0xa1
01-24 15:05:41.552 29771 29771 E ArmVmp : Match on catch block at 0xc3 in for 0xa5
01-24 15:05:41.555 29771 29771 E ArmVmp : Match on catch block at 0xc3 in for 0xa9
01-24 15:05:41.558 29771 29771 E ArmVmp : Match on catch block at 0xc3 in for 0xa9
01-24 15:05:41.824 29771 29771 E ArmVmp : Match on catch block at 0xc3 in for 0xa1
01-24 15:05:41.829 29771 29771 E ArmVmp : Match on catch block at 0xc3 in for 0xa5
01-24 15:05:41.832 29771 29771 E ArmVmp : Match on catch block at 0xc3 in for 0xa5
01-24 15:05:41.840 29771 29771 E ArmVmp : Match on catch block at 0xc3 in for 0xa9
01-24 15:05:41.845 29771 29771 E ArmVmp : Match on catch block at 0xc3 in for 0xa1
01-24 15:05:41.848 29771 29771 E ArmVmp : Match on catch block at 0xc3 in for 0xa1
01-24 15:05:41.857 29771 29771 E ArmVmp : Match on catch block at 0xc3 in for 0xa5
01-24 15:05:41.861 29771 29771 E ArmVmp : Match on catch block at 0xc3 in for 0xa9
01-24 15:05:41.864 29771 29771 E ArmVmp : Match on catch block at 0xc3 in for 0xa9
01-24 15:05:41.874 29771 29771 E ArmVmp : Match on catch block at 0xc3 in for 0xa1
01-24 15:05:41.878 29771 29771 E ArmVmp : Match on catch block at 0xc3 in for 0xa5
01-24 15:05:41.882 29771 29771 E ArmVmp : Match on catch block at 0xc3 in for 0xa5
01-24 15:05:41.887 29771 29771 E ArmVmp : Match on catch block at 0xc3 in for 0xa9
01-24 15:05:41.891 29771 29771 E ArmVmp : Match on catch block at 0xc3 in for 0xa1
01-24 15:05:41.893 29771 29771 E ArmVmp : Match on catch block at 0xc3 in for 0xa1
01-24 15:05:41.903 29771 29771 E ArmVmp : Match on catch block at 0xc3 in for 0xa5
01-24 15:05:41.908 29771 29771 E ArmVmp : Match on catch block at 0xc3 in for 0xa9
01-24 15:05:41.912 29771 29771 E ArmVmp : Match on catch block at 0xc3 in for 0xa9
01-24 15:05:41.923 29771 29771 E ArmVmp : Match on catch block at 0xc3 in for 0xa1
01-24 15:05:41.927 29771 29771 E ArmVmp : Match on catch block at 0xc3 in for 0xa5
01-24 15:05:41.929 29771 29771 E ArmVmp : Match on catch block at 0xc3 in for 0xa5
01-24 15:05:41.939 29771 29771 E ArmVmp : Match on catch block at 0xc3 in for 0xa9
01-24 15:05:41.942 29771 29771 E ArmVmp : Match on catch block at 0xc3 in for 0xa1
01-24 15:05:41.945 29771 29771 E ArmVmp : Match on catch block at 0xc3 in for 0xa1
01-24 15:05:41.956 29771 29771 E ArmVmp : Match on catch block at 0xc3 in for 0xa5
01-24 15:05:41.959 29771 29771 E ArmVmp : Match on catch block at 0xc3 in for 0xa9
01-24 15:05:41.961 29771 29771 E ArmVmp : Match on catch block at 0xc3 in for 0xa9
01-24 15:05:41.974 29771 29771 E ArmVmp : Match on catch block at 0xc3 in for 0xa1
01-24 15:05:41.978 29771 29771 E ArmVmp : Match on catch block at 0xc3 in for 0xa5
01-24 15:05:41.980 29771 29771 E ArmVmp : Match on catch block at 0xc3 in for 0xa5
01-24 15:05:41.992 29771 29771 E ArmVmp : Match on catch block at 0xc3 in for 0xa9
01-24 15:05:41.997 29771 29771 E ArmVmp : Match on catch block at 0xc3 in for 0xa1
01-24 15:05:41.999 29771 29771 E ArmVmp : Match on catch block at 0xc3 in for 0xa1
01-24 15:05:42.008 29771 29771 E ArmVmp : Match on catch block at 0xc3 in for 0xa5
01-24 15:05:42.013 29771 29771 E ArmVmp : Match on catch block at 0xc3 in for 0xa9
01-24 15:05:42.016 29771 29771 E ArmVmp : Match on catch block at 0xc3 in for 0xa9
01-24 15:05:42.025 29771 29771 E ArmVmp : Match on catch block at 0xc3 in for 0xa1
01-24 15:05:42.030 29771 29771 E ArmVmp : Match on catch block at 0xc3 in for 0xa5
01-24 15:05:42.033 29771 29771 E ArmVmp : Match on catch block at 0xc3 in for 0xa5
01-24 15:05:42.042 29771 29771 E ArmVmp : Match on catch block at 0xc3 in for 0xa9
01-24 15:05:42.047 29771 29771 E ArmVmp : Match on catch block at 0xc3 in for 0xa1
01-24 15:05:42.049 29771 29771 E ArmVmp : Match on catch block at 0xc3 in for 0xa1
01-24 15:05:42.059 29771 29771 E ArmVmp : Match on catch block at 0xc3 in for 0xa5
01-24 15:05:42.064 29771 29771 E ArmVmp : Match on catch block at 0xc3 in for 0xa9
01-24 15:05:42.067 29771 29771 E ArmVmp : Match on catch block at 0xc3 in for 0xa9
01-24 15:05:42.076 29771 29771 E ArmVmp : Match on catch block at 0xc3 in for 0xa1
01-24 15:05:42.080 29771 29771 E ArmVmp : Match on catch block at 0xc3 in for 0xa5
01-24 15:05:42.083 29771 29771 E ArmVmp : Match on catch block at 0xc3 in for 0xa5
01-24 15:05:42.567 29771 29771 E ArmVmp : Match on catch block at 0xc3 in for 0xa9
01-24 15:05:42.572 29771 29771 E ArmVmp : Match on catch block at 0xc3 in for 0xa1
01-24 15:05:42.576 29771 29771 E ArmVmp : Match on catch block at 0xc3 in for 0xa1
01-24 15:05:43.057 29771 29771 E ArmVmp : Match on catch block at 0xc3 in for 0xa5
01-24 15:05:43.063 29771 29771 E ArmVmp : Match on catch block at 0xc3 in for 0xa9
01-24 15:05:43.066 29771 29771 E ArmVmp : Match on catch block at 0xc3 in for 0xa9
01-24 15:05:43.560 29771 29771 E ArmVmp : Match on catch block at 0xc3 in for 0xa1
01-24 15:05:43.565 29771 29771 E ArmVmp : Match on catch block at 0xc3 in for 0xa5
01-24 15:05:43.569 29771 29771 E ArmVmp : Match on catch block at 0xc3 in for 0xa5
01-24 15:05:44.065 29771 29771 E ArmVmp : Match on catch block at 0xc3 in for 0xa9
01-24 15:05:44.071 29771 29771 E ArmVmp : Match on catch block at 0xc3 in for 0xa1
01-24 15:05:44.075 29771 29771 E ArmVmp : Match on catch block at 0xc3 in for 0xa1
01-24 15:05:44.574 29771 29771 E ArmVmp : Match on catch block at 0xc3 in for 0xa5
01-24 15:05:44.580 29771 29771 E ArmVmp : Match on catch block at 0xc3 in for 0xa9
01-24 15:05:44.584 29771 29771 E ArmVmp : Match on catch block at 0xc3 in for 0xa9
01-24 15:05:45.063 29771 29771 E ArmVmp : Match on catch block at 0xc3 in for 0xa1
01-24 15:05:45.069 29771 29771 E ArmVmp : Match on catch block at 0xc3 in for 0xa5
01-24 15:05:45.073 29771 29771 E ArmVmp : Match on catch block at 0xc3 in for 0xa5
01-24 15:05:45.573 29771 29771 E ArmVmp : Match on catch block at 0xc3 in for 0xa9
01-24 15:05:45.577 29771 29771 E ArmVmp : Match on catch block at 0xc3 in for 0xa1
01-24 15:05:45.581 29771 29771 E ArmVmp : Match on catch block at 0xc3 in for 0xa1
01-24 15:05:46.077 29771 29771 E ArmVmp : Match on catch block at 0xc3 in for 0xa5
01-24 15:05:46.083 29771 29771 E ArmVmp : Match on catch block at 0xc3 in for 0xa9
01-24 15:05:46.087 29771 29771 E ArmVmp : Match on catch block at 0xc3 in for 0xa9
01-24 15:05:46.569 29771 29771 E ArmVmp : Match on catch block at 0xc3 in for 0xa1
01-24 15:05:46.575 29771 29771 E ArmVmp : Match on catch block at 0xc3 in for 0xa5
01-24 15:05:46.579 29771 29771 E ArmVmp : Match on catch block at 0xc3 in for 0xa5
01-24 15:05:47.081 29771 29771 E ArmVmp : Match on catch block at 0xc3 in for 0xa9
01-24 15:05:47.086 29771 29771 E ArmVmp : Match on catch block at 0xc3 in for 0xa1
01-24 15:05:47.090 29771 29771 E ArmVmp : Match on catch block at 0xc3 in for 0xa1
01-24 15:05:47.571 29771 29771 E ArmVmp : Match on catch block at 0xc3 in for 0xa5
01-24 15:05:47.575 29771 29771 E ArmVmp : Match on catch block at 0xc3 in for 0xa9
01-24 15:05:47.578 29771 29771 E ArmVmp : Match on catch block at 0xc3 in for 0xa9
01-24 15:05:48.079 29771 29771 E ArmVmp : Match on catch block at 0xc3 in for 0xa1
01-24 15:05:48.084 29771 29771 E ArmVmp : Match on catch block at 0xc3 in for 0xa5
01-24 15:05:48.088 29771 29771 E ArmVmp : Match on catch block at 0xc3 in for 0xa5
01-24 15:05:48.580 29771 29771 E ArmVmp : Match on catch block at 0xc3 in for 0xa9
01-24 15:05:48.585 29771 29771 E ArmVmp : Match on catch block at 0xc3 in for 0xa1
01-24 15:05:48.589 29771 29771 E ArmVmp : Match on catch block at 0xc3 in for 0xa1
01-24 15:05:49.086 29771 29771 E ArmVmp : Match on catch block at 0xc3 in for 0xa5
01-24 15:05:49.091 29771 29771 E ArmVmp : Match on catch block at 0xc3 in for 0xa9
01-24 15:05:49.094 29771 29771 E ArmVmp : Match on catch block at 0xc3 in for 0xa9
01-24 15:05:49.578 29771 29771 E ArmVmp : Match on catch block at 0xc3 in for 0xa1
01-24 15:05:49.583 29771 29771 E ArmVmp : Match on catch block at 0xc3 in for 0xa5
01-24 15:05:49.586 29771 29771 E ArmVmp : Match on catch block at 0xc3 in for 0xa5
01-24 15:05:50.091 29771 29771 E ArmVmp : Match on catch block at 0xc3 in for 0xa9
01-24 15:05:50.096 29771 29771 E ArmVmp : Match on catch block at 0xc3 in for 0xa1
01-24 15:05:50.100 29771 29771 E ArmVmp : Match on catch block at 0xc3 in for 0xa1
01-24 15:05:50.581 29771 29771 E ArmVmp : Match on catch block at 0xc3 in for 0xa5
01-24 15:05:50.587 29771 29771 E ArmVmp : Match on catch block at 0xc3 in for 0xa9
01-24 15:05:50.591 29771 29771 E ArmVmp : Match on catch block at 0xc3 in for 0xa9
01-24 15:05:51.089 29771 29771 E ArmVmp : Match on catch block at 0xc3 in for 0xa1
01-24 15:05:51.094 29771 29771 E ArmVmp : Match on catch block at 0xc3 in for 0xa5
01-24 15:05:51.098 29771 29771 E ArmVmp : Match on catch block at 0xc3 in for 0xa5
01-24 15:05:51.591 29771 29771 E ArmVmp : Match on catch block at 0xc3 in for 0xa9
01-24 15:05:51.596 29771 29771 E ArmVmp : Match on catch block at 0xc3 in for 0xa1
01-24 15:05:51.601 29771 29771 E ArmVmp : Match on catch block at 0xc3 in for 0xa1
01-24 15:05:52.079 29771 29771 E ArmVmp : Match on catch block at 0xc3 in for 0xa5
01-24 15:05:52.085 29771 29771 E ArmVmp : Match on catch block at 0xc3 in for 0xa9
01-24 15:05:52.089 29771 29771 E ArmVmp : Match on catch block at 0xc3 in for 0xa9
01-24 15:05:52.587 29771 29771 E ArmVmp : Match on catch block at 0xc3 in for 0xa1
01-24 15:05:52.593 29771 29771 E ArmVmp : Match on catch block at 0xc3 in for 0xa5
01-24 15:05:52.596 29771 29771 E ArmVmp : Match on catch block at 0xc3 in for 0xa5
01-24 15:05:53.083 29771 29771 E ArmVmp : Match on catch block at 0xc3 in for 0xa9
01-24 15:05:53.089 29771 29771 E ArmVmp : Match on catch block at 0xc3 in for 0xa1
01-24 15:05:53.093 29771 29771 E ArmVmp : Match on catch block at 0xc3 in for 0xa1
01-24 15:05:53.590 29771 29771 E ArmVmp : Match on catch block at 0xc3 in for 0xa5
01-24 15:05:53.594 29771 29771 E ArmVmp : Match on catch block at 0xc3 in for 0xa9
01-24 15:05:53.597 29771 29771 E ArmVmp : Match on catch block at 0xc3 in for 0xa9
01-24 15:05:54.097 29771 29771 E ArmVmp : Match on catch block at 0xc3 in for 0xa1
01-24 15:05:54.102 29771 29771 E ArmVmp : Match on catch block at 0xc3 in for 0xa5
01-24 15:05:54.105 29771 29771 E ArmVmp : Match on catch block at 0xc3 in for 0xa5
01-24 15:05:54.599 29771 29771 E ArmVmp : Match on catch block at 0xc3 in for 0xa9
01-24 15:05:54.603 29771 29771 E ArmVmp : Match on catch block at 0xc3 in for 0xa1
01-24 15:05:54.606 29771 29771 E ArmVmp : Match on catch block at 0xc3 in for 0xa1
01-24 15:05:55.087 29771 29771 E ArmVmp : Match on catch block at 0xc3 in for 0xa1
01-24 15:05:55.091 29771 29771 E ArmVmp : Match on catch block at 0xc3 in for 0xa5
01-24 15:05:55.094 29771 29771 E ArmVmp : Match on catch block at 0xc3 in for 0xa5
01-24 15:05:55.596 29771 29771 E ArmVmp : Match on catch block at 0xc3 in for 0xa9
01-24 15:05:55.602 29771 29771 E ArmVmp : Match on catch block at 0xc3 in for 0xa1
01-24 15:05:55.605 29771 29771 E ArmVmp : Match on catch block at 0xc3 in for 0xa1
01-24 15:05:56.101 29771 29771 E ArmVmp : Match on catch block at 0xc3 in for 0xa5
01-24 15:05:56.106 29771 29771 E ArmVmp : Match on catch block at 0xc3 in for 0xa9
01-24 15:05:56.109 29771 29771 E ArmVmp : Match on catch block at 0xc3 in for 0xa9
01-24 15:05:56.593 29771 29771 E ArmVmp : Match on catch block at 0xc3 in for 0xa1
01-24 15:05:56.597 29771 29771 E ArmVmp : Match on catch block at 0xc3 in for 0xa5
01-24 15:05:56.600 29771 29771 E ArmVmp : Match on catch block at 0xc3 in for 0xa5
01-24 15:05:57.099 29771 29771 E ArmVmp : Match on catch block at 0xc3 in for 0xa9
01-24 15:05:57.103 29771 29771 E ArmVmp : Match on catch block at 0xc3 in for 0xa1
01-24 15:05:57.106 29771 29771 E ArmVmp : Match on catch block at 0xc3 in for 0xa1
01-24 15:05:57.591 29771 29771 E ArmVmp : Match on catch block at 0xc3 in for 0xa5
01-24 15:05:57.596 29771 29771 E ArmVmp : Match on catch block at 0xc3 in for 0xa9
01-24 15:05:57.600 29771 29771 E ArmVmp : Match on catch block at 0xc3 in for 0xa9
01-24 15:05:58.097 29771 29771 E ArmVmp : Match on catch block at 0xc3 in for 0xa1
01-24 15:05:58.102 29771 29771 E ArmVmp : Match on catch block at 0xc3 in for 0xa5
01-24 15:05:58.106 29771 29771 E ArmVmp : Match on catch block at 0xc3 in for 0xa5
01-24 15:05:58.606 29771 29771 E ArmVmp : Match on catch block at 0xc3 in for 0xa9
01-24 15:05:58.611 29771 29771 E ArmVmp : Match on catch block at 0xc3 in for 0xa1
01-24 15:05:58.615 29771 29771 E ArmVmp : Match on catch block at 0xc3 in for 0xa1
01-24 15:05:59.101 29771 29771 E ArmVmp : Match on catch block at 0xc3 in for 0xa5
01-24 15:05:59.107 29771 29771 E ArmVmp : Match on catch block at 0xc3 in for 0xa9
01-24 15:05:59.110 29771 29771 E ArmVmp : Match on catch block at 0xc3 in for 0xa9
01-24 15:05:59.610 29771 29771 E ArmVmp : Match on catch block at 0xc3 in for 0xa1
01-24 15:05:59.617 29771 29771 E ArmVmp : Match on catch block at 0xc3 in for 0xa5
01-24 15:05:59.621 29771 29771 E ArmVmp : Match on catch block at 0xc3 in for 0xa5
01-24 15:06:00.100 29771 29771 E ArmVmp : Match on catch block at 0xc3 in for 0xa9
01-24 15:06:00.106 29771 29771 E ArmVmp : Match on catch block at 0xc3 in for 0xa1
01-24 15:06:00.110 29771 29771 E ArmVmp : Match on catch block at 0xc3 in for 0xa1
01-24 15:06:00.549 29771 29771 E ArmVmp : Match on catch block at 0xc3 in for 0xa1
01-24 15:06:00.553 29771 29771 E ArmVmp : Match on catch block at 0xc3 in for 0xa5
01-24 15:06:00.556 29771 29771 E ArmVmp : Match on catch block at 0xc3 in for 0xa5
01-24 15:06:00.566 29771 29771 E ArmVmp : Match on catch block at 0xc3 in for 0xa9
01-24 15:06:00.572 29771 29771 E ArmVmp : Match on catch block at 0xc3 in for 0xa1
01-24 15:06:00.575 29771 29771 E ArmVmp : Match on catch block at 0xc3 in for 0xa1
01-24 15:06:00.606 29771 29771 E ArmVmp : Match on catch block at 0xc3 in for 0xa5
01-24 15:06:00.612 29771 29771 E ArmVmp : Match on catch block at 0xc3 in for 0xa9
01-24 15:06:00.615 29771 29771 E ArmVmp : Match on catch block at 0xc3 in for 0xa9
01-24 15:06:01.113 29771 29771 E ArmVmp : Match on catch block at 0xc3 in for 0xa1
01-24 15:06:01.118 29771 29771 E ArmVmp : Match on catch block at 0xc3 in for 0xa5
01-24 15:06:01.122 29771 29771 E ArmVmp : Match on catch block at 0xc3 in for 0xa5
01-24 15:06:01.615 29771 29771 E ArmVmp : Match on catch block at 0xc3 in for 0xa1
01-24 15:06:01.619 29771 29771 E ArmVmp : Match on catch block at 0xc3 in for 0xa5
01-24 15:06:01.624 29771 29771 E ArmVmp : Match on catch block at 0xc3 in for 0xa5
01-24 15:06:02.125 29771 29771 E ArmVmp : Match on catch block at 0xc3 in for 0xa5
01-24 15:06:02.130 29771 29771 E ArmVmp : Match on catch block at 0xc3 in for 0xa9
01-24 15:06:02.133 29771 29771 E ArmVmp : Match on catch block at 0xc3 in for 0xa9
01-24 15:06:02.158 29771 29771 E ArmVmp : Match on catch block at 0xc3 in for 0xa1
01-24 15:06:02.162 29771 29771 E ArmVmp : Match on catch block at 0xc3 in for 0xa5
01-24 15:06:02.164 29771 29771 E ArmVmp : Match on catch block at 0xc3 in for 0xa5
01-24 15:06:02.175 29771 29771 E ArmVmp : Match on catch block at 0xc3 in for 0xa9
01-24 15:06:02.179 29771 29771 E ArmVmp : Match on catch block at 0xc3 in for 0xa1
01-24 15:06:02.182 29771 29771 E ArmVmp : Match on catch block at 0xc3 in for 0xa1
01-24 15:06:02.192 29771 29771 E ArmVmp : Match on catch block at 0xc3 in for 0xa5
01-24 15:06:02.199 29771 29771 E ArmVmp : Match on catch block at 0xc3 in for 0xa9
01-24 15:06:02.201 29771 29771 E ArmVmp : Match on catch block at 0xc3 in for 0xa9
01-24 15:06:02.210 29771 29771 E ArmVmp : Match on catch block at 0xc3 in for 0xa1
01-24 15:06:02.214 29771 29771 E ArmVmp : Match on catch block at 0xc3 in for 0xa5
01-24 15:06:02.217 29771 29771 E ArmVmp : Match on catch block at 0xc3 in for 0xa5
01-24 15:06:02.226 29771 29771 E ArmVmp : Match on catch block at 0xc3 in for 0xa9
01-24 15:06:02.231 29771 29771 E ArmVmp : Match on catch block at 0xc3 in for 0xa1
01-24 15:06:02.234 29771 29771 E ArmVmp : Match on catch block at 0xc3 in for 0xa1
01-24 15:06:02.243 29771 29771 E ArmVmp : Match on catch block at 0xc3 in for 0xa5
01-24 15:06:02.246 29771 29771 E ArmVmp : Match on catch block at 0xc3 in for 0xa9
01-24 15:06:02.248 29771 29771 E ArmVmp : Match on catch block at 0xc3 in for 0xa9
01-24 15:06:02.260 29771 29771 E ArmVmp : Match on catch block at 0xc3 in for 0xa1
01-24 15:06:02.266 29771 29771 E ArmVmp : Match on catch block at 0xc3 in for 0xa5
01-24 15:06:02.268 29771 29771 E ArmVmp : Match on catch block at 0xc3 in for 0xa5
01-24 15:06:02.278 29771 29771 E ArmVmp : Match on catch block at 0xc3 in for 0xa9
01-24 15:06:02.282 29771 29771 E ArmVmp : Match on catch block at 0xc3 in for 0xa1
01-24 15:06:02.285 29771 29771 E ArmVmp : Match on catch block at 0xc3 in for 0xa1
01-24 15:06:02.295 29771 29771 E ArmVmp : Match on catch block at 0xc3 in for 0xa5
01-24 15:06:02.299 29771 29771 E ArmVmp : Match on catch block at 0xc3 in for 0xa9
01-24 15:06:02.301 29771 29771 E ArmVmp : Match on catch block at 0xc3 in for 0xa9
01-24 15:06:02.312 29771 29771 E ArmVmp : Match on catch block at 0xc3 in for 0xa1
01-24 15:06:02.315 29771 29771 E ArmVmp : Match on catch block at 0xc3 in for 0xa5
01-24 15:06:02.317 29771 29771 E ArmVmp : Match on catch block at 0xc3 in for 0xa5
01-24 15:06:02.329 29771 29771 E ArmVmp : Match on catch block at 0xc3 in for 0xa1
01-24 15:06:02.333 29771 29771 E ArmVmp : Match on catch block at 0xc3 in for 0xa5
01-24 15:06:02.336 29771 29771 E ArmVmp : Match on catch block at 0xc3 in for 0xa5
01-24 15:06:02.346 29771 29771 E ArmVmp : Match on catch block at 0xc3 in for 0xa1
01-24 15:06:02.349 29771 29771 E ArmVmp : Match on catch block at 0xc3 in for 0xa5
01-24 15:06:02.352 29771 29771 E ArmVmp : Match on catch block at 0xc3 in for 0xa5
01-24 15:06:02.363 29771 29771 E ArmVmp : Match on catch block at 0xc3 in for 0xa1
01-24 15:06:02.367 29771 29771 E ArmVmp : Match on catch block at 0xc3 in for 0xa5
01-24 15:06:02.380 29771 29771 E ArmVmp : Match on catch block at 0xc3 in for 0xa5
01-24 15:06:02.384 29771 29771 E ArmVmp : Match on catch block at 0xc3 in for 0xa9
01-24 15:06:02.387 29771 29771 E ArmVmp : Match on catch block at 0xc3 in for 0xa9
01-24 15:06:02.396 29771 29771 E ArmVmp : Match on catch block at 0xc3 in for 0xa5
01-24 15:06:02.399 29771 29771 E ArmVmp : Match on catch block at 0xc3 in for 0xa9
01-24 15:06:02.401 29771 29771 E ArmVmp : Match on catch block at 0xc3 in for 0xa9
01-24 15:06:02.413 29771 29771 E ArmVmp : Match on catch block at 0xc3 in for 0xa1
01-24 15:06:02.417 29771 29771 E ArmVmp : Match on catch block at 0xc3 in for 0xa5
01-24 15:06:02.420 29771 29771 E ArmVmp : Match on catch block at 0xc3 in for 0xa5
01-24 15:06:02.514 29771 518 E SQLiteDatabase: Error inserting transferred=1
media_job_uuid=b428e3a9-be82-4846-92c0-ae5c10ff11cd transcoded=0 gif_attribution=0
first_scan_length=8370 direct_path=/o1/v/t62.7118-24/f1/m231/up-oil-image-4d38c985-
f258-4940-b708-2ea222a9e529?ccb=9-
4&oh=01_AdRfp8SqWOaiHy_TSjAK1BGGeLVWpg3veHEJ1R5KVP_6Mg&oe=65D8DDD1&_nc_sid=000000
thumbnail_height_width_ratio=0.7604167 is_animated_sticker=0
file_hash=DnKZnEHBvfJkD5He+V02gFyaPHTcwwgym5a3ftHaS2o=
file_path=Media/.Statuses/9f8d682b492448c5b32485892e95c587.jpg file_size=65406
partial_media_hash=ELplSgEAMBPMgJ4DlWC8CriTVXee+sgv/fEruqL9q20= face_x=0 face_y=0
height=832 trim_to=0 media_key_timestamp=1706130361000
message_url=https://mmg.whatsapp.net/o1/v/t62.7118-24/f1/m231/up-oil-image-
4d38c985-f258-4940-b708-2ea222a9e529?ccb=9-
4&oh=01_AdRfp8SqWOaiHy_TSjAK1BGGeLVWpg3veHEJ1R5KVP_6Mg&oe=65D8DDD1&_nc_sid=000000&m
ms3=true media_caption=null trim_from=0 mime_type=image/jpeg
partial_media_enc_hash=null width=1080 original_file_hash=null
has_streaming_sidecar=1 autotransfer_retry_enabled=1 media_upload_handle=null
message_row_id=59711 multicast_id=null
enc_file_hash=iAwI6L6ehtdLSvLl48npVPIcPgROPO6CsA1h5am3Hnc= mute_video=0
page_count=0 first_scan_sidecar=[B@5174740 suspicious_content=0 file_length=65406
media_name=null media_duration=0 chat_row_id=2 media_key=[B@e1f0679
01-24 15:06:02.514 29771 518 E SQLiteDatabase:
android.database.sqlite.SQLiteConstraintException: UNIQUE constraint failed:
message_media.message_row_id (code 1555 SQLITE_CONSTRAINT_PRIMARYKEY)
01-24 15:06:02.514 29771 518 E SQLiteDatabase: at
android.database.sqlite.SQLiteConnection.nativeExecuteForLastInsertedRowId(Native
Method)
01-24 15:06:02.514 29771 518 E SQLiteDatabase: at
android.database.sqlite.SQLiteConnection.executeForLastInsertedRowId(SQLiteConnecti
on.java:938)
01-24 15:06:02.514 29771 518 E SQLiteDatabase: at
android.database.sqlite.SQLiteSession.executeForLastInsertedRowId(SQLiteSession.jav
a:790)
01-24 15:06:02.514 29771 518 E SQLiteDatabase: at
android.database.sqlite.SQLiteStatement.executeInsert(SQLiteStatement.java:88)
01-24 15:06:02.514 29771 518 E SQLiteDatabase: at
android.database.sqlite.SQLiteDatabase.insertWithOnConflict(SQLiteDatabase.java:170
1)
01-24 15:06:02.514 29771 518 E SQLiteDatabase: at
android.database.sqlite.SQLiteDatabase.insert(SQLiteDatabase.java:1570)
01-24 15:06:02.514 29771 518 E SQLiteDatabase: at X.2tm.A08(Unknown
Source:6)
01-24 15:06:02.514 29771 518 E SQLiteDatabase: at X.35Y.A07(Unknown
Source:212)
01-24 15:06:02.514 29771 518 E SQLiteDatabase: at X.3QF.A14(Unknown
Source:470)
01-24 15:06:02.514 29771 518 E SQLiteDatabase: at X.3gU.run(Unknown
Source:982)
01-24 15:06:02.514 29771 518 E SQLiteDatabase: at
android.os.Handler.handleCallback(Handler.java:938)
01-24 15:06:02.514 29771 518 E SQLiteDatabase: at
android.os.Handler.dispatchMessage(Handler.java:99)
01-24 15:06:02.514 29771 518 E SQLiteDatabase: at
X.0zq.dispatchMessage(Unknown Source:4)
01-24 15:06:02.514 29771 518 E SQLiteDatabase: at
android.os.Looper.loop(Looper.java:223)
01-24 15:06:02.514 29771 518 E SQLiteDatabase: at
android.os.HandlerThread.run(HandlerThread.java:67)
01-24 15:06:02.617 29771 29771 E ArmVmp : Match on catch block at 0xc3 in for 0xa9
01-24 15:06:02.621 29771 29771 E ArmVmp : Match on catch block at 0xc3 in for 0xa1
01-24 15:06:02.623 29771 29771 E ArmVmp : Match on catch block at 0xc3 in for 0xa1
01-24 15:06:02.823 29771 29771 E ArmVmp : Match on catch block at 0xc3 in for 0xa1
01-24 15:06:02.825 29771 29771 E ArmVmp : Match on catch block at 0xc3 in for 0xa5
01-24 15:06:02.827 29771 29771 E ArmVmp : Match on catch block at 0xc3 in for 0xa5
01-24 15:06:02.846 29771 29771 E ArmVmp : Match on catch block at 0xc3 in for 0xa5
01-24 15:06:02.848 29771 29771 E ArmVmp : Match on catch block at 0xc3 in for 0xa9
01-24 15:06:02.850 29771 29771 E ArmVmp : Match on catch block at 0xc3 in for 0xa9
01-24 15:06:02.870 29771 29771 E ArmVmp : Match on catch block at 0xc3 in for 0xa1
01-24 15:06:02.872 29771 29771 E ArmVmp : Match on catch block at 0xc3 in for 0xa5
01-24 15:06:02.874 29771 29771 E ArmVmp : Match on catch block at 0xc3 in for 0xa5
01-24 15:06:02.886 29771 29771 E ArmVmp : Match on catch block at 0xc3 in for 0xa9
01-24 15:06:02.889 29771 29771 E ArmVmp : Match on catch block at 0xc3 in for 0xa1
01-24 15:06:02.892 29771 29771 E ArmVmp : Match on catch block at 0xc3 in for 0xa1
01-24 15:06:02.922 29771 29771 E ArmVmp : Match on catch block at 0xc3 in for 0xa5
01-24 15:06:02.926 29771 29771 E ArmVmp : Match on catch block at 0xc3 in for 0xa9
01-24 15:06:02.928 29771 29771 E ArmVmp : Match on catch block at 0xc3 in for 0xa9
01-24 15:06:02.941 29771 29771 E ArmVmp : Match on catch block at 0xc3 in for 0xa1
01-24 15:06:02.945 29771 29771 E ArmVmp : Match on catch block at 0xc3 in for 0xa5
01-24 15:06:02.947 29771 29771 E ArmVmp : Match on catch block at 0xc3 in for 0xa5
01-24 15:06:02.955 29771 29771 E ArmVmp : Match on catch block at 0xc3 in for 0xa9
01-24 15:06:02.960 29771 29771 E ArmVmp : Match on catch block at 0xc3 in for 0xa1
01-24 15:06:02.963 29771 29771 E ArmVmp : Match on catch block at 0xc3 in for 0xa1
01-24 15:06:02.972 29771 29771 E ArmVmp : Match on catch block at 0xc3 in for 0xa5
01-24 15:06:02.974 29771 29771 E ArmVmp : Match on catch block at 0xc3 in for 0xa9
01-24 15:06:02.976 29771 29771 E ArmVmp : Match on catch block at 0xc3 in for 0xa9
01-24 15:06:02.988 29771 29771 E ArmVmp : Match on catch block at 0xc3 in for 0xa1
01-24 15:06:02.991 29771 29771 E ArmVmp : Match on catch block at 0xc3 in for 0xa5
01-24 15:06:02.992 29771 29771 E ArmVmp : Match on catch block at 0xc3 in for 0xa5
01-24 15:06:03.005 29771 29771 E ArmVmp : Match on catch block at 0xc3 in for 0xa9
01-24 15:06:03.007 29771 29771 E ArmVmp : Match on catch block at 0xc3 in for 0xa1
01-24 15:06:03.009 29771 29771 E ArmVmp : Match on catch block at 0xc3 in for 0xa1
01-24 15:06:03.022 29771 29771 E ArmVmp : Match on catch block at 0xc3 in for 0xa5
01-24 15:06:03.025 29771 29771 E ArmVmp : Match on catch block at 0xc3 in for 0xa9
01-24 15:06:03.027 29771 29771 E ArmVmp : Match on catch block at 0xc3 in for 0xa9
01-24 15:06:03.292 29771 29771 E ArmVmp : Match on catch block at 0xc3 in for 0xa1
01-24 15:06:03.299 29771 29771 E ArmVmp : Match on catch block at 0xc3 in for 0xa5
01-24 15:06:03.302 29771 29771 E ArmVmp : Match on catch block at 0xc3 in for 0xa5
01-24 15:06:03.445 29771 29771 E ArmVmp : Match on catch block at 0xc3 in for 0xa9
01-24 15:06:03.449 29771 29771 E ArmVmp : Match on catch block at 0xc3 in for 0xa1
01-24 15:06:03.452 29771 29771 E ArmVmp : Match on catch block at 0xc3 in for 0xa1
01-24 15:06:03.648 29771 29771 E ArmVmp : Match on catch block at 0xc3 in for 0xa5
01-24 15:06:03.652 29771 29771 E ArmVmp : Match on catch block at 0xc3 in for 0xa9
01-24 15:06:03.654 29771 29771 E ArmVmp : Match on catch block at 0xc3 in for 0xa9
01-24 15:06:03.800 29771 29771 E ArmVmp : Match on catch block at 0xc3 in for 0xa1
01-24 15:06:03.805 29771 29771 E ArmVmp : Match on catch block at 0xc3 in for 0xa5
01-24 15:06:03.808 29771 29771 E ArmVmp : Match on catch block at 0xc3 in for 0xa5
01-24 15:06:03.816 29771 29771 E ArmVmp : Match on catch block at 0xc3 in for 0xa9
01-24 15:06:03.820 29771 29771 E ArmVmp : Match on catch block at 0xc3 in for 0xa1
01-24 15:06:03.823 29771 29771 E ArmVmp : Match on catch block at 0xc3 in for 0xa1
01-24 15:06:03.834 29771 29771 E ArmVmp : Match on catch block at 0xc3 in for 0xa5
01-24 15:06:03.840 29771 29771 E ArmVmp : Match on catch block at 0xc3 in for 0xa9
01-24 15:06:03.843 29771 29771 E ArmVmp : Match on catch block at 0xc3 in for 0xa9
01-24 15:06:03.851 29771 29771 E ArmVmp : Match on catch block at 0xc3 in for 0xa1
01-24 15:06:03.857 29771 29771 E ArmVmp : Match on catch block at 0xc3 in for 0xa5
01-24 15:06:03.860 29771 29771 E ArmVmp : Match on catch block at 0xc3 in for 0xa5
01-24 15:06:03.867 29771 29771 E ArmVmp : Match on catch block at 0xc3 in for 0xa9
01-24 15:06:03.871 29771 29771 E ArmVmp : Match on catch block at 0xc3 in for 0xa1
01-24 15:06:03.874 29771 29771 E ArmVmp : Match on catch block at 0xc3 in for 0xa1
01-24 15:06:03.884 29771 29771 E ArmVmp : Match on catch block at 0xc3 in for 0xa5
01-24 15:06:03.888 29771 29771 E ArmVmp : Match on catch block at 0xc3 in for 0xa9
01-24 15:06:03.891 29771 29771 E ArmVmp : Match on catch block at 0xc3 in for 0xa9
01-24 15:06:03.904 29771 29771 E ArmVmp : Match on catch block at 0xc3 in for 0xa1
01-24 15:06:03.908 29771 29771 E ArmVmp : Match on catch block at 0xc3 in for 0xa5
01-24 15:06:03.911 29771 29771 E ArmVmp : Match on catch block at 0xc3 in for 0xa5
01-24 15:06:03.920 29771 29771 E ArmVmp : Match on catch block at 0xc3 in for 0xa9
01-24 15:06:03.926 29771 29771 E ArmVmp : Match on catch block at 0xc3 in for 0xa1
01-24 15:06:03.929 29771 29771 E ArmVmp : Match on catch block at 0xc3 in for 0xa1
01-24 15:06:03.936 29771 29771 E ArmVmp : Match on catch block at 0xc3 in for 0xa5
01-24 15:06:03.941 29771 29771 E ArmVmp : Match on catch block at 0xc3 in for 0xa9
01-24 15:06:03.945 29771 29771 E ArmVmp : Match on catch block at 0xc3 in for 0xa9
01-24 15:06:03.952 29771 29771 E ArmVmp : Match on catch block at 0xc3 in for 0xa1
01-24 15:06:03.956 29771 29771 E ArmVmp : Match on catch block at 0xc3 in for 0xa5
01-24 15:06:03.958 29771 29771 E ArmVmp : Match on catch block at 0xc3 in for 0xa5
01-24 15:06:03.969 29771 29771 E ArmVmp : Match on catch block at 0xc3 in for 0xa9
01-24 15:06:03.972 29771 29771 E ArmVmp : Match on catch block at 0xc3 in for 0xa1
01-24 15:06:03.975 29771 29771 E ArmVmp : Match on catch block at 0xc3 in for 0xa1
01-24 15:06:03.986 29771 29771 E ArmVmp : Match on catch block at 0xc3 in for 0xa5
01-24 15:06:03.990 29771 29771 E ArmVmp : Match on catch block at 0xc3 in for 0xa9
01-24 15:06:03.992 29771 29771 E ArmVmp : Match on catch block at 0xc3 in for 0xa9
01-24 15:06:04.003 29771 29771 E ArmVmp : Match on catch block at 0xc3 in for 0xa1
01-24 15:06:04.007 29771 29771 E ArmVmp : Match on catch block at 0xc3 in for 0xa5
01-24 15:06:04.011 29771 29771 E ArmVmp : Match on catch block at 0xc3 in for 0xa5
01-24 15:06:04.022 29771 29771 E ArmVmp : Match on catch block at 0xc3 in for 0xa9
