app=com.mbwhatsapp
01-26 15:00:10.300 32456 32456 W com.mbwhatsapp: type=1400 audit(0.0:1622192): avc:
granted { execute } for
path="/data/data/com.mbwhatsapp/files/decompressed/libs.spk.zst/libwhatsapp.so"
dev="dm-11" ino=90059 scontext=u:r:untrusted_app:s0:c246,c256,c512,c768
tcontext=u:object_r:app_data_file:s0:c246,c256,c512,c768 tclass=file
app=com.mbwhatsapp
01-26 15:00:10.382 32456 32456 W CheckTime: App running slow: Executing
handleBindApplication : callApplicationOnCreate took 503ms
01-26 15:00:10.396 32456 866 W com.mbwhatsapp: Class X.2rL failed lock
verification and will run slower.
01-26 15:00:10.396 32456 866 W com.mbwhatsapp: Common causes for lock
verification issues are non-optimized dex code
01-26 15:00:10.396 32456 866 W com.mbwhatsapp: and incorrect proguard
optimizations.
01-26 15:00:14.825 32456 32472 W com.mbwhatsapp: Reducing the number of considered
missed Gc histogram windows from 1581 to 100
01-26 15:00:15.280 1141 1141 E com.mbwhatsapp: Not starting debugger since
process cannot load the jdwp agent.
--------- beginning of system
--------- beginning of main
01-26 15:34:42.179 32456 32474 W System : A resource failed to call release.
01-26 15:34:42.180 32456 32474 W System : A resource failed to call release.
01-26 15:34:42.181 32456 32474 W System : A resource failed to call release.
01-26 15:34:42.181 32456 32474 W System : A resource failed to call release.
01-26 15:34:42.181 32456 32474 W System : A resource failed to call release.
01-26 15:34:43.729 32456 10591 W libEGL : EGLNativeWindowType 0xb400006ead4d9d20
disconnect failed
01-26 15:34:47.991 32456 10591 W libEGL : EGLNativeWindowType 0xb400006ead3388e0
disconnect failed
01-26 15:34:49.822 32456 10591 W libEGL : EGLNativeWindowType 0xb400006ead4eada0
disconnect failed
01-26 15:34:52.803 32456 32456 E Dialog : show dialog
view=DecorView@1105c08[BlockList]
01-26 15:34:53.109 32456 10591 W libEGL : EGLNativeWindowType 0xb400006ead4eada0
disconnect failed
01-26 15:34:53.513 32456 10591 W libEGL : EGLNativeWindowType 0xb400006ead3388e0
disconnect failed
01-26 15:34:57.093 32456 10591 W libEGL : EGLNativeWindowType 0xb400006ead4e0350
disconnect failed
01-26 15:35:06.912 32456 10591 E FrameEvents: updateAcquireFence: Did not find
frame.
01-26 15:35:06.913 32456 10591 E BufferQueueProducer: [ImageReader-84x84f1u256m2-
32456-0](id:7ec800000004,api:0,p:-1,c:32456) disconnect: not connected (req=1)
01-26 15:35:06.913 32456 10591 W libEGL : EGLNativeWindowType 0xb400006ead347750
disconnect failed
01-26 15:35:07.406 32456 10591 W libEGL : EGLNativeWindowType 0xb400006ead47e470
disconnect failed
01-26 15:35:11.168 32456 10591 W libEGL : EGLNativeWindowType 0xb400006ead4cf2d0
disconnect failed
01-26 15:35:12.300 32456 10591 W libEGL : EGLNativeWindowType 0xb400006ead47e470
disconnect failed
01-26 15:35:13.043 20811 20811 E com.mbwhatsapp: Not starting debugger since
process cannot load the jdwp agent.
01-26 15:35:13.166 20811 20811 W System.err: java.lang.ClassNotFoundException:
mbmodsd.mbmodsw.ui.views.btn.BtnBK
01-26 15:35:13.167 20811 20811 W System.err: at
java.lang.Runtime.nativeLoad(Native Method)
01-26 15:35:13.167 20811 20811 W System.err: at
java.lang.Runtime.nativeLoad(Runtime.java:1131)
01-26 15:35:13.167 20811 20811 W System.err: at
java.lang.Runtime.loadLibrary0(Runtime.java:1085)
01-26 15:35:13.167 20811 20811 W System.err: at
java.lang.Runtime.loadLibrary0(Runtime.java:1008)
01-26 15:35:13.167 20811 20811 W System.err: at
java.lang.System.loadLibrary(System.java:1664)
01-26 15:35:13.167 20811 20811 W System.err: at arm.EpicVm.<clinit>(Unknown
Source:2)
01-26 15:35:13.167 20811 20811 W System.err: at
java.lang.Class.newInstance(Native Method)
01-26 15:35:13.167 20811 20811 W System.err: at
android.app.AppComponentFactory.instantiateApplication(AppComponentFactory.java:76)
01-26 15:35:13.167 20811 20811 W System.err: at
androidx.core.app.CoreComponentFactory.instantiateApplication(Unknown Source:0)
01-26 15:35:13.167 20811 20811 W System.err: at
android.app.Instrumentation.newApplication(Instrumentation.java:1158)
01-26 15:35:13.167 20811 20811 W System.err: at
android.app.LoadedApk.makeApplication(LoadedApk.java:1268)
01-26 15:35:13.167 20811 20811 W System.err: at
android.app.ActivityThread.handleBindApplication(ActivityThread.java:6889)
01-26 15:35:13.167 20811 20811 W System.err: at
android.app.ActivityThread.access$1300(ActivityThread.java:260)
01-26 15:35:13.167 20811 20811 W System.err: at
android.app.ActivityThread$H.handleMessage(ActivityThread.java:1955)
01-26 15:35:13.167 20811 20811 W System.err: at
android.os.Handler.dispatchMessage(Handler.java:106)
01-26 15:35:13.167 20811 20811 W System.err: at
android.os.Looper.loop(Looper.java:223)
01-26 15:35:13.167 20811 20811 W System.err: at
android.app.ActivityThread.main(ActivityThread.java:7955)
01-26 15:35:13.167 20811 20811 W System.err: at
java.lang.reflect.Method.invoke(Native Method)
01-26 15:35:13.167 20811 20811 W System.err: at
com.android.internal.os.RuntimeInit$MethodAndArgsCaller.run(RuntimeInit.java:603)
01-26 15:35:13.167 20811 20811 W System.err: at
com.android.internal.os.ZygoteInit.main(ZygoteInit.java:947)
01-26 15:35:13.172 20811 20811 E CustomActivityOnCrash: IMPORTANT WARNING! You
already have an UncaughtExceptionHandler, are you sure this is correct? If you use
a custom UncaughtExceptionHandler, you must initialize it AFTER
CustomActivityOnCrash! Installing anyway, but your original handler will not be
called.
01-26 15:35:13.199 20811 20833 W LibraryVersion: Failed to get app version for
libraryName: firebase-iid
01-26 15:35:13.445 20811 20811 W com.mbwhatsapp: Accessing hidden method
Lcom/android/org/conscrypt/OpenSSLSocketImpl;->setUseSessionTickets(Z)V (greylist-
max-q,test-api, reflection, denied)
01-26 15:35:13.446 20811 20811 W com.mbwhatsapp: Accessing hidden method
Lcom/android/org/conscrypt/AbstractConscryptSocket;->setUseSessionTickets(Z)V
(greylist-max-q, reflection, denied)
01-26 15:35:13.468 20811 20811 W com.mbwhatsapp: type=1400 audit(0.0:1624275): avc:
granted { execute } for
path="/data/data/com.mbwhatsapp/files/decompressed/libs.spk.zst/libc++_shared.so"
dev="dm-11" ino=90064 scontext=u:r:untrusted_app:s0:c246,c256,c512,c768
tcontext=u:object_r:app_data_file:s0:c246,c256,c512,c768 tclass=file
app=com.mbwhatsapp
01-26 15:35:13.472 20811 20811 W com.mbwhatsapp: type=1400 audit(0.0:1624276): avc:
granted { execute } for
path="/data/data/com.mbwhatsapp/files/decompressed/libs.spk.zst/libvlc.so" dev="dm-
11" ino=90055 scontext=u:r:untrusted_app:s0:c246,c256,c512,c768
tcontext=u:object_r:app_data_file:s0:c246,c256,c512,c768 tclass=file
app=com.mbwhatsapp
01-26 15:35:13.472 20811 20811 W linker : Warning:
"/data/data/com.mbwhatsapp/files/decompressed/libs.spk.zst/libc++_shared.so" unused
DT entry: unknown processor-specific (type 0x70000001 arg 0x0) (ignoring)
01-26 15:35:13.476 20811 20811 W com.mbwhatsapp: type=1400 audit(0.0:1624277): avc:
granted { execute } for
path="/data/data/com.mbwhatsapp/files/decompressed/libs.spk.zst/libwhatsapp.so"
dev="dm-11" ino=90059 scontext=u:r:untrusted_app:s0:c246,c256,c512,c768
tcontext=u:object_r:app_data_file:s0:c246,c256,c512,c768 tclass=file
app=com.mbwhatsapp
01-26 15:35:13.512 20811 20811 W com.mbwhatsapp: type=1400 audit(0.0:1624278): avc:
granted { execute } for
path="/data/data/com.mbwhatsapp/files/decompressed/libs.spk.zst/libcurve25519.so"
dev="dm-11" ino=90062 scontext=u:r:untrusted_app:s0:c246,c256,c512,c768
tcontext=u:object_r:app_data_file:s0:c246,c256,c512,c768 tclass=file
app=com.mbwhatsapp
01-26 15:35:13.520 20811 20811 W com.mbwhatsapp: type=1400 audit(0.0:1624279): avc:
granted { execute } for
path="/data/data/com.mbwhatsapp/files/decompressed/libs.spk.zst/libwhatsapp.so"
dev="dm-11" ino=90059 scontext=u:r:untrusted_app:s0:c246,c256,c512,c768
tcontext=u:object_r:app_data_file:s0:c246,c256,c512,c768 tclass=file
app=com.mbwhatsapp
01-26 15:35:13.574 20811 20811 W CheckTime: App running slow: Executing
handleBindApplication : callApplicationOnCreate took 386ms
01-26 15:35:13.584 20811 20864 W com.mbwhatsapp: Class X.2rL failed lock
verification and will run slower.
01-26 15:35:13.584 20811 20864 W com.mbwhatsapp: Common causes for lock
verification issues are non-optimized dex code
01-26 15:35:13.584 20811 20864 W com.mbwhatsapp: and incorrect proguard
optimizations.
01-26 15:35:13.594 20811 20811 W com.mbwhatsapp: Class X.0eU failed lock
verification and will run slower.
01-26 15:35:13.714 20870 20870 E com.mbwhatsapp: Not starting debugger since
process cannot load the jdwp agent.
01-26 15:35:13.742 20811 20811 W com.mbwhatsapp: Class com.mbwhatsapp.HomeActivity
failed lock verification and will run slower.
01-26 15:35:14.039 20811 20811 E ArmVmp : Match on catch block at 0x0a in for 0xc1
01-26 15:35:14.073 20811 20811 E ArmVmp : Match on catch block at 0x0a in for
0x139
01-26 15:35:14.099 20811 20896 W com.mbwhatsapp: Accessing hidden method
Lcom/android/org/conscrypt/ConscryptEngineSocket;->setUseSessionTickets(Z)V
(greylist-max-q,test-api, reflection, denied)
01-26 15:35:14.099 20811 20896 W com.mbwhatsapp: Accessing hidden method
Lcom/android/org/conscrypt/OpenSSLSocketImpl;->setUseSessionTickets(Z)V (greylist-
max-q,test-api, reflection, denied)
01-26 15:35:14.099 20811 20896 W com.mbwhatsapp: Accessing hidden method
Lcom/android/org/conscrypt/AbstractConscryptSocket;->setUseSessionTickets(Z)V
(greylist-max-q, reflection, denied)
01-26 15:35:14.100 20811 20896 W com.mbwhatsapp: Accessing hidden method
Lcom/android/org/conscrypt/ConscryptEngineSocket;->setHostname(Ljava/lang/String;)V
(greylist-max-q,test-api, reflection, denied)
01-26 15:35:14.100 20811 20896 W com.mbwhatsapp: Accessing hidden method
Lcom/android/org/conscrypt/OpenSSLSocketImpl;->setHostname(Ljava/lang/String;)V
(greylist-max-q,test-api, reflection, denied)
01-26 15:35:14.100 20811 20896 W com.mbwhatsapp: Accessing hidden method
Lcom/android/org/conscrypt/AbstractConscryptSocket;->setHostname(Ljava/lang/
String;)V (greylist-max-q, reflection, denied)
01-26 15:35:14.100 20811 20896 W com.mbwhatsapp: Accessing hidden method
Lcom/android/org/conscrypt/OpenSSLSocketImpl;->setAlpnProtocols([B)V (greylist-max-
q,test-api, reflection, denied)
01-26 15:35:14.100 20811 20896 W com.mbwhatsapp: Accessing hidden method
Lcom/android/org/conscrypt/AbstractConscryptSocket;->setAlpnProtocols([B)V
(greylist-max-q, reflection, denied)
01-26 15:35:14.179 20811 20896 W com.mbwhatsapp: Accessing hidden method
Lcom/android/org/conscrypt/OpenSSLSocketImpl;->getAlpnSelectedProtocol()[B
(greylist-max-q,test-api, reflection, denied)
01-26 15:35:14.179 20811 20896 W com.mbwhatsapp: Accessing hidden method
Lcom/android/org/conscrypt/AbstractConscryptSocket;->getAlpnSelectedProtocol()[B
(greylist-max-q, reflection, denied)
01-26 15:35:14.924 20811 20811 E RecyclerView: No adapter attached; skipping layout
01-26 15:35:14.969 20811 20878 E libc : Access denied finding property
"persist.vendor.sf.fbc"
01-26 15:35:14.969 20811 20878 E libc : Access denied finding property
"persist.vendor.gpu.fbc"
01-26 15:35:14.969 20811 20878 E libc : Access denied finding property
"persist.vendor.vsp.fbc"
01-26 15:35:14.964 20811 20811 W RenderThread: type=1400 audit(0.0:1624283): avc:
denied { read } for name="u:object_r:vendor_sf_fbc_prop:s0" dev="tmpfs" ino=8540
scontext=u:r:untrusted_app:s0:c246,c256,c512,c768
tcontext=u:object_r:vendor_sf_fbc_prop:s0 tclass=file permissive=0
app=com.mbwhatsapp
01-26 15:35:15.126 20811 20811 E RecyclerView: No adapter attached; skipping layout
01-26 15:35:15.155 20811 20811 W CheckTime: App running slow: Executing
com.google.firebase.iid.FirebaseInstanceIdReceiver scheduleReceive took 875ms
01-26 15:35:15.155 20811 20811 W ActivityThread: Main thread can not be idle for a
long time.
01-26 15:35:15.183 20811 20811 E ArmVmp : Match on catch block at 0x0a in for 0xd1
01-26 15:35:15.234 20811 20878 W libEGL : EGLNativeWindowType 0xb400006ead31f020
disconnect failed
01-26 15:35:15.413 20811 20997 W LOTTIE : Animation contains merge paths. Merge
paths are only supported on KitKat+ and must be manually enabled by calling
enableMergePathsForKitKatAndAbove().
01-26 15:35:15.608 20811 20811 W LOTTIE : Animation contains merge paths but they
are disabled.
01-26 15:35:16.002 20811 20811 E ArmVmp : Match on catch block at 0x5b in for 0x89
01-26 15:35:19.505 20811 20878 W libEGL : EGLNativeWindowType 0xb400006ead473a20
disconnect failed
01-26 15:35:48.886 20811 20878 W libEGL : EGLNativeWindowType 0xb400006ead473a20
disconnect failed
01-26 15:35:55.900 20811 21193 E RenderScript: Failed loading RS driver: dlopen
failed: library "libRSDriverArm.so" not found
01-26 15:35:55.900 20811 21193 E RenderScript: Failed to load runtime
libRSDriverArm.so, loading default
01-26 15:35:56.082 20811 20811 E ArmVmp : Match on catch block at 0x0a in for 0xc1
01-26 15:35:56.086 20811 20811 E ArmVmp : Match on catch block at 0x0a in for 0xc1
01-26 15:35:56.244 20811 20811 W pool-9-thread-1: type=1400 audit(0.0:1624287):
avc: granted { execute } for
path="/data/data/com.mbwhatsapp/files/decompressed/libs.spk.zst/libgifimage.so"
dev="dm-11" ino=90063 scontext=u:r:untrusted_app:s0:c246,c256,c512,c768
tcontext=u:object_r:app_data_file:s0:c246,c256,c512,c768 tclass=file
app=com.mbwhatsapp
01-26 15:35:56.287 20811 20811 E ArmVmp : Match on catch block at 0xc3 in for 0xb9
01-26 15:35:56.289 20811 20811 E ArmVmp : Match on catch block at 0xc3 in for 0xb5
01-26 15:35:56.291 20811 20811 E ArmVmp : Match on catch block at 0xc3 in for 0xb5
01-26 15:35:56.292 20811 20811 W StickerImageFil: type=1400 audit(0.0:1624288):
avc: granted { execute } for
path="/data/data/com.mbwhatsapp/files/decompressed/libs.spk.zst/libstatic-webp.so"
dev="dm-11" ino=90057 scontext=u:r:untrusted_app:s0:c246,c256,c512,c768
tcontext=u:object_r:app_data_file:s0:c246,c256,c512,c768 tclass=file
app=com.mbwhatsapp
01-26 15:35:56.341 20811 20811 E ArmVmp : Match on catch block at 0xc3 in for 0xa9
01-26 15:35:56.343 20811 20811 E ArmVmp : Match on catch block at 0xc3 in for 0xa5
01-26 15:35:56.345 20811 20811 E ArmVmp : Match on catch block at 0xc3 in for 0xa5
01-26 15:35:56.375 20811 20811 E ArmVmp : Match on catch block at 0xc3 in for 0xa5
01-26 15:35:56.377 20811 20811 E ArmVmp : Match on catch block at 0xc3 in for 0xa9
01-26 15:35:56.378 20811 20811 E ArmVmp : Match on catch block at 0xc3 in for 0xa9
01-26 15:35:56.413 20811 20811 E ArmVmp : Match on catch block at 0xc3 in for 0xa9
01-26 15:35:56.414 20811 20811 E ArmVmp : Match on catch block at 0xc3 in for 0xa1
01-26 15:35:56.416 20811 20811 E ArmVmp : Match on catch block at 0xc3 in for 0xa1
01-26 15:35:56.476 20811 20811 E ArmVmp : Match on catch block at 0xc3 in for 0xa5
01-26 15:35:56.478 20811 20811 E ArmVmp : Match on catch block at 0xc3 in for 0xa9
01-26 15:35:56.480 20811 20811 E ArmVmp : Match on catch block at 0xc3 in for 0xa9
01-26 15:35:56.534 20811 20811 E ArmVmp : Match on catch block at 0xc3 in for 0xa5
01-26 15:35:56.536 20811 20811 E ArmVmp : Match on catch block at 0xc3 in for 0xa9
01-26 15:35:56.539 20811 20811 E ArmVmp : Match on catch block at 0xc3 in for 0xa9
01-26 15:35:56.559 20811 20811 E ArmVmp : Match on catch block at 0xc3 in for 0xa1
01-26 15:35:56.564 20811 20811 E ArmVmp : Match on catch block at 0xc3 in for 0xa5
01-26 15:35:56.569 20811 20811 E ArmVmp : Match on catch block at 0xc3 in for 0xa5
01-26 15:35:56.763 20811 20878 W libEGL : EGLNativeWindowType 0xb400006ead411b40
disconnect failed
01-26 15:35:56.910 20811 20811 E ArmVmp : Match on catch block at 0xc3 in for 0xa9
01-26 15:35:56.912 20811 20811 E ArmVmp : Match on catch block at 0xc3 in for 0xa1
01-26 15:35:56.914 20811 20811 E ArmVmp : Match on catch block at 0xc3 in for 0xa1
01-26 15:35:56.927 20811 20811 E ArmVmp : Match on catch block at 0xc3 in for 0xa5
01-26 15:35:56.930 20811 20811 E ArmVmp : Match on catch block at 0xc3 in for 0xa9
01-26 15:35:56.932 20811 20811 E ArmVmp : Match on catch block at 0xc3 in for 0xa9
01-26 15:35:56.944 20811 20811 E ArmVmp : Match on catch block at 0xc3 in for 0xa1
01-26 15:35:56.947 20811 20811 E ArmVmp : Match on catch block at 0xc3 in for 0xa5
01-26 15:35:56.949 20811 20811 E ArmVmp : Match on catch block at 0xc3 in for 0xa5
01-26 15:35:56.961 20811 20811 E ArmVmp : Match on catch block at 0xc3 in for 0xa9
01-26 15:35:56.964 20811 20811 E ArmVmp : Match on catch block at 0xc3 in for 0xa1
01-26 15:35:56.966 20811 20811 E ArmVmp : Match on catch block at 0xc3 in for 0xa1
01-26 15:35:56.978 20811 20811 E ArmVmp : Match on catch block at 0xc3 in for 0xa5
01-26 15:35:56.981 20811 20811 E ArmVmp : Match on catch block at 0xc3 in for 0xa9
01-26 15:35:56.983 20811 20811 E ArmVmp : Match on catch block at 0xc3 in for 0xa9
01-26 15:35:56.995 20811 20811 E ArmVmp : Match on catch block at 0xc3 in for 0xa1
01-26 15:35:56.998 20811 20811 E ArmVmp : Match on catch block at 0xc3 in for 0xa5
01-26 15:35:57.000 20811 20811 E ArmVmp : Match on catch block at 0xc3 in for 0xa5
01-26 15:35:57.012 20811 20811 E ArmVmp : Match on catch block at 0xc3 in for 0xa9
01-26 15:35:57.014 20811 20811 E ArmVmp : Match on catch block at 0xc3 in for 0xa1
01-26 15:35:57.017 20811 20811 E ArmVmp : Match on catch block at 0xc3 in for 0xa1
01-26 15:35:57.028 20811 20811 E ArmVmp : Match on catch block at 0xc3 in for 0xa5
01-26 15:35:57.031 20811 20811 E ArmVmp : Match on catch block at 0xc3 in for 0xa9
01-26 15:35:57.034 20811 20811 E ArmVmp : Match on catch block at 0xc3 in for 0xa9
01-26 15:35:57.045 20811 20811 E ArmVmp : Match on catch block at 0xc3 in for 0xa1
01-26 15:35:57.048 20811 20811 E ArmVmp : Match on catch block at 0xc3 in for 0xa5
01-26 15:35:57.050 20811 20811 E ArmVmp : Match on catch block at 0xc3 in for 0xa5
01-26 15:35:57.062 20811 20811 E ArmVmp : Match on catch block at 0xc3 in for 0xa9
01-26 15:35:57.065 20811 20811 E ArmVmp : Match on catch block at 0xc3 in for 0xa1
01-26 15:35:57.067 20811 20811 E ArmVmp : Match on catch block at 0xc3 in for 0xa1
01-26 15:35:57.079 20811 20811 E ArmVmp : Match on catch block at 0xc3 in for 0xa5
01-26 15:35:57.082 20811 20811 E ArmVmp : Match on catch block at 0xc3 in for 0xa9
01-26 15:35:57.084 20811 20811 E ArmVmp : Match on catch block at 0xc3 in for 0xa9
01-26 15:35:57.096 20811 20811 E ArmVmp : Match on catch block at 0xc3 in for 0xa1
01-26 15:35:57.099 20811 20811 E ArmVmp : Match on catch block at 0xc3 in for 0xa5
01-26 15:35:57.101 20811 20811 E ArmVmp : Match on catch block at 0xc3 in for 0xa5
01-26 15:35:57.113 20811 20811 E ArmVmp : Match on catch block at 0xc3 in for 0xa9
01-26 15:35:57.116 20811 20811 E ArmVmp : Match on catch block at 0xc3 in for 0xa1
01-26 15:35:57.118 20811 20811 E ArmVmp : Match on catch block at 0xc3 in for 0xa1
01-26 15:35:57.130 20811 20811 E ArmVmp : Match on catch block at 0xc3 in for 0xa5
01-26 15:35:57.133 20811 20811 E ArmVmp : Match on catch block at 0xc3 in for 0xa9
01-26 15:35:57.135 20811 20811 E ArmVmp : Match on catch block at 0xc3 in for 0xa9
01-26 15:35:57.147 20811 20811 E ArmVmp : Match on catch block at 0xc3 in for 0xa1
01-26 15:35:57.149 20811 20811 E ArmVmp : Match on catch block at 0xc3 in for 0xa5
01-26 15:35:57.152 20811 20811 E ArmVmp : Match on catch block at 0xc3 in for 0xa5
01-26 15:35:57.164 20811 20811 E ArmVmp : Match on catch block at 0xc3 in for 0xa9
01-26 15:35:57.166 20811 20811 E ArmVmp : Match on catch block at 0xc3 in for 0xa1
01-26 15:35:57.169 20811 20811 E ArmVmp : Match on catch block at 0xc3 in for 0xa1
01-26 15:35:57.181 20811 20811 E ArmVmp : Match on catch block at 0xc3 in for 0xa5
01-26 15:35:57.183 20811 20811 E ArmVmp : Match on catch block at 0xc3 in for 0xa9
01-26 15:35:57.185 20811 20811 E ArmVmp : Match on catch block at 0xc3 in for 0xa9
01-26 15:35:57.197 20811 20811 E ArmVmp : Match on catch block at 0xc3 in for 0xa1
01-26 15:35:57.200 20811 20811 E ArmVmp : Match on catch block at 0xc3 in for 0xa5
01-26 15:35:57.202 20811 20811 E ArmVmp : Match on catch block at 0xc3 in for 0xa5
01-26 15:35:57.215 20811 20811 E ArmVmp : Match on catch block at 0xc3 in for 0xa9
01-26 15:35:57.217 20811 20811 E ArmVmp : Match on catch block at 0xc3 in for 0xa1
01-26 15:35:57.219 20811 20811 E ArmVmp : Match on catch block at 0xc3 in for 0xa1
01-26 15:35:57.231 20811 20811 E ArmVmp : Match on catch block at 0xc3 in for 0xa5
01-26 15:35:57.234 20811 20811 E ArmVmp : Match on catch block at 0xc3 in for 0xa9
01-26 15:35:57.236 20811 20811 E ArmVmp : Match on catch block at 0xc3 in for 0xa9
01-26 15:35:57.400 20811 20811 E ArmVmp : Match on catch block at 0xc3 in for 0xa1
01-26 15:35:57.403 20811 20811 E ArmVmp : Match on catch block at 0xc3 in for 0xa5
01-26 15:35:57.406 20811 20811 E ArmVmp : Match on catch block at 0xc3 in for 0xa5
01-26 15:35:57.910 20811 20811 E ArmVmp : Match on catch block at 0xc3 in for 0xa9
01-26 15:35:57.916 20811 20811 E ArmVmp : Match on catch block at 0xc3 in for 0xa1
01-26 15:35:57.921 20811 20811 E ArmVmp : Match on catch block at 0xc3 in for 0xa1
01-26 15:35:58.112 20811 20811 E ArmVmp : Match on catch block at 0xc3 in for 0xa5
01-26 15:35:58.117 20811 20811 E ArmVmp : Match on catch block at 0xc3 in for 0xa9
01-26 15:35:58.121 20811 20811 E ArmVmp : Match on catch block at 0xc3 in for 0xa9
01-26 15:35:58.129 20811 20811 E ArmVmp : Match on catch block at 0xc3 in for 0xa1
01-26 15:35:58.134 20811 20811 E ArmVmp : Match on catch block at 0xc3 in for 0xa5
01-26 15:35:58.138 20811 20811 E ArmVmp : Match on catch block at 0xc3 in for 0xa5
01-26 15:35:58.146 20811 20811 E ArmVmp : Match on catch block at 0xc3 in for 0xa9
01-26 15:35:58.150 20811 20811 E ArmVmp : Match on catch block at 0xc3 in for 0xa1
01-26 15:35:58.153 20811 20811 E ArmVmp : Match on catch block at 0xc3 in for 0xa1
01-26 15:35:58.159 20811 20811 E ArmVmp : Match on catch block at 0xc3 in for 0xa5
01-26 15:35:58.162 20811 20811 E ArmVmp : Match on catch block at 0xc3 in for 0xa9
01-26 15:35:58.164 20811 20811 E ArmVmp : Match on catch block at 0xc3 in for 0xa9
01-26 15:35:58.175 20811 20811 E ArmVmp : Match on catch block at 0xc3 in for 0xa1
01-26 15:35:58.178 20811 20811 E ArmVmp : Match on catch block at 0xc3 in for 0xa5
01-26 15:35:58.181 20811 20811 E ArmVmp : Match on catch block at 0xc3 in for 0xa5
01-26 15:35:58.192 20811 20811 E ArmVmp : Match on catch block at 0xc3 in for 0xa9
01-26 15:35:58.195 20811 20811 E ArmVmp : Match on catch block at 0xc3 in for 0xa1
01-26 15:35:58.198 20811 20811 E ArmVmp : Match on catch block at 0xc3 in for 0xa1
01-26 15:35:58.211 20811 20811 E ArmVmp : Match on catch block at 0xc3 in for 0xa5
01-26 15:35:58.216 20811 20811 E ArmVmp : Match on catch block at 0xc3 in for 0xa9
01-26 15:35:58.218 20811 20811 E ArmVmp : Match on catch block at 0xc3 in for 0xa9
01-26 15:35:58.228 20811 20811 E ArmVmp : Match on catch block at 0xc3 in for 0xa1
01-26 15:35:58.232 20811 20811 E ArmVmp : Match on catch block at 0xc3 in for 0xa5
01-26 15:35:58.234 20811 20811 E ArmVmp : Match on catch block at 0xc3 in for 0xa5
01-26 15:35:58.244 20811 20811 E ArmVmp : Match on catch block at 0xc3 in for 0xa9
01-26 15:35:58.248 20811 20811 E ArmVmp : Match on catch block at 0xc3 in for 0xa1
01-26 15:35:58.251 20811 20811 E ArmVmp : Match on catch block at 0xc3 in for 0xa1
01-26 15:35:58.261 20811 20811 E ArmVmp : Match on catch block at 0xc3 in for 0xa5
01-26 15:35:58.265 20811 20811 E ArmVmp : Match on catch block at 0xc3 in for 0xa9
01-26 15:35:58.268 20811 20811 E ArmVmp : Match on catch block at 0xc3 in for 0xa9
01-26 15:35:58.280 20811 20811 E ArmVmp : Match on catch block at 0xc3 in for 0xa1
01-26 15:35:58.283 20811 20811 E ArmVmp : Match on catch block at 0xc3 in for 0xa5
01-26 15:35:58.286 20811 20811 E ArmVmp : Match on catch block at 0xc3 in for 0xa5
01-26 15:35:58.297 20811 20811 E ArmVmp : Match on catch block at 0xc3 in for 0xa9
01-26 15:35:58.301 20811 20811 E ArmVmp : Match on catch block at 0xc3 in for 0xa1
01-26 15:35:58.304 20811 20811 E ArmVmp : Match on catch block at 0xc3 in for 0xa1
01-26 15:35:58.314 20811 20811 E ArmVmp : Match on catch block at 0xc3 in for 0xa5
01-26 15:35:58.318 20811 20811 E ArmVmp : Match on catch block at 0xc3 in for 0xa9
01-26 15:35:58.321 20811 20811 E ArmVmp : Match on catch block at 0xc3 in for 0xa9
01-26 15:35:58.331 20811 20811 E ArmVmp : Match on catch block at 0xc3 in for 0xa1
01-26 15:35:58.334 20811 20811 E ArmVmp : Match on catch block at 0xc3 in for 0xa5
01-26 15:35:58.337 20811 20811 E ArmVmp : Match on catch block at 0xc3 in for 0xa5
01-26 15:35:58.348 20811 20811 E ArmVmp : Match on catch block at 0xc3 in for 0xa9
01-26 15:35:58.350 20811 20811 E ArmVmp : Match on catch block at 0xc3 in for 0xa1
01-26 15:35:58.353 20811 20811 E ArmVmp : Match on catch block at 0xc3 in for 0xa1
01-26 15:35:58.365 20811 20811 E ArmVmp : Match on catch block at 0xc3 in for 0xa5
01-26 15:35:58.369 20811 20811 E ArmVmp : Match on catch block at 0xc3 in for 0xa9
01-26 15:35:58.372 20811 20811 E ArmVmp : Match on catch block at 0xc3 in for 0xa9
01-26 15:35:58.416 20811 20811 E ArmVmp : Match on catch block at 0xc3 in for 0xa9
01-26 15:35:58.419 20811 20811 E ArmVmp : Match on catch block at 0xc3 in for 0xa1
01-26 15:35:58.423 20811 20811 E ArmVmp : Match on catch block at 0xc3 in for 0xa1
01-26 15:35:58.510 20811 20811 E ArmVmp : Match on catch block at 0xc3 in for 0xa9
01-26 15:35:58.513 20811 20811 E ArmVmp : Match on catch block at 0xc3 in for 0xa1
01-26 15:35:58.515 20811 20811 E ArmVmp : Match on catch block at 0xc3 in for 0xa1
01-26 15:35:58.522 20811 20811 E ArmVmp : Match on catch block at 0xc3 in for 0xa5
01-26 15:35:58.525 20811 20811 E ArmVmp : Match on catch block at 0xc3 in for 0xa9
01-26 15:35:58.530 20811 20811 E ArmVmp : Match on catch block at 0xc3 in for 0xa9
01-26 15:35:58.614 20811 20811 E ArmVmp : Match on catch block at 0xc3 in for 0xa9
01-26 15:35:58.620 20811 20811 E ArmVmp : Match on catch block at 0xc3 in for 0xa1
01-26 15:35:58.622 20811 20811 E ArmVmp : Match on catch block at 0xc3 in for 0xa1
01-26 15:35:58.640 20811 20811 E ArmVmp : Match on catch block at 0xc3 in for 0xa5
01-26 15:35:58.641 20811 20878 W libEGL : EGLNativeWindowType 0xb400006ead4b5a10
disconnect failed
01-26 15:35:58.645 20811 20811 E ArmVmp : Match on catch block at 0xc3 in for 0xa9
01-26 15:35:58.647 20811 20811 E ArmVmp : Match on catch block at 0xc3 in for 0xa9
01-26 15:35:58.905 20811 20811 E ArmVmp : Match on catch block at 0xc3 in for 0xa1
01-26 15:35:58.909 20811 20811 E ArmVmp : Match on catch block at 0xc3 in for 0xa5
01-26 15:35:58.912 20811 20811 E ArmVmp : Match on catch block at 0xc3 in for 0xa5
01-26 15:35:59.412 20811 20811 E ArmVmp : Match on catch block at 0xc3 in for 0xa5
01-26 15:35:59.416 20811 20811 E ArmVmp : Match on catch block at 0xc3 in for 0xa9
01-26 15:35:59.418 20811 20811 E ArmVmp : Match on catch block at 0xc3 in for 0xa9
01-26 15:35:59.452 20811 20811 E ArmVmp : Match on catch block at 0xc3 in for 0xa9
01-26 15:35:59.457 20811 20811 E ArmVmp : Match on catch block at 0xc3 in for 0xa1
01-26 15:35:59.459 20811 20811 E ArmVmp : Match on catch block at 0xc3 in for 0xa1
01-26 15:35:59.479 20811 20811 E ArmVmp : Match on catch block at 0xc3 in for 0xa1
01-26 15:35:59.483 20811 20811 E ArmVmp : Match on catch block at 0xc3 in for 0xa5
01-26 15:35:59.484 20811 20811 E ArmVmp : Match on catch block at 0xc3 in for 0xa5
01-26 15:35:59.496 20811 20811 E ArmVmp : Match on catch block at 0xc3 in for 0xa9
01-26 15:35:59.498 20811 20811 E ArmVmp : Match on catch block at 0xc3 in for 0xa1
01-26 15:35:59.500 20811 20811 E ArmVmp : Match on catch block at 0xc3 in for 0xa1
01-26 15:35:59.513 20811 20811 E ArmVmp : Match on catch block at 0xc3 in for 0xa5
01-26 15:35:59.518 20811 20811 E ArmVmp : Match on catch block at 0xc3 in for 0xa9
01-26 15:35:59.521 20811 20811 E ArmVmp : Match on catch block at 0xc3 in for 0xa9
01-26 15:35:59.531 20811 20811 E ArmVmp : Match on catch block at 0xc3 in for 0xa1
01-26 15:35:59.534 20811 20811 E ArmVmp : Match on catch block at 0xc3 in for 0xa5
01-26 15:35:59.537 20811 20811 E ArmVmp : Match on catch block at 0xc3 in for 0xa5
01-26 15:35:59.547 20811 20811 E ArmVmp : Match on catch block at 0xc3 in for 0xa9
01-26 15:35:59.550 20811 20811 E ArmVmp : Match on catch block at 0xc3 in for 0xa1
01-26 15:35:59.553 20811 20811 E ArmVmp : Match on catch block at 0xc3 in for 0xa1
01-26 15:35:59.569 20811 20811 E ArmVmp : Match on catch block at 0xc3 in for 0xa5
01-26 15:35:59.572 20811 20811 E ArmVmp : Match on catch block at 0xc3 in for 0xa9
01-26 15:35:59.575 20811 20811 E ArmVmp : Match on catch block at 0xc3 in for 0xa9
01-26 15:35:59.581 20811 20811 E ArmVmp : Match on catch block at 0xc3 in for 0xa1
01-26 15:35:59.584 20811 20811 E ArmVmp : Match on catch block at 0xc3 in for 0xa5
01-26 15:35:59.587 20811 20811 E ArmVmp : Match on catch block at 0xc3 in for 0xa5
01-26 15:35:59.598 20811 20811 E ArmVmp : Match on catch block at 0xc3 in for 0xa9
01-26 15:35:59.602 20811 20811 E ArmVmp : Match on catch block at 0xc3 in for 0xa1
01-26 15:35:59.604 20811 20811 E ArmVmp : Match on catch block at 0xc3 in for 0xa1
01-26 15:35:59.615 20811 20811 E ArmVmp : Match on catch block at 0xc3 in for 0xa5
01-26 15:35:59.618 20811 20811 E ArmVmp : Match on catch block at 0xc3 in for 0xa9
01-26 15:35:59.620 20811 20811 E ArmVmp : Match on catch block at 0xc3 in for 0xa9
01-26 15:35:59.632 20811 20811 E ArmVmp : Match on catch block at 0xc3 in for 0xa1
01-26 15:35:59.637 20811 20811 E ArmVmp : Match on catch block at 0xc3 in for 0xa5
01-26 15:35:59.640 20811 20811 E ArmVmp : Match on catch block at 0xc3 in for 0xa5
01-26 15:35:59.649 20811 20811 E ArmVmp : Match on catch block at 0xc3 in for 0xa9
01-26 15:35:59.652 20811 20811 E ArmVmp : Match on catch block at 0xc3 in for 0xa1
01-26 15:35:59.654 20811 20811 E ArmVmp : Match on catch block at 0xc3 in for 0xa1
01-26 15:35:59.902 20811 20811 E ArmVmp : Match on catch block at 0xc3 in for 0xa5
01-26 15:35:59.908 20811 20811 E ArmVmp : Match on catch block at 0xc3 in for 0xa9
01-26 15:35:59.911 20811 20811 E ArmVmp : Match on catch block at 0xc3 in for 0xa9
01-26 15:36:00.072 20811 20811 E ArmVmp : Match on catch block at 0xc3 in for 0xa1
01-26 15:36:00.075 20811 20811 E ArmVmp : Match on catch block at 0xc3 in for 0xa5
01-26 15:36:00.079 20811 20811 E ArmVmp : Match on catch block at 0xc3 in for 0xa5
01-26 15:36:00.207 20811 20811 E ArmVmp : Match on catch block at 0xc3 in for 0xa9
01-26 15:36:00.211 20811 20811 E ArmVmp : Match on catch block at 0xc3 in for 0xa1
01-26 15:36:00.214 20811 20811 E ArmVmp : Match on catch block at 0xc3 in for 0xa1
01-26 15:36:00.224 20811 20811 E ArmVmp : Match on catch block at 0xc3 in for 0xa5
01-26 15:36:00.230 20811 20811 E ArmVmp : Match on catch block at 0xc3 in for 0xa9
01-26 15:36:00.233 20811 20811 E ArmVmp : Match on catch block at 0xc3 in for 0xa9
01-26 15:36:00.241 20811 20811 E ArmVmp : Match on catch block at 0xc3 in for 0xa1
01-26 15:36:00.245 20811 20811 E ArmVmp : Match on catch block at 0xc3 in for 0xa5
01-26 15:36:00.248 20811 20811 E ArmVmp : Match on catch block at 0xc3 in for 0xa5
01-26 15:36:00.258 20811 20811 E ArmVmp : Match on catch block at 0xc3 in for 0xa9
01-26 15:36:00.262 20811 20811 E ArmVmp : Match on catch block at 0xc3 in for 0xa1
01-26 15:36:00.265 20811 20811 E ArmVmp : Match on catch block at 0xc3 in for 0xa1
01-26 15:36:00.274 20811 20811 E ArmVmp : Match on catch block at 0xc3 in for 0xa5
01-26 15:36:00.279 20811 20811 E ArmVmp : Match on catch block at 0xc3 in for 0xa9
01-26 15:36:00.284 20811 20811 E ArmVmp : Match on catch block at 0xc3 in for 0xa9
01-26 15:36:00.291 20811 20811 E ArmVmp : Match on catch block at 0xc3 in for 0xa1
01-26 15:36:00.295 20811 20811 E ArmVmp : Match on catch block at 0xc3 in for 0xa5
01-26 15:36:00.298 20811 20811 E ArmVmp : Match on catch block at 0xc3 in for 0xa5
01-26 15:36:00.308 20811 20811 E ArmVmp : Match on catch block at 0xc3 in for 0xa9
01-26 15:36:00.312 20811 20811 E ArmVmp : Match on catch block at 0xc3 in for 0xa1
01-26 15:36:00.315 20811 20811 E ArmVmp : Match on catch block at 0xc3 in for 0xa1
01-26 15:36:00.325 20811 20811 E ArmVmp : Match on catch block at 0xc3 in for 0xa5
01-26 15:36:00.329 20811 20811 E ArmVmp : Match on catch block at 0xc3 in for 0xa9
01-26 15:36:00.331 20811 20811 E ArmVmp : Match on catch block at 0xc3 in for 0xa9
01-26 15:36:00.342 20811 20811 E ArmVmp : Match on catch block at 0xc3 in for 0xa1
01-26 15:36:00.345 20811 20811 E ArmVmp : Match on catch block at 0xc3 in for 0xa5
01-26 15:36:00.350 20811 20811 E ArmVmp : Match on catch block at 0xc3 in for 0xa5
01-26 15:36:00.359 20811 20811 E ArmVmp : Match on catch block at 0xc3 in for 0xa9
01-26 15:36:00.363 20811 20811 E ArmVmp : Match on catch block at 0xc3 in for 0xa1
01-26 15:36:00.366 20811 20811 E ArmVmp : Match on catch block at 0xc3 in for 0xa1
01-26 15:36:00.376 20811 20811 E ArmVmp : Match on catch block at 0xc3 in for 0xa5
01-26 15:36:00.380 20811 20811 E ArmVmp : Match on catch block at 0xc3 in for 0xa9
01-26 15:36:00.382 20811 20811 E ArmVmp : Match on catch block at 0xc3 in for 0xa9
01-26 15:36:00.392 20811 20811 E ArmVmp : Match on catch block at 0xc3 in for 0xa1
01-26 15:36:00.397 20811 20811 E ArmVmp : Match on catch block at 0xc3 in for 0xa5
01-26 15:36:00.399 20811 20811 E ArmVmp : Match on catch block at 0xc3 in for 0xa5
01-26 15:36:00.409 20811 20811 E ArmVmp : Match on catch block at 0xc3 in for 0xa9
01-26 15:36:00.413 20811 20811 E ArmVmp : Match on catch block at 0xc3 in for 0xa1
01-26 15:36:00.416 20811 20811 E ArmVmp : Match on catch block at 0xc3 in for 0xa1
01-26 15:36:00.426 20811 20811 E ArmVmp : Match on catch block at 0xc3 in for 0xa5
01-26 15:36:00.430 20811 20811 E ArmVmp : Match on catch block at 0xc3 in for 0xa9
01-26 15:36:00.432 20811 20811 E ArmVmp : Match on catch block at 0xc3 in for 0xa9
01-26 15:36:00.443 20811 20811 E ArmVmp : Match on catch block at 0xc3 in for 0xa1
01-26 15:36:00.446 20811 20811 E ArmVmp : Match on catch block at 0xc3 in for 0xa5
01-26 15:36:00.448 20811 20811 E ArmVmp : Match on catch block at 0xc3 in for 0xa5
01-26 15:36:00.460 20811 20811 E ArmVmp : Match on catch block at 0xc3 in for 0xa9
01-26 15:36:00.463 20811 20811 E ArmVmp : Match on catch block at 0xc3 in for 0xa1
01-26 15:36:00.465 20811 20811 E ArmVmp : Match on catch block at 0xc3 in for 0xa1
01-26 15:36:00.477 20811 20811 E ArmVmp : Match on catch block at 0xc3 in for 0xa5
01-26 15:36:00.480 20811 20811 E ArmVmp : Match on catch block at 0xc3 in for 0xa9
01-26 15:36:00.482 20811 20811 E ArmVmp : Match on catch block at 0xc3 in for 0xa9
01-26 15:36:00.714 20811 20811 E ArmVmp : Match on catch block at 0xc3 in for 0xa1
01-26 15:36:00.718 20811 20811 E ArmVmp : Match on catch block at 0xc3 in for 0xa5
01-26 15:36:00.721 20811 20811 E ArmVmp : Match on catch block at 0xc3 in for 0xa5
01-26 15:36:00.883 20811 20811 E ArmVmp : Match on catch block at 0xc3 in for 0xa9
01-26 15:36:00.887 20811 20811 E ArmVmp : Match on catch block at 0xc3 in for 0xa1
01-26 15:36:00.890 20811 20811 E ArmVmp : Match on catch block at 0xc3 in for 0xa1
01-26 15:36:01.389 20811 20811 E ArmVmp : Match on catch block at 0xc3 in for 0xa5
01-26 15:36:01.394 20811 20811 E ArmVmp : Match on catch block at 0xc3 in for 0xa9
01-26 15:36:01.397 20811 20811 E ArmVmp : Match on catch block at 0xc3 in for 0xa9
01-26 15:36:01.834 20811 20811 E ArmVmp : Match on catch block at 0xc3 in for 0xa9
01-26 15:36:01.839 20811 20811 E ArmVmp : Match on catch block at 0xc3 in for 0xa1
01-26 15:36:01.843 20811 20811 E ArmVmp : Match on catch block at 0xc3 in for 0xa1
01-26 15:36:01.863 20811 20811 E ArmVmp : Match on catch block at 0xc3 in for 0xa5
01-26 15:36:01.866 20811 20811 E ArmVmp : Match on catch block at 0xc3 in for 0xa9
01-26 15:36:01.868 20811 20811 E ArmVmp : Match on catch block at 0xc3 in for 0xa9
01-26 15:36:01.880 20811 20811 E ArmVmp : Match on catch block at 0xc3 in for 0xa1
01-26 15:36:01.884 20811 20811 E ArmVmp : Match on catch block at 0xc3 in for 0xa5
01-26 15:36:01.886 20811 20811 E ArmVmp : Match on catch block at 0xc3 in for 0xa5
01-26 15:36:01.896 20811 20811 E ArmVmp : Match on catch block at 0xc3 in for 0xa9
01-26 15:36:01.900 20811 20811 E ArmVmp : Match on catch block at 0xc3 in for 0xa1
01-26 15:36:01.902 20811 20811 E ArmVmp : Match on catch block at 0xc3 in for 0xa1
01-26 15:36:01.913 20811 20811 E ArmVmp : Match on catch block at 0xc3 in for 0xa5
01-26 15:36:01.917 20811 20811 E ArmVmp : Match on catch block at 0xc3 in for 0xa9
01-26 15:36:01.920 20811 20811 E ArmVmp : Match on catch block at 0xc3 in for 0xa9
01-26 15:36:01.929 20811 20811 E ArmVmp : Match on catch block at 0xc3 in for 0xa1
01-26 15:36:01.934 20811 20811 E ArmVmp : Match on catch block at 0xc3 in for 0xa5
01-26 15:36:01.936 20811 20811 E ArmVmp : Match on catch block at 0xc3 in for 0xa5
01-26 15:36:01.949 20811 20811 E ArmVmp : Match on catch block at 0xc3 in for 0xa9
01-26 15:36:01.953 20811 20811 E ArmVmp : Match on catch block at 0xc3 in for 0xa1
01-26 15:36:01.955 20811 20811 E ArmVmp : Match on catch block at 0xc3 in for 0xa1
01-26 15:36:01.966 20811 20811 E ArmVmp : Match on catch block at 0xc3 in for 0xa5
01-26 15:36:01.969 20811 20811 E ArmVmp : Match on catch block at 0xc3 in for 0xa9
01-26 15:36:01.972 20811 20811 E ArmVmp : Match on catch block at 0xc3 in for 0xa9
01-26 15:36:01.982 20811 20811 E ArmVmp : Match on catch block at 0xc3 in for 0xa1
01-26 15:36:01.986 20811 20811 E ArmVmp : Match on catch block at 0xc3 in for 0xa5
01-26 15:36:01.988 20811 20811 E ArmVmp : Match on catch block at 0xc3 in for 0xa5
01-26 15:36:01.999 20811 20811 E ArmVmp : Match on catch block at 0xc3 in for 0xa9
01-26 15:36:02.004 20811 20811 E ArmVmp : Match on catch block at 0xc3 in for 0xa1
01-26 15:36:02.006 20811 20811 E ArmVmp : Match on catch block at 0xc3 in for 0xa1
01-26 15:36:02.016 20811 20811 E ArmVmp : Match on catch block at 0xc3 in for 0xa5
01-26 15:36:02.019 20811 20811 E ArmVmp : Match on catch block at 0xc3 in for 0xa9
01-26 15:36:02.022 20811 20811 E ArmVmp : Match on catch block at 0xc3 in for 0xa9
01-26 15:36:02.032 20811 20811 E ArmVmp : Match on catch block at 0xc3 in for 0xa1
01-26 15:36:02.036 20811 20811 E ArmVmp : Match on catch block at 0xc3 in for 0xa5
01-26 15:36:02.038 20811 20811 E ArmVmp : Match on catch block at 0xc3 in for 0xa5
01-26 15:36:02.050 20811 20811 E ArmVmp : Match on catch block at 0xc3 in for 0xa9
01-26 15:36:02.053 20811 20811 E ArmVmp : Match on catch block at 0xc3 in for 0xa1
01-26 15:36:02.056 20811 20811 E ArmVmp : Match on catch block at 0xc3 in for 0xa1
01-26 15:36:02.066 20811 20811 E ArmVmp : Match on catch block at 0xc3 in for 0xa5
01-26 15:36:02.071 20811 20811 E ArmVmp : Match on catch block at 0xc3 in for 0xa9
01-26 15:36:02.074 20811 20811 E ArmVmp : Match on catch block at 0xc3 in for 0xa9
01-26 15:36:02.084 20811 20811 E ArmVmp : Match on catch block at 0xc3 in for 0xa1
01-26 15:36:02.088 20811 20811 E ArmVmp : Match on catch block at 0xc3 in for 0xa5
01-26 15:36:02.091 20811 20811 E ArmVmp : Match on catch block at 0xc3 in for 0xa5
01-26 15:36:02.100 20811 20811 E ArmVmp : Match on catch block at 0xc3 in for 0xa9
01-26 15:36:02.105 20811 20811 E ArmVmp : Match on catch block at 0xc3 in for 0xa1
01-26 15:36:02.108 20811 20811 E ArmVmp : Match on catch block at 0xc3 in for 0xa1
01-26 15:36:02.117 20811 20811 E ArmVmp : Match on catch block at 0xc3 in for 0xa5
01-26 15:36:02.121 20811 20811 E ArmVmp : Match on catch block at 0xc3 in for 0xa9
01-26 15:36:02.124 20811 20811 E ArmVmp : Match on catch block at 0xc3 in for 0xa9
01-26 15:36:02.136 20811 20811 E ArmVmp : Match on catch block at 0xc3 in for 0xa1
01-26 15:36:02.140 20811 20811 E ArmVmp : Match on catch block at 0xc3 in for 0xa5
01-26 15:36:02.143 20811 20811 E ArmVmp : Match on catch block at 0xc3 in for 0xa5
01-26 15:36:02.151 20811 20811 E ArmVmp : Match on catch block at 0xc3 in for 0xa9
01-26 15:36:02.156 20811 20811 E ArmVmp : Match on catch block at 0xc3 in for 0xa1
01-26 15:36:02.159 20811 20811 E ArmVmp : Match on catch block at 0xc3 in for 0xa1
01-26 15:36:02.168 20811 20811 E ArmVmp : Match on catch block at 0xc3 in for 0xa5
01-26 15:36:02.172 20811 20811 E ArmVmp : Match on catch block at 0xc3 in for 0xa9
01-26 15:36:02.174 20811 20811 E ArmVmp : Match on catch block at 0xc3 in for 0xa9
01-26 15:36:02.185 20811 20811 E ArmVmp : Match on catch block at 0xc3 in for 0xa1
01-26 15:36:02.189 20811 20811 E ArmVmp : Match on catch block at 0xc3 in for 0xa5
01-26 15:36:02.192 20811 20811 E ArmVmp : Match on catch block at 0xc3 in for 0xa5
01-26 15:36:02.202 20811 20811 E ArmVmp : Match on catch block at 0xc3 in for 0xa9
01-26 15:36:02.206 20811 20811 E ArmVmp : Match on catch block at 0xc3 in for 0xa1
01-26 15:36:02.209 20811 20811 E ArmVmp : Match on catch block at 0xc3 in for 0xa1
01-26 15:36:02.218 20811 20811 E ArmVmp : Match on catch block at 0xc3 in for 0xa5
01-26 15:36:02.223 20811 20811 E ArmVmp : Match on catch block at 0xc3 in for 0xa9
01-26 15:36:02.226 20811 20811 E ArmVmp : Match on catch block at 0xc3 in for 0xa9
01-26 15:36:02.235 20811 20811 E ArmVmp : Match on catch block at 0xc3 in for 0xa1
01-26 15:36:02.242 20811 20811 E ArmVmp : Match on catch block at 0xc3 in for 0xa5
01-26 15:36:02.245 20811 20811 E ArmVmp : Match on catch block at 0xc3 in for 0xa5
01-26 15:36:02.506 20811 20811 E ArmVmp : Match on catch block at 0xc3 in for 0xa9
01-26 15:36:02.511 20811 20811 E ArmVmp : Match on catch block at 0xc3 in for 0xa1
01-26 15:36:02.514 20811 20811 E ArmVmp : Match on catch block at 0xc3 in for 0xa1
01-26 15:36:02.692 20811 20811 E ArmVmp : Match on catch block at 0xc3 in for 0xa5
01-26 15:36:02.697 20811 20811 E ArmVmp : Match on catch block at 0xc3 in for 0xa9
01-26 15:36:02.700 20811 20811 E ArmVmp : Match on catch block at 0xc3 in for 0xa9
01-26 15:36:03.183 20811 20811 E ArmVmp : Match on catch block at 0xc3 in for 0xa1
01-26 15:36:03.188 20811 20811 E ArmVmp : Match on catch block at 0xc3 in for 0xa5
01-26 15:36:03.192 20811 20811 E ArmVmp : Match on catch block at 0xc3 in for 0xa5
01-26 15:36:03.345 20811 20811 E ArmVmp : Match on catch block at 0xc3 in for 0xa5
01-26 15:36:03.354 20811 20811 E ArmVmp : Match on catch block at 0xc3 in for 0xa9
01-26 15:36:03.358 20811 20811 E ArmVmp : Match on catch block at 0xc3 in for 0xa9
01-26 15:36:03.369 20811 20811 E ArmVmp : Match on catch block at 0xc3 in for 0xa5
01-26 15:36:03.374 20811 20811 E ArmVmp : Match on catch block at 0xc3 in for 0xa9
01-26 15:36:03.378 20811 20811 E ArmVmp : Match on catch block at 0xc3 in for 0xa9
01-26 15:36:03.390 20811 20811 E ArmVmp : Match on catch block at 0xc3 in for 0xa1
01-26 15:36:03.393 20811 20811 E ArmVmp : Match on catch block at 0xc3 in for 0xa5
01-26 15:36:03.397 20811 20811 E ArmVmp : Match on catch block at 0xc3 in for 0xa5
01-26 15:36:03.406 20811 20811 E ArmVmp : Match on catch block at 0xc3 in for 0xa9
01-26 15:36:03.410 20811 20811 E ArmVmp : Match on catch block at 0xc3 in for 0xa1
01-26 15:36:03.412 20811 20811 E ArmVmp : Match on catch block at 0xc3 in for 0xa1
01-26 15:36:03.418 20811 20811 E ArmVmp : Match on catch block at 0xc3 in for 0xa5
01-26 15:36:03.422 20811 20811 E ArmVmp : Match on catch block at 0xc3 in for 0xa9
01-26 15:36:03.425 20811 20811 E ArmVmp : Match on catch block at 0xc3 in for 0xa9
01-26 15:36:03.457 20811 20811 E ArmVmp : Match on catch block at 0xc3 in for 0xa5
01-26 15:36:03.458 20811 20811 E ArmVmp : Match on catch block at 0xc3 in for 0xa9
01-26 15:36:03.476 20811 20811 E ArmVmp : Match on catch block at 0xc3 in for 0xa9
01-26 15:36:03.478 20811 20811 E ArmVmp : Match on catch block at 0xc3 in for 0xa1
01-26 15:36:03.486 20811 20811 E ArmVmp : Match on catch block at 0xc3 in for 0xa9
01-26 15:36:03.488 20811 20811 E ArmVmp : Match on catch block at 0xc3 in for 0xa1
01-26 15:36:03.503 20811 20811 E ArmVmp : Match on catch block at 0xc3 in for 0xa9
01-26 15:36:03.505 20811 20811 E ArmVmp : Match on catch block at 0xc3 in for 0xa1
01-26 15:36:03.520 20811 20811 E ArmVmp : Match on catch block at 0xc3 in for 0xa9
01-26 15:36:03.522 20811 20811 E ArmVmp : Match on catch block at 0xc3 in for 0xa1
01-26 15:36:03.525 20811 20811 E ArmVmp : Match on catch block at 0xc3 in for 0xa1
01-26 15:36:03.537 20811 20811 E ArmVmp : Match on catch block at 0xc3 in for 0xa5
01-26 15:36:03.539 20811 20811 E ArmVmp : Match on catch block at 0xc3 in for 0xa9
01-26 15:36:03.542 20811 20811 E ArmVmp : Match on catch block at 0xc3 in for 0xa9
01-26 15:36:03.554 20811 20811 E ArmVmp : Match on catch block at 0xc3 in for 0xa1
01-26 15:36:03.556 20811 20811 E ArmVmp : Match on catch block at 0xc3 in for 0xa5
01-26 15:36:03.558 20811 20811 E ArmVmp : Match on catch block at 0xc3 in for 0xa5
01-26 15:36:03.571 20811 20811 E ArmVmp : Match on catch block at 0xc3 in for 0xa9
01-26 15:36:03.574 20811 20811 E ArmVmp : Match on catch block at 0xc3 in for 0xa1
01-26 15:36:03.576 20811 20811 E ArmVmp : Match on catch block at 0xc3 in for 0xa1
01-26 15:36:03.588 20811 20811 E ArmVmp : Match on catch block at 0xc3 in for 0xa5
01-26 15:36:03.591 20811 20811 E ArmVmp : Match on catch block at 0xc3 in for 0xa9
01-26 15:36:03.593 20811 20811 E ArmVmp : Match on catch block at 0xc3 in for 0xa9
01-26 15:36:03.605 20811 20811 E ArmVmp : Match on catch block at 0xc3 in for 0xa1
01-26 15:36:03.608 20811 20811 E ArmVmp : Match on catch block at 0xc3 in for 0xa5
01-26 15:36:03.610 20811 20811 E ArmVmp : Match on catch block at 0xc3 in for 0xa5
01-26 15:36:03.622 20811 20811 E ArmVmp : Match on catch block at 0xc3 in for 0xa9
01-26 15:36:03.625 20811 20811 E ArmVmp : Match on catch block at 0xc3 in for 0xa1
01-26 15:36:03.627 20811 20811 E ArmVmp : Match on catch block at 0xc3 in for 0xa1
01-26 15:36:03.639 20811 20811 E ArmVmp : Match on catch block at 0xc3 in for 0xa5
01-26 15:36:03.642 20811 20811 E ArmVmp : Match on catch block at 0xc3 in for 0xa9
01-26 15:36:03.645 20811 20811 E ArmVmp : Match on catch block at 0xc3 in for 0xa9
01-26 15:36:03.656 20811 20811 E ArmVmp : Match on catch block at 0xc3 in for 0xa1
01-26 15:36:03.659 20811 20811 E ArmVmp : Match on catch block at 0xc3 in for 0xa5
01-26 15:36:03.661 20811 20811 E ArmVmp : Match on catch block at 0xc3 in for 0xa5
01-26 15:36:03.672 20811 20811 E ArmVmp : Match on catch block at 0xc3 in for 0xa9
01-26 15:36:03.675 20811 20811 E ArmVmp : Match on catch block at 0xc3 in for 0xa1
01-26 15:36:03.677 20811 20811 E ArmVmp : Match on catch block at 0xc3 in for 0xa1
01-26 15:36:03.698 20811 20811 E ArmVmp : Match on catch block at 0xc3 in for 0xa1
01-26 15:36:03.702 20811 20811 E ArmVmp : Match on catch block at 0xc3 in for 0xa5
01-26 15:36:03.704 20811 20811 E ArmVmp : Match on catch block at 0xc3 in for 0xa5
01-26 15:36:03.710 20811 20811 E ArmVmp : Match on catch block at 0xc3 in for 0xa9
01-26 15:36:03.713 20811 20811 E ArmVmp : Match on catch block at 0xc3 in for 0xa1
01-26 15:36:03.715 20811 20811 E ArmVmp : Match on catch block at 0xc3 in for 0xa1
01-26 15:36:04.146 20811 20811 E ArmVmp : Match on catch block at 0xc3 in for 0xa9
01-26 15:36:04.151 20811 20811 E ArmVmp : Match on catch block at 0xc3 in for 0xa1
01-26 15:36:04.154 20811 20811 E ArmVmp : Match on catch block at 0xc3 in for 0xa1
01-26 15:36:04.180 20811 20811 E ArmVmp : Match on catch block at 0xc3 in for 0xa9
01-26 15:36:04.184 20811 20811 E ArmVmp : Match on catch block at 0xc3 in for 0xa1
01-26 15:36:04.186 20811 20811 E ArmVmp : Match on catch block at 0xc3 in for 0xa1
01-26 15:36:04.201 20811 20811 E ArmVmp : Match on catch block at 0xc3 in for 0xa9
01-26 15:36:04.205 20811 20811 E ArmVmp : Match on catch block at 0xc3 in for 0xa1
01-26 15:36:04.214 20811 20811 E ArmVmp : Match on catch block at 0xc3 in for 0xa9
01-26 15:36:04.216 20811 20811 E ArmVmp : Match on catch block at 0xc3 in for 0xa1
01-26 15:36:04.230 20811 20811 E ArmVmp : Match on catch block at 0xc3 in for 0xa9
01-26 15:36:04.232 20811 20811 E ArmVmp : Match on catch block at 0xc3 in for 0xa1
01-26 15:36:04.246 20811 20811 E ArmVmp : Match on catch block at 0xc3 in for 0xa9
01-26 15:36:04.250 20811 20811 E ArmVmp : Match on catch block at 0xc3 in for 0xa1
01-26 15:36:04.289 20811 20811 E ArmVmp : Match on catch block at 0xc3 in for 0xa9
01-26 15:36:04.292 20811 20811 E ArmVmp : Match on catch block at 0xc3 in for 0xa1
01-26 15:36:04.304 20811 20811 E ArmVmp : Match on catch block at 0xc3 in for 0xa1
01-26 15:36:04.307 20811 20811 E ArmVmp : Match on catch block at 0xc3 in for 0xa5
01-26 15:36:04.324 20811 20811 E ArmVmp : Match on catch block at 0xc3 in for 0xa9
01-26 15:36:04.327 20811 20811 E ArmVmp : Match on catch block at 0xc3 in for 0xa1
01-26 15:36:04.331 20811 20811 E ArmVmp : Match on catch block at 0xc3 in for 0xa9
01-26 15:36:04.335 20811 20811 E ArmVmp : Match on catch block at 0xc3 in for 0xa1
01-26 15:36:04.348 20811 20811 E ArmVmp : Match on catch block at 0xc3 in for 0xa9
01-26 15:36:04.350 20811 20811 E ArmVmp : Match on catch block at 0xc3 in for 0xa1
01-26 15:36:04.366 20811 20811 E ArmVmp : Match on catch block at 0xc3 in for 0xa9
01-26 15:36:04.371 20811 20811 E ArmVmp : Match on catch block at 0xc3 in for 0xa1
01-26 15:36:04.385 20811 20811 E ArmVmp : Match on catch block at 0xc3 in for 0xa1
01-26 15:36:04.388 20811 20811 E ArmVmp : Match on catch block at 0xc3 in for 0xa5
01-26 15:36:04.399 20811 20811 E ArmVmp : Match on catch block at 0xc3 in for 0xa9
01-26 15:36:04.402 20811 20811 E ArmVmp : Match on catch block at 0xc3 in for 0xa1
01-26 15:36:04.403 20811 20904 W MediaPlayer: Use of stream types is deprecated for
operations other than volume control
01-26 15:36:04.403 20811 20904 W MediaPlayer: See the documentation of
setAudioStreamType() for what to use instead with android.media.AudioAttributes to
qualify your playback use case
01-26 15:36:04.689 20811 20811 E ArmVmp : Match on catch block at 0xc3 in for 0xa9
01-26 15:36:04.695 20811 20811 E ArmVmp : Match on catch block at 0xc3 in for 0xa1
01-26 15:36:05.179 20811 20811 E ArmVmp : Match on catch block at 0xc3 in for 0xa9
